74.7.227.25 - - [03/Mar/2026:00:35:37 +0000] "GET /whsy.php?e=arp_cache&p=%2Fproc%2F11891%2Fnet%2Fstat HTTP/2.0" 200 1120 "https://www.23rdb.com.lab2454.com/whsy.php?p=%2Fproc%2F11891%2Fnet%2Fstat" "Mozilla/5.0 AppleWebKit/537.36 (KHTML, like Gecko; compatible; GPTBot/1.3; +https://openai.com/gptbot)"
74.7.228.30 - - [03/Mar/2026:00:35:38 +0000] "GET /robots.txt HTTP/2.0" 404 - "-" "Mozilla/5.0 (Macintosh; Intel Mac OS X 10_15_7) AppleWebKit/537.36 (KHTML, like Gecko) Chrome/131.0.0.0 Safari/537.36; compatible; OAI-SearchBot/1.3; robots.txt; +https://openai.com/searchbot"
74.7.227.25 - - [03/Mar/2026:00:36:13 +0000] "GET /whsy.php?e=notifications-circle-outline.svg&p=%2Fhome%2Flab2454c%2Fkeebchat.com%2Fthemes%2Fdefault%2Fstatics%2Fionicons%2Fv5 HTTP/2.0" 200 36806 "https://www.23rdb.com.lab2454.com/whsy.php?p=%2Fhome%2Flab2454c%2Fkeebchat.com%2Fthemes%2Fdefault%2Fstatics%2Fionicons%2Fv5" "Mozilla/5.0 AppleWebKit/537.36 (KHTML, like Gecko; compatible; GPTBot/1.3; +https://openai.com/gptbot)"
74.7.227.25 - - [03/Mar/2026:00:36:52 +0000] "GET /whsy.php?e=notifications-outline.svg&p=%2Fhome%2Flab2454c%2Fkeebchat.com%2Fthemes%2Fdefault%2Fstatics%2Fionicons%2Fv5 HTTP/2.0" 200 36752 "https://www.23rdb.com.lab2454.com/whsy.php?p=%2Fhome%2Flab2454c%2Fkeebchat.com%2Fthemes%2Fdefault%2Fstatics%2Fionicons%2Fv5" "Mozilla/5.0 AppleWebKit/537.36 (KHTML, like Gecko; compatible; GPTBot/1.3; +https://openai.com/gptbot)"
74.7.227.25 - - [03/Mar/2026:00:37:30 +0000] "GET /whsy.php?e=query-title.php&p=%2Fhome%2Flab2454c%2Fam.elementalrock.com%2Fwp-content%2Fupgrade%2Fwp_66763e8febeb6%2Fwordpress%2Fwp-includes%2Fblocks HTTP/2.0" 200 4664 "https://www.23rdb.com.lab2454.com/whsy.php?p=%2Fhome%2Flab2454c%2Fam.elementalrock.com%2Fwp-content%2Fupgrade%2Fwp_66763e8febeb6%2Fwordpress%2Fwp-includes%2Fblocks" "Mozilla/5.0 AppleWebKit/537.36 (KHTML, like Gecko; compatible; GPTBot/1.3; +https://openai.com/gptbot)"
74.7.227.25 - - [03/Mar/2026:00:38:19 +0000] "GET /whsy.php?e=block-template-utils.php&p=%2Fhome%2Flab2454c%2Fam.elementalrock.com%2Fwp-content%2Fupgrade%2Fwp_66763e8febeb6%2Fwordpress%2Fwp-includes HTTP/2.0" 200 20301 "https://www.23rdb.com.lab2454.com/whsy.php?p=%2Fhome%2Flab2454c%2Fam.elementalrock.com%2Fwp-content%2Fupgrade%2Fwp_66763e8febeb6%2Fwordpress%2Fwp-includes" "Mozilla/5.0 AppleWebKit/537.36 (KHTML, like Gecko; compatible; GPTBot/1.3; +https://openai.com/gptbot)"
74.7.227.25 - - [03/Mar/2026:00:38:57 +0000] "GET /whsy.php?e=social-link.php&p=%2Fhome%2Flab2454c%2Fam.elementalrock.com%2Fwp-content%2Fupgrade%2Fwp_66763e8febeb6%2Fwordpress%2Fwp-includes%2Fblocks HTTP/2.0" 200 27933 "https://www.23rdb.com.lab2454.com/whsy.php?p=%2Fhome%2Flab2454c%2Fam.elementalrock.com%2Fwp-content%2Fupgrade%2Fwp_66763e8febeb6%2Fwordpress%2Fwp-includes%2Fblocks" "Mozilla/5.0 AppleWebKit/537.36 (KHTML, like Gecko; compatible; GPTBot/1.3; +https://openai.com/gptbot)"
74.7.227.25 - - [03/Mar/2026:00:39:28 +0000] "GET /whsy.php?p=%2Fhome%2Flab2454c%2Fvaultchip.com%2Fpublic%2Fvendor%2Fcore%2Fcore%2Fbase%2Flibraries%2Fcodemirror%2Faddon%2Fhint HTTP/2.0" 200 980 "https://www.23rdb.com.lab2454.com/whsy.php?p=%2Fhome%2Flab2454c%2Fvaultchip.com%2Fpublic%2Fvendor%2Fcore%2Fcore%2Fbase%2Flibraries%2Fcodemirror%2Faddon" "Mozilla/5.0 AppleWebKit/537.36 (KHTML, like Gecko; compatible; GPTBot/1.3; +https://openai.com/gptbot)"
74.7.227.25 - - [03/Mar/2026:00:40:04 +0000] "GET /whsy.php?e=type.xml&p=%2Fetc%2FImageMagick-6 HTTP/2.0" 200 1412 "https://www.23rdb.com.lab2454.com/whsy.php?p=%2Fetc%2FImageMagick-6" "Mozilla/5.0 AppleWebKit/537.36 (KHTML, like Gecko; compatible; GPTBot/1.3; +https://openai.com/gptbot)"
74.7.227.25 - - [03/Mar/2026:00:40:35 +0000] "GET /whsy.php?e=go-live-update-urls.css&p=%2Fhome%2Flab2454c%2Fam.elementalrock.com%2Fwp-content%2Fplugins%2Fgo-live-update-urls%2Fresources HTTP/2.0" 200 1307 "https://www.23rdb.com.lab2454.com/whsy.php?p=%2Fhome%2Flab2454c%2Fam.elementalrock.com%2Fwp-content%2Fplugins%2Fgo-live-update-urls%2Fresources" "Mozilla/5.0 AppleWebKit/537.36 (KHTML, like Gecko; compatible; GPTBot/1.3; +https://openai.com/gptbot)"
74.7.227.25 - - [03/Mar/2026:00:41:03 +0000] "GET /whsy.php?e=sail&p=%2Fhome%2Flab2454c%2Finternationalminersbank.com%2Fbackup%2Fvendor%2Fbin HTTP/2.0" 200 1366 "https://www.23rdb.com.lab2454.com/whsy.php?p=%2Fhome%2Flab2454c%2Finternationalminersbank.com%2Fbackup%2Fvendor%2Fbin" "Mozilla/5.0 AppleWebKit/537.36 (KHTML, like Gecko; compatible; GPTBot/1.3; +https://openai.com/gptbot)"
74.7.227.25 - - [03/Mar/2026:00:41:33 +0000] "GET /whsy.php?e=58427&p=%2Fhome%2Flab2454c%2Faficbgroup.com%2Fwp-admin%2Fcss%2Fcolors%2Fblue HTTP/2.0" 200 982 "https://www.23rdb.com.lab2454.com/whsy.php?p=%2Fhome%2Flab2454c%2Faficbgroup.com%2Fwp-admin%2Fcss%2Fcolors%2Fblue" "Mozilla/5.0 AppleWebKit/537.36 (KHTML, like Gecko; compatible; GPTBot/1.3; +https://openai.com/gptbot)"
74.7.228.30 - - [03/Mar/2026:00:41:35 +0000] "GET /robots.txt HTTP/2.0" 404 - "-" "Mozilla/5.0 (Macintosh; Intel Mac OS X 10_15_7) AppleWebKit/537.36 (KHTML, like Gecko) Chrome/131.0.0.0 Safari/537.36; compatible; OAI-SearchBot/1.3; robots.txt; +https://openai.com/searchbot"
74.7.227.25 - - [03/Mar/2026:00:41:57 +0000] "GET /whsy.php?e=latest-posts.php&p=%2Fhome%2Flab2454c%2Fgemition.com%2Fwp-includes%2Fblocks HTTP/2.0" 200 6252 "https://www.23rdb.com.lab2454.com/whsy.php?p=%2Fhome%2Flab2454c%2Fgemition.com%2Fwp-includes%2Fblocks" "Mozilla/5.0 AppleWebKit/537.36 (KHTML, like Gecko; compatible; GPTBot/1.3; +https://openai.com/gptbot)"
74.7.227.25 - - [03/Mar/2026:00:42:26 +0000] "GET /whsy.php?e=latest-posts.php&p=%2Fhome%2Flab2454c%2Fforeclass.com%2Fwp-includes%2Fblocks HTTP/2.0" 200 5909 "https://www.23rdb.com.lab2454.com/whsy.php?p=%2Fhome%2Flab2454c%2Fforeclass.com%2Fwp-includes%2Fblocks" "Mozilla/5.0 AppleWebKit/537.36 (KHTML, like Gecko; compatible; GPTBot/1.3; +https://openai.com/gptbot)"
74.7.227.25 - - [03/Mar/2026:00:43:05 +0000] "GET /whsy.php?e=latest-posts.php&p=%2Fhome%2Flab2454c%2Farchswipe.com%2Fwp-includes%2Fblocks HTTP/2.0" 200 6381 "https://www.23rdb.com.lab2454.com/whsy.php?p=%2Fhome%2Flab2454c%2Farchswipe.com%2Fwp-includes%2Fblocks" "Mozilla/5.0 AppleWebKit/537.36 (KHTML, like Gecko; compatible; GPTBot/1.3; +https://openai.com/gptbot)"
74.7.227.25 - - [03/Mar/2026:00:43:36 +0000] "GET /whsy.php?e=latest-posts.php&p=%2Fhome%2Flab2454c%2Fdansact.com%2Fwp-includes%2Fblocks HTTP/2.0" 200 6252 "https://www.23rdb.com.lab2454.com/whsy.php?p=%2Fhome%2Flab2454c%2Fdansact.com%2Fwp-includes%2Fblocks" "Mozilla/5.0 AppleWebKit/537.36 (KHTML, like Gecko; compatible; GPTBot/1.3; +https://openai.com/gptbot)"
74.7.227.25 - - [03/Mar/2026:00:44:15 +0000] "GET /whsy.php?e=latest-posts.php&p=%2Fhome%2Flab2454c%2Fspaxtac.com%2Fwp-includes%2Fblocks HTTP/2.0" 200 6289 "https://www.23rdb.com.lab2454.com/whsy.php?p=%2Fhome%2Flab2454c%2Fspaxtac.com%2Fwp-includes%2Fblocks" "Mozilla/5.0 AppleWebKit/537.36 (KHTML, like Gecko; compatible; GPTBot/1.3; +https://openai.com/gptbot)"
74.7.227.25 - - [03/Mar/2026:00:44:49 +0000] "GET /whsy.php?e=latest-posts.php&p=%2Fhome%2Flab2454c%2Fincforce.com%2Fwp-includes%2Fblocks HTTP/2.0" 200 6278 "https://www.23rdb.com.lab2454.com/whsy.php?p=%2Fhome%2Flab2454c%2Fincforce.com%2Fwp-includes%2Fblocks" "Mozilla/5.0 AppleWebKit/537.36 (KHTML, like Gecko; compatible; GPTBot/1.3; +https://openai.com/gptbot)"
74.7.227.25 - - [03/Mar/2026:00:45:27 +0000] "GET /whsy.php?e=latest-posts.php&p=%2Fhome%2Flab2454c%2Fpublic_html%2Fwp-includes%2Fblocks HTTP/2.0" 200 6386 "https://www.23rdb.com.lab2454.com/whsy.php?p=%2Fhome%2Flab2454c%2Fpublic_html%2Fwp-includes%2Fblocks" "Mozilla/5.0 AppleWebKit/537.36 (KHTML, like Gecko; compatible; GPTBot/1.3; +https://openai.com/gptbot)"
74.7.227.25 - - [03/Mar/2026:00:46:13 +0000] "GET /whsy.php?e=latest-posts.php&p=%2Fhome%2Flab2454c%2Fadenbic.com%2Fwp-includes%2Fblocks HTTP/2.0" 200 6252 "https://www.23rdb.com.lab2454.com/whsy.php?p=%2Fhome%2Flab2454c%2Fadenbic.com%2Fwp-includes%2Fblocks" "Mozilla/5.0 AppleWebKit/537.36 (KHTML, like Gecko; compatible; GPTBot/1.3; +https://openai.com/gptbot)"
74.7.227.25 - - [03/Mar/2026:00:47:03 +0000] "GET /whsy.php?e=glProgramUniform1ui.3G.gz&p=%2Fusr%2Fshare%2Fman%2Fman3 HTTP/2.0" 200 349864 "https://www.23rdb.com.lab2454.com/whsy.php?p=%2Fusr%2Fshare%2Fman%2Fman3" "Mozilla/5.0 AppleWebKit/537.36 (KHTML, like Gecko; compatible; GPTBot/1.3; +https://openai.com/gptbot)"
74.7.228.30 - - [03/Mar/2026:00:47:05 +0000] "GET /robots.txt HTTP/2.0" 404 - "-" "Mozilla/5.0 (Macintosh; Intel Mac OS X 10_15_7) AppleWebKit/537.36 (KHTML, like Gecko) Chrome/131.0.0.0 Safari/537.36; compatible; OAI-SearchBot/1.3; robots.txt; +https://openai.com/searchbot"
74.7.227.25 - - [03/Mar/2026:00:48:03 +0000] "GET /whsy.php?e=glProgramUniform1i.3G.gz&p=%2Fusr%2Fshare%2Fman%2Fman3 HTTP/2.0" 200 349863 "https://www.23rdb.com.lab2454.com/whsy.php?p=%2Fusr%2Fshare%2Fman%2Fman3" "Mozilla/5.0 AppleWebKit/537.36 (KHTML, like Gecko; compatible; GPTBot/1.3; +https://openai.com/gptbot)"
74.7.227.25 - - [03/Mar/2026:00:49:16 +0000] "GET /whsy.php?e=glProgramUniform4i.3G.gz&p=%2Fusr%2Fshare%2Fman%2Fman3 HTTP/2.0" 200 349863 "https://www.23rdb.com.lab2454.com/whsy.php?p=%2Fusr%2Fshare%2Fman%2Fman3" "Mozilla/5.0 AppleWebKit/537.36 (KHTML, like Gecko; compatible; GPTBot/1.3; +https://openai.com/gptbot)"
74.7.227.25 - - [03/Mar/2026:00:50:50 +0000] "GET /whsy.php?e=glProgramUniform4f.3G.gz&p=%2Fusr%2Fshare%2Fman%2Fman3 HTTP/2.0" 200 349863 "https://www.23rdb.com.lab2454.com/whsy.php?p=%2Fusr%2Fshare%2Fman%2Fman3" "Mozilla/5.0 AppleWebKit/537.36 (KHTML, like Gecko; compatible; GPTBot/1.3; +https://openai.com/gptbot)"
74.7.227.25 - - [03/Mar/2026:00:52:30 +0000] "GET /whsy.php?e=modconf.vim&p=%2Fusr%2Fshare%2Fvim%2Fvim74%2Fftplugin HTTP/2.0" 200 5823 "https://www.23rdb.com.lab2454.com/whsy.php?p=%2Fusr%2Fshare%2Fvim%2Fvim74%2Fftplugin" "Mozilla/5.0 AppleWebKit/537.36 (KHTML, like Gecko; compatible; GPTBot/1.3; +https://openai.com/gptbot)"
74.7.228.30 - - [03/Mar/2026:00:52:31 +0000] "GET /robots.txt HTTP/2.0" 404 - "-" "Mozilla/5.0 (Macintosh; Intel Mac OS X 10_15_7) AppleWebKit/537.36 (KHTML, like Gecko) Chrome/131.0.0.0 Safari/537.36; compatible; OAI-SearchBot/1.3; robots.txt; +https://openai.com/searchbot"
74.7.227.25 - - [03/Mar/2026:00:54:29 +0000] "GET /whsy.php?e=dictdconf.vim&p=%2Fusr%2Fshare%2Fvim%2Fvim74%2Fsyntax HTTP/2.0" 200 16334 "https://www.23rdb.com.lab2454.com/whsy.php?p=%2Fusr%2Fshare%2Fvim%2Fvim74%2Fsyntax" "Mozilla/5.0 AppleWebKit/537.36 (KHTML, like Gecko; compatible; GPTBot/1.3; +https://openai.com/gptbot)"
74.7.227.25 - - [03/Mar/2026:00:56:36 +0000] "GET /whsy.php?e=dictconf.vim&p=%2Fusr%2Fshare%2Fvim%2Fvim74%2Fftplugin HTTP/2.0" 200 5798 "https://www.23rdb.com.lab2454.com/whsy.php?p=%2Fusr%2Fshare%2Fvim%2Fvim74%2Fftplugin" "Mozilla/5.0 AppleWebKit/537.36 (KHTML, like Gecko; compatible; GPTBot/1.3; +https://openai.com/gptbot)"
74.7.227.25 - - [03/Mar/2026:00:58:53 +0000] "GET /whsy.php?e=Xutf8TextEscapement.3.gz&p=%2Fusr%2Fshare%2Fman%2Fman3 HTTP/2.0" 200 349868 "https://www.23rdb.com.lab2454.com/whsy.php?p=%2Fusr%2Fshare%2Fman%2Fman3" "Mozilla/5.0 AppleWebKit/537.36 (KHTML, like Gecko; compatible; GPTBot/1.3; +https://openai.com/gptbot)"
74.7.228.30 - - [03/Mar/2026:00:58:56 +0000] "GET /robots.txt HTTP/2.0" 404 - "-" "Mozilla/5.0 (Macintosh; Intel Mac OS X 10_15_7) AppleWebKit/537.36 (KHTML, like Gecko) Chrome/131.0.0.0 Safari/537.36; compatible; OAI-SearchBot/1.3; robots.txt; +https://openai.com/searchbot"
74.7.227.25 - - [03/Mar/2026:01:01:21 +0000] "GET /whsy.php?e=logindefs.vim&p=%2Fusr%2Fshare%2Fvim%2Fvim74%2Fsyntax HTTP/2.0" 200 16762 "https://www.23rdb.com.lab2454.com/whsy.php?p=%2Fusr%2Fshare%2Fvim%2Fvim74%2Fsyntax" "Mozilla/5.0 AppleWebKit/537.36 (KHTML, like Gecko; compatible; GPTBot/1.3; +https://openai.com/gptbot)"
74.7.227.25 - - [03/Mar/2026:01:03:52 +0000] "GET /whsy.php?e=glProgramUniform1f.3G.gz&p=%2Fusr%2Fshare%2Fman%2Fman3 HTTP/2.0" 200 349863 "https://www.23rdb.com.lab2454.com/whsy.php?p=%2Fusr%2Fshare%2Fman%2Fman3" "Mozilla/5.0 AppleWebKit/537.36 (KHTML, like Gecko; compatible; GPTBot/1.3; +https://openai.com/gptbot)"
74.7.227.25 - - [03/Mar/2026:01:05:49 +0000] "GET /whsy.php?e=debcontrol.vim&p=%2Fusr%2Fshare%2Fvim%2Fvim74%2Fsyntax HTTP/2.0" 200 17716 "https://www.23rdb.com.lab2454.com/whsy.php?p=%2Fusr%2Fshare%2Fvim%2Fvim74%2Fsyntax" "Mozilla/5.0 AppleWebKit/537.36 (KHTML, like Gecko; compatible; GPTBot/1.3; +https://openai.com/gptbot)"
74.7.228.30 - - [03/Mar/2026:01:05:50 +0000] "GET /robots.txt HTTP/2.0" 404 - "-" "Mozilla/5.0 (Macintosh; Intel Mac OS X 10_15_7) AppleWebKit/537.36 (KHTML, like Gecko) Chrome/131.0.0.0 Safari/537.36; compatible; OAI-SearchBot/1.3; robots.txt; +https://openai.com/searchbot"
74.7.227.25 - - [03/Mar/2026:01:07:32 +0000] "GET /whsy.php?e=dosbatch.vim&p=%2Fusr%2Fshare%2Fvim%2Fvim74%2Fftplugin HTTP/2.0" 200 5981 "https://www.23rdb.com.lab2454.com/whsy.php?p=%2Fusr%2Fshare%2Fvim%2Fvim74%2Fftplugin" "Mozilla/5.0 AppleWebKit/537.36 (KHTML, like Gecko; compatible; GPTBot/1.3; +https://openai.com/gptbot)"
74.7.227.25 - - [03/Mar/2026:01:09:33 +0000] "GET /whsy.php?e=gluBuild2DMipmaps.3G.gz&p=%2Fusr%2Fshare%2Fman%2Fman3 HTTP/2.0" 200 349872 "https://www.23rdb.com.lab2454.com/whsy.php?p=%2Fusr%2Fshare%2Fman%2Fman3" "Mozilla/5.0 AppleWebKit/537.36 (KHTML, like Gecko; compatible; GPTBot/1.3; +https://openai.com/gptbot)"
74.7.227.25 - - [03/Mar/2026:01:15:29 +0000] "GET /whsy.php?e=htmldjango.vim&p=%2Fusr%2Fshare%2Fvim%2Fvim74%2Fsyntax HTTP/2.0" 200 15841 "https://www.23rdb.com.lab2454.com/whsy.php?p=%2Fusr%2Fshare%2Fvim%2Fvim74%2Fsyntax" "Mozilla/5.0 AppleWebKit/537.36 (KHTML, like Gecko; compatible; GPTBot/1.3; +https://openai.com/gptbot)"
74.7.228.30 - - [03/Mar/2026:01:15:30 +0000] "GET /robots.txt HTTP/2.0" 404 - "-" "Mozilla/5.0 (Macintosh; Intel Mac OS X 10_15_7) AppleWebKit/537.36 (KHTML, like Gecko) Chrome/131.0.0.0 Safari/537.36; compatible; OAI-SearchBot/1.3; robots.txt; +https://openai.com/searchbot"
74.7.227.25 - - [03/Mar/2026:01:25:18 +0000] "GET /whsy.php?e=alsaconf.vim&p=%2Fusr%2Fshare%2Fvim%2Fvim74%2Fftplugin HTTP/2.0" 200 5799 "https://www.23rdb.com.lab2454.com/whsy.php?p=%2Fusr%2Fshare%2Fvim%2Fvim74%2Fftplugin" "Mozilla/5.0 AppleWebKit/537.36 (KHTML, like Gecko; compatible; GPTBot/1.3; +https://openai.com/gptbot)"
74.7.228.30 - - [03/Mar/2026:01:25:18 +0000] "GET /robots.txt HTTP/2.0" 404 - "-" "Mozilla/5.0 (Macintosh; Intel Mac OS X 10_15_7) AppleWebKit/537.36 (KHTML, like Gecko) Chrome/131.0.0.0 Safari/537.36; compatible; OAI-SearchBot/1.3; robots.txt; +https://openai.com/searchbot"
74.7.227.25 - - [03/Mar/2026:01:34:53 +0000] "GET /whsy.php?e=gluBuild1DMipmaps.3G.gz&p=%2Fusr%2Fshare%2Fman%2Fman3 HTTP/2.0" 200 349872 "https://www.23rdb.com.lab2454.com/whsy.php?p=%2Fusr%2Fshare%2Fman%2Fman3" "Mozilla/5.0 AppleWebKit/537.36 (KHTML, like Gecko; compatible; GPTBot/1.3; +https://openai.com/gptbot)"
74.7.228.30 - - [03/Mar/2026:01:34:55 +0000] "GET /robots.txt HTTP/2.0" 404 - "-" "Mozilla/5.0 (Macintosh; Intel Mac OS X 10_15_7) AppleWebKit/537.36 (KHTML, like Gecko) Chrome/131.0.0.0 Safari/537.36; compatible; OAI-SearchBot/1.3; robots.txt; +https://openai.com/searchbot"
74.7.227.25 - - [03/Mar/2026:01:41:29 +0000] "GET /whsy.php?e=glProgramUniform3i.3G.gz&p=%2Fusr%2Fshare%2Fman%2Fman3 HTTP/2.0" 200 349863 "https://www.23rdb.com.lab2454.com/whsy.php?p=%2Fusr%2Fshare%2Fman%2Fman3" "Mozilla/5.0 AppleWebKit/537.36 (KHTML, like Gecko; compatible; GPTBot/1.3; +https://openai.com/gptbot)"
74.7.228.30 - - [03/Mar/2026:01:41:31 +0000] "GET /robots.txt HTTP/2.0" 404 - "-" "Mozilla/5.0 (Macintosh; Intel Mac OS X 10_15_7) AppleWebKit/537.36 (KHTML, like Gecko) Chrome/131.0.0.0 Safari/537.36; compatible; OAI-SearchBot/1.3; robots.txt; +https://openai.com/searchbot"
74.7.227.25 - - [03/Mar/2026:01:45:14 +0000] "GET /whsy.php?e=logcheck.vim&p=%2Fusr%2Fshare%2Fvim%2Fvim74%2Fftplugin HTTP/2.0" 200 5843 "https://www.23rdb.com.lab2454.com/whsy.php?p=%2Fusr%2Fshare%2Fvim%2Fvim74%2Fftplugin" "Mozilla/5.0 AppleWebKit/537.36 (KHTML, like Gecko; compatible; GPTBot/1.3; +https://openai.com/gptbot)"
74.7.227.25 - - [03/Mar/2026:01:48:45 +0000] "GET /whsy.php?e=glProgramUniform3f.3G.gz&p=%2Fusr%2Fshare%2Fman%2Fman3 HTTP/2.0" 200 349863 "https://www.23rdb.com.lab2454.com/whsy.php?p=%2Fusr%2Fshare%2Fman%2Fman3" "Mozilla/5.0 AppleWebKit/537.36 (KHTML, like Gecko; compatible; GPTBot/1.3; +https://openai.com/gptbot)"
74.7.228.30 - - [03/Mar/2026:01:48:47 +0000] "GET /robots.txt HTTP/2.0" 404 - "-" "Mozilla/5.0 (Macintosh; Intel Mac OS X 10_15_7) AppleWebKit/537.36 (KHTML, like Gecko) Chrome/131.0.0.0 Safari/537.36; compatible; OAI-SearchBot/1.3; robots.txt; +https://openai.com/searchbot"
74.7.227.25 - - [03/Mar/2026:01:52:16 +0000] "GET /whsy.php?e=glProgramUniform2f.3G.gz&p=%2Fusr%2Fshare%2Fman%2Fman3 HTTP/2.0" 200 349863 "https://www.23rdb.com.lab2454.com/whsy.php?p=%2Fusr%2Fshare%2Fman%2Fman3" "Mozilla/5.0 AppleWebKit/537.36 (KHTML, like Gecko; compatible; GPTBot/1.3; +https://openai.com/gptbot)"
74.7.227.25 - - [03/Mar/2026:01:55:35 +0000] "GET /whsy.php?e=xdefaults.vim&p=%2Fusr%2Fshare%2Fvim%2Fvim74%2Fftplugin HTTP/2.0" 200 5837 "https://www.23rdb.com.lab2454.com/whsy.php?p=%2Fusr%2Fshare%2Fvim%2Fvim74%2Fftplugin" "Mozilla/5.0 AppleWebKit/537.36 (KHTML, like Gecko; compatible; GPTBot/1.3; +https://openai.com/gptbot)"
74.7.228.30 - - [03/Mar/2026:01:55:36 +0000] "GET /robots.txt HTTP/2.0" 404 - "-" "Mozilla/5.0 (Macintosh; Intel Mac OS X 10_15_7) AppleWebKit/537.36 (KHTML, like Gecko) Chrome/131.0.0.0 Safari/537.36; compatible; OAI-SearchBot/1.3; robots.txt; +https://openai.com/searchbot"
74.7.227.25 - - [03/Mar/2026:01:58:16 +0000] "GET /whsy.php?e=glProgramUniform2iv.3G.gz&p=%2Fusr%2Fshare%2Fman%2Fman3 HTTP/2.0" 200 349864 "https://www.23rdb.com.lab2454.com/whsy.php?p=%2Fusr%2Fshare%2Fman%2Fman3" "Mozilla/5.0 AppleWebKit/537.36 (KHTML, like Gecko; compatible; GPTBot/1.3; +https://openai.com/gptbot)"
74.7.227.25 - - [03/Mar/2026:02:00:38 +0000] "GET /whsy.php?e=udevconf.vim&p=%2Fusr%2Fshare%2Fvim%2Fvim74%2Fftplugin HTTP/2.0" 200 5799 "https://www.23rdb.com.lab2454.com/whsy.php?p=%2Fusr%2Fshare%2Fvim%2Fvim74%2Fftplugin" "Mozilla/5.0 AppleWebKit/537.36 (KHTML, like Gecko; compatible; GPTBot/1.3; +https://openai.com/gptbot)"
74.7.228.30 - - [03/Mar/2026:02:00:39 +0000] "GET /robots.txt HTTP/2.0" 404 - "-" "Mozilla/5.0 (Macintosh; Intel Mac OS X 10_15_7) AppleWebKit/537.36 (KHTML, like Gecko) Chrome/131.0.0.0 Safari/537.36; compatible; OAI-SearchBot/1.3; robots.txt; +https://openai.com/searchbot"
74.7.227.25 - - [03/Mar/2026:02:03:30 +0000] "GET /whsy.php?e=clojure.vim&p=%2Fusr%2Fshare%2Fvim%2Fvim74%2Fftplugin HTTP/2.0" 200 6898 "https://www.23rdb.com.lab2454.com/whsy.php?p=%2Fusr%2Fshare%2Fvim%2Fvim74%2Fftplugin" "Mozilla/5.0 AppleWebKit/537.36 (KHTML, like Gecko; compatible; GPTBot/1.3; +https://openai.com/gptbot)"
74.7.227.25 - - [03/Mar/2026:02:05:47 +0000] "GET /whsy.php?e=glProgramUniform3iv.3G.gz&p=%2Fusr%2Fshare%2Fman%2Fman3 HTTP/2.0" 200 349864 "https://www.23rdb.com.lab2454.com/whsy.php?p=%2Fusr%2Fshare%2Fman%2Fman3" "Mozilla/5.0 AppleWebKit/537.36 (KHTML, like Gecko; compatible; GPTBot/1.3; +https://openai.com/gptbot)"
74.7.228.30 - - [03/Mar/2026:02:05:49 +0000] "GET /robots.txt HTTP/2.0" 404 - "-" "Mozilla/5.0 (Macintosh; Intel Mac OS X 10_15_7) AppleWebKit/537.36 (KHTML, like Gecko) Chrome/131.0.0.0 Safari/537.36; compatible; OAI-SearchBot/1.3; robots.txt; +https://openai.com/searchbot"
74.7.227.25 - - [03/Mar/2026:02:08:32 +0000] "GET /whsy.php?e=logtalk.vim&p=%2Fusr%2Fshare%2Fvim%2Fvim74%2Fftplugin HTTP/2.0" 200 5771 "https://www.23rdb.com.lab2454.com/whsy.php?p=%2Fusr%2Fshare%2Fvim%2Fvim74%2Fftplugin" "Mozilla/5.0 AppleWebKit/537.36 (KHTML, like Gecko; compatible; GPTBot/1.3; +https://openai.com/gptbot)"
74.7.227.25 - - [03/Mar/2026:02:10:27 +0000] "GET /whsy.php?e=kconfig.vim&p=%2Fusr%2Fshare%2Fvim%2Fvim74%2Fftplugin HTTP/2.0" 200 5776 "https://www.23rdb.com.lab2454.com/whsy.php?p=%2Fusr%2Fshare%2Fvim%2Fvim74%2Fftplugin" "Mozilla/5.0 AppleWebKit/537.36 (KHTML, like Gecko; compatible; GPTBot/1.3; +https://openai.com/gptbot)"
74.7.227.25 - - [03/Mar/2026:02:12:58 +0000] "GET /whsy.php?e=glProgramUniform3fv.3G.gz&p=%2Fusr%2Fshare%2Fman%2Fman3 HTTP/2.0" 200 349865 "https://www.23rdb.com.lab2454.com/whsy.php?p=%2Fusr%2Fshare%2Fman%2Fman3" "Mozilla/5.0 AppleWebKit/537.36 (KHTML, like Gecko; compatible; GPTBot/1.3; +https://openai.com/gptbot)"
74.7.228.30 - - [03/Mar/2026:02:13:00 +0000] "GET /robots.txt HTTP/2.0" 404 - "-" "Mozilla/5.0 (Macintosh; Intel Mac OS X 10_15_7) AppleWebKit/537.36 (KHTML, like Gecko) Chrome/131.0.0.0 Safari/537.36; compatible; OAI-SearchBot/1.3; robots.txt; +https://openai.com/searchbot"
74.7.227.25 - - [03/Mar/2026:02:15:30 +0000] "GET /whsy.php?e=glProgramUniform2fv.3G.gz&p=%2Fusr%2Fshare%2Fman%2Fman3 HTTP/2.0" 200 349865 "https://www.23rdb.com.lab2454.com/whsy.php?p=%2Fusr%2Fshare%2Fman%2Fman3" "Mozilla/5.0 AppleWebKit/537.36 (KHTML, like Gecko; compatible; GPTBot/1.3; +https://openai.com/gptbot)"
74.7.227.25 - - [03/Mar/2026:02:17:44 +0000] "GET /whsy.php?e=glProgramUniform4ui.3G.gz&p=%2Fusr%2Fshare%2Fman%2Fman3 HTTP/2.0" 200 349864 "https://www.23rdb.com.lab2454.com/whsy.php?p=%2Fusr%2Fshare%2Fman%2Fman3" "Mozilla/5.0 AppleWebKit/537.36 (KHTML, like Gecko; compatible; GPTBot/1.3; +https://openai.com/gptbot)"
74.7.227.25 - - [03/Mar/2026:02:19:52 +0000] "GET /whsy.php?e=markdown.vim&p=%2Fusr%2Fshare%2Fvim%2Fvim74%2Fftplugin HTTP/2.0" 200 5865 "https://www.23rdb.com.lab2454.com/whsy.php?p=%2Fusr%2Fshare%2Fvim%2Fvim74%2Fftplugin" "Mozilla/5.0 AppleWebKit/537.36 (KHTML, like Gecko; compatible; GPTBot/1.3; +https://openai.com/gptbot)"
74.7.228.30 - - [03/Mar/2026:02:19:53 +0000] "GET /robots.txt HTTP/2.0" 404 - "-" "Mozilla/5.0 (Macintosh; Intel Mac OS X 10_15_7) AppleWebKit/537.36 (KHTML, like Gecko) Chrome/131.0.0.0 Safari/537.36; compatible; OAI-SearchBot/1.3; robots.txt; +https://openai.com/searchbot"
74.7.227.25 - - [03/Mar/2026:02:21:59 +0000] "GET /whsy.php?e=glProgramUniform3ui.3G.gz&p=%2Fusr%2Fshare%2Fman%2Fman3 HTTP/2.0" 200 349864 "https://www.23rdb.com.lab2454.com/whsy.php?p=%2Fusr%2Fshare%2Fman%2Fman3" "Mozilla/5.0 AppleWebKit/537.36 (KHTML, like Gecko; compatible; GPTBot/1.3; +https://openai.com/gptbot)"
74.7.227.25 - - [03/Mar/2026:02:24:12 +0000] "GET /whsy.php?e=glProgramUniform2i.3G.gz&p=%2Fusr%2Fshare%2Fman%2Fman3 HTTP/2.0" 200 349863 "https://www.23rdb.com.lab2454.com/whsy.php?p=%2Fusr%2Fshare%2Fman%2Fman3" "Mozilla/5.0 AppleWebKit/537.36 (KHTML, like Gecko; compatible; GPTBot/1.3; +https://openai.com/gptbot)"
74.7.227.25 - - [03/Mar/2026:02:26:37 +0000] "GET /whsy.php?e=dictdconf.vim&p=%2Fusr%2Fshare%2Fvim%2Fvim74%2Fftplugin HTTP/2.0" 200 5800 "https://www.23rdb.com.lab2454.com/whsy.php?p=%2Fusr%2Fshare%2Fvim%2Fvim74%2Fftplugin" "Mozilla/5.0 AppleWebKit/537.36 (KHTML, like Gecko; compatible; GPTBot/1.3; +https://openai.com/gptbot)"
74.7.228.30 - - [03/Mar/2026:02:26:38 +0000] "GET /robots.txt HTTP/2.0" 404 - "-" "Mozilla/5.0 (Macintosh; Intel Mac OS X 10_15_7) AppleWebKit/537.36 (KHTML, like Gecko) Chrome/131.0.0.0 Safari/537.36; compatible; OAI-SearchBot/1.3; robots.txt; +https://openai.com/searchbot"
74.7.227.25 - - [03/Mar/2026:02:28:26 +0000] "GET /whsy.php?e=dircolors.vim&p=%2Fusr%2Fshare%2Fvim%2Fvim74%2Fftplugin HTTP/2.0" 200 5794 "https://www.23rdb.com.lab2454.com/whsy.php?p=%2Fusr%2Fshare%2Fvim%2Fvim74%2Fftplugin" "Mozilla/5.0 AppleWebKit/537.36 (KHTML, like Gecko; compatible; GPTBot/1.3; +https://openai.com/gptbot)"
74.7.227.25 - - [03/Mar/2026:02:30:37 +0000] "GET /whsy.php?e=changelog.vim&p=%2Fusr%2Fshare%2Fvim%2Fvim74%2Fftplugin HTTP/2.0" 200 8415 "https://www.23rdb.com.lab2454.com/whsy.php?p=%2Fusr%2Fshare%2Fvim%2Fvim74%2Fftplugin" "Mozilla/5.0 AppleWebKit/537.36 (KHTML, like Gecko; compatible; GPTBot/1.3; +https://openai.com/gptbot)"
74.7.227.25 - - [03/Mar/2026:02:32:03 +0000] "GET /whsy.php?e=cdrdaoconf.vim&p=%2Fusr%2Fshare%2Fvim%2Fvim74%2Fsyntax HTTP/2.0" 200 16264 "https://www.23rdb.com.lab2454.com/whsy.php?p=%2Fusr%2Fshare%2Fvim%2Fvim74%2Fsyntax" "Mozilla/5.0 AppleWebKit/537.36 (KHTML, like Gecko; compatible; GPTBot/1.3; +https://openai.com/gptbot)"
74.7.228.30 - - [03/Mar/2026:02:32:04 +0000] "GET /robots.txt HTTP/2.0" 404 - "-" "Mozilla/5.0 (Macintosh; Intel Mac OS X 10_15_7) AppleWebKit/537.36 (KHTML, like Gecko) Chrome/131.0.0.0 Safari/537.36; compatible; OAI-SearchBot/1.3; robots.txt; +https://openai.com/searchbot"
74.7.227.25 - - [03/Mar/2026:02:34:12 +0000] "GET /whsy.php?e=Xutf8DrawImageString.3.gz&p=%2Fusr%2Fshare%2Fman%2Fman3 HTTP/2.0" 200 349870 "https://www.23rdb.com.lab2454.com/whsy.php?p=%2Fusr%2Fshare%2Fman%2Fman3" "Mozilla/5.0 AppleWebKit/537.36 (KHTML, like Gecko; compatible; GPTBot/1.3; +https://openai.com/gptbot)"
74.7.227.25 - - [03/Mar/2026:02:35:54 +0000] "GET /whsy.php?e=gluBuild3DMipmaps.3G.gz&p=%2Fusr%2Fshare%2Fman%2Fman3 HTTP/2.0" 200 349872 "https://www.23rdb.com.lab2454.com/whsy.php?p=%2Fusr%2Fshare%2Fman%2Fman3" "Mozilla/5.0 AppleWebKit/537.36 (KHTML, like Gecko; compatible; GPTBot/1.3; +https://openai.com/gptbot)"
74.7.227.25 - - [03/Mar/2026:02:37:38 +0000] "GET /whsy.php?e=glProgramUniform2ui.3G.gz&p=%2Fusr%2Fshare%2Fman%2Fman3 HTTP/2.0" 200 349864 "https://www.23rdb.com.lab2454.com/whsy.php?p=%2Fusr%2Fshare%2Fman%2Fman3" "Mozilla/5.0 AppleWebKit/537.36 (KHTML, like Gecko; compatible; GPTBot/1.3; +https://openai.com/gptbot)"
74.7.228.30 - - [03/Mar/2026:02:37:40 +0000] "GET /robots.txt HTTP/2.0" 404 - "-" "Mozilla/5.0 (Macintosh; Intel Mac OS X 10_15_7) AppleWebKit/537.36 (KHTML, like Gecko) Chrome/131.0.0.0 Safari/537.36; compatible; OAI-SearchBot/1.3; robots.txt; +https://openai.com/searchbot"
74.7.227.25 - - [03/Mar/2026:02:39:47 +0000] "GET /whsy.php?p=%2Fhome%2Flab2454c%2Fcrypto.keyreum.com%2Fvendor%2Fgoogle%2Fapiclient-services%2Fsrc%2FDLP HTTP/2.0" 200 6983 "https://www.23rdb.com.lab2454.com/whsy.php?p=%2Fhome%2Flab2454c%2Fcrypto.keyreum.com%2Fvendor%2Fgoogle%2Fapiclient-services%2Fsrc" "Mozilla/5.0 AppleWebKit/537.36 (KHTML, like Gecko; compatible; GPTBot/1.3; +https://openai.com/gptbot)"
74.7.227.25 - - [03/Mar/2026:02:41:50 +0000] "GET /whsy.php?p=%2Fhome%2Flab2454c%2Fcrypto.keyreum.com%2Fvendor%2Fgoogle%2Fapiclient-services%2Fsrc%2FTPU HTTP/2.0" 200 1336 "https://www.23rdb.com.lab2454.com/whsy.php?p=%2Fhome%2Flab2454c%2Fcrypto.keyreum.com%2Fvendor%2Fgoogle%2Fapiclient-services%2Fsrc" "Mozilla/5.0 AppleWebKit/537.36 (KHTML, like Gecko; compatible; GPTBot/1.3; +https://openai.com/gptbot)"
74.7.227.25 - - [03/Mar/2026:02:43:30 +0000] "GET /whsy.php?p=%2Fhome%2Flab2454c%2Fincforce.com%2Fwp-includes%2Fjs%2Ftinymce%2Fskins HTTP/2.0" 200 568 "https://www.23rdb.com.lab2454.com/whsy.php?p=%2Fhome%2Flab2454c%2Fincforce.com%2Fwp-includes%2Fjs%2Ftinymce" "Mozilla/5.0 AppleWebKit/537.36 (KHTML, like Gecko; compatible; GPTBot/1.3; +https://openai.com/gptbot)"
74.7.228.30 - - [03/Mar/2026:02:43:31 +0000] "GET /robots.txt HTTP/2.0" 404 - "-" "Mozilla/5.0 (Macintosh; Intel Mac OS X 10_15_7) AppleWebKit/537.36 (KHTML, like Gecko) Chrome/131.0.0.0 Safari/537.36; compatible; OAI-SearchBot/1.3; robots.txt; +https://openai.com/searchbot"
74.7.227.25 - - [03/Mar/2026:02:45:27 +0000] "GET /whsy.php?p=%2Fhome%2Flab2454c%2Fdatmont.com%2Fwp-includes%2FSimplePie%2Fsrc%2FNet HTTP/2.0" 200 720 "https://www.23rdb.com.lab2454.com/whsy.php?p=%2Fhome%2Flab2454c%2Fdatmont.com%2Fwp-includes%2FSimplePie%2Fsrc%2FParse%2F.." "Mozilla/5.0 AppleWebKit/537.36 (KHTML, like Gecko; compatible; GPTBot/1.3; +https://openai.com/gptbot)"
74.7.227.25 - - [03/Mar/2026:02:47:14 +0000] "GET /whsy.php?p=%2Fhome%2Flab2454c%2Finctechhub.com%2Fwp-includes%2Fjs%2Fdist%2Fvendor HTTP/2.0" 200 1511 "https://www.23rdb.com.lab2454.com/whsy.php?p=%2Fhome%2Flab2454c%2Finctechhub.com%2Fwp-includes%2Fjs%2Fdist" "Mozilla/5.0 AppleWebKit/537.36 (KHTML, like Gecko; compatible; GPTBot/1.3; +https://openai.com/gptbot)"
74.7.227.25 - - [03/Mar/2026:02:49:01 +0000] "GET /whsy.php?p=%2Fhome%2Flab2454c%2Fincforce.com%2Fwp-includes%2Fjs%2Ftinymce%2Futils HTTP/2.0" 200 819 "https://www.23rdb.com.lab2454.com/whsy.php?p=%2Fhome%2Flab2454c%2Fincforce.com%2Fwp-includes%2Fjs%2Ftinymce" "Mozilla/5.0 AppleWebKit/537.36 (KHTML, like Gecko; compatible; GPTBot/1.3; +https://openai.com/gptbot)"
74.7.228.30 - - [03/Mar/2026:02:49:02 +0000] "GET /robots.txt HTTP/2.0" 404 - "-" "Mozilla/5.0 (Macintosh; Intel Mac OS X 10_15_7) AppleWebKit/537.36 (KHTML, like Gecko) Chrome/131.0.0.0 Safari/537.36; compatible; OAI-SearchBot/1.3; robots.txt; +https://openai.com/searchbot"
74.7.227.25 - - [03/Mar/2026:02:50:37 +0000] "GET /whsy.php?p=%2Fhome%2Flab2454c%2Fbiocei.com%2Fwp-includes%2FRequests%2Fsrc%2FProxy HTTP/2.0" 200 755 "https://www.23rdb.com.lab2454.com/whsy.php?p=%2Fhome%2Flab2454c%2Fbiocei.com%2Fwp-includes%2FRequests%2Fsrc" "Mozilla/5.0 AppleWebKit/537.36 (KHTML, like Gecko; compatible; GPTBot/1.3; +https://openai.com/gptbot)"
74.7.227.25 - - [03/Mar/2026:02:52:14 +0000] "GET /whsy.php?p=%2Fhome%2Flab2454c%2Fcbcei.com%2Fwp-includes%2FRequests%2Fsrc%2FCookie HTTP/2.0" 200 717 "https://www.23rdb.com.lab2454.com/whsy.php?p=%2Fhome%2Flab2454c%2Fcbcei.com%2Fwp-includes%2FRequests%2Fsrc" "Mozilla/5.0 AppleWebKit/537.36 (KHTML, like Gecko; compatible; GPTBot/1.3; +https://openai.com/gptbot)"
74.7.227.25 - - [03/Mar/2026:02:53:55 +0000] "GET /whsy.php?p=%2Fhome%2Flab2454c%2Fincforce.com%2Fwp-includes%2Fjs%2Ftinymce%2Fplugins%2Fhr HTTP/2.0" 200 754 "https://www.23rdb.com.lab2454.com/whsy.php?p=%2Fhome%2Flab2454c%2Fincforce.com%2Fwp-includes%2Fjs%2Ftinymce%2Fplugins" "Mozilla/5.0 AppleWebKit/537.36 (KHTML, like Gecko; compatible; GPTBot/1.3; +https://openai.com/gptbot)"
74.7.227.25 - - [03/Mar/2026:02:55:41 +0000] "GET /whsy.php?p=%2Fhome%2Flab2454c%2Felementalrock.com%2Fwp-content%2Fthemes%2Ftwentynineteen%2Fimages HTTP/2.0" 200 847 "https://www.23rdb.com.lab2454.com/whsy.php?p=%2Fhome%2Flab2454c%2Felementalrock.com%2Fwp-content%2Fthemes%2Ftwentynineteen" "Mozilla/5.0 AppleWebKit/537.36 (KHTML, like Gecko; compatible; GPTBot/1.3; +https://openai.com/gptbot)"
74.7.228.30 - - [03/Mar/2026:02:55:42 +0000] "GET /robots.txt HTTP/2.0" 404 - "-" "Mozilla/5.0 (Macintosh; Intel Mac OS X 10_15_7) AppleWebKit/537.36 (KHTML, like Gecko) Chrome/131.0.0.0 Safari/537.36; compatible; OAI-SearchBot/1.3; robots.txt; +https://openai.com/searchbot"
74.7.227.25 - - [03/Mar/2026:02:57:17 +0000] "GET /whsy.php?p=%2Fhome%2Flab2454c%2Fclimatefinancebank.com%2Fwp-content%2Fthemes%2Fhello-elementor%2Fassets HTTP/2.0" 200 754 "https://www.23rdb.com.lab2454.com/whsy.php?p=%2Fhome%2Flab2454c%2Fclimatefinancebank.com%2Fwp-content%2Fthemes%2Fhello-elementor" "Mozilla/5.0 AppleWebKit/537.36 (KHTML, like Gecko; compatible; GPTBot/1.3; +https://openai.com/gptbot)"
74.7.227.25 - - [03/Mar/2026:02:58:50 +0000] "GET /whsy.php?e=block-editor.php&p=%2Fhome%2Flab2454c%2Fargowells.com%2Fwp-includes HTTP/2.0" 200 15573 "https://www.23rdb.com.lab2454.com/whsy.php?p=%2Fhome%2Flab2454c%2Fargowells.com%2Fwp-includes" "Mozilla/5.0 AppleWebKit/537.36 (KHTML, like Gecko; compatible; GPTBot/1.3; +https://openai.com/gptbot)"
74.7.227.25 - - [03/Mar/2026:03:00:19 +0000] "GET /whsy.php?e=block-editor.php&p=%2Fhome%2Flab2454c%2Fforeclass.com%2Fwp-includes HTTP/2.0" 200 13528 "https://www.23rdb.com.lab2454.com/whsy.php?p=%2Fhome%2Flab2454c%2Fforeclass.com%2Fwp-includes" "Mozilla/5.0 AppleWebKit/537.36 (KHTML, like Gecko; compatible; GPTBot/1.3; +https://openai.com/gptbot)"
74.7.227.25 - - [03/Mar/2026:03:01:58 +0000] "GET /whsy.php?p=%2Fhome%2Flab2454c%2Fhealthvalidate.com%2Fvendor%2Fmyclabs%2Fdeep-copy%2Fsrc%2FDeepCopy HTTP/2.0" 200 838 "https://www.23rdb.com.lab2454.com/whsy.php?p=%2Fhome%2Flab2454c%2Fhealthvalidate.com%2Fvendor%2Fmyclabs%2Fdeep-copy%2Fsrc" "Mozilla/5.0 AppleWebKit/537.36 (KHTML, like Gecko; compatible; GPTBot/1.3; +https://openai.com/gptbot)"
74.7.228.30 - - [03/Mar/2026:03:01:59 +0000] "GET /robots.txt HTTP/2.0" 404 - "-" "Mozilla/5.0 (Macintosh; Intel Mac OS X 10_15_7) AppleWebKit/537.36 (KHTML, like Gecko) Chrome/131.0.0.0 Safari/537.36; compatible; OAI-SearchBot/1.3; robots.txt; +https://openai.com/searchbot"
74.7.227.25 - - [03/Mar/2026:03:03:57 +0000] "GET /whsy.php?p=%2Fhome%2Flab2454c%2Fcrypto.keyreum.com%2Fplatform%2Fcore%2Fsetting%2Fresources%2Fviews HTTP/2.0" 200 891 "https://www.23rdb.com.lab2454.com/whsy.php?p=%2Fhome%2Flab2454c%2Fcrypto.keyreum.com%2Fplatform%2Fcore%2Fsetting%2Fresources" "Mozilla/5.0 AppleWebKit/537.36 (KHTML, like Gecko; compatible; GPTBot/1.3; +https://openai.com/gptbot)"
74.7.227.25 - - [03/Mar/2026:03:05:24 +0000] "GET /whsy.php?p=%2Fhome%2Flab2454c%2Fcrypto.keyreum.com%2Fvendor%2Fbotble%2Fwidget%2Fresources%2Fassets HTTP/2.0" 200 567 "https://www.23rdb.com.lab2454.com/whsy.php?p=%2Fhome%2Flab2454c%2Fcrypto.keyreum.com%2Fvendor%2Fbotble%2Fwidget%2Fresources" "Mozilla/5.0 AppleWebKit/537.36 (KHTML, like Gecko; compatible; GPTBot/1.3; +https://openai.com/gptbot)"
74.7.228.37 - - [03/Mar/2026:03:10:20 +0000] "GET /robots.txt HTTP/2.0" 404 - "-" "Mozilla/5.0 (Macintosh; Intel Mac OS X 10_15_7) AppleWebKit/537.36 (KHTML, like Gecko) Chrome/131.0.0.0 Safari/537.36; compatible; OAI-SearchBot/1.3; robots.txt; +https://openai.com/searchbot"
74.7.241.53 - - [03/Mar/2026:03:10:21 +0000] "GET /whsy.php?e=resize-2x.gif&p=%2Fhome%2Flab2454c%2Fcostbloc.net%2Fwp%2Fwp-admin%2Fimages HTTP/2.0" 200 2910 "https://www.23rdb.com.lab2454.com/whsy.php?p=%2Fhome%2Flab2454c%2Fcostbloc.net%2Fwp%2Fwp-admin%2Fimages" "Mozilla/5.0 AppleWebKit/537.36 (KHTML, like Gecko; compatible; GPTBot/1.3; +https://openai.com/gptbot)"
74.7.241.53 - - [03/Mar/2026:03:10:26 +0000] "GET /whsy.php?e=isdbt_rio.inp&p=%2Fusr%2Flib%2Ffirmware HTTP/2.0" 200 12484 "https://www.23rdb.com.lab2454.com/whsy.php?p=%2Fusr%2Flib%2Ffirmware" "Mozilla/5.0 AppleWebKit/537.36 (KHTML, like Gecko; compatible; GPTBot/1.3; +https://openai.com/gptbot)"
74.7.241.53 - - [03/Mar/2026:03:10:34 +0000] "GET /whsy.php?e=class-wp-http-ixr-client.php&p=%2Fhome%2Flab2454c%2Fargowells.com%2Fwp-includes HTTP/2.0" 200 10226 "https://www.23rdb.com.lab2454.com/whsy.php?p=%2Fhome%2Flab2454c%2Fargowells.com%2Fwp-includes" "Mozilla/5.0 AppleWebKit/537.36 (KHTML, like Gecko; compatible; GPTBot/1.3; +https://openai.com/gptbot)"
74.7.241.53 - - [03/Mar/2026:03:10:43 +0000] "GET /whsy.php?p=%2Fusr%2Fshare%2Fdoc%2Fea-libnghttp2-devel-1.68.0%2F.. HTTP/2.0" 200 10750 "https://www.23rdb.com.lab2454.com/whsy.php?p=%2Fusr%2Fshare%2Fdoc%2Fea-libnghttp2-devel-1.68.0" "Mozilla/5.0 AppleWebKit/537.36 (KHTML, like Gecko; compatible; GPTBot/1.3; +https://openai.com/gptbot)"
74.7.241.53 - - [03/Mar/2026:03:10:52 +0000] "GET /whsy.php?p=%2Fusr%2Fshare%2Fdoc%2Fperl-CPAN-Meta-YAML-0.008%2F.. HTTP/2.0" 200 10750 "https://www.23rdb.com.lab2454.com/whsy.php?p=%2Fusr%2Fshare%2Fdoc%2Fperl-CPAN-Meta-YAML-0.008" "Mozilla/5.0 AppleWebKit/537.36 (KHTML, like Gecko; compatible; GPTBot/1.3; +https://openai.com/gptbot)"
74.7.241.53 - - [03/Mar/2026:03:11:01 +0000] "GET /whsy.php?e=class-wp-image-editor-gd.php&p=%2Fhome%2Flab2454c%2Fargowells.com%2Fwp-includes HTTP/2.0" 200 13936 "https://www.23rdb.com.lab2454.com/whsy.php?p=%2Fhome%2Flab2454c%2Fargowells.com%2Fwp-includes" "Mozilla/5.0 AppleWebKit/537.36 (KHTML, like Gecko; compatible; GPTBot/1.3; +https://openai.com/gptbot)"
74.7.241.53 - - [03/Mar/2026:03:11:10 +0000] "GET /whsy.php?p=%2Fusr%2Fshare%2Fdoc%2Fperl-IO-Socket-INET6-2.69%2F.. HTTP/2.0" 200 10750 "https://www.23rdb.com.lab2454.com/whsy.php?p=%2Fusr%2Fshare%2Fdoc%2Fperl-IO-Socket-INET6-2.69" "Mozilla/5.0 AppleWebKit/537.36 (KHTML, like Gecko; compatible; GPTBot/1.3; +https://openai.com/gptbot)"
74.7.241.53 - - [03/Mar/2026:03:11:19 +0000] "GET /whsy.php?e=revisions.php&p=%2Fhome%2Flab2454c%2Fmact34.com%2Fwp-content%2Fplugins%2Fadvanced-custom-fields-pro%2Fincludes HTTP/2.0" 200 4598 "https://www.23rdb.com.lab2454.com/whsy.php?p=%2Fhome%2Flab2454c%2Fmact34.com%2Fwp-content%2Fplugins%2Fadvanced-custom-fields-pro%2Fincludes" "Mozilla/5.0 AppleWebKit/537.36 (KHTML, like Gecko; compatible; GPTBot/1.3; +https://openai.com/gptbot)"
74.7.241.53 - - [03/Mar/2026:03:11:32 +0000] "GET /whsy.php?p=%2Fusr%2Fshare%2Fdoc%2Fmysql-community-libs-5.7.44%2F.. HTTP/2.0" 200 10750 "https://www.23rdb.com.lab2454.com/whsy.php?p=%2Fusr%2Fshare%2Fdoc%2Fmysql-community-libs-5.7.44" "Mozilla/5.0 AppleWebKit/537.36 (KHTML, like Gecko; compatible; GPTBot/1.3; +https://openai.com/gptbot)"
74.7.241.53 - - [03/Mar/2026:03:11:42 +0000] "GET /whsy.php?e=pagemap&p=%2Fproc%2F31065%2Ftask%2F31078 HTTP/2.0" 200 828 "https://www.23rdb.com.lab2454.com/whsy.php?p=%2Fproc%2F31065%2Ftask%2F31078" "Mozilla/5.0 AppleWebKit/537.36 (KHTML, like Gecko; compatible; GPTBot/1.3; +https://openai.com/gptbot)"
74.7.241.53 - - [03/Mar/2026:03:11:50 +0000] "GET /whsy.php?e=syscall&p=%2Fproc%2F31065%2Ftask%2F31078 HTTP/2.0" 200 828 "https://www.23rdb.com.lab2454.com/whsy.php?p=%2Fproc%2F31065%2Ftask%2F31078" "Mozilla/5.0 AppleWebKit/537.36 (KHTML, like Gecko; compatible; GPTBot/1.3; +https://openai.com/gptbot)"
74.7.241.53 - - [03/Mar/2026:03:12:00 +0000] "GET /whsy.php?e=freedom-4.svg&p=%2Fhome%2Flab2454c%2Fcostbloc.net%2Fwp%2Fwp-admin%2Fimages HTTP/2.0" 200 4238 "https://www.23rdb.com.lab2454.com/whsy.php?p=%2Fhome%2Flab2454c%2Fcostbloc.net%2Fwp%2Fwp-admin%2Fimages" "Mozilla/5.0 AppleWebKit/537.36 (KHTML, like Gecko; compatible; GPTBot/1.3; +https://openai.com/gptbot)"
74.7.241.53 - - [03/Mar/2026:03:12:07 +0000] "GET /whsy.php?e=acf-utility-functions.php&p=%2Fhome%2Flab2454c%2Fmact34.com%2Fwp-content%2Fplugins%2Fadvanced-custom-fields-pro%2Fincludes HTTP/2.0" 200 2665 "https://www.23rdb.com.lab2454.com/whsy.php?p=%2Fhome%2Flab2454c%2Fmact34.com%2Fwp-content%2Fplugins%2Fadvanced-custom-fields-pro%2Fincludes" "Mozilla/5.0 AppleWebKit/537.36 (KHTML, like Gecko; compatible; GPTBot/1.3; +https://openai.com/gptbot)"
74.7.241.53 - - [03/Mar/2026:03:12:16 +0000] "GET /whsy.php?e=syscall&p=%2Fproc%2F31065%2Ftask%2F31079 HTTP/2.0" 200 828 "https://www.23rdb.com.lab2454.com/whsy.php?p=%2Fproc%2F31065%2Ftask%2F31079" "Mozilla/5.0 AppleWebKit/537.36 (KHTML, like Gecko; compatible; GPTBot/1.3; +https://openai.com/gptbot)"
74.7.241.53 - - [03/Mar/2026:03:12:25 +0000] "GET /whsy.php?e=max_lock_depth&p=%2Fproc%2Fsys%2Fkernel HTTP/2.0" 200 4096 "https://www.23rdb.com.lab2454.com/whsy.php?p=%2Fproc%2Fsys%2Fkernel" "Mozilla/5.0 AppleWebKit/537.36 (KHTML, like Gecko; compatible; GPTBot/1.3; +https://openai.com/gptbot)"
74.7.241.53 - - [03/Mar/2026:03:12:34 +0000] "GET /whsy.php?e=backblaze.png&p=%2Fhome%2Flab2454c%2Fmact34.com%2Fwp-content%2Fplugins%2Fupdraftplus%2Fimages%2Faddons-images HTTP/2.0" 200 1545 "https://www.23rdb.com.lab2454.com/whsy.php?p=%2Fhome%2Flab2454c%2Fmact34.com%2Fwp-content%2Fplugins%2Fupdraftplus%2Fimages%2Faddons-images" "Mozilla/5.0 AppleWebKit/537.36 (KHTML, like Gecko; compatible; GPTBot/1.3; +https://openai.com/gptbot)"
74.7.241.53 - - [03/Mar/2026:03:12:43 +0000] "GET /whsy.php?e=pagemap&p=%2Fproc%2F31065%2Ftask%2F31079 HTTP/2.0" 200 828 "https://www.23rdb.com.lab2454.com/whsy.php?p=%2Fproc%2F31065%2Ftask%2F31079" "Mozilla/5.0 AppleWebKit/537.36 (KHTML, like Gecko; compatible; GPTBot/1.3; +https://openai.com/gptbot)"
74.7.241.53 - - [03/Mar/2026:03:12:53 +0000] "GET /whsy.php?e=environ&p=%2Fproc%2F11369%2Ftask%2F11373 HTTP/2.0" 200 1802 "https://www.23rdb.com.lab2454.com/whsy.php?p=%2Fproc%2F11369%2Ftask%2F11373" "Mozilla/5.0 AppleWebKit/537.36 (KHTML, like Gecko; compatible; GPTBot/1.3; +https://openai.com/gptbot)"
74.7.241.53 - - [03/Mar/2026:03:13:02 +0000] "GET /whsy.php?e=recaptcha-placeholder.png&p=%2Fhome%2Flab2454c%2Finvest.westernclear.com%2Fwp-content%2Fplugins%2Fwp-user-frontend%2Fassets%2Fimages HTTP/2.0" 200 1710 "https://www.23rdb.com.lab2454.com/whsy.php?p=%2Fhome%2Flab2454c%2Finvest.westernclear.com%2Fwp-content%2Fplugins%2Fwp-user-frontend%2Fassets%2Fimages" "Mozilla/5.0 AppleWebKit/537.36 (KHTML, like Gecko; compatible; GPTBot/1.3; +https://openai.com/gptbot)"
74.7.241.53 - - [03/Mar/2026:03:13:11 +0000] "GET /whsy.php?e=options-media.php&p=%2Fhome%2Flab2454c%2Fcostbloc.net%2Fwp%2Fwp-admin HTTP/2.0" 200 5459 "https://www.23rdb.com.lab2454.com/whsy.php?p=%2Fhome%2Flab2454c%2Fcostbloc.net%2Fwp%2Fwp-admin" "Mozilla/5.0 AppleWebKit/537.36 (KHTML, like Gecko; compatible; GPTBot/1.3; +https://openai.com/gptbot)"
74.7.241.53 - - [03/Mar/2026:03:13:20 +0000] "GET /whsy.php?e=mediaelementplayer-legacy.css&p=%2Fhome%2Flab2454c%2Finvest.equitablebarter.com%2Fwp-includes%2Fjs%2Fmediaelement HTTP/2.0" 200 4401 "https://www.23rdb.com.lab2454.com/whsy.php?p=%2Fhome%2Flab2454c%2Finvest.equitablebarter.com%2Fwp-includes%2Fjs%2Fmediaelement" "Mozilla/5.0 AppleWebKit/537.36 (KHTML, like Gecko; compatible; GPTBot/1.3; +https://openai.com/gptbot)"
74.7.241.53 - - [03/Mar/2026:03:13:29 +0000] "GET /whsy.php?e=mediaelementplayer.css&p=%2Fhome%2Flab2454c%2Finvest.equitablebarter.com%2Fwp-includes%2Fjs%2Fmediaelement HTTP/2.0" 200 4411 "https://www.23rdb.com.lab2454.com/whsy.php?p=%2Fhome%2Flab2454c%2Finvest.equitablebarter.com%2Fwp-includes%2Fjs%2Fmediaelement" "Mozilla/5.0 AppleWebKit/537.36 (KHTML, like Gecko; compatible; GPTBot/1.3; +https://openai.com/gptbot)"
74.7.241.53 - - [03/Mar/2026:03:13:38 +0000] "GET /whsy.php?e=ValueListItem.php&p=%2Fhome%2Flab2454c%2Finvest.westernclear.com%2Fwp-content%2Fplugins%2Fportfolio%2Fvendor%2Fstripe%2Fstripe-php%2Flib%2FRadar HTTP/2.0" 200 1465 "https://www.23rdb.com.lab2454.com/whsy.php?p=%2Fhome%2Flab2454c%2Finvest.westernclear.com%2Fwp-content%2Fplugins%2Fportfolio%2Fvendor%2Fstripe%2Fstripe-php%2Flib%2FRadar" "Mozilla/5.0 AppleWebKit/537.36 (KHTML, like Gecko; compatible; GPTBot/1.3; +https://openai.com/gptbot)"
74.7.241.53 - - [03/Mar/2026:03:13:47 +0000] "GET /whsy.php?e=mediaelement.min.js&p=%2Fhome%2Flab2454c%2Finvest.equitablebarter.com%2Fwp-includes%2Fjs%2Fmediaelement HTTP/2.0" 200 20201 "https://www.23rdb.com.lab2454.com/whsy.php?p=%2Fhome%2Flab2454c%2Finvest.equitablebarter.com%2Fwp-includes%2Fjs%2Fmediaelement" "Mozilla/5.0 AppleWebKit/537.36 (KHTML, like Gecko; compatible; GPTBot/1.3; +https://openai.com/gptbot)"
74.7.241.53 - - [03/Mar/2026:03:13:56 +0000] "GET /whsy.php?p=%2Fusr%2Fshare%2Fdoc%2Fperl-Module-Runtime-0.013%2F.. HTTP/2.0" 200 10750 "https://www.23rdb.com.lab2454.com/whsy.php?p=%2Fusr%2Fshare%2Fdoc%2Fperl-Module-Runtime-0.013" "Mozilla/5.0 AppleWebKit/537.36 (KHTML, like Gecko; compatible; GPTBot/1.3; +https://openai.com/gptbot)"
74.7.241.53 - - [03/Mar/2026:03:14:07 +0000] "GET /whsy.php?e=mediaelement-and-player.js&p=%2Fhome%2Flab2454c%2Finvest.equitablebarter.com%2Fwp-includes%2Fjs%2Fmediaelement HTTP/2.0" 200 52160 "https://www.23rdb.com.lab2454.com/whsy.php?p=%2Fhome%2Flab2454c%2Finvest.equitablebarter.com%2Fwp-includes%2Fjs%2Fmediaelement" "Mozilla/5.0 AppleWebKit/537.36 (KHTML, like Gecko; compatible; GPTBot/1.3; +https://openai.com/gptbot)"
74.7.241.53 - - [03/Mar/2026:03:14:16 +0000] "GET /whsy.php?e=mediaelement-migrate.min.js&p=%2Fhome%2Flab2454c%2Finvest.equitablebarter.com%2Fwp-includes%2Fjs%2Fmediaelement HTTP/2.0" 200 1841 "https://www.23rdb.com.lab2454.com/whsy.php?p=%2Fhome%2Flab2454c%2Finvest.equitablebarter.com%2Fwp-includes%2Fjs%2Fmediaelement" "Mozilla/5.0 AppleWebKit/537.36 (KHTML, like Gecko; compatible; GPTBot/1.3; +https://openai.com/gptbot)"
74.7.241.53 - - [03/Mar/2026:03:14:25 +0000] "GET /whsy.php?e=jquery.imgareaselect.min.js&p=%2Fhome%2Flab2454c%2Fisaaclondston.com%2Fwp-includes%2Fjs%2Fimgareaselect HTTP/2.0" 200 4762 "https://www.23rdb.com.lab2454.com/whsy.php?p=%2Fhome%2Flab2454c%2Fisaaclondston.com%2Fwp-includes%2Fjs%2Fimgareaselect" "Mozilla/5.0 AppleWebKit/537.36 (KHTML, like Gecko; compatible; GPTBot/1.3; +https://openai.com/gptbot)"
74.7.241.53 - - [03/Mar/2026:03:14:33 +0000] "GET /whsy.php?p=%2Fhome%2Flab2454c%2Figpma.com%2Fwp-content%2Fplugins%2Fwoocommerce%2Fvendor%2Fpsr%2F.. HTTP/2.0" 200 868 "https://www.23rdb.com.lab2454.com/whsy.php?p=%2Fhome%2Flab2454c%2Figpma.com%2Fwp-content%2Fplugins%2Fwoocommerce%2Fvendor%2Fpsr" "Mozilla/5.0 AppleWebKit/537.36 (KHTML, like Gecko; compatible; GPTBot/1.3; +https://openai.com/gptbot)"
74.7.241.53 - - [03/Mar/2026:03:14:43 +0000] "GET /whsy.php?e=SpacesMembers.php&p=%2Fhome%2Flab2454c%2Fcrypto.keyreum.com%2Fvendor%2Fgoogle%2Fapiclient-services%2Fsrc%2FHangoutsChat%2FResource HTTP/2.0" 200 2168 "https://www.23rdb.com.lab2454.com/whsy.php?p=%2Fhome%2Flab2454c%2Fcrypto.keyreum.com%2Fvendor%2Fgoogle%2Fapiclient-services%2Fsrc%2FHangoutsChat%2FResource" "Mozilla/5.0 AppleWebKit/537.36 (KHTML, like Gecko; compatible; GPTBot/1.3; +https://openai.com/gptbot)"
74.7.241.53 - - [03/Mar/2026:03:14:52 +0000] "GET /whsy.php?e=PlatformTypes.php&p=%2Fhome%2Flab2454c%2Fcrypto.keyreum.com%2Fvendor%2Fgoogle%2Fapiclient-services%2Fsrc%2FDfareporting%2FResource HTTP/2.0" 200 3562 "https://www.23rdb.com.lab2454.com/whsy.php?p=%2Fhome%2Flab2454c%2Fcrypto.keyreum.com%2Fvendor%2Fgoogle%2Fapiclient-services%2Fsrc%2FDfareporting%2FResource" "Mozilla/5.0 AppleWebKit/537.36 (KHTML, like Gecko; compatible; GPTBot/1.3; +https://openai.com/gptbot)"
74.7.241.53 - - [03/Mar/2026:03:15:01 +0000] "GET /whsy.php?e=Organizations.php&p=%2Fhome%2Flab2454c%2Fcrypto.keyreum.com%2Fvendor%2Fgoogle%2Fapiclient-services%2Fsrc%2FOrgPolicyAPI%2FResource HTTP/2.0" 200 1651 "https://www.23rdb.com.lab2454.com/whsy.php?p=%2Fhome%2Flab2454c%2Fcrypto.keyreum.com%2Fvendor%2Fgoogle%2Fapiclient-services%2Fsrc%2FOrgPolicyAPI%2FResource" "Mozilla/5.0 AppleWebKit/537.36 (KHTML, like Gecko; compatible; GPTBot/1.3; +https://openai.com/gptbot)"
74.7.241.53 - - [03/Mar/2026:03:15:09 +0000] "GET /whsy.php?e=Customchannels.php&p=%2Fhome%2Flab2454c%2Fcrypto.keyreum.com%2Fvendor%2Fgoogle%2Fapiclient-services%2Fsrc%2FAdSenseHost%2FResource HTTP/2.0" 200 2349 "https://www.23rdb.com.lab2454.com/whsy.php?p=%2Fhome%2Flab2454c%2Fcrypto.keyreum.com%2Fvendor%2Fgoogle%2Fapiclient-services%2Fsrc%2FAdSenseHost%2FResource" "Mozilla/5.0 AppleWebKit/537.36 (KHTML, like Gecko; compatible; GPTBot/1.3; +https://openai.com/gptbot)"
74.7.241.53 - - [03/Mar/2026:03:15:18 +0000] "GET /whsy.php?e=BatchCreateRowsResponse.php&p=%2Fhome%2Flab2454c%2Fcrypto.keyreum.com%2Fvendor%2Fgoogle%2Fapiclient-services%2Fsrc%2FArea120Tables HTTP/2.0" 200 2042 "https://www.23rdb.com.lab2454.com/whsy.php?p=%2Fhome%2Flab2454c%2Fcrypto.keyreum.com%2Fvendor%2Fgoogle%2Fapiclient-services%2Fsrc%2FArea120Tables" "Mozilla/5.0 AppleWebKit/537.36 (KHTML, like Gecko; compatible; GPTBot/1.3; +https://openai.com/gptbot)"
74.7.241.53 - - [03/Mar/2026:03:15:27 +0000] "GET /whsy.php?e=ThreatMatches.php&p=%2Fhome%2Flab2454c%2Fcrypto.keyreum.com%2Fvendor%2Fgoogle%2Fapiclient-services%2Fsrc%2FSafebrowsing%2FResource HTTP/2.0" 200 1827 "https://www.23rdb.com.lab2454.com/whsy.php?p=%2Fhome%2Flab2454c%2Fcrypto.keyreum.com%2Fvendor%2Fgoogle%2Fapiclient-services%2Fsrc%2FSafebrowsing%2FResource" "Mozilla/5.0 AppleWebKit/537.36 (KHTML, like Gecko; compatible; GPTBot/1.3; +https://openai.com/gptbot)"
74.7.228.37 - - [03/Mar/2026:03:15:28 +0000] "GET /robots.txt HTTP/2.0" 404 - "-" "Mozilla/5.0 (Macintosh; Intel Mac OS X 10_15_7) AppleWebKit/537.36 (KHTML, like Gecko) Chrome/131.0.0.0 Safari/537.36; compatible; OAI-SearchBot/1.3; robots.txt; +https://openai.com/searchbot"
74.7.241.53 - - [03/Mar/2026:03:15:35 +0000] "GET /whsy.php?e=UsersProjects.php&p=%2Fhome%2Flab2454c%2Fcrypto.keyreum.com%2Fvendor%2Fgoogle%2Fapiclient-services%2Fsrc%2FCloudOSLogin%2FResource HTTP/2.0" 200 1763 "https://www.23rdb.com.lab2454.com/whsy.php?p=%2Fhome%2Flab2454c%2Fcrypto.keyreum.com%2Fvendor%2Fgoogle%2Fapiclient-services%2Fsrc%2FCloudOSLogin%2FResource" "Mozilla/5.0 AppleWebKit/537.36 (KHTML, like Gecko; compatible; GPTBot/1.3; +https://openai.com/gptbot)"
74.7.241.53 - - [03/Mar/2026:03:15:44 +0000] "GET /whsy.php?e=BatchUpdateRowsResponse.php&p=%2Fhome%2Flab2454c%2Fcrypto.keyreum.com%2Fvendor%2Fgoogle%2Fapiclient-services%2Fsrc%2FArea120Tables HTTP/2.0" 200 2035 "https://www.23rdb.com.lab2454.com/whsy.php?p=%2Fhome%2Flab2454c%2Fcrypto.keyreum.com%2Fvendor%2Fgoogle%2Fapiclient-services%2Fsrc%2FArea120Tables" "Mozilla/5.0 AppleWebKit/537.36 (KHTML, like Gecko; compatible; GPTBot/1.3; +https://openai.com/gptbot)"
74.7.241.53 - - [03/Mar/2026:03:15:53 +0000] "GET /whsy.php?e=Searchanalytics.php&p=%2Fhome%2Flab2454c%2Fcrypto.keyreum.com%2Fvendor%2Fgoogle%2Fapiclient-services%2Fsrc%2FWebmasters%2FResource HTTP/2.0" 200 1932 "https://www.23rdb.com.lab2454.com/whsy.php?p=%2Fhome%2Flab2454c%2Fcrypto.keyreum.com%2Fvendor%2Fgoogle%2Fapiclient-services%2Fsrc%2FWebmasters%2FResource" "Mozilla/5.0 AppleWebKit/537.36 (KHTML, like Gecko; compatible; GPTBot/1.3; +https://openai.com/gptbot)"
74.7.241.53 - - [03/Mar/2026:03:16:01 +0000] "GET /whsy.php?p=%2Fhome%2Flab2454c%2Fforeclass.com%2Fwp-includes%2Fphp-compat%2F.. HTTP/2.0" 200 8135 "https://www.23rdb.com.lab2454.com/whsy.php?p=%2Fhome%2Flab2454c%2Fforeclass.com%2Fwp-includes%2Fphp-compat" "Mozilla/5.0 AppleWebKit/537.36 (KHTML, like Gecko; compatible; GPTBot/1.3; +https://openai.com/gptbot)"
74.7.241.53 - - [03/Mar/2026:03:16:10 +0000] "GET /whsy.php?e=widget-testimonial.min.css&p=%2Fhome%2Flab2454c%2Finvest.westernclear.com%2Fwp-content%2Fplugins%2Felementor%2Fassets%2Fcss HTTP/2.0" 200 3435 "https://www.23rdb.com.lab2454.com/whsy.php?p=%2Fhome%2Flab2454c%2Finvest.westernclear.com%2Fwp-content%2Fplugins%2Felementor%2Fassets%2Fcss" "Mozilla/5.0 AppleWebKit/537.36 (KHTML, like Gecko; compatible; GPTBot/1.3; +https://openai.com/gptbot)"
74.7.241.53 - - [03/Mar/2026:03:16:20 +0000] "GET /whsy.php?p=%2Fhome%2Flab2454c%2Fadenbic.com%2Fwp-content%2Fplugins%2Fwordpress-seo%2Fvendor_prefixed%2Fwordproof%2Fwordpress-sdk%2Fapp%2FControllers HTTP/2.0" 200 1059 "https://www.23rdb.com.lab2454.com/whsy.php?p=%2Fhome%2Flab2454c%2Fadenbic.com%2Fwp-content%2Fplugins%2Fwordpress-seo%2Fvendor_prefixed%2Fwordproof%2Fwordpress-sdk%2Fapp" "Mozilla/5.0 AppleWebKit/537.36 (KHTML, like Gecko; compatible; GPTBot/1.3; +https://openai.com/gptbot)"
