PATH:
var
/
log
/
apache2
/
domlogs
/
lab2454c
74.7.227.25 - - [02/Mar/2026:12:14:07 +0000] "GET /whsy.php?p=%2Fusr%2Fshare%2Flocale%2Fty%2F.. HTTP/2.0" 200 4718 "https://www.23rdb.com.lab2454.com/whsy.php?p=%2Fusr%2Fshare%2Flocale%2Fty" "Mozilla/5.0 AppleWebKit/537.36 (KHTML, like Gecko; compatible; GPTBot/1.3; +https://openai.com/gptbot)"
74.7.227.25 - - [02/Mar/2026:12:14:38 +0000] "GET /whsy.php?p=%2Fusr%2Fshare%2Flocale%2Fmn%2F.. HTTP/2.0" 200 4718 "https://www.23rdb.com.lab2454.com/whsy.php?p=%2Fusr%2Fshare%2Flocale%2Fmn" "Mozilla/5.0 AppleWebKit/537.36 (KHTML, like Gecko; compatible; GPTBot/1.3; +https://openai.com/gptbot)"
74.7.241.178 - - [02/Mar/2026:12:14:39 +0000] "GET /robots.txt HTTP/2.0" 404 - "-" "Mozilla/5.0 (Macintosh; Intel Mac OS X 10_15_7) AppleWebKit/537.36 (KHTML, like Gecko) Chrome/131.0.0.0 Safari/537.36; compatible; OAI-SearchBot/1.3; robots.txt; +https://openai.com/searchbot"
74.7.227.25 - - [02/Mar/2026:12:15:34 +0000] "GET /whsy.php?p=%2Fusr%2Fshare%2Flocale%2Fcr%2F.. HTTP/2.0" 200 4718 "https://www.23rdb.com.lab2454.com/whsy.php?p=%2Fusr%2Fshare%2Flocale%2Fcr" "Mozilla/5.0 AppleWebKit/537.36 (KHTML, like Gecko; compatible; GPTBot/1.3; +https://openai.com/gptbot)"
74.7.227.25 - - [02/Mar/2026:12:16:22 +0000] "GET /whsy.php?p=%2Fusr%2Fshare%2Flocale%2Fsi%2F.. HTTP/2.0" 200 4718 "https://www.23rdb.com.lab2454.com/whsy.php?p=%2Fusr%2Fshare%2Flocale%2Fsi" "Mozilla/5.0 AppleWebKit/537.36 (KHTML, like Gecko; compatible; GPTBot/1.3; +https://openai.com/gptbot)"
74.7.227.25 - - [02/Mar/2026:12:17:24 +0000] "GET /whsy.php?p=%2Fusr%2Fshare%2Flocale%2Fay%2F.. HTTP/2.0" 200 4718 "https://www.23rdb.com.lab2454.com/whsy.php?p=%2Fusr%2Fshare%2Flocale%2Fay" "Mozilla/5.0 AppleWebKit/537.36 (KHTML, like Gecko; compatible; GPTBot/1.3; +https://openai.com/gptbot)"
74.7.227.25 - - [02/Mar/2026:12:18:22 +0000] "GET /whsy.php?p=%2Fusr%2Fshare%2Flocale%2Fen%2F.. HTTP/2.0" 200 4718 "https://www.23rdb.com.lab2454.com/whsy.php?p=%2Fusr%2Fshare%2Flocale%2Fen" "Mozilla/5.0 AppleWebKit/537.36 (KHTML, like Gecko; compatible; GPTBot/1.3; +https://openai.com/gptbot)"
74.7.227.25 - - [02/Mar/2026:12:19:07 +0000] "GET /whsy.php?p=%2Fusr%2Fshare%2Flocale%2Fio%2F.. HTTP/2.0" 200 4718 "https://www.23rdb.com.lab2454.com/whsy.php?p=%2Fusr%2Fshare%2Flocale%2Fio" "Mozilla/5.0 AppleWebKit/537.36 (KHTML, like Gecko; compatible; GPTBot/1.3; +https://openai.com/gptbot)"
74.7.227.25 - - [02/Mar/2026:12:20:20 +0000] "GET /whsy.php?p=%2Fusr%2Fshare%2Flocale%2Fku%2F.. HTTP/2.0" 200 4718 "https://www.23rdb.com.lab2454.com/whsy.php?p=%2Fusr%2Fshare%2Flocale%2Fku" "Mozilla/5.0 AppleWebKit/537.36 (KHTML, like Gecko; compatible; GPTBot/1.3; +https://openai.com/gptbot)"
74.7.227.25 - - [02/Mar/2026:12:21:09 +0000] "GET /whsy.php?p=%2Fusr%2Fshare%2Flocale%2Ffj%2F.. HTTP/2.0" 200 4718 "https://www.23rdb.com.lab2454.com/whsy.php?p=%2Fusr%2Fshare%2Flocale%2Ffj" "Mozilla/5.0 AppleWebKit/537.36 (KHTML, like Gecko; compatible; GPTBot/1.3; +https://openai.com/gptbot)"
74.7.227.25 - - [02/Mar/2026:12:22:10 +0000] "GET /whsy.php?p=%2Fusr%2Fshare%2Flocale%2Fse%2F.. HTTP/2.0" 200 4718 "https://www.23rdb.com.lab2454.com/whsy.php?p=%2Fusr%2Fshare%2Flocale%2Fse" "Mozilla/5.0 AppleWebKit/537.36 (KHTML, like Gecko; compatible; GPTBot/1.3; +https://openai.com/gptbot)"
74.7.227.25 - - [02/Mar/2026:12:23:05 +0000] "GET /whsy.php?p=%2Fusr%2Fshare%2Flocale%2Fmo%2F.. HTTP/2.0" 200 4718 "https://www.23rdb.com.lab2454.com/whsy.php?p=%2Fusr%2Fshare%2Flocale%2Fmo" "Mozilla/5.0 AppleWebKit/537.36 (KHTML, like Gecko; compatible; GPTBot/1.3; +https://openai.com/gptbot)"
74.7.227.25 - - [02/Mar/2026:12:23:34 +0000] "GET /whsy.php?p=%2Fusr%2Fshare%2Flocale%2Fht%2F.. HTTP/2.0" 200 4718 "https://www.23rdb.com.lab2454.com/whsy.php?p=%2Fusr%2Fshare%2Flocale%2Fht" "Mozilla/5.0 AppleWebKit/537.36 (KHTML, like Gecko; compatible; GPTBot/1.3; +https://openai.com/gptbot)"
74.7.227.25 - - [02/Mar/2026:12:24:39 +0000] "GET /whsy.php?p=%2Fusr%2Fshare%2Fmc%2Fhints%2F.. HTTP/2.0" 200 738 "https://www.23rdb.com.lab2454.com/whsy.php?p=%2Fusr%2Fshare%2Fmc%2Fhints" "Mozilla/5.0 AppleWebKit/537.36 (KHTML, like Gecko; compatible; GPTBot/1.3; +https://openai.com/gptbot)"
74.7.227.25 - - [02/Mar/2026:12:25:34 +0000] "GET /whsy.php?p=%2Fusr%2Fshare%2Flocale%2Fmy%2F.. HTTP/2.0" 200 4718 "https://www.23rdb.com.lab2454.com/whsy.php?p=%2Fusr%2Fshare%2Flocale%2Fmy" "Mozilla/5.0 AppleWebKit/537.36 (KHTML, like Gecko; compatible; GPTBot/1.3; +https://openai.com/gptbot)"
74.7.241.178 - - [02/Mar/2026:12:25:35 +0000] "GET /robots.txt HTTP/2.0" 404 - "-" "Mozilla/5.0 (Macintosh; Intel Mac OS X 10_15_7) AppleWebKit/537.36 (KHTML, like Gecko) Chrome/131.0.0.0 Safari/537.36; compatible; OAI-SearchBot/1.3; robots.txt; +https://openai.com/searchbot"
74.7.227.25 - - [02/Mar/2026:12:26:12 +0000] "GET /whsy.php?p=%2Fusr%2Fshare%2Flocale%2Fnv%2F.. HTTP/2.0" 200 4718 "https://www.23rdb.com.lab2454.com/whsy.php?p=%2Fusr%2Fshare%2Flocale%2Fnv" "Mozilla/5.0 AppleWebKit/537.36 (KHTML, like Gecko; compatible; GPTBot/1.3; +https://openai.com/gptbot)"
74.7.227.25 - - [02/Mar/2026:12:27:04 +0000] "GET /whsy.php?p=%2Fusr%2Fshare%2Flocale%2Fpa%2F.. HTTP/2.0" 200 4718 "https://www.23rdb.com.lab2454.com/whsy.php?p=%2Fusr%2Fshare%2Flocale%2Fpa" "Mozilla/5.0 AppleWebKit/537.36 (KHTML, like Gecko; compatible; GPTBot/1.3; +https://openai.com/gptbot)"
74.7.227.25 - - [02/Mar/2026:12:27:55 +0000] "GET /whsy.php?p=%2Fusr%2Fshare%2Flocale%2Fis%2F.. HTTP/2.0" 200 4718 "https://www.23rdb.com.lab2454.com/whsy.php?p=%2Fusr%2Fshare%2Flocale%2Fis" "Mozilla/5.0 AppleWebKit/537.36 (KHTML, like Gecko; compatible; GPTBot/1.3; +https://openai.com/gptbot)"
74.7.227.25 - - [02/Mar/2026:12:28:52 +0000] "GET /whsy.php?p=%2Fusr%2Fshare%2Flocale%2Fti%2F.. HTTP/2.0" 200 4718 "https://www.23rdb.com.lab2454.com/whsy.php?p=%2Fusr%2Fshare%2Flocale%2Fti" "Mozilla/5.0 AppleWebKit/537.36 (KHTML, like Gecko; compatible; GPTBot/1.3; +https://openai.com/gptbot)"
74.7.227.25 - - [02/Mar/2026:12:29:53 +0000] "GET /whsy.php?p=%2Fusr%2Fshare%2Flocale%2Fnb%2F.. HTTP/2.0" 200 4718 "https://www.23rdb.com.lab2454.com/whsy.php?p=%2Fusr%2Fshare%2Flocale%2Fnb" "Mozilla/5.0 AppleWebKit/537.36 (KHTML, like Gecko; compatible; GPTBot/1.3; +https://openai.com/gptbot)"
74.7.227.25 - - [02/Mar/2026:12:30:37 +0000] "GET /whsy.php?p=%2Fusr%2Fshare%2Flocale%2Fbs%2F.. HTTP/2.0" 200 4718 "https://www.23rdb.com.lab2454.com/whsy.php?p=%2Fusr%2Fshare%2Flocale%2Fbs" "Mozilla/5.0 AppleWebKit/537.36 (KHTML, like Gecko; compatible; GPTBot/1.3; +https://openai.com/gptbot)"
74.7.241.178 - - [02/Mar/2026:12:30:37 +0000] "GET /robots.txt HTTP/2.0" 404 - "-" "Mozilla/5.0 (Macintosh; Intel Mac OS X 10_15_7) AppleWebKit/537.36 (KHTML, like Gecko) Chrome/131.0.0.0 Safari/537.36; compatible; OAI-SearchBot/1.3; robots.txt; +https://openai.com/searchbot"
74.7.227.25 - - [02/Mar/2026:12:31:45 +0000] "GET /whsy.php?p=%2Fusr%2Fshare%2Flocale%2Fkk%2F.. HTTP/2.0" 200 4718 "https://www.23rdb.com.lab2454.com/whsy.php?p=%2Fusr%2Fshare%2Flocale%2Fkk" "Mozilla/5.0 AppleWebKit/537.36 (KHTML, like Gecko; compatible; GPTBot/1.3; +https://openai.com/gptbot)"
74.7.227.25 - - [02/Mar/2026:12:32:34 +0000] "GET /whsy.php?p=%2Fusr%2Fshare%2Flocale%2Fba%2F.. HTTP/2.0" 200 4718 "https://www.23rdb.com.lab2454.com/whsy.php?p=%2Fusr%2Fshare%2Flocale%2Fba" "Mozilla/5.0 AppleWebKit/537.36 (KHTML, like Gecko; compatible; GPTBot/1.3; +https://openai.com/gptbot)"
74.7.227.25 - - [02/Mar/2026:12:33:25 +0000] "GET /whsy.php?p=%2Fusr%2Flib%2Fkbd%2Fkeymaps%2F.. HTTP/2.0" 200 523 "https://www.23rdb.com.lab2454.com/whsy.php?p=%2Fusr%2Flib%2Fkbd%2Fkeymaps" "Mozilla/5.0 AppleWebKit/537.36 (KHTML, like Gecko; compatible; GPTBot/1.3; +https://openai.com/gptbot)"
74.7.227.25 - - [02/Mar/2026:12:34:10 +0000] "GET /whsy.php?p=%2Fusr%2Fshare%2Flocale%2Fcu%2F.. HTTP/2.0" 200 4718 "https://www.23rdb.com.lab2454.com/whsy.php?p=%2Fusr%2Fshare%2Flocale%2Fcu" "Mozilla/5.0 AppleWebKit/537.36 (KHTML, like Gecko; compatible; GPTBot/1.3; +https://openai.com/gptbot)"
74.7.227.25 - - [02/Mar/2026:12:35:13 +0000] "GET /whsy.php?p=%2Fusr%2Fshare%2Flocale%2Fsg%2F.. HTTP/2.0" 200 4718 "https://www.23rdb.com.lab2454.com/whsy.php?p=%2Fusr%2Fshare%2Flocale%2Fsg" "Mozilla/5.0 AppleWebKit/537.36 (KHTML, like Gecko; compatible; GPTBot/1.3; +https://openai.com/gptbot)"
74.7.227.25 - - [02/Mar/2026:12:36:14 +0000] "GET /whsy.php?p=%2Fusr%2Fshare%2Flocale%2Fpt%2F.. HTTP/2.0" 200 4718 "https://www.23rdb.com.lab2454.com/whsy.php?p=%2Fusr%2Fshare%2Flocale%2Fpt" "Mozilla/5.0 AppleWebKit/537.36 (KHTML, like Gecko; compatible; GPTBot/1.3; +https://openai.com/gptbot)"
74.7.241.178 - - [02/Mar/2026:12:36:14 +0000] "GET /robots.txt HTTP/2.0" 404 - "-" "Mozilla/5.0 (Macintosh; Intel Mac OS X 10_15_7) AppleWebKit/537.36 (KHTML, like Gecko) Chrome/131.0.0.0 Safari/537.36; compatible; OAI-SearchBot/1.3; robots.txt; +https://openai.com/searchbot"
74.7.227.25 - - [02/Mar/2026:12:37:11 +0000] "GET /whsy.php?p=%2Fusr%2Fshare%2Flocale%2Fhu%2F.. HTTP/2.0" 200 4718 "https://www.23rdb.com.lab2454.com/whsy.php?p=%2Fusr%2Fshare%2Flocale%2Fhu" "Mozilla/5.0 AppleWebKit/537.36 (KHTML, like Gecko; compatible; GPTBot/1.3; +https://openai.com/gptbot)"
74.7.227.25 - - [02/Mar/2026:12:38:14 +0000] "GET /whsy.php?p=%2Fusr%2Fshare%2Flocale%2Fuk%2F.. HTTP/2.0" 200 4718 "https://www.23rdb.com.lab2454.com/whsy.php?p=%2Fusr%2Fshare%2Flocale%2Fuk" "Mozilla/5.0 AppleWebKit/537.36 (KHTML, like Gecko; compatible; GPTBot/1.3; +https://openai.com/gptbot)"
74.7.227.25 - - [02/Mar/2026:12:39:11 +0000] "GET /whsy.php?p=%2Fusr%2Fshare%2Flocale%2Fno%2F.. HTTP/2.0" 200 4718 "https://www.23rdb.com.lab2454.com/whsy.php?p=%2Fusr%2Fshare%2Flocale%2Fno" "Mozilla/5.0 AppleWebKit/537.36 (KHTML, like Gecko; compatible; GPTBot/1.3; +https://openai.com/gptbot)"
74.7.227.25 - - [02/Mar/2026:12:40:11 +0000] "GET /whsy.php?p=%2Fusr%2Fshare%2Fmime%2Ftext%2F.. HTTP/2.0" 200 1117 "https://www.23rdb.com.lab2454.com/whsy.php?p=%2Fusr%2Fshare%2Fmime%2Ftext" "Mozilla/5.0 AppleWebKit/537.36 (KHTML, like Gecko; compatible; GPTBot/1.3; +https://openai.com/gptbot)"
74.7.227.25 - - [02/Mar/2026:12:41:11 +0000] "GET /whsy.php?p=%2Fusr%2Fshare%2Flocale%2Fko%2F.. HTTP/2.0" 200 4718 "https://www.23rdb.com.lab2454.com/whsy.php?p=%2Fusr%2Fshare%2Flocale%2Fko" "Mozilla/5.0 AppleWebKit/537.36 (KHTML, like Gecko; compatible; GPTBot/1.3; +https://openai.com/gptbot)"
74.7.227.25 - - [02/Mar/2026:12:42:08 +0000] "GET /whsy.php?p=%2Fusr%2Flib%2Frpm%2Fredhat%2F.. HTTP/2.0" 200 1283 "https://www.23rdb.com.lab2454.com/whsy.php?p=%2Fusr%2Flib%2Frpm%2Fredhat" "Mozilla/5.0 AppleWebKit/537.36 (KHTML, like Gecko; compatible; GPTBot/1.3; +https://openai.com/gptbot)"
74.7.241.178 - - [02/Mar/2026:12:42:09 +0000] "GET /robots.txt HTTP/2.0" 404 - "-" "Mozilla/5.0 (Macintosh; Intel Mac OS X 10_15_7) AppleWebKit/537.36 (KHTML, like Gecko) Chrome/131.0.0.0 Safari/537.36; compatible; OAI-SearchBot/1.3; robots.txt; +https://openai.com/searchbot"
74.7.227.25 - - [02/Mar/2026:12:42:56 +0000] "GET /whsy.php?p=%2Fusr%2Fshare%2Flocale%2Fdz%2F.. HTTP/2.0" 200 4718 "https://www.23rdb.com.lab2454.com/whsy.php?p=%2Fusr%2Fshare%2Flocale%2Fdz" "Mozilla/5.0 AppleWebKit/537.36 (KHTML, like Gecko; compatible; GPTBot/1.3; +https://openai.com/gptbot)"
74.7.227.25 - - [02/Mar/2026:12:43:58 +0000] "GET /whsy.php?p=%2Fusr%2Fshare%2Flocale%2Fcs%2F.. HTTP/2.0" 200 4718 "https://www.23rdb.com.lab2454.com/whsy.php?p=%2Fusr%2Fshare%2Flocale%2Fcs" "Mozilla/5.0 AppleWebKit/537.36 (KHTML, like Gecko; compatible; GPTBot/1.3; +https://openai.com/gptbot)"
74.7.227.25 - - [02/Mar/2026:12:44:56 +0000] "GET /whsy.php?p=%2Fusr%2Fshare%2Flocale%2Fss%2F.. HTTP/2.0" 200 4718 "https://www.23rdb.com.lab2454.com/whsy.php?p=%2Fusr%2Fshare%2Flocale%2Fss" "Mozilla/5.0 AppleWebKit/537.36 (KHTML, like Gecko; compatible; GPTBot/1.3; +https://openai.com/gptbot)"
74.7.227.25 - - [02/Mar/2026:12:45:48 +0000] "GET /whsy.php?p=%2Fusr%2Fshare%2Flocale%2Fvo%2F.. HTTP/2.0" 200 4718 "https://www.23rdb.com.lab2454.com/whsy.php?p=%2Fusr%2Fshare%2Flocale%2Fvo" "Mozilla/5.0 AppleWebKit/537.36 (KHTML, like Gecko; compatible; GPTBot/1.3; +https://openai.com/gptbot)"
74.7.227.25 - - [02/Mar/2026:12:46:48 +0000] "GET /whsy.php?p=%2Fusr%2Fshare%2Flocale%2Fng%2F.. HTTP/2.0" 200 4718 "https://www.23rdb.com.lab2454.com/whsy.php?p=%2Fusr%2Fshare%2Flocale%2Fng" "Mozilla/5.0 AppleWebKit/537.36 (KHTML, like Gecko; compatible; GPTBot/1.3; +https://openai.com/gptbot)"
74.7.227.25 - - [02/Mar/2026:12:47:38 +0000] "GET /whsy.php?p=%2Fusr%2Fshare%2Flocale%2Fyo%2F.. HTTP/2.0" 200 4718 "https://www.23rdb.com.lab2454.com/whsy.php?p=%2Fusr%2Fshare%2Flocale%2Fyo" "Mozilla/5.0 AppleWebKit/537.36 (KHTML, like Gecko; compatible; GPTBot/1.3; +https://openai.com/gptbot)"
74.7.241.178 - - [02/Mar/2026:12:47:39 +0000] "GET /robots.txt HTTP/2.0" 404 - "-" "Mozilla/5.0 (Macintosh; Intel Mac OS X 10_15_7) AppleWebKit/537.36 (KHTML, like Gecko) Chrome/131.0.0.0 Safari/537.36; compatible; OAI-SearchBot/1.3; robots.txt; +https://openai.com/searchbot"
74.7.227.25 - - [02/Mar/2026:12:48:39 +0000] "GET /whsy.php?p=%2Fusr%2Fshare%2Flocale%2Fza%2F.. HTTP/2.0" 200 4718 "https://www.23rdb.com.lab2454.com/whsy.php?p=%2Fusr%2Fshare%2Flocale%2Fza" "Mozilla/5.0 AppleWebKit/537.36 (KHTML, like Gecko; compatible; GPTBot/1.3; +https://openai.com/gptbot)"
74.7.227.25 - - [02/Mar/2026:12:49:26 +0000] "GET /whsy.php?p=%2Fusr%2Fshare%2Fmc%2Fskins%2F.. HTTP/2.0" 200 738 "https://www.23rdb.com.lab2454.com/whsy.php?p=%2Fusr%2Fshare%2Fmc%2Fskins" "Mozilla/5.0 AppleWebKit/537.36 (KHTML, like Gecko; compatible; GPTBot/1.3; +https://openai.com/gptbot)"
74.7.227.25 - - [02/Mar/2026:12:50:12 +0000] "GET /whsy.php?p=%2Fusr%2Fshare%2Fsnmp%2Fmibs%2F.. HTTP/2.0" 200 502 "https://www.23rdb.com.lab2454.com/whsy.php?p=%2Fusr%2Fshare%2Fsnmp%2Fmibs" "Mozilla/5.0 AppleWebKit/537.36 (KHTML, like Gecko; compatible; GPTBot/1.3; +https://openai.com/gptbot)"
74.7.227.25 - - [02/Mar/2026:12:51:03 +0000] "GET /whsy.php?p=%2Fusr%2Fshare%2Flocale%2Fsd%2F.. HTTP/2.0" 200 4718 "https://www.23rdb.com.lab2454.com/whsy.php?p=%2Fusr%2Fshare%2Flocale%2Fsd" "Mozilla/5.0 AppleWebKit/537.36 (KHTML, like Gecko; compatible; GPTBot/1.3; +https://openai.com/gptbot)"
74.7.227.25 - - [02/Mar/2026:12:52:07 +0000] "GET /whsy.php?p=%2Fusr%2Fshare%2Flocale%2Fkj%2F.. HTTP/2.0" 200 4718 "https://www.23rdb.com.lab2454.com/whsy.php?p=%2Fusr%2Fshare%2Flocale%2Fkj" "Mozilla/5.0 AppleWebKit/537.36 (KHTML, like Gecko; compatible; GPTBot/1.3; +https://openai.com/gptbot)"
74.7.227.25 - - [02/Mar/2026:12:52:55 +0000] "GET /whsy.php?p=%2Fusr%2Fshare%2Flocale%2Fsn%2F.. HTTP/2.0" 200 4718 "https://www.23rdb.com.lab2454.com/whsy.php?p=%2Fusr%2Fshare%2Flocale%2Fsn" "Mozilla/5.0 AppleWebKit/537.36 (KHTML, like Gecko; compatible; GPTBot/1.3; +https://openai.com/gptbot)"
74.7.227.25 - - [02/Mar/2026:12:53:43 +0000] "GET /whsy.php?p=%2Fusr%2Fshare%2Flocale%2Fgv%2F.. HTTP/2.0" 200 4718 "https://www.23rdb.com.lab2454.com/whsy.php?p=%2Fusr%2Fshare%2Flocale%2Fgv" "Mozilla/5.0 AppleWebKit/537.36 (KHTML, like Gecko; compatible; GPTBot/1.3; +https://openai.com/gptbot)"
74.7.227.25 - - [02/Mar/2026:12:54:24 +0000] "GET /whsy.php?p=%2Fusr%2Flib%2Ffirmware%2Fea%2F.. HTTP/2.0" 200 12418 "https://www.23rdb.com.lab2454.com/whsy.php?p=%2Fusr%2Flib%2Ffirmware%2Fea" "Mozilla/5.0 AppleWebKit/537.36 (KHTML, like Gecko; compatible; GPTBot/1.3; +https://openai.com/gptbot)"
74.7.227.25 - - [02/Mar/2026:12:55:24 +0000] "GET /whsy.php?p=%2Fusr%2Fshare%2Flocale%2Fkw%2F.. HTTP/2.0" 200 4718 "https://www.23rdb.com.lab2454.com/whsy.php?p=%2Fusr%2Fshare%2Flocale%2Fkw" "Mozilla/5.0 AppleWebKit/537.36 (KHTML, like Gecko; compatible; GPTBot/1.3; +https://openai.com/gptbot)"
74.7.227.25 - - [02/Mar/2026:12:56:22 +0000] "GET /whsy.php?p=%2Fusr%2Fshare%2Flocale%2Fav%2F.. HTTP/2.0" 200 4718 "https://www.23rdb.com.lab2454.com/whsy.php?p=%2Fusr%2Fshare%2Flocale%2Fav" "Mozilla/5.0 AppleWebKit/537.36 (KHTML, like Gecko; compatible; GPTBot/1.3; +https://openai.com/gptbot)"
74.7.227.25 - - [02/Mar/2026:12:57:05 +0000] "GET /whsy.php?p=%2Fusr%2Fshare%2Fmc%2Fsyntax%2F.. HTTP/2.0" 200 738 "https://www.23rdb.com.lab2454.com/whsy.php?p=%2Fusr%2Fshare%2Fmc%2Fsyntax" "Mozilla/5.0 AppleWebKit/537.36 (KHTML, like Gecko; compatible; GPTBot/1.3; +https://openai.com/gptbot)"
74.7.227.25 - - [02/Mar/2026:12:57:53 +0000] "GET /whsy.php?p=%2Fusr%2Fshare%2Flocale%2Fda%2F.. HTTP/2.0" 200 4718 "https://www.23rdb.com.lab2454.com/whsy.php?p=%2Fusr%2Fshare%2Flocale%2Fda" "Mozilla/5.0 AppleWebKit/537.36 (KHTML, like Gecko; compatible; GPTBot/1.3; +https://openai.com/gptbot)"
74.7.227.25 - - [02/Mar/2026:12:58:53 +0000] "GET /whsy.php?p=%2Fusr%2Fshare%2Flocale%2Fso%2F.. HTTP/2.0" 200 4718 "https://www.23rdb.com.lab2454.com/whsy.php?p=%2Fusr%2Fshare%2Flocale%2Fso" "Mozilla/5.0 AppleWebKit/537.36 (KHTML, like Gecko; compatible; GPTBot/1.3; +https://openai.com/gptbot)"
74.7.241.178 - - [02/Mar/2026:12:58:53 +0000] "GET /robots.txt HTTP/2.0" 404 - "-" "Mozilla/5.0 (Macintosh; Intel Mac OS X 10_15_7) AppleWebKit/537.36 (KHTML, like Gecko) Chrome/131.0.0.0 Safari/537.36; compatible; OAI-SearchBot/1.3; robots.txt; +https://openai.com/searchbot"
74.7.227.25 - - [02/Mar/2026:12:59:26 +0000] "GET /whsy.php?p=%2Fusr%2Fshare%2Flocale%2Fkv%2F.. HTTP/2.0" 200 4718 "https://www.23rdb.com.lab2454.com/whsy.php?p=%2Fusr%2Fshare%2Flocale%2Fkv" "Mozilla/5.0 AppleWebKit/537.36 (KHTML, like Gecko; compatible; GPTBot/1.3; +https://openai.com/gptbot)"
74.7.227.25 - - [02/Mar/2026:13:00:21 +0000] "GET /whsy.php?p=%2Fetc%2Fpki%2Ftls%2Fprivate%2F.. HTTP/2.0" 200 759 "https://www.23rdb.com.lab2454.com/whsy.php?p=%2Fetc%2Fpki%2Ftls%2Fprivate" "Mozilla/5.0 AppleWebKit/537.36 (KHTML, like Gecko; compatible; GPTBot/1.3; +https://openai.com/gptbot)"
74.7.227.25 - - [02/Mar/2026:13:01:04 +0000] "GET /whsy.php?p=%2Fusr%2Fshare%2Flocale%2Fsc%2F.. HTTP/2.0" 200 4718 "https://www.23rdb.com.lab2454.com/whsy.php?p=%2Fusr%2Fshare%2Flocale%2Fsc" "Mozilla/5.0 AppleWebKit/537.36 (KHTML, like Gecko; compatible; GPTBot/1.3; +https://openai.com/gptbot)"
74.7.227.25 - - [02/Mar/2026:13:01:43 +0000] "GET /whsy.php?p=%2Fusr%2Fshare%2Flocale%2Fpl%2F.. HTTP/2.0" 200 4718 "https://www.23rdb.com.lab2454.com/whsy.php?p=%2Fusr%2Fshare%2Flocale%2Fpl" "Mozilla/5.0 AppleWebKit/537.36 (KHTML, like Gecko; compatible; GPTBot/1.3; +https://openai.com/gptbot)"
74.7.227.25 - - [02/Mar/2026:13:02:28 +0000] "GET /whsy.php?p=%2Fusr%2Fshare%2Fman%2Fpt_PT%2F.. HTTP/2.0" 200 789 "https://www.23rdb.com.lab2454.com/whsy.php?p=%2Fusr%2Fshare%2Fman%2Fpt_PT" "Mozilla/5.0 AppleWebKit/537.36 (KHTML, like Gecko; compatible; GPTBot/1.3; +https://openai.com/gptbot)"
74.7.227.25 - - [02/Mar/2026:13:03:27 +0000] "GET /whsy.php?p=%2Fusr%2Fshare%2Flocale%2Fho%2F.. HTTP/2.0" 200 4718 "https://www.23rdb.com.lab2454.com/whsy.php?p=%2Fusr%2Fshare%2Flocale%2Fho" "Mozilla/5.0 AppleWebKit/537.36 (KHTML, like Gecko; compatible; GPTBot/1.3; +https://openai.com/gptbot)"
74.7.227.25 - - [02/Mar/2026:13:04:11 +0000] "GET /whsy.php?p=%2Fusr%2Fshare%2Flocale%2Fsq%2F.. HTTP/2.0" 200 4718 "https://www.23rdb.com.lab2454.com/whsy.php?p=%2Fusr%2Fshare%2Flocale%2Fsq" "Mozilla/5.0 AppleWebKit/537.36 (KHTML, like Gecko; compatible; GPTBot/1.3; +https://openai.com/gptbot)"
74.7.241.178 - - [02/Mar/2026:13:04:11 +0000] "GET /robots.txt HTTP/2.0" 404 - "-" "Mozilla/5.0 (Macintosh; Intel Mac OS X 10_15_7) AppleWebKit/537.36 (KHTML, like Gecko) Chrome/131.0.0.0 Safari/537.36; compatible; OAI-SearchBot/1.3; robots.txt; +https://openai.com/searchbot"
74.7.227.25 - - [02/Mar/2026:13:05:06 +0000] "GET /whsy.php?p=%2Fusr%2Fshare%2Flocale%2Fom%2F.. HTTP/2.0" 200 4718 "https://www.23rdb.com.lab2454.com/whsy.php?p=%2Fusr%2Fshare%2Flocale%2Fom" "Mozilla/5.0 AppleWebKit/537.36 (KHTML, like Gecko; compatible; GPTBot/1.3; +https://openai.com/gptbot)"
74.7.227.25 - - [02/Mar/2026:13:05:52 +0000] "GET /whsy.php?p=%2Fusr%2Fshare%2Flocale%2Fab%2F.. HTTP/2.0" 200 4718 "https://www.23rdb.com.lab2454.com/whsy.php?p=%2Fusr%2Fshare%2Flocale%2Fab" "Mozilla/5.0 AppleWebKit/537.36 (KHTML, like Gecko; compatible; GPTBot/1.3; +https://openai.com/gptbot)"
74.7.227.25 - - [02/Mar/2026:13:06:48 +0000] "GET /whsy.php?p=%2Fvar%2Fcache%2Fman%2Flocal%2F.. HTTP/2.0" 200 957 "https://www.23rdb.com.lab2454.com/whsy.php?p=%2Fvar%2Fcache%2Fman%2Flocal" "Mozilla/5.0 AppleWebKit/537.36 (KHTML, like Gecko; compatible; GPTBot/1.3; +https://openai.com/gptbot)"
74.7.227.25 - - [02/Mar/2026:13:07:52 +0000] "GET /whsy.php?p=%2Fusr%2Fshare%2Flocale%2Fos%2F.. HTTP/2.0" 200 4718 "https://www.23rdb.com.lab2454.com/whsy.php?p=%2Fusr%2Fshare%2Flocale%2Fos" "Mozilla/5.0 AppleWebKit/537.36 (KHTML, like Gecko; compatible; GPTBot/1.3; +https://openai.com/gptbot)"
74.7.227.25 - - [02/Mar/2026:13:08:45 +0000] "GET /whsy.php?p=%2Fusr%2Fshare%2Flocale%2Fes%2F.. HTTP/2.0" 200 4718 "https://www.23rdb.com.lab2454.com/whsy.php?p=%2Fusr%2Fshare%2Flocale%2Fes" "Mozilla/5.0 AppleWebKit/537.36 (KHTML, like Gecko; compatible; GPTBot/1.3; +https://openai.com/gptbot)"
74.7.227.25 - - [02/Mar/2026:13:09:40 +0000] "GET /whsy.php?p=%2Fetc%2Fpki%2FCA%2Fnewcerts%2F.. HTTP/2.0" 200 518 "https://www.23rdb.com.lab2454.com/whsy.php?p=%2Fetc%2Fpki%2FCA%2Fnewcerts" "Mozilla/5.0 AppleWebKit/537.36 (KHTML, like Gecko; compatible; GPTBot/1.3; +https://openai.com/gptbot)"
74.7.241.178 - - [02/Mar/2026:13:09:41 +0000] "GET /robots.txt HTTP/2.0" 404 - "-" "Mozilla/5.0 (Macintosh; Intel Mac OS X 10_15_7) AppleWebKit/537.36 (KHTML, like Gecko) Chrome/131.0.0.0 Safari/537.36; compatible; OAI-SearchBot/1.3; robots.txt; +https://openai.com/searchbot"
74.7.227.25 - - [02/Mar/2026:13:10:38 +0000] "GET /whsy.php?p=%2Fusr%2Fshare%2Flocale%2Ftn%2F.. HTTP/2.0" 200 4718 "https://www.23rdb.com.lab2454.com/whsy.php?p=%2Fusr%2Fshare%2Flocale%2Ftn" "Mozilla/5.0 AppleWebKit/537.36 (KHTML, like Gecko; compatible; GPTBot/1.3; +https://openai.com/gptbot)"
74.7.227.25 - - [02/Mar/2026:13:11:31 +0000] "GET /whsy.php?p=%2Fvar%2Fsoftaculous%2Fowa%2F.. HTTP/2.0" 200 5090 "https://www.23rdb.com.lab2454.com/whsy.php?p=%2Fvar%2Fsoftaculous%2Fowa" "Mozilla/5.0 AppleWebKit/537.36 (KHTML, like Gecko; compatible; GPTBot/1.3; +https://openai.com/gptbot)"
74.7.227.25 - - [02/Mar/2026:13:12:28 +0000] "GET /whsy.php?p=%2Fusr%2Fshare%2Flocale%2Fro%2F.. HTTP/2.0" 200 4718 "https://www.23rdb.com.lab2454.com/whsy.php?p=%2Fusr%2Fshare%2Flocale%2Fro" "Mozilla/5.0 AppleWebKit/537.36 (KHTML, like Gecko; compatible; GPTBot/1.3; +https://openai.com/gptbot)"
74.7.227.25 - - [02/Mar/2026:13:13:31 +0000] "GET /whsy.php?p=%2Fusr%2Fshare%2Flocale%2Fps%2F.. HTTP/2.0" 200 4718 "https://www.23rdb.com.lab2454.com/whsy.php?p=%2Fusr%2Fshare%2Flocale%2Fps" "Mozilla/5.0 AppleWebKit/537.36 (KHTML, like Gecko; compatible; GPTBot/1.3; +https://openai.com/gptbot)"
74.7.227.25 - - [02/Mar/2026:13:14:23 +0000] "GET /whsy.php?p=%2Fusr%2Fshare%2Flocale%2Ftw%2F.. HTTP/2.0" 200 4718 "https://www.23rdb.com.lab2454.com/whsy.php?p=%2Fusr%2Fshare%2Flocale%2Ftw" "Mozilla/5.0 AppleWebKit/537.36 (KHTML, like Gecko; compatible; GPTBot/1.3; +https://openai.com/gptbot)"
74.7.227.25 - - [02/Mar/2026:13:15:28 +0000] "GET /whsy.php?p=%2Fusr%2Fshare%2Flocale%2Fzh%2F.. HTTP/2.0" 200 4718 "https://www.23rdb.com.lab2454.com/whsy.php?p=%2Fusr%2Fshare%2Flocale%2Fzh" "Mozilla/5.0 AppleWebKit/537.36 (KHTML, like Gecko; compatible; GPTBot/1.3; +https://openai.com/gptbot)"
74.7.241.178 - - [02/Mar/2026:13:15:29 +0000] "GET /robots.txt HTTP/2.0" 404 - "-" "Mozilla/5.0 (Macintosh; Intel Mac OS X 10_15_7) AppleWebKit/537.36 (KHTML, like Gecko) Chrome/131.0.0.0 Safari/537.36; compatible; OAI-SearchBot/1.3; robots.txt; +https://openai.com/searchbot"
74.7.227.25 - - [02/Mar/2026:13:16:14 +0000] "GET /whsy.php?p=%2Fusr%2Fshare%2Flocale%2Fbg%2F.. HTTP/2.0" 200 4718 "https://www.23rdb.com.lab2454.com/whsy.php?p=%2Fusr%2Fshare%2Flocale%2Fbg" "Mozilla/5.0 AppleWebKit/537.36 (KHTML, like Gecko; compatible; GPTBot/1.3; +https://openai.com/gptbot)"
74.7.227.25 - - [02/Mar/2026:13:17:22 +0000] "GET /whsy.php?p=%2Fusr%2Fshare%2Flocale%2Fgl%2F.. HTTP/2.0" 200 4718 "https://www.23rdb.com.lab2454.com/whsy.php?p=%2Fusr%2Fshare%2Flocale%2Fgl" "Mozilla/5.0 AppleWebKit/537.36 (KHTML, like Gecko; compatible; GPTBot/1.3; +https://openai.com/gptbot)"
74.7.227.25 - - [02/Mar/2026:13:18:05 +0000] "GET /whsy.php?p=%2Fusr%2Fshare%2Flocale%2Fta%2F.. HTTP/2.0" 200 4718 "https://www.23rdb.com.lab2454.com/whsy.php?p=%2Fusr%2Fshare%2Flocale%2Fta" "Mozilla/5.0 AppleWebKit/537.36 (KHTML, like Gecko; compatible; GPTBot/1.3; +https://openai.com/gptbot)"
74.7.227.25 - - [02/Mar/2026:13:19:08 +0000] "GET /whsy.php?p=%2Fusr%2Fshare%2Flocale%2Fcv%2F.. HTTP/2.0" 200 4718 "https://www.23rdb.com.lab2454.com/whsy.php?p=%2Fusr%2Fshare%2Flocale%2Fcv" "Mozilla/5.0 AppleWebKit/537.36 (KHTML, like Gecko; compatible; GPTBot/1.3; +https://openai.com/gptbot)"
74.7.227.25 - - [02/Mar/2026:13:19:59 +0000] "GET /whsy.php?p=%2Fusr%2Fshare%2Flocale%2Fbo%2F.. HTTP/2.0" 200 4718 "https://www.23rdb.com.lab2454.com/whsy.php?p=%2Fusr%2Fshare%2Flocale%2Fbo" "Mozilla/5.0 AppleWebKit/537.36 (KHTML, like Gecko; compatible; GPTBot/1.3; +https://openai.com/gptbot)"
74.7.227.25 - - [02/Mar/2026:13:20:58 +0000] "GET /whsy.php?p=%2Fusr%2Fshare%2Flocale%2Fii%2F.. HTTP/2.0" 200 4718 "https://www.23rdb.com.lab2454.com/whsy.php?p=%2Fusr%2Fshare%2Flocale%2Fii" "Mozilla/5.0 AppleWebKit/537.36 (KHTML, like Gecko; compatible; GPTBot/1.3; +https://openai.com/gptbot)"
74.7.241.178 - - [02/Mar/2026:13:20:59 +0000] "GET /robots.txt HTTP/2.0" 404 - "-" "Mozilla/5.0 (Macintosh; Intel Mac OS X 10_15_7) AppleWebKit/537.36 (KHTML, like Gecko) Chrome/131.0.0.0 Safari/537.36; compatible; OAI-SearchBot/1.3; robots.txt; +https://openai.com/searchbot"
74.7.227.25 - - [02/Mar/2026:13:21:55 +0000] "GET /whsy.php?p=%2Fusr%2Fshare%2Flocale%2Fde%2F.. HTTP/2.0" 200 4718 "https://www.23rdb.com.lab2454.com/whsy.php?p=%2Fusr%2Fshare%2Flocale%2Fde" "Mozilla/5.0 AppleWebKit/537.36 (KHTML, like Gecko; compatible; GPTBot/1.3; +https://openai.com/gptbot)"
74.7.227.25 - - [02/Mar/2026:13:22:41 +0000] "GET /whsy.php?p=%2Fusr%2Fshare%2Flocale%2Foc%2F.. HTTP/2.0" 200 4718 "https://www.23rdb.com.lab2454.com/whsy.php?p=%2Fusr%2Fshare%2Flocale%2Foc" "Mozilla/5.0 AppleWebKit/537.36 (KHTML, like Gecko; compatible; GPTBot/1.3; +https://openai.com/gptbot)"
74.7.227.25 - - [02/Mar/2026:13:23:17 +0000] "GET /whsy.php?p=%2Fusr%2Fshare%2Flocale%2Fbi%2F.. HTTP/2.0" 200 4718 "https://www.23rdb.com.lab2454.com/whsy.php?p=%2Fusr%2Fshare%2Flocale%2Fbi" "Mozilla/5.0 AppleWebKit/537.36 (KHTML, like Gecko; compatible; GPTBot/1.3; +https://openai.com/gptbot)"
74.7.227.25 - - [02/Mar/2026:13:23:51 +0000] "GET /whsy.php?p=%2Fusr%2Fshare%2Flocale%2Fmr%2F.. HTTP/2.0" 200 4718 "https://www.23rdb.com.lab2454.com/whsy.php?p=%2Fusr%2Fshare%2Flocale%2Fmr" "Mozilla/5.0 AppleWebKit/537.36 (KHTML, like Gecko; compatible; GPTBot/1.3; +https://openai.com/gptbot)"
74.7.227.25 - - [02/Mar/2026:13:24:23 +0000] "GET /whsy.php?p=%2Fusr%2Fshare%2Flocale%2Fte%2F.. HTTP/2.0" 200 4718 "https://www.23rdb.com.lab2454.com/whsy.php?p=%2Fusr%2Fshare%2Flocale%2Fte" "Mozilla/5.0 AppleWebKit/537.36 (KHTML, like Gecko; compatible; GPTBot/1.3; +https://openai.com/gptbot)"
74.7.227.25 - - [02/Mar/2026:13:24:57 +0000] "GET /whsy.php?p=%2Fusr%2Fshare%2Flocale%2Fkg%2F.. HTTP/2.0" 200 4718 "https://www.23rdb.com.lab2454.com/whsy.php?p=%2Fusr%2Fshare%2Flocale%2Fkg" "Mozilla/5.0 AppleWebKit/537.36 (KHTML, like Gecko; compatible; GPTBot/1.3; +https://openai.com/gptbot)"
74.7.227.25 - - [02/Mar/2026:13:25:37 +0000] "GET /whsy.php?p=%2Fusr%2Fshare%2Flocale%2Fsa%2F.. HTTP/2.0" 200 4718 "https://www.23rdb.com.lab2454.com/whsy.php?p=%2Fusr%2Fshare%2Flocale%2Fsa" "Mozilla/5.0 AppleWebKit/537.36 (KHTML, like Gecko; compatible; GPTBot/1.3; +https://openai.com/gptbot)"
74.7.227.25 - - [02/Mar/2026:13:26:09 +0000] "GET /whsy.php?p=%2Fusr%2Fshare%2Flocale%2Fwo%2F.. HTTP/2.0" 200 4718 "https://www.23rdb.com.lab2454.com/whsy.php?p=%2Fusr%2Fshare%2Flocale%2Fwo" "Mozilla/5.0 AppleWebKit/537.36 (KHTML, like Gecko; compatible; GPTBot/1.3; +https://openai.com/gptbot)"
74.7.241.178 - - [02/Mar/2026:13:26:10 +0000] "GET /robots.txt HTTP/2.0" 404 - "-" "Mozilla/5.0 (Macintosh; Intel Mac OS X 10_15_7) AppleWebKit/537.36 (KHTML, like Gecko) Chrome/131.0.0.0 Safari/537.36; compatible; OAI-SearchBot/1.3; robots.txt; +https://openai.com/searchbot"
74.7.227.25 - - [02/Mar/2026:13:26:44 +0000] "GET /whsy.php?p=%2Fusr%2Fshare%2Flocale%2For%2F.. HTTP/2.0" 200 4718 "https://www.23rdb.com.lab2454.com/whsy.php?p=%2Fusr%2Fshare%2Flocale%2For" "Mozilla/5.0 AppleWebKit/537.36 (KHTML, like Gecko; compatible; GPTBot/1.3; +https://openai.com/gptbot)"
74.7.227.25 - - [02/Mar/2026:13:27:24 +0000] "GET /whsy.php?p=%2Fusr%2Fshare%2Flocale%2Frn%2F.. HTTP/2.0" 200 4718 "https://www.23rdb.com.lab2454.com/whsy.php?p=%2Fusr%2Fshare%2Flocale%2Frn" "Mozilla/5.0 AppleWebKit/537.36 (KHTML, like Gecko; compatible; GPTBot/1.3; +https://openai.com/gptbot)"
74.7.227.25 - - [02/Mar/2026:13:28:04 +0000] "GET /whsy.php?p=%2Fusr%2Fshare%2Flocale%2Fgn%2F.. HTTP/2.0" 200 4718 "https://www.23rdb.com.lab2454.com/whsy.php?p=%2Fusr%2Fshare%2Flocale%2Fgn" "Mozilla/5.0 AppleWebKit/537.36 (KHTML, like Gecko; compatible; GPTBot/1.3; +https://openai.com/gptbot)"
74.7.227.25 - - [02/Mar/2026:13:28:45 +0000] "GET /whsy.php?p=%2Fusr%2Fshare%2Fman%2Fzh_CN%2F.. HTTP/2.0" 200 789 "https://www.23rdb.com.lab2454.com/whsy.php?p=%2Fusr%2Fshare%2Fman%2Fzh_CN" "Mozilla/5.0 AppleWebKit/537.36 (KHTML, like Gecko; compatible; GPTBot/1.3; +https://openai.com/gptbot)"
74.7.227.25 - - [02/Mar/2026:13:29:17 +0000] "GET /whsy.php?p=%2Fusr%2Fshare%2Flocale%2Frm%2F.. HTTP/2.0" 200 4718 "https://www.23rdb.com.lab2454.com/whsy.php?p=%2Fusr%2Fshare%2Flocale%2Frm" "Mozilla/5.0 AppleWebKit/537.36 (KHTML, like Gecko; compatible; GPTBot/1.3; +https://openai.com/gptbot)"
74.7.227.25 - - [02/Mar/2026:13:29:56 +0000] "GET /whsy.php?p=%2Fusr%2Fshare%2Flocale%2Far%2F.. HTTP/2.0" 200 4718 "https://www.23rdb.com.lab2454.com/whsy.php?p=%2Fusr%2Fshare%2Flocale%2Far" "Mozilla/5.0 AppleWebKit/537.36 (KHTML, like Gecko; compatible; GPTBot/1.3; +https://openai.com/gptbot)"
74.7.227.25 - - [02/Mar/2026:13:30:24 +0000] "GET /whsy.php?p=%2Fusr%2Fshare%2Flocale%2Fml%2F.. HTTP/2.0" 200 4718 "https://www.23rdb.com.lab2454.com/whsy.php?p=%2Fusr%2Fshare%2Flocale%2Fml" "Mozilla/5.0 AppleWebKit/537.36 (KHTML, like Gecko; compatible; GPTBot/1.3; +https://openai.com/gptbot)"
74.7.227.25 - - [02/Mar/2026:13:31:09 +0000] "GET /whsy.php?p=%2Fusr%2Fshare%2Flocale%2Fur%2F.. HTTP/2.0" 200 4718 "https://www.23rdb.com.lab2454.com/whsy.php?p=%2Fusr%2Fshare%2Flocale%2Fur" "Mozilla/5.0 AppleWebKit/537.36 (KHTML, like Gecko; compatible; GPTBot/1.3; +https://openai.com/gptbot)"
74.7.227.25 - - [02/Mar/2026:13:31:52 +0000] "GET /whsy.php?p=%2Fusr%2Flib%2Fkbd%2Funimaps%2F.. HTTP/2.0" 200 523 "https://www.23rdb.com.lab2454.com/whsy.php?p=%2Fusr%2Flib%2Fkbd%2Funimaps" "Mozilla/5.0 AppleWebKit/537.36 (KHTML, like Gecko; compatible; GPTBot/1.3; +https://openai.com/gptbot)"
74.7.241.178 - - [02/Mar/2026:13:31:52 +0000] "GET /robots.txt HTTP/2.0" 404 - "-" "Mozilla/5.0 (Macintosh; Intel Mac OS X 10_15_7) AppleWebKit/537.36 (KHTML, like Gecko) Chrome/131.0.0.0 Safari/537.36; compatible; OAI-SearchBot/1.3; robots.txt; +https://openai.com/searchbot"
74.7.227.25 - - [02/Mar/2026:13:32:25 +0000] "GET /whsy.php?p=%2Fusr%2Fshare%2Flocale%2Fst%2F.. HTTP/2.0" 200 4718 "https://www.23rdb.com.lab2454.com/whsy.php?p=%2Fusr%2Fshare%2Flocale%2Fst" "Mozilla/5.0 AppleWebKit/537.36 (KHTML, like Gecko; compatible; GPTBot/1.3; +https://openai.com/gptbot)"
74.7.227.25 - - [02/Mar/2026:13:33:09 +0000] "GET /whsy.php?p=%2Fusr%2Fshare%2Flocale%2Ffo%2F.. HTTP/2.0" 200 4718 "https://www.23rdb.com.lab2454.com/whsy.php?p=%2Fusr%2Fshare%2Flocale%2Ffo" "Mozilla/5.0 AppleWebKit/537.36 (KHTML, like Gecko; compatible; GPTBot/1.3; +https://openai.com/gptbot)"
74.7.227.25 - - [02/Mar/2026:13:33:51 +0000] "GET /whsy.php?p=%2Fusr%2Fshare%2Flocale%2Fbm%2F.. HTTP/2.0" 200 4718 "https://www.23rdb.com.lab2454.com/whsy.php?p=%2Fusr%2Fshare%2Flocale%2Fbm" "Mozilla/5.0 AppleWebKit/537.36 (KHTML, like Gecko; compatible; GPTBot/1.3; +https://openai.com/gptbot)"
74.7.227.25 - - [02/Mar/2026:13:34:27 +0000] "GET /whsy.php?p=%2Fusr%2Fshare%2Flocale%2Fca%2F.. HTTP/2.0" 200 4718 "https://www.23rdb.com.lab2454.com/whsy.php?p=%2Fusr%2Fshare%2Flocale%2Fca" "Mozilla/5.0 AppleWebKit/537.36 (KHTML, like Gecko; compatible; GPTBot/1.3; +https://openai.com/gptbot)"
74.7.227.25 - - [02/Mar/2026:13:35:10 +0000] "GET /whsy.php?p=%2Fusr%2Fshare%2Flocale%2Fru%2F.. HTTP/2.0" 200 4718 "https://www.23rdb.com.lab2454.com/whsy.php?p=%2Fusr%2Fshare%2Flocale%2Fru" "Mozilla/5.0 AppleWebKit/537.36 (KHTML, like Gecko; compatible; GPTBot/1.3; +https://openai.com/gptbot)"
74.7.227.25 - - [02/Mar/2026:13:35:54 +0000] "GET /whsy.php?p=%2Fusr%2Fshare%2Flocale%2Fka%2F.. HTTP/2.0" 200 4718 "https://www.23rdb.com.lab2454.com/whsy.php?p=%2Fusr%2Fshare%2Flocale%2Fka" "Mozilla/5.0 AppleWebKit/537.36 (KHTML, like Gecko; compatible; GPTBot/1.3; +https://openai.com/gptbot)"
74.7.227.25 - - [02/Mar/2026:13:37:06 +0000] "GET /whsy.php?p=%2Fusr%2Fshare%2Flocale%2Fhi%2F.. HTTP/2.0" 200 4718 "https://www.23rdb.com.lab2454.com/whsy.php?p=%2Fusr%2Fshare%2Flocale%2Fhi" "Mozilla/5.0 AppleWebKit/537.36 (KHTML, like Gecko; compatible; GPTBot/1.3; +https://openai.com/gptbot)"
74.7.241.178 - - [02/Mar/2026:13:37:07 +0000] "GET /robots.txt HTTP/2.0" 404 - "-" "Mozilla/5.0 (Macintosh; Intel Mac OS X 10_15_7) AppleWebKit/537.36 (KHTML, like Gecko) Chrome/131.0.0.0 Safari/537.36; compatible; OAI-SearchBot/1.3; robots.txt; +https://openai.com/searchbot"
74.7.227.25 - - [02/Mar/2026:13:37:52 +0000] "GET /whsy.php?p=%2Fusr%2Fshare%2Flocale%2Fam%2F.. HTTP/2.0" 200 4718 "https://www.23rdb.com.lab2454.com/whsy.php?p=%2Fusr%2Fshare%2Flocale%2Fam" "Mozilla/5.0 AppleWebKit/537.36 (KHTML, like Gecko; compatible; GPTBot/1.3; +https://openai.com/gptbot)"
74.7.227.25 - - [02/Mar/2026:13:38:41 +0000] "GET /whsy.php?p=%2Fusr%2Fshare%2Flocale%2Fkr%2F.. HTTP/2.0" 200 4718 "https://www.23rdb.com.lab2454.com/whsy.php?p=%2Fusr%2Fshare%2Flocale%2Fkr" "Mozilla/5.0 AppleWebKit/537.36 (KHTML, like Gecko; compatible; GPTBot/1.3; +https://openai.com/gptbot)"
74.7.227.25 - - [02/Mar/2026:13:39:42 +0000] "GET /whsy.php?p=%2Fusr%2Fshare%2Flocale%2Fwa%2F.. HTTP/2.0" 200 4718 "https://www.23rdb.com.lab2454.com/whsy.php?p=%2Fusr%2Fshare%2Flocale%2Fwa" "Mozilla/5.0 AppleWebKit/537.36 (KHTML, like Gecko; compatible; GPTBot/1.3; +https://openai.com/gptbot)"
74.7.227.25 - - [02/Mar/2026:13:40:44 +0000] "GET /whsy.php?p=%2Fusr%2Fshare%2Flocale%2Fna%2F.. HTTP/2.0" 200 4718 "https://www.23rdb.com.lab2454.com/whsy.php?p=%2Fusr%2Fshare%2Flocale%2Fna" "Mozilla/5.0 AppleWebKit/537.36 (KHTML, like Gecko; compatible; GPTBot/1.3; +https://openai.com/gptbot)"
74.7.227.25 - - [02/Mar/2026:13:41:29 +0000] "GET /whsy.php?p=%2Fusr%2Fshare%2Flocale%2Fga%2F.. HTTP/2.0" 200 4718 "https://www.23rdb.com.lab2454.com/whsy.php?p=%2Fusr%2Fshare%2Flocale%2Fga" "Mozilla/5.0 AppleWebKit/537.36 (KHTML, like Gecko; compatible; GPTBot/1.3; +https://openai.com/gptbot)"
74.7.227.25 - - [02/Mar/2026:13:42:24 +0000] "GET /whsy.php?p=%2Fusr%2Fshare%2Fmime%2Ffont%2F.. HTTP/2.0" 200 1117 "https://www.23rdb.com.lab2454.com/whsy.php?p=%2Fusr%2Fshare%2Fmime%2Ffont" "Mozilla/5.0 AppleWebKit/537.36 (KHTML, like Gecko; compatible; GPTBot/1.3; +https://openai.com/gptbot)"
74.7.241.178 - - [02/Mar/2026:13:42:25 +0000] "GET /robots.txt HTTP/2.0" 404 - "-" "Mozilla/5.0 (Macintosh; Intel Mac OS X 10_15_7) AppleWebKit/537.36 (KHTML, like Gecko) Chrome/131.0.0.0 Safari/537.36; compatible; OAI-SearchBot/1.3; robots.txt; +https://openai.com/searchbot"
74.7.227.25 - - [02/Mar/2026:13:43:13 +0000] "GET /whsy.php?p=%2Fusr%2Fshare%2Flocale%2Foj%2F.. HTTP/2.0" 200 4718 "https://www.23rdb.com.lab2454.com/whsy.php?p=%2Fusr%2Fshare%2Flocale%2Foj" "Mozilla/5.0 AppleWebKit/537.36 (KHTML, like Gecko; compatible; GPTBot/1.3; +https://openai.com/gptbot)"
74.7.227.25 - - [02/Mar/2026:13:43:56 +0000] "GET /whsy.php?p=%2Fusr%2Fshare%2Flocale%2Fgd%2F.. HTTP/2.0" 200 4718 "https://www.23rdb.com.lab2454.com/whsy.php?p=%2Fusr%2Fshare%2Flocale%2Fgd" "Mozilla/5.0 AppleWebKit/537.36 (KHTML, like Gecko; compatible; GPTBot/1.3; +https://openai.com/gptbot)"
74.7.227.25 - - [02/Mar/2026:13:44:54 +0000] "GET /whsy.php?p=%2Fusr%2Fshare%2Flocale%2Fqu%2F.. HTTP/2.0" 200 4718 "https://www.23rdb.com.lab2454.com/whsy.php?p=%2Fusr%2Fshare%2Flocale%2Fqu" "Mozilla/5.0 AppleWebKit/537.36 (KHTML, like Gecko; compatible; GPTBot/1.3; +https://openai.com/gptbot)"
74.7.227.25 - - [02/Mar/2026:13:45:31 +0000] "GET /whsy.php?p=%2Fvar%2Fsoftaculous%2Ftht%2F.. HTTP/2.0" 200 5090 "https://www.23rdb.com.lab2454.com/whsy.php?p=%2Fvar%2Fsoftaculous%2Ftht" "Mozilla/5.0 AppleWebKit/537.36 (KHTML, like Gecko; compatible; GPTBot/1.3; +https://openai.com/gptbot)"
74.7.227.25 - - [02/Mar/2026:13:46:12 +0000] "GET /whsy.php?p=%2Fusr%2Fshare%2Flocale%2Fmk%2F.. HTTP/2.0" 200 4718 "https://www.23rdb.com.lab2454.com/whsy.php?p=%2Fusr%2Fshare%2Flocale%2Fmk" "Mozilla/5.0 AppleWebKit/537.36 (KHTML, like Gecko; compatible; GPTBot/1.3; +https://openai.com/gptbot)"
74.7.227.25 - - [02/Mar/2026:13:47:14 +0000] "GET /whsy.php?p=%2Fusr%2Fshare%2Flocale%2Fch%2F.. HTTP/2.0" 200 4718 "https://www.23rdb.com.lab2454.com/whsy.php?p=%2Fusr%2Fshare%2Flocale%2Fch" "Mozilla/5.0 AppleWebKit/537.36 (KHTML, like Gecko; compatible; GPTBot/1.3; +https://openai.com/gptbot)"
74.7.227.25 - - [02/Mar/2026:13:47:48 +0000] "GET /whsy.php?p=%2Fusr%2Fshare%2Flocale%2Fha%2F.. HTTP/2.0" 200 4718 "https://www.23rdb.com.lab2454.com/whsy.php?p=%2Fusr%2Fshare%2Flocale%2Fha" "Mozilla/5.0 AppleWebKit/537.36 (KHTML, like Gecko; compatible; GPTBot/1.3; +https://openai.com/gptbot)"
74.7.241.178 - - [02/Mar/2026:13:47:48 +0000] "GET /robots.txt HTTP/2.0" 404 - "-" "Mozilla/5.0 (Macintosh; Intel Mac OS X 10_15_7) AppleWebKit/537.36 (KHTML, like Gecko) Chrome/131.0.0.0 Safari/537.36; compatible; OAI-SearchBot/1.3; robots.txt; +https://openai.com/searchbot"
74.7.227.25 - - [02/Mar/2026:13:48:38 +0000] "GET /whsy.php?p=%2Fusr%2Fshare%2Flocale%2Fgu%2F.. HTTP/2.0" 200 4718 "https://www.23rdb.com.lab2454.com/whsy.php?p=%2Fusr%2Fshare%2Flocale%2Fgu" "Mozilla/5.0 AppleWebKit/537.36 (KHTML, like Gecko; compatible; GPTBot/1.3; +https://openai.com/gptbot)"
74.7.227.25 - - [02/Mar/2026:13:49:18 +0000] "GET /whsy.php?p=%2Fusr%2Fshare%2Flocale%2Fug%2F.. HTTP/2.0" 200 4718 "https://www.23rdb.com.lab2454.com/whsy.php?p=%2Fusr%2Fshare%2Flocale%2Fug" "Mozilla/5.0 AppleWebKit/537.36 (KHTML, like Gecko; compatible; GPTBot/1.3; +https://openai.com/gptbot)"
74.7.227.25 - - [02/Mar/2026:13:50:15 +0000] "GET /whsy.php?p=%2Fproc%2Fsys%2Fnet%2Fbridge%2F.. HTTP/2.0" 200 741 "https://www.23rdb.com.lab2454.com/whsy.php?p=%2Fproc%2Fsys%2Fnet%2Fbridge" "Mozilla/5.0 AppleWebKit/537.36 (KHTML, like Gecko; compatible; GPTBot/1.3; +https://openai.com/gptbot)"
74.7.227.25 - - [02/Mar/2026:13:50:59 +0000] "GET /whsy.php?p=%2Fusr%2Fshare%2Flocale%2Fsw%2F.. HTTP/2.0" 200 4718 "https://www.23rdb.com.lab2454.com/whsy.php?p=%2Fusr%2Fshare%2Flocale%2Fsw" "Mozilla/5.0 AppleWebKit/537.36 (KHTML, like Gecko; compatible; GPTBot/1.3; +https://openai.com/gptbot)"
74.7.227.25 - - [02/Mar/2026:13:51:53 +0000] "GET /whsy.php?p=%2Fusr%2Fshare%2Flocale%2Ffy%2F.. HTTP/2.0" 200 4718 "https://www.23rdb.com.lab2454.com/whsy.php?p=%2Fusr%2Fshare%2Flocale%2Ffy" "Mozilla/5.0 AppleWebKit/537.36 (KHTML, like Gecko; compatible; GPTBot/1.3; +https://openai.com/gptbot)"
74.7.227.25 - - [02/Mar/2026:13:52:30 +0000] "GET /whsy.php?p=%2Fusr%2Fshare%2Flocale%2Fmh%2F.. HTTP/2.0" 200 4718 "https://www.23rdb.com.lab2454.com/whsy.php?p=%2Fusr%2Fshare%2Flocale%2Fmh" "Mozilla/5.0 AppleWebKit/537.36 (KHTML, like Gecko; compatible; GPTBot/1.3; +https://openai.com/gptbot)"
74.7.227.25 - - [02/Mar/2026:13:53:25 +0000] "GET /whsy.php?p=%2Fusr%2Fshare%2Flocale%2Fae%2F.. HTTP/2.0" 200 4718 "https://www.23rdb.com.lab2454.com/whsy.php?p=%2Fusr%2Fshare%2Flocale%2Fae" "Mozilla/5.0 AppleWebKit/537.36 (KHTML, like Gecko; compatible; GPTBot/1.3; +https://openai.com/gptbot)"
74.7.227.25 - - [02/Mar/2026:13:54:27 +0000] "GET /whsy.php?p=%2Fusr%2Fshare%2Flocale%2Fky%2F.. HTTP/2.0" 200 4718 "https://www.23rdb.com.lab2454.com/whsy.php?p=%2Fusr%2Fshare%2Flocale%2Fky" "Mozilla/5.0 AppleWebKit/537.36 (KHTML, like Gecko; compatible; GPTBot/1.3; +https://openai.com/gptbot)"
74.7.227.25 - - [02/Mar/2026:13:55:21 +0000] "GET /whsy.php?p=%2Fusr%2Fshare%2Flocale%2Fne%2F.. HTTP/2.0" 200 4718 "https://www.23rdb.com.lab2454.com/whsy.php?p=%2Fusr%2Fshare%2Flocale%2Fne" "Mozilla/5.0 AppleWebKit/537.36 (KHTML, like Gecko; compatible; GPTBot/1.3; +https://openai.com/gptbot)"
74.7.227.25 - - [02/Mar/2026:13:56:24 +0000] "GET /whsy.php?p=%2Fusr%2Fshare%2Flocale%2Fhe%2F.. HTTP/2.0" 200 4718 "https://www.23rdb.com.lab2454.com/whsy.php?p=%2Fusr%2Fshare%2Flocale%2Fhe" "Mozilla/5.0 AppleWebKit/537.36 (KHTML, like Gecko; compatible; GPTBot/1.3; +https://openai.com/gptbot)"
74.7.227.25 - - [02/Mar/2026:13:57:22 +0000] "GET /whsy.php?p=%2Fusr%2Fshare%2Flocale%2Fja%2F.. HTTP/2.0" 200 4718 "https://www.23rdb.com.lab2454.com/whsy.php?p=%2Fusr%2Fshare%2Flocale%2Fja" "Mozilla/5.0 AppleWebKit/537.36 (KHTML, like Gecko; compatible; GPTBot/1.3; +https://openai.com/gptbot)"
74.7.227.25 - - [02/Mar/2026:13:58:20 +0000] "GET /whsy.php?p=%2Fusr%2Fshare%2Flocale%2Fpi%2F.. HTTP/2.0" 200 4718 "https://www.23rdb.com.lab2454.com/whsy.php?p=%2Fusr%2Fshare%2Flocale%2Fpi" "Mozilla/5.0 AppleWebKit/537.36 (KHTML, like Gecko; compatible; GPTBot/1.3; +https://openai.com/gptbot)"
74.7.241.178 - - [02/Mar/2026:13:59:16 +0000] "GET /robots.txt HTTP/2.0" 404 - "-" "Mozilla/5.0 (Macintosh; Intel Mac OS X 10_15_7) AppleWebKit/537.36 (KHTML, like Gecko) Chrome/131.0.0.0 Safari/537.36; compatible; OAI-SearchBot/1.3; robots.txt; +https://openai.com/searchbot"
74.7.227.25 - - [02/Mar/2026:13:59:15 +0000] "GET /whsy.php?p=%2Fusr%2Fshare%2Flocale%2Fff%2F.. HTTP/2.0" 200 4718 "https://www.23rdb.com.lab2454.com/whsy.php?p=%2Fusr%2Fshare%2Flocale%2Fff" "Mozilla/5.0 AppleWebKit/537.36 (KHTML, like Gecko; compatible; GPTBot/1.3; +https://openai.com/gptbot)"
74.7.227.25 - - [02/Mar/2026:14:00:16 +0000] "GET /whsy.php?p=%2Fusr%2Fshare%2Flocale%2Fxh%2F.. HTTP/2.0" 200 4718 "https://www.23rdb.com.lab2454.com/whsy.php?p=%2Fusr%2Fshare%2Flocale%2Fxh" "Mozilla/5.0 AppleWebKit/537.36 (KHTML, like Gecko; compatible; GPTBot/1.3; +https://openai.com/gptbot)"
74.7.227.25 - - [02/Mar/2026:14:01:08 +0000] "GET /whsy.php?e=bitcoincash-150x150.png&p=%2Fhome%2Flab2454c%2Farchswipe.com%2Fwp-content%2Fuploads%2F2022%2F04 HTTP/2.0" 200 6758 "https://www.23rdb.com.lab2454.com/whsy.php?p=%2Fhome%2Flab2454c%2Farchswipe.com%2Fwp-content%2Fuploads%2F2022%2F04" "Mozilla/5.0 AppleWebKit/537.36 (KHTML, like Gecko; compatible; GPTBot/1.3; +https://openai.com/gptbot)"
74.7.227.25 - - [02/Mar/2026:14:02:04 +0000] "GET /whsy.php?e=class-wp-sitemaps-index.php&p=%2Fhome%2Flab2454c%2Fcrypthorize.net%2Fwp-includes%2Fsitemaps HTTP/2.0" 200 1688 "https://www.23rdb.com.lab2454.com/whsy.php?p=%2Fhome%2Flab2454c%2Fcrypthorize.net%2Fwp-includes%2Fsitemaps" "Mozilla/5.0 AppleWebKit/537.36 (KHTML, like Gecko; compatible; GPTBot/1.3; +https://openai.com/gptbot)"
74.7.227.25 - - [02/Mar/2026:14:02:52 +0000] "GET /whsy.php?e=role-base.png&p=%2Fhome%2Flab2454c%2Finvest.equitablebarter.com%2Fwp-content%2Fplugins%2Fwp-user-frontend%2Fassets%2Fimages%2Fwhats-new HTTP/2.0" 200 1096 "https://www.23rdb.com.lab2454.com/whsy.php?p=%2Fhome%2Flab2454c%2Finvest.equitablebarter.com%2Fwp-content%2Fplugins%2Fwp-user-frontend%2Fassets%2Fimages%2Fwhats-new" "Mozilla/5.0 AppleWebKit/537.36 (KHTML, like Gecko; compatible; GPTBot/1.3; +https://openai.com/gptbot)"
74.7.227.25 - - [02/Mar/2026:14:03:50 +0000] "GET /whsy.php?e=graph.png&p=%2Fhome%2Flab2454c%2Finvest.equitablebarter.com%2Fwp-content%2Fplugins%2Fwp-user-frontend-pro%2Fvendor%2Fmyclabs%2Fdeep-copy%2Fdoc HTTP/2.0" 200 964 "https://www.23rdb.com.lab2454.com/whsy.php?p=%2Fhome%2Flab2454c%2Finvest.equitablebarter.com%2Fwp-content%2Fplugins%2Fwp-user-frontend-pro%2Fvendor%2Fmyclabs%2Fdeep-copy%2Fdoc" "Mozilla/5.0 AppleWebKit/537.36 (KHTML, like Gecko; compatible; GPTBot/1.3; +https://openai.com/gptbot)"
74.7.227.25 - - [02/Mar/2026:14:04:29 +0000] "GET /whsy.php?e=clone.png&p=%2Fhome%2Flab2454c%2Finvest.equitablebarter.com%2Fwp-content%2Fplugins%2Fwp-user-frontend-pro%2Fvendor%2Fmyclabs%2Fdeep-copy%2Fdoc HTTP/2.0" 200 961 "https://www.23rdb.com.lab2454.com/whsy.php?p=%2Fhome%2Flab2454c%2Finvest.equitablebarter.com%2Fwp-content%2Fplugins%2Fwp-user-frontend-pro%2Fvendor%2Fmyclabs%2Fdeep-copy%2Fdoc" "Mozilla/5.0 AppleWebKit/537.36 (KHTML, like Gecko; compatible; GPTBot/1.3; +https://openai.com/gptbot)"
74.7.241.178 - - [02/Mar/2026:14:04:30 +0000] "GET /robots.txt HTTP/2.0" 404 - "-" "Mozilla/5.0 (Macintosh; Intel Mac OS X 10_15_7) AppleWebKit/537.36 (KHTML, like Gecko) Chrome/131.0.0.0 Safari/537.36; compatible; OAI-SearchBot/1.3; robots.txt; +https://openai.com/searchbot"
74.7.227.25 - - [02/Mar/2026:14:05:17 +0000] "GET /whsy.php?e=.htaccess&p=%2Fhome%2Flab2454c%2Finvest.equitablebarter.com%2Fwp-content%2Fplugins%2Fwp-user-frontend-pro%2Fvendor%2Fmyclabs%2Fdeep-copy%2Fdoc HTTP/2.0" 200 1077 "https://www.23rdb.com.lab2454.com/whsy.php?p=%2Fhome%2Flab2454c%2Finvest.equitablebarter.com%2Fwp-content%2Fplugins%2Fwp-user-frontend-pro%2Fvendor%2Fmyclabs%2Fdeep-copy%2Fdoc" "Mozilla/5.0 AppleWebKit/537.36 (KHTML, like Gecko; compatible; GPTBot/1.3; +https://openai.com/gptbot)"
74.7.227.25 - - [02/Mar/2026:14:06:03 +0000] "GET /whsy.php?e=style-rtl.css&p=%2Fhome%2Flab2454c%2Fcarbonbullion.net%2Fwp-includes%2Fcss%2Fdist%2Fblock-directory HTTP/2.0" 200 1890 "https://www.23rdb.com.lab2454.com/whsy.php?p=%2Fhome%2Flab2454c%2Fcarbonbullion.net%2Fwp-includes%2Fcss%2Fdist%2Fblock-directory" "Mozilla/5.0 AppleWebKit/537.36 (KHTML, like Gecko; compatible; GPTBot/1.3; +https://openai.com/gptbot)"
74.7.227.25 - - [02/Mar/2026:14:07:14 +0000] "GET /whsy.php?e=script.js&p=%2Fhome%2Flab2454c%2Fcaimegroup.com%2Fwp-content%2Fplugins%2Felementskit%2Fwidgets%2Fprotected-content%2Fassets%2Fjs HTTP/2.0" 200 1014 "https://www.23rdb.com.lab2454.com/whsy.php?p=%2Fhome%2Flab2454c%2Fcaimegroup.com%2Fwp-content%2Fplugins%2Felementskit%2Fwidgets%2Fprotected-content%2Fassets%2Fjs" "Mozilla/5.0 AppleWebKit/537.36 (KHTML, like Gecko; compatible; GPTBot/1.3; +https://openai.com/gptbot)"
74.7.227.25 - - [02/Mar/2026:14:09:18 +0000] "GET /whsy.php?e=api-tree-walking.html&p=%2Fusr%2Fshare%2Fdoc%2Fgit-1.8.3.1%2Ftechnical HTTP/2.0" 200 9653 "https://www.23rdb.com.lab2454.com/whsy.php?p=%2Fusr%2Fshare%2Fdoc%2Fgit-1.8.3.1%2Ftechnical" "Mozilla/5.0 AppleWebKit/537.36 (KHTML, like Gecko; compatible; GPTBot/1.3; +https://openai.com/gptbot)"
74.7.227.25 - - [02/Mar/2026:14:10:25 +0000] "GET /whsy.php?e=api-run-command.html&p=%2Fusr%2Fshare%2Fdoc%2Fgit-1.8.3.1%2Ftechnical HTTP/2.0" 200 11096 "https://www.23rdb.com.lab2454.com/whsy.php?p=%2Fusr%2Fshare%2Fdoc%2Fgit-1.8.3.1%2Ftechnical" "Mozilla/5.0 AppleWebKit/537.36 (KHTML, like Gecko; compatible; GPTBot/1.3; +https://openai.com/gptbot)"
74.7.241.178 - - [02/Mar/2026:14:10:26 +0000] "GET /robots.txt HTTP/2.0" 404 - "-" "Mozilla/5.0 (Macintosh; Intel Mac OS X 10_15_7) AppleWebKit/537.36 (KHTML, like Gecko) Chrome/131.0.0.0 Safari/537.36; compatible; OAI-SearchBot/1.3; robots.txt; +https://openai.com/searchbot"
74.7.227.25 - - [02/Mar/2026:14:11:42 +0000] "GET /whsy.php?e=alfa-rex.php7&p=%2Fhome%2Flab2454c%2Fkeebchat.com%2Fthemes%2Fdefault%2Fapps%2Fads HTTP/2.0" 200 1034 "https://www.23rdb.com.lab2454.com/whsy.php?p=%2Fhome%2Flab2454c%2Fkeebchat.com%2Fthemes%2Fdefault%2Fapps%2Fads" "Mozilla/5.0 AppleWebKit/537.36 (KHTML, like Gecko; compatible; GPTBot/1.3; +https://openai.com/gptbot)"
74.7.227.25 - - [02/Mar/2026:14:12:43 +0000] "GET /whsy.php?e=alfa-rex.php8&p=%2Fhome%2Flab2454c%2Fkeebchat.com%2Fthemes%2Fdefault%2Fapps%2Fads HTTP/2.0" 200 1035 "https://www.23rdb.com.lab2454.com/whsy.php?p=%2Fhome%2Flab2454c%2Fkeebchat.com%2Fthemes%2Fdefault%2Fapps%2Fads" "Mozilla/5.0 AppleWebKit/537.36 (KHTML, like Gecko; compatible; GPTBot/1.3; +https://openai.com/gptbot)"
74.7.227.25 - - [02/Mar/2026:14:13:37 +0000] "GET /whsy.php?e=stat&p=%2Fproc%2F15858 HTTP/2.0" 200 828 "https://www.23rdb.com.lab2454.com/whsy.php?p=%2Fproc%2F15858" "Mozilla/5.0 AppleWebKit/537.36 (KHTML, like Gecko; compatible; GPTBot/1.3; +https://openai.com/gptbot)"
74.7.227.25 - - [02/Mar/2026:14:14:31 +0000] "GET /whsy.php?e=maps&p=%2Fproc%2F19978 HTTP/2.0" 200 828 "https://www.23rdb.com.lab2454.com/whsy.php?p=%2Fproc%2F19978" "Mozilla/5.0 AppleWebKit/537.36 (KHTML, like Gecko; compatible; GPTBot/1.3; +https://openai.com/gptbot)"
74.7.227.25 - - [02/Mar/2026:14:15:23 +0000] "GET /whsy.php?e=maps&p=%2Fproc%2F15358 HTTP/2.0" 200 828 "https://www.23rdb.com.lab2454.com/whsy.php?p=%2Fproc%2F15358" "Mozilla/5.0 AppleWebKit/537.36 (KHTML, like Gecko; compatible; GPTBot/1.3; +https://openai.com/gptbot)"
74.7.227.25 - - [02/Mar/2026:14:16:18 +0000] "GET /whsy.php?e=maps&p=%2Fproc%2F10553 HTTP/2.0" 200 828 "https://www.23rdb.com.lab2454.com/whsy.php?p=%2Fproc%2F10553" "Mozilla/5.0 AppleWebKit/537.36 (KHTML, like Gecko; compatible; GPTBot/1.3; +https://openai.com/gptbot)"
74.7.241.178 - - [02/Mar/2026:14:16:19 +0000] "GET /robots.txt HTTP/2.0" 404 - "-" "Mozilla/5.0 (Macintosh; Intel Mac OS X 10_15_7) AppleWebKit/537.36 (KHTML, like Gecko) Chrome/131.0.0.0 Safari/537.36; compatible; OAI-SearchBot/1.3; robots.txt; +https://openai.com/searchbot"
74.7.227.25 - - [02/Mar/2026:14:16:58 +0000] "GET /whsy.php?e=auxv&p=%2Fproc%2F16221 HTTP/2.0" 200 828 "https://www.23rdb.com.lab2454.com/whsy.php?p=%2Fproc%2F16221" "Mozilla/5.0 AppleWebKit/537.36 (KHTML, like Gecko; compatible; GPTBot/1.3; +https://openai.com/gptbot)"
74.7.227.25 - - [02/Mar/2026:14:17:43 +0000] "GET /whsy.php?e=maps&p=%2Fproc%2F10744 HTTP/2.0" 200 828 "https://www.23rdb.com.lab2454.com/whsy.php?p=%2Fproc%2F10744" "Mozilla/5.0 AppleWebKit/537.36 (KHTML, like Gecko; compatible; GPTBot/1.3; +https://openai.com/gptbot)"
