74.7.227.25 - - [02/Mar/2026:20:34:33 +0000] "GET /whsy.php?e=bnx2-mips-09-5.0.0.j15.fw&p=%2Fusr%2Flib%2Ffirmware%2Fbnx2 HTTP/2.0" 200 1367 "https://www.23rdb.com.lab2454.com/whsy.php?p=%2Fusr%2Flib%2Ffirmware%2Fbnx2" "Mozilla/5.0 AppleWebKit/537.36 (KHTML, like Gecko; compatible; GPTBot/1.3; +https://openai.com/gptbot)"
74.7.227.25 - - [02/Mar/2026:20:35:52 +0000] "GET /whsy.php?e=bnx2-rv2p-09-6.0.17.fw&p=%2Fusr%2Flib%2Ffirmware%2Fbnx2 HTTP/2.0" 200 1375 "https://www.23rdb.com.lab2454.com/whsy.php?p=%2Fusr%2Flib%2Ffirmware%2Fbnx2" "Mozilla/5.0 AppleWebKit/537.36 (KHTML, like Gecko; compatible; GPTBot/1.3; +https://openai.com/gptbot)"
74.7.241.178 - - [02/Mar/2026:20:35:53 +0000] "GET /robots.txt HTTP/2.0" 404 - "-" "Mozilla/5.0 (Macintosh; Intel Mac OS X 10_15_7) AppleWebKit/537.36 (KHTML, like Gecko) Chrome/131.0.0.0 Safari/537.36; compatible; OAI-SearchBot/1.3; robots.txt; +https://openai.com/searchbot"
74.7.227.25 - - [02/Mar/2026:20:37:23 +0000] "GET /whsy.php?e=bnx2-rv2p-09-5.0.0.j3.fw&p=%2Fusr%2Flib%2Ffirmware%2Fbnx2 HTTP/2.0" 200 1375 "https://www.23rdb.com.lab2454.com/whsy.php?p=%2Fusr%2Flib%2Ffirmware%2Fbnx2" "Mozilla/5.0 AppleWebKit/537.36 (KHTML, like Gecko; compatible; GPTBot/1.3; +https://openai.com/gptbot)"
74.7.227.25 - - [02/Mar/2026:20:38:48 +0000] "GET /whsy.php?e=bnx2-rv2p-06-4.6.16.fw&p=%2Fusr%2Flib%2Ffirmware%2Fbnx2 HTTP/2.0" 200 1374 "https://www.23rdb.com.lab2454.com/whsy.php?p=%2Fusr%2Flib%2Ffirmware%2Fbnx2" "Mozilla/5.0 AppleWebKit/537.36 (KHTML, like Gecko; compatible; GPTBot/1.3; +https://openai.com/gptbot)"
74.7.227.25 - - [02/Mar/2026:20:40:18 +0000] "GET /whsy.php?e=bnx2-rv2p-06-6.0.15.fw&p=%2Fusr%2Flib%2Ffirmware%2Fbnx2 HTTP/2.0" 200 1371 "https://www.23rdb.com.lab2454.com/whsy.php?p=%2Fusr%2Flib%2Ffirmware%2Fbnx2" "Mozilla/5.0 AppleWebKit/537.36 (KHTML, like Gecko; compatible; GPTBot/1.3; +https://openai.com/gptbot)"
74.7.227.25 - - [02/Mar/2026:20:41:59 +0000] "GET /whsy.php?e=iso-8859-2.cset&p=%2Fusr%2Flib64%2Faspell-0.60 HTTP/2.0" 200 6166 "https://www.23rdb.com.lab2454.com/whsy.php?p=%2Fusr%2Flib64%2Faspell-0.60" "Mozilla/5.0 AppleWebKit/537.36 (KHTML, like Gecko; compatible; GPTBot/1.3; +https://openai.com/gptbot)"
74.7.241.178 - - [02/Mar/2026:20:41:59 +0000] "GET /robots.txt HTTP/2.0" 404 - "-" "Mozilla/5.0 (Macintosh; Intel Mac OS X 10_15_7) AppleWebKit/537.36 (KHTML, like Gecko) Chrome/131.0.0.0 Safari/537.36; compatible; OAI-SearchBot/1.3; robots.txt; +https://openai.com/searchbot"
74.7.227.25 - - [02/Mar/2026:20:43:28 +0000] "GET /whsy.php?e=iso-8859-6.cset&p=%2Fusr%2Flib64%2Faspell-0.60 HTTP/2.0" 200 5970 "https://www.23rdb.com.lab2454.com/whsy.php?p=%2Fusr%2Flib64%2Faspell-0.60" "Mozilla/5.0 AppleWebKit/537.36 (KHTML, like Gecko; compatible; GPTBot/1.3; +https://openai.com/gptbot)"
74.7.227.25 - - [02/Mar/2026:20:44:58 +0000] "GET /whsy.php?e=iso-8859-2.cmap&p=%2Fusr%2Flib64%2Faspell-0.60 HTTP/2.0" 200 9743 "https://www.23rdb.com.lab2454.com/whsy.php?p=%2Fusr%2Flib64%2Faspell-0.60" "Mozilla/5.0 AppleWebKit/537.36 (KHTML, like Gecko; compatible; GPTBot/1.3; +https://openai.com/gptbot)"
74.7.227.25 - - [02/Mar/2026:20:46:43 +0000] "GET /whsy.php?e=bnx2-rv2p-09-5.0.0.j10.fw&p=%2Fusr%2Flib%2Ffirmware%2Fbnx2 HTTP/2.0" 200 1370 "https://www.23rdb.com.lab2454.com/whsy.php?p=%2Fusr%2Flib%2Ffirmware%2Fbnx2" "Mozilla/5.0 AppleWebKit/537.36 (KHTML, like Gecko; compatible; GPTBot/1.3; +https://openai.com/gptbot)"
74.7.227.25 - - [02/Mar/2026:20:48:27 +0000] "GET /whsy.php?e=bnx2-rv2p-06-5.0.0.j3.fw&p=%2Fusr%2Flib%2Ffirmware%2Fbnx2 HTTP/2.0" 200 1370 "https://www.23rdb.com.lab2454.com/whsy.php?p=%2Fusr%2Flib%2Ffirmware%2Fbnx2" "Mozilla/5.0 AppleWebKit/537.36 (KHTML, like Gecko; compatible; GPTBot/1.3; +https://openai.com/gptbot)"
74.7.241.178 - - [02/Mar/2026:20:48:29 +0000] "GET /robots.txt HTTP/2.0" 404 - "-" "Mozilla/5.0 (Macintosh; Intel Mac OS X 10_15_7) AppleWebKit/537.36 (KHTML, like Gecko) Chrome/131.0.0.0 Safari/537.36; compatible; OAI-SearchBot/1.3; robots.txt; +https://openai.com/searchbot"
74.7.227.25 - - [02/Mar/2026:20:49:53 +0000] "GET /whsy.php?e=iso-8859-8.cset&p=%2Fusr%2Flib64%2Faspell-0.60 HTTP/2.0" 200 6068 "https://www.23rdb.com.lab2454.com/whsy.php?p=%2Fusr%2Flib64%2Faspell-0.60" "Mozilla/5.0 AppleWebKit/537.36 (KHTML, like Gecko; compatible; GPTBot/1.3; +https://openai.com/gptbot)"
74.7.227.25 - - [02/Mar/2026:20:51:25 +0000] "GET /whsy.php?e=admin-privacy-policy.php&p=%2Fhome%2Flab2454c%2Fveritserv.com%2Fwp-content%2Fplugins%2Fuser-registration-pro%2Fincludes%2Fform%2Fviews%2Fadmin HTTP/2.0" 200 1785 "https://www.23rdb.com.lab2454.com/whsy.php?p=%2Fhome%2Flab2454c%2Fveritserv.com%2Fwp-content%2Fplugins%2Fuser-registration-pro%2Fincludes%2Fform%2Fviews%2Fadmin" "Mozilla/5.0 AppleWebKit/537.36 (KHTML, like Gecko; compatible; GPTBot/1.3; +https://openai.com/gptbot)"
74.7.227.25 - - [02/Mar/2026:20:53:11 +0000] "GET /whsy.php?p=%2Fhome%2Flab2454c%2Fadenbic.com%2Fwp-content%2Fplugins%2Fwoocommerce%2Fassets%2Fclient%2Fadmin%2Fproduct-editor%2Fblocks%2Fproduct-fields%2Fproduct-sku-field HTTP/2.0" 200 861 "https://www.23rdb.com.lab2454.com/whsy.php?p=%2Fhome%2Flab2454c%2Fadenbic.com%2Fwp-content%2Fplugins%2Fwoocommerce%2Fassets%2Fclient%2Fadmin%2Fproduct-editor%2Fblocks%2Fproduct-fields" "Mozilla/5.0 AppleWebKit/537.36 (KHTML, like Gecko; compatible; GPTBot/1.3; +https://openai.com/gptbot)"
74.7.227.25 - - [02/Mar/2026:20:54:54 +0000] "GET /whsy.php?e=docs.html&p=%2Fusr%2Fshare%2Fdoc%2Flibxslt-devel-1.1.28%2FEXSLT HTTP/2.0" 200 3060 "https://www.23rdb.com.lab2454.com/whsy.php?p=%2Fusr%2Fshare%2Fdoc%2Flibxslt-devel-1.1.28%2FEXSLT" "Mozilla/5.0 AppleWebKit/537.36 (KHTML, like Gecko; compatible; GPTBot/1.3; +https://openai.com/gptbot)"
74.7.241.178 - - [02/Mar/2026:20:54:55 +0000] "GET /robots.txt HTTP/2.0" 404 - "-" "Mozilla/5.0 (Macintosh; Intel Mac OS X 10_15_7) AppleWebKit/537.36 (KHTML, like Gecko) Chrome/131.0.0.0 Safari/537.36; compatible; OAI-SearchBot/1.3; robots.txt; +https://openai.com/searchbot"
74.7.227.25 - - [02/Mar/2026:20:56:50 +0000] "GET /whsy.php?e=user.py&p=%2Fusr%2Flib64%2Fpython2.7%2Fsite-packages%2Fsepolicy%2Ftemplates HTTP/2.0" 200 3379 "https://www.23rdb.com.lab2454.com/whsy.php?p=%2Fusr%2Flib64%2Fpython2.7%2Fsite-packages%2Fsepolicy%2Ftemplates" "Mozilla/5.0 AppleWebKit/537.36 (KHTML, like Gecko; compatible; GPTBot/1.3; +https://openai.com/gptbot)"
74.7.227.25 - - [02/Mar/2026:20:59:01 +0000] "GET /whsy.php?e=user.pyo&p=%2Fusr%2Flib64%2Fpython2.7%2Fsite-packages%2Fsepolicy%2Ftemplates HTTP/2.0" 200 2103 "https://www.23rdb.com.lab2454.com/whsy.php?p=%2Fusr%2Flib64%2Fpython2.7%2Fsite-packages%2Fsepolicy%2Ftemplates" "Mozilla/5.0 AppleWebKit/537.36 (KHTML, like Gecko; compatible; GPTBot/1.3; +https://openai.com/gptbot)"
74.7.227.25 - - [02/Mar/2026:21:01:27 +0000] "GET /whsy.php?e=user.pyc&p=%2Fusr%2Flib64%2Fpython2.7%2Fsite-packages%2Fsepolicy%2Ftemplates HTTP/2.0" 200 2100 "https://www.23rdb.com.lab2454.com/whsy.php?p=%2Fusr%2Flib64%2Fpython2.7%2Fsite-packages%2Fsepolicy%2Ftemplates" "Mozilla/5.0 AppleWebKit/537.36 (KHTML, like Gecko; compatible; GPTBot/1.3; +https://openai.com/gptbot)"
74.7.241.178 - - [02/Mar/2026:21:01:28 +0000] "GET /robots.txt HTTP/2.0" 404 - "-" "Mozilla/5.0 (Macintosh; Intel Mac OS X 10_15_7) AppleWebKit/537.36 (KHTML, like Gecko) Chrome/131.0.0.0 Safari/537.36; compatible; OAI-SearchBot/1.3; robots.txt; +https://openai.com/searchbot"
74.7.227.25 - - [02/Mar/2026:21:03:38 +0000] "GET /whsy.php?e=src_valid_mark&p=%2Fproc%2Fsys%2Fnet%2Fipv4%2Fconf%2Fip6tnl0 HTTP/2.0" 200 1744 "https://www.23rdb.com.lab2454.com/whsy.php?e=drop_unicast_in_l2_multicast&p=%2Fproc%2Fsys%2Fnet%2Fipv4%2Fconf%2Fip6tnl0" "Mozilla/5.0 AppleWebKit/537.36 (KHTML, like Gecko; compatible; GPTBot/1.3; +https://openai.com/gptbot)"
74.7.227.25 - - [02/Mar/2026:21:05:59 +0000] "GET /whsy.php?e=readme.txt&p=%2Fhome%2Flab2454c%2Fmact34.com%2Fwp-content%2Fthemes%2Ftwentynineteen HTTP/2.0" 200 3015 "https://www.23rdb.com.lab2454.com/whsy.php?p=%2Fhome%2Flab2454c%2Fmact34.com%2Fwp-content%2Fthemes%2Ftwentynineteen" "Mozilla/5.0 AppleWebKit/537.36 (KHTML, like Gecko; compatible; GPTBot/1.3; +https://openai.com/gptbot)"
74.7.227.25 - - [02/Mar/2026:21:08:37 +0000] "GET /whsy.php?e=awstats.archfort.com.lab2454.com.conf&p=%2Fhome%2Flab2454c%2Ftmp%2Fawstats%2Fssl HTTP/2.0" 200 160000 "https://www.23rdb.com.lab2454.com/whsy.php?p=%2Fhome%2Flab2454c%2Ftmp%2Fawstats%2Fssl" "Mozilla/5.0 AppleWebKit/537.36 (KHTML, like Gecko; compatible; GPTBot/1.3; +https://openai.com/gptbot)"
74.7.241.178 - - [02/Mar/2026:21:08:39 +0000] "GET /robots.txt HTTP/2.0" 404 - "-" "Mozilla/5.0 (Macintosh; Intel Mac OS X 10_15_7) AppleWebKit/537.36 (KHTML, like Gecko) Chrome/131.0.0.0 Safari/537.36; compatible; OAI-SearchBot/1.3; robots.txt; +https://openai.com/searchbot"
74.7.227.25 - - [02/Mar/2026:21:10:52 +0000] "GET /whsy.php?e=user-edit.php&p=%2Fhome%2Flab2454c%2Fnetxzero.com%2Fwp-admin%2Fnetwork HTTP/2.0" 200 1676 "https://www.23rdb.com.lab2454.com/whsy.php?e=profile.php&p=%2Fhome%2Flab2454c%2Fnetxzero.com%2Fwp-admin%2Fnetwork" "Mozilla/5.0 AppleWebKit/537.36 (KHTML, like Gecko; compatible; GPTBot/1.3; +https://openai.com/gptbot)"
74.7.227.25 - - [02/Mar/2026:21:13:04 +0000] "GET /whsy.php?e=X0ff3886c102d9a8da680ebc542e0b325.json&p=%2Fhome%2Flab2454c%2Fcostbloc.com%2Fstorage%2Fdebugbar HTTP/2.0" 200 8117 "https://www.23rdb.com.lab2454.com/whsy.php?p=%2Fhome%2Flab2454c%2Fcostbloc.com%2Fstorage%2Fdebugbar" "Mozilla/5.0 AppleWebKit/537.36 (KHTML, like Gecko; compatible; GPTBot/1.3; +https://openai.com/gptbot)"
74.7.227.25 - - [02/Mar/2026:21:15:12 +0000] "GET /whsy.php?e=Xdbdd84fea67866466cf693551dc0e81d.json&p=%2Fhome%2Flab2454c%2Fcostbloc.com%2Fstorage%2Fdebugbar HTTP/2.0" 200 8114 "https://www.23rdb.com.lab2454.com/whsy.php?p=%2Fhome%2Flab2454c%2Fcostbloc.com%2Fstorage%2Fdebugbar" "Mozilla/5.0 AppleWebKit/537.36 (KHTML, like Gecko; compatible; GPTBot/1.3; +https://openai.com/gptbot)"
74.7.241.178 - - [02/Mar/2026:21:15:13 +0000] "GET /robots.txt HTTP/2.0" 404 - "-" "Mozilla/5.0 (Macintosh; Intel Mac OS X 10_15_7) AppleWebKit/537.36 (KHTML, like Gecko) Chrome/131.0.0.0 Safari/537.36; compatible; OAI-SearchBot/1.3; robots.txt; +https://openai.com/searchbot"
74.7.227.25 - - [02/Mar/2026:21:17:20 +0000] "GET /whsy.php?p=%2Fhome%2Flab2454c%2Fadenbic.com%2Fwp-content%2Fthemes%2Ftwentytwenty%2Ftemplate-parts HTTP/2.0" 200 1027 "https://www.23rdb.com.lab2454.com/whsy.php?p=%2Fhome%2Flab2454c%2Fadenbic.com%2Fwp-content%2Fthemes%2Ftwentytwenty" "Mozilla/5.0 AppleWebKit/537.36 (KHTML, like Gecko; compatible; GPTBot/1.3; +https://openai.com/gptbot)"
74.7.227.25 - - [02/Mar/2026:21:19:49 +0000] "GET /whsy.php?e=one-page-scroll.js&p=%2Fhome%2Flab2454c%2Finvest.westernclear.com%2Fwp-content%2Fplugins%2Felementskit-lite%2Fmodules%2Fonepage-scroll%2Fassets%2Fjs HTTP/2.0" 200 15048 "https://www.23rdb.com.lab2454.com/whsy.php?p=%2Fhome%2Flab2454c%2Finvest.westernclear.com%2Fwp-content%2Fplugins%2Felementskit-lite%2Fmodules%2Fonepage-scroll%2Fassets%2Fjs" "Mozilla/5.0 AppleWebKit/537.36 (KHTML, like Gecko; compatible; GPTBot/1.3; +https://openai.com/gptbot)"
74.7.227.25 - - [02/Mar/2026:21:22:18 +0000] "GET /whsy.php?e=backuply.zip&p=%2Fvar%2Fsoftaculous%2Fwp_plugins HTTP/2.0" 200 1289 "https://www.23rdb.com.lab2454.com/whsy.php?p=%2Fvar%2Fsoftaculous%2Fwp_plugins" "Mozilla/5.0 AppleWebKit/537.36 (KHTML, like Gecko; compatible; GPTBot/1.3; +https://openai.com/gptbot)"
74.7.241.178 - - [02/Mar/2026:21:22:20 +0000] "GET /robots.txt HTTP/2.0" 404 - "-" "Mozilla/5.0 (Macintosh; Intel Mac OS X 10_15_7) AppleWebKit/537.36 (KHTML, like Gecko) Chrome/131.0.0.0 Safari/537.36; compatible; OAI-SearchBot/1.3; robots.txt; +https://openai.com/searchbot"
74.7.227.25 - - [02/Mar/2026:21:24:21 +0000] "GET /whsy.php?e=handpicked-products-style.asset.php&p=%2Fhome%2Flab2454c%2Fadenbic.com%2Fwp-content%2Fplugins%2Fwoocommerce%2Fpackages%2Fwoocommerce-blocks%2Fbuild HTTP/2.0" 200 15622 "https://www.23rdb.com.lab2454.com/whsy.php?p=%2Fhome%2Flab2454c%2Fadenbic.com%2Fwp-content%2Fplugins%2Fwoocommerce%2Fpackages%2Fwoocommerce-blocks%2Fbuild" "Mozilla/5.0 AppleWebKit/537.36 (KHTML, like Gecko; compatible; GPTBot/1.3; +https://openai.com/gptbot)"
74.7.227.25 - - [02/Mar/2026:21:26:51 +0000] "GET /whsy.php?e=handpicked-products.asset.php&p=%2Fhome%2Flab2454c%2Ffcxpro.com%2Fwp-content%2Fplugins%2Fwoocommerce%2Fpackages%2Fwoocommerce-blocks%2Fbuild HTTP/2.0" 200 5081 "https://www.23rdb.com.lab2454.com/whsy.php?p=%2Fhome%2Flab2454c%2Ffcxpro.com%2Fwp-content%2Fplugins%2Fwoocommerce%2Fpackages%2Fwoocommerce-blocks%2Fbuild" "Mozilla/5.0 AppleWebKit/537.36 (KHTML, like Gecko; compatible; GPTBot/1.3; +https://openai.com/gptbot)"
74.7.227.25 - - [02/Mar/2026:21:29:31 +0000] "GET /whsy.php?e=arch_status&p=%2Fproc%2F31008 HTTP/2.0" 200 828 "https://www.23rdb.com.lab2454.com/whsy.php?p=%2Fproc%2F31008" "Mozilla/5.0 AppleWebKit/537.36 (KHTML, like Gecko; compatible; GPTBot/1.3; +https://openai.com/gptbot)"
74.7.241.178 - - [02/Mar/2026:21:29:32 +0000] "GET /robots.txt HTTP/2.0" 404 - "-" "Mozilla/5.0 (Macintosh; Intel Mac OS X 10_15_7) AppleWebKit/537.36 (KHTML, like Gecko) Chrome/131.0.0.0 Safari/537.36; compatible; OAI-SearchBot/1.3; robots.txt; +https://openai.com/searchbot"
74.7.227.25 - - [02/Mar/2026:21:32:00 +0000] "GET /whsy.php?e=arch_status&p=%2Fproc%2F30271 HTTP/2.0" 200 828 "https://www.23rdb.com.lab2454.com/whsy.php?p=%2Fproc%2F30271" "Mozilla/5.0 AppleWebKit/537.36 (KHTML, like Gecko; compatible; GPTBot/1.3; +https://openai.com/gptbot)"
74.7.227.25 - - [02/Mar/2026:21:34:13 +0000] "GET /whsy.php?e=arch_status&p=%2Fproc%2F26714 HTTP/2.0" 200 828 "https://www.23rdb.com.lab2454.com/whsy.php?p=%2Fproc%2F26714" "Mozilla/5.0 AppleWebKit/537.36 (KHTML, like Gecko; compatible; GPTBot/1.3; +https://openai.com/gptbot)"
74.7.227.25 - - [02/Mar/2026:21:36:55 +0000] "GET /whsy.php?e=arch_status&p=%2Fproc%2F16157 HTTP/2.0" 200 828 "https://www.23rdb.com.lab2454.com/whsy.php?p=%2Fproc%2F16157" "Mozilla/5.0 AppleWebKit/537.36 (KHTML, like Gecko; compatible; GPTBot/1.3; +https://openai.com/gptbot)"
74.7.241.178 - - [02/Mar/2026:21:36:56 +0000] "GET /robots.txt HTTP/2.0" 404 - "-" "Mozilla/5.0 (Macintosh; Intel Mac OS X 10_15_7) AppleWebKit/537.36 (KHTML, like Gecko) Chrome/131.0.0.0 Safari/537.36; compatible; OAI-SearchBot/1.3; robots.txt; +https://openai.com/searchbot"
74.7.227.25 - - [02/Mar/2026:21:39:06 +0000] "GET /whsy.php?e=arch_status&p=%2Fproc%2F30126 HTTP/2.0" 200 828 "https://www.23rdb.com.lab2454.com/whsy.php?p=%2Fproc%2F30126" "Mozilla/5.0 AppleWebKit/537.36 (KHTML, like Gecko; compatible; GPTBot/1.3; +https://openai.com/gptbot)"
74.7.227.25 - - [02/Mar/2026:21:41:37 +0000] "GET /whsy.php?e=arch_status&p=%2Fproc%2F25189 HTTP/2.0" 200 828 "https://www.23rdb.com.lab2454.com/whsy.php?p=%2Fproc%2F25189" "Mozilla/5.0 AppleWebKit/537.36 (KHTML, like Gecko; compatible; GPTBot/1.3; +https://openai.com/gptbot)"
74.7.227.25 - - [02/Mar/2026:21:43:41 +0000] "GET /whsy.php?e=arch_status&p=%2Fproc%2F16799 HTTP/2.0" 200 828 "https://www.23rdb.com.lab2454.com/whsy.php?p=%2Fproc%2F16799" "Mozilla/5.0 AppleWebKit/537.36 (KHTML, like Gecko; compatible; GPTBot/1.3; +https://openai.com/gptbot)"
74.7.241.178 - - [02/Mar/2026:21:43:42 +0000] "GET /robots.txt HTTP/2.0" 404 - "-" "Mozilla/5.0 (Macintosh; Intel Mac OS X 10_15_7) AppleWebKit/537.36 (KHTML, like Gecko) Chrome/131.0.0.0 Safari/537.36; compatible; OAI-SearchBot/1.3; robots.txt; +https://openai.com/searchbot"
74.7.227.25 - - [02/Mar/2026:21:46:20 +0000] "GET /whsy.php?e=arch_status&p=%2Fproc%2F31438 HTTP/2.0" 200 828 "https://www.23rdb.com.lab2454.com/whsy.php?p=%2Fproc%2F31438" "Mozilla/5.0 AppleWebKit/537.36 (KHTML, like Gecko; compatible; GPTBot/1.3; +https://openai.com/gptbot)"
74.7.227.25 - - [02/Mar/2026:21:48:37 +0000] "GET /whsy.php?e=arch_status&p=%2Fproc%2F29806 HTTP/2.0" 200 828 "https://www.23rdb.com.lab2454.com/whsy.php?p=%2Fproc%2F29806" "Mozilla/5.0 AppleWebKit/537.36 (KHTML, like Gecko; compatible; GPTBot/1.3; +https://openai.com/gptbot)"
74.7.227.25 - - [02/Mar/2026:21:50:53 +0000] "GET /whsy.php?e=arch_status&p=%2Fproc%2F10840 HTTP/2.0" 200 828 "https://www.23rdb.com.lab2454.com/whsy.php?p=%2Fproc%2F10840" "Mozilla/5.0 AppleWebKit/537.36 (KHTML, like Gecko; compatible; GPTBot/1.3; +https://openai.com/gptbot)"
74.7.241.178 - - [02/Mar/2026:21:50:54 +0000] "GET /robots.txt HTTP/2.0" 404 - "-" "Mozilla/5.0 (Macintosh; Intel Mac OS X 10_15_7) AppleWebKit/537.36 (KHTML, like Gecko) Chrome/131.0.0.0 Safari/537.36; compatible; OAI-SearchBot/1.3; robots.txt; +https://openai.com/searchbot"
74.7.227.25 - - [02/Mar/2026:21:53:13 +0000] "GET /whsy.php?e=arch_status&p=%2Fproc%2F16718 HTTP/2.0" 200 828 "https://www.23rdb.com.lab2454.com/whsy.php?p=%2Fproc%2F16718" "Mozilla/5.0 AppleWebKit/537.36 (KHTML, like Gecko; compatible; GPTBot/1.3; +https://openai.com/gptbot)"
74.7.227.25 - - [02/Mar/2026:21:55:54 +0000] "GET /whsy.php?e=arch_status&p=%2Fproc%2F30413 HTTP/2.0" 200 828 "https://www.23rdb.com.lab2454.com/whsy.php?p=%2Fproc%2F30413" "Mozilla/5.0 AppleWebKit/537.36 (KHTML, like Gecko; compatible; GPTBot/1.3; +https://openai.com/gptbot)"
74.7.241.178 - - [02/Mar/2026:21:55:55 +0000] "GET /robots.txt HTTP/2.0" 404 - "-" "Mozilla/5.0 (Macintosh; Intel Mac OS X 10_15_7) AppleWebKit/537.36 (KHTML, like Gecko) Chrome/131.0.0.0 Safari/537.36; compatible; OAI-SearchBot/1.3; robots.txt; +https://openai.com/searchbot"
74.7.227.25 - - [02/Mar/2026:21:58:50 +0000] "GET /whsy.php?e=arch_status&p=%2Fproc%2F31403 HTTP/2.0" 200 828 "https://www.23rdb.com.lab2454.com/whsy.php?p=%2Fproc%2F31403" "Mozilla/5.0 AppleWebKit/537.36 (KHTML, like Gecko; compatible; GPTBot/1.3; +https://openai.com/gptbot)"
74.7.227.25 - - [02/Mar/2026:22:01:29 +0000] "GET /whsy.php?e=arch_status&p=%2Fproc%2F11703 HTTP/2.0" 200 828 "https://www.23rdb.com.lab2454.com/whsy.php?p=%2Fproc%2F11703" "Mozilla/5.0 AppleWebKit/537.36 (KHTML, like Gecko; compatible; GPTBot/1.3; +https://openai.com/gptbot)"
74.7.241.178 - - [02/Mar/2026:22:01:30 +0000] "GET /robots.txt HTTP/2.0" 404 - "-" "Mozilla/5.0 (Macintosh; Intel Mac OS X 10_15_7) AppleWebKit/537.36 (KHTML, like Gecko) Chrome/131.0.0.0 Safari/537.36; compatible; OAI-SearchBot/1.3; robots.txt; +https://openai.com/searchbot"
74.7.227.25 - - [02/Mar/2026:22:04:00 +0000] "GET /whsy.php?e=arch_status&p=%2Fproc%2F29378 HTTP/2.0" 200 828 "https://www.23rdb.com.lab2454.com/whsy.php?p=%2Fproc%2F29378" "Mozilla/5.0 AppleWebKit/537.36 (KHTML, like Gecko; compatible; GPTBot/1.3; +https://openai.com/gptbot)"
74.7.227.25 - - [02/Mar/2026:22:07:05 +0000] "GET /whsy.php?e=arch_status&p=%2Fproc%2F32679 HTTP/2.0" 200 828 "https://www.23rdb.com.lab2454.com/whsy.php?p=%2Fproc%2F32679" "Mozilla/5.0 AppleWebKit/537.36 (KHTML, like Gecko; compatible; GPTBot/1.3; +https://openai.com/gptbot)"
74.7.241.178 - - [02/Mar/2026:22:07:06 +0000] "GET /robots.txt HTTP/2.0" 404 - "-" "Mozilla/5.0 (Macintosh; Intel Mac OS X 10_15_7) AppleWebKit/537.36 (KHTML, like Gecko) Chrome/131.0.0.0 Safari/537.36; compatible; OAI-SearchBot/1.3; robots.txt; +https://openai.com/searchbot"
74.7.227.25 - - [02/Mar/2026:22:09:53 +0000] "GET /whsy.php?e=arch_status&p=%2Fproc%2F13082 HTTP/2.0" 200 828 "https://www.23rdb.com.lab2454.com/whsy.php?p=%2Fproc%2F13082" "Mozilla/5.0 AppleWebKit/537.36 (KHTML, like Gecko; compatible; GPTBot/1.3; +https://openai.com/gptbot)"
74.7.227.25 - - [02/Mar/2026:22:12:25 +0000] "GET /whsy.php?e=arch_status&p=%2Fproc%2F15045 HTTP/2.0" 200 828 "https://www.23rdb.com.lab2454.com/whsy.php?p=%2Fproc%2F15045" "Mozilla/5.0 AppleWebKit/537.36 (KHTML, like Gecko; compatible; GPTBot/1.3; +https://openai.com/gptbot)"
74.7.241.178 - - [02/Mar/2026:22:12:26 +0000] "GET /robots.txt HTTP/2.0" 404 - "-" "Mozilla/5.0 (Macintosh; Intel Mac OS X 10_15_7) AppleWebKit/537.36 (KHTML, like Gecko) Chrome/131.0.0.0 Safari/537.36; compatible; OAI-SearchBot/1.3; robots.txt; +https://openai.com/searchbot"
74.7.227.25 - - [02/Mar/2026:22:14:47 +0000] "GET /whsy.php?e=arch_status&p=%2Fproc%2F20945 HTTP/2.0" 200 828 "https://www.23rdb.com.lab2454.com/whsy.php?p=%2Fproc%2F20945" "Mozilla/5.0 AppleWebKit/537.36 (KHTML, like Gecko; compatible; GPTBot/1.3; +https://openai.com/gptbot)"
74.7.227.25 - - [02/Mar/2026:22:17:15 +0000] "GET /whsy.php?e=arch_status&p=%2Fproc%2F13629 HTTP/2.0" 200 828 "https://www.23rdb.com.lab2454.com/whsy.php?p=%2Fproc%2F13629" "Mozilla/5.0 AppleWebKit/537.36 (KHTML, like Gecko; compatible; GPTBot/1.3; +https://openai.com/gptbot)"
74.7.227.25 - - [02/Mar/2026:22:19:43 +0000] "GET /whsy.php?e=arch_status&p=%2Fproc%2F19938 HTTP/2.0" 200 828 "https://www.23rdb.com.lab2454.com/whsy.php?p=%2Fproc%2F19938" "Mozilla/5.0 AppleWebKit/537.36 (KHTML, like Gecko; compatible; GPTBot/1.3; +https://openai.com/gptbot)"
74.7.241.178 - - [02/Mar/2026:22:19:44 +0000] "GET /robots.txt HTTP/2.0" 404 - "-" "Mozilla/5.0 (Macintosh; Intel Mac OS X 10_15_7) AppleWebKit/537.36 (KHTML, like Gecko) Chrome/131.0.0.0 Safari/537.36; compatible; OAI-SearchBot/1.3; robots.txt; +https://openai.com/searchbot"
74.7.227.25 - - [02/Mar/2026:22:22:35 +0000] "GET /whsy.php?e=arch_status&p=%2Fproc%2F17688 HTTP/2.0" 200 828 "https://www.23rdb.com.lab2454.com/whsy.php?p=%2Fproc%2F17688" "Mozilla/5.0 AppleWebKit/537.36 (KHTML, like Gecko; compatible; GPTBot/1.3; +https://openai.com/gptbot)"
74.7.227.25 - - [02/Mar/2026:22:25:09 +0000] "GET /whsy.php?e=arch_status&p=%2Fproc%2F29876 HTTP/2.0" 200 828 "https://www.23rdb.com.lab2454.com/whsy.php?p=%2Fproc%2F29876" "Mozilla/5.0 AppleWebKit/537.36 (KHTML, like Gecko; compatible; GPTBot/1.3; +https://openai.com/gptbot)"
74.7.241.178 - - [02/Mar/2026:22:25:10 +0000] "GET /robots.txt HTTP/2.0" 404 - "-" "Mozilla/5.0 (Macintosh; Intel Mac OS X 10_15_7) AppleWebKit/537.36 (KHTML, like Gecko) Chrome/131.0.0.0 Safari/537.36; compatible; OAI-SearchBot/1.3; robots.txt; +https://openai.com/searchbot"
74.7.227.25 - - [02/Mar/2026:22:27:38 +0000] "GET /whsy.php?e=arch_status&p=%2Fproc%2F13778 HTTP/2.0" 200 828 "https://www.23rdb.com.lab2454.com/whsy.php?p=%2Fproc%2F13778" "Mozilla/5.0 AppleWebKit/537.36 (KHTML, like Gecko; compatible; GPTBot/1.3; +https://openai.com/gptbot)"
74.7.227.25 - - [02/Mar/2026:22:30:13 +0000] "GET /whsy.php?e=arch_status&p=%2Fproc%2F31514 HTTP/2.0" 200 828 "https://www.23rdb.com.lab2454.com/whsy.php?p=%2Fproc%2F31514" "Mozilla/5.0 AppleWebKit/537.36 (KHTML, like Gecko; compatible; GPTBot/1.3; +https://openai.com/gptbot)"
74.7.241.178 - - [02/Mar/2026:22:30:14 +0000] "GET /robots.txt HTTP/2.0" 404 - "-" "Mozilla/5.0 (Macintosh; Intel Mac OS X 10_15_7) AppleWebKit/537.36 (KHTML, like Gecko) Chrome/131.0.0.0 Safari/537.36; compatible; OAI-SearchBot/1.3; robots.txt; +https://openai.com/searchbot"
74.7.227.25 - - [02/Mar/2026:22:33:16 +0000] "GET /whsy.php?e=arch_status&p=%2Fproc%2F21369 HTTP/2.0" 200 828 "https://www.23rdb.com.lab2454.com/whsy.php?p=%2Fproc%2F21369" "Mozilla/5.0 AppleWebKit/537.36 (KHTML, like Gecko; compatible; GPTBot/1.3; +https://openai.com/gptbot)"
74.7.227.25 - - [02/Mar/2026:22:36:05 +0000] "GET /whsy.php?e=arch_status&p=%2Fproc%2F10966 HTTP/2.0" 200 828 "https://www.23rdb.com.lab2454.com/whsy.php?p=%2Fproc%2F10966" "Mozilla/5.0 AppleWebKit/537.36 (KHTML, like Gecko; compatible; GPTBot/1.3; +https://openai.com/gptbot)"
74.7.227.25 - - [02/Mar/2026:22:38:10 +0000] "GET /whsy.php?e=arch_status&p=%2Fproc%2F19749 HTTP/2.0" 200 828 "https://www.23rdb.com.lab2454.com/whsy.php?p=%2Fproc%2F19749" "Mozilla/5.0 AppleWebKit/537.36 (KHTML, like Gecko; compatible; GPTBot/1.3; +https://openai.com/gptbot)"
74.7.227.25 - - [02/Mar/2026:22:40:36 +0000] "GET /whsy.php?e=arch_status&p=%2Fproc%2F31347 HTTP/2.0" 200 828 "https://www.23rdb.com.lab2454.com/whsy.php?p=%2Fproc%2F31347" "Mozilla/5.0 AppleWebKit/537.36 (KHTML, like Gecko; compatible; GPTBot/1.3; +https://openai.com/gptbot)"
74.7.227.25 - - [02/Mar/2026:22:42:56 +0000] "GET /whsy.php?e=arch_status&p=%2Fproc%2F24319 HTTP/2.0" 200 828 "https://www.23rdb.com.lab2454.com/whsy.php?p=%2Fproc%2F24319" "Mozilla/5.0 AppleWebKit/537.36 (KHTML, like Gecko; compatible; GPTBot/1.3; +https://openai.com/gptbot)"
74.7.241.178 - - [02/Mar/2026:22:42:57 +0000] "GET /robots.txt HTTP/2.0" 404 - "-" "Mozilla/5.0 (Macintosh; Intel Mac OS X 10_15_7) AppleWebKit/537.36 (KHTML, like Gecko) Chrome/131.0.0.0 Safari/537.36; compatible; OAI-SearchBot/1.3; robots.txt; +https://openai.com/searchbot"
74.7.227.25 - - [02/Mar/2026:22:44:22 +0000] "GET /whsy.php?e=arch_status&p=%2Fproc%2F14737 HTTP/2.0" 200 828 "https://www.23rdb.com.lab2454.com/whsy.php?p=%2Fproc%2F14737" "Mozilla/5.0 AppleWebKit/537.36 (KHTML, like Gecko; compatible; GPTBot/1.3; +https://openai.com/gptbot)"
74.7.227.25 - - [02/Mar/2026:22:45:55 +0000] "GET /whsy.php?e=arch_status&p=%2Fproc%2F13571 HTTP/2.0" 200 828 "https://www.23rdb.com.lab2454.com/whsy.php?p=%2Fproc%2F13571" "Mozilla/5.0 AppleWebKit/537.36 (KHTML, like Gecko; compatible; GPTBot/1.3; +https://openai.com/gptbot)"
74.7.227.25 - - [02/Mar/2026:22:47:19 +0000] "GET /whsy.php?e=arch_status&p=%2Fproc%2F15600 HTTP/2.0" 200 828 "https://www.23rdb.com.lab2454.com/whsy.php?p=%2Fproc%2F15600" "Mozilla/5.0 AppleWebKit/537.36 (KHTML, like Gecko; compatible; GPTBot/1.3; +https://openai.com/gptbot)"
74.7.227.25 - - [02/Mar/2026:22:48:38 +0000] "GET /whsy.php?e=arch_status&p=%2Fproc%2F17138 HTTP/2.0" 200 828 "https://www.23rdb.com.lab2454.com/whsy.php?p=%2Fproc%2F17138" "Mozilla/5.0 AppleWebKit/537.36 (KHTML, like Gecko; compatible; GPTBot/1.3; +https://openai.com/gptbot)"
74.7.241.178 - - [02/Mar/2026:22:48:39 +0000] "GET /robots.txt HTTP/2.0" 404 - "-" "Mozilla/5.0 (Macintosh; Intel Mac OS X 10_15_7) AppleWebKit/537.36 (KHTML, like Gecko) Chrome/131.0.0.0 Safari/537.36; compatible; OAI-SearchBot/1.3; robots.txt; +https://openai.com/searchbot"
74.7.227.25 - - [02/Mar/2026:22:49:48 +0000] "GET /whsy.php?e=arch_status&p=%2Fproc%2F15341 HTTP/2.0" 200 828 "https://www.23rdb.com.lab2454.com/whsy.php?p=%2Fproc%2F15341" "Mozilla/5.0 AppleWebKit/537.36 (KHTML, like Gecko; compatible; GPTBot/1.3; +https://openai.com/gptbot)"
74.7.227.25 - - [02/Mar/2026:22:51:13 +0000] "GET /whsy.php?e=arch_status&p=%2Fproc%2F17686 HTTP/2.0" 200 828 "https://www.23rdb.com.lab2454.com/whsy.php?p=%2Fproc%2F17686" "Mozilla/5.0 AppleWebKit/537.36 (KHTML, like Gecko; compatible; GPTBot/1.3; +https://openai.com/gptbot)"
74.7.227.25 - - [02/Mar/2026:22:52:24 +0000] "GET /whsy.php?e=arch_status&p=%2Fproc%2F17824 HTTP/2.0" 200 828 "https://www.23rdb.com.lab2454.com/whsy.php?p=%2Fproc%2F17824" "Mozilla/5.0 AppleWebKit/537.36 (KHTML, like Gecko; compatible; GPTBot/1.3; +https://openai.com/gptbot)"
74.7.227.25 - - [02/Mar/2026:22:53:55 +0000] "GET /whsy.php?e=arch_status&p=%2Fproc%2F29516 HTTP/2.0" 200 828 "https://www.23rdb.com.lab2454.com/whsy.php?p=%2Fproc%2F29516" "Mozilla/5.0 AppleWebKit/537.36 (KHTML, like Gecko; compatible; GPTBot/1.3; +https://openai.com/gptbot)"
74.7.241.178 - - [02/Mar/2026:22:53:57 +0000] "GET /robots.txt HTTP/2.0" 404 - "-" "Mozilla/5.0 (Macintosh; Intel Mac OS X 10_15_7) AppleWebKit/537.36 (KHTML, like Gecko) Chrome/131.0.0.0 Safari/537.36; compatible; OAI-SearchBot/1.3; robots.txt; +https://openai.com/searchbot"
74.7.227.25 - - [02/Mar/2026:22:55:40 +0000] "GET /whsy.php?e=arch_status&p=%2Fproc%2F12603 HTTP/2.0" 200 828 "https://www.23rdb.com.lab2454.com/whsy.php?p=%2Fproc%2F12603" "Mozilla/5.0 AppleWebKit/537.36 (KHTML, like Gecko; compatible; GPTBot/1.3; +https://openai.com/gptbot)"
74.7.227.25 - - [02/Mar/2026:22:57:24 +0000] "GET /whsy.php?e=arch_status&p=%2Fproc%2F14183 HTTP/2.0" 200 828 "https://www.23rdb.com.lab2454.com/whsy.php?p=%2Fproc%2F14183" "Mozilla/5.0 AppleWebKit/537.36 (KHTML, like Gecko; compatible; GPTBot/1.3; +https://openai.com/gptbot)"
74.7.227.25 - - [02/Mar/2026:22:59:07 +0000] "GET /whsy.php?e=arch_status&p=%2Fproc%2F23516 HTTP/2.0" 200 828 "https://www.23rdb.com.lab2454.com/whsy.php?p=%2Fproc%2F23516" "Mozilla/5.0 AppleWebKit/537.36 (KHTML, like Gecko; compatible; GPTBot/1.3; +https://openai.com/gptbot)"
74.7.241.178 - - [02/Mar/2026:22:59:08 +0000] "GET /robots.txt HTTP/2.0" 404 - "-" "Mozilla/5.0 (Macintosh; Intel Mac OS X 10_15_7) AppleWebKit/537.36 (KHTML, like Gecko) Chrome/131.0.0.0 Safari/537.36; compatible; OAI-SearchBot/1.3; robots.txt; +https://openai.com/searchbot"
74.7.227.25 - - [02/Mar/2026:23:01:14 +0000] "GET /whsy.php?e=arch_status&p=%2Fproc%2F21347 HTTP/2.0" 200 828 "https://www.23rdb.com.lab2454.com/whsy.php?p=%2Fproc%2F21347" "Mozilla/5.0 AppleWebKit/537.36 (KHTML, like Gecko; compatible; GPTBot/1.3; +https://openai.com/gptbot)"
74.7.227.25 - - [02/Mar/2026:23:03:11 +0000] "GET /whsy.php?e=arch_status&p=%2Fproc%2F18387 HTTP/2.0" 200 828 "https://www.23rdb.com.lab2454.com/whsy.php?p=%2Fproc%2F18387" "Mozilla/5.0 AppleWebKit/537.36 (KHTML, like Gecko; compatible; GPTBot/1.3; +https://openai.com/gptbot)"
74.7.227.25 - - [02/Mar/2026:23:05:15 +0000] "GET /whsy.php?e=arch_status&p=%2Fproc%2F24157 HTTP/2.0" 200 828 "https://www.23rdb.com.lab2454.com/whsy.php?p=%2Fproc%2F24157" "Mozilla/5.0 AppleWebKit/537.36 (KHTML, like Gecko; compatible; GPTBot/1.3; +https://openai.com/gptbot)"
74.7.241.178 - - [02/Mar/2026:23:05:16 +0000] "GET /robots.txt HTTP/2.0" 404 - "-" "Mozilla/5.0 (Macintosh; Intel Mac OS X 10_15_7) AppleWebKit/537.36 (KHTML, like Gecko) Chrome/131.0.0.0 Safari/537.36; compatible; OAI-SearchBot/1.3; robots.txt; +https://openai.com/searchbot"
74.7.227.25 - - [02/Mar/2026:23:07:23 +0000] "GET /whsy.php?e=arch_status&p=%2Fproc%2F17159 HTTP/2.0" 200 828 "https://www.23rdb.com.lab2454.com/whsy.php?p=%2Fproc%2F17159" "Mozilla/5.0 AppleWebKit/537.36 (KHTML, like Gecko; compatible; GPTBot/1.3; +https://openai.com/gptbot)"
74.7.227.25 - - [02/Mar/2026:23:09:16 +0000] "GET /whsy.php?e=arch_status&p=%2Fproc%2F13844 HTTP/2.0" 200 828 "https://www.23rdb.com.lab2454.com/whsy.php?p=%2Fproc%2F13844" "Mozilla/5.0 AppleWebKit/537.36 (KHTML, like Gecko; compatible; GPTBot/1.3; +https://openai.com/gptbot)"
74.7.227.25 - - [02/Mar/2026:23:11:09 +0000] "GET /whsy.php?e=arch_status&p=%2Fproc%2F26903 HTTP/2.0" 200 828 "https://www.23rdb.com.lab2454.com/whsy.php?p=%2Fproc%2F26903" "Mozilla/5.0 AppleWebKit/537.36 (KHTML, like Gecko; compatible; GPTBot/1.3; +https://openai.com/gptbot)"
74.7.241.178 - - [02/Mar/2026:23:11:10 +0000] "GET /robots.txt HTTP/2.0" 404 - "-" "Mozilla/5.0 (Macintosh; Intel Mac OS X 10_15_7) AppleWebKit/537.36 (KHTML, like Gecko) Chrome/131.0.0.0 Safari/537.36; compatible; OAI-SearchBot/1.3; robots.txt; +https://openai.com/searchbot"
74.7.227.25 - - [02/Mar/2026:23:12:56 +0000] "GET /whsy.php?e=arch_status&p=%2Fproc%2F26894 HTTP/2.0" 200 828 "https://www.23rdb.com.lab2454.com/whsy.php?p=%2Fproc%2F26894" "Mozilla/5.0 AppleWebKit/537.36 (KHTML, like Gecko; compatible; GPTBot/1.3; +https://openai.com/gptbot)"
74.7.227.25 - - [02/Mar/2026:23:14:38 +0000] "GET /whsy.php?e=arch_status&p=%2Fproc%2F30766 HTTP/2.0" 200 828 "https://www.23rdb.com.lab2454.com/whsy.php?p=%2Fproc%2F30766" "Mozilla/5.0 AppleWebKit/537.36 (KHTML, like Gecko; compatible; GPTBot/1.3; +https://openai.com/gptbot)"
74.7.227.25 - - [02/Mar/2026:23:16:27 +0000] "GET /whsy.php?e=arch_status&p=%2Fproc%2F24195 HTTP/2.0" 200 828 "https://www.23rdb.com.lab2454.com/whsy.php?p=%2Fproc%2F24195" "Mozilla/5.0 AppleWebKit/537.36 (KHTML, like Gecko; compatible; GPTBot/1.3; +https://openai.com/gptbot)"
74.7.241.178 - - [02/Mar/2026:23:16:29 +0000] "GET /robots.txt HTTP/2.0" 404 - "-" "Mozilla/5.0 (Macintosh; Intel Mac OS X 10_15_7) AppleWebKit/537.36 (KHTML, like Gecko) Chrome/131.0.0.0 Safari/537.36; compatible; OAI-SearchBot/1.3; robots.txt; +https://openai.com/searchbot"
74.7.227.25 - - [02/Mar/2026:23:18:13 +0000] "GET /whsy.php?e=arch_status&p=%2Fproc%2F31370 HTTP/2.0" 200 828 "https://www.23rdb.com.lab2454.com/whsy.php?p=%2Fproc%2F31370" "Mozilla/5.0 AppleWebKit/537.36 (KHTML, like Gecko; compatible; GPTBot/1.3; +https://openai.com/gptbot)"
74.7.227.25 - - [02/Mar/2026:23:20:13 +0000] "GET /whsy.php?e=arch_status&p=%2Fproc%2F12763 HTTP/2.0" 200 828 "https://www.23rdb.com.lab2454.com/whsy.php?p=%2Fproc%2F12763" "Mozilla/5.0 AppleWebKit/537.36 (KHTML, like Gecko; compatible; GPTBot/1.3; +https://openai.com/gptbot)"
74.7.227.25 - - [02/Mar/2026:23:22:09 +0000] "GET /whsy.php?e=arch_status&p=%2Fproc%2F19033 HTTP/2.0" 200 828 "https://www.23rdb.com.lab2454.com/whsy.php?p=%2Fproc%2F19033" "Mozilla/5.0 AppleWebKit/537.36 (KHTML, like Gecko; compatible; GPTBot/1.3; +https://openai.com/gptbot)"
74.7.241.178 - - [02/Mar/2026:23:22:10 +0000] "GET /robots.txt HTTP/2.0" 404 - "-" "Mozilla/5.0 (Macintosh; Intel Mac OS X 10_15_7) AppleWebKit/537.36 (KHTML, like Gecko) Chrome/131.0.0.0 Safari/537.36; compatible; OAI-SearchBot/1.3; robots.txt; +https://openai.com/searchbot"
74.7.227.25 - - [02/Mar/2026:23:23:46 +0000] "GET /whsy.php?e=arch_status&p=%2Fproc%2F27653 HTTP/2.0" 200 2006 "https://www.23rdb.com.lab2454.com/whsy.php?p=%2Fproc%2F27653" "Mozilla/5.0 AppleWebKit/537.36 (KHTML, like Gecko; compatible; GPTBot/1.3; +https://openai.com/gptbot)"
74.7.227.25 - - [02/Mar/2026:23:25:27 +0000] "GET /whsy.php?e=arch_status&p=%2Fproc%2F23948 HTTP/2.0" 200 828 "https://www.23rdb.com.lab2454.com/whsy.php?p=%2Fproc%2F23948" "Mozilla/5.0 AppleWebKit/537.36 (KHTML, like Gecko; compatible; GPTBot/1.3; +https://openai.com/gptbot)"
74.7.227.25 - - [02/Mar/2026:23:27:11 +0000] "GET /whsy.php?e=arch_status&p=%2Fproc%2F20457 HTTP/2.0" 200 828 "https://www.23rdb.com.lab2454.com/whsy.php?p=%2Fproc%2F20457" "Mozilla/5.0 AppleWebKit/537.36 (KHTML, like Gecko; compatible; GPTBot/1.3; +https://openai.com/gptbot)"
74.7.241.178 - - [02/Mar/2026:23:27:12 +0000] "GET /robots.txt HTTP/2.0" 404 - "-" "Mozilla/5.0 (Macintosh; Intel Mac OS X 10_15_7) AppleWebKit/537.36 (KHTML, like Gecko) Chrome/131.0.0.0 Safari/537.36; compatible; OAI-SearchBot/1.3; robots.txt; +https://openai.com/searchbot"
74.7.227.25 - - [02/Mar/2026:23:28:56 +0000] "GET /whsy.php?e=arch_status&p=%2Fproc%2F23680 HTTP/2.0" 200 828 "https://www.23rdb.com.lab2454.com/whsy.php?p=%2Fproc%2F23680" "Mozilla/5.0 AppleWebKit/537.36 (KHTML, like Gecko; compatible; GPTBot/1.3; +https://openai.com/gptbot)"
74.7.227.25 - - [02/Mar/2026:23:30:24 +0000] "GET /whsy.php?e=arch_status&p=%2Fproc%2F13981 HTTP/2.0" 200 828 "https://www.23rdb.com.lab2454.com/whsy.php?p=%2Fproc%2F13981" "Mozilla/5.0 AppleWebKit/537.36 (KHTML, like Gecko; compatible; GPTBot/1.3; +https://openai.com/gptbot)"
74.7.227.25 - - [02/Mar/2026:23:31:58 +0000] "GET /whsy.php?e=arch_status&p=%2Fproc%2F19165 HTTP/2.0" 200 828 "https://www.23rdb.com.lab2454.com/whsy.php?p=%2Fproc%2F19165" "Mozilla/5.0 AppleWebKit/537.36 (KHTML, like Gecko; compatible; GPTBot/1.3; +https://openai.com/gptbot)"
74.7.227.25 - - [02/Mar/2026:23:33:42 +0000] "GET /whsy.php?e=arch_status&p=%2Fproc%2F27461 HTTP/2.0" 200 828 "https://www.23rdb.com.lab2454.com/whsy.php?p=%2Fproc%2F27461" "Mozilla/5.0 AppleWebKit/537.36 (KHTML, like Gecko; compatible; GPTBot/1.3; +https://openai.com/gptbot)"
74.7.241.178 - - [02/Mar/2026:23:33:43 +0000] "GET /robots.txt HTTP/2.0" 404 - "-" "Mozilla/5.0 (Macintosh; Intel Mac OS X 10_15_7) AppleWebKit/537.36 (KHTML, like Gecko) Chrome/131.0.0.0 Safari/537.36; compatible; OAI-SearchBot/1.3; robots.txt; +https://openai.com/searchbot"
74.7.227.25 - - [02/Mar/2026:23:35:29 +0000] "GET /whsy.php?e=arch_status&p=%2Fproc%2F10723 HTTP/2.0" 200 828 "https://www.23rdb.com.lab2454.com/whsy.php?p=%2Fproc%2F10723" "Mozilla/5.0 AppleWebKit/537.36 (KHTML, like Gecko; compatible; GPTBot/1.3; +https://openai.com/gptbot)"
74.7.227.25 - - [02/Mar/2026:23:37:08 +0000] "GET /whsy.php?e=arch_status&p=%2Fproc%2F24710 HTTP/2.0" 200 2006 "https://www.23rdb.com.lab2454.com/whsy.php?p=%2Fproc%2F24710" "Mozilla/5.0 AppleWebKit/537.36 (KHTML, like Gecko; compatible; GPTBot/1.3; +https://openai.com/gptbot)"
74.7.227.25 - - [02/Mar/2026:23:38:44 +0000] "GET /whsy.php?e=arch_status&p=%2Fproc%2F14591 HTTP/2.0" 200 828 "https://www.23rdb.com.lab2454.com/whsy.php?p=%2Fproc%2F14591" "Mozilla/5.0 AppleWebKit/537.36 (KHTML, like Gecko; compatible; GPTBot/1.3; +https://openai.com/gptbot)"
74.7.227.25 - - [02/Mar/2026:23:40:38 +0000] "GET /whsy.php?e=arch_status&p=%2Fproc%2F24796 HTTP/2.0" 200 828 "https://www.23rdb.com.lab2454.com/whsy.php?p=%2Fproc%2F24796" "Mozilla/5.0 AppleWebKit/537.36 (KHTML, like Gecko; compatible; GPTBot/1.3; +https://openai.com/gptbot)"
74.7.227.25 - - [02/Mar/2026:23:42:47 +0000] "GET /whsy.php?e=arch_status&p=%2Fproc%2F20359 HTTP/2.0" 200 828 "https://www.23rdb.com.lab2454.com/whsy.php?p=%2Fproc%2F20359" "Mozilla/5.0 AppleWebKit/537.36 (KHTML, like Gecko; compatible; GPTBot/1.3; +https://openai.com/gptbot)"
74.7.227.25 - - [02/Mar/2026:23:44:48 +0000] "GET /whsy.php?e=arch_status&p=%2Fproc%2F30656 HTTP/2.0" 200 828 "https://www.23rdb.com.lab2454.com/whsy.php?p=%2Fproc%2F30656" "Mozilla/5.0 AppleWebKit/537.36 (KHTML, like Gecko; compatible; GPTBot/1.3; +https://openai.com/gptbot)"
74.7.241.178 - - [02/Mar/2026:23:44:50 +0000] "GET /robots.txt HTTP/2.0" 404 - "-" "Mozilla/5.0 (Macintosh; Intel Mac OS X 10_15_7) AppleWebKit/537.36 (KHTML, like Gecko) Chrome/131.0.0.0 Safari/537.36; compatible; OAI-SearchBot/1.3; robots.txt; +https://openai.com/searchbot"
74.7.227.25 - - [02/Mar/2026:23:46:59 +0000] "GET /whsy.php?e=arch_status&p=%2Fproc%2F30117 HTTP/2.0" 200 828 "https://www.23rdb.com.lab2454.com/whsy.php?p=%2Fproc%2F30117" "Mozilla/5.0 AppleWebKit/537.36 (KHTML, like Gecko; compatible; GPTBot/1.3; +https://openai.com/gptbot)"
74.7.227.25 - - [02/Mar/2026:23:49:08 +0000] "GET /whsy.php?e=arch_status&p=%2Fproc%2F28349 HTTP/2.0" 200 828 "https://www.23rdb.com.lab2454.com/whsy.php?p=%2Fproc%2F28349" "Mozilla/5.0 AppleWebKit/537.36 (KHTML, like Gecko; compatible; GPTBot/1.3; +https://openai.com/gptbot)"
74.7.227.25 - - [02/Mar/2026:23:50:38 +0000] "GET /whsy.php?e=arch_status&p=%2Fproc%2F13779 HTTP/2.0" 200 828 "https://www.23rdb.com.lab2454.com/whsy.php?p=%2Fproc%2F13779" "Mozilla/5.0 AppleWebKit/537.36 (KHTML, like Gecko; compatible; GPTBot/1.3; +https://openai.com/gptbot)"
74.7.241.178 - - [02/Mar/2026:23:50:39 +0000] "GET /robots.txt HTTP/2.0" 404 - "-" "Mozilla/5.0 (Macintosh; Intel Mac OS X 10_15_7) AppleWebKit/537.36 (KHTML, like Gecko) Chrome/131.0.0.0 Safari/537.36; compatible; OAI-SearchBot/1.3; robots.txt; +https://openai.com/searchbot"
74.7.227.25 - - [02/Mar/2026:23:52:24 +0000] "GET /whsy.php?e=arch_status&p=%2Fproc%2F10825 HTTP/2.0" 200 828 "https://www.23rdb.com.lab2454.com/whsy.php?p=%2Fproc%2F10825" "Mozilla/5.0 AppleWebKit/537.36 (KHTML, like Gecko; compatible; GPTBot/1.3; +https://openai.com/gptbot)"
74.7.227.25 - - [02/Mar/2026:23:53:55 +0000] "GET /whsy.php?e=arch_status&p=%2Fproc%2F21567 HTTP/2.0" 200 828 "https://www.23rdb.com.lab2454.com/whsy.php?p=%2Fproc%2F21567" "Mozilla/5.0 AppleWebKit/537.36 (KHTML, like Gecko; compatible; GPTBot/1.3; +https://openai.com/gptbot)"
74.7.227.25 - - [02/Mar/2026:23:55:22 +0000] "GET /whsy.php?e=arch_status&p=%2Fproc%2F27458 HTTP/2.0" 200 828 "https://www.23rdb.com.lab2454.com/whsy.php?p=%2Fproc%2F27458" "Mozilla/5.0 AppleWebKit/537.36 (KHTML, like Gecko; compatible; GPTBot/1.3; +https://openai.com/gptbot)"
74.7.227.25 - - [02/Mar/2026:23:57:04 +0000] "GET /whsy.php?e=arch_status&p=%2Fproc%2F26548 HTTP/2.0" 200 828 "https://www.23rdb.com.lab2454.com/whsy.php?p=%2Fproc%2F26548" "Mozilla/5.0 AppleWebKit/537.36 (KHTML, like Gecko; compatible; GPTBot/1.3; +https://openai.com/gptbot)"
74.7.241.178 - - [02/Mar/2026:23:57:05 +0000] "GET /robots.txt HTTP/2.0" 404 - "-" "Mozilla/5.0 (Macintosh; Intel Mac OS X 10_15_7) AppleWebKit/537.36 (KHTML, like Gecko) Chrome/131.0.0.0 Safari/537.36; compatible; OAI-SearchBot/1.3; robots.txt; +https://openai.com/searchbot"
74.7.227.25 - - [02/Mar/2026:23:58:30 +0000] "GET /whsy.php?e=arch_status&p=%2Fproc%2F12938 HTTP/2.0" 200 828 "https://www.23rdb.com.lab2454.com/whsy.php?p=%2Fproc%2F12938" "Mozilla/5.0 AppleWebKit/537.36 (KHTML, like Gecko; compatible; GPTBot/1.3; +https://openai.com/gptbot)"
74.7.227.25 - - [03/Mar/2026:00:00:08 +0000] "GET /whsy.php?e=arch_status&p=%2Fproc%2F17739 HTTP/2.0" 200 828 "https://www.23rdb.com.lab2454.com/whsy.php?p=%2Fproc%2F17739" "Mozilla/5.0 AppleWebKit/537.36 (KHTML, like Gecko; compatible; GPTBot/1.3; +https://openai.com/gptbot)"
74.7.227.25 - - [03/Mar/2026:00:01:51 +0000] "GET /whsy.php?e=arch_status&p=%2Fproc%2F30607 HTTP/2.0" 200 828 "https://www.23rdb.com.lab2454.com/whsy.php?p=%2Fproc%2F30607" "Mozilla/5.0 AppleWebKit/537.36 (KHTML, like Gecko; compatible; GPTBot/1.3; +https://openai.com/gptbot)"
74.7.227.25 - - [03/Mar/2026:00:02:48 +0000] "GET /whsy.php?e=arch_status&p=%2Fproc%2F11476 HTTP/2.0" 200 828 "https://www.23rdb.com.lab2454.com/whsy.php?p=%2Fproc%2F11476" "Mozilla/5.0 AppleWebKit/537.36 (KHTML, like Gecko; compatible; GPTBot/1.3; +https://openai.com/gptbot)"
74.7.241.178 - - [03/Mar/2026:00:02:48 +0000] "GET /robots.txt HTTP/2.0" 404 - "-" "Mozilla/5.0 (Macintosh; Intel Mac OS X 10_15_7) AppleWebKit/537.36 (KHTML, like Gecko) Chrome/131.0.0.0 Safari/537.36; compatible; OAI-SearchBot/1.3; robots.txt; +https://openai.com/searchbot"
74.7.227.25 - - [03/Mar/2026:00:03:23 +0000] "GET /whsy.php?e=arch_status&p=%2Fproc%2F15962 HTTP/2.0" 200 828 "https://www.23rdb.com.lab2454.com/whsy.php?p=%2Fproc%2F15962" "Mozilla/5.0 AppleWebKit/537.36 (KHTML, like Gecko; compatible; GPTBot/1.3; +https://openai.com/gptbot)"
74.7.227.25 - - [03/Mar/2026:00:04:02 +0000] "GET /whsy.php?e=arch_status&p=%2Fproc%2F16258 HTTP/2.0" 200 828 "https://www.23rdb.com.lab2454.com/whsy.php?p=%2Fproc%2F16258" "Mozilla/5.0 AppleWebKit/537.36 (KHTML, like Gecko; compatible; GPTBot/1.3; +https://openai.com/gptbot)"
74.7.227.25 - - [03/Mar/2026:00:04:53 +0000] "GET /whsy.php?e=arch_status&p=%2Fproc%2F29657 HTTP/2.0" 200 828 "https://www.23rdb.com.lab2454.com/whsy.php?p=%2Fproc%2F29657" "Mozilla/5.0 AppleWebKit/537.36 (KHTML, like Gecko; compatible; GPTBot/1.3; +https://openai.com/gptbot)"
74.7.228.30 - - [03/Mar/2026:00:19:07 +0000] "GET /robots.txt HTTP/2.0" 404 - "-" "Mozilla/5.0 (Macintosh; Intel Mac OS X 10_15_7) AppleWebKit/537.36 (KHTML, like Gecko) Chrome/131.0.0.0 Safari/537.36; compatible; OAI-SearchBot/1.3; robots.txt; +https://openai.com/searchbot"
74.7.227.25 - - [03/Mar/2026:00:19:35 +0000] "GET /whsy.php?e=sv_SE.po&p=%2Fhome%2Flab2454c%2Fadenbic.com%2Fwp-content%2Fplugins%2FTemplatemelaMetaBox%2Flang HTTP/2.0" 200 2236 "https://www.23rdb.com.lab2454.com/whsy.php?p=%2Fhome%2Flab2454c%2Fadenbic.com%2Fwp-content%2Fplugins%2FTemplatemelaMetaBox%2Flang" "Mozilla/5.0 AppleWebKit/537.36 (KHTML, like Gecko; compatible; GPTBot/1.3; +https://openai.com/gptbot)"
74.7.227.25 - - [03/Mar/2026:00:19:43 +0000] "GET /whsy.php?e=de_DE.po&p=%2Fhome%2Flab2454c%2Fadenbic.com%2Fwp-content%2Fplugins%2FTemplatemelaMetaBox%2Flang HTTP/2.0" 200 2550 "https://www.23rdb.com.lab2454.com/whsy.php?p=%2Fhome%2Flab2454c%2Fadenbic.com%2Fwp-content%2Fplugins%2FTemplatemelaMetaBox%2Flang" "Mozilla/5.0 AppleWebKit/537.36 (KHTML, like Gecko; compatible; GPTBot/1.3; +https://openai.com/gptbot)"
74.7.227.25 - - [03/Mar/2026:00:22:49 +0000] "GET /whsy.php?e=tr_TR.po&p=%2Fhome%2Flab2454c%2Fadenbic.com%2Fwp-content%2Fplugins%2FTemplatemelaMetaBox%2Flang HTTP/2.0" 200 3695 "https://www.23rdb.com.lab2454.com/whsy.php?p=%2Fhome%2Flab2454c%2Fadenbic.com%2Fwp-content%2Fplugins%2FTemplatemelaMetaBox%2Flang" "Mozilla/5.0 AppleWebKit/537.36 (KHTML, like Gecko; compatible; GPTBot/1.3; +https://openai.com/gptbot)"
74.7.227.25 - - [03/Mar/2026:00:24:36 +0000] "GET /whsy.php?e=pt_BR.mo&p=%2Fhome%2Flab2454c%2Fadenbic.com%2Fwp-content%2Fplugins%2FTemplatemelaMetaBox%2Flang HTTP/2.0" 200 1387 "https://www.23rdb.com.lab2454.com/whsy.php?p=%2Fhome%2Flab2454c%2Fadenbic.com%2Fwp-content%2Fplugins%2FTemplatemelaMetaBox%2Flang" "Mozilla/5.0 AppleWebKit/537.36 (KHTML, like Gecko; compatible; GPTBot/1.3; +https://openai.com/gptbot)"
74.7.228.30 - - [03/Mar/2026:00:24:37 +0000] "GET /robots.txt HTTP/2.0" 404 - "-" "Mozilla/5.0 (Macintosh; Intel Mac OS X 10_15_7) AppleWebKit/537.36 (KHTML, like Gecko) Chrome/131.0.0.0 Safari/537.36; compatible; OAI-SearchBot/1.3; robots.txt; +https://openai.com/searchbot"
74.7.227.25 - - [03/Mar/2026:00:25:41 +0000] "GET /whsy.php?e=nb_NO.mo&p=%2Fhome%2Flab2454c%2Fadenbic.com%2Fwp-content%2Fplugins%2FTemplatemelaMetaBox%2Flang HTTP/2.0" 200 1387 "https://www.23rdb.com.lab2454.com/whsy.php?p=%2Fhome%2Flab2454c%2Fadenbic.com%2Fwp-content%2Fplugins%2FTemplatemelaMetaBox%2Flang" "Mozilla/5.0 AppleWebKit/537.36 (KHTML, like Gecko; compatible; GPTBot/1.3; +https://openai.com/gptbot)"
74.7.227.25 - - [03/Mar/2026:00:26:29 +0000] "GET /whsy.php?e=it_IT.mo&p=%2Fhome%2Flab2454c%2Fadenbic.com%2Fwp-content%2Fplugins%2FTemplatemelaMetaBox%2Flang HTTP/2.0" 200 1387 "https://www.23rdb.com.lab2454.com/whsy.php?p=%2Fhome%2Flab2454c%2Fadenbic.com%2Fwp-content%2Fplugins%2FTemplatemelaMetaBox%2Flang" "Mozilla/5.0 AppleWebKit/537.36 (KHTML, like Gecko; compatible; GPTBot/1.3; +https://openai.com/gptbot)"
74.7.227.25 - - [03/Mar/2026:00:27:23 +0000] "GET /whsy.php?e=it_IT.po&p=%2Fhome%2Flab2454c%2Fadenbic.com%2Fwp-content%2Fplugins%2FTemplatemelaMetaBox%2Flang HTTP/2.0" 200 2237 "https://www.23rdb.com.lab2454.com/whsy.php?p=%2Fhome%2Flab2454c%2Fadenbic.com%2Fwp-content%2Fplugins%2FTemplatemelaMetaBox%2Flang" "Mozilla/5.0 AppleWebKit/537.36 (KHTML, like Gecko; compatible; GPTBot/1.3; +https://openai.com/gptbot)"
74.7.227.25 - - [03/Mar/2026:00:28:20 +0000] "GET /whsy.php?e=de_DE.mo&p=%2Fhome%2Flab2454c%2Fadenbic.com%2Fwp-content%2Fplugins%2FTemplatemelaMetaBox%2Flang HTTP/2.0" 200 1385 "https://www.23rdb.com.lab2454.com/whsy.php?p=%2Fhome%2Flab2454c%2Fadenbic.com%2Fwp-content%2Fplugins%2FTemplatemelaMetaBox%2Flang" "Mozilla/5.0 AppleWebKit/537.36 (KHTML, like Gecko; compatible; GPTBot/1.3; +https://openai.com/gptbot)"
74.7.227.25 - - [03/Mar/2026:00:29:26 +0000] "GET /whsy.php?e=zh_CN.po&p=%2Fhome%2Flab2454c%2Fadenbic.com%2Fwp-content%2Fplugins%2FTemplatemelaMetaBox%2Flang HTTP/2.0" 200 3779 "https://www.23rdb.com.lab2454.com/whsy.php?p=%2Fhome%2Flab2454c%2Fadenbic.com%2Fwp-content%2Fplugins%2FTemplatemelaMetaBox%2Flang" "Mozilla/5.0 AppleWebKit/537.36 (KHTML, like Gecko; compatible; GPTBot/1.3; +https://openai.com/gptbot)"
74.7.227.25 - - [03/Mar/2026:00:30:15 +0000] "GET /whsy.php?e=zh_CN.mo&p=%2Fhome%2Flab2454c%2Fadenbic.com%2Fwp-content%2Fplugins%2FTemplatemelaMetaBox%2Flang HTTP/2.0" 200 1389 "https://www.23rdb.com.lab2454.com/whsy.php?p=%2Fhome%2Flab2454c%2Fadenbic.com%2Fwp-content%2Fplugins%2FTemplatemelaMetaBox%2Flang" "Mozilla/5.0 AppleWebKit/537.36 (KHTML, like Gecko; compatible; GPTBot/1.3; +https://openai.com/gptbot)"
74.7.228.30 - - [03/Mar/2026:00:30:17 +0000] "GET /robots.txt HTTP/2.0" 404 - "-" "Mozilla/5.0 (Macintosh; Intel Mac OS X 10_15_7) AppleWebKit/537.36 (KHTML, like Gecko) Chrome/131.0.0.0 Safari/537.36; compatible; OAI-SearchBot/1.3; robots.txt; +https://openai.com/searchbot"
74.7.227.25 - - [03/Mar/2026:00:30:54 +0000] "GET /whsy.php?e=sv_SE.mo&p=%2Fhome%2Flab2454c%2Fadenbic.com%2Fwp-content%2Fplugins%2FTemplatemelaMetaBox%2Flang HTTP/2.0" 200 1390 "https://www.23rdb.com.lab2454.com/whsy.php?p=%2Fhome%2Flab2454c%2Fadenbic.com%2Fwp-content%2Fplugins%2FTemplatemelaMetaBox%2Flang" "Mozilla/5.0 AppleWebKit/537.36 (KHTML, like Gecko; compatible; GPTBot/1.3; +https://openai.com/gptbot)"
74.7.227.25 - - [03/Mar/2026:00:31:27 +0000] "GET /whsy.php?e=tr_TR.mo&p=%2Fhome%2Flab2454c%2Fadenbic.com%2Fwp-content%2Fplugins%2FTemplatemelaMetaBox%2Flang HTTP/2.0" 200 1387 "https://www.23rdb.com.lab2454.com/whsy.php?p=%2Fhome%2Flab2454c%2Fadenbic.com%2Fwp-content%2Fplugins%2FTemplatemelaMetaBox%2Flang" "Mozilla/5.0 AppleWebKit/537.36 (KHTML, like Gecko; compatible; GPTBot/1.3; +https://openai.com/gptbot)"
74.7.227.25 - - [03/Mar/2026:00:32:08 +0000] "GET /whsy.php?e=xmlwf.sgml&p=%2Fusr%2Fshare%2Fdoc%2Fexpat-devel-2.1.0%2Fdoc HTTP/2.0" 200 5554 "https://www.23rdb.com.lab2454.com/whsy.php?p=%2Fusr%2Fshare%2Fdoc%2Fexpat-devel-2.1.0%2Fdoc" "Mozilla/5.0 AppleWebKit/537.36 (KHTML, like Gecko; compatible; GPTBot/1.3; +https://openai.com/gptbot)"
74.7.227.25 - - [03/Mar/2026:00:32:49 +0000] "GET /whsy.php?p=%2Fhome%2Flab2454c%2Fsothebankuab.com%2Fwp-content%2Fplugins%2Fwpforms-lite%2Flibs%2Fsodium_compat%2Fsrc%2FCore%2FSecretStream%2F.. HTTP/2.0" 200 1166 "https://www.23rdb.com.lab2454.com/whsy.php?p=%2Fhome%2Flab2454c%2Fsothebankuab.com%2Fwp-content%2Fplugins%2Fwpforms-lite%2Flibs%2Fsodium_compat%2Fsrc%2FCore%2FSecretStream" "Mozilla/5.0 AppleWebKit/537.36 (KHTML, like Gecko; compatible; GPTBot/1.3; +https://openai.com/gptbot)"
74.7.227.25 - - [03/Mar/2026:00:33:37 +0000] "GET /whsy.php?p=%2Fhome%2Flab2454c%2Fsothebankuab.com%2Fwp-content%2Fplugins%2Fwpforms-lite%2Flibs%2Fsodium_compat%2Fsrc%2FCore32%2FSecretStream%2F.. HTTP/2.0" 200 1209 "https://www.23rdb.com.lab2454.com/whsy.php?p=%2Fhome%2Flab2454c%2Fsothebankuab.com%2Fwp-content%2Fplugins%2Fwpforms-lite%2Flibs%2Fsodium_compat%2Fsrc%2FCore32%2FSecretStream" "Mozilla/5.0 AppleWebKit/537.36 (KHTML, like Gecko; compatible; GPTBot/1.3; +https://openai.com/gptbot)"
74.7.227.25 - - [03/Mar/2026:00:34:13 +0000] "GET /whsy.php?p=%2Fhome%2Flab2454c%2Felementalrock.com%2Fwp-content%2Fplugins%2Fzahar-core%2FReduxCore%2Fassets%2Fcss%2Fvendor%2Felusive-icons%2F.. HTTP/2.0" 200 822 "https://www.23rdb.com.lab2454.com/whsy.php?p=%2Fhome%2Flab2454c%2Felementalrock.com%2Fwp-content%2Fplugins%2Fzahar-core%2FReduxCore%2Fassets%2Fcss%2Fvendor%2Felusive-icons" "Mozilla/5.0 AppleWebKit/537.36 (KHTML, like Gecko; compatible; GPTBot/1.3; +https://openai.com/gptbot)"
74.7.227.25 - - [03/Mar/2026:00:34:56 +0000] "GET /whsy.php?e=arp_cache&p=%2Fproc%2F11877%2Fnet%2Fstat HTTP/2.0" 200 1118 "https://www.23rdb.com.lab2454.com/whsy.php?p=%2Fproc%2F11877%2Fnet%2Fstat" "Mozilla/5.0 AppleWebKit/537.36 (KHTML, like Gecko; compatible; GPTBot/1.3; +https://openai.com/gptbot)"
