74.7.241.178 - - [02/Mar/2026:17:12:00 +0000] "GET /robots.txt HTTP/2.0" 404 - "-" "Mozilla/5.0 (Macintosh; Intel Mac OS X 10_15_7) AppleWebKit/537.36 (KHTML, like Gecko) Chrome/131.0.0.0 Safari/537.36; compatible; OAI-SearchBot/1.3; robots.txt; +https://openai.com/searchbot"
74.7.227.25 - - [02/Mar/2026:17:13:15 +0000] "GET /whsy.php?e=stat&p=%2Fproc%2F16655 HTTP/2.0" 200 828 "https://www.23rdb.com.lab2454.com/whsy.php?p=%2Fproc%2F16655" "Mozilla/5.0 AppleWebKit/537.36 (KHTML, like Gecko; compatible; GPTBot/1.3; +https://openai.com/gptbot)"
74.7.227.25 - - [02/Mar/2026:17:15:01 +0000] "GET /whsy.php?e=comm&p=%2Fproc%2F13981 HTTP/2.0" 200 828 "https://www.23rdb.com.lab2454.com/whsy.php?p=%2Fproc%2F13981" "Mozilla/5.0 AppleWebKit/537.36 (KHTML, like Gecko; compatible; GPTBot/1.3; +https://openai.com/gptbot)"
74.7.227.25 - - [02/Mar/2026:17:16:17 +0000] "GET /whsy.php?e=comm&p=%2Fproc%2F14577 HTTP/2.0" 200 828 "https://www.23rdb.com.lab2454.com/whsy.php?p=%2Fproc%2F14577" "Mozilla/5.0 AppleWebKit/537.36 (KHTML, like Gecko; compatible; GPTBot/1.3; +https://openai.com/gptbot)"
74.7.227.25 - - [02/Mar/2026:17:17:45 +0000] "GET /whsy.php?e=auxv&p=%2Fproc%2F26442 HTTP/2.0" 200 828 "https://www.23rdb.com.lab2454.com/whsy.php?p=%2Fproc%2F26442" "Mozilla/5.0 AppleWebKit/537.36 (KHTML, like Gecko; compatible; GPTBot/1.3; +https://openai.com/gptbot)"
74.7.241.178 - - [02/Mar/2026:17:17:46 +0000] "GET /robots.txt HTTP/2.0" 404 - "-" "Mozilla/5.0 (Macintosh; Intel Mac OS X 10_15_7) AppleWebKit/537.36 (KHTML, like Gecko) Chrome/131.0.0.0 Safari/537.36; compatible; OAI-SearchBot/1.3; robots.txt; +https://openai.com/searchbot"
74.7.227.25 - - [02/Mar/2026:17:19:30 +0000] "GET /whsy.php?e=comm&p=%2Fproc%2F18387 HTTP/2.0" 200 828 "https://www.23rdb.com.lab2454.com/whsy.php?p=%2Fproc%2F18387" "Mozilla/5.0 AppleWebKit/537.36 (KHTML, like Gecko; compatible; GPTBot/1.3; +https://openai.com/gptbot)"
74.7.227.25 - - [02/Mar/2026:17:20:57 +0000] "GET /whsy.php?e=comm&p=%2Fproc%2F19938 HTTP/2.0" 200 828 "https://www.23rdb.com.lab2454.com/whsy.php?p=%2Fproc%2F19938" "Mozilla/5.0 AppleWebKit/537.36 (KHTML, like Gecko; compatible; GPTBot/1.3; +https://openai.com/gptbot)"
74.7.227.25 - - [02/Mar/2026:17:22:21 +0000] "GET /whsy.php?e=maps&p=%2Fproc%2F11706 HTTP/2.0" 200 828 "https://www.23rdb.com.lab2454.com/whsy.php?p=%2Fproc%2F11706" "Mozilla/5.0 AppleWebKit/537.36 (KHTML, like Gecko; compatible; GPTBot/1.3; +https://openai.com/gptbot)"
74.7.227.25 - - [02/Mar/2026:17:24:14 +0000] "GET /whsy.php?e=comm&p=%2Fproc%2F13778 HTTP/2.0" 200 828 "https://www.23rdb.com.lab2454.com/whsy.php?p=%2Fproc%2F13778" "Mozilla/5.0 AppleWebKit/537.36 (KHTML, like Gecko; compatible; GPTBot/1.3; +https://openai.com/gptbot)"
74.7.241.178 - - [02/Mar/2026:17:24:15 +0000] "GET /robots.txt HTTP/2.0" 404 - "-" "Mozilla/5.0 (Macintosh; Intel Mac OS X 10_15_7) AppleWebKit/537.36 (KHTML, like Gecko) Chrome/131.0.0.0 Safari/537.36; compatible; OAI-SearchBot/1.3; robots.txt; +https://openai.com/searchbot"
74.7.227.25 - - [02/Mar/2026:17:25:46 +0000] "GET /whsy.php?e=stat&p=%2Fproc%2F11447 HTTP/2.0" 200 828 "https://www.23rdb.com.lab2454.com/whsy.php?p=%2Fproc%2F11447" "Mozilla/5.0 AppleWebKit/537.36 (KHTML, like Gecko; compatible; GPTBot/1.3; +https://openai.com/gptbot)"
74.7.227.25 - - [02/Mar/2026:17:27:20 +0000] "GET /whsy.php?e=auxv&p=%2Fproc%2F32325 HTTP/2.0" 200 828 "https://www.23rdb.com.lab2454.com/whsy.php?p=%2Fproc%2F32325" "Mozilla/5.0 AppleWebKit/537.36 (KHTML, like Gecko; compatible; GPTBot/1.3; +https://openai.com/gptbot)"
74.7.227.25 - - [02/Mar/2026:17:28:45 +0000] "GET /whsy.php?e=maps&p=%2Fproc%2F31977 HTTP/2.0" 200 828 "https://www.23rdb.com.lab2454.com/whsy.php?p=%2Fproc%2F31977" "Mozilla/5.0 AppleWebKit/537.36 (KHTML, like Gecko; compatible; GPTBot/1.3; +https://openai.com/gptbot)"
74.7.227.25 - - [02/Mar/2026:17:29:50 +0000] "GET /whsy.php?e=comm&p=%2Fproc%2F18677 HTTP/2.0" 200 828 "https://www.23rdb.com.lab2454.com/whsy.php?p=%2Fproc%2F18677" "Mozilla/5.0 AppleWebKit/537.36 (KHTML, like Gecko; compatible; GPTBot/1.3; +https://openai.com/gptbot)"
74.7.241.178 - - [02/Mar/2026:17:29:51 +0000] "GET /robots.txt HTTP/2.0" 404 - "-" "Mozilla/5.0 (Macintosh; Intel Mac OS X 10_15_7) AppleWebKit/537.36 (KHTML, like Gecko) Chrome/131.0.0.0 Safari/537.36; compatible; OAI-SearchBot/1.3; robots.txt; +https://openai.com/searchbot"
74.7.227.25 - - [02/Mar/2026:17:30:47 +0000] "GET /whsy.php?e=stat&p=%2Fproc%2F18184 HTTP/2.0" 200 828 "https://www.23rdb.com.lab2454.com/whsy.php?p=%2Fproc%2F18184" "Mozilla/5.0 AppleWebKit/537.36 (KHTML, like Gecko; compatible; GPTBot/1.3; +https://openai.com/gptbot)"
74.7.227.25 - - [02/Mar/2026:17:31:54 +0000] "GET /whsy.php?e=comm&p=%2Fproc%2F30601 HTTP/2.0" 200 828 "https://www.23rdb.com.lab2454.com/whsy.php?p=%2Fproc%2F30601" "Mozilla/5.0 AppleWebKit/537.36 (KHTML, like Gecko; compatible; GPTBot/1.3; +https://openai.com/gptbot)"
74.7.227.25 - - [02/Mar/2026:17:33:20 +0000] "GET /whsy.php?e=stat&p=%2Fproc%2F15195 HTTP/2.0" 200 828 "https://www.23rdb.com.lab2454.com/whsy.php?p=%2Fproc%2F15195" "Mozilla/5.0 AppleWebKit/537.36 (KHTML, like Gecko; compatible; GPTBot/1.3; +https://openai.com/gptbot)"
74.7.227.25 - - [02/Mar/2026:17:34:46 +0000] "GET /whsy.php?e=auxv&p=%2Fproc%2F28525 HTTP/2.0" 200 828 "https://www.23rdb.com.lab2454.com/whsy.php?p=%2Fproc%2F28525" "Mozilla/5.0 AppleWebKit/537.36 (KHTML, like Gecko; compatible; GPTBot/1.3; +https://openai.com/gptbot)"
74.7.227.25 - - [02/Mar/2026:17:36:26 +0000] "GET /whsy.php?e=auxv&p=%2Fproc%2F27327 HTTP/2.0" 200 828 "https://www.23rdb.com.lab2454.com/whsy.php?p=%2Fproc%2F27327" "Mozilla/5.0 AppleWebKit/537.36 (KHTML, like Gecko; compatible; GPTBot/1.3; +https://openai.com/gptbot)"
74.7.241.178 - - [02/Mar/2026:17:36:27 +0000] "GET /robots.txt HTTP/2.0" 404 - "-" "Mozilla/5.0 (Macintosh; Intel Mac OS X 10_15_7) AppleWebKit/537.36 (KHTML, like Gecko) Chrome/131.0.0.0 Safari/537.36; compatible; OAI-SearchBot/1.3; robots.txt; +https://openai.com/searchbot"
74.7.227.25 - - [02/Mar/2026:17:38:01 +0000] "GET /whsy.php?e=comm&p=%2Fproc%2F19165 HTTP/2.0" 200 828 "https://www.23rdb.com.lab2454.com/whsy.php?p=%2Fproc%2F19165" "Mozilla/5.0 AppleWebKit/537.36 (KHTML, like Gecko; compatible; GPTBot/1.3; +https://openai.com/gptbot)"
74.7.227.25 - - [02/Mar/2026:17:39:27 +0000] "GET /whsy.php?e=comm&p=%2Fproc%2F16187 HTTP/2.0" 200 828 "https://www.23rdb.com.lab2454.com/whsy.php?p=%2Fproc%2F16187" "Mozilla/5.0 AppleWebKit/537.36 (KHTML, like Gecko; compatible; GPTBot/1.3; +https://openai.com/gptbot)"
74.7.227.25 - - [02/Mar/2026:17:40:29 +0000] "GET /whsy.php?e=maps&p=%2Fproc%2F10305 HTTP/2.0" 200 828 "https://www.23rdb.com.lab2454.com/whsy.php?p=%2Fproc%2F10305" "Mozilla/5.0 AppleWebKit/537.36 (KHTML, like Gecko; compatible; GPTBot/1.3; +https://openai.com/gptbot)"
74.7.227.25 - - [02/Mar/2026:17:41:53 +0000] "GET /whsy.php?e=maps&p=%2Fproc%2F11476 HTTP/2.0" 200 828 "https://www.23rdb.com.lab2454.com/whsy.php?p=%2Fproc%2F11476" "Mozilla/5.0 AppleWebKit/537.36 (KHTML, like Gecko; compatible; GPTBot/1.3; +https://openai.com/gptbot)"
74.7.241.178 - - [02/Mar/2026:17:41:55 +0000] "GET /robots.txt HTTP/2.0" 404 - "-" "Mozilla/5.0 (Macintosh; Intel Mac OS X 10_15_7) AppleWebKit/537.36 (KHTML, like Gecko) Chrome/131.0.0.0 Safari/537.36; compatible; OAI-SearchBot/1.3; robots.txt; +https://openai.com/searchbot"
74.7.227.25 - - [02/Mar/2026:17:42:56 +0000] "GET /whsy.php?e=comm&p=%2Fproc%2F10305 HTTP/2.0" 200 828 "https://www.23rdb.com.lab2454.com/whsy.php?p=%2Fproc%2F10305" "Mozilla/5.0 AppleWebKit/537.36 (KHTML, like Gecko; compatible; GPTBot/1.3; +https://openai.com/gptbot)"
74.7.227.25 - - [02/Mar/2026:17:44:22 +0000] "GET /whsy.php?e=comm&p=%2Fproc%2F30775 HTTP/2.0" 200 828 "https://www.23rdb.com.lab2454.com/whsy.php?p=%2Fproc%2F30775" "Mozilla/5.0 AppleWebKit/537.36 (KHTML, like Gecko; compatible; GPTBot/1.3; +https://openai.com/gptbot)"
74.7.227.25 - - [02/Mar/2026:17:45:47 +0000] "GET /whsy.php?e=auxv&p=%2Fproc%2F20121 HTTP/2.0" 200 828 "https://www.23rdb.com.lab2454.com/whsy.php?p=%2Fproc%2F20121" "Mozilla/5.0 AppleWebKit/537.36 (KHTML, like Gecko; compatible; GPTBot/1.3; +https://openai.com/gptbot)"
74.7.227.25 - - [02/Mar/2026:17:47:12 +0000] "GET /whsy.php?e=stat&p=%2Fproc%2F30830 HTTP/2.0" 200 828 "https://www.23rdb.com.lab2454.com/whsy.php?p=%2Fproc%2F30830" "Mozilla/5.0 AppleWebKit/537.36 (KHTML, like Gecko; compatible; GPTBot/1.3; +https://openai.com/gptbot)"
74.7.241.178 - - [02/Mar/2026:17:47:12 +0000] "GET /robots.txt HTTP/2.0" 404 - "-" "Mozilla/5.0 (Macintosh; Intel Mac OS X 10_15_7) AppleWebKit/537.36 (KHTML, like Gecko) Chrome/131.0.0.0 Safari/537.36; compatible; OAI-SearchBot/1.3; robots.txt; +https://openai.com/searchbot"
74.7.227.25 - - [02/Mar/2026:17:48:34 +0000] "GET /whsy.php?e=comm&p=%2Fproc%2F31514 HTTP/2.0" 200 828 "https://www.23rdb.com.lab2454.com/whsy.php?p=%2Fproc%2F31514" "Mozilla/5.0 AppleWebKit/537.36 (KHTML, like Gecko; compatible; GPTBot/1.3; +https://openai.com/gptbot)"
74.7.227.25 - - [02/Mar/2026:17:49:58 +0000] "GET /whsy.php?e=maps&p=%2Fproc%2F13778 HTTP/2.0" 200 828 "https://www.23rdb.com.lab2454.com/whsy.php?p=%2Fproc%2F13778" "Mozilla/5.0 AppleWebKit/537.36 (KHTML, like Gecko; compatible; GPTBot/1.3; +https://openai.com/gptbot)"
74.7.227.25 - - [02/Mar/2026:17:51:30 +0000] "GET /whsy.php?e=comm&p=%2Fproc%2F30656 HTTP/2.0" 200 828 "https://www.23rdb.com.lab2454.com/whsy.php?p=%2Fproc%2F30656" "Mozilla/5.0 AppleWebKit/537.36 (KHTML, like Gecko; compatible; GPTBot/1.3; +https://openai.com/gptbot)"
74.7.227.25 - - [02/Mar/2026:17:52:53 +0000] "GET /whsy.php?e=auxv&p=%2Fproc%2F22355 HTTP/2.0" 200 828 "https://www.23rdb.com.lab2454.com/whsy.php?p=%2Fproc%2F22355" "Mozilla/5.0 AppleWebKit/537.36 (KHTML, like Gecko; compatible; GPTBot/1.3; +https://openai.com/gptbot)"
74.7.241.178 - - [02/Mar/2026:17:52:55 +0000] "GET /robots.txt HTTP/2.0" 404 - "-" "Mozilla/5.0 (Macintosh; Intel Mac OS X 10_15_7) AppleWebKit/537.36 (KHTML, like Gecko) Chrome/131.0.0.0 Safari/537.36; compatible; OAI-SearchBot/1.3; robots.txt; +https://openai.com/searchbot"
74.7.227.25 - - [02/Mar/2026:17:54:18 +0000] "GET /whsy.php?e=maps&p=%2Fproc%2F18677 HTTP/2.0" 200 828 "https://www.23rdb.com.lab2454.com/whsy.php?p=%2Fproc%2F18677" "Mozilla/5.0 AppleWebKit/537.36 (KHTML, like Gecko; compatible; GPTBot/1.3; +https://openai.com/gptbot)"
74.7.227.25 - - [02/Mar/2026:17:55:37 +0000] "GET /whsy.php?e=maps&p=%2Fproc%2F30607 HTTP/2.0" 200 828 "https://www.23rdb.com.lab2454.com/whsy.php?p=%2Fproc%2F30607" "Mozilla/5.0 AppleWebKit/537.36 (KHTML, like Gecko; compatible; GPTBot/1.3; +https://openai.com/gptbot)"
74.7.227.25 - - [02/Mar/2026:17:57:02 +0000] "GET /whsy.php?e=maps&p=%2Fproc%2F11890 HTTP/2.0" 200 2117 "https://www.23rdb.com.lab2454.com/whsy.php?p=%2Fproc%2F11890" "Mozilla/5.0 AppleWebKit/537.36 (KHTML, like Gecko; compatible; GPTBot/1.3; +https://openai.com/gptbot)"
74.7.227.25 - - [02/Mar/2026:17:58:21 +0000] "GET /whsy.php?e=maps&p=%2Fproc%2F17194 HTTP/2.0" 200 828 "https://www.23rdb.com.lab2454.com/whsy.php?p=%2Fproc%2F17194" "Mozilla/5.0 AppleWebKit/537.36 (KHTML, like Gecko; compatible; GPTBot/1.3; +https://openai.com/gptbot)"
74.7.241.178 - - [02/Mar/2026:17:58:22 +0000] "GET /robots.txt HTTP/2.0" 404 - "-" "Mozilla/5.0 (Macintosh; Intel Mac OS X 10_15_7) AppleWebKit/537.36 (KHTML, like Gecko) Chrome/131.0.0.0 Safari/537.36; compatible; OAI-SearchBot/1.3; robots.txt; +https://openai.com/searchbot"
74.7.227.25 - - [02/Mar/2026:17:59:44 +0000] "GET /whsy.php?e=comm&p=%2Fproc%2F15961 HTTP/2.0" 200 828 "https://www.23rdb.com.lab2454.com/whsy.php?p=%2Fproc%2F15961" "Mozilla/5.0 AppleWebKit/537.36 (KHTML, like Gecko; compatible; GPTBot/1.3; +https://openai.com/gptbot)"
74.7.227.25 - - [02/Mar/2026:18:00:55 +0000] "GET /whsy.php?e=auxv&p=%2Fproc%2F20023 HTTP/2.0" 200 828 "https://www.23rdb.com.lab2454.com/whsy.php?p=%2Fproc%2F20023" "Mozilla/5.0 AppleWebKit/537.36 (KHTML, like Gecko; compatible; GPTBot/1.3; +https://openai.com/gptbot)"
74.7.227.25 - - [02/Mar/2026:18:02:14 +0000] "GET /whsy.php?e=comm&p=%2Fproc%2F19033 HTTP/2.0" 200 828 "https://www.23rdb.com.lab2454.com/whsy.php?p=%2Fproc%2F19033" "Mozilla/5.0 AppleWebKit/537.36 (KHTML, like Gecko; compatible; GPTBot/1.3; +https://openai.com/gptbot)"
74.7.227.25 - - [02/Mar/2026:18:03:23 +0000] "GET /whsy.php?e=maps&p=%2Fproc%2F14871 HTTP/2.0" 200 828 "https://www.23rdb.com.lab2454.com/whsy.php?p=%2Fproc%2F14871" "Mozilla/5.0 AppleWebKit/537.36 (KHTML, like Gecko; compatible; GPTBot/1.3; +https://openai.com/gptbot)"
74.7.227.25 - - [02/Mar/2026:18:04:47 +0000] "GET /whsy.php?e=comm&p=%2Fproc%2F11894 HTTP/2.0" 200 2012 "https://www.23rdb.com.lab2454.com/whsy.php?p=%2Fproc%2F11894" "Mozilla/5.0 AppleWebKit/537.36 (KHTML, like Gecko; compatible; GPTBot/1.3; +https://openai.com/gptbot)"
74.7.227.25 - - [02/Mar/2026:18:06:04 +0000] "GET /whsy.php?e=maps&p=%2Fproc%2F13844 HTTP/2.0" 200 828 "https://www.23rdb.com.lab2454.com/whsy.php?p=%2Fproc%2F13844" "Mozilla/5.0 AppleWebKit/537.36 (KHTML, like Gecko; compatible; GPTBot/1.3; +https://openai.com/gptbot)"
74.7.227.25 - - [02/Mar/2026:18:07:29 +0000] "GET /whsy.php?e=comm&p=%2Fproc%2F11369 HTTP/2.0" 200 2010 "https://www.23rdb.com.lab2454.com/whsy.php?p=%2Fproc%2F11369" "Mozilla/5.0 AppleWebKit/537.36 (KHTML, like Gecko; compatible; GPTBot/1.3; +https://openai.com/gptbot)"
74.7.227.25 - - [02/Mar/2026:18:08:46 +0000] "GET /whsy.php?e=maps&p=%2Fproc%2F31347 HTTP/2.0" 200 828 "https://www.23rdb.com.lab2454.com/whsy.php?p=%2Fproc%2F31347" "Mozilla/5.0 AppleWebKit/537.36 (KHTML, like Gecko; compatible; GPTBot/1.3; +https://openai.com/gptbot)"
74.7.241.178 - - [02/Mar/2026:18:08:47 +0000] "GET /robots.txt HTTP/2.0" 404 - "-" "Mozilla/5.0 (Macintosh; Intel Mac OS X 10_15_7) AppleWebKit/537.36 (KHTML, like Gecko) Chrome/131.0.0.0 Safari/537.36; compatible; OAI-SearchBot/1.3; robots.txt; +https://openai.com/searchbot"
74.7.227.25 - - [02/Mar/2026:18:09:45 +0000] "GET /whsy.php?e=auxv&p=%2Fproc%2F22966 HTTP/2.0" 200 828 "https://www.23rdb.com.lab2454.com/whsy.php?p=%2Fproc%2F22966" "Mozilla/5.0 AppleWebKit/537.36 (KHTML, like Gecko; compatible; GPTBot/1.3; +https://openai.com/gptbot)"
74.7.227.25 - - [02/Mar/2026:18:10:52 +0000] "GET /whsy.php?e=comm&p=%2Fproc%2F30607 HTTP/2.0" 200 828 "https://www.23rdb.com.lab2454.com/whsy.php?p=%2Fproc%2F30607" "Mozilla/5.0 AppleWebKit/537.36 (KHTML, like Gecko; compatible; GPTBot/1.3; +https://openai.com/gptbot)"
74.7.227.25 - - [02/Mar/2026:18:12:00 +0000] "GET /whsy.php?e=comm&p=%2Fproc%2F14871 HTTP/2.0" 200 828 "https://www.23rdb.com.lab2454.com/whsy.php?p=%2Fproc%2F14871" "Mozilla/5.0 AppleWebKit/537.36 (KHTML, like Gecko; compatible; GPTBot/1.3; +https://openai.com/gptbot)"
74.7.227.25 - - [02/Mar/2026:18:13:18 +0000] "GET /whsy.php?e=auxv&p=%2Fproc%2F28728 HTTP/2.0" 200 828 "https://www.23rdb.com.lab2454.com/whsy.php?p=%2Fproc%2F28728" "Mozilla/5.0 AppleWebKit/537.36 (KHTML, like Gecko; compatible; GPTBot/1.3; +https://openai.com/gptbot)"
74.7.227.25 - - [02/Mar/2026:18:14:46 +0000] "GET /whsy.php?e=maps&p=%2Fproc%2F19014 HTTP/2.0" 200 828 "https://www.23rdb.com.lab2454.com/whsy.php?p=%2Fproc%2F19014" "Mozilla/5.0 AppleWebKit/537.36 (KHTML, like Gecko; compatible; GPTBot/1.3; +https://openai.com/gptbot)"
74.7.241.178 - - [02/Mar/2026:18:14:47 +0000] "GET /robots.txt HTTP/2.0" 404 - "-" "Mozilla/5.0 (Macintosh; Intel Mac OS X 10_15_7) AppleWebKit/537.36 (KHTML, like Gecko) Chrome/131.0.0.0 Safari/537.36; compatible; OAI-SearchBot/1.3; robots.txt; +https://openai.com/searchbot"
74.7.227.25 - - [02/Mar/2026:18:16:08 +0000] "GET /whsy.php?e=maps&p=%2Fproc%2F18387 HTTP/2.0" 200 828 "https://www.23rdb.com.lab2454.com/whsy.php?p=%2Fproc%2F18387" "Mozilla/5.0 AppleWebKit/537.36 (KHTML, like Gecko; compatible; GPTBot/1.3; +https://openai.com/gptbot)"
74.7.227.25 - - [02/Mar/2026:18:17:21 +0000] "GET /whsy.php?e=comm&p=%2Fproc%2F18909 HTTP/2.0" 200 828 "https://www.23rdb.com.lab2454.com/whsy.php?p=%2Fproc%2F18909" "Mozilla/5.0 AppleWebKit/537.36 (KHTML, like Gecko; compatible; GPTBot/1.3; +https://openai.com/gptbot)"
74.7.227.25 - - [02/Mar/2026:18:18:39 +0000] "GET /whsy.php?e=comm&p=%2Fproc%2F19094 HTTP/2.0" 200 828 "https://www.23rdb.com.lab2454.com/whsy.php?p=%2Fproc%2F19094" "Mozilla/5.0 AppleWebKit/537.36 (KHTML, like Gecko; compatible; GPTBot/1.3; +https://openai.com/gptbot)"
74.7.227.25 - - [02/Mar/2026:18:20:02 +0000] "GET /whsy.php?e=maps&p=%2Fproc%2F19165 HTTP/2.0" 200 828 "https://www.23rdb.com.lab2454.com/whsy.php?p=%2Fproc%2F19165" "Mozilla/5.0 AppleWebKit/537.36 (KHTML, like Gecko; compatible; GPTBot/1.3; +https://openai.com/gptbot)"
74.7.241.178 - - [02/Mar/2026:18:20:03 +0000] "GET /robots.txt HTTP/2.0" 404 - "-" "Mozilla/5.0 (Macintosh; Intel Mac OS X 10_15_7) AppleWebKit/537.36 (KHTML, like Gecko) Chrome/131.0.0.0 Safari/537.36; compatible; OAI-SearchBot/1.3; robots.txt; +https://openai.com/searchbot"
74.7.227.25 - - [02/Mar/2026:18:21:46 +0000] "GET /whsy.php?e=comm&p=%2Fproc%2F16518 HTTP/2.0" 200 828 "https://www.23rdb.com.lab2454.com/whsy.php?p=%2Fproc%2F16518" "Mozilla/5.0 AppleWebKit/537.36 (KHTML, like Gecko; compatible; GPTBot/1.3; +https://openai.com/gptbot)"
74.7.227.25 - - [02/Mar/2026:18:23:35 +0000] "GET /whsy.php?e=comm&p=%2Fproc%2F17688 HTTP/2.0" 200 828 "https://www.23rdb.com.lab2454.com/whsy.php?p=%2Fproc%2F17688" "Mozilla/5.0 AppleWebKit/537.36 (KHTML, like Gecko; compatible; GPTBot/1.3; +https://openai.com/gptbot)"
74.7.227.25 - - [02/Mar/2026:18:25:05 +0000] "GET /whsy.php?e=maps&p=%2Fproc%2F30114 HTTP/2.0" 200 828 "https://www.23rdb.com.lab2454.com/whsy.php?p=%2Fproc%2F30114" "Mozilla/5.0 AppleWebKit/537.36 (KHTML, like Gecko; compatible; GPTBot/1.3; +https://openai.com/gptbot)"
74.7.241.178 - - [02/Mar/2026:18:25:06 +0000] "GET /robots.txt HTTP/2.0" 404 - "-" "Mozilla/5.0 (Macintosh; Intel Mac OS X 10_15_7) AppleWebKit/537.36 (KHTML, like Gecko) Chrome/131.0.0.0 Safari/537.36; compatible; OAI-SearchBot/1.3; robots.txt; +https://openai.com/searchbot"
74.7.227.25 - - [02/Mar/2026:18:26:47 +0000] "GET /whsy.php?e=maps&p=%2Fproc%2F13571 HTTP/2.0" 200 828 "https://www.23rdb.com.lab2454.com/whsy.php?p=%2Fproc%2F13571" "Mozilla/5.0 AppleWebKit/537.36 (KHTML, like Gecko; compatible; GPTBot/1.3; +https://openai.com/gptbot)"
74.7.227.25 - - [02/Mar/2026:18:28:05 +0000] "GET /whsy.php?e=stat&p=%2Fproc%2F31883 HTTP/2.0" 200 828 "https://www.23rdb.com.lab2454.com/whsy.php?p=%2Fproc%2F31883" "Mozilla/5.0 AppleWebKit/537.36 (KHTML, like Gecko; compatible; GPTBot/1.3; +https://openai.com/gptbot)"
74.7.227.25 - - [02/Mar/2026:18:29:28 +0000] "GET /whsy.php?e=stat&p=%2Fproc%2F11600 HTTP/2.0" 200 828 "https://www.23rdb.com.lab2454.com/whsy.php?p=%2Fproc%2F11600" "Mozilla/5.0 AppleWebKit/537.36 (KHTML, like Gecko; compatible; GPTBot/1.3; +https://openai.com/gptbot)"
74.7.227.25 - - [02/Mar/2026:18:31:18 +0000] "GET /whsy.php?e=maps&p=%2Fproc%2F16799 HTTP/2.0" 200 828 "https://www.23rdb.com.lab2454.com/whsy.php?p=%2Fproc%2F16799" "Mozilla/5.0 AppleWebKit/537.36 (KHTML, like Gecko; compatible; GPTBot/1.3; +https://openai.com/gptbot)"
74.7.241.178 - - [02/Mar/2026:18:31:19 +0000] "GET /robots.txt HTTP/2.0" 404 - "-" "Mozilla/5.0 (Macintosh; Intel Mac OS X 10_15_7) AppleWebKit/537.36 (KHTML, like Gecko) Chrome/131.0.0.0 Safari/537.36; compatible; OAI-SearchBot/1.3; robots.txt; +https://openai.com/searchbot"
74.7.227.25 - - [02/Mar/2026:18:32:41 +0000] "GET /whsy.php?e=auxv&p=%2Fproc%2F23253 HTTP/2.0" 200 828 "https://www.23rdb.com.lab2454.com/whsy.php?p=%2Fproc%2F23253" "Mozilla/5.0 AppleWebKit/537.36 (KHTML, like Gecko; compatible; GPTBot/1.3; +https://openai.com/gptbot)"
74.7.227.25 - - [02/Mar/2026:18:33:55 +0000] "GET /whsy.php?e=maps&p=%2Fproc%2F16518 HTTP/2.0" 200 828 "https://www.23rdb.com.lab2454.com/whsy.php?p=%2Fproc%2F16518" "Mozilla/5.0 AppleWebKit/537.36 (KHTML, like Gecko; compatible; GPTBot/1.3; +https://openai.com/gptbot)"
74.7.227.25 - - [02/Mar/2026:18:35:34 +0000] "GET /whsy.php?e=maps&p=%2Fproc%2F15341 HTTP/2.0" 200 828 "https://www.23rdb.com.lab2454.com/whsy.php?p=%2Fproc%2F15341" "Mozilla/5.0 AppleWebKit/537.36 (KHTML, like Gecko; compatible; GPTBot/1.3; +https://openai.com/gptbot)"
74.7.227.25 - - [02/Mar/2026:18:36:48 +0000] "GET /whsy.php?e=maps&p=%2Fproc%2F10353 HTTP/2.0" 200 828 "https://www.23rdb.com.lab2454.com/whsy.php?p=%2Fproc%2F10353" "Mozilla/5.0 AppleWebKit/537.36 (KHTML, like Gecko; compatible; GPTBot/1.3; +https://openai.com/gptbot)"
74.7.241.178 - - [02/Mar/2026:18:36:48 +0000] "GET /robots.txt HTTP/2.0" 404 - "-" "Mozilla/5.0 (Macintosh; Intel Mac OS X 10_15_7) AppleWebKit/537.36 (KHTML, like Gecko) Chrome/131.0.0.0 Safari/537.36; compatible; OAI-SearchBot/1.3; robots.txt; +https://openai.com/searchbot"
74.7.227.25 - - [02/Mar/2026:18:38:21 +0000] "GET /whsy.php?e=maps&p=%2Fproc%2F18501 HTTP/2.0" 200 828 "https://www.23rdb.com.lab2454.com/whsy.php?p=%2Fproc%2F18501" "Mozilla/5.0 AppleWebKit/537.36 (KHTML, like Gecko; compatible; GPTBot/1.3; +https://openai.com/gptbot)"
74.7.227.25 - - [02/Mar/2026:18:39:46 +0000] "GET /whsy.php?e=comm&p=%2Fproc%2F13417 HTTP/2.0" 200 828 "https://www.23rdb.com.lab2454.com/whsy.php?p=%2Fproc%2F13417" "Mozilla/5.0 AppleWebKit/537.36 (KHTML, like Gecko; compatible; GPTBot/1.3; +https://openai.com/gptbot)"
74.7.227.25 - - [02/Mar/2026:18:40:54 +0000] "GET /whsy.php?e=maps&p=%2Fproc%2F14761 HTTP/2.0" 200 828 "https://www.23rdb.com.lab2454.com/whsy.php?p=%2Fproc%2F14761" "Mozilla/5.0 AppleWebKit/537.36 (KHTML, like Gecko; compatible; GPTBot/1.3; +https://openai.com/gptbot)"
74.7.227.25 - - [02/Mar/2026:18:42:12 +0000] "GET /whsy.php?e=auxv&p=%2Fproc%2F32362 HTTP/2.0" 200 1936 "https://www.23rdb.com.lab2454.com/whsy.php?p=%2Fproc%2F32362" "Mozilla/5.0 AppleWebKit/537.36 (KHTML, like Gecko; compatible; GPTBot/1.3; +https://openai.com/gptbot)"
74.7.241.178 - - [02/Mar/2026:18:42:13 +0000] "GET /robots.txt HTTP/2.0" 404 - "-" "Mozilla/5.0 (Macintosh; Intel Mac OS X 10_15_7) AppleWebKit/537.36 (KHTML, like Gecko) Chrome/131.0.0.0 Safari/537.36; compatible; OAI-SearchBot/1.3; robots.txt; +https://openai.com/searchbot"
74.7.227.25 - - [02/Mar/2026:18:43:31 +0000] "GET /whsy.php?e=maps&p=%2Fproc%2F18737 HTTP/2.0" 200 828 "https://www.23rdb.com.lab2454.com/whsy.php?p=%2Fproc%2F18737" "Mozilla/5.0 AppleWebKit/537.36 (KHTML, like Gecko; compatible; GPTBot/1.3; +https://openai.com/gptbot)"
74.7.227.25 - - [02/Mar/2026:18:44:37 +0000] "GET /whsy.php?e=auxv&p=%2Fproc%2F12266 HTTP/2.0" 200 828 "https://www.23rdb.com.lab2454.com/whsy.php?p=%2Fproc%2F12266" "Mozilla/5.0 AppleWebKit/537.36 (KHTML, like Gecko; compatible; GPTBot/1.3; +https://openai.com/gptbot)"
74.7.227.25 - - [02/Mar/2026:18:46:05 +0000] "GET /whsy.php?e=comm&p=%2Fproc%2F31887 HTTP/2.0" 200 828 "https://www.23rdb.com.lab2454.com/whsy.php?p=%2Fproc%2F31887" "Mozilla/5.0 AppleWebKit/537.36 (KHTML, like Gecko; compatible; GPTBot/1.3; +https://openai.com/gptbot)"
74.7.227.25 - - [02/Mar/2026:18:47:23 +0000] "GET /whsy.php?e=maps&p=%2Fproc%2F31149 HTTP/2.0" 200 828 "https://www.23rdb.com.lab2454.com/whsy.php?p=%2Fproc%2F31149" "Mozilla/5.0 AppleWebKit/537.36 (KHTML, like Gecko; compatible; GPTBot/1.3; +https://openai.com/gptbot)"
74.7.241.178 - - [02/Mar/2026:18:47:24 +0000] "GET /robots.txt HTTP/2.0" 404 - "-" "Mozilla/5.0 (Macintosh; Intel Mac OS X 10_15_7) AppleWebKit/537.36 (KHTML, like Gecko) Chrome/131.0.0.0 Safari/537.36; compatible; OAI-SearchBot/1.3; robots.txt; +https://openai.com/searchbot"
74.7.227.25 - - [02/Mar/2026:18:48:38 +0000] "GET /whsy.php?e=stat&p=%2Fproc%2F31939 HTTP/2.0" 200 828 "https://www.23rdb.com.lab2454.com/whsy.php?p=%2Fproc%2F31939" "Mozilla/5.0 AppleWebKit/537.36 (KHTML, like Gecko; compatible; GPTBot/1.3; +https://openai.com/gptbot)"
74.7.227.25 - - [02/Mar/2026:18:50:04 +0000] "GET /whsy.php?e=maps&p=%2Fproc%2F17686 HTTP/2.0" 200 828 "https://www.23rdb.com.lab2454.com/whsy.php?p=%2Fproc%2F17686" "Mozilla/5.0 AppleWebKit/537.36 (KHTML, like Gecko; compatible; GPTBot/1.3; +https://openai.com/gptbot)"
74.7.227.25 - - [02/Mar/2026:18:51:31 +0000] "GET /whsy.php?e=maps&p=%2Fproc%2F31917 HTTP/2.0" 200 828 "https://www.23rdb.com.lab2454.com/whsy.php?p=%2Fproc%2F31917" "Mozilla/5.0 AppleWebKit/537.36 (KHTML, like Gecko; compatible; GPTBot/1.3; +https://openai.com/gptbot)"
74.7.227.25 - - [02/Mar/2026:18:53:26 +0000] "GET /whsy.php?e=comm&p=%2Fproc%2F15801 HTTP/2.0" 200 828 "https://www.23rdb.com.lab2454.com/whsy.php?p=%2Fproc%2F15801" "Mozilla/5.0 AppleWebKit/537.36 (KHTML, like Gecko; compatible; GPTBot/1.3; +https://openai.com/gptbot)"
74.7.241.178 - - [02/Mar/2026:18:53:27 +0000] "GET /robots.txt HTTP/2.0" 404 - "-" "Mozilla/5.0 (Macintosh; Intel Mac OS X 10_15_7) AppleWebKit/537.36 (KHTML, like Gecko) Chrome/131.0.0.0 Safari/537.36; compatible; OAI-SearchBot/1.3; robots.txt; +https://openai.com/searchbot"
74.7.227.25 - - [02/Mar/2026:18:55:00 +0000] "GET /whsy.php?e=maps&p=%2Fproc%2F17193 HTTP/2.0" 200 828 "https://www.23rdb.com.lab2454.com/whsy.php?p=%2Fproc%2F17193" "Mozilla/5.0 AppleWebKit/537.36 (KHTML, like Gecko; compatible; GPTBot/1.3; +https://openai.com/gptbot)"
74.7.227.25 - - [02/Mar/2026:18:56:58 +0000] "GET /whsy.php?e=maps&p=%2Fproc%2F19594 HTTP/2.0" 200 828 "https://www.23rdb.com.lab2454.com/whsy.php?p=%2Fproc%2F19594" "Mozilla/5.0 AppleWebKit/537.36 (KHTML, like Gecko; compatible; GPTBot/1.3; +https://openai.com/gptbot)"
74.7.227.25 - - [02/Mar/2026:18:58:44 +0000] "GET /whsy.php?e=comm&p=%2Fproc%2F18676 HTTP/2.0" 200 828 "https://www.23rdb.com.lab2454.com/whsy.php?p=%2Fproc%2F18676" "Mozilla/5.0 AppleWebKit/537.36 (KHTML, like Gecko; compatible; GPTBot/1.3; +https://openai.com/gptbot)"
74.7.241.178 - - [02/Mar/2026:18:58:44 +0000] "GET /robots.txt HTTP/2.0" 404 - "-" "Mozilla/5.0 (Macintosh; Intel Mac OS X 10_15_7) AppleWebKit/537.36 (KHTML, like Gecko) Chrome/131.0.0.0 Safari/537.36; compatible; OAI-SearchBot/1.3; robots.txt; +https://openai.com/searchbot"
74.7.227.25 - - [02/Mar/2026:19:00:36 +0000] "GET /whsy.php?e=comm&p=%2Fproc%2F19749 HTTP/2.0" 200 828 "https://www.23rdb.com.lab2454.com/whsy.php?p=%2Fproc%2F19749" "Mozilla/5.0 AppleWebKit/537.36 (KHTML, like Gecko; compatible; GPTBot/1.3; +https://openai.com/gptbot)"
74.7.227.25 - - [02/Mar/2026:19:02:06 +0000] "GET /whsy.php?e=comm&p=%2Fproc%2F10553 HTTP/2.0" 200 828 "https://www.23rdb.com.lab2454.com/whsy.php?p=%2Fproc%2F10553" "Mozilla/5.0 AppleWebKit/537.36 (KHTML, like Gecko; compatible; GPTBot/1.3; +https://openai.com/gptbot)"
74.7.227.25 - - [02/Mar/2026:19:03:48 +0000] "GET /whsy.php?e=maps&p=%2Fproc%2F17688 HTTP/2.0" 200 828 "https://www.23rdb.com.lab2454.com/whsy.php?p=%2Fproc%2F17688" "Mozilla/5.0 AppleWebKit/537.36 (KHTML, like Gecko; compatible; GPTBot/1.3; +https://openai.com/gptbot)"
74.7.227.25 - - [02/Mar/2026:19:05:31 +0000] "GET /whsy.php?e=comm&p=%2Fproc%2F17076 HTTP/2.0" 200 828 "https://www.23rdb.com.lab2454.com/whsy.php?p=%2Fproc%2F17076" "Mozilla/5.0 AppleWebKit/537.36 (KHTML, like Gecko; compatible; GPTBot/1.3; +https://openai.com/gptbot)"
74.7.227.25 - - [02/Mar/2026:19:06:47 +0000] "GET /whsy.php?e=stat&p=%2Fproc%2F11877 HTTP/2.0" 200 2121 "https://www.23rdb.com.lab2454.com/whsy.php?p=%2Fproc%2F11877" "Mozilla/5.0 AppleWebKit/537.36 (KHTML, like Gecko; compatible; GPTBot/1.3; +https://openai.com/gptbot)"
74.7.227.25 - - [02/Mar/2026:19:08:22 +0000] "GET /whsy.php?e=comm&p=%2Fproc%2F11943 HTTP/2.0" 200 828 "https://www.23rdb.com.lab2454.com/whsy.php?p=%2Fproc%2F11943" "Mozilla/5.0 AppleWebKit/537.36 (KHTML, like Gecko; compatible; GPTBot/1.3; +https://openai.com/gptbot)"
74.7.227.25 - - [02/Mar/2026:19:09:50 +0000] "GET /whsy.php?e=maps&p=%2Fproc%2F13055 HTTP/2.0" 200 828 "https://www.23rdb.com.lab2454.com/whsy.php?p=%2Fproc%2F13055" "Mozilla/5.0 AppleWebKit/537.36 (KHTML, like Gecko; compatible; GPTBot/1.3; +https://openai.com/gptbot)"
74.7.241.178 - - [02/Mar/2026:19:09:51 +0000] "GET /robots.txt HTTP/2.0" 404 - "-" "Mozilla/5.0 (Macintosh; Intel Mac OS X 10_15_7) AppleWebKit/537.36 (KHTML, like Gecko) Chrome/131.0.0.0 Safari/537.36; compatible; OAI-SearchBot/1.3; robots.txt; +https://openai.com/searchbot"
74.7.227.25 - - [02/Mar/2026:19:11:16 +0000] "GET /whsy.php?e=maps&p=%2Fproc%2F11369 HTTP/2.0" 200 2116 "https://www.23rdb.com.lab2454.com/whsy.php?p=%2Fproc%2F11369" "Mozilla/5.0 AppleWebKit/537.36 (KHTML, like Gecko; compatible; GPTBot/1.3; +https://openai.com/gptbot)"
74.7.227.25 - - [02/Mar/2026:19:12:53 +0000] "GET /whsy.php?e=maps&p=%2Fproc%2F18909 HTTP/2.0" 200 828 "https://www.23rdb.com.lab2454.com/whsy.php?p=%2Fproc%2F18909" "Mozilla/5.0 AppleWebKit/537.36 (KHTML, like Gecko; compatible; GPTBot/1.3; +https://openai.com/gptbot)"
74.7.227.25 - - [02/Mar/2026:19:14:35 +0000] "GET /whsy.php?e=auxv&p=%2Fproc%2F12171 HTTP/2.0" 200 1936 "https://www.23rdb.com.lab2454.com/whsy.php?p=%2Fproc%2F12171" "Mozilla/5.0 AppleWebKit/537.36 (KHTML, like Gecko; compatible; GPTBot/1.3; +https://openai.com/gptbot)"
74.7.227.25 - - [02/Mar/2026:19:16:02 +0000] "GET /whsy.php?e=stat&p=%2Fproc%2F14155 HTTP/2.0" 200 828 "https://www.23rdb.com.lab2454.com/whsy.php?p=%2Fproc%2F14155" "Mozilla/5.0 AppleWebKit/537.36 (KHTML, like Gecko; compatible; GPTBot/1.3; +https://openai.com/gptbot)"
74.7.241.178 - - [02/Mar/2026:19:16:03 +0000] "GET /robots.txt HTTP/2.0" 404 - "-" "Mozilla/5.0 (Macintosh; Intel Mac OS X 10_15_7) AppleWebKit/537.36 (KHTML, like Gecko) Chrome/131.0.0.0 Safari/537.36; compatible; OAI-SearchBot/1.3; robots.txt; +https://openai.com/searchbot"
74.7.227.25 - - [02/Mar/2026:19:17:28 +0000] "GET /whsy.php?e=auxv&p=%2Fproc%2F27377 HTTP/2.0" 200 828 "https://www.23rdb.com.lab2454.com/whsy.php?p=%2Fproc%2F27377" "Mozilla/5.0 AppleWebKit/537.36 (KHTML, like Gecko; compatible; GPTBot/1.3; +https://openai.com/gptbot)"
74.7.227.25 - - [02/Mar/2026:19:19:07 +0000] "GET /whsy.php?e=maps&p=%2Fproc%2F13477 HTTP/2.0" 200 828 "https://www.23rdb.com.lab2454.com/whsy.php?p=%2Fproc%2F13477" "Mozilla/5.0 AppleWebKit/537.36 (KHTML, like Gecko; compatible; GPTBot/1.3; +https://openai.com/gptbot)"
74.7.227.25 - - [02/Mar/2026:19:20:36 +0000] "GET /whsy.php?e=maps&p=%2Fproc%2F16187 HTTP/2.0" 200 828 "https://www.23rdb.com.lab2454.com/whsy.php?p=%2Fproc%2F16187" "Mozilla/5.0 AppleWebKit/537.36 (KHTML, like Gecko; compatible; GPTBot/1.3; +https://openai.com/gptbot)"
74.7.227.25 - - [02/Mar/2026:19:21:48 +0000] "GET /whsy.php?e=maps&p=%2Fproc%2F30017 HTTP/2.0" 200 828 "https://www.23rdb.com.lab2454.com/whsy.php?p=%2Fproc%2F30017" "Mozilla/5.0 AppleWebKit/537.36 (KHTML, like Gecko; compatible; GPTBot/1.3; +https://openai.com/gptbot)"
74.7.241.178 - - [02/Mar/2026:19:21:49 +0000] "GET /robots.txt HTTP/2.0" 404 - "-" "Mozilla/5.0 (Macintosh; Intel Mac OS X 10_15_7) AppleWebKit/537.36 (KHTML, like Gecko) Chrome/131.0.0.0 Safari/537.36; compatible; OAI-SearchBot/1.3; robots.txt; +https://openai.com/searchbot"
74.7.227.25 - - [02/Mar/2026:19:23:03 +0000] "GET /whsy.php?e=comm&p=%2Fproc%2F31149 HTTP/2.0" 200 828 "https://www.23rdb.com.lab2454.com/whsy.php?p=%2Fproc%2F31149" "Mozilla/5.0 AppleWebKit/537.36 (KHTML, like Gecko; compatible; GPTBot/1.3; +https://openai.com/gptbot)"
74.7.227.25 - - [02/Mar/2026:19:24:43 +0000] "GET /whsy.php?e=comm&p=%2Fproc%2F13571 HTTP/2.0" 200 828 "https://www.23rdb.com.lab2454.com/whsy.php?p=%2Fproc%2F13571" "Mozilla/5.0 AppleWebKit/537.36 (KHTML, like Gecko; compatible; GPTBot/1.3; +https://openai.com/gptbot)"
74.7.227.25 - - [02/Mar/2026:19:26:21 +0000] "GET /whsy.php?e=comm&p=%2Fproc%2F18737 HTTP/2.0" 200 828 "https://www.23rdb.com.lab2454.com/whsy.php?p=%2Fproc%2F18737" "Mozilla/5.0 AppleWebKit/537.36 (KHTML, like Gecko; compatible; GPTBot/1.3; +https://openai.com/gptbot)"
74.7.227.25 - - [02/Mar/2026:19:28:00 +0000] "GET /whsy.php?e=comm&p=%2Fproc%2F15045 HTTP/2.0" 200 828 "https://www.23rdb.com.lab2454.com/whsy.php?p=%2Fproc%2F15045" "Mozilla/5.0 AppleWebKit/537.36 (KHTML, like Gecko; compatible; GPTBot/1.3; +https://openai.com/gptbot)"
74.7.241.178 - - [02/Mar/2026:19:28:01 +0000] "GET /robots.txt HTTP/2.0" 404 - "-" "Mozilla/5.0 (Macintosh; Intel Mac OS X 10_15_7) AppleWebKit/537.36 (KHTML, like Gecko) Chrome/131.0.0.0 Safari/537.36; compatible; OAI-SearchBot/1.3; robots.txt; +https://openai.com/searchbot"
74.7.227.25 - - [02/Mar/2026:19:29:29 +0000] "GET /whsy.php?e=auxv&p=%2Fproc%2F20620 HTTP/2.0" 200 828 "https://www.23rdb.com.lab2454.com/whsy.php?p=%2Fproc%2F20620" "Mozilla/5.0 AppleWebKit/537.36 (KHTML, like Gecko; compatible; GPTBot/1.3; +https://openai.com/gptbot)"
74.7.227.25 - - [02/Mar/2026:19:30:40 +0000] "GET /whsy.php?e=maps&p=%2Fproc%2F17076 HTTP/2.0" 200 828 "https://www.23rdb.com.lab2454.com/whsy.php?p=%2Fproc%2F17076" "Mozilla/5.0 AppleWebKit/537.36 (KHTML, like Gecko; compatible; GPTBot/1.3; +https://openai.com/gptbot)"
74.7.227.25 - - [02/Mar/2026:19:32:08 +0000] "GET /whsy.php?e=comm&p=%2Fproc%2F16718 HTTP/2.0" 200 828 "https://www.23rdb.com.lab2454.com/whsy.php?p=%2Fproc%2F16718" "Mozilla/5.0 AppleWebKit/537.36 (KHTML, like Gecko; compatible; GPTBot/1.3; +https://openai.com/gptbot)"
74.7.227.25 - - [02/Mar/2026:19:33:14 +0000] "GET /whsy.php?e=maps&p=%2Fproc%2F11408 HTTP/2.0" 200 828 "https://www.23rdb.com.lab2454.com/whsy.php?p=%2Fproc%2F11408" "Mozilla/5.0 AppleWebKit/537.36 (KHTML, like Gecko; compatible; GPTBot/1.3; +https://openai.com/gptbot)"
74.7.241.178 - - [02/Mar/2026:19:33:15 +0000] "GET /robots.txt HTTP/2.0" 404 - "-" "Mozilla/5.0 (Macintosh; Intel Mac OS X 10_15_7) AppleWebKit/537.36 (KHTML, like Gecko) Chrome/131.0.0.0 Safari/537.36; compatible; OAI-SearchBot/1.3; robots.txt; +https://openai.com/searchbot"
74.7.227.25 - - [02/Mar/2026:19:34:39 +0000] "GET /whsy.php?e=comm&p=%2Fproc%2F13477 HTTP/2.0" 200 828 "https://www.23rdb.com.lab2454.com/whsy.php?p=%2Fproc%2F13477" "Mozilla/5.0 AppleWebKit/537.36 (KHTML, like Gecko; compatible; GPTBot/1.3; +https://openai.com/gptbot)"
74.7.227.25 - - [02/Mar/2026:19:36:05 +0000] "GET /whsy.php?e=maps&p=%2Fproc%2F16963 HTTP/2.0" 200 828 "https://www.23rdb.com.lab2454.com/whsy.php?p=%2Fproc%2F16963" "Mozilla/5.0 AppleWebKit/537.36 (KHTML, like Gecko; compatible; GPTBot/1.3; +https://openai.com/gptbot)"
74.7.227.25 - - [02/Mar/2026:19:37:23 +0000] "GET /whsy.php?e=auxv&p=%2Fproc%2F12231 HTTP/2.0" 200 828 "https://www.23rdb.com.lab2454.com/whsy.php?p=%2Fproc%2F12231" "Mozilla/5.0 AppleWebKit/537.36 (KHTML, like Gecko; compatible; GPTBot/1.3; +https://openai.com/gptbot)"
74.7.227.25 - - [02/Mar/2026:19:38:49 +0000] "GET /whsy.php?e=comm&p=%2Fproc%2F18691 HTTP/2.0" 200 828 "https://www.23rdb.com.lab2454.com/whsy.php?p=%2Fproc%2F18691" "Mozilla/5.0 AppleWebKit/537.36 (KHTML, like Gecko; compatible; GPTBot/1.3; +https://openai.com/gptbot)"
74.7.241.178 - - [02/Mar/2026:19:38:50 +0000] "GET /robots.txt HTTP/2.0" 404 - "-" "Mozilla/5.0 (Macintosh; Intel Mac OS X 10_15_7) AppleWebKit/537.36 (KHTML, like Gecko) Chrome/131.0.0.0 Safari/537.36; compatible; OAI-SearchBot/1.3; robots.txt; +https://openai.com/searchbot"
74.7.227.25 - - [02/Mar/2026:19:39:49 +0000] "GET /whsy.php?e=maps&p=%2Fproc%2F16157 HTTP/2.0" 200 828 "https://www.23rdb.com.lab2454.com/whsy.php?p=%2Fproc%2F16157" "Mozilla/5.0 AppleWebKit/537.36 (KHTML, like Gecko; compatible; GPTBot/1.3; +https://openai.com/gptbot)"
74.7.227.25 - - [02/Mar/2026:19:41:05 +0000] "GET /whsy.php?e=stat&p=%2Fproc%2F31144 HTTP/2.0" 200 828 "https://www.23rdb.com.lab2454.com/whsy.php?p=%2Fproc%2F31144" "Mozilla/5.0 AppleWebKit/537.36 (KHTML, like Gecko; compatible; GPTBot/1.3; +https://openai.com/gptbot)"
74.7.227.25 - - [02/Mar/2026:19:42:06 +0000] "GET /whsy.php?e=maps&p=%2Fproc%2F18691 HTTP/2.0" 200 828 "https://www.23rdb.com.lab2454.com/whsy.php?p=%2Fproc%2F18691" "Mozilla/5.0 AppleWebKit/537.36 (KHTML, like Gecko; compatible; GPTBot/1.3; +https://openai.com/gptbot)"
74.7.227.25 - - [02/Mar/2026:19:43:14 +0000] "GET /whsy.php?e=comm&p=%2Fproc%2F19984 HTTP/2.0" 200 828 "https://www.23rdb.com.lab2454.com/whsy.php?p=%2Fproc%2F19984" "Mozilla/5.0 AppleWebKit/537.36 (KHTML, like Gecko; compatible; GPTBot/1.3; +https://openai.com/gptbot)"
74.7.227.25 - - [02/Mar/2026:19:44:35 +0000] "GET /whsy.php?e=maps&p=%2Fproc%2F15600 HTTP/2.0" 200 828 "https://www.23rdb.com.lab2454.com/whsy.php?p=%2Fproc%2F15600" "Mozilla/5.0 AppleWebKit/537.36 (KHTML, like Gecko; compatible; GPTBot/1.3; +https://openai.com/gptbot)"
74.7.241.178 - - [02/Mar/2026:19:44:36 +0000] "GET /robots.txt HTTP/2.0" 404 - "-" "Mozilla/5.0 (Macintosh; Intel Mac OS X 10_15_7) AppleWebKit/537.36 (KHTML, like Gecko) Chrome/131.0.0.0 Safari/537.36; compatible; OAI-SearchBot/1.3; robots.txt; +https://openai.com/searchbot"
74.7.227.25 - - [02/Mar/2026:19:46:06 +0000] "GET /whsy.php?e=auxv&p=%2Fproc%2F22445 HTTP/2.0" 200 828 "https://www.23rdb.com.lab2454.com/whsy.php?p=%2Fproc%2F22445" "Mozilla/5.0 AppleWebKit/537.36 (KHTML, like Gecko; compatible; GPTBot/1.3; +https://openai.com/gptbot)"
74.7.227.25 - - [02/Mar/2026:19:47:08 +0000] "GET /whsy.php?e=maps&p=%2Fproc%2F19033 HTTP/2.0" 200 828 "https://www.23rdb.com.lab2454.com/whsy.php?p=%2Fproc%2F19033" "Mozilla/5.0 AppleWebKit/537.36 (KHTML, like Gecko; compatible; GPTBot/1.3; +https://openai.com/gptbot)"
74.7.227.25 - - [02/Mar/2026:19:48:35 +0000] "GET /whsy.php?e=auxv&p=%2Fproc%2F22779 HTTP/2.0" 200 828 "https://www.23rdb.com.lab2454.com/whsy.php?p=%2Fproc%2F22779" "Mozilla/5.0 AppleWebKit/537.36 (KHTML, like Gecko; compatible; GPTBot/1.3; +https://openai.com/gptbot)"
74.7.227.25 - - [02/Mar/2026:19:50:00 +0000] "GET /whsy.php?e=auxv&p=%2Fproc%2F22737 HTTP/2.0" 200 828 "https://www.23rdb.com.lab2454.com/whsy.php?p=%2Fproc%2F22737" "Mozilla/5.0 AppleWebKit/537.36 (KHTML, like Gecko; compatible; GPTBot/1.3; +https://openai.com/gptbot)"
74.7.241.178 - - [02/Mar/2026:19:50:01 +0000] "GET /robots.txt HTTP/2.0" 404 - "-" "Mozilla/5.0 (Macintosh; Intel Mac OS X 10_15_7) AppleWebKit/537.36 (KHTML, like Gecko) Chrome/131.0.0.0 Safari/537.36; compatible; OAI-SearchBot/1.3; robots.txt; +https://openai.com/searchbot"
74.7.227.25 - - [02/Mar/2026:19:51:38 +0000] "GET /whsy.php?e=comm&p=%2Fproc%2F15341 HTTP/2.0" 200 828 "https://www.23rdb.com.lab2454.com/whsy.php?p=%2Fproc%2F15341" "Mozilla/5.0 AppleWebKit/537.36 (KHTML, like Gecko; compatible; GPTBot/1.3; +https://openai.com/gptbot)"
74.7.227.25 - - [02/Mar/2026:19:52:52 +0000] "GET /whsy.php?e=auxv&p=%2Fproc%2F21182 HTTP/2.0" 200 828 "https://www.23rdb.com.lab2454.com/whsy.php?p=%2Fproc%2F21182" "Mozilla/5.0 AppleWebKit/537.36 (KHTML, like Gecko; compatible; GPTBot/1.3; +https://openai.com/gptbot)"
74.7.227.25 - - [02/Mar/2026:19:54:22 +0000] "GET /whsy.php?e=comm&p=%2Fproc%2F11597 HTTP/2.0" 200 828 "https://www.23rdb.com.lab2454.com/whsy.php?p=%2Fproc%2F11597" "Mozilla/5.0 AppleWebKit/537.36 (KHTML, like Gecko; compatible; GPTBot/1.3; +https://openai.com/gptbot)"
74.7.227.25 - - [02/Mar/2026:19:55:21 +0000] "GET /whsy.php?e=comm&p=%2Fproc%2F30117 HTTP/2.0" 200 828 "https://www.23rdb.com.lab2454.com/whsy.php?p=%2Fproc%2F30117" "Mozilla/5.0 AppleWebKit/537.36 (KHTML, like Gecko; compatible; GPTBot/1.3; +https://openai.com/gptbot)"
74.7.241.178 - - [02/Mar/2026:19:55:23 +0000] "GET /robots.txt HTTP/2.0" 404 - "-" "Mozilla/5.0 (Macintosh; Intel Mac OS X 10_15_7) AppleWebKit/537.36 (KHTML, like Gecko) Chrome/131.0.0.0 Safari/537.36; compatible; OAI-SearchBot/1.3; robots.txt; +https://openai.com/searchbot"
74.7.227.25 - - [02/Mar/2026:19:56:42 +0000] "GET /whsy.php?e=auxv&p=%2Fproc%2F29392 HTTP/2.0" 200 828 "https://www.23rdb.com.lab2454.com/whsy.php?p=%2Fproc%2F29392" "Mozilla/5.0 AppleWebKit/537.36 (KHTML, like Gecko; compatible; GPTBot/1.3; +https://openai.com/gptbot)"
74.7.227.25 - - [02/Mar/2026:19:58:02 +0000] "GET /whsy.php?e=maps&p=%2Fproc%2F10075 HTTP/2.0" 200 828 "https://www.23rdb.com.lab2454.com/whsy.php?p=%2Fproc%2F10075" "Mozilla/5.0 AppleWebKit/537.36 (KHTML, like Gecko; compatible; GPTBot/1.3; +https://openai.com/gptbot)"
74.7.227.25 - - [02/Mar/2026:19:59:07 +0000] "GET /whsy.php?e=auxv&p=%2Fproc%2F30322 HTTP/2.0" 200 828 "https://www.23rdb.com.lab2454.com/whsy.php?p=%2Fproc%2F30322" "Mozilla/5.0 AppleWebKit/537.36 (KHTML, like Gecko; compatible; GPTBot/1.3; +https://openai.com/gptbot)"
74.7.227.25 - - [02/Mar/2026:20:00:19 +0000] "GET /whsy.php?e=maps&p=%2Fproc%2F18676 HTTP/2.0" 200 828 "https://www.23rdb.com.lab2454.com/whsy.php?p=%2Fproc%2F18676" "Mozilla/5.0 AppleWebKit/537.36 (KHTML, like Gecko; compatible; GPTBot/1.3; +https://openai.com/gptbot)"
74.7.227.25 - - [02/Mar/2026:20:01:43 +0000] "GET /whsy.php?e=auxv&p=%2Fproc%2F23234 HTTP/2.0" 200 828 "https://www.23rdb.com.lab2454.com/whsy.php?p=%2Fproc%2F23234" "Mozilla/5.0 AppleWebKit/537.36 (KHTML, like Gecko; compatible; GPTBot/1.3; +https://openai.com/gptbot)"
74.7.241.178 - - [02/Mar/2026:20:01:45 +0000] "GET /robots.txt HTTP/2.0" 404 - "-" "Mozilla/5.0 (Macintosh; Intel Mac OS X 10_15_7) AppleWebKit/537.36 (KHTML, like Gecko) Chrome/131.0.0.0 Safari/537.36; compatible; OAI-SearchBot/1.3; robots.txt; +https://openai.com/searchbot"
74.7.227.25 - - [02/Mar/2026:20:02:53 +0000] "GET /whsy.php?e=maps&p=%2Fproc%2F30408 HTTP/2.0" 200 828 "https://www.23rdb.com.lab2454.com/whsy.php?p=%2Fproc%2F30408" "Mozilla/5.0 AppleWebKit/537.36 (KHTML, like Gecko; compatible; GPTBot/1.3; +https://openai.com/gptbot)"
74.7.227.25 - - [02/Mar/2026:20:04:24 +0000] "GET /whsy.php?e=stat&p=%2Fproc%2F19591 HTTP/2.0" 200 828 "https://www.23rdb.com.lab2454.com/whsy.php?p=%2Fproc%2F19591" "Mozilla/5.0 AppleWebKit/537.36 (KHTML, like Gecko; compatible; GPTBot/1.3; +https://openai.com/gptbot)"
74.7.227.25 - - [02/Mar/2026:20:05:32 +0000] "GET /whsy.php?e=auxv&p=%2Fproc%2F23299 HTTP/2.0" 200 828 "https://www.23rdb.com.lab2454.com/whsy.php?p=%2Fproc%2F23299" "Mozilla/5.0 AppleWebKit/537.36 (KHTML, like Gecko; compatible; GPTBot/1.3; +https://openai.com/gptbot)"
74.7.227.25 - - [02/Mar/2026:20:06:57 +0000] "GET /whsy.php?e=comm&p=%2Fproc%2F31008 HTTP/2.0" 200 828 "https://www.23rdb.com.lab2454.com/whsy.php?p=%2Fproc%2F31008" "Mozilla/5.0 AppleWebKit/537.36 (KHTML, like Gecko; compatible; GPTBot/1.3; +https://openai.com/gptbot)"
74.7.227.25 - - [02/Mar/2026:20:08:16 +0000] "GET /whsy.php?e=comm&p=%2Fproc%2F10744 HTTP/2.0" 200 828 "https://www.23rdb.com.lab2454.com/whsy.php?p=%2Fproc%2F10744" "Mozilla/5.0 AppleWebKit/537.36 (KHTML, like Gecko; compatible; GPTBot/1.3; +https://openai.com/gptbot)"
74.7.227.25 - - [02/Mar/2026:20:09:39 +0000] "GET /whsy.php?e=stat&p=%2Fproc%2F31551 HTTP/2.0" 200 828 "https://www.23rdb.com.lab2454.com/whsy.php?p=%2Fproc%2F31551" "Mozilla/5.0 AppleWebKit/537.36 (KHTML, like Gecko; compatible; GPTBot/1.3; +https://openai.com/gptbot)"
74.7.227.25 - - [02/Mar/2026:20:10:57 +0000] "GET /whsy.php?e=auxv&p=%2Fproc%2F14212 HTTP/2.0" 200 828 "https://www.23rdb.com.lab2454.com/whsy.php?p=%2Fproc%2F14212" "Mozilla/5.0 AppleWebKit/537.36 (KHTML, like Gecko; compatible; GPTBot/1.3; +https://openai.com/gptbot)"
74.7.227.25 - - [02/Mar/2026:20:11:59 +0000] "GET /whsy.php?e=comm&p=%2Fproc%2F15363 HTTP/2.0" 200 828 "https://www.23rdb.com.lab2454.com/whsy.php?p=%2Fproc%2F15363" "Mozilla/5.0 AppleWebKit/537.36 (KHTML, like Gecko; compatible; GPTBot/1.3; +https://openai.com/gptbot)"
74.7.241.178 - - [02/Mar/2026:20:11:59 +0000] "GET /robots.txt HTTP/2.0" 404 - "-" "Mozilla/5.0 (Macintosh; Intel Mac OS X 10_15_7) AppleWebKit/537.36 (KHTML, like Gecko) Chrome/131.0.0.0 Safari/537.36; compatible; OAI-SearchBot/1.3; robots.txt; +https://openai.com/searchbot"
74.7.227.25 - - [02/Mar/2026:20:13:32 +0000] "GET /whsy.php?e=4.js&p=%2Fhome%2Flab2454c%2Fcaimegroup.com%2Fwp-content%2Fplugins%2Fwoocommerce%2Fassets%2Fclient%2Fadmin%2Fchunks HTTP/2.0" 200 18840 "https://www.23rdb.com.lab2454.com/whsy.php?p=%2Fhome%2Flab2454c%2Fcaimegroup.com%2Fwp-content%2Fplugins%2Fwoocommerce%2Fassets%2Fclient%2Fadmin%2Fchunks" "Mozilla/5.0 AppleWebKit/537.36 (KHTML, like Gecko; compatible; GPTBot/1.3; +https://openai.com/gptbot)"
74.7.227.25 - - [02/Mar/2026:20:14:43 +0000] "GET /whsy.php?e=template-single-text-blog.php&p=%2Fhome%2Flab2454c%2Fveritserv.com%2Fwp-content%2Fthemes%2Ftwentytwentyfive%2Fpatterns HTTP/2.0" 200 4827 "https://www.23rdb.com.lab2454.com/whsy.php?p=%2Fhome%2Flab2454c%2Fveritserv.com%2Fwp-content%2Fthemes%2Ftwentytwentyfive%2Fpatterns" "Mozilla/5.0 AppleWebKit/537.36 (KHTML, like Gecko; compatible; GPTBot/1.3; +https://openai.com/gptbot)"
74.7.227.25 - - [02/Mar/2026:20:16:19 +0000] "GET /whsy.php?e=hidden-blog-heading.php&p=%2Fhome%2Flab2454c%2Fveritserv.com%2Fwp-content%2Fthemes%2Ftwentytwentyfive%2Fpatterns HTTP/2.0" 200 4146 "https://www.23rdb.com.lab2454.com/whsy.php?p=%2Fhome%2Flab2454c%2Fveritserv.com%2Fwp-content%2Fthemes%2Ftwentytwentyfive%2Fpatterns" "Mozilla/5.0 AppleWebKit/537.36 (KHTML, like Gecko; compatible; GPTBot/1.3; +https://openai.com/gptbot)"
74.7.227.25 - - [02/Mar/2026:20:17:47 +0000] "GET /whsy.php?e=var_infra&p=%2Fvar%2Flib%2Fyum%2Fyumdb%2Ft%2F82c96470bbb5754ec60927f4188fde99628b5547-tkinter-2.7.5-94.0.1.el7_9.tuxcare.els2-x86_64 HTTP/2.0" 200 1344 "https://www.23rdb.com.lab2454.com/whsy.php?p=%2Fvar%2Flib%2Fyum%2Fyumdb%2Ft%2F82c96470bbb5754ec60927f4188fde99628b5547-tkinter-2.7.5-94.0.1.el7_9.tuxcare.els2-x86_64" "Mozilla/5.0 AppleWebKit/537.36 (KHTML, like Gecko; compatible; GPTBot/1.3; +https://openai.com/gptbot)"
74.7.241.178 - - [02/Mar/2026:20:17:49 +0000] "GET /robots.txt HTTP/2.0" 404 - "-" "Mozilla/5.0 (Macintosh; Intel Mac OS X 10_15_7) AppleWebKit/537.36 (KHTML, like Gecko) Chrome/131.0.0.0 Safari/537.36; compatible; OAI-SearchBot/1.3; robots.txt; +https://openai.com/searchbot"
74.7.227.25 - - [02/Mar/2026:20:19:10 +0000] "GET /whsy.php?e=NEWS&p=%2Fusr%2Fshare%2Fdoc%2Fscreen-4.1.0 HTTP/2.0" 200 1177 "https://www.23rdb.com.lab2454.com/whsy.php?p=%2Fusr%2Fshare%2Fdoc%2Fscreen-4.1.0" "Mozilla/5.0 AppleWebKit/537.36 (KHTML, like Gecko; compatible; GPTBot/1.3; +https://openai.com/gptbot)"
74.7.227.25 - - [02/Mar/2026:20:20:18 +0000] "GET /whsy.php?e=icmp&p=%2Fproc%2F140%2Ftask%2F140%2Fnet HTTP/2.0" 200 2593 "https://www.23rdb.com.lab2454.com/whsy.php?p=%2Fproc%2F140%2Ftask%2F140%2Fnet" "Mozilla/5.0 AppleWebKit/537.36 (KHTML, like Gecko; compatible; GPTBot/1.3; +https://openai.com/gptbot)"
74.7.227.25 - - [02/Mar/2026:20:21:53 +0000] "GET /whsy.php?e=icmp&p=%2Fproc%2F178%2Ftask%2F178%2Fnet HTTP/2.0" 200 2594 "https://www.23rdb.com.lab2454.com/whsy.php?p=%2Fproc%2F178%2Ftask%2F178%2Fnet" "Mozilla/5.0 AppleWebKit/537.36 (KHTML, like Gecko; compatible; GPTBot/1.3; +https://openai.com/gptbot)"
74.7.227.25 - - [02/Mar/2026:20:23:19 +0000] "GET /whsy.php?p=%2Fhome%2Flab2454c%2Fisaaclondston.com%2Fwp-includes%2Fcertificates%2F.. HTTP/2.0" 200 8548 "https://www.23rdb.com.lab2454.com/whsy.php?p=%2Fhome%2Flab2454c%2Fisaaclondston.com%2Fwp-includes%2Fcertificates" "Mozilla/5.0 AppleWebKit/537.36 (KHTML, like Gecko; compatible; GPTBot/1.3; +https://openai.com/gptbot)"
74.7.241.178 - - [02/Mar/2026:20:23:20 +0000] "GET /robots.txt HTTP/2.0" 404 - "-" "Mozilla/5.0 (Macintosh; Intel Mac OS X 10_15_7) AppleWebKit/537.36 (KHTML, like Gecko) Chrome/131.0.0.0 Safari/537.36; compatible; OAI-SearchBot/1.3; robots.txt; +https://openai.com/searchbot"
74.7.227.25 - - [02/Mar/2026:20:24:51 +0000] "GET /whsy.php?p=%2Fhome%2Flab2454c%2Ftransferwit.elementalrock.com%2Fwp-includes%2Fimages%2F.. HTTP/2.0" 200 7586 "https://www.23rdb.com.lab2454.com/whsy.php?p=%2Fhome%2Flab2454c%2Ftransferwit.elementalrock.com%2Fwp-includes%2Fimages" "Mozilla/5.0 AppleWebKit/537.36 (KHTML, like Gecko; compatible; GPTBot/1.3; +https://openai.com/gptbot)"
74.7.227.25 - - [02/Mar/2026:20:26:21 +0000] "GET /whsy.php?e=Status412.php&p=%2Fhome%2Flab2454c%2Finvest.westernclear.com%2Fwp-includes%2FRequests%2Fsrc%2FException%2FHttp HTTP/2.0" 200 1754 "https://www.23rdb.com.lab2454.com/whsy.php?p=%2Fhome%2Flab2454c%2Finvest.westernclear.com%2Fwp-includes%2FRequests%2Fsrc%2FException%2FHttp" "Mozilla/5.0 AppleWebKit/537.36 (KHTML, like Gecko; compatible; GPTBot/1.3; +https://openai.com/gptbot)"
74.7.227.25 - - [02/Mar/2026:20:28:03 +0000] "GET /whsy.php?e=Status402.php&p=%2Fhome%2Flab2454c%2Finvest.westernclear.com%2Fwp-includes%2FRequests%2Fsrc%2FException%2FHttp HTTP/2.0" 200 1750 "https://www.23rdb.com.lab2454.com/whsy.php?p=%2Fhome%2Flab2454c%2Finvest.westernclear.com%2Fwp-includes%2FRequests%2Fsrc%2FException%2FHttp" "Mozilla/5.0 AppleWebKit/537.36 (KHTML, like Gecko; compatible; GPTBot/1.3; +https://openai.com/gptbot)"
74.7.227.25 - - [02/Mar/2026:20:29:55 +0000] "GET /whsy.php?e=Status429.php&p=%2Fhome%2Flab2454c%2Finvest.westernclear.com%2Fwp-includes%2FRequests%2Fsrc%2FException%2FHttp HTTP/2.0" 200 1804 "https://www.23rdb.com.lab2454.com/whsy.php?p=%2Fhome%2Flab2454c%2Finvest.westernclear.com%2Fwp-includes%2FRequests%2Fsrc%2FException%2FHttp" "Mozilla/5.0 AppleWebKit/537.36 (KHTML, like Gecko; compatible; GPTBot/1.3; +https://openai.com/gptbot)"
74.7.241.178 - - [02/Mar/2026:20:29:56 +0000] "GET /robots.txt HTTP/2.0" 404 - "-" "Mozilla/5.0 (Macintosh; Intel Mac OS X 10_15_7) AppleWebKit/537.36 (KHTML, like Gecko) Chrome/131.0.0.0 Safari/537.36; compatible; OAI-SearchBot/1.3; robots.txt; +https://openai.com/searchbot"
74.7.227.25 - - [02/Mar/2026:20:31:36 +0000] "GET /whsy.php?e=Status428.php&p=%2Fhome%2Flab2454c%2Finvest.westernclear.com%2Fwp-includes%2FRequests%2Fsrc%2FException%2FHttp HTTP/2.0" 200 1792 "https://www.23rdb.com.lab2454.com/whsy.php?p=%2Fhome%2Flab2454c%2Finvest.westernclear.com%2Fwp-includes%2FRequests%2Fsrc%2FException%2FHttp" "Mozilla/5.0 AppleWebKit/537.36 (KHTML, like Gecko; compatible; GPTBot/1.3; +https://openai.com/gptbot)"
74.7.227.25 - - [02/Mar/2026:20:33:07 +0000] "GET /whsy.php?e=releasever&p=%2Fvar%2Flib%2Fyum%2Fyumdb%2Fx%2Fe21d1924171d87c3ba8614e1c6752e298e9c712f-x265-1.9-1.el7.nux-x86_64 HTTP/2.0" 200 1224 "https://www.23rdb.com.lab2454.com/whsy.php?p=%2Fvar%2Flib%2Fyum%2Fyumdb%2Fx%2Fe21d1924171d87c3ba8614e1c6752e298e9c712f-x265-1.9-1.el7.nux-x86_64" "Mozilla/5.0 AppleWebKit/537.36 (KHTML, like Gecko; compatible; GPTBot/1.3; +https://openai.com/gptbot)"
