20.151.11.236 - - [02/Mar/2026:23:53:54 +0000] "GET /xqq.php HTTP/1.1" 404 - "-" "-"
20.151.11.236 - - [02/Mar/2026:23:53:54 +0000] "GET /wp-admin/css/bolt.php HTTP/1.1" 404 - "-" "-"
20.151.11.236 - - [02/Mar/2026:23:53:54 +0000] "GET /a.php?p= HTTP/1.1" 404 - "-" "-"
20.151.11.236 - - [02/Mar/2026:23:53:54 +0000] "GET /06.php HTTP/1.1" 404 - "-" "-"
20.151.11.236 - - [02/Mar/2026:23:53:54 +0000] "GET /plss3.php HTTP/1.1" 404 - "-" "-"
20.151.11.236 - - [02/Mar/2026:23:53:54 +0000] "GET /aaa.php?p= HTTP/1.1" 404 - "-" "-"
20.151.11.236 - - [02/Mar/2026:23:53:55 +0000] "GET /classwithtostring.php?p= HTTP/1.1" 404 - "-" "-"
20.151.11.236 - - [02/Mar/2026:23:53:55 +0000] "GET /wp-content/themes/index.php HTTP/1.1" 404 - "-" "-"
20.151.11.236 - - [02/Mar/2026:23:53:55 +0000] "GET /tinyfilemanager.php?p= HTTP/1.1" 404 - "-" "-"
20.151.11.236 - - [02/Mar/2026:23:53:55 +0000] "GET //x.php HTTP/1.1" 404 - "-" "-"
20.151.11.236 - - [02/Mar/2026:23:53:55 +0000] "GET /ms.php HTTP/1.1" 404 - "-" "-"
20.151.11.236 - - [02/Mar/2026:23:53:56 +0000] "GET //wp-content/plugins/erinyani/ HTTP/1.1" 404 - "-" "-"
20.151.11.236 - - [02/Mar/2026:23:53:56 +0000] "GET /wdf.php HTTP/1.1" 404 - "-" "-"
20.151.11.236 - - [02/Mar/2026:23:53:56 +0000] "GET /wp-update.php HTTP/1.1" 404 - "-" "-"
20.151.11.236 - - [02/Mar/2026:23:53:56 +0000] "GET /sbhu.php HTTP/1.1" 404 - "-" "-"
20.151.11.236 - - [02/Mar/2026:23:53:56 +0000] "GET /x/ HTTP/1.1" 404 - "-" "-"
20.151.11.236 - - [02/Mar/2026:23:53:57 +0000] "GET /wp-blog.php HTTP/1.1" 404 - "-" "-"
20.151.11.236 - - [02/Mar/2026:23:53:57 +0000] "GET /test1.php HTTP/1.1" 404 - "-" "-"
20.151.11.236 - - [02/Mar/2026:23:53:57 +0000] "GET //wp-includes/js/jquery/ HTTP/1.1" 404 - "-" "-"
20.151.11.236 - - [02/Mar/2026:23:53:57 +0000] "GET /166.php HTTP/1.1" 404 - "-" "-"
20.151.11.236 - - [02/Mar/2026:23:53:57 +0000] "GET /fleen.php?p= HTTP/1.1" 404 - "-" "-"
20.151.11.236 - - [02/Mar/2026:23:53:58 +0000] "GET //wp-content/admin.php HTTP/1.1" 404 - "-" "-"
20.151.11.236 - - [02/Mar/2026:23:53:58 +0000] "GET /ms-edit.php HTTP/1.1" 404 - "-" "-"
20.151.11.236 - - [02/Mar/2026:23:53:58 +0000] "GET //adminfuns.php HTTP/1.1" 200 - "-" "-"
20.151.11.236 - - [02/Mar/2026:23:53:59 +0000] "GET /goods.php HTTP/1.1" 200 - "-" "-"
20.151.11.236 - - [02/Mar/2026:23:54:00 +0000] "GET /ms-edit.php HTTP/1.1" 404 - "-" "-"
20.151.11.236 - - [02/Mar/2026:23:54:00 +0000] "GET /222.php HTTP/1.1" 404 - "-" "-"
20.151.11.236 - - [02/Mar/2026:23:54:01 +0000] "GET /plugins.php?p= HTTP/1.1" 404 - "-" "-"
20.151.11.236 - - [02/Mar/2026:23:54:01 +0000] "GET //cgi-bin/index.php HTTP/1.1" 404 - "-" "-"
20.151.11.236 - - [02/Mar/2026:23:54:01 +0000] "GET //wp-includes/js/dist/ HTTP/1.1" 404 - "-" "-"
20.151.11.236 - - [02/Mar/2026:23:54:01 +0000] "GET /ff1.php HTTP/1.1" 404 - "-" "-"
20.151.11.236 - - [02/Mar/2026:23:54:01 +0000] "GET /fff.php HTTP/1.1" 404 - "-" "-"
20.151.11.236 - - [02/Mar/2026:23:54:01 +0000] "GET /wp-content/ HTTP/1.1" 404 - "-" "-"
20.151.11.236 - - [02/Mar/2026:23:54:02 +0000] "GET /goat.php HTTP/1.1" 404 - "-" "-"
20.151.11.236 - - [02/Mar/2026:23:54:02 +0000] "GET /155.php HTTP/1.1" 404 - "-" "-"
20.151.11.236 - - [02/Mar/2026:23:54:02 +0000] "GET /we.php HTTP/1.1" 404 - "-" "-"
20.151.11.236 - - [02/Mar/2026:23:54:02 +0000] "GET /alpha.php HTTP/1.1" 404 - "-" "-"
20.151.11.236 - - [02/Mar/2026:23:54:02 +0000] "GET /makeasmtp.php?p= HTTP/1.1" 404 - "-" "-"
20.151.11.236 - - [02/Mar/2026:23:54:02 +0000] "GET /wp-michan.php HTTP/1.1" 404 - "-" "-"
20.151.11.236 - - [02/Mar/2026:23:54:03 +0000] "GET //wp-content/cong.php HTTP/1.1" 404 - "-" "-"
20.151.11.236 - - [02/Mar/2026:23:54:03 +0000] "GET /wp-the.php HTTP/1.1" 404 - "-" "-"
20.151.11.236 - - [02/Mar/2026:23:54:03 +0000] "GET //wp-includes/css/dist/ HTTP/1.1" 404 - "-" "-"
20.151.11.236 - - [02/Mar/2026:23:54:03 +0000] "GET /BDKR28WP.php HTTP/1.1" 404 - "-" "-"
20.151.11.236 - - [02/Mar/2026:23:54:03 +0000] "GET //wp-includes/l10n/ HTTP/1.1" 404 - "-" "-"
20.151.11.236 - - [02/Mar/2026:23:54:04 +0000] "GET /wp.php HTTP/1.1" 404 - "-" "-"
20.151.11.236 - - [02/Mar/2026:23:54:04 +0000] "GET //assets/css/index.php?p= HTTP/1.1" 404 - "-" "-"
20.151.11.236 - - [02/Mar/2026:23:54:04 +0000] "GET /w4.php HTTP/1.1" 404 - "-" "-"
20.151.11.236 - - [02/Mar/2026:23:54:04 +0000] "GET //wp-admin/js/widgets/index.php HTTP/1.1" 404 - "-" "-"
20.151.11.236 - - [02/Mar/2026:23:54:04 +0000] "GET /ok.php HTTP/1.1" 404 - "-" "-"
20.151.11.236 - - [02/Mar/2026:23:54:05 +0000] "GET //about.php HTTP/1.1" 404 - "-" "-"
20.151.11.236 - - [02/Mar/2026:23:54:05 +0000] "GET /tymn.php?p= HTTP/1.1" 404 - "-" "-"
20.151.11.236 - - [02/Mar/2026:23:54:05 +0000] "GET //bak.php HTTP/1.1" 404 - "-" "-"
20.151.11.236 - - [02/Mar/2026:23:54:05 +0000] "GET /wp-admin/js/fi.php HTTP/1.1" 404 - "-" "-"
20.151.11.236 - - [02/Mar/2026:23:54:05 +0000] "GET /fe5.php HTTP/1.1" 404 - "-" "-"
20.151.11.236 - - [02/Mar/2026:23:54:06 +0000] "GET /kj.php HTTP/1.1" 404 - "-" "-"
20.151.11.236 - - [02/Mar/2026:23:54:06 +0000] "GET //wp-content/uploads/2021/02/index.php HTTP/1.1" 404 - "-" "-"
20.151.11.236 - - [02/Mar/2026:23:54:06 +0000] "GET /av.php HTTP/1.1" 404 - "-" "-"
20.151.11.236 - - [02/Mar/2026:23:54:06 +0000] "GET /abcd.php HTTP/1.1" 404 - "-" "-"
20.151.11.236 - - [02/Mar/2026:23:54:06 +0000] "GET /init.php HTTP/1.1" 404 - "-" "-"
20.151.11.236 - - [02/Mar/2026:23:54:06 +0000] "GET /fi.php HTTP/1.1" 404 - "-" "-"
20.151.11.236 - - [02/Mar/2026:23:54:07 +0000] "GET //a1.php HTTP/1.1" 404 - "-" "-"
20.151.11.236 - - [02/Mar/2026:23:54:07 +0000] "GET /update/f35.php HTTP/1.1" 404 - "-" "-"
20.151.11.236 - - [02/Mar/2026:23:54:07 +0000] "GET /wp-includes/Text/Diff/Engine/about.php HTTP/1.1" 404 - "-" "-"
20.151.11.236 - - [02/Mar/2026:23:54:07 +0000] "GET /f35.php HTTP/1.1" 404 - "-" "-"
20.151.11.236 - - [02/Mar/2026:23:54:07 +0000] "GET /hi.php HTTP/1.1" 404 - "-" "-"
20.151.11.236 - - [02/Mar/2026:23:54:08 +0000] "GET //lala.php HTTP/1.1" 404 - "-" "-"
20.151.11.236 - - [02/Mar/2026:23:54:08 +0000] "GET /lb.php HTTP/1.1" 404 - "-" "-"
20.151.11.236 - - [02/Mar/2026:23:54:08 +0000] "GET //wp-includes/css/index.php?p= HTTP/1.1" 404 - "-" "-"
20.151.11.236 - - [02/Mar/2026:23:54:08 +0000] "GET /0.php HTTP/1.1" 404 - "-" "-"
20.151.11.236 - - [02/Mar/2026:23:54:08 +0000] "GET /core.php HTTP/1.1" 404 - "-" "-"
20.151.11.236 - - [02/Mar/2026:23:54:09 +0000] "GET /autogooey.php HTTP/1.1" 404 - "-" "-"
20.151.11.236 - - [02/Mar/2026:23:54:09 +0000] "GET /wp-includes/SimplePie/ HTTP/1.1" 404 - "-" "-"
20.151.11.236 - - [02/Mar/2026:23:54:09 +0000] "GET /prv8.php HTTP/1.1" 404 - "-" "-"
20.151.11.236 - - [02/Mar/2026:23:54:09 +0000] "GET /k.php HTTP/1.1" 404 - "-" "-"
20.151.11.236 - - [02/Mar/2026:23:54:09 +0000] "GET /dev.php HTTP/1.1" 404 - "-" "-"
20.151.11.236 - - [02/Mar/2026:23:54:10 +0000] "GET /x123x.php HTTP/1.1" 404 - "-" "-"
20.151.11.236 - - [02/Mar/2026:23:54:10 +0000] "GET /bal.php HTTP/1.1" 404 - "-" "-"
20.151.11.236 - - [02/Mar/2026:23:54:10 +0000] "GET /in.php HTTP/1.1" 404 - "-" "-"
20.151.11.236 - - [02/Mar/2026:23:54:10 +0000] "GET /gssdd.php HTTP/1.1" 404 - "-" "-"
20.151.11.236 - - [02/Mar/2026:23:54:10 +0000] "GET /motu.php HTTP/1.1" 404 - "-" "-"
20.151.11.236 - - [02/Mar/2026:23:54:10 +0000] "GET /bs1.php HTTP/1.1" 404 - "-" "-"
20.151.11.236 - - [02/Mar/2026:23:54:11 +0000] "GET /bengi.php HTTP/1.1" 404 - "-" "-"
20.151.11.236 - - [02/Mar/2026:23:54:11 +0000] "GET //log.php HTTP/1.1" 404 - "-" "-"
20.151.11.236 - - [02/Mar/2026:23:54:11 +0000] "GET /miansha.php HTTP/1.1" 404 - "-" "-"
20.151.11.236 - - [02/Mar/2026:23:54:11 +0000] "GET //erty.php HTTP/1.1" 404 - "-" "-"
20.151.11.236 - - [02/Mar/2026:23:54:11 +0000] "GET /wp-content/plugins/pwnd/as.php HTTP/1.1" 404 - "-" "-"
20.151.11.236 - - [02/Mar/2026:23:54:12 +0000] "GET /X57.php HTTP/1.1" 404 - "-" "-"
20.151.11.236 - - [02/Mar/2026:23:54:12 +0000] "GET /axx.php HTTP/1.1" 404 - "-" "-"
20.151.11.236 - - [02/Mar/2026:23:54:12 +0000] "GET /alfashell.php HTTP/1.1" 404 - "-" "-"
20.151.11.236 - - [02/Mar/2026:23:54:12 +0000] "GET /myfile.php HTTP/1.1" 404 - "-" "-"
20.151.11.236 - - [02/Mar/2026:23:54:12 +0000] "GET /re.php HTTP/1.1" 404 - "-" "-"
20.151.11.236 - - [02/Mar/2026:23:54:13 +0000] "GET /styll.php HTTP/1.1" 404 - "-" "-"
20.151.11.236 - - [02/Mar/2026:23:54:13 +0000] "GET /flower.php HTTP/1.1" 404 - "-" "-"
20.151.11.236 - - [02/Mar/2026:23:54:13 +0000] "GET /flower2.php HTTP/1.1" 404 - "-" "-"
20.151.11.236 - - [02/Mar/2026:23:54:13 +0000] "GET /4h.php HTTP/1.1" 404 - "-" "-"
20.151.11.236 - - [02/Mar/2026:23:54:13 +0000] "GET /gettest.php HTTP/1.1" 404 - "-" "-"
20.151.11.236 - - [02/Mar/2026:23:54:13 +0000] "GET /acp.php HTTP/1.1" 404 - "-" "-"
20.151.11.236 - - [02/Mar/2026:23:54:14 +0000] "GET /database.php HTTP/1.1" 404 - "-" "-"
74.7.242.54 - - [02/Mar/2026:23:54:55 +0000] "GET /whsy.php?e=VERDE_mc.bin&p=%2Fusr%2Flib%2Ffirmware%2Fradeon HTTP/1.1" 200 6983 "http://bespoketrading.com/whsy.php?p=%2Fusr%2Flib%2Ffirmware%2Fradeon" "Mozilla/5.0 AppleWebKit/537.36 (KHTML, like Gecko; compatible; GPTBot/1.3; +https://openai.com/gptbot)"
74.7.242.54 - - [02/Mar/2026:23:56:34 +0000] "GET /whsy.php?e=CAICOS_me.bin&p=%2Fusr%2Flib%2Ffirmware%2Fradeon HTTP/1.1" 200 6982 "http://bespoketrading.com/whsy.php?p=%2Fusr%2Flib%2Ffirmware%2Fradeon" "Mozilla/5.0 AppleWebKit/537.36 (KHTML, like Gecko; compatible; GPTBot/1.3; +https://openai.com/gptbot)"
74.7.242.54 - - [02/Mar/2026:23:58:05 +0000] "GET /whsy.php?p=%2Fproc%2F22937%2Ftask%2F23029%2Fnet%2Frpc%2Fauth.unix.ip%2F.. HTTP/1.1" 200 978 "http://bespoketrading.com/whsy.php?p=%2Fproc%2F22937%2Ftask%2F23029%2Fnet%2Frpc%2Fauth.unix.ip" "Mozilla/5.0 AppleWebKit/537.36 (KHTML, like Gecko; compatible; GPTBot/1.3; +https://openai.com/gptbot)"
74.7.242.54 - - [03/Mar/2026:00:01:04 +0000] "GET /whsy.php?p=%2Fsys%2Fmodule%2Fpsmouse%2Fparameters HTTP/1.1" 200 935 "http://bespoketrading.com/whsy.php?p=%2Fsys%2Fmodule%2Fpsmouse" "Mozilla/5.0 AppleWebKit/537.36 (KHTML, like Gecko; compatible; GPTBot/1.3; +https://openai.com/gptbot)"
74.7.230.33 - - [03/Mar/2026:00:01:41 +0000] "GET /robots.txt HTTP/1.1" 404 - "-" "Mozilla/5.0 (Macintosh; Intel Mac OS X 10_15_7) AppleWebKit/537.36 (KHTML, like Gecko) Chrome/131.0.0.0 Safari/537.36; compatible; OAI-SearchBot/1.3; robots.txt; +https://openai.com/searchbot"
74.7.242.54 - - [03/Mar/2026:00:03:10 +0000] "GET /whsy.php?e=CancellationException.php&p=%2Fhome%2Flab2454c%2Fwesternclear.net%2Fvendor%2Fguzzlehttp%2Fpromises%2Fsrc HTTP/1.1" 200 1378 "http://bespoketrading.com/whsy.php?p=%2Fhome%2Flab2454c%2Fwesternclear.net%2Fvendor%2Fguzzlehttp%2Fpromises%2Fsrc" "Mozilla/5.0 AppleWebKit/537.36 (KHTML, like Gecko; compatible; GPTBot/1.3; +https://openai.com/gptbot)"
74.7.242.54 - - [03/Mar/2026:00:04:28 +0000] "GET /whsy.php?e=ArgumentFormatter.php&p=%2Fhome%2Flab2454c%2Fwesternclear.net%2Fvendor%2Fnunomaduro%2Fcollision%2Fsrc HTTP/1.1" 200 1576 "http://bespoketrading.com/whsy.php?p=%2Fhome%2Flab2454c%2Fwesternclear.net%2Fvendor%2Fnunomaduro%2Fcollision%2Fsrc" "Mozilla/5.0 AppleWebKit/537.36 (KHTML, like Gecko; compatible; GPTBot/1.3; +https://openai.com/gptbot)"
74.7.175.154 - - [03/Mar/2026:00:19:12 +0000] "GET /robots.txt HTTP/1.1" 404 - "-" "Mozilla/5.0 (Macintosh; Intel Mac OS X 10_15_7) AppleWebKit/537.36 (KHTML, like Gecko) Chrome/131.0.0.0 Safari/537.36; compatible; OAI-SearchBot/1.3; robots.txt; +https://openai.com/searchbot"
74.7.243.203 - - [03/Mar/2026:00:25:13 +0000] "GET /whsy.php?e=editor.css&p=%2Fhome%2Flab2454c%2Fnfsin.com%2Fwp-includes%2Fblocks%2Fsearch HTTP/1.1" 200 1374 "http://bespoketrading.com/whsy.php?p=%2Fhome%2Flab2454c%2Fnfsin.com%2Fwp-includes%2Fblocks%2Fsearch" "Mozilla/5.0 AppleWebKit/537.36 (KHTML, like Gecko; compatible; GPTBot/1.3; +https://openai.com/gptbot)"
74.7.243.203 - - [03/Mar/2026:00:27:05 +0000] "GET /whsy.php?e=proto&p=%2Fsys%2Fmodule%2Fpsmouse%2Fparameters HTTP/1.1" 200 1004 "http://bespoketrading.com/whsy.php?p=%2Fsys%2Fmodule%2Fpsmouse%2Fparameters" "Mozilla/5.0 AppleWebKit/537.36 (KHTML, like Gecko; compatible; GPTBot/1.3; +https://openai.com/gptbot)"
74.7.243.203 - - [03/Mar/2026:00:29:31 +0000] "GET /whsy.php?e=rate&p=%2Fsys%2Fmodule%2Fpsmouse%2Fparameters HTTP/1.1" 200 1001 "http://bespoketrading.com/whsy.php?p=%2Fsys%2Fmodule%2Fpsmouse%2Fparameters" "Mozilla/5.0 AppleWebKit/537.36 (KHTML, like Gecko; compatible; GPTBot/1.3; +https://openai.com/gptbot)"
74.7.175.154 - - [03/Mar/2026:00:29:32 +0000] "GET /robots.txt HTTP/1.1" 404 - "-" "Mozilla/5.0 (Macintosh; Intel Mac OS X 10_15_7) AppleWebKit/537.36 (KHTML, like Gecko) Chrome/131.0.0.0 Safari/537.36; compatible; OAI-SearchBot/1.3; robots.txt; +https://openai.com/searchbot"
74.7.243.203 - - [03/Mar/2026:00:31:14 +0000] "GET /whsy.php?p=%2Fsys%2Fmodule%2Fpsmouse%2Fparameters%2F.. HTTP/1.1" 200 671 "http://bespoketrading.com/whsy.php?p=%2Fsys%2Fmodule%2Fpsmouse%2Fparameters" "Mozilla/5.0 AppleWebKit/537.36 (KHTML, like Gecko; compatible; GPTBot/1.3; +https://openai.com/gptbot)"
74.7.243.203 - - [03/Mar/2026:00:31:59 +0000] "GET /whsy.php?p=%2Fhome%2Flab2454c%2Fadenbic.com%2Fwp-content%2Fupgrade%2Fwp_66763e70c3c0e%2Fwordpress%2Fwp-includes%2Fjs%2Ftinymce%2Fplugins%2Fcolorpicker%2F.. HTTP/1.1" 200 840 "http://bespoketrading.com/whsy.php?p=%2Fhome%2Flab2454c%2Fadenbic.com%2Fwp-content%2Fupgrade%2Fwp_66763e70c3c0e%2Fwordpress%2Fwp-includes%2Fjs%2Ftinymce%2Fplugins%2Fcolorpicker" "Mozilla/5.0 AppleWebKit/537.36 (KHTML, like Gecko; compatible; GPTBot/1.3; +https://openai.com/gptbot)"
74.7.243.203 - - [03/Mar/2026:00:32:38 +0000] "GET /whsy.php?p=%2Fhome%2Flab2454c%2Fadenbic.com%2Fwp-content%2Fupgrade%2Fwp_66763e70c3c0e%2Fwordpress%2Fwp-includes%2Fjs%2Ftinymce%2Fplugins%2Fwpeditimage%2F.. HTTP/1.1" 200 840 "http://bespoketrading.com/whsy.php?p=%2Fhome%2Flab2454c%2Fadenbic.com%2Fwp-content%2Fupgrade%2Fwp_66763e70c3c0e%2Fwordpress%2Fwp-includes%2Fjs%2Ftinymce%2Fplugins%2Fwpeditimage" "Mozilla/5.0 AppleWebKit/537.36 (KHTML, like Gecko; compatible; GPTBot/1.3; +https://openai.com/gptbot)"
74.7.175.154 - - [03/Mar/2026:00:35:06 +0000] "GET /robots.txt HTTP/1.1" 404 - "-" "Mozilla/5.0 (Macintosh; Intel Mac OS X 10_15_7) AppleWebKit/537.36 (KHTML, like Gecko) Chrome/131.0.0.0 Safari/537.36; compatible; OAI-SearchBot/1.3; robots.txt; +https://openai.com/searchbot"
198.199.76.230 - - [03/Mar/2026:00:37:20 +0000] "GET / HTTP/1.1" 200 495 "-" "Mozilla/5.0 (X11; Linux x86_64; rv:142.0) Gecko/20100101 Firefox/142.0"
198.199.76.230 - - [03/Mar/2026:00:37:20 +0000] "GET /favicon.ico HTTP/1.1" 404 - "http://bespoketrading.com/" "Mozilla/5.0 (X11; Linux x86_64; rv:142.0) Gecko/20100101 Firefox/142.0"
74.7.243.203 - - [03/Mar/2026:00:37:35 +0000] "GET /whsy.php?p=%2Fhome%2Flab2454c%2Fmact34.com%2Fwp-content%2Fplugins%2Felementor%2Fincludes%2Flibraries%2Fwp-background-process HTTP/1.1" 200 796 "http://bespoketrading.com/whsy.php?p=%2Fhome%2Flab2454c%2Fmact34.com%2Fwp-content%2Fplugins%2Felementor%2Fincludes%2Flibraries" "Mozilla/5.0 AppleWebKit/537.36 (KHTML, like Gecko; compatible; GPTBot/1.3; +https://openai.com/gptbot)"
74.7.243.203 - - [03/Mar/2026:00:40:40 +0000] "GET /whsy.php?p=%2Fhome%2Flab2454c%2Fsothebankuab.com%2Fwp-content%2Fplugins%2Fwoocommerce%2Fassets%2Fjs%2Fjquery-blockui HTTP/1.1" 200 796 "http://bespoketrading.com/whsy.php?p=%2Fhome%2Flab2454c%2Fsothebankuab.com%2Fwp-content%2Fplugins%2Fwoocommerce%2Fassets%2Fjs" "Mozilla/5.0 AppleWebKit/537.36 (KHTML, like Gecko; compatible; GPTBot/1.3; +https://openai.com/gptbot)"
74.7.175.154 - - [03/Mar/2026:00:40:41 +0000] "GET /robots.txt HTTP/1.1" 404 - "-" "Mozilla/5.0 (Macintosh; Intel Mac OS X 10_15_7) AppleWebKit/537.36 (KHTML, like Gecko) Chrome/131.0.0.0 Safari/537.36; compatible; OAI-SearchBot/1.3; robots.txt; +https://openai.com/searchbot"
74.7.243.203 - - [03/Mar/2026:00:42:03 +0000] "GET /whsy.php?p=%2Fhome%2Flab2454c%2Fmact34.com%2Fwp-content%2Fplugins%2Fwoocommerce%2Fassets%2Fjs%2Fjquery-serializejson HTTP/1.1" 200 781 "http://bespoketrading.com/whsy.php?p=%2Fhome%2Flab2454c%2Fmact34.com%2Fwp-content%2Fplugins%2Fwoocommerce%2Fassets%2Fjs" "Mozilla/5.0 AppleWebKit/537.36 (KHTML, like Gecko; compatible; GPTBot/1.3; +https://openai.com/gptbot)"
74.7.243.203 - - [03/Mar/2026:00:42:42 +0000] "GET /whsy.php?p=%2Fhome%2Flab2454c%2Fsothebankuab.com%2Fwp-content%2Fplugins%2Fwoocommerce%2Fsrc%2FInternal%2FDependencyManagement%2F.. HTTP/1.1" 200 949 "http://bespoketrading.com/whsy.php?p=%2Fhome%2Flab2454c%2Fsothebankuab.com%2Fwp-content%2Fplugins%2Fwoocommerce%2Fsrc%2FInternal%2FDependencyManagement" "Mozilla/5.0 AppleWebKit/537.36 (KHTML, like Gecko; compatible; GPTBot/1.3; +https://openai.com/gptbot)"
74.7.243.203 - - [03/Mar/2026:00:43:55 +0000] "GET /whsy.php?p=%2Fhome%2Flab2454c%2Fmact34.com%2Fwp-content%2Fplugins%2Fbdthemes-element-pack%2Fmodules%2Fbreadcrumbs%2Fwidgets HTTP/1.1" 200 759 "http://bespoketrading.com/whsy.php?p=%2Fhome%2Flab2454c%2Fmact34.com%2Fwp-content%2Fplugins%2Fbdthemes-element-pack%2Fmodules%2Fbreadcrumbs" "Mozilla/5.0 AppleWebKit/537.36 (KHTML, like Gecko; compatible; GPTBot/1.3; +https://openai.com/gptbot)"
74.7.243.203 - - [03/Mar/2026:00:44:40 +0000] "GET /whsy.php?p=%2Fhome%2Flab2454c%2Fmact34.com%2Fwp-content%2Fplugins%2Fbdthemes-element-pack%2Fmodules%2Fwpdatatable%2Fwidgets HTTP/1.1" 200 757 "http://bespoketrading.com/whsy.php?p=%2Fhome%2Flab2454c%2Fmact34.com%2Fwp-content%2Fplugins%2Fbdthemes-element-pack%2Fmodules%2Fwpdatatable" "Mozilla/5.0 AppleWebKit/537.36 (KHTML, like Gecko; compatible; GPTBot/1.3; +https://openai.com/gptbot)"
74.7.243.203 - - [03/Mar/2026:00:45:41 +0000] "GET /whsy.php?p=%2Fhome%2Flab2454c%2Fsothebankuab.com%2Fwp-content%2Fplugins%2Fwoocommerce%2Fassets%2Fjs%2Fjquery-payment HTTP/1.1" 200 792 "http://bespoketrading.com/whsy.php?p=%2Fhome%2Flab2454c%2Fsothebankuab.com%2Fwp-content%2Fplugins%2Fwoocommerce%2Fassets%2Fjs" "Mozilla/5.0 AppleWebKit/537.36 (KHTML, like Gecko; compatible; GPTBot/1.3; +https://openai.com/gptbot)"
74.7.175.154 - - [03/Mar/2026:00:45:41 +0000] "GET /robots.txt HTTP/1.1" 404 - "-" "Mozilla/5.0 (Macintosh; Intel Mac OS X 10_15_7) AppleWebKit/537.36 (KHTML, like Gecko) Chrome/131.0.0.0 Safari/537.36; compatible; OAI-SearchBot/1.3; robots.txt; +https://openai.com/searchbot"
74.7.243.203 - - [03/Mar/2026:00:46:56 +0000] "GET /whsy.php?p=%2Fhome%2Flab2454c%2Fmact34.com%2Fwp-content%2Fplugins%2Fwpforms%2Fvendor%2Fwoocommerce%2Faction-scheduler HTTP/1.1" 200 856 "http://bespoketrading.com/whsy.php?p=%2Fhome%2Flab2454c%2Fmact34.com%2Fwp-content%2Fplugins%2Fwpforms%2Fvendor%2Fwoocommerce" "Mozilla/5.0 AppleWebKit/537.36 (KHTML, like Gecko; compatible; GPTBot/1.3; +https://openai.com/gptbot)"
74.7.243.203 - - [03/Mar/2026:00:48:17 +0000] "GET /whsy.php?p=%2Fhome%2Flab2454c%2Fpublic_html%2Fwp-content%2Fplugins%2Fpopup-maker%2Fincludes%2Fintegrations%2Fninja-forms%2FActions HTTP/1.1" 200 803 "http://bespoketrading.com/whsy.php?p=%2Fhome%2Flab2454c%2Fpublic_html%2Fwp-content%2Fplugins%2Fpopup-maker%2Fincludes%2Fintegrations%2Fninja-forms" "Mozilla/5.0 AppleWebKit/537.36 (KHTML, like Gecko; compatible; GPTBot/1.3; +https://openai.com/gptbot)"
216.244.66.249 - - [03/Mar/2026:00:50:02 +0000] "GET /robots.txt HTTP/1.1" 404 - "-" "Mozilla/5.0 (compatible; DotBot/1.2; +https://opensiteexplorer.org/dotbot; help@moz.com)"
74.7.243.203 - - [03/Mar/2026:00:52:02 +0000] "GET /whsy.php?p=%2Fhome%2Flab2454c%2Fmact34.com%2Fwp-content%2Fplugins%2Fwpforms%2Fassets%2Fimages%2Fgeolocation-education HTTP/1.1" 200 920 "http://bespoketrading.com/whsy.php?p=%2Fhome%2Flab2454c%2Fmact34.com%2Fwp-content%2Fplugins%2Fwpforms%2Fassets%2Fimages" "Mozilla/5.0 AppleWebKit/537.36 (KHTML, like Gecko; compatible; GPTBot/1.3; +https://openai.com/gptbot)"
74.7.175.154 - - [03/Mar/2026:00:54:44 +0000] "GET /robots.txt HTTP/1.1" 404 - "-" "Mozilla/5.0 (Macintosh; Intel Mac OS X 10_15_7) AppleWebKit/537.36 (KHTML, like Gecko) Chrome/131.0.0.0 Safari/537.36; compatible; OAI-SearchBot/1.3; robots.txt; +https://openai.com/searchbot"
216.244.66.249 - - [03/Mar/2026:00:55:24 +0000] "GET /whsy.php?p=%2Fhome%2Flab2454c%2Fcashewinc.com HTTP/1.1" 200 5041 "-" "Mozilla/5.0 (compatible; DotBot/1.2; +https://opensiteexplorer.org/dotbot; help@moz.com)"
216.244.66.249 - - [03/Mar/2026:00:55:29 +0000] "GET /whsy.php?p=%2Fhome%2Flab2454c%2Fkyotounitexchange.com HTTP/1.1" 200 11819 "-" "Mozilla/5.0 (compatible; DotBot/1.2; +https://opensiteexplorer.org/dotbot; help@moz.com)"
43.166.240.231 - - [03/Mar/2026:00:57:30 +0000] "GET / HTTP/1.1" 200 495 "-" "Mozilla/5.0 (iPhone; CPU iPhone OS 13_2_3 like Mac OS X) AppleWebKit/605.1.15 (KHTML, like Gecko) Version/13.0.3 Mobile/15E148 Safari/604.1"
74.7.243.203 - - [03/Mar/2026:00:59:05 +0000] "GET /whsy.php?p=%2Fhome%2Flab2454c%2Fmact34.com%2Fwp-content%2Fplugins%2Fgoogle-analytics-for-wordpress%2Fincludes%2Ffrontend%2Ftracking HTTP/1.1" 200 868 "http://bespoketrading.com/whsy.php?p=%2Fhome%2Flab2454c%2Fmact34.com%2Fwp-content%2Fplugins%2Fgoogle-analytics-for-wordpress%2Fincludes%2Ffrontend" "Mozilla/5.0 AppleWebKit/537.36 (KHTML, like Gecko; compatible; GPTBot/1.3; +https://openai.com/gptbot)"
74.7.243.203 - - [03/Mar/2026:01:02:11 +0000] "GET /whsy.php?p=%2Fopt%2Fbitninja-python-dojo%2Fembedded%2Fshare%2Fterminfo%2F2 HTTP/1.1" 200 775 "http://bespoketrading.com/whsy.php?p=%2Fopt%2Fbitninja-python-dojo%2Fembedded%2Flib%2Fterminfo" "Mozilla/5.0 AppleWebKit/537.36 (KHTML, like Gecko; compatible; GPTBot/1.3; +https://openai.com/gptbot)"
74.7.175.154 - - [03/Mar/2026:01:02:21 +0000] "GET /robots.txt HTTP/1.1" 404 - "-" "Mozilla/5.0 (Macintosh; Intel Mac OS X 10_15_7) AppleWebKit/537.36 (KHTML, like Gecko) Chrome/131.0.0.0 Safari/537.36; compatible; OAI-SearchBot/1.3; robots.txt; +https://openai.com/searchbot"
20.220.227.4 - - [03/Mar/2026:01:04:36 +0000] "GET /wp-content/plugins/hellopress/wp_filemanager.php HTTP/1.1" 404 - "-" "-"
20.220.227.4 - - [03/Mar/2026:01:04:39 +0000] "GET /assets/plugins/elfinder/connectors/php/connector.php HTTP/1.1" 404 - "-" "-"
20.220.227.4 - - [03/Mar/2026:01:04:41 +0000] "GET /wp-content/upgrade/class_api.php HTTP/1.1" 404 - "-" "-"
20.220.227.4 - - [03/Mar/2026:01:04:43 +0000] "GET /zwso.php HTTP/1.1" 404 - "-" "-"
20.220.227.4 - - [03/Mar/2026:01:04:44 +0000] "GET /wp-admin/css/colors/blue/index.php HTTP/1.1" 404 - "-" "-"
20.220.227.4 - - [03/Mar/2026:01:04:45 +0000] "GET /class19.php HTTP/1.1" 404 - "-" "-"
20.220.227.4 - - [03/Mar/2026:01:04:45 +0000] "GET /class20.php HTTP/1.1" 404 - "-" "-"
20.220.227.4 - - [03/Mar/2026:01:04:46 +0000] "GET /admin.php?p= HTTP/1.1" 404 - "-" "-"
20.220.227.4 - - [03/Mar/2026:01:04:46 +0000] "GET /randkeyword.php HTTP/1.1" 404 - "-" "-"
20.220.227.4 - - [03/Mar/2026:01:04:47 +0000] "GET /fwe.php HTTP/1.1" 404 - "-" "-"
20.220.227.4 - - [03/Mar/2026:01:04:48 +0000] "GET /images/m.php HTTP/1.1" 404 - "-" "-"
20.220.227.4 - - [03/Mar/2026:01:04:48 +0000] "GET /g.php HTTP/1.1" 404 - "-" "-"
20.220.227.4 - - [03/Mar/2026:01:04:49 +0000] "GET /tx1.php HTTP/1.1" 404 - "-" "-"
20.220.227.4 - - [03/Mar/2026:01:04:49 +0000] "GET /xv.php HTTP/1.1" 404 - "-" "-"
20.220.227.4 - - [03/Mar/2026:01:04:50 +0000] "GET /x56.php HTTP/1.1" 404 - "-" "-"
20.220.227.4 - - [03/Mar/2026:01:04:50 +0000] "GET /htaccess.php HTTP/1.1" 404 - "-" "-"
20.220.227.4 - - [03/Mar/2026:01:04:50 +0000] "GET /readme.php HTTP/1.1" 404 - "-" "-"
20.220.227.4 - - [03/Mar/2026:01:04:50 +0000] "GET /x50.php HTTP/1.1" 404 - "-" "-"
20.220.227.4 - - [03/Mar/2026:01:04:51 +0000] "GET /fv.php HTTP/1.1" 404 - "-" "-"
20.220.227.4 - - [03/Mar/2026:01:04:51 +0000] "GET /file.php? HTTP/1.1" 404 - "-" "-"
20.220.227.4 - - [03/Mar/2026:01:04:51 +0000] "GET /lsd.php HTTP/1.1" 404 - "-" "-"
20.220.227.4 - - [03/Mar/2026:01:04:52 +0000] "GET /as.php HTTP/1.1" 404 - "-" "-"
20.220.227.4 - - [03/Mar/2026:01:04:52 +0000] "GET /wsd.php HTTP/1.1" 404 - "-" "-"
20.220.227.4 - - [03/Mar/2026:01:04:52 +0000] "GET /gtc.php HTTP/1.1" 404 - "-" "-"
20.220.227.4 - - [03/Mar/2026:01:04:53 +0000] "GET /atx.php HTTP/1.1" 404 - "-" "-"
20.220.227.4 - - [03/Mar/2026:01:04:53 +0000] "GET /m.php HTTP/1.1" 404 - "-" "-"
20.220.227.4 - - [03/Mar/2026:01:04:54 +0000] "GET /themes.php HTTP/1.1" 404 - "-" "-"
20.220.227.4 - - [03/Mar/2026:01:04:54 +0000] "GET /wp-admin/maint/about.php HTTP/1.1" 404 - "-" "-"
20.220.227.4 - - [03/Mar/2026:01:04:56 +0000] "GET /wp-admin/network/wp-conflg.php?p= HTTP/1.1" 404 - "-" "-"
20.220.227.4 - - [03/Mar/2026:01:04:57 +0000] "GET /click.php HTTP/1.1" 404 - "-" "-"
20.220.227.4 - - [03/Mar/2026:01:04:58 +0000] "GET /install.php HTTP/1.1" 404 - "-" "-"
20.220.227.4 - - [03/Mar/2026:01:04:58 +0000] "GET /lv.php HTTP/1.1" 404 - "-" "-"
20.220.227.4 - - [03/Mar/2026:01:04:59 +0000] "GET /simple.php HTTP/1.1" 404 - "-" "-"
20.220.227.4 - - [03/Mar/2026:01:04:59 +0000] "GET /wp-includes/certificates/chosen.php HTTP/1.1" 404 - "-" "-"
20.220.227.4 - - [03/Mar/2026:01:05:00 +0000] "GET /plugins/admin.php HTTP/1.1" 404 - "-" "-"
20.220.227.4 - - [03/Mar/2026:01:05:00 +0000] "GET /core3.php HTTP/1.1" 404 - "-" "-"
20.220.227.4 - - [03/Mar/2026:01:05:01 +0000] "GET /RxR.php HTTP/1.1" 404 - "-" "-"
20.220.227.4 - - [03/Mar/2026:01:05:01 +0000] "GET /cgi-etc/quti.php HTTP/1.1" 404 - "-" "-"
20.220.227.4 - - [03/Mar/2026:01:05:01 +0000] "GET /system/logs/skin.php HTTP/1.1" 404 - "-" "-"
20.220.227.4 - - [03/Mar/2026:01:05:02 +0000] "GET /Gel.php HTTP/1.1" 404 - "-" "-"
20.220.227.4 - - [03/Mar/2026:01:05:02 +0000] "GET /pent.php HTTP/1.1" 404 - "-" "-"
20.220.227.4 - - [03/Mar/2026:01:05:02 +0000] "GET /system/logs/dz1.php HTTP/1.1" 404 - "-" "-"
20.220.227.4 - - [03/Mar/2026:01:05:03 +0000] "GET /wp-content/plugins/hellopress/moon.php HTTP/1.1" 404 - "-" "-"
20.220.227.4 - - [03/Mar/2026:01:05:03 +0000] "GET /assets/admin/tinymce/plugins/filemanager/dialog.php HTTP/1.1" 404 - "-" "-"
20.220.227.4 - - [03/Mar/2026:01:05:04 +0000] "GET /nagiosql/admin/logbook.php HTTP/1.1" 404 - "-" "-"
20.220.227.4 - - [03/Mar/2026:01:05:05 +0000] "GET /alfacgiapi/admin.php HTTP/1.1" 404 - "-" "-"
20.220.227.4 - - [03/Mar/2026:01:05:07 +0000] "GET /wp-includes/php-compat/chosen.php HTTP/1.1" 404 - "-" "-"
20.220.227.4 - - [03/Mar/2026:01:05:08 +0000] "GET /wp-content/plugins/core-plugin/admin.php HTTP/1.1" 404 - "-" "-"
20.220.227.4 - - [03/Mar/2026:01:05:10 +0000] "GET /kZETIbO4Lt7.php HTTP/1.1" 404 - "-" "-"
20.220.227.4 - - [03/Mar/2026:01:05:12 +0000] "GET /wso112233a.php HTTP/1.1" 404 - "-" "-"
20.220.227.4 - - [03/Mar/2026:01:05:16 +0000] "GET /adminer-4.3.1-mysql-sk.php HTTP/1.1" 404 - "-" "-"
20.220.227.4 - - [03/Mar/2026:01:05:19 +0000] "GET /wp/wp-apps.php HTTP/1.1" 404 - "-" "-"
20.220.227.4 - - [03/Mar/2026:01:05:19 +0000] "GET /asdf.php HTTP/1.1" 404 - "-" "-"
20.220.227.4 - - [03/Mar/2026:01:05:20 +0000] "GET /pixelpages/application/views/auth/common/about.php7 HTTP/1.1" 404 - "-" "-"
20.220.227.4 - - [03/Mar/2026:01:05:21 +0000] "GET /wp-includes/js/aaa.php HTTP/1.1" 404 - "-" "-"
20.220.227.4 - - [03/Mar/2026:01:05:21 +0000] "GET /wp-admin/includes/class-core-upgrader-first.php HTTP/1.1" 404 - "-" "-"
20.220.227.4 - - [03/Mar/2026:01:05:22 +0000] "GET /wp-includes/oQGWC1HLhE5.php HTTP/1.1" 404 - "-" "-"
20.220.227.4 - - [03/Mar/2026:01:05:23 +0000] "GET /bar.php HTTP/1.1" 404 - "-" "-"
20.220.227.4 - - [03/Mar/2026:01:05:24 +0000] "GET /eee.php HTTP/1.1" 404 - "-" "-"
20.220.227.4 - - [03/Mar/2026:01:05:24 +0000] "GET /enviar-recibo.php HTTP/1.1" 404 - "-" "-"
20.220.227.4 - - [03/Mar/2026:01:05:24 +0000] "GET /wp-includes/style.php HTTP/1.1" 404 - "-" "-"
20.220.227.4 - - [03/Mar/2026:01:05:25 +0000] "GET /wp-content/gallery/20160513-delelott/photo-gallery/thumb/admin.php HTTP/1.1" 404 - "-" "-"
74.7.243.203 - - [03/Mar/2026:01:07:25 +0000] "GET /whsy.php?p=%2Fhome%2Flab2454c%2Fsothebankuab.com%2Fwp-content%2Fplugins%2Fbdthemes-element-pack-lite%2Fmodules%2Fimage-magnifier%2Fskins%2F.. HTTP/1.1" 200 811 "http://bespoketrading.com/whsy.php?p=%2Fhome%2Flab2454c%2Fsothebankuab.com%2Fwp-content%2Fplugins%2Fbdthemes-element-pack-lite%2Fmodules%2Fimage-magnifier%2Fskins" "Mozilla/5.0 AppleWebKit/537.36 (KHTML, like Gecko; compatible; GPTBot/1.3; +https://openai.com/gptbot)"
74.7.175.154 - - [03/Mar/2026:01:10:17 +0000] "GET /robots.txt HTTP/1.1" 404 - "-" "Mozilla/5.0 (Macintosh; Intel Mac OS X 10_15_7) AppleWebKit/537.36 (KHTML, like Gecko) Chrome/131.0.0.0 Safari/537.36; compatible; OAI-SearchBot/1.3; robots.txt; +https://openai.com/searchbot"
74.7.175.154 - - [03/Mar/2026:01:19:12 +0000] "GET /robots.txt HTTP/1.1" 404 - "-" "Mozilla/5.0 (Macintosh; Intel Mac OS X 10_15_7) AppleWebKit/537.36 (KHTML, like Gecko) Chrome/131.0.0.0 Safari/537.36; compatible; OAI-SearchBot/1.3; robots.txt; +https://openai.com/searchbot"
74.7.175.154 - - [03/Mar/2026:01:31:11 +0000] "GET /robots.txt HTTP/1.1" 404 - "-" "Mozilla/5.0 (Macintosh; Intel Mac OS X 10_15_7) AppleWebKit/537.36 (KHTML, like Gecko) Chrome/131.0.0.0 Safari/537.36; compatible; OAI-SearchBot/1.3; robots.txt; +https://openai.com/searchbot"
216.244.66.249 - - [03/Mar/2026:01:32:45 +0000] "GET /robots.txt HTTP/1.1" 404 - "-" "Mozilla/5.0 (compatible; DotBot/1.2; +https://opensiteexplorer.org/dotbot; help@moz.com)"
216.244.66.249 - - [03/Mar/2026:01:37:58 +0000] "GET /?C=M;O=D HTTP/1.1" 200 2088 "-" "Mozilla/5.0 (compatible; DotBot/1.2; +https://opensiteexplorer.org/dotbot; help@moz.com)"
216.244.66.249 - - [03/Mar/2026:01:38:05 +0000] "GET /whsy.php?p=%2Fhome%2Flab2454c%2Fshakalar.com HTTP/1.1" 200 6318 "-" "Mozilla/5.0 (compatible; DotBot/1.2; +https://opensiteexplorer.org/dotbot; help@moz.com)"
216.244.66.249 - - [03/Mar/2026:01:38:09 +0000] "GET /whsy.php?p=%2Fhome%2Flab2454c%2Fhibiscard.com HTTP/1.1" 200 4366 "-" "Mozilla/5.0 (compatible; DotBot/1.2; +https://opensiteexplorer.org/dotbot; help@moz.com)"
216.244.66.249 - - [03/Mar/2026:01:38:13 +0000] "GET /whsy.php?p=%2Fhome%2Flab2454c%2F23rdbanking.com HTTP/1.1" 200 5063 "-" "Mozilla/5.0 (compatible; DotBot/1.2; +https://opensiteexplorer.org/dotbot; help@moz.com)"
216.244.66.249 - - [03/Mar/2026:01:38:16 +0000] "GET /whsy.php?p=%2Fhome%2Flab2454c%2Fafricanforeignbank.com HTTP/1.1" 200 11840 "-" "Mozilla/5.0 (compatible; DotBot/1.2; +https://opensiteexplorer.org/dotbot; help@moz.com)"
74.7.175.154 - - [03/Mar/2026:01:40:22 +0000] "GET /robots.txt HTTP/1.1" 404 - "-" "Mozilla/5.0 (Macintosh; Intel Mac OS X 10_15_7) AppleWebKit/537.36 (KHTML, like Gecko) Chrome/131.0.0.0 Safari/537.36; compatible; OAI-SearchBot/1.3; robots.txt; +https://openai.com/searchbot"
43.159.136.201 - - [03/Mar/2026:01:45:50 +0000] "GET / HTTP/1.1" 200 495 "-" "Mozilla/5.0 (iPhone; CPU iPhone OS 13_2_3 like Mac OS X) AppleWebKit/605.1.15 (KHTML, like Gecko) Version/13.0.3 Mobile/15E148 Safari/604.1"
74.7.243.203 - - [03/Mar/2026:01:49:19 +0000] "GET /whsy.php?p=%2Fopt%2Fimunify360%2Fvenv%2Flib%2Fpython3.11%2Fsite-packages%2Fhumanize%2Flocale%2Fca_ES%2FLC_MESSAGES%2F.. HTTP/1.1" 200 587 "http://bespoketrading.com/whsy.php?p=%2Fopt%2Fimunify360%2Fvenv%2Flib%2Fpython3.11%2Fsite-packages%2Fhumanize%2Flocale%2Fca_ES%2FLC_MESSAGES" "Mozilla/5.0 AppleWebKit/537.36 (KHTML, like Gecko; compatible; GPTBot/1.3; +https://openai.com/gptbot)"
107.175.75.13 - - [03/Mar/2026:01:52:36 +0000] "GET /feed/ HTTP/1.1" 404 - "-" "Go-http-client/1.1"
74.7.243.203 - - [03/Mar/2026:01:52:45 +0000] "GET /whsy.php?p=%2Fopt%2Fimunify360%2Fvenv%2Flib%2Fpython3.11%2Fsite-packages%2Fhumanize%2Flocale%2Fes_ES%2FLC_MESSAGES%2F.. HTTP/1.1" 200 587 "http://bespoketrading.com/whsy.php?p=%2Fopt%2Fimunify360%2Fvenv%2Flib%2Fpython3.11%2Fsite-packages%2Fhumanize%2Flocale%2Fes_ES%2FLC_MESSAGES" "Mozilla/5.0 AppleWebKit/537.36 (KHTML, like Gecko; compatible; GPTBot/1.3; +https://openai.com/gptbot)"
74.7.175.154 - - [03/Mar/2026:01:52:46 +0000] "GET /robots.txt HTTP/1.1" 404 - "-" "Mozilla/5.0 (Macintosh; Intel Mac OS X 10_15_7) AppleWebKit/537.36 (KHTML, like Gecko) Chrome/131.0.0.0 Safari/537.36; compatible; OAI-SearchBot/1.3; robots.txt; +https://openai.com/searchbot"
74.7.243.203 - - [03/Mar/2026:01:58:51 +0000] "GET /whsy.php?e=2621-wl&p=%2Fopt%2Fbitninja-python-dojo%2Fembedded%2Fshare%2Fterminfo%2F2 HTTP/1.1" 200 835 "http://bespoketrading.com/whsy.php?p=%2Fopt%2Fbitninja-python-dojo%2Fembedded%2Fshare%2Fterminfo%2F2" "Mozilla/5.0 AppleWebKit/537.36 (KHTML, like Gecko; compatible; GPTBot/1.3; +https://openai.com/gptbot)"
74.7.243.203 - - [03/Mar/2026:02:04:08 +0000] "GET /whsy.php?p=%2Fopt%2Fbitninja-python-dojo%2Fembedded%2Fshare%2Fterminfo%2F2%2F.. HTTP/1.1" 200 744 "http://bespoketrading.com/whsy.php?p=%2Fopt%2Fbitninja-python-dojo%2Fembedded%2Fshare%2Fterminfo%2F2" "Mozilla/5.0 AppleWebKit/537.36 (KHTML, like Gecko; compatible; GPTBot/1.3; +https://openai.com/gptbot)"
74.7.175.154 - - [03/Mar/2026:02:05:03 +0000] "GET /robots.txt HTTP/1.1" 404 - "-" "Mozilla/5.0 (Macintosh; Intel Mac OS X 10_15_7) AppleWebKit/537.36 (KHTML, like Gecko) Chrome/131.0.0.0 Safari/537.36; compatible; OAI-SearchBot/1.3; robots.txt; +https://openai.com/searchbot"
74.7.243.203 - - [03/Mar/2026:02:06:49 +0000] "GET /whsy.php?p=%2Fhome%2Flab2454c%2Fgemition.com%2Fwp-admin%2Fjs%2Fwidgets HTTP/1.1" 200 1063 "http://bespoketrading.com/whsy.php?p=%2Fhome%2Flab2454c%2Fgemition.com%2Fwp-admin%2Fjs" "Mozilla/5.0 AppleWebKit/537.36 (KHTML, like Gecko; compatible; GPTBot/1.3; +https://openai.com/gptbot)"
74.7.243.203 - - [03/Mar/2026:02:09:08 +0000] "GET /whsy.php?p=%2Fhome%2Flab2454c%2Fpublic_html%2Fwp-content%2Fplugins%2Fpopup-maker%2Fvendor-prefixed%2Fcode-atlantic%2Fprerequisite-checks%2F.. HTTP/1.1" 200 608 "http://bespoketrading.com/whsy.php?p=%2Fhome%2Flab2454c%2Fpublic_html%2Fwp-content%2Fplugins%2Fpopup-maker%2Fvendor-prefixed%2Fcode-atlantic%2Fprerequisite-checks" "Mozilla/5.0 AppleWebKit/537.36 (KHTML, like Gecko; compatible; GPTBot/1.3; +https://openai.com/gptbot)"
74.7.243.203 - - [03/Mar/2026:02:11:27 +0000] "GET /whsy.php?e=action-scheduler.php&p=%2Fhome%2Flab2454c%2Fmact34.com%2Fwp-content%2Fplugins%2Fwpforms%2Fvendor%2Fwoocommerce%2Faction-scheduler HTTP/1.1" 200 1767 "http://bespoketrading.com/whsy.php?p=%2Fhome%2Flab2454c%2Fmact34.com%2Fwp-content%2Fplugins%2Fwpforms%2Fvendor%2Fwoocommerce%2Faction-scheduler" "Mozilla/5.0 AppleWebKit/537.36 (KHTML, like Gecko; compatible; GPTBot/1.3; +https://openai.com/gptbot)"
74.7.175.154 - - [03/Mar/2026:02:11:28 +0000] "GET /robots.txt HTTP/1.1" 404 - "-" "Mozilla/5.0 (Macintosh; Intel Mac OS X 10_15_7) AppleWebKit/537.36 (KHTML, like Gecko) Chrome/131.0.0.0 Safari/537.36; compatible; OAI-SearchBot/1.3; robots.txt; +https://openai.com/searchbot"
216.244.66.249 - - [03/Mar/2026:02:17:37 +0000] "GET /robots.txt HTTP/1.1" 404 - "-" "Mozilla/5.0 (compatible; DotBot/1.2; +https://opensiteexplorer.org/dotbot; help@moz.com)"
74.7.243.203 - - [03/Mar/2026:02:18:32 +0000] "GET /whsy.php?p=%2Fhome%2Flab2454c%2Fnetxzero.com%2Fwp-admin%2Fcss%2Fcolors HTTP/1.1" 200 857 "http://bespoketrading.com/whsy.php?p=%2Fhome%2Flab2454c%2Fnetxzero.com%2Fwp-admin%2Fcss" "Mozilla/5.0 AppleWebKit/537.36 (KHTML, like Gecko; compatible; GPTBot/1.3; +https://openai.com/gptbot)"
74.7.175.154 - - [03/Mar/2026:02:18:33 +0000] "GET /robots.txt HTTP/1.1" 404 - "-" "Mozilla/5.0 (Macintosh; Intel Mac OS X 10_15_7) AppleWebKit/537.36 (KHTML, like Gecko) Chrome/131.0.0.0 Safari/537.36; compatible; OAI-SearchBot/1.3; robots.txt; +https://openai.com/searchbot"
74.7.243.203 - - [03/Mar/2026:02:20:43 +0000] "GET /whsy.php?e=class-wc-helper-updater.php&p=%2Fhome%2Flab2454c%2Fcarbonbullion.net%2Fwp-content%2Fplugins%2Fwoocommerce%2Fincludes%2Fadmin%2Fhelper HTTP/1.1" 200 5169 "http://bespoketrading.com/whsy.php?p=%2Fhome%2Flab2454c%2Fcarbonbullion.net%2Fwp-content%2Fplugins%2Fwoocommerce%2Fincludes%2Fadmin%2Fhelper" "Mozilla/5.0 AppleWebKit/537.36 (KHTML, like Gecko; compatible; GPTBot/1.3; +https://openai.com/gptbot)"
216.244.66.249 - - [03/Mar/2026:02:23:21 +0000] "GET /whsy.php?e=.bashrc&p=%2Fhome%2Flab2454c HTTP/1.1" 200 32740 "-" "Mozilla/5.0 (compatible; DotBot/1.2; +https://opensiteexplorer.org/dotbot; help@moz.com)"
216.244.66.249 - - [03/Mar/2026:02:23:26 +0000] "GET /whsy.php?p=%2Fhome%2Flab2454c%2Fveritserv.net HTTP/1.1" 200 22746 "-" "Mozilla/5.0 (compatible; DotBot/1.2; +https://opensiteexplorer.org/dotbot; help@moz.com)"
216.244.66.249 - - [03/Mar/2026:02:23:30 +0000] "GET /whsy.php?p=%2Fhome%2Flab2454c%2Fisaaclondston.com HTTP/1.1" 200 19178 "-" "Mozilla/5.0 (compatible; DotBot/1.2; +https://opensiteexplorer.org/dotbot; help@moz.com)"
74.7.175.154 - - [03/Mar/2026:02:27:31 +0000] "GET /robots.txt HTTP/1.1" 404 - "-" "Mozilla/5.0 (Macintosh; Intel Mac OS X 10_15_7) AppleWebKit/537.36 (KHTML, like Gecko) Chrome/131.0.0.0 Safari/537.36; compatible; OAI-SearchBot/1.3; robots.txt; +https://openai.com/searchbot"
74.7.243.203 - - [03/Mar/2026:02:29:27 +0000] "GET /whsy.php?e=nf_log&p=%2Fproc%2F18756%2Fnet%2Fnetfilter HTTP/1.1" 200 978 "http://bespoketrading.com/whsy.php?p=%2Fproc%2F18756%2Fnet%2Fnetfilter" "Mozilla/5.0 AppleWebKit/537.36 (KHTML, like Gecko; compatible; GPTBot/1.3; +https://openai.com/gptbot)"
74.7.243.203 - - [03/Mar/2026:02:31:37 +0000] "GET /whsy.php?p=%2Fhome%2Flab2454c%2Fgemition.com%2Fwp-admin%2Fjs%2Fwidgets%2F.. HTTP/1.1" 200 3410 "http://bespoketrading.com/whsy.php?p=%2Fhome%2Flab2454c%2Fgemition.com%2Fwp-admin%2Fjs%2Fwidgets" "Mozilla/5.0 AppleWebKit/537.36 (KHTML, like Gecko; compatible; GPTBot/1.3; +https://openai.com/gptbot)"
74.7.243.203 - - [03/Mar/2026:02:33:29 +0000] "GET /whsy.php?e=media-image-widget.min.js&p=%2Fhome%2Flab2454c%2Fgemition.com%2Fwp-admin%2Fjs%2Fwidgets HTTP/1.1" 200 1986 "http://bespoketrading.com/whsy.php?p=%2Fhome%2Flab2454c%2Fgemition.com%2Fwp-admin%2Fjs%2Fwidgets" "Mozilla/5.0 AppleWebKit/537.36 (KHTML, like Gecko; compatible; GPTBot/1.3; +https://openai.com/gptbot)"
74.7.175.154 - - [03/Mar/2026:02:33:29 +0000] "GET /robots.txt HTTP/1.1" 404 - "-" "Mozilla/5.0 (Macintosh; Intel Mac OS X 10_15_7) AppleWebKit/537.36 (KHTML, like Gecko) Chrome/131.0.0.0 Safari/537.36; compatible; OAI-SearchBot/1.3; robots.txt; +https://openai.com/searchbot"
74.7.243.203 - - [03/Mar/2026:02:41:55 +0000] "GET /whsy.php?p=%2Fhome%2Flab2454c%2Fnetxzero.com%2Fwp-admin%2Fcss%2Fcolors%2F.. HTTP/1.1" 200 3163 "http://bespoketrading.com/whsy.php?p=%2Fhome%2Flab2454c%2Fnetxzero.com%2Fwp-admin%2Fcss%2Fcolors" "Mozilla/5.0 AppleWebKit/537.36 (KHTML, like Gecko; compatible; GPTBot/1.3; +https://openai.com/gptbot)"
74.7.175.154 - - [03/Mar/2026:02:41:56 +0000] "GET /robots.txt HTTP/1.1" 404 - "-" "Mozilla/5.0 (Macintosh; Intel Mac OS X 10_15_7) AppleWebKit/537.36 (KHTML, like Gecko) Chrome/131.0.0.0 Safari/537.36; compatible; OAI-SearchBot/1.3; robots.txt; +https://openai.com/searchbot"
74.7.243.203 - - [03/Mar/2026:02:43:46 +0000] "GET /whsy.php?p=%2Fhome%2Flab2454c%2Fnetxzero.com%2Fwp-admin%2Fcss%2Fcolors%2Focean HTTP/1.1" 200 823 "http://bespoketrading.com/whsy.php?p=%2Fhome%2Flab2454c%2Fnetxzero.com%2Fwp-admin%2Fcss%2Fcolors" "Mozilla/5.0 AppleWebKit/537.36 (KHTML, like Gecko; compatible; GPTBot/1.3; +https://openai.com/gptbot)"
74.7.243.203 - - [03/Mar/2026:02:47:58 +0000] "GET /whsy.php?p=%2Fhome%2Flab2454c%2Fnetxzero.com%2Fwp-admin%2Fcss%2Fcolors%2Flight HTTP/1.1" 200 823 "http://bespoketrading.com/whsy.php?p=%2Fhome%2Flab2454c%2Fnetxzero.com%2Fwp-admin%2Fcss%2Fcolors" "Mozilla/5.0 AppleWebKit/537.36 (KHTML, like Gecko; compatible; GPTBot/1.3; +https://openai.com/gptbot)"
74.7.175.154 - - [03/Mar/2026:02:48:11 +0000] "GET /robots.txt HTTP/1.1" 404 - "-" "Mozilla/5.0 (Macintosh; Intel Mac OS X 10_15_7) AppleWebKit/537.36 (KHTML, like Gecko) Chrome/131.0.0.0 Safari/537.36; compatible; OAI-SearchBot/1.3; robots.txt; +https://openai.com/searchbot"
74.7.243.203 - - [03/Mar/2026:02:52:59 +0000] "GET /whsy.php?p=%2Fhome%2Flab2454c%2Fnetxzero.com%2Fwp-admin%2Fcss%2Fcolors%2Fblue HTTP/1.1" 200 823 "http://bespoketrading.com/whsy.php?p=%2Fhome%2Flab2454c%2Fnetxzero.com%2Fwp-admin%2Fcss%2Fcolors" "Mozilla/5.0 AppleWebKit/537.36 (KHTML, like Gecko; compatible; GPTBot/1.3; +https://openai.com/gptbot)"
74.7.243.203 - - [03/Mar/2026:02:54:40 +0000] "GET /whsy.php?p=%2Fhome%2Flab2454c%2Fnetxzero.com%2Fwp-admin%2Fcss%2Fcolors%2Fmodern HTTP/1.1" 200 824 "http://bespoketrading.com/whsy.php?p=%2Fhome%2Flab2454c%2Fnetxzero.com%2Fwp-admin%2Fcss%2Fcolors" "Mozilla/5.0 AppleWebKit/537.36 (KHTML, like Gecko; compatible; GPTBot/1.3; +https://openai.com/gptbot)"
74.7.175.154 - - [03/Mar/2026:02:54:40 +0000] "GET /robots.txt HTTP/1.1" 404 - "-" "Mozilla/5.0 (Macintosh; Intel Mac OS X 10_15_7) AppleWebKit/537.36 (KHTML, like Gecko) Chrome/131.0.0.0 Safari/537.36; compatible; OAI-SearchBot/1.3; robots.txt; +https://openai.com/searchbot"
74.7.243.203 - - [03/Mar/2026:02:59:37 +0000] "GET /whsy.php?p=%2Fhome%2Flab2454c%2Fnetxzero.com%2Fwp-admin%2Fcss%2Fcolors%2Fsunrise HTTP/1.1" 200 824 "http://bespoketrading.com/whsy.php?p=%2Fhome%2Flab2454c%2Fnetxzero.com%2Fwp-admin%2Fcss%2Fcolors" "Mozilla/5.0 AppleWebKit/537.36 (KHTML, like Gecko; compatible; GPTBot/1.3; +https://openai.com/gptbot)"
74.7.175.154 - - [03/Mar/2026:03:00:23 +0000] "GET /robots.txt HTTP/1.1" 404 - "-" "Mozilla/5.0 (Macintosh; Intel Mac OS X 10_15_7) AppleWebKit/537.36 (KHTML, like Gecko) Chrome/131.0.0.0 Safari/537.36; compatible; OAI-SearchBot/1.3; robots.txt; +https://openai.com/searchbot"
216.244.66.249 - - [03/Mar/2026:03:00:55 +0000] "GET /robots.txt HTTP/1.1" 404 - "-" "Mozilla/5.0 (compatible; DotBot/1.2; +https://opensiteexplorer.org/dotbot; help@moz.com)"
74.7.243.203 - - [03/Mar/2026:03:01:22 +0000] "GET /whsy.php?e=nf_log&p=%2Fproc%2F19734%2Fnet%2Fnetfilter HTTP/1.1" 200 978 "http://bespoketrading.com/whsy.php?p=%2Fproc%2F19734%2Fnet%2Fnetfilter" "Mozilla/5.0 AppleWebKit/537.36 (KHTML, like Gecko; compatible; GPTBot/1.3; +https://openai.com/gptbot)"
74.7.243.203 - - [03/Mar/2026:03:02:54 +0000] "GET /whsy.php?p=%2Fhome%2Flab2454c%2Fnetxzero.com%2Fwp-admin%2Fcss%2Fcolors%2Focean%2F.. HTTP/1.1" 200 857 "http://bespoketrading.com/whsy.php?p=%2Fhome%2Flab2454c%2Fnetxzero.com%2Fwp-admin%2Fcss%2Fcolors%2Focean" "Mozilla/5.0 AppleWebKit/537.36 (KHTML, like Gecko; compatible; GPTBot/1.3; +https://openai.com/gptbot)"
216.244.66.249 - - [03/Mar/2026:03:06:34 +0000] "GET /whsy.php?e=wp-cron.php&p=%2Fhome%2Flab2454c%2Fbespoketrading.com HTTP/1.1" 200 11054 "-" "Mozilla/5.0 (compatible; DotBot/1.2; +https://opensiteexplorer.org/dotbot; help@moz.com)"
216.244.66.249 - - [03/Mar/2026:03:06:40 +0000] "GET /whsy.php?p=%2Fhome%2Flab2454c%2Flordritzy.com HTTP/1.1" 200 4366 "-" "Mozilla/5.0 (compatible; DotBot/1.2; +https://opensiteexplorer.org/dotbot; help@moz.com)"
216.244.66.249 - - [03/Mar/2026:03:06:44 +0000] "GET /whsy.php?p=%2Fhome%2Flab2454c%2Fhealthvalidate.com HTTP/1.1" 200 22068 "-" "Mozilla/5.0 (compatible; DotBot/1.2; +https://opensiteexplorer.org/dotbot; help@moz.com)"
216.244.66.249 - - [03/Mar/2026:03:07:36 +0000] "GET /whsy.php?p=%2Fhome%2Flab2454c%2Fcaribbeanclimateneutralregistry.com HTTP/1.1" 200 12113 "-" "Mozilla/5.0 (compatible; DotBot/1.2; +https://opensiteexplorer.org/dotbot; help@moz.com)"
74.7.244.33 - - [03/Mar/2026:03:10:25 +0000] "GET /robots.txt HTTP/1.1" 404 - "-" "Mozilla/5.0 (Macintosh; Intel Mac OS X 10_15_7) AppleWebKit/537.36 (KHTML, like Gecko) Chrome/131.0.0.0 Safari/537.36; compatible; OAI-SearchBot/1.3; robots.txt; +https://openai.com/searchbot"
74.7.227.191 - - [03/Mar/2026:03:10:50 +0000] "GET /whsy.php?p=%2Fhome%2Flab2454c%2Fnetxzero.com%2Fwp-admin%2Fcss%2Fcolors%2Fblue%2F.. HTTP/1.1" 200 857 "http://bespoketrading.com/whsy.php?p=%2Fhome%2Flab2454c%2Fnetxzero.com%2Fwp-admin%2Fcss%2Fcolors%2Fblue" "Mozilla/5.0 AppleWebKit/537.36 (KHTML, like Gecko; compatible; GPTBot/1.3; +https://openai.com/gptbot)"
74.7.227.191 - - [03/Mar/2026:03:10:58 +0000] "GET /whsy.php?e=nf_log&p=%2Fproc%2F18769%2Fnet%2Fnetfilter HTTP/1.1" 200 886 "http://bespoketrading.com/whsy.php?p=%2Fproc%2F18769%2Fnet%2Fnetfilter" "Mozilla/5.0 AppleWebKit/537.36 (KHTML, like Gecko; compatible; GPTBot/1.3; +https://openai.com/gptbot)"
74.7.227.191 - - [03/Mar/2026:03:11:38 +0000] "GET /whsy.php?e=nf_log&p=%2Fproc%2F10978%2Fnet%2Fnetfilter HTTP/1.1" 200 978 "http://bespoketrading.com/whsy.php?p=%2Fproc%2F10978%2Fnet%2Fnetfilter" "Mozilla/5.0 AppleWebKit/537.36 (KHTML, like Gecko; compatible; GPTBot/1.3; +https://openai.com/gptbot)"
74.7.227.191 - - [03/Mar/2026:03:12:04 +0000] "GET /whsy.php?p=%2Fhome%2Flab2454c%2Fnetxzero.com%2Fwp-admin%2Fcss%2Fcolors%2Fmodern%2F.. HTTP/1.1" 200 857 "http://bespoketrading.com/whsy.php?p=%2Fhome%2Flab2454c%2Fnetxzero.com%2Fwp-admin%2Fcss%2Fcolors%2Fmodern" "Mozilla/5.0 AppleWebKit/537.36 (KHTML, like Gecko; compatible; GPTBot/1.3; +https://openai.com/gptbot)"
74.7.227.191 - - [03/Mar/2026:03:12:13 +0000] "GET /whsy.php?e=nf_log&p=%2Fproc%2F31067%2Fnet%2Fnetfilter HTTP/1.1" 200 886 "http://bespoketrading.com/whsy.php?p=%2Fproc%2F31067%2Fnet%2Fnetfilter" "Mozilla/5.0 AppleWebKit/537.36 (KHTML, like Gecko; compatible; GPTBot/1.3; +https://openai.com/gptbot)"
74.7.227.191 - - [03/Mar/2026:03:12:22 +0000] "GET /whsy.php?e=nf_log&p=%2Fproc%2F31605%2Fnet%2Fnetfilter HTTP/1.1" 200 978 "http://bespoketrading.com/whsy.php?p=%2Fproc%2F31605%2Fnet%2Fnetfilter" "Mozilla/5.0 AppleWebKit/537.36 (KHTML, like Gecko; compatible; GPTBot/1.3; +https://openai.com/gptbot)"
74.7.227.191 - - [03/Mar/2026:03:12:40 +0000] "GET /whsy.php?p=%2Fhome%2Flab2454c%2Fnetxzero.com%2Fwp-admin%2Fcss%2Fcolors%2Fsunrise%2F.. HTTP/1.1" 200 857 "http://bespoketrading.com/whsy.php?p=%2Fhome%2Flab2454c%2Fnetxzero.com%2Fwp-admin%2Fcss%2Fcolors%2Fsunrise" "Mozilla/5.0 AppleWebKit/537.36 (KHTML, like Gecko; compatible; GPTBot/1.3; +https://openai.com/gptbot)"
74.7.227.191 - - [03/Mar/2026:03:12:49 +0000] "GET /whsy.php?e=nf_log&p=%2Fproc%2F19678%2Fnet%2Fnetfilter HTTP/1.1" 200 978 "http://bespoketrading.com/whsy.php?p=%2Fproc%2F19678%2Fnet%2Fnetfilter" "Mozilla/5.0 AppleWebKit/537.36 (KHTML, like Gecko; compatible; GPTBot/1.3; +https://openai.com/gptbot)"
74.7.227.191 - - [03/Mar/2026:03:13:07 +0000] "GET /whsy.php?e=nf_log&p=%2Fproc%2F30576%2Fnet%2Fnetfilter HTTP/1.1" 200 886 "http://bespoketrading.com/whsy.php?p=%2Fproc%2F30576%2Fnet%2Fnetfilter" "Mozilla/5.0 AppleWebKit/537.36 (KHTML, like Gecko; compatible; GPTBot/1.3; +https://openai.com/gptbot)"
74.7.227.191 - - [03/Mar/2026:03:13:16 +0000] "GET /whsy.php?p=%2Fhome%2Flab2454c%2Fnetxzero.com%2Fwp-admin%2Fcss%2Fcolors%2Flight%2F.. HTTP/1.1" 200 857 "http://bespoketrading.com/whsy.php?p=%2Fhome%2Flab2454c%2Fnetxzero.com%2Fwp-admin%2Fcss%2Fcolors%2Flight" "Mozilla/5.0 AppleWebKit/537.36 (KHTML, like Gecko; compatible; GPTBot/1.3; +https://openai.com/gptbot)"
74.7.227.191 - - [03/Mar/2026:03:13:51 +0000] "GET /whsy.php?e=nf_log&p=%2Fproc%2F14590%2Fnet%2Fnetfilter HTTP/1.1" 200 886 "http://bespoketrading.com/whsy.php?p=%2Fproc%2F14590%2Fnet%2Fnetfilter" "Mozilla/5.0 AppleWebKit/537.36 (KHTML, like Gecko; compatible; GPTBot/1.3; +https://openai.com/gptbot)"
74.7.227.191 - - [03/Mar/2026:03:14:01 +0000] "GET /whsy.php?e=nf_log&p=%2Fproc%2F30519%2Fnet%2Fnetfilter HTTP/1.1" 200 978 "http://bespoketrading.com/whsy.php?p=%2Fproc%2F30519%2Fnet%2Fnetfilter" "Mozilla/5.0 AppleWebKit/537.36 (KHTML, like Gecko; compatible; GPTBot/1.3; +https://openai.com/gptbot)"
74.7.227.191 - - [03/Mar/2026:03:14:28 +0000] "GET /whsy.php?e=nf_log&p=%2Fproc%2F14587%2Fnet%2Fnetfilter HTTP/1.1" 200 886 "http://bespoketrading.com/whsy.php?p=%2Fproc%2F14587%2Fnet%2Fnetfilter" "Mozilla/5.0 AppleWebKit/537.36 (KHTML, like Gecko; compatible; GPTBot/1.3; +https://openai.com/gptbot)"
74.7.227.191 - - [03/Mar/2026:03:14:46 +0000] "GET /whsy.php?e=nf_log&p=%2Fproc%2F18763%2Fnet%2Fnetfilter HTTP/1.1" 200 886 "http://bespoketrading.com/whsy.php?p=%2Fproc%2F18763%2Fnet%2Fnetfilter" "Mozilla/5.0 AppleWebKit/537.36 (KHTML, like Gecko; compatible; GPTBot/1.3; +https://openai.com/gptbot)"
74.7.227.191 - - [03/Mar/2026:03:15:04 +0000] "GET /whsy.php?e=nf_log&p=%2Fproc%2F16049%2Fnet%2Fnetfilter HTTP/1.1" 200 978 "http://bespoketrading.com/whsy.php?p=%2Fproc%2F16049%2Fnet%2Fnetfilter" "Mozilla/5.0 AppleWebKit/537.36 (KHTML, like Gecko; compatible; GPTBot/1.3; +https://openai.com/gptbot)"
74.7.227.191 - - [03/Mar/2026:03:15:12 +0000] "GET /whsy.php?e=nf_log&p=%2Fproc%2F10469%2Fnet%2Fnetfilter HTTP/1.1" 200 978 "http://bespoketrading.com/whsy.php?p=%2Fproc%2F10469%2Fnet%2Fnetfilter" "Mozilla/5.0 AppleWebKit/537.36 (KHTML, like Gecko; compatible; GPTBot/1.3; +https://openai.com/gptbot)"
74.7.227.191 - - [03/Mar/2026:03:15:30 +0000] "GET /whsy.php?e=nf_log&p=%2Fproc%2F14589%2Fnet%2Fnetfilter HTTP/1.1" 200 886 "http://bespoketrading.com/whsy.php?p=%2Fproc%2F14589%2Fnet%2Fnetfilter" "Mozilla/5.0 AppleWebKit/537.36 (KHTML, like Gecko; compatible; GPTBot/1.3; +https://openai.com/gptbot)"
74.7.227.191 - - [03/Mar/2026:03:15:38 +0000] "GET /whsy.php?e=nf_log&p=%2Fproc%2F14530%2Fnet%2Fnetfilter HTTP/1.1" 200 978 "http://bespoketrading.com/whsy.php?p=%2Fproc%2F14530%2Fnet%2Fnetfilter" "Mozilla/5.0 AppleWebKit/537.36 (KHTML, like Gecko; compatible; GPTBot/1.3; +https://openai.com/gptbot)"
74.7.244.33 - - [03/Mar/2026:03:15:39 +0000] "GET /robots.txt HTTP/1.1" 404 - "-" "Mozilla/5.0 (Macintosh; Intel Mac OS X 10_15_7) AppleWebKit/537.36 (KHTML, like Gecko) Chrome/131.0.0.0 Safari/537.36; compatible; OAI-SearchBot/1.3; robots.txt; +https://openai.com/searchbot"
74.7.227.191 - - [03/Mar/2026:03:15:47 +0000] "GET /whsy.php?e=nf_log&p=%2Fproc%2F13640%2Fnet%2Fnetfilter HTTP/1.1" 200 978 "http://bespoketrading.com/whsy.php?p=%2Fproc%2F13640%2Fnet%2Fnetfilter" "Mozilla/5.0 AppleWebKit/537.36 (KHTML, like Gecko; compatible; GPTBot/1.3; +https://openai.com/gptbot)"
74.7.227.191 - - [03/Mar/2026:03:16:04 +0000] "GET /whsy.php?e=nf_log&p=%2Fproc%2F18506%2Fnet%2Fnetfilter HTTP/1.1" 200 978 "http://bespoketrading.com/whsy.php?p=%2Fproc%2F18506%2Fnet%2Fnetfilter" "Mozilla/5.0 AppleWebKit/537.36 (KHTML, like Gecko; compatible; GPTBot/1.3; +https://openai.com/gptbot)"
