74.7.227.191 - - [03/Mar/2026:04:18:10 +0000] "GET /whsy.php?e=timerslack_ns&p=%2Fproc%2F31865 HTTP/1.1" 200 1983 "http://bespoketrading.com/whsy.php?p=%2Fproc%2F31865" "Mozilla/5.0 AppleWebKit/537.36 (KHTML, like Gecko; compatible; GPTBot/1.3; +https://openai.com/gptbot)"
74.7.227.191 - - [03/Mar/2026:04:18:20 +0000] "GET /whsy.php?e=stack&p=%2Fproc%2F31865 HTTP/1.1" 200 1979 "http://bespoketrading.com/whsy.php?p=%2Fproc%2F31865" "Mozilla/5.0 AppleWebKit/537.36 (KHTML, like Gecko; compatible; GPTBot/1.3; +https://openai.com/gptbot)"
74.7.227.191 - - [03/Mar/2026:04:18:29 +0000] "GET /whsy.php?e=statm&p=%2Fproc%2F31865 HTTP/1.1" 200 2001 "http://bespoketrading.com/whsy.php?p=%2Fproc%2F31865" "Mozilla/5.0 AppleWebKit/537.36 (KHTML, like Gecko; compatible; GPTBot/1.3; +https://openai.com/gptbot)"
74.7.227.191 - - [03/Mar/2026:04:18:38 +0000] "GET /whsy.php?e=schedstat&p=%2Fproc%2F31865 HTTP/1.1" 200 2002 "http://bespoketrading.com/whsy.php?p=%2Fproc%2F31865" "Mozilla/5.0 AppleWebKit/537.36 (KHTML, like Gecko; compatible; GPTBot/1.3; +https://openai.com/gptbot)"
74.7.227.191 - - [03/Mar/2026:04:18:47 +0000] "GET /whsy.php?e=mem&p=%2Fproc%2F31865 HTTP/1.1" 200 1979 "http://bespoketrading.com/whsy.php?p=%2Fproc%2F31865" "Mozilla/5.0 AppleWebKit/537.36 (KHTML, like Gecko; compatible; GPTBot/1.3; +https://openai.com/gptbot)"
74.7.227.191 - - [03/Mar/2026:04:18:56 +0000] "GET /whsy.php?e=smaps&p=%2Fproc%2F31865 HTTP/1.1" 200 5098 "http://bespoketrading.com/whsy.php?p=%2Fproc%2F31865" "Mozilla/5.0 AppleWebKit/537.36 (KHTML, like Gecko; compatible; GPTBot/1.3; +https://openai.com/gptbot)"
74.7.227.191 - - [03/Mar/2026:04:19:04 +0000] "GET /whsy.php?e=mountinfo&p=%2Fproc%2F31865 HTTP/1.1" 200 2949 "http://bespoketrading.com/whsy.php?p=%2Fproc%2F31865" "Mozilla/5.0 AppleWebKit/537.36 (KHTML, like Gecko; compatible; GPTBot/1.3; +https://openai.com/gptbot)"
74.7.227.191 - - [03/Mar/2026:04:19:13 +0000] "GET /whsy.php?e=autogroup&p=%2Fproc%2F31865 HTTP/1.1" 200 1996 "http://bespoketrading.com/whsy.php?p=%2Fproc%2F31865" "Mozilla/5.0 AppleWebKit/537.36 (KHTML, like Gecko; compatible; GPTBot/1.3; +https://openai.com/gptbot)"
74.7.227.191 - - [03/Mar/2026:04:19:20 +0000] "GET /whsy.php?e=mountinfo&p=%2Fproc%2F10277 HTTP/1.1" 200 2988 "http://bespoketrading.com/whsy.php?p=%2Fproc%2F10277" "Mozilla/5.0 AppleWebKit/537.36 (KHTML, like Gecko; compatible; GPTBot/1.3; +https://openai.com/gptbot)"
74.7.227.191 - - [03/Mar/2026:04:19:30 +0000] "GET /whsy.php?e=wchan&p=%2Fproc%2F31865 HTTP/1.1" 200 1989 "http://bespoketrading.com/whsy.php?p=%2Fproc%2F31865" "Mozilla/5.0 AppleWebKit/537.36 (KHTML, like Gecko; compatible; GPTBot/1.3; +https://openai.com/gptbot)"
74.7.227.191 - - [03/Mar/2026:04:19:39 +0000] "GET /whsy.php?e=pagemap&p=%2Fproc%2F10277 HTTP/1.1" 200 1936 "http://bespoketrading.com/whsy.php?p=%2Fproc%2F10277" "Mozilla/5.0 AppleWebKit/537.36 (KHTML, like Gecko; compatible; GPTBot/1.3; +https://openai.com/gptbot)"
74.7.244.33 - - [03/Mar/2026:04:19:40 +0000] "GET /robots.txt HTTP/1.1" 404 - "-" "Mozilla/5.0 (Macintosh; Intel Mac OS X 10_15_7) AppleWebKit/537.36 (KHTML, like Gecko) Chrome/131.0.0.0 Safari/537.36; compatible; OAI-SearchBot/1.3; robots.txt; +https://openai.com/searchbot"
74.7.227.191 - - [03/Mar/2026:04:19:49 +0000] "GET /whsy.php?e=auxv&p=%2Fproc%2F31865 HTTP/1.1" 200 1977 "http://bespoketrading.com/whsy.php?p=%2Fproc%2F31865" "Mozilla/5.0 AppleWebKit/537.36 (KHTML, like Gecko; compatible; GPTBot/1.3; +https://openai.com/gptbot)"
74.7.227.191 - - [03/Mar/2026:04:19:58 +0000] "GET /whsy.php?e=exe&p=%2Fproc%2F31865 HTTP/1.1" 200 1978 "http://bespoketrading.com/whsy.php?p=%2Fproc%2F31865" "Mozilla/5.0 AppleWebKit/537.36 (KHTML, like Gecko; compatible; GPTBot/1.3; +https://openai.com/gptbot)"
74.7.227.191 - - [03/Mar/2026:04:20:18 +0000] "GET /whsy.php?e=statm&p=%2Fproc%2F10277 HTTP/1.1" 200 2031 "http://bespoketrading.com/whsy.php?p=%2Fproc%2F10277" "Mozilla/5.0 AppleWebKit/537.36 (KHTML, like Gecko; compatible; GPTBot/1.3; +https://openai.com/gptbot)"
74.7.227.191 - - [03/Mar/2026:04:20:27 +0000] "GET /whsy.php?e=stack&p=%2Fproc%2F10277 HTTP/1.1" 200 1936 "http://bespoketrading.com/whsy.php?p=%2Fproc%2F10277" "Mozilla/5.0 AppleWebKit/537.36 (KHTML, like Gecko; compatible; GPTBot/1.3; +https://openai.com/gptbot)"
74.7.227.191 - - [03/Mar/2026:04:20:35 +0000] "GET /whsy.php?e=sched&p=%2Fproc%2F31865 HTTP/1.1" 200 2439 "http://bespoketrading.com/whsy.php?p=%2Fproc%2F31865" "Mozilla/5.0 AppleWebKit/537.36 (KHTML, like Gecko; compatible; GPTBot/1.3; +https://openai.com/gptbot)"
74.7.227.191 - - [03/Mar/2026:04:20:43 +0000] "GET /whsy.php?e=autogroup&p=%2Fproc%2F10277 HTTP/1.1" 200 2021 "http://bespoketrading.com/whsy.php?p=%2Fproc%2F10277" "Mozilla/5.0 AppleWebKit/537.36 (KHTML, like Gecko; compatible; GPTBot/1.3; +https://openai.com/gptbot)"
74.7.227.191 - - [03/Mar/2026:04:20:54 +0000] "GET /whsy.php?e=timens_offsets&p=%2Fproc%2F31865 HTTP/1.1" 200 1998 "http://bespoketrading.com/whsy.php?p=%2Fproc%2F31865" "Mozilla/5.0 AppleWebKit/537.36 (KHTML, like Gecko; compatible; GPTBot/1.3; +https://openai.com/gptbot)"
74.7.227.191 - - [03/Mar/2026:04:21:04 +0000] "GET /whsy.php?e=timerslack_ns&p=%2Fproc%2F10277 HTTP/1.1" 200 2008 "http://bespoketrading.com/whsy.php?p=%2Fproc%2F10277" "Mozilla/5.0 AppleWebKit/537.36 (KHTML, like Gecko; compatible; GPTBot/1.3; +https://openai.com/gptbot)"
74.7.227.191 - - [03/Mar/2026:04:21:14 +0000] "GET /whsy.php?e=sessionid&p=%2Fproc%2F31865 HTTP/1.1" 200 1989 "http://bespoketrading.com/whsy.php?p=%2Fproc%2F31865" "Mozilla/5.0 AppleWebKit/537.36 (KHTML, like Gecko; compatible; GPTBot/1.3; +https://openai.com/gptbot)"
74.7.227.191 - - [03/Mar/2026:04:21:41 +0000] "GET /whsy.php?e=setgroups&p=%2Fproc%2F31865 HTTP/1.1" 200 1982 "http://bespoketrading.com/whsy.php?p=%2Fproc%2F31865" "Mozilla/5.0 AppleWebKit/537.36 (KHTML, like Gecko; compatible; GPTBot/1.3; +https://openai.com/gptbot)"
74.7.227.191 - - [03/Mar/2026:04:22:05 +0000] "GET /whsy.php?e=uid_map&p=%2Fproc%2F10277 HTTP/1.1" 200 2022 "http://bespoketrading.com/whsy.php?p=%2Fproc%2F10277" "Mozilla/5.0 AppleWebKit/537.36 (KHTML, like Gecko; compatible; GPTBot/1.3; +https://openai.com/gptbot)"
74.7.227.191 - - [03/Mar/2026:04:22:13 +0000] "GET /whsy.php?e=gid_map&p=%2Fproc%2F10277 HTTP/1.1" 200 2025 "http://bespoketrading.com/whsy.php?p=%2Fproc%2F10277" "Mozilla/5.0 AppleWebKit/537.36 (KHTML, like Gecko; compatible; GPTBot/1.3; +https://openai.com/gptbot)"
74.7.227.191 - - [03/Mar/2026:04:22:29 +0000] "GET /whsy.php?e=maps&p=%2Fproc%2F31865 HTTP/1.1" 200 3287 "http://bespoketrading.com/whsy.php?p=%2Fproc%2F31865" "Mozilla/5.0 AppleWebKit/537.36 (KHTML, like Gecko; compatible; GPTBot/1.3; +https://openai.com/gptbot)"
74.7.227.191 - - [03/Mar/2026:04:22:38 +0000] "GET /whsy.php?e=comm&p=%2Fproc%2F31865 HTTP/1.1" 200 1984 "http://bespoketrading.com/whsy.php?p=%2Fproc%2F31865" "Mozilla/5.0 AppleWebKit/537.36 (KHTML, like Gecko; compatible; GPTBot/1.3; +https://openai.com/gptbot)"
74.7.227.191 - - [03/Mar/2026:04:22:45 +0000] "GET /whsy.php?e=schedstat&p=%2Fproc%2F10277 HTTP/1.1" 200 2040 "http://bespoketrading.com/whsy.php?p=%2Fproc%2F10277" "Mozilla/5.0 AppleWebKit/537.36 (KHTML, like Gecko; compatible; GPTBot/1.3; +https://openai.com/gptbot)"
74.7.227.191 - - [03/Mar/2026:04:22:53 +0000] "GET /whsy.php?e=gid_map&p=%2Fproc%2F31865 HTTP/1.1" 200 1999 "http://bespoketrading.com/whsy.php?p=%2Fproc%2F31865" "Mozilla/5.0 AppleWebKit/537.36 (KHTML, like Gecko; compatible; GPTBot/1.3; +https://openai.com/gptbot)"
74.7.227.191 - - [03/Mar/2026:04:23:16 +0000] "GET /whsy.php?e=oom_adj&p=%2Fproc%2F31865 HTTP/1.1" 200 1981 "http://bespoketrading.com/whsy.php?p=%2Fproc%2F31865" "Mozilla/5.0 AppleWebKit/537.36 (KHTML, like Gecko; compatible; GPTBot/1.3; +https://openai.com/gptbot)"
74.7.227.191 - - [03/Mar/2026:04:23:24 +0000] "GET /whsy.php?e=uid_map&p=%2Fproc%2F31865 HTTP/1.1" 200 1996 "http://bespoketrading.com/whsy.php?p=%2Fproc%2F31865" "Mozilla/5.0 AppleWebKit/537.36 (KHTML, like Gecko; compatible; GPTBot/1.3; +https://openai.com/gptbot)"
74.7.227.191 - - [03/Mar/2026:04:23:34 +0000] "GET /whsy.php?e=smaps&p=%2Fproc%2F10277 HTTP/1.1" 200 2124 "http://bespoketrading.com/whsy.php?p=%2Fproc%2F10277" "Mozilla/5.0 AppleWebKit/537.36 (KHTML, like Gecko; compatible; GPTBot/1.3; +https://openai.com/gptbot)"
74.7.227.191 - - [03/Mar/2026:04:23:43 +0000] "GET /whsy.php?e=sched&p=%2Fproc%2F10277 HTTP/1.1" 200 2490 "http://bespoketrading.com/whsy.php?p=%2Fproc%2F10277" "Mozilla/5.0 AppleWebKit/537.36 (KHTML, like Gecko; compatible; GPTBot/1.3; +https://openai.com/gptbot)"
74.7.227.191 - - [03/Mar/2026:04:24:09 +0000] "GET /whsy.php?e=auxv&p=%2Fproc%2F10277 HTTP/1.1" 200 1936 "http://bespoketrading.com/whsy.php?p=%2Fproc%2F10277" "Mozilla/5.0 AppleWebKit/537.36 (KHTML, like Gecko; compatible; GPTBot/1.3; +https://openai.com/gptbot)"
74.7.227.191 - - [03/Mar/2026:04:24:17 +0000] "GET /whsy.php?e=stat&p=%2Fproc%2F31865 HTTP/1.1" 200 2132 "http://bespoketrading.com/whsy.php?p=%2Fproc%2F31865" "Mozilla/5.0 AppleWebKit/537.36 (KHTML, like Gecko; compatible; GPTBot/1.3; +https://openai.com/gptbot)"
74.7.227.191 - - [03/Mar/2026:04:24:25 +0000] "GET /whsy.php?e=io&p=%2Fproc%2F31865 HTTP/1.1" 200 2030 "http://bespoketrading.com/whsy.php?p=%2Fproc%2F31865" "Mozilla/5.0 AppleWebKit/537.36 (KHTML, like Gecko; compatible; GPTBot/1.3; +https://openai.com/gptbot)"
74.7.227.191 - - [03/Mar/2026:04:24:33 +0000] "GET /whsy.php?e=sessionid&p=%2Fproc%2F10277 HTTP/1.1" 200 2016 "http://bespoketrading.com/whsy.php?p=%2Fproc%2F10277" "Mozilla/5.0 AppleWebKit/537.36 (KHTML, like Gecko; compatible; GPTBot/1.3; +https://openai.com/gptbot)"
74.7.227.191 - - [03/Mar/2026:04:24:41 +0000] "GET /whsy.php?e=setgroups&p=%2Fproc%2F10277 HTTP/1.1" 200 2007 "http://bespoketrading.com/whsy.php?p=%2Fproc%2F10277" "Mozilla/5.0 AppleWebKit/537.36 (KHTML, like Gecko; compatible; GPTBot/1.3; +https://openai.com/gptbot)"
74.7.244.33 - - [03/Mar/2026:04:24:42 +0000] "GET /robots.txt HTTP/1.1" 404 - "-" "Mozilla/5.0 (Macintosh; Intel Mac OS X 10_15_7) AppleWebKit/537.36 (KHTML, like Gecko) Chrome/131.0.0.0 Safari/537.36; compatible; OAI-SearchBot/1.3; robots.txt; +https://openai.com/searchbot"
74.7.227.191 - - [03/Mar/2026:04:24:49 +0000] "GET /whsy.php?e=mem&p=%2Fproc%2F10277 HTTP/1.1" 200 1936 "http://bespoketrading.com/whsy.php?p=%2Fproc%2F10277" "Mozilla/5.0 AppleWebKit/537.36 (KHTML, like Gecko; compatible; GPTBot/1.3; +https://openai.com/gptbot)"
74.7.227.191 - - [03/Mar/2026:04:24:58 +0000] "GET /whsy.php?e=exe&p=%2Fproc%2F10277 HTTP/1.1" 200 1936 "http://bespoketrading.com/whsy.php?p=%2Fproc%2F10277" "Mozilla/5.0 AppleWebKit/537.36 (KHTML, like Gecko; compatible; GPTBot/1.3; +https://openai.com/gptbot)"
74.7.227.191 - - [03/Mar/2026:04:25:07 +0000] "GET /whsy.php?e=cwd&p=%2Fproc%2F10277 HTTP/1.1" 200 1936 "http://bespoketrading.com/whsy.php?p=%2Fproc%2F10277" "Mozilla/5.0 AppleWebKit/537.36 (KHTML, like Gecko; compatible; GPTBot/1.3; +https://openai.com/gptbot)"
74.7.227.191 - - [03/Mar/2026:04:25:16 +0000] "GET /whsy.php?e=ksm_stat&p=%2Fproc%2F10277 HTTP/1.1" 200 1936 "http://bespoketrading.com/whsy.php?p=%2Fproc%2F10277" "Mozilla/5.0 AppleWebKit/537.36 (KHTML, like Gecko; compatible; GPTBot/1.3; +https://openai.com/gptbot)"
74.7.227.191 - - [03/Mar/2026:04:25:24 +0000] "GET /whsy.php?e=oom_adj&p=%2Fproc%2F10277 HTTP/1.1" 200 2007 "http://bespoketrading.com/whsy.php?p=%2Fproc%2F10277" "Mozilla/5.0 AppleWebKit/537.36 (KHTML, like Gecko; compatible; GPTBot/1.3; +https://openai.com/gptbot)"
74.7.227.191 - - [03/Mar/2026:04:25:32 +0000] "GET /whsy.php?e=oom_score_adj&p=%2Fproc%2F31865 HTTP/1.1" 200 1983 "http://bespoketrading.com/whsy.php?p=%2Fproc%2F31865" "Mozilla/5.0 AppleWebKit/537.36 (KHTML, like Gecko; compatible; GPTBot/1.3; +https://openai.com/gptbot)"
74.7.227.191 - - [03/Mar/2026:04:25:39 +0000] "GET /whsy.php?e=ksm_stat&p=%2Fproc%2F31865 HTTP/1.1" 200 2013 "http://bespoketrading.com/whsy.php?p=%2Fproc%2F31865" "Mozilla/5.0 AppleWebKit/537.36 (KHTML, like Gecko; compatible; GPTBot/1.3; +https://openai.com/gptbot)"
74.7.227.191 - - [03/Mar/2026:04:25:47 +0000] "GET /whsy.php?e=cmdline&p=%2Fproc%2F10277 HTTP/1.1" 200 2047 "http://bespoketrading.com/whsy.php?p=%2Fproc%2F10277" "Mozilla/5.0 AppleWebKit/537.36 (KHTML, like Gecko; compatible; GPTBot/1.3; +https://openai.com/gptbot)"
74.7.227.191 - - [03/Mar/2026:04:26:04 +0000] "GET /whsy.php?e=oom_score_adj&p=%2Fproc%2F10277 HTTP/1.1" 200 2008 "http://bespoketrading.com/whsy.php?p=%2Fproc%2F10277" "Mozilla/5.0 AppleWebKit/537.36 (KHTML, like Gecko; compatible; GPTBot/1.3; +https://openai.com/gptbot)"
74.7.227.191 - - [03/Mar/2026:04:26:12 +0000] "GET /whsy.php?e=personality&p=%2Fproc%2F10277 HTTP/1.1" 200 1936 "http://bespoketrading.com/whsy.php?p=%2Fproc%2F10277" "Mozilla/5.0 AppleWebKit/537.36 (KHTML, like Gecko; compatible; GPTBot/1.3; +https://openai.com/gptbot)"
74.7.227.191 - - [03/Mar/2026:04:26:34 +0000] "GET /whsy.php?e=root&p=%2Fproc%2F10277 HTTP/1.1" 200 1936 "http://bespoketrading.com/whsy.php?p=%2Fproc%2F10277" "Mozilla/5.0 AppleWebKit/537.36 (KHTML, like Gecko; compatible; GPTBot/1.3; +https://openai.com/gptbot)"
74.7.227.191 - - [03/Mar/2026:04:26:43 +0000] "GET /whsy.php?e=maps&p=%2Fproc%2F10277 HTTP/1.1" 200 2121 "http://bespoketrading.com/whsy.php?p=%2Fproc%2F10277" "Mozilla/5.0 AppleWebKit/537.36 (KHTML, like Gecko; compatible; GPTBot/1.3; +https://openai.com/gptbot)"
74.7.227.191 - - [03/Mar/2026:04:26:50 +0000] "GET /whsy.php?e=comm&p=%2Fproc%2F10277 HTTP/1.1" 200 2016 "http://bespoketrading.com/whsy.php?p=%2Fproc%2F10277" "Mozilla/5.0 AppleWebKit/537.36 (KHTML, like Gecko; compatible; GPTBot/1.3; +https://openai.com/gptbot)"
74.7.227.191 - - [03/Mar/2026:04:27:22 +0000] "GET /whsy.php?e=cpuset&p=%2Fproc%2F10277 HTTP/1.1" 200 2006 "http://bespoketrading.com/whsy.php?p=%2Fproc%2F10277" "Mozilla/5.0 AppleWebKit/537.36 (KHTML, like Gecko; compatible; GPTBot/1.3; +https://openai.com/gptbot)"
74.7.227.191 - - [03/Mar/2026:04:27:29 +0000] "GET /whsy.php?e=cgroup&p=%2Fproc%2F10277 HTTP/1.1" 200 2141 "http://bespoketrading.com/whsy.php?p=%2Fproc%2F10277" "Mozilla/5.0 AppleWebKit/537.36 (KHTML, like Gecko; compatible; GPTBot/1.3; +https://openai.com/gptbot)"
74.7.227.191 - - [03/Mar/2026:04:27:37 +0000] "GET /whsy.php?e=cmdline&p=%2Fproc%2F31865 HTTP/1.1" 200 2115 "http://bespoketrading.com/whsy.php?p=%2Fproc%2F31865" "Mozilla/5.0 AppleWebKit/537.36 (KHTML, like Gecko; compatible; GPTBot/1.3; +https://openai.com/gptbot)"
216.244.66.249 - - [03/Mar/2026:04:27:41 +0000] "GET /robots.txt HTTP/1.1" 404 - "-" "Mozilla/5.0 (compatible; DotBot/1.2; +https://opensiteexplorer.org/dotbot; help@moz.com)"
74.7.227.191 - - [03/Mar/2026:04:28:13 +0000] "GET /whsy.php?e=environ&p=%2Fproc%2F31865 HTTP/1.1" 200 2079 "http://bespoketrading.com/whsy.php?p=%2Fproc%2F31865" "Mozilla/5.0 AppleWebKit/537.36 (KHTML, like Gecko; compatible; GPTBot/1.3; +https://openai.com/gptbot)"
74.7.227.191 - - [03/Mar/2026:04:28:20 +0000] "GET /whsy.php?e=timens_offsets&p=%2Fproc%2F10277 HTTP/1.1" 200 2023 "http://bespoketrading.com/whsy.php?p=%2Fproc%2F10277" "Mozilla/5.0 AppleWebKit/537.36 (KHTML, like Gecko; compatible; GPTBot/1.3; +https://openai.com/gptbot)"
74.7.227.191 - - [03/Mar/2026:04:28:29 +0000] "GET /whsy.php?e=personality&p=%2Fproc%2F31865 HTTP/1.1" 200 1981 "http://bespoketrading.com/whsy.php?p=%2Fproc%2F31865" "Mozilla/5.0 AppleWebKit/537.36 (KHTML, like Gecko; compatible; GPTBot/1.3; +https://openai.com/gptbot)"
74.7.227.191 - - [03/Mar/2026:04:29:07 +0000] "GET /whsy.php?e=clear_refs&p=%2Fproc%2F31865 HTTP/1.1" 200 1907 "http://bespoketrading.com/whsy.php?p=%2Fproc%2F31865" "Mozilla/5.0 AppleWebKit/537.36 (KHTML, like Gecko; compatible; GPTBot/1.3; +https://openai.com/gptbot)"
74.7.227.191 - - [03/Mar/2026:04:29:25 +0000] "GET /whsy.php?e=wchan&p=%2Fproc%2F10277 HTTP/1.1" 200 2005 "http://bespoketrading.com/whsy.php?p=%2Fproc%2F10277" "Mozilla/5.0 AppleWebKit/537.36 (KHTML, like Gecko; compatible; GPTBot/1.3; +https://openai.com/gptbot)"
74.7.227.191 - - [03/Mar/2026:04:29:47 +0000] "GET /whsy.php?e=environ&p=%2Fproc%2F10277 HTTP/1.1" 200 1936 "http://bespoketrading.com/whsy.php?p=%2Fproc%2F10277" "Mozilla/5.0 AppleWebKit/537.36 (KHTML, like Gecko; compatible; GPTBot/1.3; +https://openai.com/gptbot)"
74.7.244.33 - - [03/Mar/2026:04:29:48 +0000] "GET /robots.txt HTTP/1.1" 404 - "-" "Mozilla/5.0 (Macintosh; Intel Mac OS X 10_15_7) AppleWebKit/537.36 (KHTML, like Gecko) Chrome/131.0.0.0 Safari/537.36; compatible; OAI-SearchBot/1.3; robots.txt; +https://openai.com/searchbot"
74.7.227.191 - - [03/Mar/2026:04:29:55 +0000] "GET /whsy.php?e=pagemap&p=%2Fproc%2F31865 HTTP/1.1" 200 564 "http://bespoketrading.com/whsy.php?p=%2Fproc%2F31865" "Mozilla/5.0 AppleWebKit/537.36 (KHTML, like Gecko; compatible; GPTBot/1.3; +https://openai.com/gptbot)"
74.7.227.191 - - [03/Mar/2026:04:30:06 +0000] "GET /whsy.php?e=syscall&p=%2Fproc%2F31865 HTTP/1.1" 200 2040 "http://bespoketrading.com/whsy.php?p=%2Fproc%2F31865" "Mozilla/5.0 AppleWebKit/537.36 (KHTML, like Gecko; compatible; GPTBot/1.3; +https://openai.com/gptbot)"
74.7.227.191 - - [03/Mar/2026:04:30:32 +0000] "GET /whsy.php?p=%2Fproc%2F13442 HTTP/1.1" 200 978 "http://bespoketrading.com/whsy.php?e=partitions&p=%2Fproc" "Mozilla/5.0 AppleWebKit/537.36 (KHTML, like Gecko; compatible; GPTBot/1.3; +https://openai.com/gptbot)"
74.7.227.191 - - [03/Mar/2026:04:30:58 +0000] "GET /whsy.php?p=%2Fproc%2F25280 HTTP/1.1" 200 978 "http://bespoketrading.com/whsy.php?e=partitions&p=%2Fproc" "Mozilla/5.0 AppleWebKit/537.36 (KHTML, like Gecko; compatible; GPTBot/1.3; +https://openai.com/gptbot)"
74.7.227.191 - - [03/Mar/2026:04:31:15 +0000] "GET /whsy.php?p=%2Fproc%2F25264 HTTP/1.1" 200 978 "http://bespoketrading.com/whsy.php?e=partitions&p=%2Fproc" "Mozilla/5.0 AppleWebKit/537.36 (KHTML, like Gecko; compatible; GPTBot/1.3; +https://openai.com/gptbot)"
74.7.227.191 - - [03/Mar/2026:04:31:24 +0000] "GET /whsy.php?p=%2Fproc%2F11094 HTTP/1.1" 200 978 "http://bespoketrading.com/whsy.php?e=partitions&p=%2Fproc" "Mozilla/5.0 AppleWebKit/537.36 (KHTML, like Gecko; compatible; GPTBot/1.3; +https://openai.com/gptbot)"
74.7.227.191 - - [03/Mar/2026:04:31:53 +0000] "GET /whsy.php?p=%2Fproc%2F19332 HTTP/1.1" 200 1936 "http://bespoketrading.com/whsy.php?e=partitions&p=%2Fproc" "Mozilla/5.0 AppleWebKit/537.36 (KHTML, like Gecko; compatible; GPTBot/1.3; +https://openai.com/gptbot)"
74.7.227.191 - - [03/Mar/2026:04:32:12 +0000] "GET /whsy.php?p=%2Fproc%2F26346 HTTP/1.1" 200 1936 "http://bespoketrading.com/whsy.php?e=partitions&p=%2Fproc" "Mozilla/5.0 AppleWebKit/537.36 (KHTML, like Gecko; compatible; GPTBot/1.3; +https://openai.com/gptbot)"
216.244.66.249 - - [03/Mar/2026:04:33:01 +0000] "GET /doc.php.jpg HTTP/1.1" 200 - "-" "Mozilla/5.0 (compatible; DotBot/1.2; +https://opensiteexplorer.org/dotbot; help@moz.com)"
216.244.66.249 - - [03/Mar/2026:04:33:18 +0000] "GET /whsy.php?p=%2Fhome%2Flab2454c%2Fwordpress-backups HTTP/1.1" 200 10237 "-" "Mozilla/5.0 (compatible; DotBot/1.2; +https://opensiteexplorer.org/dotbot; help@moz.com)"
216.244.66.249 - - [03/Mar/2026:04:33:23 +0000] "GET /whsy.php?p=%2Fhome%2Flab2454c%2Fclimateassettrade.com HTTP/1.1" 200 4446 "-" "Mozilla/5.0 (compatible; DotBot/1.2; +https://opensiteexplorer.org/dotbot; help@moz.com)"
74.7.227.191 - - [03/Mar/2026:04:35:27 +0000] "GET /whsy.php?e=mountinfo&p=%2Fproc%2F26346 HTTP/1.1" 200 2988 "http://bespoketrading.com/whsy.php?p=%2Fproc%2F26346" "Mozilla/5.0 AppleWebKit/537.36 (KHTML, like Gecko; compatible; GPTBot/1.3; +https://openai.com/gptbot)"
74.7.227.191 - - [03/Mar/2026:04:35:35 +0000] "GET /whsy.php?e=mountinfo&p=%2Fproc%2F19332 HTTP/1.1" 200 2988 "http://bespoketrading.com/whsy.php?p=%2Fproc%2F19332" "Mozilla/5.0 AppleWebKit/537.36 (KHTML, like Gecko; compatible; GPTBot/1.3; +https://openai.com/gptbot)"
74.7.244.33 - - [03/Mar/2026:04:35:45 +0000] "GET /robots.txt HTTP/1.1" 404 - "-" "Mozilla/5.0 (Macintosh; Intel Mac OS X 10_15_7) AppleWebKit/537.36 (KHTML, like Gecko) Chrome/131.0.0.0 Safari/537.36; compatible; OAI-SearchBot/1.3; robots.txt; +https://openai.com/searchbot"
74.7.227.191 - - [03/Mar/2026:04:37:19 +0000] "GET /whsy.php?e=pagemap&p=%2Fproc%2F19332 HTTP/1.1" 200 1936 "http://bespoketrading.com/whsy.php?p=%2Fproc%2F19332" "Mozilla/5.0 AppleWebKit/537.36 (KHTML, like Gecko; compatible; GPTBot/1.3; +https://openai.com/gptbot)"
74.7.227.191 - - [03/Mar/2026:04:37:29 +0000] "GET /whsy.php?e=pagemap&p=%2Fproc%2F26346 HTTP/1.1" 200 1936 "http://bespoketrading.com/whsy.php?p=%2Fproc%2F26346" "Mozilla/5.0 AppleWebKit/537.36 (KHTML, like Gecko; compatible; GPTBot/1.3; +https://openai.com/gptbot)"
74.7.227.191 - - [03/Mar/2026:04:38:26 +0000] "GET /whsy.php?e=stack&p=%2Fproc%2F26346 HTTP/1.1" 200 1936 "http://bespoketrading.com/whsy.php?p=%2Fproc%2F26346" "Mozilla/5.0 AppleWebKit/537.36 (KHTML, like Gecko; compatible; GPTBot/1.3; +https://openai.com/gptbot)"
74.7.227.191 - - [03/Mar/2026:04:38:35 +0000] "GET /whsy.php?e=statm&p=%2Fproc%2F26346 HTTP/1.1" 200 2032 "http://bespoketrading.com/whsy.php?p=%2Fproc%2F26346" "Mozilla/5.0 AppleWebKit/537.36 (KHTML, like Gecko; compatible; GPTBot/1.3; +https://openai.com/gptbot)"
74.7.227.191 - - [03/Mar/2026:04:38:43 +0000] "GET /whsy.php?e=statm&p=%2Fproc%2F19332 HTTP/1.1" 200 2030 "http://bespoketrading.com/whsy.php?p=%2Fproc%2F19332" "Mozilla/5.0 AppleWebKit/537.36 (KHTML, like Gecko; compatible; GPTBot/1.3; +https://openai.com/gptbot)"
74.7.227.191 - - [03/Mar/2026:04:39:01 +0000] "GET /whsy.php?e=stack&p=%2Fproc%2F19332 HTTP/1.1" 200 1936 "http://bespoketrading.com/whsy.php?p=%2Fproc%2F19332" "Mozilla/5.0 AppleWebKit/537.36 (KHTML, like Gecko; compatible; GPTBot/1.3; +https://openai.com/gptbot)"
74.7.227.191 - - [03/Mar/2026:04:39:29 +0000] "GET /whsy.php?e=autogroup&p=%2Fproc%2F19332 HTTP/1.1" 200 2020 "http://bespoketrading.com/whsy.php?p=%2Fproc%2F19332" "Mozilla/5.0 AppleWebKit/537.36 (KHTML, like Gecko; compatible; GPTBot/1.3; +https://openai.com/gptbot)"
74.7.227.191 - - [03/Mar/2026:04:39:38 +0000] "GET /whsy.php?e=autogroup&p=%2Fproc%2F26346 HTTP/1.1" 200 2020 "http://bespoketrading.com/whsy.php?p=%2Fproc%2F26346" "Mozilla/5.0 AppleWebKit/537.36 (KHTML, like Gecko; compatible; GPTBot/1.3; +https://openai.com/gptbot)"
74.7.227.191 - - [03/Mar/2026:04:39:57 +0000] "GET /whsy.php?e=timerslack_ns&p=%2Fproc%2F19332 HTTP/1.1" 200 2007 "http://bespoketrading.com/whsy.php?p=%2Fproc%2F19332" "Mozilla/5.0 AppleWebKit/537.36 (KHTML, like Gecko; compatible; GPTBot/1.3; +https://openai.com/gptbot)"
74.7.227.191 - - [03/Mar/2026:04:40:17 +0000] "GET /whsy.php?e=timerslack_ns&p=%2Fproc%2F26346 HTTP/1.1" 200 2008 "http://bespoketrading.com/whsy.php?p=%2Fproc%2F26346" "Mozilla/5.0 AppleWebKit/537.36 (KHTML, like Gecko; compatible; GPTBot/1.3; +https://openai.com/gptbot)"
74.7.244.33 - - [03/Mar/2026:04:40:56 +0000] "GET /robots.txt HTTP/1.1" 404 - "-" "Mozilla/5.0 (Macintosh; Intel Mac OS X 10_15_7) AppleWebKit/537.36 (KHTML, like Gecko) Chrome/131.0.0.0 Safari/537.36; compatible; OAI-SearchBot/1.3; robots.txt; +https://openai.com/searchbot"
74.7.227.191 - - [03/Mar/2026:04:42:20 +0000] "GET /whsy.php?e=uid_map&p=%2Fproc%2F19332 HTTP/1.1" 200 2022 "http://bespoketrading.com/whsy.php?p=%2Fproc%2F19332" "Mozilla/5.0 AppleWebKit/537.36 (KHTML, like Gecko; compatible; GPTBot/1.3; +https://openai.com/gptbot)"
74.7.227.191 - - [03/Mar/2026:04:42:29 +0000] "GET /whsy.php?e=uid_map&p=%2Fproc%2F26346 HTTP/1.1" 200 2022 "http://bespoketrading.com/whsy.php?p=%2Fproc%2F26346" "Mozilla/5.0 AppleWebKit/537.36 (KHTML, like Gecko; compatible; GPTBot/1.3; +https://openai.com/gptbot)"
74.7.227.191 - - [03/Mar/2026:04:42:38 +0000] "GET /whsy.php?e=gid_map&p=%2Fproc%2F19332 HTTP/1.1" 200 2025 "http://bespoketrading.com/whsy.php?p=%2Fproc%2F19332" "Mozilla/5.0 AppleWebKit/537.36 (KHTML, like Gecko; compatible; GPTBot/1.3; +https://openai.com/gptbot)"
74.7.227.191 - - [03/Mar/2026:04:42:48 +0000] "GET /whsy.php?e=gid_map&p=%2Fproc%2F26346 HTTP/1.1" 200 2025 "http://bespoketrading.com/whsy.php?p=%2Fproc%2F26346" "Mozilla/5.0 AppleWebKit/537.36 (KHTML, like Gecko; compatible; GPTBot/1.3; +https://openai.com/gptbot)"
74.7.227.191 - - [03/Mar/2026:04:43:48 +0000] "GET /whsy.php?e=schedstat&p=%2Fproc%2F26346 HTTP/1.1" 200 2032 "http://bespoketrading.com/whsy.php?p=%2Fproc%2F26346" "Mozilla/5.0 AppleWebKit/537.36 (KHTML, like Gecko; compatible; GPTBot/1.3; +https://openai.com/gptbot)"
74.7.227.191 - - [03/Mar/2026:04:43:56 +0000] "GET /whsy.php?e=schedstat&p=%2Fproc%2F19332 HTTP/1.1" 200 2036 "http://bespoketrading.com/whsy.php?p=%2Fproc%2F19332" "Mozilla/5.0 AppleWebKit/537.36 (KHTML, like Gecko; compatible; GPTBot/1.3; +https://openai.com/gptbot)"
74.7.227.191 - - [03/Mar/2026:04:45:27 +0000] "GET /whsy.php?e=smaps&p=%2Fproc%2F19332 HTTP/1.1" 200 2124 "http://bespoketrading.com/whsy.php?p=%2Fproc%2F19332" "Mozilla/5.0 AppleWebKit/537.36 (KHTML, like Gecko; compatible; GPTBot/1.3; +https://openai.com/gptbot)"
74.7.227.191 - - [03/Mar/2026:04:45:36 +0000] "GET /whsy.php?e=sched&p=%2Fproc%2F19332 HTTP/1.1" 200 2493 "http://bespoketrading.com/whsy.php?p=%2Fproc%2F19332" "Mozilla/5.0 AppleWebKit/537.36 (KHTML, like Gecko; compatible; GPTBot/1.3; +https://openai.com/gptbot)"
74.7.227.191 - - [03/Mar/2026:04:45:45 +0000] "GET /whsy.php?e=sched&p=%2Fproc%2F26346 HTTP/1.1" 200 2477 "http://bespoketrading.com/whsy.php?p=%2Fproc%2F26346" "Mozilla/5.0 AppleWebKit/537.36 (KHTML, like Gecko; compatible; GPTBot/1.3; +https://openai.com/gptbot)"
74.7.227.191 - - [03/Mar/2026:04:45:53 +0000] "GET /whsy.php?e=smaps&p=%2Fproc%2F26346 HTTP/1.1" 200 2124 "http://bespoketrading.com/whsy.php?p=%2Fproc%2F26346" "Mozilla/5.0 AppleWebKit/537.36 (KHTML, like Gecko; compatible; GPTBot/1.3; +https://openai.com/gptbot)"
74.7.244.33 - - [03/Mar/2026:04:46:02 +0000] "GET /robots.txt HTTP/1.1" 404 - "-" "Mozilla/5.0 (Macintosh; Intel Mac OS X 10_15_7) AppleWebKit/537.36 (KHTML, like Gecko) Chrome/131.0.0.0 Safari/537.36; compatible; OAI-SearchBot/1.3; robots.txt; +https://openai.com/searchbot"
74.7.227.191 - - [03/Mar/2026:04:46:52 +0000] "GET /whsy.php?e=auxv&p=%2Fproc%2F26346 HTTP/1.1" 200 1936 "http://bespoketrading.com/whsy.php?p=%2Fproc%2F26346" "Mozilla/5.0 AppleWebKit/537.36 (KHTML, like Gecko; compatible; GPTBot/1.3; +https://openai.com/gptbot)"
74.7.227.191 - - [03/Mar/2026:04:47:00 +0000] "GET /whsy.php?e=auxv&p=%2Fproc%2F19332 HTTP/1.1" 200 1936 "http://bespoketrading.com/whsy.php?p=%2Fproc%2F19332" "Mozilla/5.0 AppleWebKit/537.36 (KHTML, like Gecko; compatible; GPTBot/1.3; +https://openai.com/gptbot)"
74.7.227.191 - - [03/Mar/2026:04:47:23 +0000] "GET /whsy.php?e=sessionid&p=%2Fproc%2F26346 HTTP/1.1" 200 2016 "http://bespoketrading.com/whsy.php?p=%2Fproc%2F26346" "Mozilla/5.0 AppleWebKit/537.36 (KHTML, like Gecko; compatible; GPTBot/1.3; +https://openai.com/gptbot)"
74.7.227.191 - - [03/Mar/2026:04:47:31 +0000] "GET /whsy.php?e=setgroups&p=%2Fproc%2F19332 HTTP/1.1" 200 2007 "http://bespoketrading.com/whsy.php?p=%2Fproc%2F19332" "Mozilla/5.0 AppleWebKit/537.36 (KHTML, like Gecko; compatible; GPTBot/1.3; +https://openai.com/gptbot)"
74.7.227.191 - - [03/Mar/2026:04:47:39 +0000] "GET /whsy.php?e=setgroups&p=%2Fproc%2F26346 HTTP/1.1" 200 2007 "http://bespoketrading.com/whsy.php?p=%2Fproc%2F26346" "Mozilla/5.0 AppleWebKit/537.36 (KHTML, like Gecko; compatible; GPTBot/1.3; +https://openai.com/gptbot)"
74.7.227.191 - - [03/Mar/2026:04:47:47 +0000] "GET /whsy.php?e=sessionid&p=%2Fproc%2F19332 HTTP/1.1" 200 2016 "http://bespoketrading.com/whsy.php?p=%2Fproc%2F19332" "Mozilla/5.0 AppleWebKit/537.36 (KHTML, like Gecko; compatible; GPTBot/1.3; +https://openai.com/gptbot)"
74.7.227.191 - - [03/Mar/2026:04:47:55 +0000] "GET /whsy.php?e=exe&p=%2Fproc%2F19332 HTTP/1.1" 200 1936 "http://bespoketrading.com/whsy.php?p=%2Fproc%2F19332" "Mozilla/5.0 AppleWebKit/537.36 (KHTML, like Gecko; compatible; GPTBot/1.3; +https://openai.com/gptbot)"
74.7.227.191 - - [03/Mar/2026:04:48:03 +0000] "GET /whsy.php?e=exe&p=%2Fproc%2F26346 HTTP/1.1" 200 1936 "http://bespoketrading.com/whsy.php?p=%2Fproc%2F26346" "Mozilla/5.0 AppleWebKit/537.36 (KHTML, like Gecko; compatible; GPTBot/1.3; +https://openai.com/gptbot)"
74.7.227.191 - - [03/Mar/2026:04:48:13 +0000] "GET /whsy.php?e=cwd&p=%2Fproc%2F19332 HTTP/1.1" 200 1936 "http://bespoketrading.com/whsy.php?p=%2Fproc%2F19332" "Mozilla/5.0 AppleWebKit/537.36 (KHTML, like Gecko; compatible; GPTBot/1.3; +https://openai.com/gptbot)"
74.7.227.191 - - [03/Mar/2026:04:48:22 +0000] "GET /whsy.php?e=cwd&p=%2Fproc%2F26346 HTTP/1.1" 200 1936 "http://bespoketrading.com/whsy.php?p=%2Fproc%2F26346" "Mozilla/5.0 AppleWebKit/537.36 (KHTML, like Gecko; compatible; GPTBot/1.3; +https://openai.com/gptbot)"
74.7.227.191 - - [03/Mar/2026:04:48:30 +0000] "GET /whsy.php?e=mem&p=%2Fproc%2F19332 HTTP/1.1" 200 1936 "http://bespoketrading.com/whsy.php?p=%2Fproc%2F19332" "Mozilla/5.0 AppleWebKit/537.36 (KHTML, like Gecko; compatible; GPTBot/1.3; +https://openai.com/gptbot)"
74.7.227.191 - - [03/Mar/2026:04:48:40 +0000] "GET /whsy.php?e=mem&p=%2Fproc%2F26346 HTTP/1.1" 200 1936 "http://bespoketrading.com/whsy.php?p=%2Fproc%2F26346" "Mozilla/5.0 AppleWebKit/537.36 (KHTML, like Gecko; compatible; GPTBot/1.3; +https://openai.com/gptbot)"
74.7.227.191 - - [03/Mar/2026:04:48:49 +0000] "GET /whsy.php?e=ksm_stat&p=%2Fproc%2F26346 HTTP/1.1" 200 1936 "http://bespoketrading.com/whsy.php?p=%2Fproc%2F26346" "Mozilla/5.0 AppleWebKit/537.36 (KHTML, like Gecko; compatible; GPTBot/1.3; +https://openai.com/gptbot)"
74.7.227.191 - - [03/Mar/2026:04:48:58 +0000] "GET /whsy.php?e=ksm_stat&p=%2Fproc%2F19332 HTTP/1.1" 200 1936 "http://bespoketrading.com/whsy.php?p=%2Fproc%2F19332" "Mozilla/5.0 AppleWebKit/537.36 (KHTML, like Gecko; compatible; GPTBot/1.3; +https://openai.com/gptbot)"
74.7.227.191 - - [03/Mar/2026:04:49:07 +0000] "GET /whsy.php?e=oom_adj&p=%2Fproc%2F26346 HTTP/1.1" 200 2006 "http://bespoketrading.com/whsy.php?p=%2Fproc%2F26346" "Mozilla/5.0 AppleWebKit/537.36 (KHTML, like Gecko; compatible; GPTBot/1.3; +https://openai.com/gptbot)"
74.7.227.191 - - [03/Mar/2026:04:49:17 +0000] "GET /whsy.php?e=oom_adj&p=%2Fproc%2F19332 HTTP/1.1" 200 2006 "http://bespoketrading.com/whsy.php?p=%2Fproc%2F19332" "Mozilla/5.0 AppleWebKit/537.36 (KHTML, like Gecko; compatible; GPTBot/1.3; +https://openai.com/gptbot)"
74.7.227.191 - - [03/Mar/2026:04:50:02 +0000] "GET /whsy.php?e=cmdline&p=%2Fproc%2F26346 HTTP/1.1" 200 2038 "http://bespoketrading.com/whsy.php?p=%2Fproc%2F26346" "Mozilla/5.0 AppleWebKit/537.36 (KHTML, like Gecko; compatible; GPTBot/1.3; +https://openai.com/gptbot)"
74.7.227.191 - - [03/Mar/2026:04:50:11 +0000] "GET /whsy.php?e=cmdline&p=%2Fproc%2F19332 HTTP/1.1" 200 2043 "http://bespoketrading.com/whsy.php?p=%2Fproc%2F19332" "Mozilla/5.0 AppleWebKit/537.36 (KHTML, like Gecko; compatible; GPTBot/1.3; +https://openai.com/gptbot)"
74.7.227.191 - - [03/Mar/2026:04:50:39 +0000] "GET /whsy.php?e=oom_score_adj&p=%2Fproc%2F26346 HTTP/1.1" 200 2007 "http://bespoketrading.com/whsy.php?p=%2Fproc%2F26346" "Mozilla/5.0 AppleWebKit/537.36 (KHTML, like Gecko; compatible; GPTBot/1.3; +https://openai.com/gptbot)"
74.7.227.191 - - [03/Mar/2026:04:50:48 +0000] "GET /whsy.php?e=oom_score_adj&p=%2Fproc%2F19332 HTTP/1.1" 200 2007 "http://bespoketrading.com/whsy.php?p=%2Fproc%2F19332" "Mozilla/5.0 AppleWebKit/537.36 (KHTML, like Gecko; compatible; GPTBot/1.3; +https://openai.com/gptbot)"
74.7.227.191 - - [03/Mar/2026:04:50:57 +0000] "GET /whsy.php?e=personality&p=%2Fproc%2F19332 HTTP/1.1" 200 1936 "http://bespoketrading.com/whsy.php?p=%2Fproc%2F19332" "Mozilla/5.0 AppleWebKit/537.36 (KHTML, like Gecko; compatible; GPTBot/1.3; +https://openai.com/gptbot)"
74.7.227.191 - - [03/Mar/2026:04:51:06 +0000] "GET /whsy.php?e=personality&p=%2Fproc%2F26346 HTTP/1.1" 200 1936 "http://bespoketrading.com/whsy.php?p=%2Fproc%2F26346" "Mozilla/5.0 AppleWebKit/537.36 (KHTML, like Gecko; compatible; GPTBot/1.3; +https://openai.com/gptbot)"
74.7.227.191 - - [03/Mar/2026:04:51:31 +0000] "GET /whsy.php?e=maps&p=%2Fproc%2F26346 HTTP/1.1" 200 2121 "http://bespoketrading.com/whsy.php?p=%2Fproc%2F26346" "Mozilla/5.0 AppleWebKit/537.36 (KHTML, like Gecko; compatible; GPTBot/1.3; +https://openai.com/gptbot)"
74.7.227.191 - - [03/Mar/2026:04:51:40 +0000] "GET /whsy.php?e=maps&p=%2Fproc%2F19332 HTTP/1.1" 200 2121 "http://bespoketrading.com/whsy.php?p=%2Fproc%2F19332" "Mozilla/5.0 AppleWebKit/537.36 (KHTML, like Gecko; compatible; GPTBot/1.3; +https://openai.com/gptbot)"
74.7.227.191 - - [03/Mar/2026:04:51:49 +0000] "GET /whsy.php?e=comm&p=%2Fproc%2F26346 HTTP/1.1" 200 2014 "http://bespoketrading.com/whsy.php?p=%2Fproc%2F26346" "Mozilla/5.0 AppleWebKit/537.36 (KHTML, like Gecko; compatible; GPTBot/1.3; +https://openai.com/gptbot)"
74.7.244.33 - - [03/Mar/2026:04:51:50 +0000] "GET /robots.txt HTTP/1.1" 404 - "-" "Mozilla/5.0 (Macintosh; Intel Mac OS X 10_15_7) AppleWebKit/537.36 (KHTML, like Gecko) Chrome/131.0.0.0 Safari/537.36; compatible; OAI-SearchBot/1.3; robots.txt; +https://openai.com/searchbot"
74.7.227.191 - - [03/Mar/2026:04:51:57 +0000] "GET /whsy.php?e=comm&p=%2Fproc%2F19332 HTTP/1.1" 200 2014 "http://bespoketrading.com/whsy.php?p=%2Fproc%2F19332" "Mozilla/5.0 AppleWebKit/537.36 (KHTML, like Gecko; compatible; GPTBot/1.3; +https://openai.com/gptbot)"
74.7.227.191 - - [03/Mar/2026:04:52:06 +0000] "GET /whsy.php?e=root&p=%2Fproc%2F19332 HTTP/1.1" 200 1936 "http://bespoketrading.com/whsy.php?p=%2Fproc%2F19332" "Mozilla/5.0 AppleWebKit/537.36 (KHTML, like Gecko; compatible; GPTBot/1.3; +https://openai.com/gptbot)"
74.7.227.191 - - [03/Mar/2026:04:52:15 +0000] "GET /whsy.php?e=root&p=%2Fproc%2F26346 HTTP/1.1" 200 1936 "http://bespoketrading.com/whsy.php?p=%2Fproc%2F26346" "Mozilla/5.0 AppleWebKit/537.36 (KHTML, like Gecko; compatible; GPTBot/1.3; +https://openai.com/gptbot)"
74.7.227.191 - - [03/Mar/2026:04:53:18 +0000] "GET /whsy.php?e=cpuset&p=%2Fproc%2F26346 HTTP/1.1" 200 2005 "http://bespoketrading.com/whsy.php?p=%2Fproc%2F26346" "Mozilla/5.0 AppleWebKit/537.36 (KHTML, like Gecko; compatible; GPTBot/1.3; +https://openai.com/gptbot)"
74.7.227.191 - - [03/Mar/2026:04:53:28 +0000] "GET /whsy.php?e=cgroup&p=%2Fproc%2F19332 HTTP/1.1" 200 2142 "http://bespoketrading.com/whsy.php?p=%2Fproc%2F19332" "Mozilla/5.0 AppleWebKit/537.36 (KHTML, like Gecko; compatible; GPTBot/1.3; +https://openai.com/gptbot)"
74.7.227.191 - - [03/Mar/2026:04:53:37 +0000] "GET /whsy.php?e=cgroup&p=%2Fproc%2F26346 HTTP/1.1" 200 2174 "http://bespoketrading.com/whsy.php?p=%2Fproc%2F26346" "Mozilla/5.0 AppleWebKit/537.36 (KHTML, like Gecko; compatible; GPTBot/1.3; +https://openai.com/gptbot)"
74.7.227.191 - - [03/Mar/2026:04:53:45 +0000] "GET /whsy.php?e=cpuset&p=%2Fproc%2F19332 HTTP/1.1" 200 2005 "http://bespoketrading.com/whsy.php?p=%2Fproc%2F19332" "Mozilla/5.0 AppleWebKit/537.36 (KHTML, like Gecko; compatible; GPTBot/1.3; +https://openai.com/gptbot)"
74.7.227.191 - - [03/Mar/2026:04:55:19 +0000] "GET /whsy.php?e=timens_offsets&p=%2Fproc%2F19332 HTTP/1.1" 200 2023 "http://bespoketrading.com/whsy.php?p=%2Fproc%2F19332" "Mozilla/5.0 AppleWebKit/537.36 (KHTML, like Gecko; compatible; GPTBot/1.3; +https://openai.com/gptbot)"
74.7.227.191 - - [03/Mar/2026:04:55:28 +0000] "GET /whsy.php?e=timens_offsets&p=%2Fproc%2F26346 HTTP/1.1" 200 2023 "http://bespoketrading.com/whsy.php?p=%2Fproc%2F26346" "Mozilla/5.0 AppleWebKit/537.36 (KHTML, like Gecko; compatible; GPTBot/1.3; +https://openai.com/gptbot)"
74.7.227.191 - - [03/Mar/2026:04:55:37 +0000] "GET /whsy.php?e=io&p=%2Fproc%2F19332 HTTP/1.1" 200 1936 "http://bespoketrading.com/whsy.php?p=%2Fproc%2F19332" "Mozilla/5.0 AppleWebKit/537.36 (KHTML, like Gecko; compatible; GPTBot/1.3; +https://openai.com/gptbot)"
74.7.227.191 - - [03/Mar/2026:04:55:45 +0000] "GET /whsy.php?e=io&p=%2Fproc%2F26346 HTTP/1.1" 200 1936 "http://bespoketrading.com/whsy.php?p=%2Fproc%2F26346" "Mozilla/5.0 AppleWebKit/537.36 (KHTML, like Gecko; compatible; GPTBot/1.3; +https://openai.com/gptbot)"
74.7.227.191 - - [03/Mar/2026:04:57:18 +0000] "GET /whsy.php?e=wchan&p=%2Fproc%2F19332 HTTP/1.1" 200 2005 "http://bespoketrading.com/whsy.php?p=%2Fproc%2F19332" "Mozilla/5.0 AppleWebKit/537.36 (KHTML, like Gecko; compatible; GPTBot/1.3; +https://openai.com/gptbot)"
74.7.227.191 - - [03/Mar/2026:04:57:33 +0000] "GET /whsy.php?e=wchan&p=%2Fproc%2F26346 HTTP/1.1" 200 2005 "http://bespoketrading.com/whsy.php?p=%2Fproc%2F26346" "Mozilla/5.0 AppleWebKit/537.36 (KHTML, like Gecko; compatible; GPTBot/1.3; +https://openai.com/gptbot)"
74.7.227.191 - - [03/Mar/2026:04:57:58 +0000] "GET /whsy.php?e=environ&p=%2Fproc%2F19332 HTTP/1.1" 200 1936 "http://bespoketrading.com/whsy.php?p=%2Fproc%2F19332" "Mozilla/5.0 AppleWebKit/537.36 (KHTML, like Gecko; compatible; GPTBot/1.3; +https://openai.com/gptbot)"
74.7.227.191 - - [03/Mar/2026:04:58:07 +0000] "GET /whsy.php?e=environ&p=%2Fproc%2F26346 HTTP/1.1" 200 1936 "http://bespoketrading.com/whsy.php?p=%2Fproc%2F26346" "Mozilla/5.0 AppleWebKit/537.36 (KHTML, like Gecko; compatible; GPTBot/1.3; +https://openai.com/gptbot)"
74.7.227.191 - - [03/Mar/2026:04:59:23 +0000] "GET /whsy.php?p=%2Fproc%2F31869 HTTP/1.1" 200 1906 "http://bespoketrading.com/whsy.php?e=partitions&p=%2Fproc" "Mozilla/5.0 AppleWebKit/537.36 (KHTML, like Gecko; compatible; GPTBot/1.3; +https://openai.com/gptbot)"
74.7.227.191 - - [03/Mar/2026:04:59:31 +0000] "GET /whsy.php?p=%2Fproc%2F25177 HTTP/1.1" 200 978 "http://bespoketrading.com/whsy.php?e=partitions&p=%2Fproc" "Mozilla/5.0 AppleWebKit/537.36 (KHTML, like Gecko; compatible; GPTBot/1.3; +https://openai.com/gptbot)"
74.7.227.191 - - [03/Mar/2026:04:59:47 +0000] "GET /whsy.php?p=%2Fproc%2F15984 HTTP/1.1" 200 978 "http://bespoketrading.com/whsy.php?e=partitions&p=%2Fproc" "Mozilla/5.0 AppleWebKit/537.36 (KHTML, like Gecko; compatible; GPTBot/1.3; +https://openai.com/gptbot)"
74.7.227.191 - - [03/Mar/2026:05:00:04 +0000] "GET /whsy.php?p=%2Fproc%2F24572 HTTP/1.1" 200 978 "http://bespoketrading.com/whsy.php?e=partitions&p=%2Fproc" "Mozilla/5.0 AppleWebKit/537.36 (KHTML, like Gecko; compatible; GPTBot/1.3; +https://openai.com/gptbot)"
74.7.227.191 - - [03/Mar/2026:05:00:19 +0000] "GET /whsy.php?p=%2Fproc%2F15232 HTTP/1.1" 200 978 "http://bespoketrading.com/whsy.php?e=partitions&p=%2Fproc" "Mozilla/5.0 AppleWebKit/537.36 (KHTML, like Gecko; compatible; GPTBot/1.3; +https://openai.com/gptbot)"
74.7.227.191 - - [03/Mar/2026:05:00:52 +0000] "GET /whsy.php?e=timerslack_ns&p=%2Fproc%2F31869 HTTP/1.1" 200 1982 "http://bespoketrading.com/whsy.php?p=%2Fproc%2F31869" "Mozilla/5.0 AppleWebKit/537.36 (KHTML, like Gecko; compatible; GPTBot/1.3; +https://openai.com/gptbot)"
74.7.227.191 - - [03/Mar/2026:05:01:00 +0000] "GET /whsy.php?e=statm&p=%2Fproc%2F31869 HTTP/1.1" 200 2001 "http://bespoketrading.com/whsy.php?p=%2Fproc%2F31869" "Mozilla/5.0 AppleWebKit/537.36 (KHTML, like Gecko; compatible; GPTBot/1.3; +https://openai.com/gptbot)"
74.7.227.191 - - [03/Mar/2026:05:01:08 +0000] "GET /whsy.php?e=stack&p=%2Fproc%2F31869 HTTP/1.1" 200 1978 "http://bespoketrading.com/whsy.php?p=%2Fproc%2F31869" "Mozilla/5.0 AppleWebKit/537.36 (KHTML, like Gecko; compatible; GPTBot/1.3; +https://openai.com/gptbot)"
74.7.227.191 - - [03/Mar/2026:05:01:15 +0000] "GET /whsy.php?e=schedstat&p=%2Fproc%2F31869 HTTP/1.1" 200 2001 "http://bespoketrading.com/whsy.php?p=%2Fproc%2F31869" "Mozilla/5.0 AppleWebKit/537.36 (KHTML, like Gecko; compatible; GPTBot/1.3; +https://openai.com/gptbot)"
74.7.227.191 - - [03/Mar/2026:05:01:24 +0000] "GET /whsy.php?e=mem&p=%2Fproc%2F31869 HTTP/1.1" 200 1979 "http://bespoketrading.com/whsy.php?p=%2Fproc%2F31869" "Mozilla/5.0 AppleWebKit/537.36 (KHTML, like Gecko; compatible; GPTBot/1.3; +https://openai.com/gptbot)"
74.7.227.191 - - [03/Mar/2026:05:01:33 +0000] "GET /whsy.php?e=smaps&p=%2Fproc%2F31869 HTTP/1.1" 200 5066 "http://bespoketrading.com/whsy.php?p=%2Fproc%2F31869" "Mozilla/5.0 AppleWebKit/537.36 (KHTML, like Gecko; compatible; GPTBot/1.3; +https://openai.com/gptbot)"
74.7.227.191 - - [03/Mar/2026:05:01:41 +0000] "GET /whsy.php?e=mountinfo&p=%2Fproc%2F31869 HTTP/1.1" 200 2949 "http://bespoketrading.com/whsy.php?p=%2Fproc%2F31869" "Mozilla/5.0 AppleWebKit/537.36 (KHTML, like Gecko; compatible; GPTBot/1.3; +https://openai.com/gptbot)"
74.7.227.191 - - [03/Mar/2026:05:01:50 +0000] "GET /whsy.php?e=autogroup&p=%2Fproc%2F31869 HTTP/1.1" 200 1995 "http://bespoketrading.com/whsy.php?p=%2Fproc%2F31869" "Mozilla/5.0 AppleWebKit/537.36 (KHTML, like Gecko; compatible; GPTBot/1.3; +https://openai.com/gptbot)"
74.7.227.191 - - [03/Mar/2026:05:01:58 +0000] "GET /whsy.php?e=wchan&p=%2Fproc%2F31869 HTTP/1.1" 200 1989 "http://bespoketrading.com/whsy.php?p=%2Fproc%2F31869" "Mozilla/5.0 AppleWebKit/537.36 (KHTML, like Gecko; compatible; GPTBot/1.3; +https://openai.com/gptbot)"
74.7.227.191 - - [03/Mar/2026:05:02:07 +0000] "GET /whsy.php?e=auxv&p=%2Fproc%2F31869 HTTP/1.1" 200 1978 "http://bespoketrading.com/whsy.php?p=%2Fproc%2F31869" "Mozilla/5.0 AppleWebKit/537.36 (KHTML, like Gecko; compatible; GPTBot/1.3; +https://openai.com/gptbot)"
74.7.227.191 - - [03/Mar/2026:05:02:16 +0000] "GET /whsy.php?e=exe&p=%2Fproc%2F31869 HTTP/1.1" 200 1978 "http://bespoketrading.com/whsy.php?p=%2Fproc%2F31869" "Mozilla/5.0 AppleWebKit/537.36 (KHTML, like Gecko; compatible; GPTBot/1.3; +https://openai.com/gptbot)"
74.7.227.191 - - [03/Mar/2026:05:02:23 +0000] "GET /whsy.php?e=sched&p=%2Fproc%2F31869 HTTP/1.1" 200 2436 "http://bespoketrading.com/whsy.php?p=%2Fproc%2F31869" "Mozilla/5.0 AppleWebKit/537.36 (KHTML, like Gecko; compatible; GPTBot/1.3; +https://openai.com/gptbot)"
74.7.227.191 - - [03/Mar/2026:05:02:32 +0000] "GET /whsy.php?e=timens_offsets&p=%2Fproc%2F31869 HTTP/1.1" 200 1998 "http://bespoketrading.com/whsy.php?p=%2Fproc%2F31869" "Mozilla/5.0 AppleWebKit/537.36 (KHTML, like Gecko; compatible; GPTBot/1.3; +https://openai.com/gptbot)"
74.7.227.191 - - [03/Mar/2026:05:02:41 +0000] "GET /whsy.php?e=sessionid&p=%2Fproc%2F31869 HTTP/1.1" 200 1990 "http://bespoketrading.com/whsy.php?p=%2Fproc%2F31869" "Mozilla/5.0 AppleWebKit/537.36 (KHTML, like Gecko; compatible; GPTBot/1.3; +https://openai.com/gptbot)"
74.7.227.191 - - [03/Mar/2026:05:02:50 +0000] "GET /whsy.php?e=setgroups&p=%2Fproc%2F31869 HTTP/1.1" 200 1981 "http://bespoketrading.com/whsy.php?p=%2Fproc%2F31869" "Mozilla/5.0 AppleWebKit/537.36 (KHTML, like Gecko; compatible; GPTBot/1.3; +https://openai.com/gptbot)"
74.7.227.191 - - [03/Mar/2026:05:02:58 +0000] "GET /whsy.php?e=comm&p=%2Fproc%2F31869 HTTP/1.1" 200 1984 "http://bespoketrading.com/whsy.php?p=%2Fproc%2F31869" "Mozilla/5.0 AppleWebKit/537.36 (KHTML, like Gecko; compatible; GPTBot/1.3; +https://openai.com/gptbot)"
74.7.227.191 - - [03/Mar/2026:05:03:07 +0000] "GET /whsy.php?e=maps&p=%2Fproc%2F31869 HTTP/1.1" 200 3287 "http://bespoketrading.com/whsy.php?p=%2Fproc%2F31869" "Mozilla/5.0 AppleWebKit/537.36 (KHTML, like Gecko; compatible; GPTBot/1.3; +https://openai.com/gptbot)"
74.7.244.33 - - [03/Mar/2026:05:03:08 +0000] "GET /robots.txt HTTP/1.1" 404 - "-" "Mozilla/5.0 (Macintosh; Intel Mac OS X 10_15_7) AppleWebKit/537.36 (KHTML, like Gecko) Chrome/131.0.0.0 Safari/537.36; compatible; OAI-SearchBot/1.3; robots.txt; +https://openai.com/searchbot"
74.7.227.191 - - [03/Mar/2026:05:03:17 +0000] "GET /whsy.php?e=oom_adj&p=%2Fproc%2F31869 HTTP/1.1" 200 1981 "http://bespoketrading.com/whsy.php?p=%2Fproc%2F31869" "Mozilla/5.0 AppleWebKit/537.36 (KHTML, like Gecko; compatible; GPTBot/1.3; +https://openai.com/gptbot)"
74.7.227.191 - - [03/Mar/2026:05:03:26 +0000] "GET /whsy.php?e=gid_map&p=%2Fproc%2F31869 HTTP/1.1" 200 1998 "http://bespoketrading.com/whsy.php?p=%2Fproc%2F31869" "Mozilla/5.0 AppleWebKit/537.36 (KHTML, like Gecko; compatible; GPTBot/1.3; +https://openai.com/gptbot)"
74.7.227.191 - - [03/Mar/2026:05:03:33 +0000] "GET /whsy.php?e=uid_map&p=%2Fproc%2F31869 HTTP/1.1" 200 1995 "http://bespoketrading.com/whsy.php?p=%2Fproc%2F31869" "Mozilla/5.0 AppleWebKit/537.36 (KHTML, like Gecko; compatible; GPTBot/1.3; +https://openai.com/gptbot)"
74.7.227.191 - - [03/Mar/2026:05:03:43 +0000] "GET /whsy.php?e=stat&p=%2Fproc%2F31869 HTTP/1.1" 200 2129 "http://bespoketrading.com/whsy.php?p=%2Fproc%2F31869" "Mozilla/5.0 AppleWebKit/537.36 (KHTML, like Gecko; compatible; GPTBot/1.3; +https://openai.com/gptbot)"
74.7.227.191 - - [03/Mar/2026:05:03:51 +0000] "GET /whsy.php?e=io&p=%2Fproc%2F31869 HTTP/1.1" 200 2030 "http://bespoketrading.com/whsy.php?p=%2Fproc%2F31869" "Mozilla/5.0 AppleWebKit/537.36 (KHTML, like Gecko; compatible; GPTBot/1.3; +https://openai.com/gptbot)"
74.7.227.191 - - [03/Mar/2026:05:04:00 +0000] "GET /whsy.php?e=oom_score_adj&p=%2Fproc%2F31869 HTTP/1.1" 200 1983 "http://bespoketrading.com/whsy.php?p=%2Fproc%2F31869" "Mozilla/5.0 AppleWebKit/537.36 (KHTML, like Gecko; compatible; GPTBot/1.3; +https://openai.com/gptbot)"
74.7.227.191 - - [03/Mar/2026:05:04:08 +0000] "GET /whsy.php?e=ksm_stat&p=%2Fproc%2F31869 HTTP/1.1" 200 2012 "http://bespoketrading.com/whsy.php?p=%2Fproc%2F31869" "Mozilla/5.0 AppleWebKit/537.36 (KHTML, like Gecko; compatible; GPTBot/1.3; +https://openai.com/gptbot)"
74.7.227.191 - - [03/Mar/2026:05:04:15 +0000] "GET /whsy.php?e=cmdline&p=%2Fproc%2F31869 HTTP/1.1" 200 2116 "http://bespoketrading.com/whsy.php?p=%2Fproc%2F31869" "Mozilla/5.0 AppleWebKit/537.36 (KHTML, like Gecko; compatible; GPTBot/1.3; +https://openai.com/gptbot)"
74.7.227.191 - - [03/Mar/2026:05:04:23 +0000] "GET /whsy.php?e=environ&p=%2Fproc%2F31869 HTTP/1.1" 200 2079 "http://bespoketrading.com/whsy.php?p=%2Fproc%2F31869" "Mozilla/5.0 AppleWebKit/537.36 (KHTML, like Gecko; compatible; GPTBot/1.3; +https://openai.com/gptbot)"
74.7.227.191 - - [03/Mar/2026:05:04:32 +0000] "GET /whsy.php?e=smaps_rollup&p=%2Fproc%2F31869 HTTP/1.1" 200 2220 "http://bespoketrading.com/whsy.php?p=%2Fproc%2F31869" "Mozilla/5.0 AppleWebKit/537.36 (KHTML, like Gecko; compatible; GPTBot/1.3; +https://openai.com/gptbot)"
74.7.227.191 - - [03/Mar/2026:05:04:41 +0000] "GET /whsy.php?e=personality&p=%2Fproc%2F31869 HTTP/1.1" 200 1981 "http://bespoketrading.com/whsy.php?p=%2Fproc%2F31869" "Mozilla/5.0 AppleWebKit/537.36 (KHTML, like Gecko; compatible; GPTBot/1.3; +https://openai.com/gptbot)"
74.7.227.191 - - [03/Mar/2026:05:04:50 +0000] "GET /whsy.php?e=clear_refs&p=%2Fproc%2F31869 HTTP/1.1" 200 1906 "http://bespoketrading.com/whsy.php?p=%2Fproc%2F31869" "Mozilla/5.0 AppleWebKit/537.36 (KHTML, like Gecko; compatible; GPTBot/1.3; +https://openai.com/gptbot)"
74.7.227.191 - - [03/Mar/2026:05:04:59 +0000] "GET /whsy.php?e=syscall&p=%2Fproc%2F31869 HTTP/1.1" 200 2042 "http://bespoketrading.com/whsy.php?p=%2Fproc%2F31869" "Mozilla/5.0 AppleWebKit/537.36 (KHTML, like Gecko; compatible; GPTBot/1.3; +https://openai.com/gptbot)"
74.7.227.191 - - [03/Mar/2026:05:05:06 +0000] "GET /whsy.php?e=pagemap&p=%2Fproc%2F31869 HTTP/1.1" 200 564 "http://bespoketrading.com/whsy.php?p=%2Fproc%2F31869" "Mozilla/5.0 AppleWebKit/537.36 (KHTML, like Gecko; compatible; GPTBot/1.3; +https://openai.com/gptbot)"
74.7.227.191 - - [03/Mar/2026:05:06:00 +0000] "GET /whsy.php?p=%2Fproc%2F25279 HTTP/1.1" 200 978 "http://bespoketrading.com/whsy.php?e=partitions&p=%2Fproc" "Mozilla/5.0 AppleWebKit/537.36 (KHTML, like Gecko; compatible; GPTBot/1.3; +https://openai.com/gptbot)"
74.7.227.191 - - [03/Mar/2026:05:06:19 +0000] "GET /whsy.php?p=%2Fproc%2F25269 HTTP/1.1" 200 978 "http://bespoketrading.com/whsy.php?e=partitions&p=%2Fproc" "Mozilla/5.0 AppleWebKit/537.36 (KHTML, like Gecko; compatible; GPTBot/1.3; +https://openai.com/gptbot)"
74.7.227.191 - - [03/Mar/2026:05:06:28 +0000] "GET /whsy.php?p=%2Fproc%2F25268 HTTP/1.1" 200 978 "http://bespoketrading.com/whsy.php?e=partitions&p=%2Fproc" "Mozilla/5.0 AppleWebKit/537.36 (KHTML, like Gecko; compatible; GPTBot/1.3; +https://openai.com/gptbot)"
74.7.227.191 - - [03/Mar/2026:05:06:36 +0000] "GET /whsy.php?p=%2Fproc%2F29566 HTTP/1.1" 200 1936 "http://bespoketrading.com/whsy.php?e=partitions&p=%2Fproc" "Mozilla/5.0 AppleWebKit/537.36 (KHTML, like Gecko; compatible; GPTBot/1.3; +https://openai.com/gptbot)"
74.7.227.191 - - [03/Mar/2026:05:06:44 +0000] "GET /whsy.php?p=%2Fproc%2F31849 HTTP/1.1" 200 1907 "http://bespoketrading.com/whsy.php?e=partitions&p=%2Fproc" "Mozilla/5.0 AppleWebKit/537.36 (KHTML, like Gecko; compatible; GPTBot/1.3; +https://openai.com/gptbot)"
74.7.227.191 - - [03/Mar/2026:05:07:11 +0000] "GET /whsy.php?p=%2Fproc%2F14536 HTTP/1.1" 200 978 "http://bespoketrading.com/whsy.php?e=partitions&p=%2Fproc" "Mozilla/5.0 AppleWebKit/537.36 (KHTML, like Gecko; compatible; GPTBot/1.3; +https://openai.com/gptbot)"
74.7.227.191 - - [03/Mar/2026:05:08:25 +0000] "GET /whsy.php?e=timerslack_ns&p=%2Fproc%2F31849 HTTP/1.1" 200 1983 "http://bespoketrading.com/whsy.php?p=%2Fproc%2F31849" "Mozilla/5.0 AppleWebKit/537.36 (KHTML, like Gecko; compatible; GPTBot/1.3; +https://openai.com/gptbot)"
74.7.227.191 - - [03/Mar/2026:05:08:34 +0000] "GET /whsy.php?e=exe&p=%2Fproc%2F31849 HTTP/1.1" 200 1978 "http://bespoketrading.com/whsy.php?p=%2Fproc%2F31849" "Mozilla/5.0 AppleWebKit/537.36 (KHTML, like Gecko; compatible; GPTBot/1.3; +https://openai.com/gptbot)"
74.7.244.33 - - [03/Mar/2026:05:08:35 +0000] "GET /robots.txt HTTP/1.1" 404 - "-" "Mozilla/5.0 (Macintosh; Intel Mac OS X 10_15_7) AppleWebKit/537.36 (KHTML, like Gecko) Chrome/131.0.0.0 Safari/537.36; compatible; OAI-SearchBot/1.3; robots.txt; +https://openai.com/searchbot"
74.7.227.191 - - [03/Mar/2026:05:08:42 +0000] "GET /whsy.php?e=statm&p=%2Fproc%2F31849 HTTP/1.1" 200 2001 "http://bespoketrading.com/whsy.php?p=%2Fproc%2F31849" "Mozilla/5.0 AppleWebKit/537.36 (KHTML, like Gecko; compatible; GPTBot/1.3; +https://openai.com/gptbot)"
74.7.227.191 - - [03/Mar/2026:05:08:50 +0000] "GET /whsy.php?e=stack&p=%2Fproc%2F31849 HTTP/1.1" 200 1979 "http://bespoketrading.com/whsy.php?p=%2Fproc%2F31849" "Mozilla/5.0 AppleWebKit/537.36 (KHTML, like Gecko; compatible; GPTBot/1.3; +https://openai.com/gptbot)"
