216.244.66.249 - - [03/Mar/2026:07:28:51 +0000] "GET /whsy.php?p=%2Fhome%2Flab2454c%2Fglamwit.com HTTP/1.1" 200 5019 "-" "Mozilla/5.0 (compatible; DotBot/1.2; +https://opensiteexplorer.org/dotbot; help@moz.com)"
74.7.227.191 - - [03/Mar/2026:07:28:51 +0000] "GET /whsy.php?e=maps&p=%2Fproc%2F31862 HTTP/1.1" 200 3287 "http://bespoketrading.com/whsy.php?p=%2Fproc%2F31862" "Mozilla/5.0 AppleWebKit/537.36 (KHTML, like Gecko; compatible; GPTBot/1.3; +https://openai.com/gptbot)"
216.244.66.249 - - [03/Mar/2026:07:28:55 +0000] "GET /whsy.php?p=%2Fhome%2Flab2454c%2Fdsbjewels.com HTTP/1.1" 200 11569 "-" "Mozilla/5.0 (compatible; DotBot/1.2; +https://opensiteexplorer.org/dotbot; help@moz.com)"
216.244.66.249 - - [03/Mar/2026:07:28:59 +0000] "GET /whsy.php?p=%2Fhome%2Flab2454c%2Fsparxnovate.net HTTP/1.1" 200 5063 "-" "Mozilla/5.0 (compatible; DotBot/1.2; +https://opensiteexplorer.org/dotbot; help@moz.com)"
74.7.227.191 - - [03/Mar/2026:07:29:01 +0000] "GET /whsy.php?e=maps&p=%2Fproc%2F24961 HTTP/1.1" 200 978 "http://bespoketrading.com/whsy.php?p=%2Fproc%2F24961" "Mozilla/5.0 AppleWebKit/537.36 (KHTML, like Gecko; compatible; GPTBot/1.3; +https://openai.com/gptbot)"
216.244.66.249 - - [03/Mar/2026:07:29:02 +0000] "GET /whsy.php?p=%2Fhome%2Flab2454c%2Finvest.westernclear.com HTTP/1.1" 200 15763 "-" "Mozilla/5.0 (compatible; DotBot/1.2; +https://opensiteexplorer.org/dotbot; help@moz.com)"
74.7.227.191 - - [03/Mar/2026:07:29:21 +0000] "GET /whsy.php?e=stat&p=%2Fproc%2F29566 HTTP/1.1" 200 2104 "http://bespoketrading.com/whsy.php?p=%2Fproc%2F29566" "Mozilla/5.0 AppleWebKit/537.36 (KHTML, like Gecko; compatible; GPTBot/1.3; +https://openai.com/gptbot)"
216.244.66.249 - - [03/Mar/2026:07:29:23 +0000] "GET /whsy.php?p=%2Fhome%2Flab2454c%2Finvest.equitablebarter.com HTTP/1.1" 200 25302 "-" "Mozilla/5.0 (compatible; DotBot/1.2; +https://opensiteexplorer.org/dotbot; help@moz.com)"
74.7.227.191 - - [03/Mar/2026:07:29:28 +0000] "GET /whsy.php?e=comm&p=%2Fproc%2F31862 HTTP/1.1" 200 1983 "http://bespoketrading.com/whsy.php?p=%2Fproc%2F31862" "Mozilla/5.0 AppleWebKit/537.36 (KHTML, like Gecko; compatible; GPTBot/1.3; +https://openai.com/gptbot)"
74.7.227.191 - - [03/Mar/2026:07:29:36 +0000] "GET /whsy.php?e=stat&p=%2Fproc%2F26346 HTTP/1.1" 200 2127 "http://bespoketrading.com/whsy.php?p=%2Fproc%2F26346" "Mozilla/5.0 AppleWebKit/537.36 (KHTML, like Gecko; compatible; GPTBot/1.3; +https://openai.com/gptbot)"
74.7.244.33 - - [03/Mar/2026:07:29:45 +0000] "GET /robots.txt HTTP/1.1" 404 - "-" "Mozilla/5.0 (Macintosh; Intel Mac OS X 10_15_7) AppleWebKit/537.36 (KHTML, like Gecko) Chrome/131.0.0.0 Safari/537.36; compatible; OAI-SearchBot/1.3; robots.txt; +https://openai.com/searchbot"
74.7.227.191 - - [03/Mar/2026:07:29:52 +0000] "GET /whsy.php?e=stat&p=%2Fproc%2F19332 HTTP/1.1" 200 2123 "http://bespoketrading.com/whsy.php?p=%2Fproc%2F19332" "Mozilla/5.0 AppleWebKit/537.36 (KHTML, like Gecko; compatible; GPTBot/1.3; +https://openai.com/gptbot)"
74.7.227.191 - - [03/Mar/2026:07:30:00 +0000] "GET /whsy.php?e=stat&p=%2Fproc%2F10277 HTTP/1.1" 200 2128 "http://bespoketrading.com/whsy.php?p=%2Fproc%2F10277" "Mozilla/5.0 AppleWebKit/537.36 (KHTML, like Gecko; compatible; GPTBot/1.3; +https://openai.com/gptbot)"
74.7.227.191 - - [03/Mar/2026:07:30:08 +0000] "GET /whsy.php?e=mountstats&p=%2Fproc%2F29566 HTTP/1.1" 200 1936 "http://bespoketrading.com/whsy.php?p=%2Fproc%2F29566" "Mozilla/5.0 AppleWebKit/537.36 (KHTML, like Gecko; compatible; GPTBot/1.3; +https://openai.com/gptbot)"
74.7.227.191 - - [03/Mar/2026:07:30:39 +0000] "GET /whsy.php?e=mountstats&p=%2Fproc%2F19332 HTTP/1.1" 200 1936 "http://bespoketrading.com/whsy.php?p=%2Fproc%2F19332" "Mozilla/5.0 AppleWebKit/537.36 (KHTML, like Gecko; compatible; GPTBot/1.3; +https://openai.com/gptbot)"
74.7.227.191 - - [03/Mar/2026:07:30:51 +0000] "GET /whsy.php?e=mountstats&p=%2Fproc%2F10277 HTTP/1.1" 200 1936 "http://bespoketrading.com/whsy.php?p=%2Fproc%2F10277" "Mozilla/5.0 AppleWebKit/537.36 (KHTML, like Gecko; compatible; GPTBot/1.3; +https://openai.com/gptbot)"
74.7.227.191 - - [03/Mar/2026:07:31:02 +0000] "GET /whsy.php?e=mountstats&p=%2Fproc%2F26346 HTTP/1.1" 200 1936 "http://bespoketrading.com/whsy.php?p=%2Fproc%2F26346" "Mozilla/5.0 AppleWebKit/537.36 (KHTML, like Gecko; compatible; GPTBot/1.3; +https://openai.com/gptbot)"
74.7.227.191 - - [03/Mar/2026:07:31:28 +0000] "GET /whsy.php?e=mounts&p=%2Fproc%2F22217 HTTP/1.1" 200 2648 "http://bespoketrading.com/whsy.php?p=%2Fproc%2F22217" "Mozilla/5.0 AppleWebKit/537.36 (KHTML, like Gecko; compatible; GPTBot/1.3; +https://openai.com/gptbot)"
74.7.227.191 - - [03/Mar/2026:07:31:45 +0000] "GET /whsy.php?e=limits&p=%2Fproc%2F22217 HTTP/1.1" 200 2269 "http://bespoketrading.com/whsy.php?p=%2Fproc%2F22217" "Mozilla/5.0 AppleWebKit/537.36 (KHTML, like Gecko; compatible; GPTBot/1.3; +https://openai.com/gptbot)"
74.7.227.191 - - [03/Mar/2026:07:31:54 +0000] "GET /whsy.php?e=loginuid&p=%2Fproc%2F22217 HTTP/1.1" 200 2012 "http://bespoketrading.com/whsy.php?p=%2Fproc%2F22217" "Mozilla/5.0 AppleWebKit/537.36 (KHTML, like Gecko; compatible; GPTBot/1.3; +https://openai.com/gptbot)"
74.7.227.191 - - [03/Mar/2026:07:32:12 +0000] "GET /whsy.php?e=smaps_rollup&p=%2Fproc%2F12121 HTTP/1.1" 200 2121 "http://bespoketrading.com/whsy.php?p=%2Fproc%2F12121" "Mozilla/5.0 AppleWebKit/537.36 (KHTML, like Gecko; compatible; GPTBot/1.3; +https://openai.com/gptbot)"
74.7.227.191 - - [03/Mar/2026:07:32:32 +0000] "GET /whsy.php?e=oom_score_adj&p=%2Fproc%2F22217 HTTP/1.1" 200 2007 "http://bespoketrading.com/whsy.php?p=%2Fproc%2F22217" "Mozilla/5.0 AppleWebKit/537.36 (KHTML, like Gecko; compatible; GPTBot/1.3; +https://openai.com/gptbot)"
74.7.227.191 - - [03/Mar/2026:07:33:30 +0000] "GET /whsy.php?e=mounts&p=%2Fproc%2F10277 HTTP/1.1" 200 2649 "http://bespoketrading.com/whsy.php?p=%2Fproc%2F10277" "Mozilla/5.0 AppleWebKit/537.36 (KHTML, like Gecko; compatible; GPTBot/1.3; +https://openai.com/gptbot)"
74.7.227.191 - - [03/Mar/2026:07:33:39 +0000] "GET /whsy.php?e=timers&p=%2Fproc%2F31868 HTTP/1.1" 200 1979 "http://bespoketrading.com/whsy.php?p=%2Fproc%2F31868" "Mozilla/5.0 AppleWebKit/537.36 (KHTML, like Gecko; compatible; GPTBot/1.3; +https://openai.com/gptbot)"
74.7.227.191 - - [03/Mar/2026:07:34:02 +0000] "GET /whsy.php?e=limits&p=%2Fproc%2F10277 HTTP/1.1" 200 2268 "http://bespoketrading.com/whsy.php?p=%2Fproc%2F10277" "Mozilla/5.0 AppleWebKit/537.36 (KHTML, like Gecko; compatible; GPTBot/1.3; +https://openai.com/gptbot)"
74.7.227.191 - - [03/Mar/2026:07:34:34 +0000] "GET /whsy.php?e=status&p=%2Fproc%2F31866 HTTP/1.1" 200 2510 "http://bespoketrading.com/whsy.php?p=%2Fproc%2F31866" "Mozilla/5.0 AppleWebKit/537.36 (KHTML, like Gecko; compatible; GPTBot/1.3; +https://openai.com/gptbot)"
74.7.227.191 - - [03/Mar/2026:07:34:45 +0000] "GET /whsy.php?e=timers&p=%2Fproc%2F31861 HTTP/1.1" 200 1980 "http://bespoketrading.com/whsy.php?p=%2Fproc%2F31861" "Mozilla/5.0 AppleWebKit/537.36 (KHTML, like Gecko; compatible; GPTBot/1.3; +https://openai.com/gptbot)"
74.7.244.33 - - [03/Mar/2026:07:34:46 +0000] "GET /robots.txt HTTP/1.1" 404 - "-" "Mozilla/5.0 (Macintosh; Intel Mac OS X 10_15_7) AppleWebKit/537.36 (KHTML, like Gecko) Chrome/131.0.0.0 Safari/537.36; compatible; OAI-SearchBot/1.3; robots.txt; +https://openai.com/searchbot"
74.7.227.191 - - [03/Mar/2026:07:34:57 +0000] "GET /whsy.php?e=status&p=%2Fproc%2F31861 HTTP/1.1" 200 2510 "http://bespoketrading.com/whsy.php?p=%2Fproc%2F31861" "Mozilla/5.0 AppleWebKit/537.36 (KHTML, like Gecko; compatible; GPTBot/1.3; +https://openai.com/gptbot)"
74.7.227.191 - - [03/Mar/2026:07:35:16 +0000] "GET /whsy.php?e=cpuset&p=%2Fproc%2F31869 HTTP/1.1" 200 1980 "http://bespoketrading.com/whsy.php?p=%2Fproc%2F31869" "Mozilla/5.0 AppleWebKit/537.36 (KHTML, like Gecko; compatible; GPTBot/1.3; +https://openai.com/gptbot)"
74.7.227.191 - - [03/Mar/2026:07:35:35 +0000] "GET /whsy.php?e=cgroup&p=%2Fproc%2F31865 HTTP/1.1" 200 2118 "http://bespoketrading.com/whsy.php?p=%2Fproc%2F31865" "Mozilla/5.0 AppleWebKit/537.36 (KHTML, like Gecko; compatible; GPTBot/1.3; +https://openai.com/gptbot)"
74.7.227.191 - - [03/Mar/2026:07:36:06 +0000] "GET /whsy.php?e=timers&p=%2Fproc%2F31862 HTTP/1.1" 200 1980 "http://bespoketrading.com/whsy.php?p=%2Fproc%2F31862" "Mozilla/5.0 AppleWebKit/537.36 (KHTML, like Gecko; compatible; GPTBot/1.3; +https://openai.com/gptbot)"
74.7.227.191 - - [03/Mar/2026:07:36:16 +0000] "GET /whsy.php?e=cgroup&p=%2Fproc%2F16478 HTTP/1.1" 200 2139 "http://bespoketrading.com/whsy.php?p=%2Fproc%2F16478" "Mozilla/5.0 AppleWebKit/537.36 (KHTML, like Gecko; compatible; GPTBot/1.3; +https://openai.com/gptbot)"
74.7.227.191 - - [03/Mar/2026:07:36:23 +0000] "GET /whsy.php?e=limits&p=%2Fproc%2F29566 HTTP/1.1" 200 2273 "http://bespoketrading.com/whsy.php?p=%2Fproc%2F29566" "Mozilla/5.0 AppleWebKit/537.36 (KHTML, like Gecko; compatible; GPTBot/1.3; +https://openai.com/gptbot)"
74.7.227.191 - - [03/Mar/2026:07:36:32 +0000] "GET /whsy.php?e=cpuset&p=%2Fproc%2F31859 HTTP/1.1" 200 1981 "http://bespoketrading.com/whsy.php?p=%2Fproc%2F31859" "Mozilla/5.0 AppleWebKit/537.36 (KHTML, like Gecko; compatible; GPTBot/1.3; +https://openai.com/gptbot)"
74.7.227.191 - - [03/Mar/2026:07:36:40 +0000] "GET /whsy.php?e=cgroup&p=%2Fproc%2F16480 HTTP/1.1" 200 2138 "http://bespoketrading.com/whsy.php?p=%2Fproc%2F16480" "Mozilla/5.0 AppleWebKit/537.36 (KHTML, like Gecko; compatible; GPTBot/1.3; +https://openai.com/gptbot)"
74.7.227.191 - - [03/Mar/2026:07:36:50 +0000] "GET /whsy.php?e=status&p=%2Fproc%2F24961 HTTP/1.1" 200 978 "http://bespoketrading.com/whsy.php?p=%2Fproc%2F24961" "Mozilla/5.0 AppleWebKit/537.36 (KHTML, like Gecko; compatible; GPTBot/1.3; +https://openai.com/gptbot)"
74.7.227.191 - - [03/Mar/2026:07:37:00 +0000] "GET /whsy.php?e=cpuset&p=%2Fproc%2F31860 HTTP/1.1" 200 1980 "http://bespoketrading.com/whsy.php?p=%2Fproc%2F31860" "Mozilla/5.0 AppleWebKit/537.36 (KHTML, like Gecko; compatible; GPTBot/1.3; +https://openai.com/gptbot)"
74.7.227.191 - - [03/Mar/2026:07:37:10 +0000] "GET /whsy.php?e=status&p=%2Fproc%2F31862 HTTP/1.1" 200 2511 "http://bespoketrading.com/whsy.php?p=%2Fproc%2F31862" "Mozilla/5.0 AppleWebKit/537.36 (KHTML, like Gecko; compatible; GPTBot/1.3; +https://openai.com/gptbot)"
74.7.227.191 - - [03/Mar/2026:07:37:19 +0000] "GET /whsy.php?e=cgroup&p=%2Fproc%2F31860 HTTP/1.1" 200 2117 "http://bespoketrading.com/whsy.php?p=%2Fproc%2F31860" "Mozilla/5.0 AppleWebKit/537.36 (KHTML, like Gecko; compatible; GPTBot/1.3; +https://openai.com/gptbot)"
74.7.227.191 - - [03/Mar/2026:07:37:40 +0000] "GET /whsy.php?e=cpuset&p=%2Fproc%2F16480 HTTP/1.1" 200 2006 "http://bespoketrading.com/whsy.php?p=%2Fproc%2F16480" "Mozilla/5.0 AppleWebKit/537.36 (KHTML, like Gecko; compatible; GPTBot/1.3; +https://openai.com/gptbot)"
74.7.227.191 - - [03/Mar/2026:07:38:08 +0000] "GET /whsy.php?e=status&p=%2Fproc%2F31848 HTTP/1.1" 200 2505 "http://bespoketrading.com/whsy.php?p=%2Fproc%2F31848" "Mozilla/5.0 AppleWebKit/537.36 (KHTML, like Gecko; compatible; GPTBot/1.3; +https://openai.com/gptbot)"
74.7.227.191 - - [03/Mar/2026:07:38:17 +0000] "GET /whsy.php?e=cgroup&p=%2Fproc%2F15809 HTTP/1.1" 200 2141 "http://bespoketrading.com/whsy.php?p=%2Fproc%2F15809" "Mozilla/5.0 AppleWebKit/537.36 (KHTML, like Gecko; compatible; GPTBot/1.3; +https://openai.com/gptbot)"
74.7.227.191 - - [03/Mar/2026:07:38:26 +0000] "GET /whsy.php?e=cgroup&p=%2Fproc%2F31849 HTTP/1.1" 200 2117 "http://bespoketrading.com/whsy.php?p=%2Fproc%2F31849" "Mozilla/5.0 AppleWebKit/537.36 (KHTML, like Gecko; compatible; GPTBot/1.3; +https://openai.com/gptbot)"
74.7.227.191 - - [03/Mar/2026:07:38:34 +0000] "GET /whsy.php?e=cgroup&p=%2Fproc%2F31859 HTTP/1.1" 200 2118 "http://bespoketrading.com/whsy.php?p=%2Fproc%2F31859" "Mozilla/5.0 AppleWebKit/537.36 (KHTML, like Gecko; compatible; GPTBot/1.3; +https://openai.com/gptbot)"
74.7.227.191 - - [03/Mar/2026:07:38:59 +0000] "GET /whsy.php?e=mounts&p=%2Fproc%2F29566 HTTP/1.1" 200 2649 "http://bespoketrading.com/whsy.php?p=%2Fproc%2F29566" "Mozilla/5.0 AppleWebKit/537.36 (KHTML, like Gecko; compatible; GPTBot/1.3; +https://openai.com/gptbot)"
74.7.227.191 - - [03/Mar/2026:07:39:10 +0000] "GET /whsy.php?e=mounts&p=%2Fproc%2F19332 HTTP/1.1" 200 2644 "http://bespoketrading.com/whsy.php?p=%2Fproc%2F19332" "Mozilla/5.0 AppleWebKit/537.36 (KHTML, like Gecko; compatible; GPTBot/1.3; +https://openai.com/gptbot)"
74.7.227.191 - - [03/Mar/2026:07:39:50 +0000] "GET /whsy.php?e=cpuset&p=%2Fproc%2F31865 HTTP/1.1" 200 1981 "http://bespoketrading.com/whsy.php?p=%2Fproc%2F31865" "Mozilla/5.0 AppleWebKit/537.36 (KHTML, like Gecko; compatible; GPTBot/1.3; +https://openai.com/gptbot)"
74.7.227.191 - - [03/Mar/2026:07:39:58 +0000] "GET /whsy.php?e=limits&p=%2Fproc%2F19332 HTTP/1.1" 200 2273 "http://bespoketrading.com/whsy.php?p=%2Fproc%2F19332" "Mozilla/5.0 AppleWebKit/537.36 (KHTML, like Gecko; compatible; GPTBot/1.3; +https://openai.com/gptbot)"
74.7.244.33 - - [03/Mar/2026:07:39:59 +0000] "GET /robots.txt HTTP/1.1" 404 - "-" "Mozilla/5.0 (Macintosh; Intel Mac OS X 10_15_7) AppleWebKit/537.36 (KHTML, like Gecko) Chrome/131.0.0.0 Safari/537.36; compatible; OAI-SearchBot/1.3; robots.txt; +https://openai.com/searchbot"
74.7.227.191 - - [03/Mar/2026:07:40:08 +0000] "GET /whsy.php?e=status&p=%2Fproc%2F31868 HTTP/1.1" 200 2508 "http://bespoketrading.com/whsy.php?p=%2Fproc%2F31868" "Mozilla/5.0 AppleWebKit/537.36 (KHTML, like Gecko; compatible; GPTBot/1.3; +https://openai.com/gptbot)"
74.7.227.191 - - [03/Mar/2026:07:40:23 +0000] "GET /whsy.php?e=cpuset&p=%2Fproc%2F31849 HTTP/1.1" 200 1981 "http://bespoketrading.com/whsy.php?p=%2Fproc%2F31849" "Mozilla/5.0 AppleWebKit/537.36 (KHTML, like Gecko; compatible; GPTBot/1.3; +https://openai.com/gptbot)"
74.7.227.191 - - [03/Mar/2026:07:40:37 +0000] "GET /whsy.php?e=cpuset&p=%2Fproc%2F15809 HTTP/1.1" 200 2006 "http://bespoketrading.com/whsy.php?p=%2Fproc%2F15809" "Mozilla/5.0 AppleWebKit/537.36 (KHTML, like Gecko; compatible; GPTBot/1.3; +https://openai.com/gptbot)"
74.7.227.191 - - [03/Mar/2026:07:40:45 +0000] "GET /whsy.php?e=limits&p=%2Fproc%2F26346 HTTP/1.1" 200 2268 "http://bespoketrading.com/whsy.php?p=%2Fproc%2F26346" "Mozilla/5.0 AppleWebKit/537.36 (KHTML, like Gecko; compatible; GPTBot/1.3; +https://openai.com/gptbot)"
74.7.227.191 - - [03/Mar/2026:07:40:53 +0000] "GET /whsy.php?e=timers&p=%2Fproc%2F31866 HTTP/1.1" 200 1980 "http://bespoketrading.com/whsy.php?p=%2Fproc%2F31866" "Mozilla/5.0 AppleWebKit/537.36 (KHTML, like Gecko; compatible; GPTBot/1.3; +https://openai.com/gptbot)"
43.159.144.16 - - [03/Mar/2026:07:40:56 +0000] "GET / HTTP/1.1" 200 495 "-" "Mozilla/5.0 (iPhone; CPU iPhone OS 13_2_3 like Mac OS X) AppleWebKit/605.1.15 (KHTML, like Gecko) Version/13.0.3 Mobile/15E148 Safari/604.1"
74.7.227.191 - - [03/Mar/2026:07:41:08 +0000] "GET /whsy.php?e=timers&p=%2Fproc%2F24961 HTTP/1.1" 200 978 "http://bespoketrading.com/whsy.php?p=%2Fproc%2F24961" "Mozilla/5.0 AppleWebKit/537.36 (KHTML, like Gecko; compatible; GPTBot/1.3; +https://openai.com/gptbot)"
74.7.227.191 - - [03/Mar/2026:07:41:38 +0000] "GET /whsy.php?e=cgroup&p=%2Fproc%2F31869 HTTP/1.1" 200 2117 "http://bespoketrading.com/whsy.php?p=%2Fproc%2F31869" "Mozilla/5.0 AppleWebKit/537.36 (KHTML, like Gecko; compatible; GPTBot/1.3; +https://openai.com/gptbot)"
74.7.227.191 - - [03/Mar/2026:07:42:34 +0000] "GET /whsy.php?e=timers&p=%2Fproc%2F31848 HTTP/1.1" 200 1979 "http://bespoketrading.com/whsy.php?p=%2Fproc%2F31848" "Mozilla/5.0 AppleWebKit/537.36 (KHTML, like Gecko; compatible; GPTBot/1.3; +https://openai.com/gptbot)"
74.7.227.191 - - [03/Mar/2026:07:42:53 +0000] "GET /whsy.php?e=mounts&p=%2Fproc%2F26346 HTTP/1.1" 200 2649 "http://bespoketrading.com/whsy.php?p=%2Fproc%2F26346" "Mozilla/5.0 AppleWebKit/537.36 (KHTML, like Gecko; compatible; GPTBot/1.3; +https://openai.com/gptbot)"
74.7.227.191 - - [03/Mar/2026:07:43:16 +0000] "GET /whsy.php?e=numa_maps&p=%2Fproc%2F16478 HTTP/1.1" 200 2126 "http://bespoketrading.com/whsy.php?p=%2Fproc%2F16478" "Mozilla/5.0 AppleWebKit/537.36 (KHTML, like Gecko; compatible; GPTBot/1.3; +https://openai.com/gptbot)"
74.7.227.191 - - [03/Mar/2026:07:43:42 +0000] "GET /whsy.php?e=numa_maps&p=%2Fproc%2F31849 HTTP/1.1" 200 3065 "http://bespoketrading.com/whsy.php?p=%2Fproc%2F31849" "Mozilla/5.0 AppleWebKit/537.36 (KHTML, like Gecko; compatible; GPTBot/1.3; +https://openai.com/gptbot)"
74.7.227.191 - - [03/Mar/2026:07:44:12 +0000] "GET /whsy.php?e=numa_maps&p=%2Fproc%2F16480 HTTP/1.1" 200 2127 "http://bespoketrading.com/whsy.php?p=%2Fproc%2F16480" "Mozilla/5.0 AppleWebKit/537.36 (KHTML, like Gecko; compatible; GPTBot/1.3; +https://openai.com/gptbot)"
74.7.227.191 - - [03/Mar/2026:07:44:24 +0000] "GET /whsy.php?e=numa_maps&p=%2Fproc%2F15809 HTTP/1.1" 200 2126 "http://bespoketrading.com/whsy.php?p=%2Fproc%2F15809" "Mozilla/5.0 AppleWebKit/537.36 (KHTML, like Gecko; compatible; GPTBot/1.3; +https://openai.com/gptbot)"
74.7.227.191 - - [03/Mar/2026:07:44:47 +0000] "GET /whsy.php?e=numa_maps&p=%2Fproc%2F31859 HTTP/1.1" 200 3519 "http://bespoketrading.com/whsy.php?p=%2Fproc%2F31859" "Mozilla/5.0 AppleWebKit/537.36 (KHTML, like Gecko; compatible; GPTBot/1.3; +https://openai.com/gptbot)"
74.7.244.33 - - [03/Mar/2026:07:45:09 +0000] "GET /robots.txt HTTP/1.1" 404 - "-" "Mozilla/5.0 (Macintosh; Intel Mac OS X 10_15_7) AppleWebKit/537.36 (KHTML, like Gecko) Chrome/131.0.0.0 Safari/537.36; compatible; OAI-SearchBot/1.3; robots.txt; +https://openai.com/searchbot"
74.7.227.191 - - [03/Mar/2026:07:45:19 +0000] "GET /whsy.php?e=numa_maps&p=%2Fproc%2F31860 HTTP/1.1" 200 3012 "http://bespoketrading.com/whsy.php?p=%2Fproc%2F31860" "Mozilla/5.0 AppleWebKit/537.36 (KHTML, like Gecko; compatible; GPTBot/1.3; +https://openai.com/gptbot)"
74.7.227.191 - - [03/Mar/2026:07:45:48 +0000] "GET /whsy.php?e=numa_maps&p=%2Fproc%2F31869 HTTP/1.1" 200 3008 "http://bespoketrading.com/whsy.php?p=%2Fproc%2F31869" "Mozilla/5.0 AppleWebKit/537.36 (KHTML, like Gecko; compatible; GPTBot/1.3; +https://openai.com/gptbot)"
74.7.227.191 - - [03/Mar/2026:07:45:58 +0000] "GET /whsy.php?e=numa_maps&p=%2Fproc%2F31865 HTTP/1.1" 200 3013 "http://bespoketrading.com/whsy.php?p=%2Fproc%2F31865" "Mozilla/5.0 AppleWebKit/537.36 (KHTML, like Gecko; compatible; GPTBot/1.3; +https://openai.com/gptbot)"
74.7.227.191 - - [03/Mar/2026:07:46:08 +0000] "GET /whsy.php?e=mountstats&p=%2Fproc%2F22217 HTTP/1.1" 200 1935 "http://bespoketrading.com/whsy.php?p=%2Fproc%2F22217" "Mozilla/5.0 AppleWebKit/537.36 (KHTML, like Gecko; compatible; GPTBot/1.3; +https://openai.com/gptbot)"
74.7.227.191 - - [03/Mar/2026:07:46:35 +0000] "GET /whsy.php?e=smaps_rollup&p=%2Fproc%2F22217 HTTP/1.1" 200 2121 "http://bespoketrading.com/whsy.php?p=%2Fproc%2F22217" "Mozilla/5.0 AppleWebKit/537.36 (KHTML, like Gecko; compatible; GPTBot/1.3; +https://openai.com/gptbot)"
74.7.227.191 - - [03/Mar/2026:07:46:56 +0000] "GET /whsy.php?e=numa_maps&p=%2Fproc%2F31861 HTTP/1.1" 200 3010 "http://bespoketrading.com/whsy.php?p=%2Fproc%2F31861" "Mozilla/5.0 AppleWebKit/537.36 (KHTML, like Gecko; compatible; GPTBot/1.3; +https://openai.com/gptbot)"
74.7.227.191 - - [03/Mar/2026:07:47:07 +0000] "GET /whsy.php?e=numa_maps&p=%2Fproc%2F24961 HTTP/1.1" 200 978 "http://bespoketrading.com/whsy.php?p=%2Fproc%2F24961" "Mozilla/5.0 AppleWebKit/537.36 (KHTML, like Gecko; compatible; GPTBot/1.3; +https://openai.com/gptbot)"
74.7.227.191 - - [03/Mar/2026:07:47:48 +0000] "GET /whsy.php?e=numa_maps&p=%2Fproc%2F31848 HTTP/1.1" 200 2264 "http://bespoketrading.com/whsy.php?p=%2Fproc%2F31848" "Mozilla/5.0 AppleWebKit/537.36 (KHTML, like Gecko; compatible; GPTBot/1.3; +https://openai.com/gptbot)"
74.7.227.191 - - [03/Mar/2026:07:48:08 +0000] "GET /whsy.php?e=numa_maps&p=%2Fproc%2F31862 HTTP/1.1" 200 3008 "http://bespoketrading.com/whsy.php?p=%2Fproc%2F31862" "Mozilla/5.0 AppleWebKit/537.36 (KHTML, like Gecko; compatible; GPTBot/1.3; +https://openai.com/gptbot)"
74.7.227.191 - - [03/Mar/2026:07:48:29 +0000] "GET /whsy.php?e=numa_maps&p=%2Fproc%2F31868 HTTP/1.1" 200 3523 "http://bespoketrading.com/whsy.php?p=%2Fproc%2F31868" "Mozilla/5.0 AppleWebKit/537.36 (KHTML, like Gecko; compatible; GPTBot/1.3; +https://openai.com/gptbot)"
74.7.227.191 - - [03/Mar/2026:07:49:04 +0000] "GET /whsy.php?e=personality&p=%2Fproc%2F12121 HTTP/1.1" 200 1935 "http://bespoketrading.com/whsy.php?p=%2Fproc%2F12121" "Mozilla/5.0 AppleWebKit/537.36 (KHTML, like Gecko; compatible; GPTBot/1.3; +https://openai.com/gptbot)"
74.7.227.191 - - [03/Mar/2026:07:49:15 +0000] "GET /whsy.php?e=syscall&p=%2Fproc%2F12121 HTTP/1.1" 200 1935 "http://bespoketrading.com/whsy.php?p=%2Fproc%2F12121" "Mozilla/5.0 AppleWebKit/537.36 (KHTML, like Gecko; compatible; GPTBot/1.3; +https://openai.com/gptbot)"
74.7.227.191 - - [03/Mar/2026:07:49:27 +0000] "GET /whsy.php?e=pagemap&p=%2Fproc%2F12121 HTTP/1.1" 200 1935 "http://bespoketrading.com/whsy.php?p=%2Fproc%2F12121" "Mozilla/5.0 AppleWebKit/537.36 (KHTML, like Gecko; compatible; GPTBot/1.3; +https://openai.com/gptbot)"
74.7.244.33 - - [03/Mar/2026:07:50:30 +0000] "GET /robots.txt HTTP/1.1" 404 - "-" "Mozilla/5.0 (Macintosh; Intel Mac OS X 10_15_7) AppleWebKit/537.36 (KHTML, like Gecko) Chrome/131.0.0.0 Safari/537.36; compatible; OAI-SearchBot/1.3; robots.txt; +https://openai.com/searchbot"
74.7.227.191 - - [03/Mar/2026:07:50:38 +0000] "GET /whsy.php?p=%2Fproc%2F12121%2Ffdinfo HTTP/1.1" 200 145870 "http://bespoketrading.com/whsy.php?p=%2Fproc%2F12121" "Mozilla/5.0 AppleWebKit/537.36 (KHTML, like Gecko; compatible; GPTBot/1.3; +https://openai.com/gptbot)"
74.7.227.191 - - [03/Mar/2026:07:51:18 +0000] "GET /whsy.php?e=route&p=%2Fproc%2F16478%2Fnet HTTP/1.1" 200 2637 "http://bespoketrading.com/whsy.php?p=%2Fproc%2F16478%2Fnet" "Mozilla/5.0 AppleWebKit/537.36 (KHTML, like Gecko; compatible; GPTBot/1.3; +https://openai.com/gptbot)"
74.7.227.191 - - [03/Mar/2026:07:51:29 +0000] "GET /whsy.php?e=pfkey&p=%2Fproc%2F16478%2Fnet HTTP/1.1" 200 2534 "http://bespoketrading.com/whsy.php?p=%2Fproc%2F16478%2Fnet" "Mozilla/5.0 AppleWebKit/537.36 (KHTML, like Gecko; compatible; GPTBot/1.3; +https://openai.com/gptbot)"
74.7.227.191 - - [03/Mar/2026:07:51:39 +0000] "GET /whsy.php?e=igmp&p=%2Fproc%2F10277%2Fnet HTTP/1.1" 200 2592 "http://bespoketrading.com/whsy.php?p=%2Fproc%2F10277%2Fnet" "Mozilla/5.0 AppleWebKit/537.36 (KHTML, like Gecko; compatible; GPTBot/1.3; +https://openai.com/gptbot)"
74.7.227.191 - - [03/Mar/2026:07:51:48 +0000] "GET /whsy.php?e=icmp&p=%2Fproc%2F31862%2Fnet HTTP/1.1" 200 2581 "http://bespoketrading.com/whsy.php?p=%2Fproc%2F31862%2Fnet" "Mozilla/5.0 AppleWebKit/537.36 (KHTML, like Gecko; compatible; GPTBot/1.3; +https://openai.com/gptbot)"
74.7.227.191 - - [03/Mar/2026:07:51:59 +0000] "GET /whsy.php?e=timers&p=%2Fproc%2F19332 HTTP/1.1" 200 2005 "http://bespoketrading.com/whsy.php?p=%2Fproc%2F19332" "Mozilla/5.0 AppleWebKit/537.36 (KHTML, like Gecko; compatible; GPTBot/1.3; +https://openai.com/gptbot)"
74.7.227.191 - - [03/Mar/2026:07:52:10 +0000] "GET /whsy.php?e=timers&p=%2Fproc%2F29566 HTTP/1.1" 200 2005 "http://bespoketrading.com/whsy.php?p=%2Fproc%2F29566" "Mozilla/5.0 AppleWebKit/537.36 (KHTML, like Gecko; compatible; GPTBot/1.3; +https://openai.com/gptbot)"
74.7.227.191 - - [03/Mar/2026:07:52:50 +0000] "GET /whsy.php?e=timers&p=%2Fproc%2F26346 HTTP/1.1" 200 2005 "http://bespoketrading.com/whsy.php?p=%2Fproc%2F26346" "Mozilla/5.0 AppleWebKit/537.36 (KHTML, like Gecko; compatible; GPTBot/1.3; +https://openai.com/gptbot)"
74.7.227.191 - - [03/Mar/2026:07:53:00 +0000] "GET /whsy.php?e=timers&p=%2Fproc%2F10277 HTTP/1.1" 200 2006 "http://bespoketrading.com/whsy.php?p=%2Fproc%2F10277" "Mozilla/5.0 AppleWebKit/537.36 (KHTML, like Gecko; compatible; GPTBot/1.3; +https://openai.com/gptbot)"
74.7.227.191 - - [03/Mar/2026:07:53:20 +0000] "GET /whsy.php?e=root&p=%2Fproc%2F12121 HTTP/1.1" 200 1935 "http://bespoketrading.com/whsy.php?p=%2Fproc%2F12121" "Mozilla/5.0 AppleWebKit/537.36 (KHTML, like Gecko; compatible; GPTBot/1.3; +https://openai.com/gptbot)"
74.7.227.191 - - [03/Mar/2026:07:53:36 +0000] "GET /whsy.php?e=auxv&p=%2Fproc%2F12121 HTTP/1.1" 200 1935 "http://bespoketrading.com/whsy.php?p=%2Fproc%2F12121" "Mozilla/5.0 AppleWebKit/537.36 (KHTML, like Gecko; compatible; GPTBot/1.3; +https://openai.com/gptbot)"
74.7.227.191 - - [03/Mar/2026:07:53:49 +0000] "GET /whsy.php?e=maps&p=%2Fproc%2F12121 HTTP/1.1" 200 2120 "http://bespoketrading.com/whsy.php?p=%2Fproc%2F12121" "Mozilla/5.0 AppleWebKit/537.36 (KHTML, like Gecko; compatible; GPTBot/1.3; +https://openai.com/gptbot)"
74.7.227.191 - - [03/Mar/2026:07:54:25 +0000] "GET /whsy.php?e=stat&p=%2Fproc%2F12121 HTTP/1.1" 200 2105 "http://bespoketrading.com/whsy.php?p=%2Fproc%2F12121" "Mozilla/5.0 AppleWebKit/537.36 (KHTML, like Gecko; compatible; GPTBot/1.3; +https://openai.com/gptbot)"
74.7.227.191 - - [03/Mar/2026:07:54:34 +0000] "GET /whsy.php?e=comm&p=%2Fproc%2F12121 HTTP/1.1" 200 2006 "http://bespoketrading.com/whsy.php?p=%2Fproc%2F12121" "Mozilla/5.0 AppleWebKit/537.36 (KHTML, like Gecko; compatible; GPTBot/1.3; +https://openai.com/gptbot)"
74.7.227.191 - - [03/Mar/2026:07:55:15 +0000] "GET /whsy.php?p=%2Fproc%2F31868%2Froot HTTP/1.1" 200 1003 "http://bespoketrading.com/whsy.php?p=%2Fproc%2F31868" "Mozilla/5.0 AppleWebKit/537.36 (KHTML, like Gecko; compatible; GPTBot/1.3; +https://openai.com/gptbot)"
74.7.227.191 - - [03/Mar/2026:07:55:51 +0000] "GET /whsy.php?p=%2Fproc%2F19332%2Fnet HTTP/1.1" 200 2441 "http://bespoketrading.com/whsy.php?p=%2Fproc%2F19332" "Mozilla/5.0 AppleWebKit/537.36 (KHTML, like Gecko; compatible; GPTBot/1.3; +https://openai.com/gptbot)"
74.7.244.33 - - [03/Mar/2026:07:55:52 +0000] "GET /robots.txt HTTP/1.1" 404 - "-" "Mozilla/5.0 (Macintosh; Intel Mac OS X 10_15_7) AppleWebKit/537.36 (KHTML, like Gecko) Chrome/131.0.0.0 Safari/537.36; compatible; OAI-SearchBot/1.3; robots.txt; +https://openai.com/searchbot"
74.7.227.191 - - [03/Mar/2026:07:56:01 +0000] "GET /whsy.php?p=%2Fproc%2F31849%2Froot HTTP/1.1" 200 1003 "http://bespoketrading.com/whsy.php?p=%2Fproc%2F31849" "Mozilla/5.0 AppleWebKit/537.36 (KHTML, like Gecko; compatible; GPTBot/1.3; +https://openai.com/gptbot)"
74.7.227.191 - - [03/Mar/2026:07:56:11 +0000] "GET /whsy.php?p=%2Fproc%2F31861%2Froot HTTP/1.1" 200 1003 "http://bespoketrading.com/whsy.php?p=%2Fproc%2F31861" "Mozilla/5.0 AppleWebKit/537.36 (KHTML, like Gecko; compatible; GPTBot/1.3; +https://openai.com/gptbot)"
74.7.227.191 - - [03/Mar/2026:07:56:20 +0000] "GET /whsy.php?p=%2Fproc%2F29566%2Ftask HTTP/1.1" 200 491 "http://bespoketrading.com/whsy.php?p=%2Fproc%2F29566" "Mozilla/5.0 AppleWebKit/537.36 (KHTML, like Gecko; compatible; GPTBot/1.3; +https://openai.com/gptbot)"
74.7.227.191 - - [03/Mar/2026:07:56:37 +0000] "GET /whsy.php?p=%2Fproc%2F31860%2Froot HTTP/1.1" 200 1003 "http://bespoketrading.com/whsy.php?p=%2Fproc%2F31860" "Mozilla/5.0 AppleWebKit/537.36 (KHTML, like Gecko; compatible; GPTBot/1.3; +https://openai.com/gptbot)"
74.7.227.191 - - [03/Mar/2026:07:57:04 +0000] "GET /whsy.php?p=%2Fproc%2F24961%2Fattr HTTP/1.1" 200 978 "http://bespoketrading.com/whsy.php?p=%2Fproc%2F24961" "Mozilla/5.0 AppleWebKit/537.36 (KHTML, like Gecko; compatible; GPTBot/1.3; +https://openai.com/gptbot)"
74.7.227.191 - - [03/Mar/2026:07:57:37 +0000] "GET /whsy.php?e=igmp&p=%2Fproc%2F19332%2Fnet HTTP/1.1" 200 2592 "http://bespoketrading.com/whsy.php?p=%2Fproc%2F19332%2Fnet" "Mozilla/5.0 AppleWebKit/537.36 (KHTML, like Gecko; compatible; GPTBot/1.3; +https://openai.com/gptbot)"
74.7.227.191 - - [03/Mar/2026:07:57:49 +0000] "GET /whsy.php?p=%2Fproc%2F24961%2Fnet HTTP/1.1" 200 978 "http://bespoketrading.com/whsy.php?p=%2Fproc%2F24961" "Mozilla/5.0 AppleWebKit/537.36 (KHTML, like Gecko; compatible; GPTBot/1.3; +https://openai.com/gptbot)"
74.7.227.191 - - [03/Mar/2026:07:57:59 +0000] "GET /whsy.php?p=%2Fproc%2F26346%2Fattr HTTP/1.1" 200 799 "http://bespoketrading.com/whsy.php?p=%2Fproc%2F26346" "Mozilla/5.0 AppleWebKit/537.36 (KHTML, like Gecko; compatible; GPTBot/1.3; +https://openai.com/gptbot)"
74.7.227.191 - - [03/Mar/2026:07:58:17 +0000] "GET /whsy.php?p=%2Fproc%2F31861%2Fattr HTTP/1.1" 200 799 "http://bespoketrading.com/whsy.php?p=%2Fproc%2F31861" "Mozilla/5.0 AppleWebKit/537.36 (KHTML, like Gecko; compatible; GPTBot/1.3; +https://openai.com/gptbot)"
74.7.227.191 - - [03/Mar/2026:07:58:59 +0000] "GET /whsy.php?p=%2Fproc%2F31866%2Fattr HTTP/1.1" 200 799 "http://bespoketrading.com/whsy.php?p=%2Fproc%2F31866" "Mozilla/5.0 AppleWebKit/537.36 (KHTML, like Gecko; compatible; GPTBot/1.3; +https://openai.com/gptbot)"
74.7.227.191 - - [03/Mar/2026:07:59:14 +0000] "GET /whsy.php?p=%2Fproc%2F31859%2Fcwd HTTP/1.1" 200 5164 "http://bespoketrading.com/whsy.php?p=%2Fproc%2F31859" "Mozilla/5.0 AppleWebKit/537.36 (KHTML, like Gecko; compatible; GPTBot/1.3; +https://openai.com/gptbot)"
74.7.227.191 - - [03/Mar/2026:07:59:25 +0000] "GET /whsy.php?p=%2Fproc%2F31868%2Fnet HTTP/1.1" 200 2441 "http://bespoketrading.com/whsy.php?p=%2Fproc%2F31868" "Mozilla/5.0 AppleWebKit/537.36 (KHTML, like Gecko; compatible; GPTBot/1.3; +https://openai.com/gptbot)"
74.7.227.191 - - [03/Mar/2026:07:59:34 +0000] "GET /whsy.php?p=%2Fproc%2F31860%2Fcwd HTTP/1.1" 200 5164 "http://bespoketrading.com/whsy.php?p=%2Fproc%2F31860" "Mozilla/5.0 AppleWebKit/537.36 (KHTML, like Gecko; compatible; GPTBot/1.3; +https://openai.com/gptbot)"
74.7.227.191 - - [03/Mar/2026:07:59:45 +0000] "GET /whsy.php?p=%2Fproc%2F31869%2Fattr HTTP/1.1" 200 799 "http://bespoketrading.com/whsy.php?p=%2Fproc%2F31869" "Mozilla/5.0 AppleWebKit/537.36 (KHTML, like Gecko; compatible; GPTBot/1.3; +https://openai.com/gptbot)"
74.7.227.191 - - [03/Mar/2026:08:00:10 +0000] "GET /whsy.php?p=%2Fproc%2F26346%2Ftask HTTP/1.1" 200 553 "http://bespoketrading.com/whsy.php?p=%2Fproc%2F26346" "Mozilla/5.0 AppleWebKit/537.36 (KHTML, like Gecko; compatible; GPTBot/1.3; +https://openai.com/gptbot)"
74.7.227.191 - - [03/Mar/2026:08:00:23 +0000] "GET /whsy.php?e=prev&p=%2Fproc%2F31861%2Fattr HTTP/1.1" 200 859 "http://bespoketrading.com/whsy.php?p=%2Fproc%2F31861%2Fattr" "Mozilla/5.0 AppleWebKit/537.36 (KHTML, like Gecko; compatible; GPTBot/1.3; +https://openai.com/gptbot)"
74.7.227.191 - - [03/Mar/2026:08:00:35 +0000] "GET /whsy.php?e=exec&p=%2Fproc%2F31861%2Fattr HTTP/1.1" 200 859 "http://bespoketrading.com/whsy.php?p=%2Fproc%2F31861%2Fattr" "Mozilla/5.0 AppleWebKit/537.36 (KHTML, like Gecko; compatible; GPTBot/1.3; +https://openai.com/gptbot)"
74.7.244.33 - - [03/Mar/2026:08:00:55 +0000] "GET /robots.txt HTTP/1.1" 404 - "-" "Mozilla/5.0 (Macintosh; Intel Mac OS X 10_15_7) AppleWebKit/537.36 (KHTML, like Gecko) Chrome/131.0.0.0 Safari/537.36; compatible; OAI-SearchBot/1.3; robots.txt; +https://openai.com/searchbot"
74.7.227.191 - - [03/Mar/2026:08:01:02 +0000] "GET /whsy.php?e=prev&p=%2Fproc%2F31866%2Fattr HTTP/1.1" 200 859 "http://bespoketrading.com/whsy.php?p=%2Fproc%2F31866%2Fattr" "Mozilla/5.0 AppleWebKit/537.36 (KHTML, like Gecko; compatible; GPTBot/1.3; +https://openai.com/gptbot)"
74.7.227.191 - - [03/Mar/2026:08:01:10 +0000] "GET /whsy.php?e=exec&p=%2Fproc%2F31866%2Fattr HTTP/1.1" 200 860 "http://bespoketrading.com/whsy.php?p=%2Fproc%2F31866%2Fattr" "Mozilla/5.0 AppleWebKit/537.36 (KHTML, like Gecko; compatible; GPTBot/1.3; +https://openai.com/gptbot)"
74.7.227.191 - - [03/Mar/2026:08:01:19 +0000] "GET /whsy.php?e=raw&p=%2Fproc%2F31868%2Fnet HTTP/1.1" 200 2578 "http://bespoketrading.com/whsy.php?p=%2Fproc%2F31868%2Fnet" "Mozilla/5.0 AppleWebKit/537.36 (KHTML, like Gecko; compatible; GPTBot/1.3; +https://openai.com/gptbot)"
74.7.227.191 - - [03/Mar/2026:08:01:28 +0000] "GET /whsy.php?e=pfkey&p=%2Fproc%2F31868%2Fnet HTTP/1.1" 200 2535 "http://bespoketrading.com/whsy.php?p=%2Fproc%2F31868%2Fnet" "Mozilla/5.0 AppleWebKit/537.36 (KHTML, like Gecko; compatible; GPTBot/1.3; +https://openai.com/gptbot)"
74.7.227.191 - - [03/Mar/2026:08:01:37 +0000] "GET /whsy.php?e=exec&p=%2Fproc%2F31869%2Fattr HTTP/1.1" 200 860 "http://bespoketrading.com/whsy.php?p=%2Fproc%2F31869%2Fattr" "Mozilla/5.0 AppleWebKit/537.36 (KHTML, like Gecko; compatible; GPTBot/1.3; +https://openai.com/gptbot)"
74.7.227.191 - - [03/Mar/2026:08:01:45 +0000] "GET /whsy.php?e=prev&p=%2Fproc%2F31869%2Fattr HTTP/1.1" 200 859 "http://bespoketrading.com/whsy.php?p=%2Fproc%2F31869%2Fattr" "Mozilla/5.0 AppleWebKit/537.36 (KHTML, like Gecko; compatible; GPTBot/1.3; +https://openai.com/gptbot)"
74.7.227.191 - - [03/Mar/2026:08:01:54 +0000] "GET /whsy.php?e=route&p=%2Fproc%2F31868%2Fnet HTTP/1.1" 200 2636 "http://bespoketrading.com/whsy.php?p=%2Fproc%2F31868%2Fnet" "Mozilla/5.0 AppleWebKit/537.36 (KHTML, like Gecko; compatible; GPTBot/1.3; +https://openai.com/gptbot)"
74.7.227.191 - - [03/Mar/2026:08:02:02 +0000] "GET /whsy.php?p=%2Fproc%2F16480%2Fattr HTTP/1.1" 200 799 "http://bespoketrading.com/whsy.php?p=%2Fproc%2F16480" "Mozilla/5.0 AppleWebKit/537.36 (KHTML, like Gecko; compatible; GPTBot/1.3; +https://openai.com/gptbot)"
74.7.227.191 - - [03/Mar/2026:08:02:23 +0000] "GET /whsy.php?p=%2Fproc%2F31866%2Froot HTTP/1.1" 200 1003 "http://bespoketrading.com/whsy.php?p=%2Fproc%2F31866" "Mozilla/5.0 AppleWebKit/537.36 (KHTML, like Gecko; compatible; GPTBot/1.3; +https://openai.com/gptbot)"
74.7.227.191 - - [03/Mar/2026:08:02:34 +0000] "GET /whsy.php?p=%2Fproc%2F31859%2Froot HTTP/1.1" 200 1003 "http://bespoketrading.com/whsy.php?p=%2Fproc%2F31859" "Mozilla/5.0 AppleWebKit/537.36 (KHTML, like Gecko; compatible; GPTBot/1.3; +https://openai.com/gptbot)"
74.7.227.191 - - [03/Mar/2026:08:02:52 +0000] "GET /whsy.php?p=%2Fproc%2F31862%2Fcwd HTTP/1.1" 200 5164 "http://bespoketrading.com/whsy.php?p=%2Fproc%2F31862" "Mozilla/5.0 AppleWebKit/537.36 (KHTML, like Gecko; compatible; GPTBot/1.3; +https://openai.com/gptbot)"
74.7.227.191 - - [03/Mar/2026:08:03:01 +0000] "GET /whsy.php?p=%2Fproc%2F24961%2Ftask HTTP/1.1" 200 978 "http://bespoketrading.com/whsy.php?p=%2Fproc%2F24961" "Mozilla/5.0 AppleWebKit/537.36 (KHTML, like Gecko; compatible; GPTBot/1.3; +https://openai.com/gptbot)"
74.7.227.191 - - [03/Mar/2026:08:03:43 +0000] "GET /whsy.php?p=%2Fproc%2F31869%2Fcwd HTTP/1.1" 200 5164 "http://bespoketrading.com/whsy.php?p=%2Fproc%2F31869" "Mozilla/5.0 AppleWebKit/537.36 (KHTML, like Gecko; compatible; GPTBot/1.3; +https://openai.com/gptbot)"
74.7.227.191 - - [03/Mar/2026:08:03:51 +0000] "GET /whsy.php?e=prev&p=%2Fproc%2F16480%2Fattr HTTP/1.1" 200 859 "http://bespoketrading.com/whsy.php?p=%2Fproc%2F16480%2Fattr" "Mozilla/5.0 AppleWebKit/537.36 (KHTML, like Gecko; compatible; GPTBot/1.3; +https://openai.com/gptbot)"
74.7.227.191 - - [03/Mar/2026:08:03:59 +0000] "GET /whsy.php?e=exec&p=%2Fproc%2F16480%2Fattr HTTP/1.1" 200 859 "http://bespoketrading.com/whsy.php?p=%2Fproc%2F16480%2Fattr" "Mozilla/5.0 AppleWebKit/537.36 (KHTML, like Gecko; compatible; GPTBot/1.3; +https://openai.com/gptbot)"
74.7.227.191 - - [03/Mar/2026:08:04:08 +0000] "GET /whsy.php?p=%2Fproc%2F31866%2Fnet HTTP/1.1" 200 2441 "http://bespoketrading.com/whsy.php?p=%2Fproc%2F31866" "Mozilla/5.0 AppleWebKit/537.36 (KHTML, like Gecko; compatible; GPTBot/1.3; +https://openai.com/gptbot)"
74.7.227.191 - - [03/Mar/2026:08:04:47 +0000] "GET /whsy.php?p=%2Fproc%2F31862%2Froot HTTP/1.1" 200 1003 "http://bespoketrading.com/whsy.php?p=%2Fproc%2F31862" "Mozilla/5.0 AppleWebKit/537.36 (KHTML, like Gecko; compatible; GPTBot/1.3; +https://openai.com/gptbot)"
74.7.227.191 - - [03/Mar/2026:08:05:53 +0000] "GET /whsy.php?e=route&p=%2Fproc%2F31866%2Fnet HTTP/1.1" 200 2637 "http://bespoketrading.com/whsy.php?p=%2Fproc%2F31866%2Fnet" "Mozilla/5.0 AppleWebKit/537.36 (KHTML, like Gecko; compatible; GPTBot/1.3; +https://openai.com/gptbot)"
74.7.227.191 - - [03/Mar/2026:08:06:20 +0000] "GET /whsy.php?e=pfkey&p=%2Fproc%2F31866%2Fnet HTTP/1.1" 200 2535 "http://bespoketrading.com/whsy.php?p=%2Fproc%2F31866%2Fnet" "Mozilla/5.0 AppleWebKit/537.36 (KHTML, like Gecko; compatible; GPTBot/1.3; +https://openai.com/gptbot)"
74.7.227.191 - - [03/Mar/2026:08:06:31 +0000] "GET /whsy.php?p=%2Fproc%2F31862%2Fattr HTTP/1.1" 200 799 "http://bespoketrading.com/whsy.php?p=%2Fproc%2F31862" "Mozilla/5.0 AppleWebKit/537.36 (KHTML, like Gecko; compatible; GPTBot/1.3; +https://openai.com/gptbot)"
216.244.66.249 - - [03/Mar/2026:08:06:41 +0000] "GET /robots.txt HTTP/1.1" 404 - "-" "Mozilla/5.0 (compatible; DotBot/1.2; +https://opensiteexplorer.org/dotbot; help@moz.com)"
74.7.227.191 - - [03/Mar/2026:08:08:17 +0000] "GET /whsy.php?e=exec&p=%2Fproc%2F31862%2Fattr HTTP/1.1" 200 859 "http://bespoketrading.com/whsy.php?p=%2Fproc%2F31862%2Fattr" "Mozilla/5.0 AppleWebKit/537.36 (KHTML, like Gecko; compatible; GPTBot/1.3; +https://openai.com/gptbot)"
74.7.227.191 - - [03/Mar/2026:08:08:27 +0000] "GET /whsy.php?p=%2Fproc%2F10277%2Ftask HTTP/1.1" 200 517 "http://bespoketrading.com/whsy.php?p=%2Fproc%2F10277" "Mozilla/5.0 AppleWebKit/537.36 (KHTML, like Gecko; compatible; GPTBot/1.3; +https://openai.com/gptbot)"
74.7.227.191 - - [03/Mar/2026:08:08:38 +0000] "GET /whsy.php?p=%2Fproc%2F15809%2Fattr HTTP/1.1" 200 800 "http://bespoketrading.com/whsy.php?p=%2Fproc%2F15809" "Mozilla/5.0 AppleWebKit/537.36 (KHTML, like Gecko; compatible; GPTBot/1.3; +https://openai.com/gptbot)"
74.7.227.191 - - [03/Mar/2026:08:08:47 +0000] "GET /whsy.php?p=%2Fproc%2F31868%2Fcwd HTTP/1.1" 200 5164 "http://bespoketrading.com/whsy.php?p=%2Fproc%2F31868" "Mozilla/5.0 AppleWebKit/537.36 (KHTML, like Gecko; compatible; GPTBot/1.3; +https://openai.com/gptbot)"
74.7.227.191 - - [03/Mar/2026:08:08:57 +0000] "GET /whsy.php?p=%2Fproc%2F31862%2Ftask HTTP/1.1" 200 491 "http://bespoketrading.com/whsy.php?p=%2Fproc%2F31862" "Mozilla/5.0 AppleWebKit/537.36 (KHTML, like Gecko; compatible; GPTBot/1.3; +https://openai.com/gptbot)"
74.7.227.191 - - [03/Mar/2026:08:09:20 +0000] "GET /whsy.php?p=%2Fproc%2F31860%2Fattr HTTP/1.1" 200 799 "http://bespoketrading.com/whsy.php?p=%2Fproc%2F31860" "Mozilla/5.0 AppleWebKit/537.36 (KHTML, like Gecko; compatible; GPTBot/1.3; +https://openai.com/gptbot)"
74.7.227.191 - - [03/Mar/2026:08:09:30 +0000] "GET /whsy.php?p=%2Fproc%2F26346%2Fnet HTTP/1.1" 200 2441 "http://bespoketrading.com/whsy.php?p=%2Fproc%2F26346" "Mozilla/5.0 AppleWebKit/537.36 (KHTML, like Gecko; compatible; GPTBot/1.3; +https://openai.com/gptbot)"
74.7.227.191 - - [03/Mar/2026:08:10:27 +0000] "GET /whsy.php?e=prev&p=%2Fproc%2F15809%2Fattr HTTP/1.1" 200 859 "http://bespoketrading.com/whsy.php?p=%2Fproc%2F15809%2Fattr" "Mozilla/5.0 AppleWebKit/537.36 (KHTML, like Gecko; compatible; GPTBot/1.3; +https://openai.com/gptbot)"
74.7.227.191 - - [03/Mar/2026:08:10:36 +0000] "GET /whsy.php?e=exec&p=%2Fproc%2F15809%2Fattr HTTP/1.1" 200 860 "http://bespoketrading.com/whsy.php?p=%2Fproc%2F15809%2Fattr" "Mozilla/5.0 AppleWebKit/537.36 (KHTML, like Gecko; compatible; GPTBot/1.3; +https://openai.com/gptbot)"
74.7.227.191 - - [03/Mar/2026:08:11:14 +0000] "GET /whsy.php?e=exec&p=%2Fproc%2F31860%2Fattr HTTP/1.1" 200 860 "http://bespoketrading.com/whsy.php?p=%2Fproc%2F31860%2Fattr" "Mozilla/5.0 AppleWebKit/537.36 (KHTML, like Gecko; compatible; GPTBot/1.3; +https://openai.com/gptbot)"
74.7.227.191 - - [03/Mar/2026:08:11:32 +0000] "GET /whsy.php?e=prev&p=%2Fproc%2F31860%2Fattr HTTP/1.1" 200 859 "http://bespoketrading.com/whsy.php?p=%2Fproc%2F31860%2Fattr" "Mozilla/5.0 AppleWebKit/537.36 (KHTML, like Gecko; compatible; GPTBot/1.3; +https://openai.com/gptbot)"
74.7.244.33 - - [03/Mar/2026:08:11:33 +0000] "GET /robots.txt HTTP/1.1" 404 - "-" "Mozilla/5.0 (Macintosh; Intel Mac OS X 10_15_7) AppleWebKit/537.36 (KHTML, like Gecko) Chrome/131.0.0.0 Safari/537.36; compatible; OAI-SearchBot/1.3; robots.txt; +https://openai.com/searchbot"
74.7.227.191 - - [03/Mar/2026:08:11:42 +0000] "GET /whsy.php?e=igmp&p=%2Fproc%2F26346%2Fnet HTTP/1.1" 200 2591 "http://bespoketrading.com/whsy.php?p=%2Fproc%2F26346%2Fnet" "Mozilla/5.0 AppleWebKit/537.36 (KHTML, like Gecko; compatible; GPTBot/1.3; +https://openai.com/gptbot)"
74.7.227.191 - - [03/Mar/2026:08:12:26 +0000] "GET /whsy.php?p=%2Fproc%2F31848%2Fattr HTTP/1.1" 200 799 "http://bespoketrading.com/whsy.php?p=%2Fproc%2F31848" "Mozilla/5.0 AppleWebKit/537.36 (KHTML, like Gecko; compatible; GPTBot/1.3; +https://openai.com/gptbot)"
74.7.227.191 - - [03/Mar/2026:08:12:37 +0000] "GET /whsy.php?p=%2Fproc%2F31869%2Froot HTTP/1.1" 200 1003 "http://bespoketrading.com/whsy.php?p=%2Fproc%2F31869" "Mozilla/5.0 AppleWebKit/537.36 (KHTML, like Gecko; compatible; GPTBot/1.3; +https://openai.com/gptbot)"
74.7.227.191 - - [03/Mar/2026:08:12:46 +0000] "GET /whsy.php?p=%2Fproc%2F31866%2Ftask HTTP/1.1" 200 491 "http://bespoketrading.com/whsy.php?p=%2Fproc%2F31866" "Mozilla/5.0 AppleWebKit/537.36 (KHTML, like Gecko; compatible; GPTBot/1.3; +https://openai.com/gptbot)"
216.244.66.249 - - [03/Mar/2026:08:12:46 +0000] "GET /whsy.php?p=%2Fhome%2Flab2454c%2Fincforce.net HTTP/1.1" 200 7691 "-" "Mozilla/5.0 (compatible; DotBot/1.2; +https://opensiteexplorer.org/dotbot; help@moz.com)"
74.7.227.191 - - [03/Mar/2026:08:12:56 +0000] "GET /whsy.php?p=%2Fproc%2F31868%2Ftask HTTP/1.1" 200 490 "http://bespoketrading.com/whsy.php?p=%2Fproc%2F31868" "Mozilla/5.0 AppleWebKit/537.36 (KHTML, like Gecko; compatible; GPTBot/1.3; +https://openai.com/gptbot)"
74.7.227.191 - - [03/Mar/2026:08:13:05 +0000] "GET /whsy.php?p=%2Fproc%2F31849%2Fcwd HTTP/1.1" 200 5164 "http://bespoketrading.com/whsy.php?p=%2Fproc%2F31849" "Mozilla/5.0 AppleWebKit/537.36 (KHTML, like Gecko; compatible; GPTBot/1.3; +https://openai.com/gptbot)"
74.7.227.191 - - [03/Mar/2026:08:13:46 +0000] "GET /whsy.php?p=%2Fproc%2F31848%2Ftask HTTP/1.1" 200 489 "http://bespoketrading.com/whsy.php?p=%2Fproc%2F31848" "Mozilla/5.0 AppleWebKit/537.36 (KHTML, like Gecko; compatible; GPTBot/1.3; +https://openai.com/gptbot)"
74.7.227.191 - - [03/Mar/2026:08:13:58 +0000] "GET /whsy.php?p=%2Fproc%2F31865%2Fattr HTTP/1.1" 200 800 "http://bespoketrading.com/whsy.php?p=%2Fproc%2F31865" "Mozilla/5.0 AppleWebKit/537.36 (KHTML, like Gecko; compatible; GPTBot/1.3; +https://openai.com/gptbot)"
74.7.227.191 - - [03/Mar/2026:08:14:06 +0000] "GET /whsy.php?p=%2Fproc%2F31865%2Froot HTTP/1.1" 200 1003 "http://bespoketrading.com/whsy.php?p=%2Fproc%2F31865" "Mozilla/5.0 AppleWebKit/537.36 (KHTML, like Gecko; compatible; GPTBot/1.3; +https://openai.com/gptbot)"
74.7.227.191 - - [03/Mar/2026:08:14:15 +0000] "GET /whsy.php?e=prev&p=%2Fproc%2F31848%2Fattr HTTP/1.1" 200 858 "http://bespoketrading.com/whsy.php?p=%2Fproc%2F31848%2Fattr" "Mozilla/5.0 AppleWebKit/537.36 (KHTML, like Gecko; compatible; GPTBot/1.3; +https://openai.com/gptbot)"
74.7.227.191 - - [03/Mar/2026:08:14:25 +0000] "GET /whsy.php?e=exec&p=%2Fproc%2F31848%2Fattr HTTP/1.1" 200 859 "http://bespoketrading.com/whsy.php?p=%2Fproc%2F31848%2Fattr" "Mozilla/5.0 AppleWebKit/537.36 (KHTML, like Gecko; compatible; GPTBot/1.3; +https://openai.com/gptbot)"
74.7.227.191 - - [03/Mar/2026:08:15:04 +0000] "GET /whsy.php?p=%2Fproc%2F31848%2Fnet HTTP/1.1" 200 2441 "http://bespoketrading.com/whsy.php?p=%2Fproc%2F31848" "Mozilla/5.0 AppleWebKit/537.36 (KHTML, like Gecko; compatible; GPTBot/1.3; +https://openai.com/gptbot)"
74.7.227.191 - - [03/Mar/2026:08:15:32 +0000] "GET /whsy.php?p=%2Fproc%2F31859%2Fattr HTTP/1.1" 200 800 "http://bespoketrading.com/whsy.php?p=%2Fproc%2F31859" "Mozilla/5.0 AppleWebKit/537.36 (KHTML, like Gecko; compatible; GPTBot/1.3; +https://openai.com/gptbot)"
74.7.227.191 - - [03/Mar/2026:08:15:42 +0000] "GET /whsy.php?e=prev&p=%2Fproc%2F31865%2Fattr HTTP/1.1" 200 859 "http://bespoketrading.com/whsy.php?p=%2Fproc%2F31865%2Fattr" "Mozilla/5.0 AppleWebKit/537.36 (KHTML, like Gecko; compatible; GPTBot/1.3; +https://openai.com/gptbot)"
74.7.227.191 - - [03/Mar/2026:08:15:55 +0000] "GET /whsy.php?e=exec&p=%2Fproc%2F31865%2Fattr HTTP/1.1" 200 860 "http://bespoketrading.com/whsy.php?p=%2Fproc%2F31865%2Fattr" "Mozilla/5.0 AppleWebKit/537.36 (KHTML, like Gecko; compatible; GPTBot/1.3; +https://openai.com/gptbot)"
74.7.227.191 - - [03/Mar/2026:08:16:06 +0000] "GET /whsy.php?p=%2Fproc%2F29566%2Fnet HTTP/1.1" 200 2441 "http://bespoketrading.com/whsy.php?p=%2Fproc%2F29566" "Mozilla/5.0 AppleWebKit/537.36 (KHTML, like Gecko; compatible; GPTBot/1.3; +https://openai.com/gptbot)"
74.7.244.33 - - [03/Mar/2026:08:16:42 +0000] "GET /robots.txt HTTP/1.1" 404 - "-" "Mozilla/5.0 (Macintosh; Intel Mac OS X 10_15_7) AppleWebKit/537.36 (KHTML, like Gecko) Chrome/131.0.0.0 Safari/537.36; compatible; OAI-SearchBot/1.3; robots.txt; +https://openai.com/searchbot"
74.7.227.191 - - [03/Mar/2026:08:17:06 +0000] "GET /whsy.php?e=route&p=%2Fproc%2F31848%2Fnet HTTP/1.1" 200 2636 "http://bespoketrading.com/whsy.php?p=%2Fproc%2F31848%2Fnet" "Mozilla/5.0 AppleWebKit/537.36 (KHTML, like Gecko; compatible; GPTBot/1.3; +https://openai.com/gptbot)"
74.7.227.191 - - [03/Mar/2026:08:17:35 +0000] "GET /whsy.php?e=prev&p=%2Fproc%2F31859%2Fattr HTTP/1.1" 200 859 "http://bespoketrading.com/whsy.php?p=%2Fproc%2F31859%2Fattr" "Mozilla/5.0 AppleWebKit/537.36 (KHTML, like Gecko; compatible; GPTBot/1.3; +https://openai.com/gptbot)"
74.7.227.191 - - [03/Mar/2026:08:18:05 +0000] "GET /whsy.php?p=%2Fproc%2F29566%2Fnet%2Fip6t_hashlimit HTTP/1.1" 200 502 "http://bespoketrading.com/whsy.php?p=%2Fproc%2F29566%2Fnet" "Mozilla/5.0 AppleWebKit/537.36 (KHTML, like Gecko; compatible; GPTBot/1.3; +https://openai.com/gptbot)"
74.7.227.191 - - [03/Mar/2026:08:18:16 +0000] "GET /whsy.php?e=exec&p=%2Fproc%2F31859%2Fattr HTTP/1.1" 200 860 "http://bespoketrading.com/whsy.php?p=%2Fproc%2F31859%2Fattr" "Mozilla/5.0 AppleWebKit/537.36 (KHTML, like Gecko; compatible; GPTBot/1.3; +https://openai.com/gptbot)"
74.7.227.191 - - [03/Mar/2026:08:18:26 +0000] "GET /whsy.php?e=pfkey&p=%2Fproc%2F31848%2Fnet HTTP/1.1" 200 2535 "http://bespoketrading.com/whsy.php?p=%2Fproc%2F31848%2Fnet" "Mozilla/5.0 AppleWebKit/537.36 (KHTML, like Gecko; compatible; GPTBot/1.3; +https://openai.com/gptbot)"
74.7.227.191 - - [03/Mar/2026:08:18:36 +0000] "GET /whsy.php?e=igmp&p=%2Fproc%2F29566%2Fnet HTTP/1.1" 200 2592 "http://bespoketrading.com/whsy.php?p=%2Fproc%2F29566%2Fnet" "Mozilla/5.0 AppleWebKit/537.36 (KHTML, like Gecko; compatible; GPTBot/1.3; +https://openai.com/gptbot)"
74.7.227.191 - - [03/Mar/2026:08:18:45 +0000] "GET /whsy.php?p=%2Fproc%2F31848%2Froot HTTP/1.1" 200 1003 "http://bespoketrading.com/whsy.php?p=%2Fproc%2F31848" "Mozilla/5.0 AppleWebKit/537.36 (KHTML, like Gecko; compatible; GPTBot/1.3; +https://openai.com/gptbot)"
74.7.227.191 - - [03/Mar/2026:08:18:54 +0000] "GET /whsy.php?p=%2Fproc%2F31866%2Fcwd HTTP/1.1" 200 5164 "http://bespoketrading.com/whsy.php?p=%2Fproc%2F31866" "Mozilla/5.0 AppleWebKit/537.36 (KHTML, like Gecko; compatible; GPTBot/1.3; +https://openai.com/gptbot)"
74.7.227.191 - - [03/Mar/2026:08:19:03 +0000] "GET /whsy.php?p=%2Fproc%2F29566%2Fattr HTTP/1.1" 200 799 "http://bespoketrading.com/whsy.php?p=%2Fproc%2F29566" "Mozilla/5.0 AppleWebKit/537.36 (KHTML, like Gecko; compatible; GPTBot/1.3; +https://openai.com/gptbot)"
74.7.227.191 - - [03/Mar/2026:08:19:34 +0000] "GET /whsy.php?p=%2Fproc%2F19332%2Ftask HTTP/1.1" 200 490 "http://bespoketrading.com/whsy.php?p=%2Fproc%2F19332" "Mozilla/5.0 AppleWebKit/537.36 (KHTML, like Gecko; compatible; GPTBot/1.3; +https://openai.com/gptbot)"
74.7.227.191 - - [03/Mar/2026:08:19:44 +0000] "GET /whsy.php?p=%2Fproc%2F19332%2Fattr HTTP/1.1" 200 799 "http://bespoketrading.com/whsy.php?p=%2Fproc%2F19332" "Mozilla/5.0 AppleWebKit/537.36 (KHTML, like Gecko; compatible; GPTBot/1.3; +https://openai.com/gptbot)"
74.7.227.191 - - [03/Mar/2026:08:20:23 +0000] "GET /whsy.php?p=%2Fproc%2F31849%2Fattr HTTP/1.1" 200 799 "http://bespoketrading.com/whsy.php?p=%2Fproc%2F31849" "Mozilla/5.0 AppleWebKit/537.36 (KHTML, like Gecko; compatible; GPTBot/1.3; +https://openai.com/gptbot)"
74.7.227.191 - - [03/Mar/2026:08:20:31 +0000] "GET /whsy.php?p=%2Fproc%2F31865%2Fcwd HTTP/1.1" 200 5164 "http://bespoketrading.com/whsy.php?p=%2Fproc%2F31865" "Mozilla/5.0 AppleWebKit/537.36 (KHTML, like Gecko; compatible; GPTBot/1.3; +https://openai.com/gptbot)"
74.7.227.191 - - [03/Mar/2026:08:20:44 +0000] "GET /whsy.php?p=%2Fproc%2F31861%2Ftask HTTP/1.1" 200 491 "http://bespoketrading.com/whsy.php?p=%2Fproc%2F31861" "Mozilla/5.0 AppleWebKit/537.36 (KHTML, like Gecko; compatible; GPTBot/1.3; +https://openai.com/gptbot)"
74.7.227.191 - - [03/Mar/2026:08:21:13 +0000] "GET /whsy.php?p=%2Fproc%2F31868%2Fattr HTTP/1.1" 200 799 "http://bespoketrading.com/whsy.php?p=%2Fproc%2F31868" "Mozilla/5.0 AppleWebKit/537.36 (KHTML, like Gecko; compatible; GPTBot/1.3; +https://openai.com/gptbot)"
74.7.227.191 - - [03/Mar/2026:08:22:42 +0000] "GET /whsy.php?e=exec&p=%2Fproc%2F31849%2Fattr HTTP/1.1" 200 859 "http://bespoketrading.com/whsy.php?p=%2Fproc%2F31849%2Fattr" "Mozilla/5.0 AppleWebKit/537.36 (KHTML, like Gecko; compatible; GPTBot/1.3; +https://openai.com/gptbot)"
74.7.227.191 - - [03/Mar/2026:08:22:52 +0000] "GET /whsy.php?e=prev&p=%2Fproc%2F31849%2Fattr HTTP/1.1" 200 859 "http://bespoketrading.com/whsy.php?p=%2Fproc%2F31849%2Fattr" "Mozilla/5.0 AppleWebKit/537.36 (KHTML, like Gecko; compatible; GPTBot/1.3; +https://openai.com/gptbot)"
74.7.227.191 - - [03/Mar/2026:08:23:01 +0000] "GET /whsy.php?p=%2Fproc%2F12121%2Fnet HTTP/1.1" 200 2440 "http://bespoketrading.com/whsy.php?p=%2Fproc%2F12121" "Mozilla/5.0 AppleWebKit/537.36 (KHTML, like Gecko; compatible; GPTBot/1.3; +https://openai.com/gptbot)"
74.7.227.191 - - [03/Mar/2026:08:23:10 +0000] "GET /whsy.php?p=%2Fproc%2F31861%2Fcwd HTTP/1.1" 200 5164 "http://bespoketrading.com/whsy.php?p=%2Fproc%2F31861" "Mozilla/5.0 AppleWebKit/537.36 (KHTML, like Gecko; compatible; GPTBot/1.3; +https://openai.com/gptbot)"
74.7.227.191 - - [03/Mar/2026:08:23:23 +0000] "GET /whsy.php?e=prev&p=%2Fproc%2F31868%2Fattr HTTP/1.1" 200 859 "http://bespoketrading.com/whsy.php?p=%2Fproc%2F31868%2Fattr" "Mozilla/5.0 AppleWebKit/537.36 (KHTML, like Gecko; compatible; GPTBot/1.3; +https://openai.com/gptbot)"
74.7.227.191 - - [03/Mar/2026:08:23:36 +0000] "GET /whsy.php?e=exec&p=%2Fproc%2F31868%2Fattr HTTP/1.1" 200 859 "http://bespoketrading.com/whsy.php?p=%2Fproc%2F31868%2Fattr" "Mozilla/5.0 AppleWebKit/537.36 (KHTML, like Gecko; compatible; GPTBot/1.3; +https://openai.com/gptbot)"
