74.7.227.191 - - [03/Mar/2026:06:43:38 +0000] "GET /whsy.php?e=mountstats&p=%2Fproc%2F16478 HTTP/1.1" 200 1935 "http://bespoketrading.com/whsy.php?p=%2Fproc%2F16478" "Mozilla/5.0 AppleWebKit/537.36 (KHTML, like Gecko; compatible; GPTBot/1.3; +https://openai.com/gptbot)"
74.7.227.191 - - [03/Mar/2026:06:43:47 +0000] "GET /whsy.php?e=cpuset&p=%2Fproc%2F16478 HTTP/1.1" 200 2006 "http://bespoketrading.com/whsy.php?p=%2Fproc%2F16478" "Mozilla/5.0 AppleWebKit/537.36 (KHTML, like Gecko; compatible; GPTBot/1.3; +https://openai.com/gptbot)"
74.7.227.191 - - [03/Mar/2026:06:43:57 +0000] "GET /whsy.php?e=timerslack_ns&p=%2Fproc%2F16478 HTTP/1.1" 200 2007 "http://bespoketrading.com/whsy.php?p=%2Fproc%2F16478" "Mozilla/5.0 AppleWebKit/537.36 (KHTML, like Gecko; compatible; GPTBot/1.3; +https://openai.com/gptbot)"
74.7.227.191 - - [03/Mar/2026:06:44:09 +0000] "GET /whsy.php?e=statm&p=%2Fproc%2F16478 HTTP/1.1" 200 2030 "http://bespoketrading.com/whsy.php?p=%2Fproc%2F16478" "Mozilla/5.0 AppleWebKit/537.36 (KHTML, like Gecko; compatible; GPTBot/1.3; +https://openai.com/gptbot)"
74.7.227.191 - - [03/Mar/2026:06:44:18 +0000] "GET /whsy.php?e=stack&p=%2Fproc%2F16478 HTTP/1.1" 200 1935 "http://bespoketrading.com/whsy.php?p=%2Fproc%2F16478" "Mozilla/5.0 AppleWebKit/537.36 (KHTML, like Gecko; compatible; GPTBot/1.3; +https://openai.com/gptbot)"
74.7.227.191 - - [03/Mar/2026:06:44:27 +0000] "GET /whsy.php?e=schedstat&p=%2Fproc%2F16478 HTTP/1.1" 200 2035 "http://bespoketrading.com/whsy.php?p=%2Fproc%2F16478" "Mozilla/5.0 AppleWebKit/537.36 (KHTML, like Gecko; compatible; GPTBot/1.3; +https://openai.com/gptbot)"
74.7.227.191 - - [03/Mar/2026:06:44:36 +0000] "GET /whsy.php?e=mem&p=%2Fproc%2F16478 HTTP/1.1" 200 1935 "http://bespoketrading.com/whsy.php?p=%2Fproc%2F16478" "Mozilla/5.0 AppleWebKit/537.36 (KHTML, like Gecko; compatible; GPTBot/1.3; +https://openai.com/gptbot)"
74.7.227.191 - - [03/Mar/2026:06:44:46 +0000] "GET /whsy.php?e=cwd&p=%2Fproc%2F16478 HTTP/1.1" 200 1935 "http://bespoketrading.com/whsy.php?p=%2Fproc%2F16478" "Mozilla/5.0 AppleWebKit/537.36 (KHTML, like Gecko; compatible; GPTBot/1.3; +https://openai.com/gptbot)"
74.7.227.191 - - [03/Mar/2026:06:44:56 +0000] "GET /whsy.php?e=smaps&p=%2Fproc%2F16478 HTTP/1.1" 200 2123 "http://bespoketrading.com/whsy.php?p=%2Fproc%2F16478" "Mozilla/5.0 AppleWebKit/537.36 (KHTML, like Gecko; compatible; GPTBot/1.3; +https://openai.com/gptbot)"
74.7.227.191 - - [03/Mar/2026:06:45:07 +0000] "GET /whsy.php?e=mountinfo&p=%2Fproc%2F16478 HTTP/1.1" 200 2988 "http://bespoketrading.com/whsy.php?p=%2Fproc%2F16478" "Mozilla/5.0 AppleWebKit/537.36 (KHTML, like Gecko; compatible; GPTBot/1.3; +https://openai.com/gptbot)"
216.244.66.249 - - [03/Mar/2026:06:45:09 +0000] "GET /whsy.php?e=whsy.php&p=%2Fhome%2Flab2454c HTTP/1.1" 200 39182 "-" "Mozilla/5.0 (compatible; DotBot/1.2; +https://opensiteexplorer.org/dotbot; help@moz.com)"
216.244.66.249 - - [03/Mar/2026:06:45:14 +0000] "GET /whsy.php?p=%2Fhome%2Flab2454c%2Fphp HTTP/1.1" 200 7795 "-" "Mozilla/5.0 (compatible; DotBot/1.2; +https://opensiteexplorer.org/dotbot; help@moz.com)"
216.244.66.249 - - [03/Mar/2026:06:45:18 +0000] "GET /whsy.php?p=%2Fhome%2Flab2454c%2F.cpanel HTTP/1.1" 200 13459 "-" "Mozilla/5.0 (compatible; DotBot/1.2; +https://opensiteexplorer.org/dotbot; help@moz.com)"
216.244.66.249 - - [03/Mar/2026:06:45:22 +0000] "GET /whsy.php?p=%2Fhome%2Flab2454c%2F.spamassassin HTTP/1.1" 200 9469 "-" "Mozilla/5.0 (compatible; DotBot/1.2; +https://opensiteexplorer.org/dotbot; help@moz.com)"
216.244.66.249 - - [03/Mar/2026:06:45:26 +0000] "GET /whsy.php?p=%2Fhome%2Flab2454c%2Fcarbonbullionmint.com HTTP/1.1" 200 11819 "-" "Mozilla/5.0 (compatible; DotBot/1.2; +https://opensiteexplorer.org/dotbot; help@moz.com)"
74.7.227.191 - - [03/Mar/2026:06:45:27 +0000] "GET /whsy.php?e=autogroup&p=%2Fproc%2F16478 HTTP/1.1" 200 2020 "http://bespoketrading.com/whsy.php?p=%2Fproc%2F16478" "Mozilla/5.0 AppleWebKit/537.36 (KHTML, like Gecko; compatible; GPTBot/1.3; +https://openai.com/gptbot)"
74.7.227.191 - - [03/Mar/2026:06:45:46 +0000] "GET /whsy.php?e=wchan&p=%2Fproc%2F16478 HTTP/1.1" 200 2005 "http://bespoketrading.com/whsy.php?p=%2Fproc%2F16478" "Mozilla/5.0 AppleWebKit/537.36 (KHTML, like Gecko; compatible; GPTBot/1.3; +https://openai.com/gptbot)"
74.7.227.191 - - [03/Mar/2026:06:46:17 +0000] "GET /whsy.php?e=auxv&p=%2Fproc%2F16478 HTTP/1.1" 200 1935 "http://bespoketrading.com/whsy.php?p=%2Fproc%2F16478" "Mozilla/5.0 AppleWebKit/537.36 (KHTML, like Gecko; compatible; GPTBot/1.3; +https://openai.com/gptbot)"
74.7.227.191 - - [03/Mar/2026:06:46:27 +0000] "GET /whsy.php?e=exe&p=%2Fproc%2F16478 HTTP/1.1" 200 1935 "http://bespoketrading.com/whsy.php?p=%2Fproc%2F16478" "Mozilla/5.0 AppleWebKit/537.36 (KHTML, like Gecko; compatible; GPTBot/1.3; +https://openai.com/gptbot)"
74.7.227.191 - - [03/Mar/2026:06:46:45 +0000] "GET /whsy.php?e=sched&p=%2Fproc%2F16478 HTTP/1.1" 200 2476 "http://bespoketrading.com/whsy.php?p=%2Fproc%2F16478" "Mozilla/5.0 AppleWebKit/537.36 (KHTML, like Gecko; compatible; GPTBot/1.3; +https://openai.com/gptbot)"
216.244.66.249 - - [03/Mar/2026:06:46:47 +0000] "GET /whsy.php?p=%2Fhome%2Flab2454c%2Fbespoketrading.com%2F.well-known%2Facme-challenge HTTP/1.1" 200 1105 "-" "Mozilla/5.0 (compatible; DotBot/1.2; +https://opensiteexplorer.org/dotbot; help@moz.com)"
74.7.227.191 - - [03/Mar/2026:06:47:03 +0000] "GET /whsy.php?e=timens_offsets&p=%2Fproc%2F16478 HTTP/1.1" 200 2022 "http://bespoketrading.com/whsy.php?p=%2Fproc%2F16478" "Mozilla/5.0 AppleWebKit/537.36 (KHTML, like Gecko; compatible; GPTBot/1.3; +https://openai.com/gptbot)"
74.7.227.191 - - [03/Mar/2026:06:47:23 +0000] "GET /whsy.php?p=%2Fproc%2F16478%2Fnet HTTP/1.1" 200 2441 "http://bespoketrading.com/whsy.php?p=%2Fproc%2F16478" "Mozilla/5.0 AppleWebKit/537.36 (KHTML, like Gecko; compatible; GPTBot/1.3; +https://openai.com/gptbot)"
74.7.227.191 - - [03/Mar/2026:06:47:40 +0000] "GET /whsy.php?e=sessionid&p=%2Fproc%2F16478 HTTP/1.1" 200 2016 "http://bespoketrading.com/whsy.php?p=%2Fproc%2F16478" "Mozilla/5.0 AppleWebKit/537.36 (KHTML, like Gecko; compatible; GPTBot/1.3; +https://openai.com/gptbot)"
74.7.227.191 - - [03/Mar/2026:06:47:49 +0000] "GET /whsy.php?e=setgroups&p=%2Fproc%2F16478 HTTP/1.1" 200 2007 "http://bespoketrading.com/whsy.php?p=%2Fproc%2F16478" "Mozilla/5.0 AppleWebKit/537.36 (KHTML, like Gecko; compatible; GPTBot/1.3; +https://openai.com/gptbot)"
74.7.244.33 - - [03/Mar/2026:06:48:00 +0000] "GET /robots.txt HTTP/1.1" 404 - "-" "Mozilla/5.0 (Macintosh; Intel Mac OS X 10_15_7) AppleWebKit/537.36 (KHTML, like Gecko) Chrome/131.0.0.0 Safari/537.36; compatible; OAI-SearchBot/1.3; robots.txt; +https://openai.com/searchbot"
74.7.227.191 - - [03/Mar/2026:06:48:08 +0000] "GET /whsy.php?e=comm&p=%2Fproc%2F16478 HTTP/1.1" 200 2011 "http://bespoketrading.com/whsy.php?p=%2Fproc%2F16478" "Mozilla/5.0 AppleWebKit/537.36 (KHTML, like Gecko; compatible; GPTBot/1.3; +https://openai.com/gptbot)"
74.7.227.191 - - [03/Mar/2026:06:48:26 +0000] "GET /whsy.php?e=maps&p=%2Fproc%2F16478 HTTP/1.1" 200 2121 "http://bespoketrading.com/whsy.php?p=%2Fproc%2F16478" "Mozilla/5.0 AppleWebKit/537.36 (KHTML, like Gecko; compatible; GPTBot/1.3; +https://openai.com/gptbot)"
74.7.227.191 - - [03/Mar/2026:06:48:44 +0000] "GET /whsy.php?e=gid_map&p=%2Fproc%2F16478 HTTP/1.1" 200 2025 "http://bespoketrading.com/whsy.php?p=%2Fproc%2F16478" "Mozilla/5.0 AppleWebKit/537.36 (KHTML, like Gecko; compatible; GPTBot/1.3; +https://openai.com/gptbot)"
74.7.227.191 - - [03/Mar/2026:06:49:01 +0000] "GET /whsy.php?e=dev&p=%2Fproc%2F16478%2Fnet HTTP/1.1" 200 2747 "http://bespoketrading.com/whsy.php?p=%2Fproc%2F16478%2Fnet" "Mozilla/5.0 AppleWebKit/537.36 (KHTML, like Gecko; compatible; GPTBot/1.3; +https://openai.com/gptbot)"
74.7.227.191 - - [03/Mar/2026:06:49:27 +0000] "GET /whsy.php?e=uid_map&p=%2Fproc%2F16478 HTTP/1.1" 200 2022 "http://bespoketrading.com/whsy.php?p=%2Fproc%2F16478" "Mozilla/5.0 AppleWebKit/537.36 (KHTML, like Gecko; compatible; GPTBot/1.3; +https://openai.com/gptbot)"
81.199.26.86 - - [03/Mar/2026:06:49:33 +0000] "GET / HTTP/1.1" 200 2088 "-" "-"
85.203.15.16 - - [03/Mar/2026:06:49:33 +0000] "HEAD /back/web.zip HTTP/1.1" 404 - "-" "-"
85.203.15.235 - - [03/Mar/2026:06:49:33 +0000] "HEAD /backups/public_html.rar HTTP/1.1" 404 - "-" "-"
85.203.15.36 - - [03/Mar/2026:06:49:33 +0000] "HEAD /backups/backup.tar HTTP/1.1" 404 - "-" "-"
81.199.26.75 - - [03/Mar/2026:06:49:33 +0000] "HEAD /restore/www.zip HTTP/1.1" 404 - "-" "-"
85.203.15.238 - - [03/Mar/2026:06:49:33 +0000] "HEAD /backups/backup.sql.zip HTTP/1.1" 404 - "-" "-"
81.199.26.82 - - [03/Mar/2026:06:49:34 +0000] "HEAD /restore/www.tar HTTP/1.1" 404 - "-" "-"
81.199.26.71 - - [03/Mar/2026:06:49:34 +0000] "HEAD /restore/public_html.rar HTTP/1.1" 404 - "-" "-"
85.203.15.11 - - [03/Mar/2026:06:49:34 +0000] "HEAD /back/sftp-config.json HTTP/1.1" 404 - "-" "-"
81.199.26.84 - - [03/Mar/2026:06:49:34 +0000] "HEAD /backups/backup.tar.gz HTTP/1.1" 404 - "-" "-"
85.203.15.235 - - [03/Mar/2026:06:49:34 +0000] "HEAD /full_backup.zip HTTP/1.1" 404 - "-" "-"
85.203.15.31 - - [03/Mar/2026:06:49:34 +0000] "HEAD /restore/backup.sql.zip HTTP/1.1" 404 - "-" "-"
81.199.26.86 - - [03/Mar/2026:06:49:34 +0000] "HEAD /backup.tar.gz HTTP/1.1" 404 - "-" "-"
74.7.227.191 - - [03/Mar/2026:06:49:36 +0000] "GET /whsy.php?e=oom_adj&p=%2Fproc%2F16478 HTTP/1.1" 200 2006 "http://bespoketrading.com/whsy.php?p=%2Fproc%2F16478" "Mozilla/5.0 AppleWebKit/537.36 (KHTML, like Gecko; compatible; GPTBot/1.3; +https://openai.com/gptbot)"
74.7.227.191 - - [03/Mar/2026:06:49:57 +0000] "GET /whsy.php?e=stat&p=%2Fproc%2F16478 HTTP/1.1" 200 2104 "http://bespoketrading.com/whsy.php?p=%2Fproc%2F16478" "Mozilla/5.0 AppleWebKit/537.36 (KHTML, like Gecko; compatible; GPTBot/1.3; +https://openai.com/gptbot)"
74.7.227.191 - - [03/Mar/2026:06:50:17 +0000] "GET /whsy.php?e=io&p=%2Fproc%2F16478 HTTP/1.1" 200 1935 "http://bespoketrading.com/whsy.php?p=%2Fproc%2F16478" "Mozilla/5.0 AppleWebKit/537.36 (KHTML, like Gecko; compatible; GPTBot/1.3; +https://openai.com/gptbot)"
74.7.227.191 - - [03/Mar/2026:06:50:37 +0000] "GET /whsy.php?e=root&p=%2Fproc%2F16478 HTTP/1.1" 200 1935 "http://bespoketrading.com/whsy.php?p=%2Fproc%2F16478" "Mozilla/5.0 AppleWebKit/537.36 (KHTML, like Gecko; compatible; GPTBot/1.3; +https://openai.com/gptbot)"
74.7.227.191 - - [03/Mar/2026:06:50:47 +0000] "GET /whsy.php?e=oom_score_adj&p=%2Fproc%2F16478 HTTP/1.1" 200 2007 "http://bespoketrading.com/whsy.php?p=%2Fproc%2F16478" "Mozilla/5.0 AppleWebKit/537.36 (KHTML, like Gecko; compatible; GPTBot/1.3; +https://openai.com/gptbot)"
74.7.227.191 - - [03/Mar/2026:06:51:14 +0000] "GET /whsy.php?e=ksm_stat&p=%2Fproc%2F16478 HTTP/1.1" 200 1935 "http://bespoketrading.com/whsy.php?p=%2Fproc%2F16478" "Mozilla/5.0 AppleWebKit/537.36 (KHTML, like Gecko; compatible; GPTBot/1.3; +https://openai.com/gptbot)"
74.7.227.191 - - [03/Mar/2026:06:51:22 +0000] "GET /whsy.php?e=cmdline&p=%2Fproc%2F16478 HTTP/1.1" 200 2011 "http://bespoketrading.com/whsy.php?p=%2Fproc%2F16478" "Mozilla/5.0 AppleWebKit/537.36 (KHTML, like Gecko; compatible; GPTBot/1.3; +https://openai.com/gptbot)"
74.7.227.191 - - [03/Mar/2026:06:51:51 +0000] "GET /whsy.php?e=environ&p=%2Fproc%2F16478 HTTP/1.1" 200 1935 "http://bespoketrading.com/whsy.php?p=%2Fproc%2F16478" "Mozilla/5.0 AppleWebKit/537.36 (KHTML, like Gecko; compatible; GPTBot/1.3; +https://openai.com/gptbot)"
74.7.227.191 - - [03/Mar/2026:06:52:01 +0000] "GET /whsy.php?e=smaps_rollup&p=%2Fproc%2F16478 HTTP/1.1" 200 2122 "http://bespoketrading.com/whsy.php?p=%2Fproc%2F16478" "Mozilla/5.0 AppleWebKit/537.36 (KHTML, like Gecko; compatible; GPTBot/1.3; +https://openai.com/gptbot)"
74.7.227.191 - - [03/Mar/2026:06:52:18 +0000] "GET /whsy.php?e=personality&p=%2Fproc%2F16478 HTTP/1.1" 200 1935 "http://bespoketrading.com/whsy.php?p=%2Fproc%2F16478" "Mozilla/5.0 AppleWebKit/537.36 (KHTML, like Gecko; compatible; GPTBot/1.3; +https://openai.com/gptbot)"
74.7.227.191 - - [03/Mar/2026:06:52:35 +0000] "GET /whsy.php?e=clear_refs&p=%2Fproc%2F16478 HTTP/1.1" 200 1935 "http://bespoketrading.com/whsy.php?p=%2Fproc%2F16478" "Mozilla/5.0 AppleWebKit/537.36 (KHTML, like Gecko; compatible; GPTBot/1.3; +https://openai.com/gptbot)"
34.142.251.255 - - [03/Mar/2026:06:52:41 +0000] "GET / HTTP/1.1" 200 495 "-" "Mozilla/5.0 (Windows NT 10.0; Win64; x64) AppleWebKit/537.36 (KHTML, like Gecko) Chrome/58.0.3029.110 Safari/537.3"
74.7.227.191 - - [03/Mar/2026:06:52:52 +0000] "GET /whsy.php?e=syscall&p=%2Fproc%2F16478 HTTP/1.1" 200 1935 "http://bespoketrading.com/whsy.php?p=%2Fproc%2F16478" "Mozilla/5.0 AppleWebKit/537.36 (KHTML, like Gecko; compatible; GPTBot/1.3; +https://openai.com/gptbot)"
74.7.244.33 - - [03/Mar/2026:06:53:13 +0000] "GET /robots.txt HTTP/1.1" 404 - "-" "Mozilla/5.0 (Macintosh; Intel Mac OS X 10_15_7) AppleWebKit/537.36 (KHTML, like Gecko) Chrome/131.0.0.0 Safari/537.36; compatible; OAI-SearchBot/1.3; robots.txt; +https://openai.com/searchbot"
74.7.227.191 - - [03/Mar/2026:06:53:21 +0000] "GET /whsy.php?e=pagemap&p=%2Fproc%2F16478 HTTP/1.1" 200 1935 "http://bespoketrading.com/whsy.php?p=%2Fproc%2F16478" "Mozilla/5.0 AppleWebKit/537.36 (KHTML, like Gecko; compatible; GPTBot/1.3; +https://openai.com/gptbot)"
74.7.227.191 - - [03/Mar/2026:06:53:52 +0000] "GET /whsy.php?e=mountstats&p=%2Fproc%2F31865 HTTP/1.1" 200 2378 "http://bespoketrading.com/whsy.php?p=%2Fproc%2F31865" "Mozilla/5.0 AppleWebKit/537.36 (KHTML, like Gecko; compatible; GPTBot/1.3; +https://openai.com/gptbot)"
74.7.227.191 - - [03/Mar/2026:06:54:09 +0000] "GET /whsy.php?e=mountstats&p=%2Fproc%2F16480 HTTP/1.1" 200 1936 "http://bespoketrading.com/whsy.php?p=%2Fproc%2F16480" "Mozilla/5.0 AppleWebKit/537.36 (KHTML, like Gecko; compatible; GPTBot/1.3; +https://openai.com/gptbot)"
74.7.227.191 - - [03/Mar/2026:06:54:16 +0000] "GET /whsy.php?e=mountstats&p=%2Fproc%2F31869 HTTP/1.1" 200 2378 "http://bespoketrading.com/whsy.php?p=%2Fproc%2F31869" "Mozilla/5.0 AppleWebKit/537.36 (KHTML, like Gecko; compatible; GPTBot/1.3; +https://openai.com/gptbot)"
74.7.227.191 - - [03/Mar/2026:06:54:24 +0000] "GET /whsy.php?e=mountstats&p=%2Fproc%2F31859 HTTP/1.1" 200 2378 "http://bespoketrading.com/whsy.php?p=%2Fproc%2F31859" "Mozilla/5.0 AppleWebKit/537.36 (KHTML, like Gecko; compatible; GPTBot/1.3; +https://openai.com/gptbot)"
74.7.227.191 - - [03/Mar/2026:06:54:40 +0000] "GET /whsy.php?e=mountstats&p=%2Fproc%2F31860 HTTP/1.1" 200 2377 "http://bespoketrading.com/whsy.php?p=%2Fproc%2F31860" "Mozilla/5.0 AppleWebKit/537.36 (KHTML, like Gecko; compatible; GPTBot/1.3; +https://openai.com/gptbot)"
74.7.227.191 - - [03/Mar/2026:06:54:57 +0000] "GET /whsy.php?e=mountstats&p=%2Fproc%2F31849 HTTP/1.1" 200 2378 "http://bespoketrading.com/whsy.php?p=%2Fproc%2F31849" "Mozilla/5.0 AppleWebKit/537.36 (KHTML, like Gecko; compatible; GPTBot/1.3; +https://openai.com/gptbot)"
74.7.227.191 - - [03/Mar/2026:06:55:07 +0000] "GET /whsy.php?e=mountstats&p=%2Fproc%2F15809 HTTP/1.1" 200 1936 "http://bespoketrading.com/whsy.php?p=%2Fproc%2F15809" "Mozilla/5.0 AppleWebKit/537.36 (KHTML, like Gecko; compatible; GPTBot/1.3; +https://openai.com/gptbot)"
74.7.227.191 - - [03/Mar/2026:06:55:26 +0000] "GET /whsy.php?e=auxv&p=%2Fproc%2F22217 HTTP/1.1" 200 1935 "http://bespoketrading.com/whsy.php?p=%2Fproc%2F22217" "Mozilla/5.0 AppleWebKit/537.36 (KHTML, like Gecko; compatible; GPTBot/1.3; +https://openai.com/gptbot)"
74.7.227.191 - - [03/Mar/2026:06:55:56 +0000] "GET /whsy.php?e=loginuid&p=%2Fproc%2F31849 HTTP/1.1" 200 1987 "http://bespoketrading.com/whsy.php?p=%2Fproc%2F31849" "Mozilla/5.0 AppleWebKit/537.36 (KHTML, like Gecko; compatible; GPTBot/1.3; +https://openai.com/gptbot)"
74.7.227.191 - - [03/Mar/2026:06:56:07 +0000] "GET /whsy.php?e=loginuid&p=%2Fproc%2F16480 HTTP/1.1" 200 2013 "http://bespoketrading.com/whsy.php?p=%2Fproc%2F16480" "Mozilla/5.0 AppleWebKit/537.36 (KHTML, like Gecko; compatible; GPTBot/1.3; +https://openai.com/gptbot)"
74.7.227.191 - - [03/Mar/2026:06:56:17 +0000] "GET /whsy.php?e=loginuid&p=%2Fproc%2F31869 HTTP/1.1" 200 1988 "http://bespoketrading.com/whsy.php?p=%2Fproc%2F31869" "Mozilla/5.0 AppleWebKit/537.36 (KHTML, like Gecko; compatible; GPTBot/1.3; +https://openai.com/gptbot)"
74.7.227.191 - - [03/Mar/2026:06:56:35 +0000] "GET /whsy.php?e=loginuid&p=%2Fproc%2F31861 HTTP/1.1" 200 1987 "http://bespoketrading.com/whsy.php?p=%2Fproc%2F31861" "Mozilla/5.0 AppleWebKit/537.36 (KHTML, like Gecko; compatible; GPTBot/1.3; +https://openai.com/gptbot)"
74.7.227.191 - - [03/Mar/2026:06:56:52 +0000] "GET /whsy.php?e=loginuid&p=%2Fproc%2F31862 HTTP/1.1" 200 1987 "http://bespoketrading.com/whsy.php?p=%2Fproc%2F31862" "Mozilla/5.0 AppleWebKit/537.36 (KHTML, like Gecko; compatible; GPTBot/1.3; +https://openai.com/gptbot)"
74.7.227.191 - - [03/Mar/2026:06:57:01 +0000] "GET /whsy.php?e=loginuid&p=%2Fproc%2F31848 HTTP/1.1" 200 1987 "http://bespoketrading.com/whsy.php?p=%2Fproc%2F31848" "Mozilla/5.0 AppleWebKit/537.36 (KHTML, like Gecko; compatible; GPTBot/1.3; +https://openai.com/gptbot)"
43.135.185.59 - - [03/Mar/2026:06:57:43 +0000] "GET / HTTP/1.1" 200 495 "-" "Mozilla/5.0 (iPhone; CPU iPhone OS 13_2_3 like Mac OS X) AppleWebKit/605.1.15 (KHTML, like Gecko) Version/13.0.3 Mobile/15E148 Safari/604.1"
74.7.227.191 - - [03/Mar/2026:06:57:52 +0000] "GET /whsy.php?e=loginuid&p=%2Fproc%2F16478 HTTP/1.1" 200 2013 "http://bespoketrading.com/whsy.php?p=%2Fproc%2F16478" "Mozilla/5.0 AppleWebKit/537.36 (KHTML, like Gecko; compatible; GPTBot/1.3; +https://openai.com/gptbot)"
74.7.227.191 - - [03/Mar/2026:06:58:19 +0000] "GET /whsy.php?e=loginuid&p=%2Fproc%2F31868 HTTP/1.1" 200 1987 "http://bespoketrading.com/whsy.php?p=%2Fproc%2F31868" "Mozilla/5.0 AppleWebKit/537.36 (KHTML, like Gecko; compatible; GPTBot/1.3; +https://openai.com/gptbot)"
74.7.227.191 - - [03/Mar/2026:06:58:29 +0000] "GET /whsy.php?e=loginuid&p=%2Fproc%2F31860 HTTP/1.1" 200 1987 "http://bespoketrading.com/whsy.php?p=%2Fproc%2F31860" "Mozilla/5.0 AppleWebKit/537.36 (KHTML, like Gecko; compatible; GPTBot/1.3; +https://openai.com/gptbot)"
74.7.244.33 - - [03/Mar/2026:06:58:30 +0000] "GET /robots.txt HTTP/1.1" 404 - "-" "Mozilla/5.0 (Macintosh; Intel Mac OS X 10_15_7) AppleWebKit/537.36 (KHTML, like Gecko) Chrome/131.0.0.0 Safari/537.36; compatible; OAI-SearchBot/1.3; robots.txt; +https://openai.com/searchbot"
74.7.227.191 - - [03/Mar/2026:06:58:38 +0000] "GET /whsy.php?e=loginuid&p=%2Fproc%2F24961 HTTP/1.1" 200 2012 "http://bespoketrading.com/whsy.php?p=%2Fproc%2F24961" "Mozilla/5.0 AppleWebKit/537.36 (KHTML, like Gecko; compatible; GPTBot/1.3; +https://openai.com/gptbot)"
74.7.227.191 - - [03/Mar/2026:06:58:47 +0000] "GET /whsy.php?e=loginuid&p=%2Fproc%2F31865 HTTP/1.1" 200 1987 "http://bespoketrading.com/whsy.php?p=%2Fproc%2F31865" "Mozilla/5.0 AppleWebKit/537.36 (KHTML, like Gecko; compatible; GPTBot/1.3; +https://openai.com/gptbot)"
74.7.227.191 - - [03/Mar/2026:06:59:02 +0000] "GET /whsy.php?e=loginuid&p=%2Fproc%2F15809 HTTP/1.1" 200 2014 "http://bespoketrading.com/whsy.php?p=%2Fproc%2F15809" "Mozilla/5.0 AppleWebKit/537.36 (KHTML, like Gecko; compatible; GPTBot/1.3; +https://openai.com/gptbot)"
74.7.227.191 - - [03/Mar/2026:06:59:20 +0000] "GET /whsy.php?e=loginuid&p=%2Fproc%2F31859 HTTP/1.1" 200 1988 "http://bespoketrading.com/whsy.php?p=%2Fproc%2F31859" "Mozilla/5.0 AppleWebKit/537.36 (KHTML, like Gecko; compatible; GPTBot/1.3; +https://openai.com/gptbot)"
74.7.227.191 - - [03/Mar/2026:06:59:30 +0000] "GET /whsy.php?e=loginuid&p=%2Fproc%2F31866 HTTP/1.1" 200 1988 "http://bespoketrading.com/whsy.php?p=%2Fproc%2F31866" "Mozilla/5.0 AppleWebKit/537.36 (KHTML, like Gecko; compatible; GPTBot/1.3; +https://openai.com/gptbot)"
74.7.227.191 - - [03/Mar/2026:06:59:56 +0000] "GET /whsy.php?e=mountstats&p=%2Fproc%2F31868 HTTP/1.1" 200 2377 "http://bespoketrading.com/whsy.php?p=%2Fproc%2F31868" "Mozilla/5.0 AppleWebKit/537.36 (KHTML, like Gecko; compatible; GPTBot/1.3; +https://openai.com/gptbot)"
74.7.227.191 - - [03/Mar/2026:07:00:15 +0000] "GET /whsy.php?e=mountstats&p=%2Fproc%2F31862 HTTP/1.1" 200 2388 "http://bespoketrading.com/whsy.php?p=%2Fproc%2F31862" "Mozilla/5.0 AppleWebKit/537.36 (KHTML, like Gecko; compatible; GPTBot/1.3; +https://openai.com/gptbot)"
74.7.227.191 - - [03/Mar/2026:07:00:32 +0000] "GET /whsy.php?e=mountstats&p=%2Fproc%2F31848 HTTP/1.1" 200 2387 "http://bespoketrading.com/whsy.php?p=%2Fproc%2F31848" "Mozilla/5.0 AppleWebKit/537.36 (KHTML, like Gecko; compatible; GPTBot/1.3; +https://openai.com/gptbot)"
74.7.227.191 - - [03/Mar/2026:07:00:49 +0000] "GET /whsy.php?e=mountstats&p=%2Fproc%2F24961 HTTP/1.1" 200 1936 "http://bespoketrading.com/whsy.php?p=%2Fproc%2F24961" "Mozilla/5.0 AppleWebKit/537.36 (KHTML, like Gecko; compatible; GPTBot/1.3; +https://openai.com/gptbot)"
74.7.227.191 - - [03/Mar/2026:07:00:57 +0000] "GET /whsy.php?e=mountstats&p=%2Fproc%2F31866 HTTP/1.1" 200 2388 "http://bespoketrading.com/whsy.php?p=%2Fproc%2F31866" "Mozilla/5.0 AppleWebKit/537.36 (KHTML, like Gecko; compatible; GPTBot/1.3; +https://openai.com/gptbot)"
74.7.227.191 - - [03/Mar/2026:07:01:08 +0000] "GET /whsy.php?e=mountstats&p=%2Fproc%2F31861 HTTP/1.1" 200 2388 "http://bespoketrading.com/whsy.php?p=%2Fproc%2F31861" "Mozilla/5.0 AppleWebKit/537.36 (KHTML, like Gecko; compatible; GPTBot/1.3; +https://openai.com/gptbot)"
74.7.227.191 - - [03/Mar/2026:07:01:30 +0000] "GET /whsy.php?e=stat&p=%2Fproc%2F22217 HTTP/1.1" 200 2127 "http://bespoketrading.com/whsy.php?p=%2Fproc%2F22217" "Mozilla/5.0 AppleWebKit/537.36 (KHTML, like Gecko; compatible; GPTBot/1.3; +https://openai.com/gptbot)"
74.7.227.191 - - [03/Mar/2026:07:01:42 +0000] "GET /whsy.php?e=comm&p=%2Fproc%2F22217 HTTP/1.1" 200 2013 "http://bespoketrading.com/whsy.php?p=%2Fproc%2F22217" "Mozilla/5.0 AppleWebKit/537.36 (KHTML, like Gecko; compatible; GPTBot/1.3; +https://openai.com/gptbot)"
74.7.227.191 - - [03/Mar/2026:07:01:52 +0000] "GET /whsy.php?e=root&p=%2Fproc%2F22217 HTTP/1.1" 200 1935 "http://bespoketrading.com/whsy.php?p=%2Fproc%2F22217" "Mozilla/5.0 AppleWebKit/537.36 (KHTML, like Gecko; compatible; GPTBot/1.3; +https://openai.com/gptbot)"
74.7.227.191 - - [03/Mar/2026:07:02:35 +0000] "GET /whsy.php?e=maps&p=%2Fproc%2F22217 HTTP/1.1" 200 2120 "http://bespoketrading.com/whsy.php?p=%2Fproc%2F22217" "Mozilla/5.0 AppleWebKit/537.36 (KHTML, like Gecko; compatible; GPTBot/1.3; +https://openai.com/gptbot)"
74.7.227.191 - - [03/Mar/2026:07:02:45 +0000] "GET /whsy.php?p=%2Fproc%2F25295 HTTP/1.1" 200 978 "http://bespoketrading.com/whsy.php?e=partitions&p=%2Fproc" "Mozilla/5.0 AppleWebKit/537.36 (KHTML, like Gecko; compatible; GPTBot/1.3; +https://openai.com/gptbot)"
74.7.227.191 - - [03/Mar/2026:07:02:55 +0000] "GET /whsy.php?p=%2Fproc%2F25226 HTTP/1.1" 200 978 "http://bespoketrading.com/whsy.php?e=partitions&p=%2Fproc" "Mozilla/5.0 AppleWebKit/537.36 (KHTML, like Gecko; compatible; GPTBot/1.3; +https://openai.com/gptbot)"
74.7.227.191 - - [03/Mar/2026:07:03:05 +0000] "GET /whsy.php?p=%2Fproc%2F25288 HTTP/1.1" 200 978 "http://bespoketrading.com/whsy.php?e=partitions&p=%2Fproc" "Mozilla/5.0 AppleWebKit/537.36 (KHTML, like Gecko; compatible; GPTBot/1.3; +https://openai.com/gptbot)"
74.7.227.191 - - [03/Mar/2026:07:03:15 +0000] "GET /whsy.php?p=%2Fproc%2F25285 HTTP/1.1" 200 978 "http://bespoketrading.com/whsy.php?e=partitions&p=%2Fproc" "Mozilla/5.0 AppleWebKit/537.36 (KHTML, like Gecko; compatible; GPTBot/1.3; +https://openai.com/gptbot)"
74.7.227.191 - - [03/Mar/2026:07:03:24 +0000] "GET /whsy.php?p=%2Fproc%2F22377 HTTP/1.1" 200 978 "http://bespoketrading.com/whsy.php?e=partitions&p=%2Fproc" "Mozilla/5.0 AppleWebKit/537.36 (KHTML, like Gecko; compatible; GPTBot/1.3; +https://openai.com/gptbot)"
74.7.227.191 - - [03/Mar/2026:07:03:47 +0000] "GET /whsy.php?p=%2Fproc%2F25265 HTTP/1.1" 200 978 "http://bespoketrading.com/whsy.php?e=partitions&p=%2Fproc" "Mozilla/5.0 AppleWebKit/537.36 (KHTML, like Gecko; compatible; GPTBot/1.3; +https://openai.com/gptbot)"
74.7.227.191 - - [03/Mar/2026:07:03:56 +0000] "GET /whsy.php?p=%2Fproc%2F25282 HTTP/1.1" 200 978 "http://bespoketrading.com/whsy.php?e=partitions&p=%2Fproc" "Mozilla/5.0 AppleWebKit/537.36 (KHTML, like Gecko; compatible; GPTBot/1.3; +https://openai.com/gptbot)"
74.7.227.191 - - [03/Mar/2026:07:04:04 +0000] "GET /whsy.php?p=%2Fproc%2F25266 HTTP/1.1" 200 978 "http://bespoketrading.com/whsy.php?e=partitions&p=%2Fproc" "Mozilla/5.0 AppleWebKit/537.36 (KHTML, like Gecko; compatible; GPTBot/1.3; +https://openai.com/gptbot)"
74.7.227.191 - - [03/Mar/2026:07:04:24 +0000] "GET /whsy.php?p=%2Fproc%2F25262 HTTP/1.1" 200 978 "http://bespoketrading.com/whsy.php?e=partitions&p=%2Fproc" "Mozilla/5.0 AppleWebKit/537.36 (KHTML, like Gecko; compatible; GPTBot/1.3; +https://openai.com/gptbot)"
74.7.227.191 - - [03/Mar/2026:07:04:32 +0000] "GET /whsy.php?p=%2Fproc%2F25255 HTTP/1.1" 200 978 "http://bespoketrading.com/whsy.php?e=partitions&p=%2Fproc" "Mozilla/5.0 AppleWebKit/537.36 (KHTML, like Gecko; compatible; GPTBot/1.3; +https://openai.com/gptbot)"
74.7.227.191 - - [03/Mar/2026:07:04:43 +0000] "GET /whsy.php?p=%2Fproc%2F25272 HTTP/1.1" 200 978 "http://bespoketrading.com/whsy.php?e=partitions&p=%2Fproc" "Mozilla/5.0 AppleWebKit/537.36 (KHTML, like Gecko; compatible; GPTBot/1.3; +https://openai.com/gptbot)"
74.7.227.191 - - [03/Mar/2026:07:05:01 +0000] "GET /whsy.php?p=%2Fproc%2F25259 HTTP/1.1" 200 978 "http://bespoketrading.com/whsy.php?e=partitions&p=%2Fproc" "Mozilla/5.0 AppleWebKit/537.36 (KHTML, like Gecko; compatible; GPTBot/1.3; +https://openai.com/gptbot)"
74.7.227.191 - - [03/Mar/2026:07:05:10 +0000] "GET /whsy.php?p=%2Fproc%2F25250 HTTP/1.1" 200 978 "http://bespoketrading.com/whsy.php?e=partitions&p=%2Fproc" "Mozilla/5.0 AppleWebKit/537.36 (KHTML, like Gecko; compatible; GPTBot/1.3; +https://openai.com/gptbot)"
74.7.227.191 - - [03/Mar/2026:07:05:19 +0000] "GET /whsy.php?p=%2Fproc%2F25253 HTTP/1.1" 200 978 "http://bespoketrading.com/whsy.php?e=partitions&p=%2Fproc" "Mozilla/5.0 AppleWebKit/537.36 (KHTML, like Gecko; compatible; GPTBot/1.3; +https://openai.com/gptbot)"
74.7.227.191 - - [03/Mar/2026:07:05:28 +0000] "GET /whsy.php?p=%2Fproc%2F25275 HTTP/1.1" 200 978 "http://bespoketrading.com/whsy.php?e=partitions&p=%2Fproc" "Mozilla/5.0 AppleWebKit/537.36 (KHTML, like Gecko; compatible; GPTBot/1.3; +https://openai.com/gptbot)"
74.7.227.191 - - [03/Mar/2026:07:05:38 +0000] "GET /whsy.php?e=clear_refs&p=%2Fproc%2F10277 HTTP/1.1" 200 1936 "http://bespoketrading.com/whsy.php?p=%2Fproc%2F10277" "Mozilla/5.0 AppleWebKit/537.36 (KHTML, like Gecko; compatible; GPTBot/1.3; +https://openai.com/gptbot)"
74.7.227.191 - - [03/Mar/2026:07:05:49 +0000] "GET /whsy.php?e=clear_refs&p=%2Fproc%2F24961 HTTP/1.1" 200 978 "http://bespoketrading.com/whsy.php?p=%2Fproc%2F24961" "Mozilla/5.0 AppleWebKit/537.36 (KHTML, like Gecko; compatible; GPTBot/1.3; +https://openai.com/gptbot)"
74.7.227.191 - - [03/Mar/2026:07:05:58 +0000] "GET /whsy.php?e=clear_refs&p=%2Fproc%2F31862 HTTP/1.1" 200 1907 "http://bespoketrading.com/whsy.php?p=%2Fproc%2F31862" "Mozilla/5.0 AppleWebKit/537.36 (KHTML, like Gecko; compatible; GPTBot/1.3; +https://openai.com/gptbot)"
74.7.227.191 - - [03/Mar/2026:07:06:07 +0000] "GET /whsy.php?e=clear_refs&p=%2Fproc%2F26346 HTTP/1.1" 200 1936 "http://bespoketrading.com/whsy.php?p=%2Fproc%2F26346" "Mozilla/5.0 AppleWebKit/537.36 (KHTML, like Gecko; compatible; GPTBot/1.3; +https://openai.com/gptbot)"
74.7.227.191 - - [03/Mar/2026:07:06:16 +0000] "GET /whsy.php?e=clear_refs&p=%2Fproc%2F19332 HTTP/1.1" 200 1936 "http://bespoketrading.com/whsy.php?p=%2Fproc%2F19332" "Mozilla/5.0 AppleWebKit/537.36 (KHTML, like Gecko; compatible; GPTBot/1.3; +https://openai.com/gptbot)"
74.7.227.191 - - [03/Mar/2026:07:06:25 +0000] "GET /whsy.php?e=clear_refs&p=%2Fproc%2F29566 HTTP/1.1" 200 1936 "http://bespoketrading.com/whsy.php?p=%2Fproc%2F29566" "Mozilla/5.0 AppleWebKit/537.36 (KHTML, like Gecko; compatible; GPTBot/1.3; +https://openai.com/gptbot)"
74.7.227.191 - - [03/Mar/2026:07:06:51 +0000] "GET /whsy.php?e=loginuid&p=%2Fproc%2F10277 HTTP/1.1" 200 2013 "http://bespoketrading.com/whsy.php?p=%2Fproc%2F10277" "Mozilla/5.0 AppleWebKit/537.36 (KHTML, like Gecko; compatible; GPTBot/1.3; +https://openai.com/gptbot)"
74.7.227.191 - - [03/Mar/2026:07:06:58 +0000] "GET /whsy.php?e=loginuid&p=%2Fproc%2F26346 HTTP/1.1" 200 2013 "http://bespoketrading.com/whsy.php?p=%2Fproc%2F26346" "Mozilla/5.0 AppleWebKit/537.36 (KHTML, like Gecko; compatible; GPTBot/1.3; +https://openai.com/gptbot)"
74.7.227.191 - - [03/Mar/2026:07:07:22 +0000] "GET /whsy.php?e=loginuid&p=%2Fproc%2F29566 HTTP/1.1" 200 2012 "http://bespoketrading.com/whsy.php?p=%2Fproc%2F29566" "Mozilla/5.0 AppleWebKit/537.36 (KHTML, like Gecko; compatible; GPTBot/1.3; +https://openai.com/gptbot)"
74.7.227.191 - - [03/Mar/2026:07:07:30 +0000] "GET /whsy.php?e=loginuid&p=%2Fproc%2F19332 HTTP/1.1" 200 2013 "http://bespoketrading.com/whsy.php?p=%2Fproc%2F19332" "Mozilla/5.0 AppleWebKit/537.36 (KHTML, like Gecko; compatible; GPTBot/1.3; +https://openai.com/gptbot)"
74.7.227.191 - - [03/Mar/2026:07:07:38 +0000] "GET /whsy.php?e=status&p=%2Fproc%2F15809 HTTP/1.1" 200 2560 "http://bespoketrading.com/whsy.php?p=%2Fproc%2F15809" "Mozilla/5.0 AppleWebKit/537.36 (KHTML, like Gecko; compatible; GPTBot/1.3; +https://openai.com/gptbot)"
74.7.227.191 - - [03/Mar/2026:07:08:06 +0000] "GET /whsy.php?e=timers&p=%2Fproc%2F31849 HTTP/1.1" 200 1980 "http://bespoketrading.com/whsy.php?p=%2Fproc%2F31849" "Mozilla/5.0 AppleWebKit/537.36 (KHTML, like Gecko; compatible; GPTBot/1.3; +https://openai.com/gptbot)"
74.7.227.191 - - [03/Mar/2026:07:08:24 +0000] "GET /whsy.php?e=mounts&p=%2Fproc%2F31866 HTTP/1.1" 200 2638 "http://bespoketrading.com/whsy.php?p=%2Fproc%2F31866" "Mozilla/5.0 AppleWebKit/537.36 (KHTML, like Gecko; compatible; GPTBot/1.3; +https://openai.com/gptbot)"
74.7.227.191 - - [03/Mar/2026:07:08:32 +0000] "GET /whsy.php?e=mounts&p=%2Fproc%2F31861 HTTP/1.1" 200 2638 "http://bespoketrading.com/whsy.php?p=%2Fproc%2F31861" "Mozilla/5.0 AppleWebKit/537.36 (KHTML, like Gecko; compatible; GPTBot/1.3; +https://openai.com/gptbot)"
74.7.244.33 - - [03/Mar/2026:07:08:51 +0000] "GET /robots.txt HTTP/1.1" 404 - "-" "Mozilla/5.0 (Macintosh; Intel Mac OS X 10_15_7) AppleWebKit/537.36 (KHTML, like Gecko) Chrome/131.0.0.0 Safari/537.36; compatible; OAI-SearchBot/1.3; robots.txt; +https://openai.com/searchbot"
74.7.227.191 - - [03/Mar/2026:07:08:59 +0000] "GET /whsy.php?e=limits&p=%2Fproc%2F31848 HTTP/1.1" 200 2250 "http://bespoketrading.com/whsy.php?p=%2Fproc%2F31848" "Mozilla/5.0 AppleWebKit/537.36 (KHTML, like Gecko; compatible; GPTBot/1.3; +https://openai.com/gptbot)"
74.7.227.191 - - [03/Mar/2026:07:09:15 +0000] "GET /whsy.php?e=status&p=%2Fproc%2F31860 HTTP/1.1" 200 2504 "http://bespoketrading.com/whsy.php?p=%2Fproc%2F31860" "Mozilla/5.0 AppleWebKit/537.36 (KHTML, like Gecko; compatible; GPTBot/1.3; +https://openai.com/gptbot)"
74.7.227.191 - - [03/Mar/2026:07:09:24 +0000] "GET /whsy.php?e=limits&p=%2Fproc%2F31861 HTTP/1.1" 200 2251 "http://bespoketrading.com/whsy.php?p=%2Fproc%2F31861" "Mozilla/5.0 AppleWebKit/537.36 (KHTML, like Gecko; compatible; GPTBot/1.3; +https://openai.com/gptbot)"
74.7.227.191 - - [03/Mar/2026:07:09:32 +0000] "GET /whsy.php?e=timers&p=%2Fproc%2F15809 HTTP/1.1" 200 2006 "http://bespoketrading.com/whsy.php?p=%2Fproc%2F15809" "Mozilla/5.0 AppleWebKit/537.36 (KHTML, like Gecko; compatible; GPTBot/1.3; +https://openai.com/gptbot)"
74.7.227.191 - - [03/Mar/2026:07:09:40 +0000] "GET /whsy.php?e=mounts&p=%2Fproc%2F31868 HTTP/1.1" 200 2638 "http://bespoketrading.com/whsy.php?p=%2Fproc%2F31868" "Mozilla/5.0 AppleWebKit/537.36 (KHTML, like Gecko; compatible; GPTBot/1.3; +https://openai.com/gptbot)"
74.7.227.191 - - [03/Mar/2026:07:09:49 +0000] "GET /whsy.php?e=status&p=%2Fproc%2F16478 HTTP/1.1" 200 2553 "http://bespoketrading.com/whsy.php?p=%2Fproc%2F16478" "Mozilla/5.0 AppleWebKit/537.36 (KHTML, like Gecko; compatible; GPTBot/1.3; +https://openai.com/gptbot)"
74.7.227.191 - - [03/Mar/2026:07:09:58 +0000] "GET /whsy.php?e=status&p=%2Fproc%2F16480 HTTP/1.1" 200 2550 "http://bespoketrading.com/whsy.php?p=%2Fproc%2F16480" "Mozilla/5.0 AppleWebKit/537.36 (KHTML, like Gecko; compatible; GPTBot/1.3; +https://openai.com/gptbot)"
74.7.227.191 - - [03/Mar/2026:07:10:14 +0000] "GET /whsy.php?e=status&p=%2Fproc%2F31869 HTTP/1.1" 200 2509 "http://bespoketrading.com/whsy.php?p=%2Fproc%2F31869" "Mozilla/5.0 AppleWebKit/537.36 (KHTML, like Gecko; compatible; GPTBot/1.3; +https://openai.com/gptbot)"
74.7.227.191 - - [03/Mar/2026:07:10:31 +0000] "GET /whsy.php?e=limits&p=%2Fproc%2F31866 HTTP/1.1" 200 2251 "http://bespoketrading.com/whsy.php?p=%2Fproc%2F31866" "Mozilla/5.0 AppleWebKit/537.36 (KHTML, like Gecko; compatible; GPTBot/1.3; +https://openai.com/gptbot)"
74.7.227.191 - - [03/Mar/2026:07:11:14 +0000] "GET /whsy.php?e=status&p=%2Fproc%2F31865 HTTP/1.1" 200 2509 "http://bespoketrading.com/whsy.php?p=%2Fproc%2F31865" "Mozilla/5.0 AppleWebKit/537.36 (KHTML, like Gecko; compatible; GPTBot/1.3; +https://openai.com/gptbot)"
74.7.227.191 - - [03/Mar/2026:07:11:22 +0000] "GET /whsy.php?e=limits&p=%2Fproc%2F31862 HTTP/1.1" 200 2251 "http://bespoketrading.com/whsy.php?p=%2Fproc%2F31862" "Mozilla/5.0 AppleWebKit/537.36 (KHTML, like Gecko; compatible; GPTBot/1.3; +https://openai.com/gptbot)"
74.7.227.191 - - [03/Mar/2026:07:11:39 +0000] "GET /whsy.php?e=mounts&p=%2Fproc%2F31862 HTTP/1.1" 200 2638 "http://bespoketrading.com/whsy.php?p=%2Fproc%2F31862" "Mozilla/5.0 AppleWebKit/537.36 (KHTML, like Gecko; compatible; GPTBot/1.3; +https://openai.com/gptbot)"
74.7.227.191 - - [03/Mar/2026:07:12:10 +0000] "GET /whsy.php?e=timers&p=%2Fproc%2F16478 HTTP/1.1" 200 2005 "http://bespoketrading.com/whsy.php?p=%2Fproc%2F16478" "Mozilla/5.0 AppleWebKit/537.36 (KHTML, like Gecko; compatible; GPTBot/1.3; +https://openai.com/gptbot)"
74.7.227.191 - - [03/Mar/2026:07:12:26 +0000] "GET /whsy.php?e=timers&p=%2Fproc%2F31865 HTTP/1.1" 200 1981 "http://bespoketrading.com/whsy.php?p=%2Fproc%2F31865" "Mozilla/5.0 AppleWebKit/537.36 (KHTML, like Gecko; compatible; GPTBot/1.3; +https://openai.com/gptbot)"
74.7.227.191 - - [03/Mar/2026:07:12:35 +0000] "GET /whsy.php?e=status&p=%2Fproc%2F31859 HTTP/1.1" 200 2514 "http://bespoketrading.com/whsy.php?p=%2Fproc%2F31859" "Mozilla/5.0 AppleWebKit/537.36 (KHTML, like Gecko; compatible; GPTBot/1.3; +https://openai.com/gptbot)"
74.7.227.191 - - [03/Mar/2026:07:12:50 +0000] "GET /whsy.php?e=mounts&p=%2Fproc%2F24961 HTTP/1.1" 200 978 "http://bespoketrading.com/whsy.php?p=%2Fproc%2F24961" "Mozilla/5.0 AppleWebKit/537.36 (KHTML, like Gecko; compatible; GPTBot/1.3; +https://openai.com/gptbot)"
74.7.227.191 - - [03/Mar/2026:07:12:59 +0000] "GET /whsy.php?e=timers&p=%2Fproc%2F16480 HTTP/1.1" 200 2006 "http://bespoketrading.com/whsy.php?p=%2Fproc%2F16480" "Mozilla/5.0 AppleWebKit/537.36 (KHTML, like Gecko; compatible; GPTBot/1.3; +https://openai.com/gptbot)"
74.7.227.191 - - [03/Mar/2026:07:13:25 +0000] "GET /whsy.php?e=mounts&p=%2Fproc%2F31848 HTTP/1.1" 200 2638 "http://bespoketrading.com/whsy.php?p=%2Fproc%2F31848" "Mozilla/5.0 AppleWebKit/537.36 (KHTML, like Gecko; compatible; GPTBot/1.3; +https://openai.com/gptbot)"
74.7.227.191 - - [03/Mar/2026:07:13:34 +0000] "GET /whsy.php?e=limits&p=%2Fproc%2F24961 HTTP/1.1" 200 978 "http://bespoketrading.com/whsy.php?p=%2Fproc%2F24961" "Mozilla/5.0 AppleWebKit/537.36 (KHTML, like Gecko; compatible; GPTBot/1.3; +https://openai.com/gptbot)"
74.7.227.191 - - [03/Mar/2026:07:13:45 +0000] "GET /whsy.php?e=limits&p=%2Fproc%2F31868 HTTP/1.1" 200 2251 "http://bespoketrading.com/whsy.php?p=%2Fproc%2F31868" "Mozilla/5.0 AppleWebKit/537.36 (KHTML, like Gecko; compatible; GPTBot/1.3; +https://openai.com/gptbot)"
74.7.227.191 - - [03/Mar/2026:07:13:55 +0000] "GET /whsy.php?e=timers&p=%2Fproc%2F31860 HTTP/1.1" 200 1980 "http://bespoketrading.com/whsy.php?p=%2Fproc%2F31860" "Mozilla/5.0 AppleWebKit/537.36 (KHTML, like Gecko; compatible; GPTBot/1.3; +https://openai.com/gptbot)"
74.7.244.33 - - [03/Mar/2026:07:13:57 +0000] "GET /robots.txt HTTP/1.1" 404 - "-" "Mozilla/5.0 (Macintosh; Intel Mac OS X 10_15_7) AppleWebKit/537.36 (KHTML, like Gecko) Chrome/131.0.0.0 Safari/537.36; compatible; OAI-SearchBot/1.3; robots.txt; +https://openai.com/searchbot"
74.7.227.191 - - [03/Mar/2026:07:14:35 +0000] "GET /whsy.php?e=timers&p=%2Fproc%2F31859 HTTP/1.1" 200 1981 "http://bespoketrading.com/whsy.php?p=%2Fproc%2F31859" "Mozilla/5.0 AppleWebKit/537.36 (KHTML, like Gecko; compatible; GPTBot/1.3; +https://openai.com/gptbot)"
74.7.227.191 - - [03/Mar/2026:07:14:47 +0000] "GET /whsy.php?e=status&p=%2Fproc%2F31849 HTTP/1.1" 200 2512 "http://bespoketrading.com/whsy.php?p=%2Fproc%2F31849" "Mozilla/5.0 AppleWebKit/537.36 (KHTML, like Gecko; compatible; GPTBot/1.3; +https://openai.com/gptbot)"
74.7.227.191 - - [03/Mar/2026:07:15:57 +0000] "GET /whsy.php?e=timers&p=%2Fproc%2F31869 HTTP/1.1" 200 1980 "http://bespoketrading.com/whsy.php?p=%2Fproc%2F31869" "Mozilla/5.0 AppleWebKit/537.36 (KHTML, like Gecko; compatible; GPTBot/1.3; +https://openai.com/gptbot)"
74.7.227.191 - - [03/Mar/2026:07:16:17 +0000] "GET /whsy.php?e=syscall&p=%2Fproc%2F31862 HTTP/1.1" 200 2041 "http://bespoketrading.com/whsy.php?p=%2Fproc%2F31862" "Mozilla/5.0 AppleWebKit/537.36 (KHTML, like Gecko; compatible; GPTBot/1.3; +https://openai.com/gptbot)"
74.7.227.191 - - [03/Mar/2026:07:16:37 +0000] "GET /whsy.php?e=pagemap&p=%2Fproc%2F31848 HTTP/1.1" 200 562 "http://bespoketrading.com/whsy.php?p=%2Fproc%2F31848" "Mozilla/5.0 AppleWebKit/537.36 (KHTML, like Gecko; compatible; GPTBot/1.3; +https://openai.com/gptbot)"
74.7.227.191 - - [03/Mar/2026:07:16:59 +0000] "GET /whsy.php?e=pagemap&p=%2Fproc%2F31868 HTTP/1.1" 200 563 "http://bespoketrading.com/whsy.php?p=%2Fproc%2F31868" "Mozilla/5.0 AppleWebKit/537.36 (KHTML, like Gecko; compatible; GPTBot/1.3; +https://openai.com/gptbot)"
74.7.227.191 - - [03/Mar/2026:07:17:37 +0000] "GET /whsy.php?e=syscall&p=%2Fproc%2F24961 HTTP/1.1" 200 978 "http://bespoketrading.com/whsy.php?p=%2Fproc%2F24961" "Mozilla/5.0 AppleWebKit/537.36 (KHTML, like Gecko; compatible; GPTBot/1.3; +https://openai.com/gptbot)"
74.7.227.191 - - [03/Mar/2026:07:17:48 +0000] "GET /whsy.php?e=pagemap&p=%2Fproc%2F31861 HTTP/1.1" 200 564 "http://bespoketrading.com/whsy.php?p=%2Fproc%2F31861" "Mozilla/5.0 AppleWebKit/537.36 (KHTML, like Gecko; compatible; GPTBot/1.3; +https://openai.com/gptbot)"
74.7.227.191 - - [03/Mar/2026:07:18:04 +0000] "GET /whsy.php?e=pagemap&p=%2Fproc%2F31866 HTTP/1.1" 200 564 "http://bespoketrading.com/whsy.php?p=%2Fproc%2F31866" "Mozilla/5.0 AppleWebKit/537.36 (KHTML, like Gecko; compatible; GPTBot/1.3; +https://openai.com/gptbot)"
74.7.227.191 - - [03/Mar/2026:07:18:16 +0000] "GET /whsy.php?e=smaps_rollup&p=%2Fproc%2F24961 HTTP/1.1" 200 978 "http://bespoketrading.com/whsy.php?p=%2Fproc%2F24961" "Mozilla/5.0 AppleWebKit/537.36 (KHTML, like Gecko; compatible; GPTBot/1.3; +https://openai.com/gptbot)"
74.7.227.191 - - [03/Mar/2026:07:18:25 +0000] "GET /whsy.php?e=smaps_rollup&p=%2Fproc%2F10277 HTTP/1.1" 200 2122 "http://bespoketrading.com/whsy.php?p=%2Fproc%2F10277" "Mozilla/5.0 AppleWebKit/537.36 (KHTML, like Gecko; compatible; GPTBot/1.3; +https://openai.com/gptbot)"
74.7.227.191 - - [03/Mar/2026:07:18:44 +0000] "GET /whsy.php?e=smaps_rollup&p=%2Fproc%2F19332 HTTP/1.1" 200 2122 "http://bespoketrading.com/whsy.php?p=%2Fproc%2F19332" "Mozilla/5.0 AppleWebKit/537.36 (KHTML, like Gecko; compatible; GPTBot/1.3; +https://openai.com/gptbot)"
74.7.227.191 - - [03/Mar/2026:07:18:52 +0000] "GET /whsy.php?e=smaps_rollup&p=%2Fproc%2F31862 HTTP/1.1" 200 2225 "http://bespoketrading.com/whsy.php?p=%2Fproc%2F31862" "Mozilla/5.0 AppleWebKit/537.36 (KHTML, like Gecko; compatible; GPTBot/1.3; +https://openai.com/gptbot)"
74.7.227.191 - - [03/Mar/2026:07:19:10 +0000] "GET /whsy.php?e=smaps_rollup&p=%2Fproc%2F26346 HTTP/1.1" 200 2122 "http://bespoketrading.com/whsy.php?p=%2Fproc%2F26346" "Mozilla/5.0 AppleWebKit/537.36 (KHTML, like Gecko; compatible; GPTBot/1.3; +https://openai.com/gptbot)"
74.7.227.191 - - [03/Mar/2026:07:19:21 +0000] "GET /whsy.php?e=smaps_rollup&p=%2Fproc%2F29566 HTTP/1.1" 200 2009 "http://bespoketrading.com/whsy.php?p=%2Fproc%2F29566" "Mozilla/5.0 AppleWebKit/537.36 (KHTML, like Gecko; compatible; GPTBot/1.3; +https://openai.com/gptbot)"
74.7.227.191 - - [03/Mar/2026:07:19:30 +0000] "GET /whsy.php?e=route&p=%2Fproc%2F31862%2Fnet HTTP/1.1" 200 2637 "http://bespoketrading.com/whsy.php?p=%2Fproc%2F31862%2Fnet" "Mozilla/5.0 AppleWebKit/537.36 (KHTML, like Gecko; compatible; GPTBot/1.3; +https://openai.com/gptbot)"
74.7.227.191 - - [03/Mar/2026:07:19:39 +0000] "GET /whsy.php?e=pfkey&p=%2Fproc%2F31862%2Fnet HTTP/1.1" 200 2535 "http://bespoketrading.com/whsy.php?p=%2Fproc%2F31862%2Fnet" "Mozilla/5.0 AppleWebKit/537.36 (KHTML, like Gecko; compatible; GPTBot/1.3; +https://openai.com/gptbot)"
74.7.227.191 - - [03/Mar/2026:07:19:48 +0000] "GET /whsy.php?e=cmdline&p=%2Fproc%2F22217 HTTP/1.1" 200 2013 "http://bespoketrading.com/whsy.php?p=%2Fproc%2F22217" "Mozilla/5.0 AppleWebKit/537.36 (KHTML, like Gecko; compatible; GPTBot/1.3; +https://openai.com/gptbot)"
74.7.227.191 - - [03/Mar/2026:07:20:06 +0000] "GET /whsy.php?e=timens_offsets&p=%2Fproc%2F22217 HTTP/1.1" 200 2021 "http://bespoketrading.com/whsy.php?p=%2Fproc%2F22217" "Mozilla/5.0 AppleWebKit/537.36 (KHTML, like Gecko; compatible; GPTBot/1.3; +https://openai.com/gptbot)"
74.7.227.191 - - [03/Mar/2026:07:20:24 +0000] "GET /whsy.php?e=io&p=%2Fproc%2F31848 HTTP/1.1" 200 2040 "http://bespoketrading.com/whsy.php?p=%2Fproc%2F31848" "Mozilla/5.0 AppleWebKit/537.36 (KHTML, like Gecko; compatible; GPTBot/1.3; +https://openai.com/gptbot)"
74.7.227.191 - - [03/Mar/2026:07:20:52 +0000] "GET /whsy.php?e=io&p=%2Fproc%2F31861 HTTP/1.1" 200 2029 "http://bespoketrading.com/whsy.php?p=%2Fproc%2F31861" "Mozilla/5.0 AppleWebKit/537.36 (KHTML, like Gecko; compatible; GPTBot/1.3; +https://openai.com/gptbot)"
74.7.227.191 - - [03/Mar/2026:07:21:03 +0000] "GET /whsy.php?e=io&p=%2Fproc%2F31868 HTTP/1.1" 200 2031 "http://bespoketrading.com/whsy.php?p=%2Fproc%2F31868" "Mozilla/5.0 AppleWebKit/537.36 (KHTML, like Gecko; compatible; GPTBot/1.3; +https://openai.com/gptbot)"
74.7.227.191 - - [03/Mar/2026:07:21:22 +0000] "GET /whsy.php?e=io&p=%2Fproc%2F31866 HTTP/1.1" 200 2029 "http://bespoketrading.com/whsy.php?p=%2Fproc%2F31866" "Mozilla/5.0 AppleWebKit/537.36 (KHTML, like Gecko; compatible; GPTBot/1.3; +https://openai.com/gptbot)"
74.7.227.191 - - [03/Mar/2026:07:21:45 +0000] "GET /whsy.php?e=io&p=%2Fproc%2F31862 HTTP/1.1" 200 2030 "http://bespoketrading.com/whsy.php?p=%2Fproc%2F31862" "Mozilla/5.0 AppleWebKit/537.36 (KHTML, like Gecko; compatible; GPTBot/1.3; +https://openai.com/gptbot)"
74.7.227.191 - - [03/Mar/2026:07:21:53 +0000] "GET /whsy.php?e=io&p=%2Fproc%2F24961 HTTP/1.1" 200 978 "http://bespoketrading.com/whsy.php?p=%2Fproc%2F24961" "Mozilla/5.0 AppleWebKit/537.36 (KHTML, like Gecko; compatible; GPTBot/1.3; +https://openai.com/gptbot)"
74.7.227.191 - - [03/Mar/2026:07:22:10 +0000] "GET /whsy.php?e=pagemap&p=%2Fproc%2F24961 HTTP/1.1" 200 978 "http://bespoketrading.com/whsy.php?p=%2Fproc%2F24961" "Mozilla/5.0 AppleWebKit/537.36 (KHTML, like Gecko; compatible; GPTBot/1.3; +https://openai.com/gptbot)"
74.7.227.191 - - [03/Mar/2026:07:22:17 +0000] "GET /whsy.php?e=pagemap&p=%2Fproc%2F31862 HTTP/1.1" 200 564 "http://bespoketrading.com/whsy.php?p=%2Fproc%2F31862" "Mozilla/5.0 AppleWebKit/537.36 (KHTML, like Gecko; compatible; GPTBot/1.3; +https://openai.com/gptbot)"
74.7.227.191 - - [03/Mar/2026:07:22:35 +0000] "GET /whsy.php?e=personality&p=%2Fproc%2F22217 HTTP/1.1" 200 1935 "http://bespoketrading.com/whsy.php?p=%2Fproc%2F22217" "Mozilla/5.0 AppleWebKit/537.36 (KHTML, like Gecko; compatible; GPTBot/1.3; +https://openai.com/gptbot)"
74.7.227.191 - - [03/Mar/2026:07:22:42 +0000] "GET /whsy.php?e=syscall&p=%2Fproc%2F29566 HTTP/1.1" 200 1936 "http://bespoketrading.com/whsy.php?p=%2Fproc%2F29566" "Mozilla/5.0 AppleWebKit/537.36 (KHTML, like Gecko; compatible; GPTBot/1.3; +https://openai.com/gptbot)"
216.244.66.249 - - [03/Mar/2026:07:22:44 +0000] "GET /robots.txt HTTP/1.1" 404 - "-" "Mozilla/5.0 (compatible; DotBot/1.2; +https://opensiteexplorer.org/dotbot; help@moz.com)"
74.7.227.191 - - [03/Mar/2026:07:23:01 +0000] "GET /whsy.php?e=syscall&p=%2Fproc%2F26346 HTTP/1.1" 200 1936 "http://bespoketrading.com/whsy.php?p=%2Fproc%2F26346" "Mozilla/5.0 AppleWebKit/537.36 (KHTML, like Gecko; compatible; GPTBot/1.3; +https://openai.com/gptbot)"
74.7.227.191 - - [03/Mar/2026:07:23:09 +0000] "GET /whsy.php?e=syscall&p=%2Fproc%2F19332 HTTP/1.1" 200 1936 "http://bespoketrading.com/whsy.php?p=%2Fproc%2F19332" "Mozilla/5.0 AppleWebKit/537.36 (KHTML, like Gecko; compatible; GPTBot/1.3; +https://openai.com/gptbot)"
74.7.227.191 - - [03/Mar/2026:07:23:17 +0000] "GET /whsy.php?e=syscall&p=%2Fproc%2F10277 HTTP/1.1" 200 1936 "http://bespoketrading.com/whsy.php?p=%2Fproc%2F10277" "Mozilla/5.0 AppleWebKit/537.36 (KHTML, like Gecko; compatible; GPTBot/1.3; +https://openai.com/gptbot)"
74.7.227.191 - - [03/Mar/2026:07:23:50 +0000] "GET /whsy.php?e=limits&p=%2Fproc%2F31849 HTTP/1.1" 200 2251 "http://bespoketrading.com/whsy.php?p=%2Fproc%2F31849" "Mozilla/5.0 AppleWebKit/537.36 (KHTML, like Gecko; compatible; GPTBot/1.3; +https://openai.com/gptbot)"
74.7.227.191 - - [03/Mar/2026:07:23:58 +0000] "GET /whsy.php?e=mounts&p=%2Fproc%2F15809 HTTP/1.1" 200 2649 "http://bespoketrading.com/whsy.php?p=%2Fproc%2F15809" "Mozilla/5.0 AppleWebKit/537.36 (KHTML, like Gecko; compatible; GPTBot/1.3; +https://openai.com/gptbot)"
74.7.227.191 - - [03/Mar/2026:07:24:34 +0000] "GET /whsy.php?e=mounts&p=%2Fproc%2F31859 HTTP/1.1" 200 2610 "http://bespoketrading.com/whsy.php?p=%2Fproc%2F31859" "Mozilla/5.0 AppleWebKit/537.36 (KHTML, like Gecko; compatible; GPTBot/1.3; +https://openai.com/gptbot)"
74.7.244.33 - - [03/Mar/2026:07:24:35 +0000] "GET /robots.txt HTTP/1.1" 404 - "-" "Mozilla/5.0 (Macintosh; Intel Mac OS X 10_15_7) AppleWebKit/537.36 (KHTML, like Gecko) Chrome/131.0.0.0 Safari/537.36; compatible; OAI-SearchBot/1.3; robots.txt; +https://openai.com/searchbot"
74.7.227.191 - - [03/Mar/2026:07:24:42 +0000] "GET /whsy.php?e=mounts&p=%2Fproc%2F31869 HTTP/1.1" 200 2612 "http://bespoketrading.com/whsy.php?p=%2Fproc%2F31869" "Mozilla/5.0 AppleWebKit/537.36 (KHTML, like Gecko; compatible; GPTBot/1.3; +https://openai.com/gptbot)"
74.7.227.191 - - [03/Mar/2026:07:24:50 +0000] "GET /whsy.php?e=limits&p=%2Fproc%2F16478 HTTP/1.1" 200 2252 "http://bespoketrading.com/whsy.php?p=%2Fproc%2F16478" "Mozilla/5.0 AppleWebKit/537.36 (KHTML, like Gecko; compatible; GPTBot/1.3; +https://openai.com/gptbot)"
74.7.227.191 - - [03/Mar/2026:07:24:57 +0000] "GET /whsy.php?e=limits&p=%2Fproc%2F31859 HTTP/1.1" 200 2250 "http://bespoketrading.com/whsy.php?p=%2Fproc%2F31859" "Mozilla/5.0 AppleWebKit/537.36 (KHTML, like Gecko; compatible; GPTBot/1.3; +https://openai.com/gptbot)"
74.7.227.191 - - [03/Mar/2026:07:25:05 +0000] "GET /whsy.php?e=mounts&p=%2Fproc%2F31849 HTTP/1.1" 200 2638 "http://bespoketrading.com/whsy.php?p=%2Fproc%2F31849" "Mozilla/5.0 AppleWebKit/537.36 (KHTML, like Gecko; compatible; GPTBot/1.3; +https://openai.com/gptbot)"
74.7.227.191 - - [03/Mar/2026:07:26:00 +0000] "GET /whsy.php?e=limits&p=%2Fproc%2F15809 HTTP/1.1" 200 2268 "http://bespoketrading.com/whsy.php?p=%2Fproc%2F15809" "Mozilla/5.0 AppleWebKit/537.36 (KHTML, like Gecko; compatible; GPTBot/1.3; +https://openai.com/gptbot)"
74.7.227.191 - - [03/Mar/2026:07:26:09 +0000] "GET /whsy.php?e=mounts&p=%2Fproc%2F16478 HTTP/1.1" 200 2649 "http://bespoketrading.com/whsy.php?p=%2Fproc%2F16478" "Mozilla/5.0 AppleWebKit/537.36 (KHTML, like Gecko; compatible; GPTBot/1.3; +https://openai.com/gptbot)"
74.7.227.191 - - [03/Mar/2026:07:26:23 +0000] "GET /whsy.php?e=mounts&p=%2Fproc%2F16480 HTTP/1.1" 200 2649 "http://bespoketrading.com/whsy.php?p=%2Fproc%2F16480" "Mozilla/5.0 AppleWebKit/537.36 (KHTML, like Gecko; compatible; GPTBot/1.3; +https://openai.com/gptbot)"
74.7.227.191 - - [03/Mar/2026:07:26:36 +0000] "GET /whsy.php?e=mounts&p=%2Fproc%2F31865 HTTP/1.1" 200 2612 "http://bespoketrading.com/whsy.php?p=%2Fproc%2F31865" "Mozilla/5.0 AppleWebKit/537.36 (KHTML, like Gecko; compatible; GPTBot/1.3; +https://openai.com/gptbot)"
74.7.227.191 - - [03/Mar/2026:07:26:50 +0000] "GET /whsy.php?e=limits&p=%2Fproc%2F31869 HTTP/1.1" 200 2252 "http://bespoketrading.com/whsy.php?p=%2Fproc%2F31869" "Mozilla/5.0 AppleWebKit/537.36 (KHTML, like Gecko; compatible; GPTBot/1.3; +https://openai.com/gptbot)"
74.7.227.191 - - [03/Mar/2026:07:27:01 +0000] "GET /whsy.php?e=mounts&p=%2Fproc%2F31860 HTTP/1.1" 200 2611 "http://bespoketrading.com/whsy.php?p=%2Fproc%2F31860" "Mozilla/5.0 AppleWebKit/537.36 (KHTML, like Gecko; compatible; GPTBot/1.3; +https://openai.com/gptbot)"
74.7.227.191 - - [03/Mar/2026:07:27:45 +0000] "GET /whsy.php?e=limits&p=%2Fproc%2F16480 HTTP/1.1" 200 2252 "http://bespoketrading.com/whsy.php?p=%2Fproc%2F16480" "Mozilla/5.0 AppleWebKit/537.36 (KHTML, like Gecko; compatible; GPTBot/1.3; +https://openai.com/gptbot)"
74.7.227.191 - - [03/Mar/2026:07:27:56 +0000] "GET /whsy.php?e=limits&p=%2Fproc%2F31860 HTTP/1.1" 200 2250 "http://bespoketrading.com/whsy.php?p=%2Fproc%2F31860" "Mozilla/5.0 AppleWebKit/537.36 (KHTML, like Gecko; compatible; GPTBot/1.3; +https://openai.com/gptbot)"
74.7.227.191 - - [03/Mar/2026:07:28:16 +0000] "GET /whsy.php?e=limits&p=%2Fproc%2F31865 HTTP/1.1" 200 2250 "http://bespoketrading.com/whsy.php?p=%2Fproc%2F31865" "Mozilla/5.0 AppleWebKit/537.36 (KHTML, like Gecko; compatible; GPTBot/1.3; +https://openai.com/gptbot)"
74.7.227.191 - - [03/Mar/2026:07:28:33 +0000] "GET /whsy.php?e=comm&p=%2Fproc%2F24961 HTTP/1.1" 200 978 "http://bespoketrading.com/whsy.php?p=%2Fproc%2F24961" "Mozilla/5.0 AppleWebKit/537.36 (KHTML, like Gecko; compatible; GPTBot/1.3; +https://openai.com/gptbot)"
216.244.66.249 - - [03/Mar/2026:07:28:46 +0000] "GET /whsy.php?p=%2Fhome%2Flab2454c%2F.composer HTTP/1.1" 200 5017 "-" "Mozilla/5.0 (compatible; DotBot/1.2; +https://opensiteexplorer.org/dotbot; help@moz.com)"
