139.59.127.187 - - [02/Mar/2026:15:12:56 +0000] "GET /ftp-sync.json HTTP/1.1" 404 - "-" "Mozilla/5.0 (Macintosh; Intel Mac OS X 10.15; rv:77.0) Gecko/20100101 Firefox/77.0"
139.59.127.187 - - [02/Mar/2026:15:12:57 +0000] "GET /.ftp-sync.json HTTP/1.1" 404 - "-" "Mozilla/5.0 (Macintosh; Intel Mac OS X 10.15; rv:77.0) Gecko/20100101 Firefox/77.0"
139.59.127.187 - - [02/Mar/2026:15:12:57 +0000] "GET /ftp-config.json HTTP/1.1" 404 - "-" "Mozilla/5.0 (Macintosh; Intel Mac OS X 10.15; rv:77.0) Gecko/20100101 Firefox/77.0"
139.59.127.187 - - [02/Mar/2026:15:12:57 +0000] "GET /.ftp-config.json HTTP/1.1" 404 - "-" "Mozilla/5.0 (Macintosh; Intel Mac OS X 10.15; rv:77.0) Gecko/20100101 Firefox/77.0"
74.7.242.54 - - [02/Mar/2026:15:13:46 +0000] "GET /whsy.php?e=rt_acct&p=%2Fproc%2F108%2Fnet HTTP/1.1" 200 2526 "http://bespoketrading.com/whsy.php?p=%2Fproc%2F108%2Fnet" "Mozilla/5.0 AppleWebKit/537.36 (KHTML, like Gecko; compatible; GPTBot/1.3; +https://openai.com/gptbot)"
74.7.230.33 - - [02/Mar/2026:15:13:46 +0000] "GET /robots.txt HTTP/1.1" 404 - "-" "Mozilla/5.0 (Macintosh; Intel Mac OS X 10_15_7) AppleWebKit/537.36 (KHTML, like Gecko) Chrome/131.0.0.0 Safari/537.36; compatible; OAI-SearchBot/1.3; robots.txt; +https://openai.com/searchbot"
74.7.242.54 - - [02/Mar/2026:15:14:57 +0000] "GET /whsy.php?e=rt_acct&p=%2Fproc%2F135%2Fnet HTTP/1.1" 200 2527 "http://bespoketrading.com/whsy.php?p=%2Fproc%2F135%2Fnet" "Mozilla/5.0 AppleWebKit/537.36 (KHTML, like Gecko; compatible; GPTBot/1.3; +https://openai.com/gptbot)"
74.7.242.54 - - [02/Mar/2026:15:16:24 +0000] "GET /whsy.php?e=rt_acct&p=%2Fproc%2F103%2Fnet HTTP/1.1" 200 2527 "http://bespoketrading.com/whsy.php?p=%2Fproc%2F103%2Fnet" "Mozilla/5.0 AppleWebKit/537.36 (KHTML, like Gecko; compatible; GPTBot/1.3; +https://openai.com/gptbot)"
74.7.230.33 - - [02/Mar/2026:15:19:44 +0000] "GET /robots.txt HTTP/1.1" 404 - "-" "Mozilla/5.0 (Macintosh; Intel Mac OS X 10_15_7) AppleWebKit/537.36 (KHTML, like Gecko) Chrome/131.0.0.0 Safari/537.36; compatible; OAI-SearchBot/1.3; robots.txt; +https://openai.com/searchbot"
74.7.242.54 - - [02/Mar/2026:15:21:27 +0000] "GET /whsy.php?e=rt_acct&p=%2Fproc%2F154%2Fnet HTTP/1.1" 200 2526 "http://bespoketrading.com/whsy.php?p=%2Fproc%2F154%2Fnet" "Mozilla/5.0 AppleWebKit/537.36 (KHTML, like Gecko; compatible; GPTBot/1.3; +https://openai.com/gptbot)"
74.7.242.54 - - [02/Mar/2026:15:23:12 +0000] "GET /whsy.php?e=rt_acct&p=%2Fproc%2F163%2Fnet HTTP/1.1" 200 2527 "http://bespoketrading.com/whsy.php?p=%2Fproc%2F163%2Fnet" "Mozilla/5.0 AppleWebKit/537.36 (KHTML, like Gecko; compatible; GPTBot/1.3; +https://openai.com/gptbot)"
74.7.230.33 - - [02/Mar/2026:15:24:45 +0000] "GET /robots.txt HTTP/1.1" 404 - "-" "Mozilla/5.0 (Macintosh; Intel Mac OS X 10_15_7) AppleWebKit/537.36 (KHTML, like Gecko) Chrome/131.0.0.0 Safari/537.36; compatible; OAI-SearchBot/1.3; robots.txt; +https://openai.com/searchbot"
74.7.242.54 - - [02/Mar/2026:15:29:17 +0000] "GET /whsy.php?e=rt_acct&p=%2Fproc%2F138%2Fnet HTTP/1.1" 200 2526 "http://bespoketrading.com/whsy.php?p=%2Fproc%2F138%2Fnet" "Mozilla/5.0 AppleWebKit/537.36 (KHTML, like Gecko; compatible; GPTBot/1.3; +https://openai.com/gptbot)"
216.244.66.249 - - [02/Mar/2026:15:29:53 +0000] "GET /robots.txt HTTP/1.1" 404 - "-" "Mozilla/5.0 (compatible; DotBot/1.2; +https://opensiteexplorer.org/dotbot; help@moz.com)"
74.7.242.54 - - [02/Mar/2026:15:32:31 +0000] "GET /whsy.php?e=rt_acct&p=%2Fproc%2F158%2Fnet HTTP/1.1" 200 2526 "http://bespoketrading.com/whsy.php?p=%2Fproc%2F158%2Fnet" "Mozilla/5.0 AppleWebKit/537.36 (KHTML, like Gecko; compatible; GPTBot/1.3; +https://openai.com/gptbot)"
74.7.230.33 - - [02/Mar/2026:15:32:31 +0000] "GET /robots.txt HTTP/1.1" 404 - "-" "Mozilla/5.0 (Macintosh; Intel Mac OS X 10_15_7) AppleWebKit/537.36 (KHTML, like Gecko) Chrome/131.0.0.0 Safari/537.36; compatible; OAI-SearchBot/1.3; robots.txt; +https://openai.com/searchbot"
74.7.242.54 - - [02/Mar/2026:15:34:25 +0000] "GET /whsy.php?e=rt_acct&p=%2Fproc%2F145%2Fnet HTTP/1.1" 200 2526 "http://bespoketrading.com/whsy.php?p=%2Fproc%2F145%2Fnet" "Mozilla/5.0 AppleWebKit/537.36 (KHTML, like Gecko; compatible; GPTBot/1.3; +https://openai.com/gptbot)"
216.244.66.249 - - [02/Mar/2026:15:34:34 +0000] "GET /whsy.php?p=%2Fhome%2Flab2454c%2Fshakalar.org HTTP/1.1" 200 6318 "-" "Mozilla/5.0 (compatible; DotBot/1.2; +https://opensiteexplorer.org/dotbot; help@moz.com)"
74.7.242.54 - - [02/Mar/2026:15:36:14 +0000] "GET /whsy.php?e=rt_acct&p=%2Fproc%2F159%2Fnet HTTP/1.1" 200 2527 "http://bespoketrading.com/whsy.php?p=%2Fproc%2F159%2Fnet" "Mozilla/5.0 AppleWebKit/537.36 (KHTML, like Gecko; compatible; GPTBot/1.3; +https://openai.com/gptbot)"
74.7.230.33 - - [02/Mar/2026:15:40:19 +0000] "GET /robots.txt HTTP/1.1" 404 - "-" "Mozilla/5.0 (Macintosh; Intel Mac OS X 10_15_7) AppleWebKit/537.36 (KHTML, like Gecko) Chrome/131.0.0.0 Safari/537.36; compatible; OAI-SearchBot/1.3; robots.txt; +https://openai.com/searchbot"
74.7.242.54 - - [02/Mar/2026:15:42:40 +0000] "GET /whsy.php?e=rt_acct&p=%2Fproc%2F143%2Fnet HTTP/1.1" 200 2527 "http://bespoketrading.com/whsy.php?p=%2Fproc%2F143%2Fnet" "Mozilla/5.0 AppleWebKit/537.36 (KHTML, like Gecko; compatible; GPTBot/1.3; +https://openai.com/gptbot)"
74.7.242.54 - - [02/Mar/2026:15:44:51 +0000] "GET /whsy.php?e=rt_acct&p=%2Fproc%2F107%2Fnet HTTP/1.1" 200 2526 "http://bespoketrading.com/whsy.php?p=%2Fproc%2F107%2Fnet" "Mozilla/5.0 AppleWebKit/537.36 (KHTML, like Gecko; compatible; GPTBot/1.3; +https://openai.com/gptbot)"
74.7.230.33 - - [02/Mar/2026:15:47:01 +0000] "GET /robots.txt HTTP/1.1" 404 - "-" "Mozilla/5.0 (Macintosh; Intel Mac OS X 10_15_7) AppleWebKit/537.36 (KHTML, like Gecko) Chrome/131.0.0.0 Safari/537.36; compatible; OAI-SearchBot/1.3; robots.txt; +https://openai.com/searchbot"
74.7.242.54 - - [02/Mar/2026:15:52:42 +0000] "GET /whsy.php?e=rt_acct&p=%2Fproc%2F186%2Fnet HTTP/1.1" 200 2526 "http://bespoketrading.com/whsy.php?p=%2Fproc%2F186%2Fnet" "Mozilla/5.0 AppleWebKit/537.36 (KHTML, like Gecko; compatible; GPTBot/1.3; +https://openai.com/gptbot)"
74.7.230.33 - - [02/Mar/2026:15:52:43 +0000] "GET /robots.txt HTTP/1.1" 404 - "-" "Mozilla/5.0 (Macintosh; Intel Mac OS X 10_15_7) AppleWebKit/537.36 (KHTML, like Gecko) Chrome/131.0.0.0 Safari/537.36; compatible; OAI-SearchBot/1.3; robots.txt; +https://openai.com/searchbot"
74.7.242.54 - - [02/Mar/2026:15:54:39 +0000] "GET /whsy.php?e=rt_acct&p=%2Fproc%2F160%2Fnet HTTP/1.1" 200 2526 "http://bespoketrading.com/whsy.php?p=%2Fproc%2F160%2Fnet" "Mozilla/5.0 AppleWebKit/537.36 (KHTML, like Gecko; compatible; GPTBot/1.3; +https://openai.com/gptbot)"
74.7.242.54 - - [02/Mar/2026:15:56:54 +0000] "GET /whsy.php?e=rt_acct&p=%2Fproc%2F389%2Fnet HTTP/1.1" 200 2527 "http://bespoketrading.com/whsy.php?p=%2Fproc%2F389%2Fnet" "Mozilla/5.0 AppleWebKit/537.36 (KHTML, like Gecko; compatible; GPTBot/1.3; +https://openai.com/gptbot)"
74.7.242.54 - - [02/Mar/2026:16:01:17 +0000] "GET /whsy.php?e=rt_acct&p=%2Fproc%2F139%2Fnet HTTP/1.1" 200 2527 "http://bespoketrading.com/whsy.php?p=%2Fproc%2F139%2Fnet" "Mozilla/5.0 AppleWebKit/537.36 (KHTML, like Gecko; compatible; GPTBot/1.3; +https://openai.com/gptbot)"
74.7.230.33 - - [02/Mar/2026:16:01:18 +0000] "GET /robots.txt HTTP/1.1" 404 - "-" "Mozilla/5.0 (Macintosh; Intel Mac OS X 10_15_7) AppleWebKit/537.36 (KHTML, like Gecko) Chrome/131.0.0.0 Safari/537.36; compatible; OAI-SearchBot/1.3; robots.txt; +https://openai.com/searchbot"
74.7.242.54 - - [02/Mar/2026:16:07:59 +0000] "GET /whsy.php?e=rt_acct&p=%2Fproc%2F149%2Fnet HTTP/1.1" 200 2527 "http://bespoketrading.com/whsy.php?p=%2Fproc%2F149%2Fnet" "Mozilla/5.0 AppleWebKit/537.36 (KHTML, like Gecko; compatible; GPTBot/1.3; +https://openai.com/gptbot)"
74.7.230.33 - - [02/Mar/2026:16:07:59 +0000] "GET /robots.txt HTTP/1.1" 404 - "-" "Mozilla/5.0 (Macintosh; Intel Mac OS X 10_15_7) AppleWebKit/537.36 (KHTML, like Gecko) Chrome/131.0.0.0 Safari/537.36; compatible; OAI-SearchBot/1.3; robots.txt; +https://openai.com/searchbot"
74.7.242.54 - - [02/Mar/2026:16:14:16 +0000] "GET /whsy.php?e=rt_acct&p=%2Fproc%2F875%2Fnet HTTP/1.1" 200 2528 "http://bespoketrading.com/whsy.php?p=%2Fproc%2F875%2Fnet" "Mozilla/5.0 AppleWebKit/537.36 (KHTML, like Gecko; compatible; GPTBot/1.3; +https://openai.com/gptbot)"
74.7.230.33 - - [02/Mar/2026:16:14:17 +0000] "GET /robots.txt HTTP/1.1" 404 - "-" "Mozilla/5.0 (Macintosh; Intel Mac OS X 10_15_7) AppleWebKit/537.36 (KHTML, like Gecko) Chrome/131.0.0.0 Safari/537.36; compatible; OAI-SearchBot/1.3; robots.txt; +https://openai.com/searchbot"
74.7.242.54 - - [02/Mar/2026:16:16:45 +0000] "GET /whsy.php?e=rt_acct&p=%2Fproc%2F105%2Fnet HTTP/1.1" 200 2526 "http://bespoketrading.com/whsy.php?p=%2Fproc%2F105%2Fnet" "Mozilla/5.0 AppleWebKit/537.36 (KHTML, like Gecko; compatible; GPTBot/1.3; +https://openai.com/gptbot)"
74.7.230.33 - - [02/Mar/2026:16:20:45 +0000] "GET /robots.txt HTTP/1.1" 404 - "-" "Mozilla/5.0 (Macintosh; Intel Mac OS X 10_15_7) AppleWebKit/537.36 (KHTML, like Gecko) Chrome/131.0.0.0 Safari/537.36; compatible; OAI-SearchBot/1.3; robots.txt; +https://openai.com/searchbot"
74.7.242.54 - - [02/Mar/2026:16:22:42 +0000] "GET /whsy.php?e=rt_acct&p=%2Fproc%2F861%2Fnet HTTP/1.1" 200 978 "http://bespoketrading.com/whsy.php?p=%2Fproc%2F861%2Fnet" "Mozilla/5.0 AppleWebKit/537.36 (KHTML, like Gecko; compatible; GPTBot/1.3; +https://openai.com/gptbot)"
80.94.95.173 - - [02/Mar/2026:16:25:02 +0000] "GET / HTTP/1.0" 200 2088 "http://bespoketrading.com/" "Mozilla/5.0 (Windows NT 10.0; Win64; x64) AppleWebKit/537.36 (KHTML, like Gecko) Chrome/130.0.0.0 Safari/537.36 CCleaner/130.0.0.0"
74.7.242.54 - - [02/Mar/2026:16:25:07 +0000] "GET /whsy.php?e=rt_acct&p=%2Fproc%2F147%2Fnet HTTP/1.1" 200 2526 "http://bespoketrading.com/whsy.php?p=%2Fproc%2F147%2Fnet" "Mozilla/5.0 AppleWebKit/537.36 (KHTML, like Gecko; compatible; GPTBot/1.3; +https://openai.com/gptbot)"
74.7.230.33 - - [02/Mar/2026:16:27:07 +0000] "GET /robots.txt HTTP/1.1" 404 - "-" "Mozilla/5.0 (Macintosh; Intel Mac OS X 10_15_7) AppleWebKit/537.36 (KHTML, like Gecko) Chrome/131.0.0.0 Safari/537.36; compatible; OAI-SearchBot/1.3; robots.txt; +https://openai.com/searchbot"
74.7.242.54 - - [02/Mar/2026:16:29:40 +0000] "GET /whsy.php?e=rt_acct&p=%2Fproc%2F106%2Fnet HTTP/1.1" 200 2526 "http://bespoketrading.com/whsy.php?p=%2Fproc%2F106%2Fnet" "Mozilla/5.0 AppleWebKit/537.36 (KHTML, like Gecko; compatible; GPTBot/1.3; +https://openai.com/gptbot)"
74.7.242.54 - - [02/Mar/2026:16:34:06 +0000] "GET /whsy.php?e=rt_acct&p=%2Fproc%2F578%2Fnet HTTP/1.1" 200 978 "http://bespoketrading.com/whsy.php?p=%2Fproc%2F578%2Fnet" "Mozilla/5.0 AppleWebKit/537.36 (KHTML, like Gecko; compatible; GPTBot/1.3; +https://openai.com/gptbot)"
74.7.242.54 - - [02/Mar/2026:16:36:26 +0000] "GET /whsy.php?e=rt_acct&p=%2Fproc%2F178%2Fnet HTTP/1.1" 200 2526 "http://bespoketrading.com/whsy.php?p=%2Fproc%2F178%2Fnet" "Mozilla/5.0 AppleWebKit/537.36 (KHTML, like Gecko; compatible; GPTBot/1.3; +https://openai.com/gptbot)"
74.7.230.33 - - [02/Mar/2026:16:36:27 +0000] "GET /robots.txt HTTP/1.1" 404 - "-" "Mozilla/5.0 (Macintosh; Intel Mac OS X 10_15_7) AppleWebKit/537.36 (KHTML, like Gecko) Chrome/131.0.0.0 Safari/537.36; compatible; OAI-SearchBot/1.3; robots.txt; +https://openai.com/searchbot"
74.7.242.54 - - [02/Mar/2026:16:43:22 +0000] "GET /whsy.php?e=rt_acct&p=%2Fproc%2F165%2Fnet HTTP/1.1" 200 2526 "http://bespoketrading.com/whsy.php?p=%2Fproc%2F165%2Fnet" "Mozilla/5.0 AppleWebKit/537.36 (KHTML, like Gecko; compatible; GPTBot/1.3; +https://openai.com/gptbot)"
74.7.230.33 - - [02/Mar/2026:16:45:25 +0000] "GET /robots.txt HTTP/1.1" 404 - "-" "Mozilla/5.0 (Macintosh; Intel Mac OS X 10_15_7) AppleWebKit/537.36 (KHTML, like Gecko) Chrome/131.0.0.0 Safari/537.36; compatible; OAI-SearchBot/1.3; robots.txt; +https://openai.com/searchbot"
74.7.242.54 - - [02/Mar/2026:16:47:54 +0000] "GET /whsy.php?e=rt_acct&p=%2Fproc%2F104%2Fnet HTTP/1.1" 200 2526 "http://bespoketrading.com/whsy.php?p=%2Fproc%2F104%2Fnet" "Mozilla/5.0 AppleWebKit/537.36 (KHTML, like Gecko; compatible; GPTBot/1.3; +https://openai.com/gptbot)"
74.7.242.54 - - [02/Mar/2026:16:50:06 +0000] "GET /whsy.php?e=rt_acct&p=%2Fproc%2F137%2Fnet HTTP/1.1" 200 2527 "http://bespoketrading.com/whsy.php?p=%2Fproc%2F137%2Fnet" "Mozilla/5.0 AppleWebKit/537.36 (KHTML, like Gecko; compatible; GPTBot/1.3; +https://openai.com/gptbot)"
74.7.242.54 - - [02/Mar/2026:16:52:03 +0000] "GET /whsy.php?e=rt_acct&p=%2Fproc%2F783%2Fnet HTTP/1.1" 200 2527 "http://bespoketrading.com/whsy.php?p=%2Fproc%2F783%2Fnet" "Mozilla/5.0 AppleWebKit/537.36 (KHTML, like Gecko; compatible; GPTBot/1.3; +https://openai.com/gptbot)"
74.7.230.33 - - [02/Mar/2026:16:52:04 +0000] "GET /robots.txt HTTP/1.1" 404 - "-" "Mozilla/5.0 (Macintosh; Intel Mac OS X 10_15_7) AppleWebKit/537.36 (KHTML, like Gecko) Chrome/131.0.0.0 Safari/537.36; compatible; OAI-SearchBot/1.3; robots.txt; +https://openai.com/searchbot"
36.41.75.167 - - [02/Mar/2026:16:53:25 +0000] "GET / HTTP/1.1" 200 495 "-" "Mozilla/5.0 (iPhone; CPU iPhone OS 13_2_3 like Mac OS X) AppleWebKit/605.1.15 (KHTML, like Gecko) Version/13.0.3 Mobile/15E148 Safari/604.1"
216.244.66.249 - - [02/Mar/2026:16:55:59 +0000] "GET /robots.txt HTTP/1.1" 404 - "-" "Mozilla/5.0 (compatible; DotBot/1.2; +https://opensiteexplorer.org/dotbot; help@moz.com)"
74.7.242.54 - - [02/Mar/2026:16:57:42 +0000] "GET /whsy.php?e=rt_acct&p=%2Fproc%2F465%2Fnet HTTP/1.1" 200 978 "http://bespoketrading.com/whsy.php?p=%2Fproc%2F465%2Fnet" "Mozilla/5.0 AppleWebKit/537.36 (KHTML, like Gecko; compatible; GPTBot/1.3; +https://openai.com/gptbot)"
74.7.230.33 - - [02/Mar/2026:16:59:46 +0000] "GET /robots.txt HTTP/1.1" 404 - "-" "Mozilla/5.0 (Macintosh; Intel Mac OS X 10_15_7) AppleWebKit/537.36 (KHTML, like Gecko) Chrome/131.0.0.0 Safari/537.36; compatible; OAI-SearchBot/1.3; robots.txt; +https://openai.com/searchbot"
216.244.66.249 - - [02/Mar/2026:17:00:26 +0000] "GET /whsy.php?p=%2Fhome%2Flab2454c%2F.trash HTTP/1.1" 200 2279 "-" "Mozilla/5.0 (compatible; DotBot/1.2; +https://opensiteexplorer.org/dotbot; help@moz.com)"
216.244.66.249 - - [02/Mar/2026:17:00:32 +0000] "GET /whsy.php?p=%2Fhome%2Flab2454c%2Fwyntle.com HTTP/1.1" 200 11588 "-" "Mozilla/5.0 (compatible; DotBot/1.2; +https://opensiteexplorer.org/dotbot; help@moz.com)"
216.244.66.249 - - [02/Mar/2026:17:00:36 +0000] "GET /whsy.php?p=%2Fhome%2Flab2454c%2Fisparxcloud.com HTTP/1.1" 200 5063 "-" "Mozilla/5.0 (compatible; DotBot/1.2; +https://opensiteexplorer.org/dotbot; help@moz.com)"
74.7.242.54 - - [02/Mar/2026:17:01:31 +0000] "GET /whsy.php?e=rt_acct&p=%2Fproc%2F146%2Fnet HTTP/1.1" 200 2526 "http://bespoketrading.com/whsy.php?p=%2Fproc%2F146%2Fnet" "Mozilla/5.0 AppleWebKit/537.36 (KHTML, like Gecko; compatible; GPTBot/1.3; +https://openai.com/gptbot)"
13.71.189.74 - - [02/Mar/2026:17:04:53 +0000] "GET /wp-content/plugins/hellopress/wp_filemanager.php HTTP/1.1" 404 - "-" "-"
13.71.189.74 - - [02/Mar/2026:17:04:53 +0000] "GET /trx24.php HTTP/1.1" 404 - "-" "-"
13.71.189.74 - - [02/Mar/2026:17:04:54 +0000] "GET /wp-includes/SimplePie/cah.php HTTP/1.1" 404 - "-" "-"
13.71.189.74 - - [02/Mar/2026:17:04:54 +0000] "GET /cah.php HTTP/1.1" 404 - "-" "-"
13.71.189.74 - - [02/Mar/2026:17:04:54 +0000] "GET /wp-content/plugins/pwnd/acp.php HTTP/1.1" 404 - "-" "-"
13.71.189.74 - - [02/Mar/2026:17:04:54 +0000] "GET /acp.php HTTP/1.1" 404 - "-" "-"
13.71.189.74 - - [02/Mar/2026:17:04:54 +0000] "GET /muzu.php HTTP/1.1" 404 - "-" "-"
13.71.189.74 - - [02/Mar/2026:17:04:55 +0000] "GET /wpo.php HTTP/1.1" 404 - "-" "-"
13.71.189.74 - - [02/Mar/2026:17:04:55 +0000] "GET /x123x.php HTTP/1.1" 404 - "-" "-"
13.71.189.74 - - [02/Mar/2026:17:04:55 +0000] "GET /aq.php HTTP/1.1" 404 - "-" "-"
13.71.189.74 - - [02/Mar/2026:17:04:55 +0000] "GET /011i.php HTTP/1.1" 404 - "-" "-"
13.71.189.74 - - [02/Mar/2026:17:04:55 +0000] "GET /edit-tags.php HTTP/1.1" 404 - "-" "-"
13.71.189.74 - - [02/Mar/2026:17:04:55 +0000] "GET /as1337.php HTTP/1.1" 404 - "-" "-"
13.71.189.74 - - [02/Mar/2026:17:04:56 +0000] "GET /Okxob.php HTTP/1.1" 404 - "-" "-"
13.71.189.74 - - [02/Mar/2026:17:04:56 +0000] "GET /wolf-shell.php HTTP/1.1" 404 - "-" "-"
13.71.189.74 - - [02/Mar/2026:17:04:56 +0000] "GET /core.php HTTP/1.1" 404 - "-" "-"
13.71.189.74 - - [02/Mar/2026:17:04:56 +0000] "GET /zeal.php HTTP/1.1" 404 - "-" "-"
13.71.189.74 - - [02/Mar/2026:17:04:56 +0000] "GET /asf.php HTTP/1.1" 404 - "-" "-"
13.71.189.74 - - [02/Mar/2026:17:04:56 +0000] "GET /sa.php HTTP/1.1" 404 - "-" "-"
74.7.242.54 - - [02/Mar/2026:17:05:39 +0000] "GET /whsy.php?e=rt_acct&p=%2Fproc%2F179%2Fnet HTTP/1.1" 200 2527 "http://bespoketrading.com/whsy.php?p=%2Fproc%2F179%2Fnet" "Mozilla/5.0 AppleWebKit/537.36 (KHTML, like Gecko; compatible; GPTBot/1.3; +https://openai.com/gptbot)"
74.7.242.54 - - [02/Mar/2026:17:07:57 +0000] "GET /whsy.php?e=rt_acct&p=%2Fproc%2F136%2Fnet HTTP/1.1" 200 2527 "http://bespoketrading.com/whsy.php?p=%2Fproc%2F136%2Fnet" "Mozilla/5.0 AppleWebKit/537.36 (KHTML, like Gecko; compatible; GPTBot/1.3; +https://openai.com/gptbot)"
74.7.242.54 - - [02/Mar/2026:17:11:17 +0000] "GET /whsy.php?e=rt_acct&p=%2Fproc%2F150%2Fnet HTTP/1.1" 200 2526 "http://bespoketrading.com/whsy.php?p=%2Fproc%2F150%2Fnet" "Mozilla/5.0 AppleWebKit/537.36 (KHTML, like Gecko; compatible; GPTBot/1.3; +https://openai.com/gptbot)"
74.7.242.54 - - [02/Mar/2026:17:13:07 +0000] "GET /whsy.php?e=rt_acct&p=%2Fproc%2F140%2Fnet HTTP/1.1" 200 2526 "http://bespoketrading.com/whsy.php?p=%2Fproc%2F140%2Fnet" "Mozilla/5.0 AppleWebKit/537.36 (KHTML, like Gecko; compatible; GPTBot/1.3; +https://openai.com/gptbot)"
74.7.230.33 - - [02/Mar/2026:17:13:07 +0000] "GET /robots.txt HTTP/1.1" 404 - "-" "Mozilla/5.0 (Macintosh; Intel Mac OS X 10_15_7) AppleWebKit/537.36 (KHTML, like Gecko) Chrome/131.0.0.0 Safari/537.36; compatible; OAI-SearchBot/1.3; robots.txt; +https://openai.com/searchbot"
74.7.242.54 - - [02/Mar/2026:17:18:43 +0000] "GET /whsy.php?p=%2Fhome%2Flab2454c%2Ftransferwit.elementalrock.com%2Fwp-content%2Fplugins%2Focean-extra%2Fincludes%2Fmenu-icons%2F.. HTTP/1.1" 200 1112 "http://bespoketrading.com/whsy.php?p=%2Fhome%2Flab2454c%2Ftransferwit.elementalrock.com%2Fwp-content%2Fplugins%2Focean-extra%2Fincludes%2Fmenu-icons" "Mozilla/5.0 AppleWebKit/537.36 (KHTML, like Gecko; compatible; GPTBot/1.3; +https://openai.com/gptbot)"
74.7.230.33 - - [02/Mar/2026:17:18:43 +0000] "GET /robots.txt HTTP/1.1" 404 - "-" "Mozilla/5.0 (Macintosh; Intel Mac OS X 10_15_7) AppleWebKit/537.36 (KHTML, like Gecko) Chrome/131.0.0.0 Safari/537.36; compatible; OAI-SearchBot/1.3; robots.txt; +https://openai.com/searchbot"
74.7.242.54 - - [02/Mar/2026:17:20:32 +0000] "GET /whsy.php?p=%2Fhome%2Flab2454c%2Ftransferwit.elementalrock.com%2Fwp-content%2Fplugins%2Focean-extra%2Fincludes%2Fmenu-icons%2Fcss%2F.. HTTP/1.1" 200 776 "http://bespoketrading.com/whsy.php?p=%2Fhome%2Flab2454c%2Ftransferwit.elementalrock.com%2Fwp-content%2Fplugins%2Focean-extra%2Fincludes%2Fmenu-icons%2Fcss" "Mozilla/5.0 AppleWebKit/537.36 (KHTML, like Gecko; compatible; GPTBot/1.3; +https://openai.com/gptbot)"
74.7.242.54 - - [02/Mar/2026:17:22:42 +0000] "GET /whsy.php?p=%2Fhome%2Flab2454c%2Fcaimegroup.com%2Fwp-content%2Fplugins%2Fcontact-form-7%2Fincludes%2Fjs%2Fjquery-ui HTTP/1.1" 200 586 "http://bespoketrading.com/whsy.php?p=%2Fhome%2Flab2454c%2Fcaimegroup.com%2Fwp-content%2Fplugins%2Fcontact-form-7%2Fincludes%2Fjs" "Mozilla/5.0 AppleWebKit/537.36 (KHTML, like Gecko; compatible; GPTBot/1.3; +https://openai.com/gptbot)"
74.7.230.33 - - [02/Mar/2026:17:24:49 +0000] "GET /robots.txt HTTP/1.1" 404 - "-" "Mozilla/5.0 (Macintosh; Intel Mac OS X 10_15_7) AppleWebKit/537.36 (KHTML, like Gecko) Chrome/131.0.0.0 Safari/537.36; compatible; OAI-SearchBot/1.3; robots.txt; +https://openai.com/searchbot"
13.71.189.74 - - [02/Mar/2026:17:26:31 +0000] "GET /wp-content/plugins/hellopress/wp_filemanager.php HTTP/1.1" 404 - "-" "-"
13.71.189.74 - - [02/Mar/2026:17:26:31 +0000] "GET /trx24.php HTTP/1.1" 404 - "-" "-"
13.71.189.74 - - [02/Mar/2026:17:26:31 +0000] "GET /wp-includes/SimplePie/cah.php HTTP/1.1" 404 - "-" "-"
13.71.189.74 - - [02/Mar/2026:17:26:32 +0000] "GET /cah.php HTTP/1.1" 404 - "-" "-"
13.71.189.74 - - [02/Mar/2026:17:26:32 +0000] "GET /wp-content/plugins/pwnd/acp.php HTTP/1.1" 404 - "-" "-"
13.71.189.74 - - [02/Mar/2026:17:26:32 +0000] "GET /acp.php HTTP/1.1" 404 - "-" "-"
13.71.189.74 - - [02/Mar/2026:17:26:32 +0000] "GET /muzu.php HTTP/1.1" 404 - "-" "-"
13.71.189.74 - - [02/Mar/2026:17:26:32 +0000] "GET /wpo.php HTTP/1.1" 404 - "-" "-"
13.71.189.74 - - [02/Mar/2026:17:26:32 +0000] "GET /x123x.php HTTP/1.1" 404 - "-" "-"
13.71.189.74 - - [02/Mar/2026:17:26:33 +0000] "GET /aq.php HTTP/1.1" 404 - "-" "-"
13.71.189.74 - - [02/Mar/2026:17:26:33 +0000] "GET /011i.php HTTP/1.1" 404 - "-" "-"
13.71.189.74 - - [02/Mar/2026:17:26:33 +0000] "GET /edit-tags.php HTTP/1.1" 404 - "-" "-"
13.71.189.74 - - [02/Mar/2026:17:26:33 +0000] "GET /as1337.php HTTP/1.1" 404 - "-" "-"
13.71.189.74 - - [02/Mar/2026:17:26:33 +0000] "GET /Okxob.php HTTP/1.1" 404 - "-" "-"
13.71.189.74 - - [02/Mar/2026:17:26:33 +0000] "GET /wolf-shell.php HTTP/1.1" 404 - "-" "-"
13.71.189.74 - - [02/Mar/2026:17:26:34 +0000] "GET /core.php HTTP/1.1" 404 - "-" "-"
13.71.189.74 - - [02/Mar/2026:17:26:34 +0000] "GET /zeal.php HTTP/1.1" 404 - "-" "-"
13.71.189.74 - - [02/Mar/2026:17:26:34 +0000] "GET /asf.php HTTP/1.1" 404 - "-" "-"
13.71.189.74 - - [02/Mar/2026:17:26:34 +0000] "GET /sa.php HTTP/1.1" 404 - "-" "-"
74.7.242.54 - - [02/Mar/2026:17:31:20 +0000] "GET /whsy.php?p=%2Fhome%2Flab2454c%2Ffinancial.datmont.com%2Fwp-content%2Fplugins%2Fcontact-form-7%2Fincludes%2Fjs%2Fjquery-ui HTTP/1.1" 200 591 "http://bespoketrading.com/whsy.php?p=%2Fhome%2Flab2454c%2Ffinancial.datmont.com%2Fwp-content%2Fplugins%2Fcontact-form-7%2Fincludes%2Fjs" "Mozilla/5.0 AppleWebKit/537.36 (KHTML, like Gecko; compatible; GPTBot/1.3; +https://openai.com/gptbot)"
74.7.242.54 - - [02/Mar/2026:17:32:33 +0000] "GET /whsy.php?p=%2Fhome%2Flab2454c%2Fsothebankuab.com%2Fwp-content%2Fplugins%2Fgoogle-analytics-for-wordpress%2Fassets%2Fcss%2Fimages%2F.. HTTP/1.1" 200 941 "http://bespoketrading.com/whsy.php?p=%2Fhome%2Flab2454c%2Fsothebankuab.com%2Fwp-content%2Fplugins%2Fgoogle-analytics-for-wordpress%2Fassets%2Fcss%2Fimages" "Mozilla/5.0 AppleWebKit/537.36 (KHTML, like Gecko; compatible; GPTBot/1.3; +https://openai.com/gptbot)"
74.7.230.33 - - [02/Mar/2026:17:32:34 +0000] "GET /robots.txt HTTP/1.1" 404 - "-" "Mozilla/5.0 (Macintosh; Intel Mac OS X 10_15_7) AppleWebKit/537.36 (KHTML, like Gecko) Chrome/131.0.0.0 Safari/537.36; compatible; OAI-SearchBot/1.3; robots.txt; +https://openai.com/searchbot"
74.7.242.54 - - [02/Mar/2026:17:34:17 +0000] "GET /whsy.php?p=%2Fhome%2Flab2454c%2Faficbgroup.com%2Fwp-content%2Fplugins%2Fcontact-form-7%2Fincludes%2Fjs%2Fjquery-ui HTTP/1.1" 200 761 "http://bespoketrading.com/whsy.php?p=%2Fhome%2Flab2454c%2Faficbgroup.com%2Fwp-content%2Fplugins%2Fcontact-form-7%2Fincludes%2Fjs" "Mozilla/5.0 AppleWebKit/537.36 (KHTML, like Gecko; compatible; GPTBot/1.3; +https://openai.com/gptbot)"
74.7.242.54 - - [02/Mar/2026:17:36:08 +0000] "GET /whsy.php?p=%2Fvar%2Fsoftaculous%2Fopensis%2Fphp53 HTTP/1.1" 200 738 "http://bespoketrading.com/whsy.php?p=%2Fvar%2Fsoftaculous%2Fopensis" "Mozilla/5.0 AppleWebKit/537.36 (KHTML, like Gecko; compatible; GPTBot/1.3; +https://openai.com/gptbot)"
74.7.230.33 - - [02/Mar/2026:17:37:40 +0000] "GET /robots.txt HTTP/1.1" 404 - "-" "Mozilla/5.0 (Macintosh; Intel Mac OS X 10_15_7) AppleWebKit/537.36 (KHTML, like Gecko) Chrome/131.0.0.0 Safari/537.36; compatible; OAI-SearchBot/1.3; robots.txt; +https://openai.com/searchbot"
74.7.242.54 - - [02/Mar/2026:17:37:48 +0000] "GET /whsy.php?p=%2Fvar%2Fsoftaculous%2Fopensis%2Fphp71 HTTP/1.1" 200 737 "http://bespoketrading.com/whsy.php?p=%2Fvar%2Fsoftaculous%2Fopensis" "Mozilla/5.0 AppleWebKit/537.36 (KHTML, like Gecko; compatible; GPTBot/1.3; +https://openai.com/gptbot)"
216.244.66.249 - - [02/Mar/2026:17:38:45 +0000] "GET /robots.txt HTTP/1.1" 404 - "-" "Mozilla/5.0 (compatible; DotBot/1.2; +https://opensiteexplorer.org/dotbot; help@moz.com)"
74.7.242.54 - - [02/Mar/2026:17:40:46 +0000] "GET /whsy.php?p=%2Fvar%2Fsoftaculous%2Fopensis%2Fphp56 HTTP/1.1" 200 738 "http://bespoketrading.com/whsy.php?p=%2Fvar%2Fsoftaculous%2Fopensis" "Mozilla/5.0 AppleWebKit/537.36 (KHTML, like Gecko; compatible; GPTBot/1.3; +https://openai.com/gptbot)"
74.7.242.54 - - [02/Mar/2026:17:42:13 +0000] "GET /whsy.php?p=%2Fvar%2Fsoftaculous%2Fopensis%2Fphp81 HTTP/1.1" 200 737 "http://bespoketrading.com/whsy.php?p=%2Fvar%2Fsoftaculous%2Fopensis" "Mozilla/5.0 AppleWebKit/537.36 (KHTML, like Gecko; compatible; GPTBot/1.3; +https://openai.com/gptbot)"
74.7.230.33 - - [02/Mar/2026:17:42:45 +0000] "GET /robots.txt HTTP/1.1" 404 - "-" "Mozilla/5.0 (Macintosh; Intel Mac OS X 10_15_7) AppleWebKit/537.36 (KHTML, like Gecko) Chrome/131.0.0.0 Safari/537.36; compatible; OAI-SearchBot/1.3; robots.txt; +https://openai.com/searchbot"
216.244.66.249 - - [02/Mar/2026:17:43:14 +0000] "GET /whsy.php?e=.pearrc&p=%2Fhome%2Flab2454c HTTP/1.1" 200 33366 "-" "Mozilla/5.0 (compatible; DotBot/1.2; +https://opensiteexplorer.org/dotbot; help@moz.com)"
216.244.66.249 - - [02/Mar/2026:17:43:20 +0000] "GET /whsy.php?p=%2Fhome%2Flab2454c%2Fcostbloc.net HTTP/1.1" 200 7762 "-" "Mozilla/5.0 (compatible; DotBot/1.2; +https://opensiteexplorer.org/dotbot; help@moz.com)"
216.244.66.249 - - [02/Mar/2026:17:43:24 +0000] "GET /whsy.php?p=%2Fhome%2Flab2454c%2Fgemspotmarket.com HTTP/1.1" 200 11735 "-" "Mozilla/5.0 (compatible; DotBot/1.2; +https://opensiteexplorer.org/dotbot; help@moz.com)"
216.244.66.249 - - [02/Mar/2026:17:43:28 +0000] "GET /whsy.php?p=%2Fhome%2Flab2454c%2Fercabarterholding.com HTTP/1.1" 200 7826 "-" "Mozilla/5.0 (compatible; DotBot/1.2; +https://opensiteexplorer.org/dotbot; help@moz.com)"
74.7.242.54 - - [02/Mar/2026:17:48:49 +0000] "GET /whsy.php?e=dvb_nova_12mhz.inp&p=%2Fusr%2Flib%2Ffirmware HTTP/1.1" 200 12489 "http://bespoketrading.com/whsy.php?p=%2Fusr%2Flib%2Ffirmware" "Mozilla/5.0 AppleWebKit/537.36 (KHTML, like Gecko; compatible; GPTBot/1.3; +https://openai.com/gptbot)"
74.7.230.33 - - [02/Mar/2026:17:52:28 +0000] "GET /robots.txt HTTP/1.1" 404 - "-" "Mozilla/5.0 (Macintosh; Intel Mac OS X 10_15_7) AppleWebKit/537.36 (KHTML, like Gecko) Chrome/131.0.0.0 Safari/537.36; compatible; OAI-SearchBot/1.3; robots.txt; +https://openai.com/searchbot"
74.7.242.54 - - [02/Mar/2026:17:54:00 +0000] "GET /whsy.php?p=%2Fvar%2Fsoftaculous%2Fopensis%2Fphp53%2F.. HTTP/1.1" 200 1010 "http://bespoketrading.com/whsy.php?p=%2Fvar%2Fsoftaculous%2Fopensis%2Fphp53" "Mozilla/5.0 AppleWebKit/537.36 (KHTML, like Gecko; compatible; GPTBot/1.3; +https://openai.com/gptbot)"
74.7.242.54 - - [02/Mar/2026:17:57:22 +0000] "GET /whsy.php?p=%2Fvar%2Fsoftaculous%2Fopensis%2Fphp71%2F.. HTTP/1.1" 200 1010 "http://bespoketrading.com/whsy.php?p=%2Fvar%2Fsoftaculous%2Fopensis%2Fphp71" "Mozilla/5.0 AppleWebKit/537.36 (KHTML, like Gecko; compatible; GPTBot/1.3; +https://openai.com/gptbot)"
74.7.230.33 - - [02/Mar/2026:17:58:51 +0000] "GET /robots.txt HTTP/1.1" 404 - "-" "Mozilla/5.0 (Macintosh; Intel Mac OS X 10_15_7) AppleWebKit/537.36 (KHTML, like Gecko) Chrome/131.0.0.0 Safari/537.36; compatible; OAI-SearchBot/1.3; robots.txt; +https://openai.com/searchbot"
74.7.242.54 - - [02/Mar/2026:18:00:33 +0000] "GET /whsy.php?p=%2Fvar%2Fsoftaculous%2Fopensis%2Fphp56%2F.. HTTP/1.1" 200 1010 "http://bespoketrading.com/whsy.php?p=%2Fvar%2Fsoftaculous%2Fopensis%2Fphp56" "Mozilla/5.0 AppleWebKit/537.36 (KHTML, like Gecko; compatible; GPTBot/1.3; +https://openai.com/gptbot)"
74.7.242.54 - - [02/Mar/2026:18:02:14 +0000] "GET /whsy.php?p=%2Fvar%2Fsoftaculous%2Fopensis%2Fphp81%2F.. HTTP/1.1" 200 1010 "http://bespoketrading.com/whsy.php?p=%2Fvar%2Fsoftaculous%2Fopensis%2Fphp81" "Mozilla/5.0 AppleWebKit/537.36 (KHTML, like Gecko; compatible; GPTBot/1.3; +https://openai.com/gptbot)"
74.7.230.33 - - [02/Mar/2026:18:05:50 +0000] "GET /robots.txt HTTP/1.1" 404 - "-" "Mozilla/5.0 (Macintosh; Intel Mac OS X 10_15_7) AppleWebKit/537.36 (KHTML, like Gecko) Chrome/131.0.0.0 Safari/537.36; compatible; OAI-SearchBot/1.3; robots.txt; +https://openai.com/searchbot"
74.7.242.54 - - [02/Mar/2026:18:08:52 +0000] "GET /whsy.php?e=BARTS_me.bin&p=%2Fusr%2Flib%2Ffirmware%2Fradeon HTTP/1.1" 200 6983 "http://bespoketrading.com/whsy.php?p=%2Fusr%2Flib%2Ffirmware%2Fradeon" "Mozilla/5.0 AppleWebKit/537.36 (KHTML, like Gecko; compatible; GPTBot/1.3; +https://openai.com/gptbot)"
74.7.230.33 - - [02/Mar/2026:18:11:26 +0000] "GET /robots.txt HTTP/1.1" 404 - "-" "Mozilla/5.0 (Macintosh; Intel Mac OS X 10_15_7) AppleWebKit/537.36 (KHTML, like Gecko) Chrome/131.0.0.0 Safari/537.36; compatible; OAI-SearchBot/1.3; robots.txt; +https://openai.com/searchbot"
74.7.242.54 - - [02/Mar/2026:18:15:05 +0000] "GET /whsy.php?e=KABINI_ce.bin&p=%2Fusr%2Flib%2Ffirmware%2Fradeon HTTP/1.1" 200 6986 "http://bespoketrading.com/whsy.php?p=%2Fusr%2Flib%2Ffirmware%2Fradeon" "Mozilla/5.0 AppleWebKit/537.36 (KHTML, like Gecko; compatible; GPTBot/1.3; +https://openai.com/gptbot)"
74.7.242.54 - - [02/Mar/2026:18:18:46 +0000] "GET /whsy.php?e=BONAIRE_me.bin&p=%2Fusr%2Flib%2Ffirmware%2Fradeon HTTP/1.1" 200 6981 "http://bespoketrading.com/whsy.php?p=%2Fusr%2Flib%2Ffirmware%2Fradeon" "Mozilla/5.0 AppleWebKit/537.36 (KHTML, like Gecko; compatible; GPTBot/1.3; +https://openai.com/gptbot)"
74.7.242.54 - - [02/Mar/2026:18:23:11 +0000] "GET /whsy.php?e=MULLINS_rlc.bin&p=%2Fusr%2Flib%2Ffirmware%2Fradeon HTTP/1.1" 200 6982 "http://bespoketrading.com/whsy.php?p=%2Fusr%2Flib%2Ffirmware%2Fradeon" "Mozilla/5.0 AppleWebKit/537.36 (KHTML, like Gecko; compatible; GPTBot/1.3; +https://openai.com/gptbot)"
74.7.230.33 - - [02/Mar/2026:18:23:12 +0000] "GET /robots.txt HTTP/1.1" 404 - "-" "Mozilla/5.0 (Macintosh; Intel Mac OS X 10_15_7) AppleWebKit/537.36 (KHTML, like Gecko) Chrome/131.0.0.0 Safari/537.36; compatible; OAI-SearchBot/1.3; robots.txt; +https://openai.com/searchbot"
216.244.66.249 - - [02/Mar/2026:18:23:20 +0000] "GET /robots.txt HTTP/1.1" 404 - "-" "Mozilla/5.0 (compatible; DotBot/1.2; +https://opensiteexplorer.org/dotbot; help@moz.com)"
74.7.242.54 - - [02/Mar/2026:18:27:21 +0000] "GET /whsy.php?e=CAICOS_smc.bin&p=%2Fusr%2Flib%2Ffirmware%2Fradeon HTTP/1.1" 200 6986 "http://bespoketrading.com/whsy.php?p=%2Fusr%2Flib%2Ffirmware%2Fradeon" "Mozilla/5.0 AppleWebKit/537.36 (KHTML, like Gecko; compatible; GPTBot/1.3; +https://openai.com/gptbot)"
216.244.66.249 - - [02/Mar/2026:18:27:35 +0000] "GET /whsy.php?p=%2Fhome%2Flab2454c%2F.razor HTTP/1.1" 200 12464 "-" "Mozilla/5.0 (compatible; DotBot/1.2; +https://opensiteexplorer.org/dotbot; help@moz.com)"
74.7.242.54 - - [02/Mar/2026:18:31:12 +0000] "GET /whsy.php?e=MULLINS_ce.bin&p=%2Fusr%2Flib%2Ffirmware%2Fradeon HTTP/1.1" 200 6982 "http://bespoketrading.com/whsy.php?p=%2Fusr%2Flib%2Ffirmware%2Fradeon" "Mozilla/5.0 AppleWebKit/537.36 (KHTML, like Gecko; compatible; GPTBot/1.3; +https://openai.com/gptbot)"
74.7.230.33 - - [02/Mar/2026:18:31:13 +0000] "GET /robots.txt HTTP/1.1" 404 - "-" "Mozilla/5.0 (Macintosh; Intel Mac OS X 10_15_7) AppleWebKit/537.36 (KHTML, like Gecko) Chrome/131.0.0.0 Safari/537.36; compatible; OAI-SearchBot/1.3; robots.txt; +https://openai.com/searchbot"
74.7.242.54 - - [02/Mar/2026:18:32:52 +0000] "GET /whsy.php?e=KAVERI_sdma.bin&p=%2Fusr%2Flib%2Ffirmware%2Fradeon HTTP/1.1" 200 6982 "http://bespoketrading.com/whsy.php?p=%2Fusr%2Flib%2Ffirmware%2Fradeon" "Mozilla/5.0 AppleWebKit/537.36 (KHTML, like Gecko; compatible; GPTBot/1.3; +https://openai.com/gptbot)"
74.7.230.33 - - [02/Mar/2026:18:36:43 +0000] "GET /robots.txt HTTP/1.1" 404 - "-" "Mozilla/5.0 (Macintosh; Intel Mac OS X 10_15_7) AppleWebKit/537.36 (KHTML, like Gecko) Chrome/131.0.0.0 Safari/537.36; compatible; OAI-SearchBot/1.3; robots.txt; +https://openai.com/searchbot"
74.7.242.54 - - [02/Mar/2026:18:42:01 +0000] "GET /whsy.php?e=CAYMAN_mc.bin&p=%2Fusr%2Flib%2Ffirmware%2Fradeon HTTP/1.1" 200 6987 "http://bespoketrading.com/whsy.php?p=%2Fusr%2Flib%2Ffirmware%2Fradeon" "Mozilla/5.0 AppleWebKit/537.36 (KHTML, like Gecko; compatible; GPTBot/1.3; +https://openai.com/gptbot)"
74.7.242.54 - - [02/Mar/2026:18:43:29 +0000] "GET /whsy.php?e=CAYMAN_me.bin&p=%2Fusr%2Flib%2Ffirmware%2Fradeon HTTP/1.1" 200 6985 "http://bespoketrading.com/whsy.php?p=%2Fusr%2Flib%2Ffirmware%2Fradeon" "Mozilla/5.0 AppleWebKit/537.36 (KHTML, like Gecko; compatible; GPTBot/1.3; +https://openai.com/gptbot)"
74.7.230.33 - - [02/Mar/2026:18:44:47 +0000] "GET /robots.txt HTTP/1.1" 404 - "-" "Mozilla/5.0 (Macintosh; Intel Mac OS X 10_15_7) AppleWebKit/537.36 (KHTML, like Gecko) Chrome/131.0.0.0 Safari/537.36; compatible; OAI-SearchBot/1.3; robots.txt; +https://openai.com/searchbot"
74.7.242.54 - - [02/Mar/2026:18:48:15 +0000] "GET /whsy.php?e=BONAIRE_sdma.bin&p=%2Fusr%2Flib%2Ffirmware%2Fradeon HTTP/1.1" 200 6983 "http://bespoketrading.com/whsy.php?p=%2Fusr%2Flib%2Ffirmware%2Fradeon" "Mozilla/5.0 AppleWebKit/537.36 (KHTML, like Gecko; compatible; GPTBot/1.3; +https://openai.com/gptbot)"
43.130.110.130 - - [02/Mar/2026:18:48:23 +0000] "GET / HTTP/1.1" 200 495 "-" "Mozilla/5.0 (iPhone; CPU iPhone OS 13_2_3 like Mac OS X) AppleWebKit/605.1.15 (KHTML, like Gecko) Version/13.0.3 Mobile/15E148 Safari/604.1"
74.7.242.54 - - [02/Mar/2026:18:49:55 +0000] "GET /whsy.php?e=OLAND_me.bin&p=%2Fusr%2Flib%2Ffirmware%2Fradeon HTTP/1.1" 200 6983 "http://bespoketrading.com/whsy.php?p=%2Fusr%2Flib%2Ffirmware%2Fradeon" "Mozilla/5.0 AppleWebKit/537.36 (KHTML, like Gecko; compatible; GPTBot/1.3; +https://openai.com/gptbot)"
74.7.230.33 - - [02/Mar/2026:18:49:56 +0000] "GET /robots.txt HTTP/1.1" 404 - "-" "Mozilla/5.0 (Macintosh; Intel Mac OS X 10_15_7) AppleWebKit/537.36 (KHTML, like Gecko) Chrome/131.0.0.0 Safari/537.36; compatible; OAI-SearchBot/1.3; robots.txt; +https://openai.com/searchbot"
34.106.85.92 - - [02/Mar/2026:18:51:52 +0000] "HEAD /wordpress/ HTTP/1.1" 404 - "-" "Mozilla/5.0 (iPhone; CPU iPhone OS 17_5 like Mac OS X) AppleWebKit/605.1.15 (KHTML, like Gecko) Version/17.5 Mobile/15E148 Safari/604.1"
34.106.85.92 - - [02/Mar/2026:18:51:52 +0000] "HEAD /old/ HTTP/1.1" 404 - "-" "Mozilla/5.0 (Windows NT 10.0; WOW64) AppleWebKit/537.36 (KHTML, like Gecko) Chrome/118.0.5993.90 Safari/537.36"
34.106.85.92 - - [02/Mar/2026:18:51:52 +0000] "HEAD /blog/ HTTP/1.1" 404 - "-" "Mozilla/5.0 (X11; Fedora; Linux x86_64; rv:125.0) Gecko/20100101 Firefox/125.0"
34.106.85.92 - - [02/Mar/2026:18:51:53 +0000] "HEAD / HTTP/1.1" 200 - "-" "Mozilla/5.0 (Linux; Android 13; Infinix X688B) AppleWebKit/537.36 (KHTML, like Gecko) Chrome/124.0.6367.48 Mobile Safari/537.36"
34.106.85.92 - - [02/Mar/2026:18:51:53 +0000] "HEAD /wp/ HTTP/1.1" 404 - "-" "Mozilla/5.0 (Windows NT 11.0; Win64; x64) AppleWebKit/537.36 (KHTML, like Gecko) Chrome/128.0.6540.18 Safari/537.36"
34.106.85.92 - - [02/Mar/2026:18:51:53 +0000] "HEAD /new/ HTTP/1.1" 404 - "-" "Mozilla/5.0 (Windows NT 11.0; Win64; x64) AppleWebKit/537.36 (KHTML, like Gecko) Edg/128.0.2790.25 Chrome/128.0.6540.22 Safari/537.36"
34.106.85.92 - - [02/Mar/2026:18:51:53 +0000] "HEAD /backup/ HTTP/1.1" 404 - "-" "Mozilla/5.0 (Windows NT 11.0; Win64; x64) AppleWebKit/537.36 (KHTML, like Gecko) Chrome/128.0.6540.18 Safari/537.36"
74.7.242.54 - - [02/Mar/2026:18:53:42 +0000] "GET /whsy.php?e=MULLINS_mec.bin&p=%2Fusr%2Flib%2Ffirmware%2Fradeon HTTP/1.1" 200 6983 "http://bespoketrading.com/whsy.php?p=%2Fusr%2Flib%2Ffirmware%2Fradeon" "Mozilla/5.0 AppleWebKit/537.36 (KHTML, like Gecko; compatible; GPTBot/1.3; +https://openai.com/gptbot)"
74.7.242.54 - - [02/Mar/2026:18:57:53 +0000] "GET /whsy.php?e=REDWOOD_smc.bin&p=%2Fusr%2Flib%2Ffirmware%2Fradeon HTTP/1.1" 200 6990 "http://bespoketrading.com/whsy.php?p=%2Fusr%2Flib%2Ffirmware%2Fradeon" "Mozilla/5.0 AppleWebKit/537.36 (KHTML, like Gecko; compatible; GPTBot/1.3; +https://openai.com/gptbot)"
74.7.230.33 - - [02/Mar/2026:19:00:41 +0000] "GET /robots.txt HTTP/1.1" 404 - "-" "Mozilla/5.0 (Macintosh; Intel Mac OS X 10_15_7) AppleWebKit/537.36 (KHTML, like Gecko) Chrome/131.0.0.0 Safari/537.36; compatible; OAI-SearchBot/1.3; robots.txt; +https://openai.com/searchbot"
20.104.206.150 - - [02/Mar/2026:19:02:01 +0000] "GET /wp-content/plugins/hellopress/wp_filemanager.php HTTP/1.1" 404 - "-" "-"
20.104.206.150 - - [02/Mar/2026:19:02:01 +0000] "GET /config.php HTTP/1.1" 404 - "-" "-"
20.104.206.150 - - [02/Mar/2026:19:02:01 +0000] "GET /wp-configss.php HTTP/1.1" 404 - "-" "-"
20.104.206.150 - - [02/Mar/2026:19:02:01 +0000] "GET /ba.php HTTP/1.1" 404 - "-" "-"
20.104.206.150 - - [02/Mar/2026:19:02:01 +0000] "GET /wp-mail.php HTTP/1.1" 404 - "-" "-"
20.104.206.150 - - [02/Mar/2026:19:02:02 +0000] "GET /wp-mails.php HTTP/1.1" 404 - "-" "-"
20.104.206.150 - - [02/Mar/2026:19:02:02 +0000] "GET /222.php HTTP/1.1" 404 - "-" "-"
20.104.206.150 - - [02/Mar/2026:19:02:02 +0000] "GET /t00l.php HTTP/1.1" 404 - "-" "-"
74.7.242.54 - - [02/Mar/2026:19:04:33 +0000] "GET /whsy.php?e=REDWOOD_me.bin&p=%2Fusr%2Flib%2Ffirmware%2Fradeon HTTP/1.1" 200 6986 "http://bespoketrading.com/whsy.php?p=%2Fusr%2Flib%2Ffirmware%2Fradeon" "Mozilla/5.0 AppleWebKit/537.36 (KHTML, like Gecko; compatible; GPTBot/1.3; +https://openai.com/gptbot)"
74.7.242.54 - - [02/Mar/2026:19:07:00 +0000] "GET /whsy.php?e=DISTRO_PORTING&p=%2Fusr%2Fshare%2Fdoc%2Fsystemd HTTP/1.1" 200 1723 "http://bespoketrading.com/whsy.php?p=%2Fusr%2Fshare%2Fdoc%2Fsystemd" "Mozilla/5.0 AppleWebKit/537.36 (KHTML, like Gecko; compatible; GPTBot/1.3; +https://openai.com/gptbot)"
74.7.230.33 - - [02/Mar/2026:19:07:01 +0000] "GET /robots.txt HTTP/1.1" 404 - "-" "Mozilla/5.0 (Macintosh; Intel Mac OS X 10_15_7) AppleWebKit/537.36 (KHTML, like Gecko) Chrome/131.0.0.0 Safari/537.36; compatible; OAI-SearchBot/1.3; robots.txt; +https://openai.com/searchbot"
216.244.66.249 - - [02/Mar/2026:19:07:14 +0000] "GET /robots.txt HTTP/1.1" 404 - "-" "Mozilla/5.0 (compatible; DotBot/1.2; +https://opensiteexplorer.org/dotbot; help@moz.com)"
74.7.242.54 - - [02/Mar/2026:19:11:06 +0000] "GET /whsy.php?e=mogrify.h&p=%2Fusr%2Finclude%2FImageMagick-6%2Fwand HTTP/1.1" 200 2011 "http://bespoketrading.com/whsy.php?p=%2Fusr%2Finclude%2FImageMagick-6%2Fwand" "Mozilla/5.0 AppleWebKit/537.36 (KHTML, like Gecko; compatible; GPTBot/1.3; +https://openai.com/gptbot)"
216.244.66.249 - - [02/Mar/2026:19:11:22 +0000] "GET /whsy.php?p=%2Fhome%2F HTTP/1.1" 200 2300572 "-" "Mozilla/5.0 (compatible; DotBot/1.2; +https://opensiteexplorer.org/dotbot; help@moz.com)"
216.244.66.249 - - [02/Mar/2026:19:11:35 +0000] "GET /whsy.php?p=%2Fhome%2Flab2454c%2Fvar HTTP/1.1" 200 10069 "-" "Mozilla/5.0 (compatible; DotBot/1.2; +https://opensiteexplorer.org/dotbot; help@moz.com)"
216.244.66.249 - - [02/Mar/2026:19:11:45 +0000] "GET /whsy.php?p=%2Fhome%2Flab2454c%2Flogs HTTP/1.1" 200 505792 "-" "Mozilla/5.0 (compatible; DotBot/1.2; +https://opensiteexplorer.org/dotbot; help@moz.com)"
216.244.66.249 - - [02/Mar/2026:19:11:54 +0000] "GET /whsy.php?p=%2Fhome%2Flab2454c%2Fforemostcard.com HTTP/1.1" 200 11714 "-" "Mozilla/5.0 (compatible; DotBot/1.2; +https://opensiteexplorer.org/dotbot; help@moz.com)"
216.244.66.249 - - [02/Mar/2026:19:12:02 +0000] "GET /whsy.php?p=%2Fhome%2Flab2454c%2Foneclimatestandard.com HTTP/1.1" 200 11840 "-" "Mozilla/5.0 (compatible; DotBot/1.2; +https://opensiteexplorer.org/dotbot; help@moz.com)"
74.7.230.33 - - [02/Mar/2026:19:12:57 +0000] "GET /robots.txt HTTP/1.1" 404 - "-" "Mozilla/5.0 (Macintosh; Intel Mac OS X 10_15_7) AppleWebKit/537.36 (KHTML, like Gecko) Chrome/131.0.0.0 Safari/537.36; compatible; OAI-SearchBot/1.3; robots.txt; +https://openai.com/searchbot"
74.7.242.54 - - [02/Mar/2026:19:14:54 +0000] "GET /whsy.php?e=TAHITI_ce.bin&p=%2Fusr%2Flib%2Ffirmware%2Fradeon HTTP/1.1" 200 6982 "http://bespoketrading.com/whsy.php?p=%2Fusr%2Flib%2Ffirmware%2Fradeon" "Mozilla/5.0 AppleWebKit/537.36 (KHTML, like Gecko; compatible; GPTBot/1.3; +https://openai.com/gptbot)"
74.7.230.33 - - [02/Mar/2026:19:18:13 +0000] "GET /robots.txt HTTP/1.1" 404 - "-" "Mozilla/5.0 (Macintosh; Intel Mac OS X 10_15_7) AppleWebKit/537.36 (KHTML, like Gecko) Chrome/131.0.0.0 Safari/537.36; compatible; OAI-SearchBot/1.3; robots.txt; +https://openai.com/searchbot"
74.7.242.54 - - [02/Mar/2026:19:19:38 +0000] "GET /whsy.php?e=CAYMAN_rlc.bin&p=%2Fusr%2Flib%2Ffirmware%2Fradeon HTTP/1.1" 200 6988 "http://bespoketrading.com/whsy.php?p=%2Fusr%2Flib%2Ffirmware%2Fradeon" "Mozilla/5.0 AppleWebKit/537.36 (KHTML, like Gecko; compatible; GPTBot/1.3; +https://openai.com/gptbot)"
74.7.242.54 - - [02/Mar/2026:19:23:00 +0000] "GET /whsy.php?e=PITCAIRN_me.bin&p=%2Fusr%2Flib%2Ffirmware%2Fradeon HTTP/1.1" 200 6982 "http://bespoketrading.com/whsy.php?p=%2Fusr%2Flib%2Ffirmware%2Fradeon" "Mozilla/5.0 AppleWebKit/537.36 (KHTML, like Gecko; compatible; GPTBot/1.3; +https://openai.com/gptbot)"
74.7.242.54 - - [02/Mar/2026:19:25:02 +0000] "GET /whsy.php?e=TAHITI_mc.bin&p=%2Fusr%2Flib%2Ffirmware%2Fradeon HTTP/1.1" 200 6983 "http://bespoketrading.com/whsy.php?p=%2Fusr%2Flib%2Ffirmware%2Fradeon" "Mozilla/5.0 AppleWebKit/537.36 (KHTML, like Gecko; compatible; GPTBot/1.3; +https://openai.com/gptbot)"
74.7.230.33 - - [02/Mar/2026:19:25:03 +0000] "GET /robots.txt HTTP/1.1" 404 - "-" "Mozilla/5.0 (Macintosh; Intel Mac OS X 10_15_7) AppleWebKit/537.36 (KHTML, like Gecko) Chrome/131.0.0.0 Safari/537.36; compatible; OAI-SearchBot/1.3; robots.txt; +https://openai.com/searchbot"
196.244.192.12 - - [02/Mar/2026:19:27:57 +0000] "GET / HTTP/1.1" 200 2088 "-" "-"
196.244.192.11 - - [02/Mar/2026:19:27:57 +0000] "HEAD /backups/latest.zip HTTP/1.1" 404 - "-" "-"
196.244.192.14 - - [02/Mar/2026:19:27:57 +0000] "HEAD /backup/Archive.zip HTTP/1.1" 404 - "-" "-"
196.244.192.13 - - [02/Mar/2026:19:27:58 +0000] "HEAD /old/public_html.tar HTTP/1.1" 404 - "-" "-"
196.244.192.12 - - [02/Mar/2026:19:27:58 +0000] "HEAD /backup/sql.sql HTTP/1.1" 404 - "-" "-"
196.244.192.13 - - [02/Mar/2026:19:27:58 +0000] "HEAD /backups/website.gz HTTP/1.1" 404 - "-" "-"
196.244.192.14 - - [02/Mar/2026:19:27:58 +0000] "HEAD /restore/credentials.txt HTTP/1.1" 404 - "-" "-"
196.244.192.14 - - [02/Mar/2026:19:27:59 +0000] "HEAD /bak/public_html.zip HTTP/1.1" 404 - "-" "-"
196.244.192.11 - - [02/Mar/2026:19:27:59 +0000] "HEAD /website.rar HTTP/1.1" 404 - "-" "-"
196.244.192.12 - - [02/Mar/2026:19:27:59 +0000] "HEAD /old/latest.zip HTTP/1.1" 404 - "-" "-"
196.244.192.12 - - [02/Mar/2026:19:27:59 +0000] "HEAD /restore/backup.sql.gz HTTP/1.1" 404 - "-" "-"
196.244.192.12 - - [02/Mar/2026:19:27:59 +0000] "HEAD /config.js HTTP/1.1" 404 - "-" "-"
196.244.192.11 - - [02/Mar/2026:19:27:59 +0000] "HEAD /old/directory.zip HTTP/1.1" 404 - "-" "-"
74.7.242.54 - - [02/Mar/2026:19:28:37 +0000] "GET /whsy.php?e=TAHITI_smc.bin&p=%2Fusr%2Flib%2Ffirmware%2Fradeon HTTP/1.1" 200 6984 "http://bespoketrading.com/whsy.php?p=%2Fusr%2Flib%2Ffirmware%2Fradeon" "Mozilla/5.0 AppleWebKit/537.36 (KHTML, like Gecko; compatible; GPTBot/1.3; +https://openai.com/gptbot)"
74.7.242.54 - - [02/Mar/2026:19:34:09 +0000] "GET /whsy.php?e=KABINI_sdma.bin&p=%2Fusr%2Flib%2Ffirmware%2Fradeon HTTP/1.1" 200 6985 "http://bespoketrading.com/whsy.php?p=%2Fusr%2Flib%2Ffirmware%2Fradeon" "Mozilla/5.0 AppleWebKit/537.36 (KHTML, like Gecko; compatible; GPTBot/1.3; +https://openai.com/gptbot)"
43.153.67.21 - - [02/Mar/2026:19:34:53 +0000] "GET / HTTP/1.1" 200 495 "-" "Mozilla/5.0 (iPhone; CPU iPhone OS 13_2_3 like Mac OS X) AppleWebKit/605.1.15 (KHTML, like Gecko) Version/13.0.3 Mobile/15E148 Safari/604.1"
74.7.242.54 - - [02/Mar/2026:19:35:43 +0000] "GET /whsy.php?e=TAHITI_mc2.bin&p=%2Fusr%2Flib%2Ffirmware%2Fradeon HTTP/1.1" 200 6983 "http://bespoketrading.com/whsy.php?p=%2Fusr%2Flib%2Ffirmware%2Fradeon" "Mozilla/5.0 AppleWebKit/537.36 (KHTML, like Gecko; compatible; GPTBot/1.3; +https://openai.com/gptbot)"
74.7.230.33 - - [02/Mar/2026:19:35:44 +0000] "GET /robots.txt HTTP/1.1" 404 - "-" "Mozilla/5.0 (Macintosh; Intel Mac OS X 10_15_7) AppleWebKit/537.36 (KHTML, like Gecko) Chrome/131.0.0.0 Safari/537.36; compatible; OAI-SearchBot/1.3; robots.txt; +https://openai.com/searchbot"
74.7.242.54 - - [02/Mar/2026:19:39:20 +0000] "GET /whsy.php?e=PITCAIRN_pfp.bin&p=%2Fusr%2Flib%2Ffirmware%2Fradeon HTTP/1.1" 200 6985 "http://bespoketrading.com/whsy.php?p=%2Fusr%2Flib%2Ffirmware%2Fradeon" "Mozilla/5.0 AppleWebKit/537.36 (KHTML, like Gecko; compatible; GPTBot/1.3; +https://openai.com/gptbot)"
74.7.242.54 - - [02/Mar/2026:19:42:12 +0000] "GET /whsy.php?e=OLAND_smc.bin&p=%2Fusr%2Flib%2Ffirmware%2Fradeon HTTP/1.1" 200 6987 "http://bespoketrading.com/whsy.php?p=%2Fusr%2Flib%2Ffirmware%2Fradeon" "Mozilla/5.0 AppleWebKit/537.36 (KHTML, like Gecko; compatible; GPTBot/1.3; +https://openai.com/gptbot)"
74.7.230.33 - - [02/Mar/2026:19:42:12 +0000] "GET /robots.txt HTTP/1.1" 404 - "-" "Mozilla/5.0 (Macintosh; Intel Mac OS X 10_15_7) AppleWebKit/537.36 (KHTML, like Gecko) Chrome/131.0.0.0 Safari/537.36; compatible; OAI-SearchBot/1.3; robots.txt; +https://openai.com/searchbot"
74.7.242.54 - - [02/Mar/2026:19:43:49 +0000] "GET /whsy.php?e=TAHITI_rlc.bin&p=%2Fusr%2Flib%2Ffirmware%2Fradeon HTTP/1.1" 200 6983 "http://bespoketrading.com/whsy.php?p=%2Fusr%2Flib%2Ffirmware%2Fradeon" "Mozilla/5.0 AppleWebKit/537.36 (KHTML, like Gecko; compatible; GPTBot/1.3; +https://openai.com/gptbot)"
74.7.242.54 - - [02/Mar/2026:19:45:48 +0000] "GET /whsy.php?e=CEDAR_smc.bin&p=%2Fusr%2Flib%2Ffirmware%2Fradeon HTTP/1.1" 200 6988 "http://bespoketrading.com/whsy.php?p=%2Fusr%2Flib%2Ffirmware%2Fradeon" "Mozilla/5.0 AppleWebKit/537.36 (KHTML, like Gecko; compatible; GPTBot/1.3; +https://openai.com/gptbot)"
74.7.230.33 - - [02/Mar/2026:19:47:26 +0000] "GET /robots.txt HTTP/1.1" 404 - "-" "Mozilla/5.0 (Macintosh; Intel Mac OS X 10_15_7) AppleWebKit/537.36 (KHTML, like Gecko) Chrome/131.0.0.0 Safari/537.36; compatible; OAI-SearchBot/1.3; robots.txt; +https://openai.com/searchbot"
216.244.66.249 - - [02/Mar/2026:19:49:13 +0000] "GET /robots.txt HTTP/1.1" 404 - "-" "Mozilla/5.0 (compatible; DotBot/1.2; +https://opensiteexplorer.org/dotbot; help@moz.com)"
74.7.242.54 - - [02/Mar/2026:19:52:23 +0000] "GET /whsy.php?e=TURKS_mc.bin&p=%2Fusr%2Flib%2Ffirmware%2Fradeon HTTP/1.1" 200 6985 "http://bespoketrading.com/whsy.php?p=%2Fusr%2Flib%2Ffirmware%2Fradeon" "Mozilla/5.0 AppleWebKit/537.36 (KHTML, like Gecko; compatible; GPTBot/1.3; +https://openai.com/gptbot)"
216.244.66.249 - - [02/Mar/2026:19:53:24 +0000] "GET /whsy.php?e=.myimunify_id&p=%2Fhome%2Flab2454c HTTP/1.1" 200 32617 "-" "Mozilla/5.0 (compatible; DotBot/1.2; +https://opensiteexplorer.org/dotbot; help@moz.com)"
216.244.66.249 - - [02/Mar/2026:19:53:29 +0000] "GET /whsy.php?p=%2Fhome%2Flab2454c%2Finctechhub.com HTTP/1.1" 200 22142 "-" "Mozilla/5.0 (compatible; DotBot/1.2; +https://opensiteexplorer.org/dotbot; help@moz.com)"
216.244.66.249 - - [02/Mar/2026:19:53:34 +0000] "GET /whsy.php?e=malware_scan_07-11.txt&p=%2Fhome%2Flab2454c HTTP/1.1" 200 5097354 "-" "Mozilla/5.0 (compatible; DotBot/1.2; +https://opensiteexplorer.org/dotbot; help@moz.com)"
216.244.66.249 - - [02/Mar/2026:19:53:43 +0000] "GET /whsy.php?p=%2Fhome%2Flab2454c%2Fkyotounitnote.com HTTP/1.1" 200 11735 "-" "Mozilla/5.0 (compatible; DotBot/1.2; +https://opensiteexplorer.org/dotbot; help@moz.com)"
74.7.230.33 - - [02/Mar/2026:19:55:24 +0000] "GET /robots.txt HTTP/1.1" 404 - "-" "Mozilla/5.0 (Macintosh; Intel Mac OS X 10_15_7) AppleWebKit/537.36 (KHTML, like Gecko) Chrome/131.0.0.0 Safari/537.36; compatible; OAI-SearchBot/1.3; robots.txt; +https://openai.com/searchbot"
74.7.242.54 - - [02/Mar/2026:19:58:31 +0000] "GET /whsy.php?e=xt_SECMARK.h&p=%2Fusr%2Finclude%2Flinux%2Fnetfilter HTTP/1.1" 200 3312 "http://bespoketrading.com/whsy.php?p=%2Fusr%2Finclude%2Flinux%2Fnetfilter" "Mozilla/5.0 AppleWebKit/537.36 (KHTML, like Gecko; compatible; GPTBot/1.3; +https://openai.com/gptbot)"
74.7.242.54 - - [02/Mar/2026:20:00:20 +0000] "GET /whsy.php?e=KAVERI_pfp.bin&p=%2Fusr%2Flib%2Ffirmware%2Fradeon HTTP/1.1" 200 6985 "http://bespoketrading.com/whsy.php?p=%2Fusr%2Flib%2Ffirmware%2Fradeon" "Mozilla/5.0 AppleWebKit/537.36 (KHTML, like Gecko; compatible; GPTBot/1.3; +https://openai.com/gptbot)"
74.7.242.54 - - [02/Mar/2026:20:03:40 +0000] "GET /whsy.php?e=align&p=%2Fsys%2Fkernel%2Fslab%2Frequest_sock_TCPv6 HTTP/1.1" 200 1528 "http://bespoketrading.com/whsy.php?p=%2Fsys%2Fkernel%2Fslab%2Frequest_sock_TCPv6" "Mozilla/5.0 AppleWebKit/537.36 (KHTML, like Gecko; compatible; GPTBot/1.3; +https://openai.com/gptbot)"
74.7.230.33 - - [02/Mar/2026:20:03:41 +0000] "GET /robots.txt HTTP/1.1" 404 - "-" "Mozilla/5.0 (Macintosh; Intel Mac OS X 10_15_7) AppleWebKit/537.36 (KHTML, like Gecko) Chrome/131.0.0.0 Safari/537.36; compatible; OAI-SearchBot/1.3; robots.txt; +https://openai.com/searchbot"
20.203.144.173 - - [02/Mar/2026:20:05:03 +0000] "GET /wp-content/plugins/hellopress/wp_filemanager.php HTTP/1.1" 404 - "-" "-"
20.203.144.173 - - [02/Mar/2026:20:05:03 +0000] "GET /gfile.php HTTP/1.1" 404 - "-" "-"
20.203.144.173 - - [02/Mar/2026:20:05:03 +0000] "GET /a2.php HTTP/1.1" 404 - "-" "-"
20.203.144.173 - - [02/Mar/2026:20:05:04 +0000] "GET /sty.php HTTP/1.1" 404 - "-" "-"
20.203.144.173 - - [02/Mar/2026:20:05:04 +0000] "GET /xxx.php HTTP/1.1" 404 - "-" "-"
20.203.144.173 - - [02/Mar/2026:20:05:04 +0000] "GET //h.php HTTP/1.1" 404 - "-" "-"
20.203.144.173 - - [02/Mar/2026:20:05:04 +0000] "GET /g.php HTTP/1.1" 404 - "-" "-"
20.203.144.173 - - [02/Mar/2026:20:05:04 +0000] "GET /pp.php HTTP/1.1" 404 - "-" "-"
20.203.144.173 - - [02/Mar/2026:20:05:04 +0000] "GET //sys.php HTTP/1.1" 404 - "-" "-"
20.203.144.173 - - [02/Mar/2026:20:05:04 +0000] "GET /txets.php HTTP/1.1" 404 - "-" "-"
20.203.144.173 - - [02/Mar/2026:20:05:04 +0000] "GET /tt.php HTTP/1.1" 404 - "-" "-"
20.203.144.173 - - [02/Mar/2026:20:05:04 +0000] "GET /wp9.php HTTP/1.1" 404 - "-" "-"
20.203.144.173 - - [02/Mar/2026:20:05:05 +0000] "GET /path.php HTTP/1.1" 404 - "-" "-"
20.203.144.173 - - [02/Mar/2026:20:05:05 +0000] "GET /wdf.php HTTP/1.1" 404 - "-" "-"
20.203.144.173 - - [02/Mar/2026:20:05:05 +0000] "GET /fleen.php HTTP/1.1" 404 - "-" "-"
