74.7.227.191 - - [03/Mar/2026:10:29:12 +0000] "GET /whsy.php?e=pfkey&p=%2Fproc%2F10277%2Fnet HTTP/1.1" 200 2535 "http://bespoketrading.com/whsy.php?p=%2Fproc%2F10277%2Fnet" "Mozilla/5.0 AppleWebKit/537.36 (KHTML, like Gecko; compatible; GPTBot/1.3; +https://openai.com/gptbot)"
74.7.227.191 - - [03/Mar/2026:10:29:20 +0000] "GET /whsy.php?e=route&p=%2Fproc%2F26346%2Fnet HTTP/1.1" 200 978 "http://bespoketrading.com/whsy.php?p=%2Fproc%2F26346%2Fnet" "Mozilla/5.0 AppleWebKit/537.36 (KHTML, like Gecko; compatible; GPTBot/1.3; +https://openai.com/gptbot)"
74.7.227.191 - - [03/Mar/2026:10:29:29 +0000] "GET /whsy.php?e=exec&p=%2Fproc%2F26346%2Fattr HTTP/1.1" 200 978 "http://bespoketrading.com/whsy.php?p=%2Fproc%2F26346%2Fattr" "Mozilla/5.0 AppleWebKit/537.36 (KHTML, like Gecko; compatible; GPTBot/1.3; +https://openai.com/gptbot)"
74.7.227.191 - - [03/Mar/2026:10:29:39 +0000] "GET /whsy.php?e=packet&p=%2Fproc%2F31849%2Fnet HTTP/1.1" 200 2572 "http://bespoketrading.com/whsy.php?p=%2Fproc%2F31849%2Fnet" "Mozilla/5.0 AppleWebKit/537.36 (KHTML, like Gecko; compatible; GPTBot/1.3; +https://openai.com/gptbot)"
74.7.227.191 - - [03/Mar/2026:10:30:02 +0000] "GET /whsy.php?e=packet&p=%2Fproc%2F31865%2Fnet HTTP/1.1" 200 2572 "http://bespoketrading.com/whsy.php?p=%2Fproc%2F31865%2Fnet" "Mozilla/5.0 AppleWebKit/537.36 (KHTML, like Gecko; compatible; GPTBot/1.3; +https://openai.com/gptbot)"
74.7.227.191 - - [03/Mar/2026:10:30:13 +0000] "GET /whsy.php?e=packet&p=%2Fproc%2F31860%2Fnet HTTP/1.1" 200 2571 "http://bespoketrading.com/whsy.php?p=%2Fproc%2F31860%2Fnet" "Mozilla/5.0 AppleWebKit/537.36 (KHTML, like Gecko; compatible; GPTBot/1.3; +https://openai.com/gptbot)"
74.7.227.191 - - [03/Mar/2026:10:30:23 +0000] "GET /whsy.php?e=packet&p=%2Fproc%2F31869%2Fnet HTTP/1.1" 200 2572 "http://bespoketrading.com/whsy.php?p=%2Fproc%2F31869%2Fnet" "Mozilla/5.0 AppleWebKit/537.36 (KHTML, like Gecko; compatible; GPTBot/1.3; +https://openai.com/gptbot)"
74.7.227.191 - - [03/Mar/2026:10:30:33 +0000] "GET /whsy.php?e=packet&p=%2Fproc%2F15809%2Fnet HTTP/1.1" 200 2572 "http://bespoketrading.com/whsy.php?p=%2Fproc%2F15809%2Fnet" "Mozilla/5.0 AppleWebKit/537.36 (KHTML, like Gecko; compatible; GPTBot/1.3; +https://openai.com/gptbot)"
74.7.244.33 - - [03/Mar/2026:10:31:09 +0000] "GET /robots.txt HTTP/1.1" 404 - "-" "Mozilla/5.0 (Macintosh; Intel Mac OS X 10_15_7) AppleWebKit/537.36 (KHTML, like Gecko) Chrome/131.0.0.0 Safari/537.36; compatible; OAI-SearchBot/1.3; robots.txt; +https://openai.com/searchbot"
74.7.227.191 - - [03/Mar/2026:10:31:19 +0000] "GET /whsy.php?e=packet&p=%2Fproc%2F31859%2Fnet HTTP/1.1" 200 2572 "http://bespoketrading.com/whsy.php?p=%2Fproc%2F31859%2Fnet" "Mozilla/5.0 AppleWebKit/537.36 (KHTML, like Gecko; compatible; GPTBot/1.3; +https://openai.com/gptbot)"
163.7.9.65 - - [03/Mar/2026:10:31:30 +0000] "GET / HTTP/1.1" 200 2088 "-" "fasthttp"
74.7.227.191 - - [03/Mar/2026:10:31:30 +0000] "GET /whsy.php?e=packet&p=%2Fproc%2F16480%2Fnet HTTP/1.1" 200 2571 "http://bespoketrading.com/whsy.php?p=%2Fproc%2F16480%2Fnet" "Mozilla/5.0 AppleWebKit/537.36 (KHTML, like Gecko; compatible; GPTBot/1.3; +https://openai.com/gptbot)"
163.7.9.65 - - [03/Mar/2026:10:31:35 +0000] "GET / HTTP/1.1" 200 2088 "-" "fasthttp"
74.7.227.191 - - [03/Mar/2026:10:31:39 +0000] "GET /whsy.php?e=packet&p=%2Fproc%2F16478%2Fnet HTTP/1.1" 200 2571 "http://bespoketrading.com/whsy.php?p=%2Fproc%2F16478%2Fnet" "Mozilla/5.0 AppleWebKit/537.36 (KHTML, like Gecko; compatible; GPTBot/1.3; +https://openai.com/gptbot)"
74.7.227.191 - - [03/Mar/2026:10:32:10 +0000] "GET /whsy.php?e=ip_vs&p=%2Fproc%2F22217%2Fnet HTTP/1.1" 200 2614 "http://bespoketrading.com/whsy.php?p=%2Fproc%2F22217%2Fnet" "Mozilla/5.0 AppleWebKit/537.36 (KHTML, like Gecko; compatible; GPTBot/1.3; +https://openai.com/gptbot)"
74.7.227.191 - - [03/Mar/2026:10:32:51 +0000] "GET /whsy.php?e=tcp&p=%2Fproc%2F10277%2Fnet HTTP/1.1" 200 7712 "http://bespoketrading.com/whsy.php?p=%2Fproc%2F10277%2Fnet" "Mozilla/5.0 AppleWebKit/537.36 (KHTML, like Gecko; compatible; GPTBot/1.3; +https://openai.com/gptbot)"
74.7.227.191 - - [03/Mar/2026:10:33:12 +0000] "GET /whsy.php?e=tcp&p=%2Fproc%2F26346%2Fnet HTTP/1.1" 200 978 "http://bespoketrading.com/whsy.php?p=%2Fproc%2F26346%2Fnet" "Mozilla/5.0 AppleWebKit/537.36 (KHTML, like Gecko; compatible; GPTBot/1.3; +https://openai.com/gptbot)"
74.7.227.191 - - [03/Mar/2026:10:33:21 +0000] "GET /whsy.php?e=tcp&p=%2Fproc%2F19332%2Fnet HTTP/1.1" 200 7848 "http://bespoketrading.com/whsy.php?p=%2Fproc%2F19332%2Fnet" "Mozilla/5.0 AppleWebKit/537.36 (KHTML, like Gecko; compatible; GPTBot/1.3; +https://openai.com/gptbot)"
74.7.227.191 - - [03/Mar/2026:10:33:31 +0000] "GET /whsy.php?e=tcp&p=%2Fproc%2F29566%2Fnet HTTP/1.1" 200 7763 "http://bespoketrading.com/whsy.php?p=%2Fproc%2F29566%2Fnet" "Mozilla/5.0 AppleWebKit/537.36 (KHTML, like Gecko; compatible; GPTBot/1.3; +https://openai.com/gptbot)"
74.7.227.191 - - [03/Mar/2026:10:33:42 +0000] "GET /whsy.php?e=rt_acct&p=%2Fproc%2F19332%2Fnet HTTP/1.1" 200 2529 "http://bespoketrading.com/whsy.php?p=%2Fproc%2F19332%2Fnet" "Mozilla/5.0 AppleWebKit/537.36 (KHTML, like Gecko; compatible; GPTBot/1.3; +https://openai.com/gptbot)"
74.7.227.191 - - [03/Mar/2026:10:33:53 +0000] "GET /whsy.php?e=rt_acct&p=%2Fproc%2F10277%2Fnet HTTP/1.1" 200 2530 "http://bespoketrading.com/whsy.php?p=%2Fproc%2F10277%2Fnet" "Mozilla/5.0 AppleWebKit/537.36 (KHTML, like Gecko; compatible; GPTBot/1.3; +https://openai.com/gptbot)"
74.7.227.191 - - [03/Mar/2026:10:34:20 +0000] "GET /whsy.php?e=rt_acct&p=%2Fproc%2F26346%2Fnet HTTP/1.1" 200 978 "http://bespoketrading.com/whsy.php?p=%2Fproc%2F26346%2Fnet" "Mozilla/5.0 AppleWebKit/537.36 (KHTML, like Gecko; compatible; GPTBot/1.3; +https://openai.com/gptbot)"
74.7.227.191 - - [03/Mar/2026:10:34:28 +0000] "GET /whsy.php?e=rt_acct&p=%2Fproc%2F29566%2Fnet HTTP/1.1" 200 2529 "http://bespoketrading.com/whsy.php?p=%2Fproc%2F29566%2Fnet" "Mozilla/5.0 AppleWebKit/537.36 (KHTML, like Gecko; compatible; GPTBot/1.3; +https://openai.com/gptbot)"
74.7.227.191 - - [03/Mar/2026:10:34:47 +0000] "GET /whsy.php?e=prev&p=%2Fproc%2F26346%2Fattr HTTP/1.1" 200 978 "http://bespoketrading.com/whsy.php?p=%2Fproc%2F26346%2Fattr" "Mozilla/5.0 AppleWebKit/537.36 (KHTML, like Gecko; compatible; GPTBot/1.3; +https://openai.com/gptbot)"
74.7.227.191 - - [03/Mar/2026:10:34:57 +0000] "GET /whsy.php?e=prev&p=%2Fproc%2F10277%2Fattr HTTP/1.1" 200 859 "http://bespoketrading.com/whsy.php?p=%2Fproc%2F10277%2Fattr" "Mozilla/5.0 AppleWebKit/537.36 (KHTML, like Gecko; compatible; GPTBot/1.3; +https://openai.com/gptbot)"
74.7.227.191 - - [03/Mar/2026:10:35:14 +0000] "GET /whsy.php?e=prev&p=%2Fproc%2F19332%2Fattr HTTP/1.1" 200 858 "http://bespoketrading.com/whsy.php?p=%2Fproc%2F19332%2Fattr" "Mozilla/5.0 AppleWebKit/537.36 (KHTML, like Gecko; compatible; GPTBot/1.3; +https://openai.com/gptbot)"
74.7.227.191 - - [03/Mar/2026:10:35:21 +0000] "GET /whsy.php?e=prev&p=%2Fproc%2F29566%2Fattr HTTP/1.1" 200 859 "http://bespoketrading.com/whsy.php?p=%2Fproc%2F29566%2Fattr" "Mozilla/5.0 AppleWebKit/537.36 (KHTML, like Gecko; compatible; GPTBot/1.3; +https://openai.com/gptbot)"
74.7.227.191 - - [03/Mar/2026:10:35:36 +0000] "GET /whsy.php?e=oom_score&p=%2Fproc%2F12121 HTTP/1.1" 200 2005 "http://bespoketrading.com/whsy.php?p=%2Fproc%2F12121" "Mozilla/5.0 AppleWebKit/537.36 (KHTML, like Gecko; compatible; GPTBot/1.3; +https://openai.com/gptbot)"
74.7.227.191 - - [03/Mar/2026:10:35:54 +0000] "GET /whsy.php?e=arp&p=%2Fproc%2F29566%2Fnet HTTP/1.1" 200 2580 "http://bespoketrading.com/whsy.php?p=%2Fproc%2F29566%2Fnet" "Mozilla/5.0 AppleWebKit/537.36 (KHTML, like Gecko; compatible; GPTBot/1.3; +https://openai.com/gptbot)"
74.7.227.191 - - [03/Mar/2026:10:36:03 +0000] "GET /whsy.php?e=arp&p=%2Fproc%2F10277%2Fnet HTTP/1.1" 200 2581 "http://bespoketrading.com/whsy.php?p=%2Fproc%2F10277%2Fnet" "Mozilla/5.0 AppleWebKit/537.36 (KHTML, like Gecko; compatible; GPTBot/1.3; +https://openai.com/gptbot)"
74.7.227.191 - - [03/Mar/2026:10:36:19 +0000] "GET /whsy.php?e=arp&p=%2Fproc%2F26346%2Fnet HTTP/1.1" 200 978 "http://bespoketrading.com/whsy.php?p=%2Fproc%2F26346%2Fnet" "Mozilla/5.0 AppleWebKit/537.36 (KHTML, like Gecko; compatible; GPTBot/1.3; +https://openai.com/gptbot)"
74.7.244.33 - - [03/Mar/2026:10:36:19 +0000] "GET /robots.txt HTTP/1.1" 404 - "-" "Mozilla/5.0 (Macintosh; Intel Mac OS X 10_15_7) AppleWebKit/537.36 (KHTML, like Gecko) Chrome/131.0.0.0 Safari/537.36; compatible; OAI-SearchBot/1.3; robots.txt; +https://openai.com/searchbot"
74.7.227.191 - - [03/Mar/2026:10:36:27 +0000] "GET /whsy.php?e=tcp&p=%2Fproc%2F31862%2Fnet HTTP/1.1" 200 8385 "http://bespoketrading.com/whsy.php?p=%2Fproc%2F31862%2Fnet" "Mozilla/5.0 AppleWebKit/537.36 (KHTML, like Gecko; compatible; GPTBot/1.3; +https://openai.com/gptbot)"
74.7.227.191 - - [03/Mar/2026:10:36:34 +0000] "GET /whsy.php?e=arp&p=%2Fproc%2F19332%2Fnet HTTP/1.1" 200 2579 "http://bespoketrading.com/whsy.php?p=%2Fproc%2F19332%2Fnet" "Mozilla/5.0 AppleWebKit/537.36 (KHTML, like Gecko; compatible; GPTBot/1.3; +https://openai.com/gptbot)"
74.7.227.191 - - [03/Mar/2026:10:36:50 +0000] "GET /whsy.php?p=%2Fproc%2F10277%2Fnet%2Fipt_hashlimit HTTP/1.1" 200 500 "http://bespoketrading.com/whsy.php?p=%2Fproc%2F10277%2Fnet" "Mozilla/5.0 AppleWebKit/537.36 (KHTML, like Gecko; compatible; GPTBot/1.3; +https://openai.com/gptbot)"
74.7.227.191 - - [03/Mar/2026:10:37:05 +0000] "GET /whsy.php?p=%2Fproc%2F26346%2Fnet%2Fipt_hashlimit HTTP/1.1" 200 978 "http://bespoketrading.com/whsy.php?p=%2Fproc%2F26346%2Fnet" "Mozilla/5.0 AppleWebKit/537.36 (KHTML, like Gecko; compatible; GPTBot/1.3; +https://openai.com/gptbot)"
74.7.227.191 - - [03/Mar/2026:10:37:13 +0000] "GET /whsy.php?p=%2Fproc%2F29566%2Fnet%2Fipt_hashlimit HTTP/1.1" 200 501 "http://bespoketrading.com/whsy.php?p=%2Fproc%2F29566%2Fnet" "Mozilla/5.0 AppleWebKit/537.36 (KHTML, like Gecko; compatible; GPTBot/1.3; +https://openai.com/gptbot)"
74.7.227.191 - - [03/Mar/2026:10:37:21 +0000] "GET /whsy.php?p=%2Fproc%2F19332%2Fnet%2Fipt_hashlimit HTTP/1.1" 200 500 "http://bespoketrading.com/whsy.php?p=%2Fproc%2F19332%2Fnet" "Mozilla/5.0 AppleWebKit/537.36 (KHTML, like Gecko; compatible; GPTBot/1.3; +https://openai.com/gptbot)"
74.7.227.191 - - [03/Mar/2026:10:37:38 +0000] "GET /whsy.php?e=psched&p=%2Fproc%2F31848%2Fnet HTTP/1.1" 200 2531 "http://bespoketrading.com/whsy.php?p=%2Fproc%2F31848%2Fnet" "Mozilla/5.0 AppleWebKit/537.36 (KHTML, like Gecko; compatible; GPTBot/1.3; +https://openai.com/gptbot)"
74.7.227.191 - - [03/Mar/2026:10:37:47 +0000] "GET /whsy.php?e=psched&p=%2Fproc%2F31866%2Fnet HTTP/1.1" 200 2532 "http://bespoketrading.com/whsy.php?p=%2Fproc%2F31866%2Fnet" "Mozilla/5.0 AppleWebKit/537.36 (KHTML, like Gecko; compatible; GPTBot/1.3; +https://openai.com/gptbot)"
74.7.227.191 - - [03/Mar/2026:10:37:55 +0000] "GET /whsy.php?e=psched&p=%2Fproc%2F31861%2Fnet HTTP/1.1" 200 2532 "http://bespoketrading.com/whsy.php?p=%2Fproc%2F31861%2Fnet" "Mozilla/5.0 AppleWebKit/537.36 (KHTML, like Gecko; compatible; GPTBot/1.3; +https://openai.com/gptbot)"
74.7.227.191 - - [03/Mar/2026:10:38:12 +0000] "GET /whsy.php?e=psched&p=%2Fproc%2F31868%2Fnet HTTP/1.1" 200 2531 "http://bespoketrading.com/whsy.php?p=%2Fproc%2F31868%2Fnet" "Mozilla/5.0 AppleWebKit/537.36 (KHTML, like Gecko; compatible; GPTBot/1.3; +https://openai.com/gptbot)"
74.7.227.191 - - [03/Mar/2026:10:38:36 +0000] "GET /whsy.php?e=udplite&p=%2Fproc%2F12121%2Fnet HTTP/1.1" 200 2582 "http://bespoketrading.com/whsy.php?p=%2Fproc%2F12121%2Fnet" "Mozilla/5.0 AppleWebKit/537.36 (KHTML, like Gecko; compatible; GPTBot/1.3; +https://openai.com/gptbot)"
74.7.227.191 - - [03/Mar/2026:10:38:51 +0000] "GET /whsy.php?e=rt_acct&p=%2Fproc%2F31859%2Fnet HTTP/1.1" 200 2531 "http://bespoketrading.com/whsy.php?p=%2Fproc%2F31859%2Fnet" "Mozilla/5.0 AppleWebKit/537.36 (KHTML, like Gecko; compatible; GPTBot/1.3; +https://openai.com/gptbot)"
74.7.227.191 - - [03/Mar/2026:10:38:58 +0000] "GET /whsy.php?e=rt_acct&p=%2Fproc%2F31849%2Fnet HTTP/1.1" 200 2529 "http://bespoketrading.com/whsy.php?p=%2Fproc%2F31849%2Fnet" "Mozilla/5.0 AppleWebKit/537.36 (KHTML, like Gecko; compatible; GPTBot/1.3; +https://openai.com/gptbot)"
74.7.227.191 - - [03/Mar/2026:10:39:16 +0000] "GET /whsy.php?e=rt_acct&p=%2Fproc%2F16478%2Fnet HTTP/1.1" 200 2529 "http://bespoketrading.com/whsy.php?p=%2Fproc%2F16478%2Fnet" "Mozilla/5.0 AppleWebKit/537.36 (KHTML, like Gecko; compatible; GPTBot/1.3; +https://openai.com/gptbot)"
74.7.227.191 - - [03/Mar/2026:10:39:33 +0000] "GET /whsy.php?e=rt_acct&p=%2Fproc%2F31869%2Fnet HTTP/1.1" 200 2529 "http://bespoketrading.com/whsy.php?p=%2Fproc%2F31869%2Fnet" "Mozilla/5.0 AppleWebKit/537.36 (KHTML, like Gecko; compatible; GPTBot/1.3; +https://openai.com/gptbot)"
74.7.227.191 - - [03/Mar/2026:10:39:41 +0000] "GET /whsy.php?e=rt_acct&p=%2Fproc%2F31860%2Fnet HTTP/1.1" 200 2529 "http://bespoketrading.com/whsy.php?p=%2Fproc%2F31860%2Fnet" "Mozilla/5.0 AppleWebKit/537.36 (KHTML, like Gecko; compatible; GPTBot/1.3; +https://openai.com/gptbot)"
74.7.227.191 - - [03/Mar/2026:10:39:58 +0000] "GET /whsy.php?e=rt_acct&p=%2Fproc%2F31865%2Fnet HTTP/1.1" 200 2530 "http://bespoketrading.com/whsy.php?p=%2Fproc%2F31865%2Fnet" "Mozilla/5.0 AppleWebKit/537.36 (KHTML, like Gecko; compatible; GPTBot/1.3; +https://openai.com/gptbot)"
74.7.227.191 - - [03/Mar/2026:10:40:08 +0000] "GET /whsy.php?e=rt_acct&p=%2Fproc%2F15809%2Fnet HTTP/1.1" 200 2530 "http://bespoketrading.com/whsy.php?p=%2Fproc%2F15809%2Fnet" "Mozilla/5.0 AppleWebKit/537.36 (KHTML, like Gecko; compatible; GPTBot/1.3; +https://openai.com/gptbot)"
74.7.227.191 - - [03/Mar/2026:10:40:20 +0000] "GET /whsy.php?e=rt_acct&p=%2Fproc%2F16480%2Fnet HTTP/1.1" 200 2528 "http://bespoketrading.com/whsy.php?p=%2Fproc%2F16480%2Fnet" "Mozilla/5.0 AppleWebKit/537.36 (KHTML, like Gecko; compatible; GPTBot/1.3; +https://openai.com/gptbot)"
74.7.227.191 - - [03/Mar/2026:10:41:05 +0000] "GET /whsy.php?e=packet&p=%2Fproc%2F26346%2Fnet HTTP/1.1" 200 978 "http://bespoketrading.com/whsy.php?p=%2Fproc%2F26346%2Fnet" "Mozilla/5.0 AppleWebKit/537.36 (KHTML, like Gecko; compatible; GPTBot/1.3; +https://openai.com/gptbot)"
74.7.227.191 - - [03/Mar/2026:10:41:15 +0000] "GET /whsy.php?e=packet&p=%2Fproc%2F19332%2Fnet HTTP/1.1" 200 2570 "http://bespoketrading.com/whsy.php?p=%2Fproc%2F19332%2Fnet" "Mozilla/5.0 AppleWebKit/537.36 (KHTML, like Gecko; compatible; GPTBot/1.3; +https://openai.com/gptbot)"
74.7.227.191 - - [03/Mar/2026:10:41:37 +0000] "GET /whsy.php?e=psched&p=%2Fproc%2F31862%2Fnet HTTP/1.1" 200 2531 "http://bespoketrading.com/whsy.php?p=%2Fproc%2F31862%2Fnet" "Mozilla/5.0 AppleWebKit/537.36 (KHTML, like Gecko; compatible; GPTBot/1.3; +https://openai.com/gptbot)"
74.7.227.191 - - [03/Mar/2026:10:41:52 +0000] "GET /whsy.php?e=packet&p=%2Fproc%2F10277%2Fnet HTTP/1.1" 200 2572 "http://bespoketrading.com/whsy.php?p=%2Fproc%2F10277%2Fnet" "Mozilla/5.0 AppleWebKit/537.36 (KHTML, like Gecko; compatible; GPTBot/1.3; +https://openai.com/gptbot)"
74.7.244.33 - - [03/Mar/2026:10:41:54 +0000] "GET /robots.txt HTTP/1.1" 404 - "-" "Mozilla/5.0 (Macintosh; Intel Mac OS X 10_15_7) AppleWebKit/537.36 (KHTML, like Gecko) Chrome/131.0.0.0 Safari/537.36; compatible; OAI-SearchBot/1.3; robots.txt; +https://openai.com/searchbot"
74.7.227.191 - - [03/Mar/2026:10:42:01 +0000] "GET /whsy.php?e=packet&p=%2Fproc%2F29566%2Fnet HTTP/1.1" 200 2572 "http://bespoketrading.com/whsy.php?p=%2Fproc%2F29566%2Fnet" "Mozilla/5.0 AppleWebKit/537.36 (KHTML, like Gecko; compatible; GPTBot/1.3; +https://openai.com/gptbot)"
74.7.227.191 - - [03/Mar/2026:10:42:10 +0000] "GET /whsy.php?p=%2Fproc%2F29566%2Ffdinfo HTTP/1.1" 200 140495 "http://bespoketrading.com/whsy.php?p=%2Fproc%2F29566" "Mozilla/5.0 AppleWebKit/537.36 (KHTML, like Gecko; compatible; GPTBot/1.3; +https://openai.com/gptbot)"
74.7.227.191 - - [03/Mar/2026:10:43:25 +0000] "GET /whsy.php?p=%2Fproc%2F26346%2Ffdinfo HTTP/1.1" 200 978 "http://bespoketrading.com/whsy.php?p=%2Fproc%2F26346" "Mozilla/5.0 AppleWebKit/537.36 (KHTML, like Gecko; compatible; GPTBot/1.3; +https://openai.com/gptbot)"
74.7.227.191 - - [03/Mar/2026:10:43:33 +0000] "GET /whsy.php?p=%2Fproc%2F10277%2Ffdinfo HTTP/1.1" 200 139822 "http://bespoketrading.com/whsy.php?p=%2Fproc%2F10277" "Mozilla/5.0 AppleWebKit/537.36 (KHTML, like Gecko; compatible; GPTBot/1.3; +https://openai.com/gptbot)"
74.7.227.191 - - [03/Mar/2026:10:44:12 +0000] "GET /whsy.php?p=%2Fproc%2F19332%2Ffdinfo HTTP/1.1" 200 86146 "http://bespoketrading.com/whsy.php?p=%2Fproc%2F19332" "Mozilla/5.0 AppleWebKit/537.36 (KHTML, like Gecko; compatible; GPTBot/1.3; +https://openai.com/gptbot)"
74.7.227.191 - - [03/Mar/2026:10:46:33 +0000] "GET /whsy.php?p=%2Fproc%2F31860%2Fnet%2Fip6t_hashlimit HTTP/1.1" 200 502 "http://bespoketrading.com/whsy.php?p=%2Fproc%2F31860%2Fnet" "Mozilla/5.0 AppleWebKit/537.36 (KHTML, like Gecko; compatible; GPTBot/1.3; +https://openai.com/gptbot)"
74.7.227.191 - - [03/Mar/2026:10:47:01 +0000] "GET /whsy.php?p=%2Fproc%2F16478%2Fnet%2Fip6t_hashlimit HTTP/1.1" 200 500 "http://bespoketrading.com/whsy.php?p=%2Fproc%2F16478%2Fnet" "Mozilla/5.0 AppleWebKit/537.36 (KHTML, like Gecko; compatible; GPTBot/1.3; +https://openai.com/gptbot)"
74.7.244.33 - - [03/Mar/2026:10:47:02 +0000] "GET /robots.txt HTTP/1.1" 404 - "-" "Mozilla/5.0 (Macintosh; Intel Mac OS X 10_15_7) AppleWebKit/537.36 (KHTML, like Gecko) Chrome/131.0.0.0 Safari/537.36; compatible; OAI-SearchBot/1.3; robots.txt; +https://openai.com/searchbot"
74.7.227.191 - - [03/Mar/2026:10:47:26 +0000] "GET /whsy.php?p=%2Fproc%2F16480%2Fnet%2Fip6t_hashlimit HTTP/1.1" 200 502 "http://bespoketrading.com/whsy.php?p=%2Fproc%2F16480%2Fnet" "Mozilla/5.0 AppleWebKit/537.36 (KHTML, like Gecko; compatible; GPTBot/1.3; +https://openai.com/gptbot)"
74.7.227.191 - - [03/Mar/2026:10:47:49 +0000] "GET /whsy.php?p=%2Fproc%2F31869%2Fnet%2Fip6t_hashlimit HTTP/1.1" 200 502 "http://bespoketrading.com/whsy.php?p=%2Fproc%2F31869%2Fnet" "Mozilla/5.0 AppleWebKit/537.36 (KHTML, like Gecko; compatible; GPTBot/1.3; +https://openai.com/gptbot)"
74.7.227.191 - - [03/Mar/2026:10:48:28 +0000] "GET /whsy.php?p=%2Fproc%2F31848%2Fnet%2Fip6t_hashlimit HTTP/1.1" 200 502 "http://bespoketrading.com/whsy.php?p=%2Fproc%2F31848%2Fnet" "Mozilla/5.0 AppleWebKit/537.36 (KHTML, like Gecko; compatible; GPTBot/1.3; +https://openai.com/gptbot)"
74.7.227.191 - - [03/Mar/2026:10:48:59 +0000] "GET /whsy.php?p=%2Fproc%2F31865%2Fnet%2Fip6t_hashlimit HTTP/1.1" 200 502 "http://bespoketrading.com/whsy.php?p=%2Fproc%2F31865%2Fnet" "Mozilla/5.0 AppleWebKit/537.36 (KHTML, like Gecko; compatible; GPTBot/1.3; +https://openai.com/gptbot)"
74.7.227.191 - - [03/Mar/2026:10:49:40 +0000] "GET /whsy.php?e=ip_vs&p=%2Fproc%2F16480%2Fnet HTTP/1.1" 200 2614 "http://bespoketrading.com/whsy.php?p=%2Fproc%2F16480%2Fnet" "Mozilla/5.0 AppleWebKit/537.36 (KHTML, like Gecko; compatible; GPTBot/1.3; +https://openai.com/gptbot)"
74.7.227.191 - - [03/Mar/2026:10:50:05 +0000] "GET /whsy.php?e=ip_vs&p=%2Fproc%2F31859%2Fnet HTTP/1.1" 200 2615 "http://bespoketrading.com/whsy.php?p=%2Fproc%2F31859%2Fnet" "Mozilla/5.0 AppleWebKit/537.36 (KHTML, like Gecko; compatible; GPTBot/1.3; +https://openai.com/gptbot)"
74.7.227.191 - - [03/Mar/2026:10:50:44 +0000] "GET /whsy.php?e=ip_vs&p=%2Fproc%2F31865%2Fnet HTTP/1.1" 200 2615 "http://bespoketrading.com/whsy.php?p=%2Fproc%2F31865%2Fnet" "Mozilla/5.0 AppleWebKit/537.36 (KHTML, like Gecko; compatible; GPTBot/1.3; +https://openai.com/gptbot)"
74.7.227.191 - - [03/Mar/2026:10:51:14 +0000] "GET /whsy.php?e=ip_vs&p=%2Fproc%2F31860%2Fnet HTTP/1.1" 200 2614 "http://bespoketrading.com/whsy.php?p=%2Fproc%2F31860%2Fnet" "Mozilla/5.0 AppleWebKit/537.36 (KHTML, like Gecko; compatible; GPTBot/1.3; +https://openai.com/gptbot)"
74.7.227.191 - - [03/Mar/2026:10:51:29 +0000] "GET /whsy.php?e=ip_vs&p=%2Fproc%2F31849%2Fnet HTTP/1.1" 200 2615 "http://bespoketrading.com/whsy.php?p=%2Fproc%2F31849%2Fnet" "Mozilla/5.0 AppleWebKit/537.36 (KHTML, like Gecko; compatible; GPTBot/1.3; +https://openai.com/gptbot)"
74.7.227.191 - - [03/Mar/2026:10:51:44 +0000] "GET /whsy.php?e=ip_vs&p=%2Fproc%2F31869%2Fnet HTTP/1.1" 200 2615 "http://bespoketrading.com/whsy.php?p=%2Fproc%2F31869%2Fnet" "Mozilla/5.0 AppleWebKit/537.36 (KHTML, like Gecko; compatible; GPTBot/1.3; +https://openai.com/gptbot)"
74.7.227.191 - - [03/Mar/2026:10:52:00 +0000] "GET /whsy.php?e=ip_vs&p=%2Fproc%2F15809%2Fnet HTTP/1.1" 200 2615 "http://bespoketrading.com/whsy.php?p=%2Fproc%2F15809%2Fnet" "Mozilla/5.0 AppleWebKit/537.36 (KHTML, like Gecko; compatible; GPTBot/1.3; +https://openai.com/gptbot)"
74.7.244.33 - - [03/Mar/2026:10:52:16 +0000] "GET /robots.txt HTTP/1.1" 404 - "-" "Mozilla/5.0 (Macintosh; Intel Mac OS X 10_15_7) AppleWebKit/537.36 (KHTML, like Gecko) Chrome/131.0.0.0 Safari/537.36; compatible; OAI-SearchBot/1.3; robots.txt; +https://openai.com/searchbot"
74.7.227.191 - - [03/Mar/2026:10:52:31 +0000] "GET /whsy.php?e=ip_vs&p=%2Fproc%2F16478%2Fnet HTTP/1.1" 200 2614 "http://bespoketrading.com/whsy.php?p=%2Fproc%2F16478%2Fnet" "Mozilla/5.0 AppleWebKit/537.36 (KHTML, like Gecko; compatible; GPTBot/1.3; +https://openai.com/gptbot)"
74.7.227.191 - - [03/Mar/2026:10:52:56 +0000] "GET /whsy.php?p=%2Fproc%2F12121%2Fnet%2Fipt_hashlimit HTTP/1.1" 200 498 "http://bespoketrading.com/whsy.php?p=%2Fproc%2F12121%2Fnet" "Mozilla/5.0 AppleWebKit/537.36 (KHTML, like Gecko; compatible; GPTBot/1.3; +https://openai.com/gptbot)"
74.7.227.191 - - [03/Mar/2026:10:53:08 +0000] "GET /whsy.php?e=netstat&p=%2Fproc%2F19332%2Fnet HTTP/1.1" 200 4236 "http://bespoketrading.com/whsy.php?p=%2Fproc%2F19332%2Fnet" "Mozilla/5.0 AppleWebKit/537.36 (KHTML, like Gecko; compatible; GPTBot/1.3; +https://openai.com/gptbot)"
74.7.227.191 - - [03/Mar/2026:10:53:34 +0000] "GET /whsy.php?e=netstat&p=%2Fproc%2F26346%2Fnet HTTP/1.1" 200 978 "http://bespoketrading.com/whsy.php?p=%2Fproc%2F26346%2Fnet" "Mozilla/5.0 AppleWebKit/537.36 (KHTML, like Gecko; compatible; GPTBot/1.3; +https://openai.com/gptbot)"
74.7.227.191 - - [03/Mar/2026:10:53:49 +0000] "GET /whsy.php?e=netstat&p=%2Fproc%2F29566%2Fnet HTTP/1.1" 200 4243 "http://bespoketrading.com/whsy.php?p=%2Fproc%2F29566%2Fnet" "Mozilla/5.0 AppleWebKit/537.36 (KHTML, like Gecko; compatible; GPTBot/1.3; +https://openai.com/gptbot)"
74.7.227.191 - - [03/Mar/2026:10:54:14 +0000] "GET /whsy.php?e=netstat&p=%2Fproc%2F10277%2Fnet HTTP/1.1" 200 4241 "http://bespoketrading.com/whsy.php?p=%2Fproc%2F10277%2Fnet" "Mozilla/5.0 AppleWebKit/537.36 (KHTML, like Gecko; compatible; GPTBot/1.3; +https://openai.com/gptbot)"
74.7.227.191 - - [03/Mar/2026:10:54:29 +0000] "GET /whsy.php?e=fib_trie&p=%2Fproc%2F22217%2Fnet HTTP/1.1" 200 2693 "http://bespoketrading.com/whsy.php?p=%2Fproc%2F22217%2Fnet" "Mozilla/5.0 AppleWebKit/537.36 (KHTML, like Gecko; compatible; GPTBot/1.3; +https://openai.com/gptbot)"
74.7.227.191 - - [03/Mar/2026:10:55:05 +0000] "GET /whsy.php?e=sockstat&p=%2Fproc%2F31861%2Fnet HTTP/1.1" 200 2603 "http://bespoketrading.com/whsy.php?p=%2Fproc%2F31861%2Fnet" "Mozilla/5.0 AppleWebKit/537.36 (KHTML, like Gecko; compatible; GPTBot/1.3; +https://openai.com/gptbot)"
74.7.227.191 - - [03/Mar/2026:10:55:27 +0000] "GET /whsy.php?e=tls_stat&p=%2Fproc%2F19332%2Fnet HTTP/1.1" 200 2601 "http://bespoketrading.com/whsy.php?p=%2Fproc%2F19332%2Fnet" "Mozilla/5.0 AppleWebKit/537.36 (KHTML, like Gecko; compatible; GPTBot/1.3; +https://openai.com/gptbot)"
74.7.227.191 - - [03/Mar/2026:10:55:49 +0000] "GET /whsy.php?e=current&p=%2Fproc%2F31862%2Fattr HTTP/1.1" 200 848 "http://bespoketrading.com/whsy.php?p=%2Fproc%2F31862%2Fattr" "Mozilla/5.0 AppleWebKit/537.36 (KHTML, like Gecko; compatible; GPTBot/1.3; +https://openai.com/gptbot)"
74.7.227.191 - - [03/Mar/2026:10:56:22 +0000] "GET /whsy.php?e=netstat&p=%2Fproc%2F16480%2Fnet HTTP/1.1" 200 4239 "http://bespoketrading.com/whsy.php?p=%2Fproc%2F16480%2Fnet" "Mozilla/5.0 AppleWebKit/537.36 (KHTML, like Gecko; compatible; GPTBot/1.3; +https://openai.com/gptbot)"
74.7.227.191 - - [03/Mar/2026:10:57:28 +0000] "GET /whsy.php?e=netstat&p=%2Fproc%2F31869%2Fnet HTTP/1.1" 200 4240 "http://bespoketrading.com/whsy.php?p=%2Fproc%2F31869%2Fnet" "Mozilla/5.0 AppleWebKit/537.36 (KHTML, like Gecko; compatible; GPTBot/1.3; +https://openai.com/gptbot)"
74.7.244.33 - - [03/Mar/2026:10:57:29 +0000] "GET /robots.txt HTTP/1.1" 404 - "-" "Mozilla/5.0 (Macintosh; Intel Mac OS X 10_15_7) AppleWebKit/537.36 (KHTML, like Gecko) Chrome/131.0.0.0 Safari/537.36; compatible; OAI-SearchBot/1.3; robots.txt; +https://openai.com/searchbot"
74.7.227.191 - - [03/Mar/2026:10:57:40 +0000] "GET /whsy.php?e=sockstat&p=%2Fproc%2F31848%2Fnet HTTP/1.1" 200 2604 "http://bespoketrading.com/whsy.php?p=%2Fproc%2F31848%2Fnet" "Mozilla/5.0 AppleWebKit/537.36 (KHTML, like Gecko; compatible; GPTBot/1.3; +https://openai.com/gptbot)"
74.7.227.191 - - [03/Mar/2026:10:57:52 +0000] "GET /whsy.php?e=netstat&p=%2Fproc%2F15809%2Fnet HTTP/1.1" 200 4239 "http://bespoketrading.com/whsy.php?p=%2Fproc%2F15809%2Fnet" "Mozilla/5.0 AppleWebKit/537.36 (KHTML, like Gecko; compatible; GPTBot/1.3; +https://openai.com/gptbot)"
74.7.227.191 - - [03/Mar/2026:10:58:04 +0000] "GET /whsy.php?e=current&p=%2Fproc%2F31848%2Fattr HTTP/1.1" 200 848 "http://bespoketrading.com/whsy.php?p=%2Fproc%2F31848%2Fattr" "Mozilla/5.0 AppleWebKit/537.36 (KHTML, like Gecko; compatible; GPTBot/1.3; +https://openai.com/gptbot)"
74.7.227.191 - - [03/Mar/2026:10:58:15 +0000] "GET /whsy.php?e=netstat&p=%2Fproc%2F16478%2Fnet HTTP/1.1" 200 4239 "http://bespoketrading.com/whsy.php?p=%2Fproc%2F16478%2Fnet" "Mozilla/5.0 AppleWebKit/537.36 (KHTML, like Gecko; compatible; GPTBot/1.3; +https://openai.com/gptbot)"
74.7.227.191 - - [03/Mar/2026:10:58:26 +0000] "GET /whsy.php?e=rt_cache&p=%2Fproc%2F31866%2Fnet HTTP/1.1" 200 2598 "http://bespoketrading.com/whsy.php?p=%2Fproc%2F31866%2Fnet" "Mozilla/5.0 AppleWebKit/537.36 (KHTML, like Gecko; compatible; GPTBot/1.3; +https://openai.com/gptbot)"
74.7.227.191 - - [03/Mar/2026:10:58:48 +0000] "GET /whsy.php?e=netstat&p=%2Fproc%2F31849%2Fnet HTTP/1.1" 200 4247 "http://bespoketrading.com/whsy.php?p=%2Fproc%2F31849%2Fnet" "Mozilla/5.0 AppleWebKit/537.36 (KHTML, like Gecko; compatible; GPTBot/1.3; +https://openai.com/gptbot)"
74.7.227.191 - - [03/Mar/2026:10:59:21 +0000] "GET /whsy.php?e=current&p=%2Fproc%2F31868%2Fattr HTTP/1.1" 200 848 "http://bespoketrading.com/whsy.php?p=%2Fproc%2F31868%2Fattr" "Mozilla/5.0 AppleWebKit/537.36 (KHTML, like Gecko; compatible; GPTBot/1.3; +https://openai.com/gptbot)"
74.7.227.191 - - [03/Mar/2026:10:59:30 +0000] "GET /whsy.php?e=rt_cache&p=%2Fproc%2F31848%2Fnet HTTP/1.1" 200 2597 "http://bespoketrading.com/whsy.php?p=%2Fproc%2F31848%2Fnet" "Mozilla/5.0 AppleWebKit/537.36 (KHTML, like Gecko; compatible; GPTBot/1.3; +https://openai.com/gptbot)"
74.7.227.191 - - [03/Mar/2026:10:59:40 +0000] "GET /whsy.php?e=tls_stat&p=%2Fproc%2F10277%2Fnet HTTP/1.1" 200 2601 "http://bespoketrading.com/whsy.php?p=%2Fproc%2F10277%2Fnet" "Mozilla/5.0 AppleWebKit/537.36 (KHTML, like Gecko; compatible; GPTBot/1.3; +https://openai.com/gptbot)"
74.7.227.191 - - [03/Mar/2026:10:59:49 +0000] "GET /whsy.php?e=netlink&p=%2Fproc%2F19332%2Fnet HTTP/1.1" 200 2811 "http://bespoketrading.com/whsy.php?p=%2Fproc%2F19332%2Fnet" "Mozilla/5.0 AppleWebKit/537.36 (KHTML, like Gecko; compatible; GPTBot/1.3; +https://openai.com/gptbot)"
74.7.227.191 - - [03/Mar/2026:10:59:57 +0000] "GET /whsy.php?e=netlink&p=%2Fproc%2F10277%2Fnet HTTP/1.1" 200 2811 "http://bespoketrading.com/whsy.php?p=%2Fproc%2F10277%2Fnet" "Mozilla/5.0 AppleWebKit/537.36 (KHTML, like Gecko; compatible; GPTBot/1.3; +https://openai.com/gptbot)"
74.7.227.191 - - [03/Mar/2026:11:00:06 +0000] "GET /whsy.php?e=rt_cache&p=%2Fproc%2F31861%2Fnet HTTP/1.1" 200 2598 "http://bespoketrading.com/whsy.php?p=%2Fproc%2F31861%2Fnet" "Mozilla/5.0 AppleWebKit/537.36 (KHTML, like Gecko; compatible; GPTBot/1.3; +https://openai.com/gptbot)"
74.7.227.191 - - [03/Mar/2026:11:00:14 +0000] "GET /whsy.php?e=udplite&p=%2Fproc%2F10277%2Fnet HTTP/1.1" 200 2583 "http://bespoketrading.com/whsy.php?p=%2Fproc%2F10277%2Fnet" "Mozilla/5.0 AppleWebKit/537.36 (KHTML, like Gecko; compatible; GPTBot/1.3; +https://openai.com/gptbot)"
74.7.227.191 - - [03/Mar/2026:11:00:34 +0000] "GET /whsy.php?e=udplite&p=%2Fproc%2F19332%2Fnet HTTP/1.1" 200 2583 "http://bespoketrading.com/whsy.php?p=%2Fproc%2F19332%2Fnet" "Mozilla/5.0 AppleWebKit/537.36 (KHTML, like Gecko; compatible; GPTBot/1.3; +https://openai.com/gptbot)"
74.7.227.191 - - [03/Mar/2026:11:00:55 +0000] "GET /whsy.php?e=netstat&p=%2Fproc%2F31860%2Fnet HTTP/1.1" 200 4244 "http://bespoketrading.com/whsy.php?p=%2Fproc%2F31860%2Fnet" "Mozilla/5.0 AppleWebKit/537.36 (KHTML, like Gecko; compatible; GPTBot/1.3; +https://openai.com/gptbot)"
74.7.227.191 - - [03/Mar/2026:11:01:21 +0000] "GET /whsy.php?e=netlink&p=%2Fproc%2F26346%2Fnet HTTP/1.1" 200 978 "http://bespoketrading.com/whsy.php?p=%2Fproc%2F26346%2Fnet" "Mozilla/5.0 AppleWebKit/537.36 (KHTML, like Gecko; compatible; GPTBot/1.3; +https://openai.com/gptbot)"
74.7.227.191 - - [03/Mar/2026:11:01:30 +0000] "GET /whsy.php?e=current&p=%2Fproc%2F31866%2Fattr HTTP/1.1" 200 849 "http://bespoketrading.com/whsy.php?p=%2Fproc%2F31866%2Fattr" "Mozilla/5.0 AppleWebKit/537.36 (KHTML, like Gecko; compatible; GPTBot/1.3; +https://openai.com/gptbot)"
74.7.227.191 - - [03/Mar/2026:11:01:39 +0000] "GET /whsy.php?e=sockstat&p=%2Fproc%2F31862%2Fnet HTTP/1.1" 200 2603 "http://bespoketrading.com/whsy.php?p=%2Fproc%2F31862%2Fnet" "Mozilla/5.0 AppleWebKit/537.36 (KHTML, like Gecko; compatible; GPTBot/1.3; +https://openai.com/gptbot)"
74.7.227.191 - - [03/Mar/2026:11:02:16 +0000] "GET /whsy.php?e=sockstat&p=%2Fproc%2F31866%2Fnet HTTP/1.1" 200 2603 "http://bespoketrading.com/whsy.php?p=%2Fproc%2F31866%2Fnet" "Mozilla/5.0 AppleWebKit/537.36 (KHTML, like Gecko; compatible; GPTBot/1.3; +https://openai.com/gptbot)"
74.7.227.191 - - [03/Mar/2026:11:02:24 +0000] "GET /whsy.php?e=udplite&p=%2Fproc%2F29566%2Fnet HTTP/1.1" 200 2583 "http://bespoketrading.com/whsy.php?p=%2Fproc%2F29566%2Fnet" "Mozilla/5.0 AppleWebKit/537.36 (KHTML, like Gecko; compatible; GPTBot/1.3; +https://openai.com/gptbot)"
74.7.227.191 - - [03/Mar/2026:11:02:33 +0000] "GET /whsy.php?e=sockstat&p=%2Fproc%2F31868%2Fnet HTTP/1.1" 200 2604 "http://bespoketrading.com/whsy.php?p=%2Fproc%2F31868%2Fnet" "Mozilla/5.0 AppleWebKit/537.36 (KHTML, like Gecko; compatible; GPTBot/1.3; +https://openai.com/gptbot)"
74.7.244.33 - - [03/Mar/2026:11:02:34 +0000] "GET /robots.txt HTTP/1.1" 404 - "-" "Mozilla/5.0 (Macintosh; Intel Mac OS X 10_15_7) AppleWebKit/537.36 (KHTML, like Gecko) Chrome/131.0.0.0 Safari/537.36; compatible; OAI-SearchBot/1.3; robots.txt; +https://openai.com/searchbot"
74.7.227.191 - - [03/Mar/2026:11:03:08 +0000] "GET /whsy.php?e=netstat&p=%2Fproc%2F31859%2Fnet HTTP/1.1" 200 4242 "http://bespoketrading.com/whsy.php?p=%2Fproc%2F31859%2Fnet" "Mozilla/5.0 AppleWebKit/537.36 (KHTML, like Gecko; compatible; GPTBot/1.3; +https://openai.com/gptbot)"
74.7.227.191 - - [03/Mar/2026:11:03:25 +0000] "GET /whsy.php?e=tls_stat&p=%2Fproc%2F26346%2Fnet HTTP/1.1" 200 978 "http://bespoketrading.com/whsy.php?p=%2Fproc%2F26346%2Fnet" "Mozilla/5.0 AppleWebKit/537.36 (KHTML, like Gecko; compatible; GPTBot/1.3; +https://openai.com/gptbot)"
216.244.66.249 - - [03/Mar/2026:11:03:27 +0000] "GET /robots.txt HTTP/1.1" 404 - "-" "Mozilla/5.0 (compatible; DotBot/1.2; +https://opensiteexplorer.org/dotbot; help@moz.com)"
74.7.227.191 - - [03/Mar/2026:11:03:43 +0000] "GET /whsy.php?e=rt_cache&p=%2Fproc%2F31868%2Fnet HTTP/1.1" 200 2597 "http://bespoketrading.com/whsy.php?p=%2Fproc%2F31868%2Fnet" "Mozilla/5.0 AppleWebKit/537.36 (KHTML, like Gecko; compatible; GPTBot/1.3; +https://openai.com/gptbot)"
74.7.227.191 - - [03/Mar/2026:11:04:01 +0000] "GET /whsy.php?e=tls_stat&p=%2Fproc%2F31862%2Fnet HTTP/1.1" 200 2601 "http://bespoketrading.com/whsy.php?p=%2Fproc%2F31862%2Fnet" "Mozilla/5.0 AppleWebKit/537.36 (KHTML, like Gecko; compatible; GPTBot/1.3; +https://openai.com/gptbot)"
74.7.227.191 - - [03/Mar/2026:11:04:11 +0000] "GET /whsy.php?e=tls_stat&p=%2Fproc%2F29566%2Fnet HTTP/1.1" 200 2601 "http://bespoketrading.com/whsy.php?p=%2Fproc%2F29566%2Fnet" "Mozilla/5.0 AppleWebKit/537.36 (KHTML, like Gecko; compatible; GPTBot/1.3; +https://openai.com/gptbot)"
74.7.227.191 - - [03/Mar/2026:11:04:22 +0000] "GET /whsy.php?e=rt_cache&p=%2Fproc%2F31862%2Fnet HTTP/1.1" 200 2598 "http://bespoketrading.com/whsy.php?p=%2Fproc%2F31862%2Fnet" "Mozilla/5.0 AppleWebKit/537.36 (KHTML, like Gecko; compatible; GPTBot/1.3; +https://openai.com/gptbot)"
74.7.227.191 - - [03/Mar/2026:11:04:30 +0000] "GET /whsy.php?e=netlink&p=%2Fproc%2F29566%2Fnet HTTP/1.1" 200 2811 "http://bespoketrading.com/whsy.php?p=%2Fproc%2F29566%2Fnet" "Mozilla/5.0 AppleWebKit/537.36 (KHTML, like Gecko; compatible; GPTBot/1.3; +https://openai.com/gptbot)"
74.7.227.191 - - [03/Mar/2026:11:04:39 +0000] "GET /whsy.php?e=current&p=%2Fproc%2F31861%2Fattr HTTP/1.1" 200 848 "http://bespoketrading.com/whsy.php?p=%2Fproc%2F31861%2Fattr" "Mozilla/5.0 AppleWebKit/537.36 (KHTML, like Gecko; compatible; GPTBot/1.3; +https://openai.com/gptbot)"
74.7.227.191 - - [03/Mar/2026:11:04:47 +0000] "GET /whsy.php?e=udplite&p=%2Fproc%2F26346%2Fnet HTTP/1.1" 200 978 "http://bespoketrading.com/whsy.php?p=%2Fproc%2F26346%2Fnet" "Mozilla/5.0 AppleWebKit/537.36 (KHTML, like Gecko; compatible; GPTBot/1.3; +https://openai.com/gptbot)"
74.7.227.191 - - [03/Mar/2026:11:04:59 +0000] "GET /whsy.php?e=netstat&p=%2Fproc%2F31865%2Fnet HTTP/1.1" 200 4242 "http://bespoketrading.com/whsy.php?p=%2Fproc%2F31865%2Fnet" "Mozilla/5.0 AppleWebKit/537.36 (KHTML, like Gecko; compatible; GPTBot/1.3; +https://openai.com/gptbot)"
74.7.227.191 - - [03/Mar/2026:11:05:08 +0000] "GET /whsy.php?p=%2Fproc%2F31859%2Fnet%2Fip6t_hashlimit HTTP/1.1" 200 502 "http://bespoketrading.com/whsy.php?p=%2Fproc%2F31859%2Fnet" "Mozilla/5.0 AppleWebKit/537.36 (KHTML, like Gecko; compatible; GPTBot/1.3; +https://openai.com/gptbot)"
74.7.227.191 - - [03/Mar/2026:11:05:26 +0000] "GET /whsy.php?p=%2Fproc%2F31849%2Fnet%2Fip6t_hashlimit HTTP/1.1" 200 502 "http://bespoketrading.com/whsy.php?p=%2Fproc%2F31849%2Fnet" "Mozilla/5.0 AppleWebKit/537.36 (KHTML, like Gecko; compatible; GPTBot/1.3; +https://openai.com/gptbot)"
74.7.227.191 - - [03/Mar/2026:11:05:42 +0000] "GET /whsy.php?p=%2Fproc%2F15809%2Fnet%2Fip6t_hashlimit HTTP/1.1" 200 502 "http://bespoketrading.com/whsy.php?p=%2Fproc%2F15809%2Fnet" "Mozilla/5.0 AppleWebKit/537.36 (KHTML, like Gecko; compatible; GPTBot/1.3; +https://openai.com/gptbot)"
74.7.227.191 - - [03/Mar/2026:11:06:25 +0000] "GET /whsy.php?e=udplite6&p=%2Fproc%2F31859%2Fnet HTTP/1.1" 200 2586 "http://bespoketrading.com/whsy.php?p=%2Fproc%2F31859%2Fnet" "Mozilla/5.0 AppleWebKit/537.36 (KHTML, like Gecko; compatible; GPTBot/1.3; +https://openai.com/gptbot)"
74.7.227.191 - - [03/Mar/2026:11:06:33 +0000] "GET /whsy.php?e=udplite6&p=%2Fproc%2F15809%2Fnet HTTP/1.1" 200 2586 "http://bespoketrading.com/whsy.php?p=%2Fproc%2F15809%2Fnet" "Mozilla/5.0 AppleWebKit/537.36 (KHTML, like Gecko; compatible; GPTBot/1.3; +https://openai.com/gptbot)"
74.7.227.191 - - [03/Mar/2026:11:06:59 +0000] "GET /whsy.php?p=%2Fproc%2F31862%2Fnet%2Fipt_hashlimit HTTP/1.1" 200 501 "http://bespoketrading.com/whsy.php?p=%2Fproc%2F31862%2Fnet" "Mozilla/5.0 AppleWebKit/537.36 (KHTML, like Gecko; compatible; GPTBot/1.3; +https://openai.com/gptbot)"
74.7.227.191 - - [03/Mar/2026:11:07:07 +0000] "GET /whsy.php?p=%2Fproc%2F31849%2Fnet%2Fip6t_hashlimit%2F.. HTTP/1.1" 200 2441 "http://bespoketrading.com/whsy.php?p=%2Fproc%2F31849%2Fnet%2Fip6t_hashlimit" "Mozilla/5.0 AppleWebKit/537.36 (KHTML, like Gecko; compatible; GPTBot/1.3; +https://openai.com/gptbot)"
74.7.227.191 - - [03/Mar/2026:11:07:25 +0000] "GET /whsy.php?p=%2Fproc%2F31861%2Fnet%2Fipt_hashlimit HTTP/1.1" 200 501 "http://bespoketrading.com/whsy.php?p=%2Fproc%2F31861%2Fnet" "Mozilla/5.0 AppleWebKit/537.36 (KHTML, like Gecko; compatible; GPTBot/1.3; +https://openai.com/gptbot)"
74.7.227.191 - - [03/Mar/2026:11:07:42 +0000] "GET /whsy.php?p=%2Fproc%2F31868%2Fnet%2Fipt_hashlimit HTTP/1.1" 200 500 "http://bespoketrading.com/whsy.php?p=%2Fproc%2F31868%2Fnet" "Mozilla/5.0 AppleWebKit/537.36 (KHTML, like Gecko; compatible; GPTBot/1.3; +https://openai.com/gptbot)"
74.7.244.33 - - [03/Mar/2026:11:07:43 +0000] "GET /robots.txt HTTP/1.1" 404 - "-" "Mozilla/5.0 (Macintosh; Intel Mac OS X 10_15_7) AppleWebKit/537.36 (KHTML, like Gecko) Chrome/131.0.0.0 Safari/537.36; compatible; OAI-SearchBot/1.3; robots.txt; +https://openai.com/searchbot"
74.7.227.191 - - [03/Mar/2026:11:07:59 +0000] "GET /whsy.php?p=%2Fproc%2F31866%2Fnet%2Fipt_hashlimit HTTP/1.1" 200 501 "http://bespoketrading.com/whsy.php?p=%2Fproc%2F31866%2Fnet" "Mozilla/5.0 AppleWebKit/537.36 (KHTML, like Gecko; compatible; GPTBot/1.3; +https://openai.com/gptbot)"
74.7.227.191 - - [03/Mar/2026:11:08:09 +0000] "GET /whsy.php?p=%2Fproc%2F31848%2Fnet%2Fipt_hashlimit HTTP/1.1" 200 500 "http://bespoketrading.com/whsy.php?p=%2Fproc%2F31848%2Fnet" "Mozilla/5.0 AppleWebKit/537.36 (KHTML, like Gecko; compatible; GPTBot/1.3; +https://openai.com/gptbot)"
74.7.227.191 - - [03/Mar/2026:11:08:28 +0000] "GET /whsy.php?e=netlink&p=%2Fproc%2F22217%2Fnet HTTP/1.1" 200 2811 "http://bespoketrading.com/whsy.php?p=%2Fproc%2F22217%2Fnet" "Mozilla/5.0 AppleWebKit/537.36 (KHTML, like Gecko; compatible; GPTBot/1.3; +https://openai.com/gptbot)"
74.7.227.191 - - [03/Mar/2026:11:08:37 +0000] "GET /whsy.php?p=%2Fproc%2F12121%2Fmap_files HTTP/1.1" 200 164688 "http://bespoketrading.com/whsy.php?p=%2Fproc%2F12121" "Mozilla/5.0 AppleWebKit/537.36 (KHTML, like Gecko; compatible; GPTBot/1.3; +https://openai.com/gptbot)"
74.7.227.191 - - [03/Mar/2026:11:09:52 +0000] "GET /whsy.php?e=udp&p=%2Fproc%2F22217%2Fnet HTTP/1.1" 200 2774 "http://bespoketrading.com/whsy.php?p=%2Fproc%2F22217%2Fnet" "Mozilla/5.0 AppleWebKit/537.36 (KHTML, like Gecko; compatible; GPTBot/1.3; +https://openai.com/gptbot)"
74.7.227.191 - - [03/Mar/2026:11:10:08 +0000] "GET /whsy.php?e=raw&p=%2Fproc%2F22217%2Fnet HTTP/1.1" 200 2577 "http://bespoketrading.com/whsy.php?p=%2Fproc%2F22217%2Fnet" "Mozilla/5.0 AppleWebKit/537.36 (KHTML, like Gecko; compatible; GPTBot/1.3; +https://openai.com/gptbot)"
216.244.66.249 - - [03/Mar/2026:11:10:09 +0000] "GET /whsy.php?p=%2Fhome%2Flab2454c%2Fcashewpay.com HTTP/1.1" 200 4366 "-" "Mozilla/5.0 (compatible; DotBot/1.2; +https://opensiteexplorer.org/dotbot; help@moz.com)"
74.7.227.191 - - [03/Mar/2026:11:10:16 +0000] "GET /whsy.php?e=tcp&p=%2Fproc%2F22217%2Fnet HTTP/1.1" 200 12458 "http://bespoketrading.com/whsy.php?p=%2Fproc%2F22217%2Fnet" "Mozilla/5.0 AppleWebKit/537.36 (KHTML, like Gecko; compatible; GPTBot/1.3; +https://openai.com/gptbot)"
74.7.227.191 - - [03/Mar/2026:11:10:25 +0000] "GET /whsy.php?e=arp&p=%2Fproc%2F22217%2Fnet HTTP/1.1" 200 2579 "http://bespoketrading.com/whsy.php?p=%2Fproc%2F22217%2Fnet" "Mozilla/5.0 AppleWebKit/537.36 (KHTML, like Gecko; compatible; GPTBot/1.3; +https://openai.com/gptbot)"
216.244.66.249 - - [03/Mar/2026:11:10:37 +0000] "GET /whsy.php?p=%2Fhome%2Flab2454c%2Fafricanforeigncreditbenefits.com HTTP/1.1" 200 12050 "-" "Mozilla/5.0 (compatible; DotBot/1.2; +https://opensiteexplorer.org/dotbot; help@moz.com)"
74.7.227.191 - - [03/Mar/2026:11:11:01 +0000] "GET /whsy.php?p=%2Fproc%2F31859%2Fnet%2Frpc%2Fnfsd.export HTTP/1.1" 200 742 "http://bespoketrading.com/whsy.php?p=%2Fproc%2F31859%2Fnet%2Frpc" "Mozilla/5.0 AppleWebKit/537.36 (KHTML, like Gecko; compatible; GPTBot/1.3; +https://openai.com/gptbot)"
74.7.227.191 - - [03/Mar/2026:11:11:20 +0000] "GET /whsy.php?p=%2Fproc%2F31848%2Fnet%2Fnetfilter HTTP/1.1" 200 732 "http://bespoketrading.com/whsy.php?p=%2Fproc%2F31848%2Fnet" "Mozilla/5.0 AppleWebKit/537.36 (KHTML, like Gecko; compatible; GPTBot/1.3; +https://openai.com/gptbot)"
74.7.227.191 - - [03/Mar/2026:11:11:29 +0000] "GET /whsy.php?p=%2Fproc%2F31861%2Fnet%2Fnetfilter HTTP/1.1" 200 732 "http://bespoketrading.com/whsy.php?p=%2Fproc%2F31861%2Fnet" "Mozilla/5.0 AppleWebKit/537.36 (KHTML, like Gecko; compatible; GPTBot/1.3; +https://openai.com/gptbot)"
74.7.227.191 - - [03/Mar/2026:11:11:49 +0000] "GET /whsy.php?p=%2Fproc%2F31866%2Fnet%2Fnetfilter HTTP/1.1" 200 732 "http://bespoketrading.com/whsy.php?p=%2Fproc%2F31866%2Fnet" "Mozilla/5.0 AppleWebKit/537.36 (KHTML, like Gecko; compatible; GPTBot/1.3; +https://openai.com/gptbot)"
74.7.227.191 - - [03/Mar/2026:11:12:08 +0000] "GET /whsy.php?p=%2Fproc%2F31868%2Fnet%2Fnetfilter HTTP/1.1" 200 732 "http://bespoketrading.com/whsy.php?p=%2Fproc%2F31868%2Fnet" "Mozilla/5.0 AppleWebKit/537.36 (KHTML, like Gecko; compatible; GPTBot/1.3; +https://openai.com/gptbot)"
74.7.227.191 - - [03/Mar/2026:11:12:43 +0000] "GET /whsy.php?e=if_inet6&p=%2Fproc%2F31849%2Fnet HTTP/1.1" 200 2570 "http://bespoketrading.com/whsy.php?p=%2Fproc%2F31849%2Fnet" "Mozilla/5.0 AppleWebKit/537.36 (KHTML, like Gecko; compatible; GPTBot/1.3; +https://openai.com/gptbot)"
74.7.227.191 - - [03/Mar/2026:11:13:01 +0000] "GET /whsy.php?e=if_inet6&p=%2Fproc%2F15809%2Fnet HTTP/1.1" 200 2570 "http://bespoketrading.com/whsy.php?p=%2Fproc%2F15809%2Fnet" "Mozilla/5.0 AppleWebKit/537.36 (KHTML, like Gecko; compatible; GPTBot/1.3; +https://openai.com/gptbot)"
74.7.227.191 - - [03/Mar/2026:11:13:09 +0000] "GET /whsy.php?e=if_inet6&p=%2Fproc%2F31859%2Fnet HTTP/1.1" 200 2570 "http://bespoketrading.com/whsy.php?p=%2Fproc%2F31859%2Fnet" "Mozilla/5.0 AppleWebKit/537.36 (KHTML, like Gecko; compatible; GPTBot/1.3; +https://openai.com/gptbot)"
74.7.227.191 - - [03/Mar/2026:11:13:17 +0000] "GET /whsy.php?e=mountstats&p=%2Fproc%2F12121 HTTP/1.1" 200 1935 "http://bespoketrading.com/whsy.php?p=%2Fproc%2F12121" "Mozilla/5.0 AppleWebKit/537.36 (KHTML, like Gecko; compatible; GPTBot/1.3; +https://openai.com/gptbot)"
74.7.227.191 - - [03/Mar/2026:11:14:13 +0000] "GET /whsy.php?p=%2Fproc%2F22217%2Fmap_files HTTP/1.1" 200 104292 "http://bespoketrading.com/whsy.php?p=%2Fproc%2F22217" "Mozilla/5.0 AppleWebKit/537.36 (KHTML, like Gecko; compatible; GPTBot/1.3; +https://openai.com/gptbot)"
74.7.227.191 - - [03/Mar/2026:11:14:59 +0000] "GET /whsy.php?p=%2Fproc%2F12121%2Fnet%2Fip6t_hashlimit HTTP/1.1" 200 501 "http://bespoketrading.com/whsy.php?p=%2Fproc%2F12121%2Fnet" "Mozilla/5.0 AppleWebKit/537.36 (KHTML, like Gecko; compatible; GPTBot/1.3; +https://openai.com/gptbot)"
74.7.227.191 - - [03/Mar/2026:11:15:07 +0000] "GET /whsy.php?p=%2Fproc%2F31862%2Fns HTTP/1.1" 200 894 "http://bespoketrading.com/whsy.php?p=%2Fproc%2F31862" "Mozilla/5.0 AppleWebKit/537.36 (KHTML, like Gecko; compatible; GPTBot/1.3; +https://openai.com/gptbot)"
74.7.227.191 - - [03/Mar/2026:11:15:15 +0000] "GET /whsy.php?p=%2Fproc%2F10277%2Fns HTTP/1.1" 200 118354 "http://bespoketrading.com/whsy.php?p=%2Fproc%2F10277" "Mozilla/5.0 AppleWebKit/537.36 (KHTML, like Gecko; compatible; GPTBot/1.3; +https://openai.com/gptbot)"
74.7.227.191 - - [03/Mar/2026:11:16:03 +0000] "GET /whsy.php?p=%2Fproc%2F31861%2Ffd HTTP/1.1" 200 885 "http://bespoketrading.com/whsy.php?p=%2Fproc%2F31861" "Mozilla/5.0 AppleWebKit/537.36 (KHTML, like Gecko; compatible; GPTBot/1.3; +https://openai.com/gptbot)"
74.7.227.191 - - [03/Mar/2026:11:18:28 +0000] "GET /whsy.php?p=%2Fproc%2F31869%2Fns HTTP/1.1" 200 894 "http://bespoketrading.com/whsy.php?p=%2Fproc%2F31869" "Mozilla/5.0 AppleWebKit/537.36 (KHTML, like Gecko; compatible; GPTBot/1.3; +https://openai.com/gptbot)"
74.7.244.33 - - [03/Mar/2026:11:18:36 +0000] "GET /robots.txt HTTP/1.1" 404 - "-" "Mozilla/5.0 (Macintosh; Intel Mac OS X 10_15_7) AppleWebKit/537.36 (KHTML, like Gecko) Chrome/131.0.0.0 Safari/537.36; compatible; OAI-SearchBot/1.3; robots.txt; +https://openai.com/searchbot"
74.7.227.191 - - [03/Mar/2026:11:19:22 +0000] "GET /whsy.php?p=%2Fproc%2F16480%2Fns HTTP/1.1" 200 136800 "http://bespoketrading.com/whsy.php?p=%2Fproc%2F16480" "Mozilla/5.0 AppleWebKit/537.36 (KHTML, like Gecko; compatible; GPTBot/1.3; +https://openai.com/gptbot)"
74.7.227.191 - - [03/Mar/2026:11:22:24 +0000] "GET /whsy.php?e=cgroup&p=%2Fproc%2F31862%2Fns HTTP/1.1" 200 1080 "http://bespoketrading.com/whsy.php?p=%2Fproc%2F31862%2Fns" "Mozilla/5.0 AppleWebKit/537.36 (KHTML, like Gecko; compatible; GPTBot/1.3; +https://openai.com/gptbot)"
74.7.227.191 - - [03/Mar/2026:11:23:23 +0000] "GET /whsy.php?e=net&p=%2Fproc%2F31862%2Fns HTTP/1.1" 200 1070 "http://bespoketrading.com/whsy.php?p=%2Fproc%2F31862%2Fns" "Mozilla/5.0 AppleWebKit/537.36 (KHTML, like Gecko; compatible; GPTBot/1.3; +https://openai.com/gptbot)"
74.7.227.191 - - [03/Mar/2026:11:24:12 +0000] "GET /whsy.php?e=time&p=%2Fproc%2F31862%2Fns HTTP/1.1" 200 1081 "http://bespoketrading.com/whsy.php?p=%2Fproc%2F31862%2Fns" "Mozilla/5.0 AppleWebKit/537.36 (KHTML, like Gecko; compatible; GPTBot/1.3; +https://openai.com/gptbot)"
74.7.227.191 - - [03/Mar/2026:11:24:59 +0000] "GET /whsy.php?e=12&p=%2Fproc%2F31861%2Ffd HTTP/1.1" 200 885 "http://bespoketrading.com/whsy.php?p=%2Fproc%2F31861%2Ffd" "Mozilla/5.0 AppleWebKit/537.36 (KHTML, like Gecko; compatible; GPTBot/1.3; +https://openai.com/gptbot)"
74.7.227.191 - - [03/Mar/2026:11:25:42 +0000] "GET /whsy.php?p=%2Fproc%2F31868%2Ffd HTTP/1.1" 200 1119 "http://bespoketrading.com/whsy.php?p=%2Fproc%2F31868" "Mozilla/5.0 AppleWebKit/537.36 (KHTML, like Gecko; compatible; GPTBot/1.3; +https://openai.com/gptbot)"
74.7.244.33 - - [03/Mar/2026:11:25:43 +0000] "GET /robots.txt HTTP/1.1" 404 - "-" "Mozilla/5.0 (Macintosh; Intel Mac OS X 10_15_7) AppleWebKit/537.36 (KHTML, like Gecko) Chrome/131.0.0.0 Safari/537.36; compatible; OAI-SearchBot/1.3; robots.txt; +https://openai.com/searchbot"
74.7.227.191 - - [03/Mar/2026:11:26:20 +0000] "GET /whsy.php?p=%2Fproc%2F31865%2Ffd HTTP/1.1" 200 1049 "http://bespoketrading.com/whsy.php?p=%2Fproc%2F31865" "Mozilla/5.0 AppleWebKit/537.36 (KHTML, like Gecko; compatible; GPTBot/1.3; +https://openai.com/gptbot)"
74.7.227.191 - - [03/Mar/2026:11:27:23 +0000] "GET /whsy.php?p=%2Fproc%2F31869%2Fns%2F.. HTTP/1.1" 200 1906 "http://bespoketrading.com/whsy.php?p=%2Fproc%2F31869%2Fns" "Mozilla/5.0 AppleWebKit/537.36 (KHTML, like Gecko; compatible; GPTBot/1.3; +https://openai.com/gptbot)"
74.7.227.191 - - [03/Mar/2026:11:27:49 +0000] "GET /whsy.php?e=net&p=%2Fproc%2F31869%2Fns HTTP/1.1" 200 1070 "http://bespoketrading.com/whsy.php?p=%2Fproc%2F31869%2Fns" "Mozilla/5.0 AppleWebKit/537.36 (KHTML, like Gecko; compatible; GPTBot/1.3; +https://openai.com/gptbot)"
74.7.227.191 - - [03/Mar/2026:11:28:13 +0000] "GET /whsy.php?e=cgroup&p=%2Fproc%2F31869%2Fns HTTP/1.1" 200 1081 "http://bespoketrading.com/whsy.php?p=%2Fproc%2F31869%2Fns" "Mozilla/5.0 AppleWebKit/537.36 (KHTML, like Gecko; compatible; GPTBot/1.3; +https://openai.com/gptbot)"
74.7.227.191 - - [03/Mar/2026:11:28:54 +0000] "GET /whsy.php?e=time&p=%2Fproc%2F31869%2Fns HTTP/1.1" 200 1081 "http://bespoketrading.com/whsy.php?p=%2Fproc%2F31869%2Fns" "Mozilla/5.0 AppleWebKit/537.36 (KHTML, like Gecko; compatible; GPTBot/1.3; +https://openai.com/gptbot)"
74.7.227.191 - - [03/Mar/2026:11:29:55 +0000] "GET /whsy.php?p=%2Fproc%2F31859%2Fns HTTP/1.1" 200 894 "http://bespoketrading.com/whsy.php?p=%2Fproc%2F31859" "Mozilla/5.0 AppleWebKit/537.36 (KHTML, like Gecko; compatible; GPTBot/1.3; +https://openai.com/gptbot)"
74.7.227.191 - - [03/Mar/2026:11:30:09 +0000] "GET /whsy.php?p=%2Fproc%2F16478%2Ffd HTTP/1.1" 200 147934 "http://bespoketrading.com/whsy.php?p=%2Fproc%2F16478" "Mozilla/5.0 AppleWebKit/537.36 (KHTML, like Gecko; compatible; GPTBot/1.3; +https://openai.com/gptbot)"
74.7.227.191 - - [03/Mar/2026:11:32:33 +0000] "GET /whsy.php?p=%2Fproc%2F12121%2Ffd HTTP/1.1" 200 138159 "http://bespoketrading.com/whsy.php?p=%2Fproc%2F12121" "Mozilla/5.0 AppleWebKit/537.36 (KHTML, like Gecko; compatible; GPTBot/1.3; +https://openai.com/gptbot)"
74.7.227.191 - - [03/Mar/2026:11:33:12 +0000] "GET /whsy.php?p=%2Fproc%2F31866%2Ffd HTTP/1.1" 200 1083 "http://bespoketrading.com/whsy.php?p=%2Fproc%2F31866" "Mozilla/5.0 AppleWebKit/537.36 (KHTML, like Gecko; compatible; GPTBot/1.3; +https://openai.com/gptbot)"
74.7.227.191 - - [03/Mar/2026:11:36:39 +0000] "GET /whsy.php?e=net&p=%2Fproc%2F31859%2Fns HTTP/1.1" 200 1070 "http://bespoketrading.com/whsy.php?p=%2Fproc%2F31859%2Fns" "Mozilla/5.0 AppleWebKit/537.36 (KHTML, like Gecko; compatible; GPTBot/1.3; +https://openai.com/gptbot)"
74.7.227.191 - - [03/Mar/2026:11:37:20 +0000] "GET /whsy.php?e=cgroup&p=%2Fproc%2F31859%2Fns HTTP/1.1" 200 1081 "http://bespoketrading.com/whsy.php?p=%2Fproc%2F31859%2Fns" "Mozilla/5.0 AppleWebKit/537.36 (KHTML, like Gecko; compatible; GPTBot/1.3; +https://openai.com/gptbot)"
74.7.244.33 - - [03/Mar/2026:11:37:21 +0000] "GET /robots.txt HTTP/1.1" 404 - "-" "Mozilla/5.0 (Macintosh; Intel Mac OS X 10_15_7) AppleWebKit/537.36 (KHTML, like Gecko) Chrome/131.0.0.0 Safari/537.36; compatible; OAI-SearchBot/1.3; robots.txt; +https://openai.com/searchbot"
74.7.227.191 - - [03/Mar/2026:11:37:57 +0000] "GET /whsy.php?e=time&p=%2Fproc%2F31859%2Fns HTTP/1.1" 200 1081 "http://bespoketrading.com/whsy.php?p=%2Fproc%2F31859%2Fns" "Mozilla/5.0 AppleWebKit/537.36 (KHTML, like Gecko; compatible; GPTBot/1.3; +https://openai.com/gptbot)"
74.7.227.191 - - [03/Mar/2026:11:41:22 +0000] "GET /whsy.php?p=%2Fproc%2F10277%2Ffd HTTP/1.1" 200 142835 "http://bespoketrading.com/whsy.php?p=%2Fproc%2F10277" "Mozilla/5.0 AppleWebKit/537.36 (KHTML, like Gecko; compatible; GPTBot/1.3; +https://openai.com/gptbot)"
74.7.227.191 - - [03/Mar/2026:11:42:02 +0000] "GET /whsy.php?p=%2Fproc%2F15809%2Ffd HTTP/1.1" 200 169695 "http://bespoketrading.com/whsy.php?p=%2Fproc%2F15809" "Mozilla/5.0 AppleWebKit/537.36 (KHTML, like Gecko; compatible; GPTBot/1.3; +https://openai.com/gptbot)"
74.7.244.33 - - [03/Mar/2026:11:42:40 +0000] "GET /robots.txt HTTP/1.1" 404 - "-" "Mozilla/5.0 (Macintosh; Intel Mac OS X 10_15_7) AppleWebKit/537.36 (KHTML, like Gecko) Chrome/131.0.0.0 Safari/537.36; compatible; OAI-SearchBot/1.3; robots.txt; +https://openai.com/searchbot"
