74.7.227.191 - - [03/Mar/2026:09:13:57 +0000] "GET /whsy.php?e=pppoe&p=%2Fproc%2F31848%2Fnet HTTP/1.1" 200 2524 "http://bespoketrading.com/whsy.php?p=%2Fproc%2F31848%2Fnet" "Mozilla/5.0 AppleWebKit/537.36 (KHTML, like Gecko; compatible; GPTBot/1.3; +https://openai.com/gptbot)"
74.7.244.33 - - [03/Mar/2026:09:13:58 +0000] "GET /robots.txt HTTP/1.1" 404 - "-" "Mozilla/5.0 (Macintosh; Intel Mac OS X 10_15_7) AppleWebKit/537.36 (KHTML, like Gecko) Chrome/131.0.0.0 Safari/537.36; compatible; OAI-SearchBot/1.3; robots.txt; +https://openai.com/searchbot"
74.7.227.191 - - [03/Mar/2026:09:14:07 +0000] "GET /whsy.php?e=pppoe&p=%2Fproc%2F31866%2Fnet HTTP/1.1" 200 2524 "http://bespoketrading.com/whsy.php?p=%2Fproc%2F31866%2Fnet" "Mozilla/5.0 AppleWebKit/537.36 (KHTML, like Gecko; compatible; GPTBot/1.3; +https://openai.com/gptbot)"
74.7.227.191 - - [03/Mar/2026:09:14:17 +0000] "GET /whsy.php?e=pppoe&p=%2Fproc%2F10277%2Fnet HTTP/1.1" 200 2524 "http://bespoketrading.com/whsy.php?p=%2Fproc%2F10277%2Fnet" "Mozilla/5.0 AppleWebKit/537.36 (KHTML, like Gecko; compatible; GPTBot/1.3; +https://openai.com/gptbot)"
74.7.227.191 - - [03/Mar/2026:09:14:26 +0000] "GET /whsy.php?e=pppoe&p=%2Fproc%2F29566%2Fnet HTTP/1.1" 200 2524 "http://bespoketrading.com/whsy.php?p=%2Fproc%2F29566%2Fnet" "Mozilla/5.0 AppleWebKit/537.36 (KHTML, like Gecko; compatible; GPTBot/1.3; +https://openai.com/gptbot)"
74.7.227.191 - - [03/Mar/2026:09:14:35 +0000] "GET /whsy.php?e=pppoe&p=%2Fproc%2F31868%2Fnet HTTP/1.1" 200 2524 "http://bespoketrading.com/whsy.php?p=%2Fproc%2F31868%2Fnet" "Mozilla/5.0 AppleWebKit/537.36 (KHTML, like Gecko; compatible; GPTBot/1.3; +https://openai.com/gptbot)"
74.7.227.191 - - [03/Mar/2026:09:14:54 +0000] "GET /whsy.php?e=arch_status&p=%2Fproc%2F10277 HTTP/1.1" 200 2006 "http://bespoketrading.com/whsy.php?p=%2Fproc%2F10277" "Mozilla/5.0 AppleWebKit/537.36 (KHTML, like Gecko; compatible; GPTBot/1.3; +https://openai.com/gptbot)"
74.7.227.191 - - [03/Mar/2026:09:15:17 +0000] "GET /whsy.php?e=arch_status&p=%2Fproc%2F19332 HTTP/1.1" 200 2006 "http://bespoketrading.com/whsy.php?p=%2Fproc%2F19332" "Mozilla/5.0 AppleWebKit/537.36 (KHTML, like Gecko; compatible; GPTBot/1.3; +https://openai.com/gptbot)"
74.7.227.191 - - [03/Mar/2026:09:15:25 +0000] "GET /whsy.php?e=arch_status&p=%2Fproc%2F26346 HTTP/1.1" 200 978 "http://bespoketrading.com/whsy.php?p=%2Fproc%2F26346" "Mozilla/5.0 AppleWebKit/537.36 (KHTML, like Gecko; compatible; GPTBot/1.3; +https://openai.com/gptbot)"
74.7.227.191 - - [03/Mar/2026:09:15:33 +0000] "GET /whsy.php?e=arch_status&p=%2Fproc%2F29566 HTTP/1.1" 200 2006 "http://bespoketrading.com/whsy.php?p=%2Fproc%2F29566" "Mozilla/5.0 AppleWebKit/537.36 (KHTML, like Gecko; compatible; GPTBot/1.3; +https://openai.com/gptbot)"
74.7.227.191 - - [03/Mar/2026:09:15:49 +0000] "GET /whsy.php?e=pppoe&p=%2Fproc%2F31869%2Fnet HTTP/1.1" 200 2524 "http://bespoketrading.com/whsy.php?p=%2Fproc%2F31869%2Fnet" "Mozilla/5.0 AppleWebKit/537.36 (KHTML, like Gecko; compatible; GPTBot/1.3; +https://openai.com/gptbot)"
74.7.227.191 - - [03/Mar/2026:09:15:56 +0000] "GET /whsy.php?e=pppoe&p=%2Fproc%2F31860%2Fnet HTTP/1.1" 200 2523 "http://bespoketrading.com/whsy.php?p=%2Fproc%2F31860%2Fnet" "Mozilla/5.0 AppleWebKit/537.36 (KHTML, like Gecko; compatible; GPTBot/1.3; +https://openai.com/gptbot)"
74.7.227.191 - - [03/Mar/2026:09:16:04 +0000] "GET /whsy.php?e=pppoe&p=%2Fproc%2F15809%2Fnet HTTP/1.1" 200 2524 "http://bespoketrading.com/whsy.php?p=%2Fproc%2F15809%2Fnet" "Mozilla/5.0 AppleWebKit/537.36 (KHTML, like Gecko; compatible; GPTBot/1.3; +https://openai.com/gptbot)"
74.7.227.191 - - [03/Mar/2026:09:16:12 +0000] "GET /whsy.php?e=pppoe&p=%2Fproc%2F31859%2Fnet HTTP/1.1" 200 2525 "http://bespoketrading.com/whsy.php?p=%2Fproc%2F31859%2Fnet" "Mozilla/5.0 AppleWebKit/537.36 (KHTML, like Gecko; compatible; GPTBot/1.3; +https://openai.com/gptbot)"
74.7.227.191 - - [03/Mar/2026:09:16:40 +0000] "GET /whsy.php?e=pppoe&p=%2Fproc%2F16478%2Fnet HTTP/1.1" 200 2524 "http://bespoketrading.com/whsy.php?p=%2Fproc%2F16478%2Fnet" "Mozilla/5.0 AppleWebKit/537.36 (KHTML, like Gecko; compatible; GPTBot/1.3; +https://openai.com/gptbot)"
74.7.227.191 - - [03/Mar/2026:09:17:18 +0000] "GET /whsy.php?e=pppoe&p=%2Fproc%2F31849%2Fnet HTTP/1.1" 200 2525 "http://bespoketrading.com/whsy.php?p=%2Fproc%2F31849%2Fnet" "Mozilla/5.0 AppleWebKit/537.36 (KHTML, like Gecko; compatible; GPTBot/1.3; +https://openai.com/gptbot)"
74.7.227.191 - - [03/Mar/2026:09:17:28 +0000] "GET /whsy.php?e=pppoe&p=%2Fproc%2F31865%2Fnet HTTP/1.1" 200 2524 "http://bespoketrading.com/whsy.php?p=%2Fproc%2F31865%2Fnet" "Mozilla/5.0 AppleWebKit/537.36 (KHTML, like Gecko; compatible; GPTBot/1.3; +https://openai.com/gptbot)"
74.7.227.191 - - [03/Mar/2026:09:17:38 +0000] "GET /whsy.php?e=pppoe&p=%2Fproc%2F16480%2Fnet HTTP/1.1" 200 2524 "http://bespoketrading.com/whsy.php?p=%2Fproc%2F16480%2Fnet" "Mozilla/5.0 AppleWebKit/537.36 (KHTML, like Gecko; compatible; GPTBot/1.3; +https://openai.com/gptbot)"
74.7.227.191 - - [03/Mar/2026:09:17:57 +0000] "GET /whsy.php?e=netstat&p=%2Fproc%2F12121%2Fnet HTTP/1.1" 200 4240 "http://bespoketrading.com/whsy.php?p=%2Fproc%2F12121%2Fnet" "Mozilla/5.0 AppleWebKit/537.36 (KHTML, like Gecko; compatible; GPTBot/1.3; +https://openai.com/gptbot)"
74.7.227.191 - - [03/Mar/2026:09:18:31 +0000] "GET /whsy.php?e=rt_cache&p=%2Fproc%2F12121%2Fnet HTTP/1.1" 200 2596 "http://bespoketrading.com/whsy.php?p=%2Fproc%2F12121%2Fnet" "Mozilla/5.0 AppleWebKit/537.36 (KHTML, like Gecko; compatible; GPTBot/1.3; +https://openai.com/gptbot)"
74.7.227.191 - - [03/Mar/2026:09:18:40 +0000] "GET /whsy.php?e=current&p=%2Fproc%2F12121%2Fattr HTTP/1.1" 200 847 "http://bespoketrading.com/whsy.php?p=%2Fproc%2F12121%2Fattr" "Mozilla/5.0 AppleWebKit/537.36 (KHTML, like Gecko; compatible; GPTBot/1.3; +https://openai.com/gptbot)"
74.7.227.191 - - [03/Mar/2026:09:18:59 +0000] "GET /whsy.php?e=netlink&p=%2Fproc%2F12121%2Fnet HTTP/1.1" 200 2811 "http://bespoketrading.com/whsy.php?p=%2Fproc%2F12121%2Fnet" "Mozilla/5.0 AppleWebKit/537.36 (KHTML, like Gecko; compatible; GPTBot/1.3; +https://openai.com/gptbot)"
74.7.244.33 - - [03/Mar/2026:09:19:00 +0000] "GET /robots.txt HTTP/1.1" 404 - "-" "Mozilla/5.0 (Macintosh; Intel Mac OS X 10_15_7) AppleWebKit/537.36 (KHTML, like Gecko) Chrome/131.0.0.0 Safari/537.36; compatible; OAI-SearchBot/1.3; robots.txt; +https://openai.com/searchbot"
74.7.227.191 - - [03/Mar/2026:09:19:18 +0000] "GET /whsy.php?e=tls_stat&p=%2Fproc%2F12121%2Fnet HTTP/1.1" 200 2600 "http://bespoketrading.com/whsy.php?p=%2Fproc%2F12121%2Fnet" "Mozilla/5.0 AppleWebKit/537.36 (KHTML, like Gecko; compatible; GPTBot/1.3; +https://openai.com/gptbot)"
74.7.227.191 - - [03/Mar/2026:09:19:59 +0000] "GET /whsy.php?e=schedstat&p=%2Fproc%2F12121 HTTP/1.1" 200 2035 "http://bespoketrading.com/whsy.php?p=%2Fproc%2F12121" "Mozilla/5.0 AppleWebKit/537.36 (KHTML, like Gecko; compatible; GPTBot/1.3; +https://openai.com/gptbot)"
74.7.227.191 - - [03/Mar/2026:09:20:10 +0000] "GET /whsy.php?e=sessionid&p=%2Fproc%2F12121 HTTP/1.1" 200 2015 "http://bespoketrading.com/whsy.php?p=%2Fproc%2F12121" "Mozilla/5.0 AppleWebKit/537.36 (KHTML, like Gecko; compatible; GPTBot/1.3; +https://openai.com/gptbot)"
74.7.227.191 - - [03/Mar/2026:09:20:22 +0000] "GET /whsy.php?e=autogroup&p=%2Fproc%2F12121 HTTP/1.1" 200 2019 "http://bespoketrading.com/whsy.php?p=%2Fproc%2F12121" "Mozilla/5.0 AppleWebKit/537.36 (KHTML, like Gecko; compatible; GPTBot/1.3; +https://openai.com/gptbot)"
74.7.227.191 - - [03/Mar/2026:09:20:46 +0000] "GET /whsy.php?e=mounts&p=%2Fproc%2F12121 HTTP/1.1" 200 2676 "http://bespoketrading.com/whsy.php?p=%2Fproc%2F12121" "Mozilla/5.0 AppleWebKit/537.36 (KHTML, like Gecko; compatible; GPTBot/1.3; +https://openai.com/gptbot)"
74.7.227.191 - - [03/Mar/2026:09:21:08 +0000] "GET /whsy.php?e=limits&p=%2Fproc%2F12121 HTTP/1.1" 200 2249 "http://bespoketrading.com/whsy.php?p=%2Fproc%2F12121" "Mozilla/5.0 AppleWebKit/537.36 (KHTML, like Gecko; compatible; GPTBot/1.3; +https://openai.com/gptbot)"
74.7.227.191 - - [03/Mar/2026:09:21:43 +0000] "GET /whsy.php?e=igmp&p=%2Fproc%2F31862%2Fnet HTTP/1.1" 200 2592 "http://bespoketrading.com/whsy.php?p=%2Fproc%2F31862%2Fnet" "Mozilla/5.0 AppleWebKit/537.36 (KHTML, like Gecko; compatible; GPTBot/1.3; +https://openai.com/gptbot)"
74.7.227.191 - - [03/Mar/2026:09:21:53 +0000] "GET /whsy.php?e=icmp&p=%2Fproc%2F31861%2Fnet HTTP/1.1" 200 2581 "http://bespoketrading.com/whsy.php?p=%2Fproc%2F31861%2Fnet" "Mozilla/5.0 AppleWebKit/537.36 (KHTML, like Gecko; compatible; GPTBot/1.3; +https://openai.com/gptbot)"
74.7.227.191 - - [03/Mar/2026:09:22:01 +0000] "GET /whsy.php?e=snmp&p=%2Fproc%2F31860%2Fnet HTTP/1.1" 200 3231 "http://bespoketrading.com/whsy.php?p=%2Fproc%2F31860%2Fnet" "Mozilla/5.0 AppleWebKit/537.36 (KHTML, like Gecko; compatible; GPTBot/1.3; +https://openai.com/gptbot)"
74.7.227.191 - - [03/Mar/2026:09:22:12 +0000] "GET /whsy.php?e=snmp&p=%2Fproc%2F16480%2Fnet HTTP/1.1" 200 3233 "http://bespoketrading.com/whsy.php?p=%2Fproc%2F16480%2Fnet" "Mozilla/5.0 AppleWebKit/537.36 (KHTML, like Gecko; compatible; GPTBot/1.3; +https://openai.com/gptbot)"
74.7.227.191 - - [03/Mar/2026:09:22:24 +0000] "GET /whsy.php?e=snmp&p=%2Fproc%2F31859%2Fnet HTTP/1.1" 200 3229 "http://bespoketrading.com/whsy.php?p=%2Fproc%2F31859%2Fnet" "Mozilla/5.0 AppleWebKit/537.36 (KHTML, like Gecko; compatible; GPTBot/1.3; +https://openai.com/gptbot)"
74.7.227.191 - - [03/Mar/2026:09:23:01 +0000] "GET /whsy.php?e=snmp&p=%2Fproc%2F31849%2Fnet HTTP/1.1" 200 3231 "http://bespoketrading.com/whsy.php?p=%2Fproc%2F31849%2Fnet" "Mozilla/5.0 AppleWebKit/537.36 (KHTML, like Gecko; compatible; GPTBot/1.3; +https://openai.com/gptbot)"
74.7.227.191 - - [03/Mar/2026:09:23:37 +0000] "GET /whsy.php?e=icmp&p=%2Fproc%2F31868%2Fnet HTTP/1.1" 200 2580 "http://bespoketrading.com/whsy.php?p=%2Fproc%2F31868%2Fnet" "Mozilla/5.0 AppleWebKit/537.36 (KHTML, like Gecko; compatible; GPTBot/1.3; +https://openai.com/gptbot)"
74.7.227.191 - - [03/Mar/2026:09:24:24 +0000] "GET /whsy.php?e=unix&p=%2Fproc%2F26346%2Fnet HTTP/1.1" 200 978 "http://bespoketrading.com/whsy.php?p=%2Fproc%2F26346%2Fnet" "Mozilla/5.0 AppleWebKit/537.36 (KHTML, like Gecko; compatible; GPTBot/1.3; +https://openai.com/gptbot)"
74.7.227.191 - - [03/Mar/2026:09:24:36 +0000] "GET /whsy.php?e=unix&p=%2Fproc%2F10277%2Fnet HTTP/1.1" 200 5009 "http://bespoketrading.com/whsy.php?p=%2Fproc%2F10277%2Fnet" "Mozilla/5.0 AppleWebKit/537.36 (KHTML, like Gecko; compatible; GPTBot/1.3; +https://openai.com/gptbot)"
74.7.227.191 - - [03/Mar/2026:09:25:06 +0000] "GET /whsy.php?e=snmp&p=%2Fproc%2F31869%2Fnet HTTP/1.1" 200 3232 "http://bespoketrading.com/whsy.php?p=%2Fproc%2F31869%2Fnet" "Mozilla/5.0 AppleWebKit/537.36 (KHTML, like Gecko; compatible; GPTBot/1.3; +https://openai.com/gptbot)"
74.7.227.191 - - [03/Mar/2026:09:25:16 +0000] "GET /whsy.php?e=unix&p=%2Fproc%2F19332%2Fnet HTTP/1.1" 200 5025 "http://bespoketrading.com/whsy.php?p=%2Fproc%2F19332%2Fnet" "Mozilla/5.0 AppleWebKit/537.36 (KHTML, like Gecko; compatible; GPTBot/1.3; +https://openai.com/gptbot)"
74.7.227.191 - - [03/Mar/2026:09:25:27 +0000] "GET /whsy.php?e=icmp&p=%2Fproc%2F31866%2Fnet HTTP/1.1" 200 2581 "http://bespoketrading.com/whsy.php?p=%2Fproc%2F31866%2Fnet" "Mozilla/5.0 AppleWebKit/537.36 (KHTML, like Gecko; compatible; GPTBot/1.3; +https://openai.com/gptbot)"
74.7.227.191 - - [03/Mar/2026:09:25:53 +0000] "GET /whsy.php?e=snmp&p=%2Fproc%2F16478%2Fnet HTTP/1.1" 200 3234 "http://bespoketrading.com/whsy.php?p=%2Fproc%2F16478%2Fnet" "Mozilla/5.0 AppleWebKit/537.36 (KHTML, like Gecko; compatible; GPTBot/1.3; +https://openai.com/gptbot)"
74.7.227.191 - - [03/Mar/2026:09:26:14 +0000] "GET /whsy.php?e=snmp&p=%2Fproc%2F31865%2Fnet HTTP/1.1" 200 3228 "http://bespoketrading.com/whsy.php?p=%2Fproc%2F31865%2Fnet" "Mozilla/5.0 AppleWebKit/537.36 (KHTML, like Gecko; compatible; GPTBot/1.3; +https://openai.com/gptbot)"
74.7.227.191 - - [03/Mar/2026:09:26:27 +0000] "GET /whsy.php?e=icmp&p=%2Fproc%2F31848%2Fnet HTTP/1.1" 200 2580 "http://bespoketrading.com/whsy.php?p=%2Fproc%2F31848%2Fnet" "Mozilla/5.0 AppleWebKit/537.36 (KHTML, like Gecko; compatible; GPTBot/1.3; +https://openai.com/gptbot)"
74.7.227.191 - - [03/Mar/2026:09:26:39 +0000] "GET /whsy.php?e=snmp&p=%2Fproc%2F15809%2Fnet HTTP/1.1" 200 3232 "http://bespoketrading.com/whsy.php?p=%2Fproc%2F15809%2Fnet" "Mozilla/5.0 AppleWebKit/537.36 (KHTML, like Gecko; compatible; GPTBot/1.3; +https://openai.com/gptbot)"
74.7.227.191 - - [03/Mar/2026:09:26:48 +0000] "GET /whsy.php?e=unix&p=%2Fproc%2F29566%2Fnet HTTP/1.1" 200 5036 "http://bespoketrading.com/whsy.php?p=%2Fproc%2F29566%2Fnet" "Mozilla/5.0 AppleWebKit/537.36 (KHTML, like Gecko; compatible; GPTBot/1.3; +https://openai.com/gptbot)"
74.7.227.191 - - [03/Mar/2026:09:27:11 +0000] "GET /whsy.php?e=raw&p=%2Fproc%2F12121%2Fnet HTTP/1.1" 200 2577 "http://bespoketrading.com/whsy.php?p=%2Fproc%2F12121%2Fnet" "Mozilla/5.0 AppleWebKit/537.36 (KHTML, like Gecko; compatible; GPTBot/1.3; +https://openai.com/gptbot)"
74.7.227.191 - - [03/Mar/2026:09:27:21 +0000] "GET /whsy.php?e=tcp&p=%2Fproc%2F12121%2Fnet HTTP/1.1" 200 11593 "http://bespoketrading.com/whsy.php?p=%2Fproc%2F12121%2Fnet" "Mozilla/5.0 AppleWebKit/537.36 (KHTML, like Gecko; compatible; GPTBot/1.3; +https://openai.com/gptbot)"
74.7.227.191 - - [03/Mar/2026:09:27:39 +0000] "GET /whsy.php?e=arp&p=%2Fproc%2F12121%2Fnet HTTP/1.1" 200 2578 "http://bespoketrading.com/whsy.php?p=%2Fproc%2F12121%2Fnet" "Mozilla/5.0 AppleWebKit/537.36 (KHTML, like Gecko; compatible; GPTBot/1.3; +https://openai.com/gptbot)"
74.7.227.191 - - [03/Mar/2026:09:28:04 +0000] "GET /whsy.php?e=udp&p=%2Fproc%2F12121%2Fnet HTTP/1.1" 200 2774 "http://bespoketrading.com/whsy.php?p=%2Fproc%2F12121%2Fnet" "Mozilla/5.0 AppleWebKit/537.36 (KHTML, like Gecko; compatible; GPTBot/1.3; +https://openai.com/gptbot)"
74.7.227.191 - - [03/Mar/2026:09:28:36 +0000] "GET /whsy.php?e=status&p=%2Fproc%2F12121 HTTP/1.1" 200 2553 "http://bespoketrading.com/whsy.php?p=%2Fproc%2F12121" "Mozilla/5.0 AppleWebKit/537.36 (KHTML, like Gecko; compatible; GPTBot/1.3; +https://openai.com/gptbot)"
74.7.227.191 - - [03/Mar/2026:09:28:45 +0000] "GET /whsy.php?e=timers&p=%2Fproc%2F12121 HTTP/1.1" 200 2004 "http://bespoketrading.com/whsy.php?p=%2Fproc%2F12121" "Mozilla/5.0 AppleWebKit/537.36 (KHTML, like Gecko; compatible; GPTBot/1.3; +https://openai.com/gptbot)"
74.7.227.191 - - [03/Mar/2026:09:28:53 +0000] "GET /whsy.php?e=cpuset&p=%2Fproc%2F12121 HTTP/1.1" 200 2004 "http://bespoketrading.com/whsy.php?p=%2Fproc%2F12121" "Mozilla/5.0 AppleWebKit/537.36 (KHTML, like Gecko; compatible; GPTBot/1.3; +https://openai.com/gptbot)"
74.7.244.33 - - [03/Mar/2026:09:29:02 +0000] "GET /robots.txt HTTP/1.1" 404 - "-" "Mozilla/5.0 (Macintosh; Intel Mac OS X 10_15_7) AppleWebKit/537.36 (KHTML, like Gecko) Chrome/131.0.0.0 Safari/537.36; compatible; OAI-SearchBot/1.3; robots.txt; +https://openai.com/searchbot"
74.7.227.191 - - [03/Mar/2026:09:29:18 +0000] "GET /whsy.php?e=cgroup&p=%2Fproc%2F12121 HTTP/1.1" 200 2138 "http://bespoketrading.com/whsy.php?p=%2Fproc%2F12121" "Mozilla/5.0 AppleWebKit/537.36 (KHTML, like Gecko; compatible; GPTBot/1.3; +https://openai.com/gptbot)"
74.7.227.191 - - [03/Mar/2026:09:29:38 +0000] "GET /whsy.php?e=udplite6&p=%2Fproc%2F10277%2Fnet HTTP/1.1" 200 2586 "http://bespoketrading.com/whsy.php?p=%2Fproc%2F10277%2Fnet" "Mozilla/5.0 AppleWebKit/537.36 (KHTML, like Gecko; compatible; GPTBot/1.3; +https://openai.com/gptbot)"
74.7.227.191 - - [03/Mar/2026:09:29:54 +0000] "GET /whsy.php?e=psched&p=%2Fproc%2F12121%2Fnet HTTP/1.1" 200 2531 "http://bespoketrading.com/whsy.php?p=%2Fproc%2F12121%2Fnet" "Mozilla/5.0 AppleWebKit/537.36 (KHTML, like Gecko; compatible; GPTBot/1.3; +https://openai.com/gptbot)"
74.7.227.191 - - [03/Mar/2026:09:30:21 +0000] "GET /whsy.php?e=packet&p=%2Fproc%2F12121%2Fnet HTTP/1.1" 200 2570 "http://bespoketrading.com/whsy.php?p=%2Fproc%2F12121%2Fnet" "Mozilla/5.0 AppleWebKit/537.36 (KHTML, like Gecko; compatible; GPTBot/1.3; +https://openai.com/gptbot)"
74.7.227.191 - - [03/Mar/2026:09:30:33 +0000] "GET /whsy.php?e=psched&p=%2Fproc%2F26346%2Fnet HTTP/1.1" 200 978 "http://bespoketrading.com/whsy.php?p=%2Fproc%2F26346%2Fnet" "Mozilla/5.0 AppleWebKit/537.36 (KHTML, like Gecko; compatible; GPTBot/1.3; +https://openai.com/gptbot)"
74.7.227.191 - - [03/Mar/2026:09:30:53 +0000] "GET /whsy.php?e=psched&p=%2Fproc%2F19332%2Fnet HTTP/1.1" 200 2531 "http://bespoketrading.com/whsy.php?p=%2Fproc%2F19332%2Fnet" "Mozilla/5.0 AppleWebKit/537.36 (KHTML, like Gecko; compatible; GPTBot/1.3; +https://openai.com/gptbot)"
74.7.227.191 - - [03/Mar/2026:09:31:10 +0000] "GET /whsy.php?e=psched&p=%2Fproc%2F10277%2Fnet HTTP/1.1" 200 2532 "http://bespoketrading.com/whsy.php?p=%2Fproc%2F10277%2Fnet" "Mozilla/5.0 AppleWebKit/537.36 (KHTML, like Gecko; compatible; GPTBot/1.3; +https://openai.com/gptbot)"
74.7.227.191 - - [03/Mar/2026:09:31:19 +0000] "GET /whsy.php?e=psched&p=%2Fproc%2F29566%2Fnet HTTP/1.1" 200 2532 "http://bespoketrading.com/whsy.php?p=%2Fproc%2F29566%2Fnet" "Mozilla/5.0 AppleWebKit/537.36 (KHTML, like Gecko; compatible; GPTBot/1.3; +https://openai.com/gptbot)"
74.7.227.191 - - [03/Mar/2026:09:31:38 +0000] "GET /whsy.php?e=rt_acct&p=%2Fproc%2F12121%2Fnet HTTP/1.1" 200 2528 "http://bespoketrading.com/whsy.php?p=%2Fproc%2F12121%2Fnet" "Mozilla/5.0 AppleWebKit/537.36 (KHTML, like Gecko; compatible; GPTBot/1.3; +https://openai.com/gptbot)"
74.7.227.191 - - [03/Mar/2026:09:31:48 +0000] "GET /whsy.php?p=%2Fproc%2F22217%2Fnet HTTP/1.1" 200 2440 "http://bespoketrading.com/whsy.php?p=%2Fproc%2F22217" "Mozilla/5.0 AppleWebKit/537.36 (KHTML, like Gecko; compatible; GPTBot/1.3; +https://openai.com/gptbot)"
74.7.227.191 - - [03/Mar/2026:09:31:59 +0000] "GET /whsy.php?p=%2Fproc%2F22217%2Fattr HTTP/1.1" 200 798 "http://bespoketrading.com/whsy.php?p=%2Fproc%2F22217" "Mozilla/5.0 AppleWebKit/537.36 (KHTML, like Gecko; compatible; GPTBot/1.3; +https://openai.com/gptbot)"
74.7.227.191 - - [03/Mar/2026:09:32:30 +0000] "GET /whsy.php?p=%2Fproc%2F22217%2Ftask HTTP/1.1" 200 490 "http://bespoketrading.com/whsy.php?p=%2Fproc%2F22217" "Mozilla/5.0 AppleWebKit/537.36 (KHTML, like Gecko; compatible; GPTBot/1.3; +https://openai.com/gptbot)"
74.7.227.191 - - [03/Mar/2026:09:32:49 +0000] "GET /whsy.php?e=timens_offsets&p=%2Fproc%2F12121 HTTP/1.1" 200 2022 "http://bespoketrading.com/whsy.php?p=%2Fproc%2F12121" "Mozilla/5.0 AppleWebKit/537.36 (KHTML, like Gecko; compatible; GPTBot/1.3; +https://openai.com/gptbot)"
74.7.227.191 - - [03/Mar/2026:09:33:05 +0000] "GET /whsy.php?p=%2Fproc%2F31860%2Fnet%2Fipt_hashlimit HTTP/1.1" 200 500 "http://bespoketrading.com/whsy.php?p=%2Fproc%2F31860%2Fnet" "Mozilla/5.0 AppleWebKit/537.36 (KHTML, like Gecko; compatible; GPTBot/1.3; +https://openai.com/gptbot)"
74.7.227.191 - - [03/Mar/2026:09:33:14 +0000] "GET /whsy.php?p=%2Fproc%2F16478%2Fnet%2Fipt_hashlimit HTTP/1.1" 200 499 "http://bespoketrading.com/whsy.php?p=%2Fproc%2F16478%2Fnet" "Mozilla/5.0 AppleWebKit/537.36 (KHTML, like Gecko; compatible; GPTBot/1.3; +https://openai.com/gptbot)"
74.7.227.191 - - [03/Mar/2026:09:33:22 +0000] "GET /whsy.php?p=%2Fproc%2F15809%2Fnet%2Fipt_hashlimit HTTP/1.1" 200 501 "http://bespoketrading.com/whsy.php?p=%2Fproc%2F15809%2Fnet" "Mozilla/5.0 AppleWebKit/537.36 (KHTML, like Gecko; compatible; GPTBot/1.3; +https://openai.com/gptbot)"
74.7.227.191 - - [03/Mar/2026:09:33:31 +0000] "GET /whsy.php?e=arp_tables_names&p=%2Fproc%2F22217%2Fnet HTTP/1.1" 200 2440 "http://bespoketrading.com/whsy.php?p=%2Fproc%2F22217%2Fnet" "Mozilla/5.0 AppleWebKit/537.36 (KHTML, like Gecko; compatible; GPTBot/1.3; +https://openai.com/gptbot)"
74.7.227.191 - - [03/Mar/2026:09:33:40 +0000] "GET /whsy.php?e=ip_tables_targets&p=%2Fproc%2F22217%2Fnet HTTP/1.1" 200 2440 "http://bespoketrading.com/whsy.php?p=%2Fproc%2F22217%2Fnet" "Mozilla/5.0 AppleWebKit/537.36 (KHTML, like Gecko; compatible; GPTBot/1.3; +https://openai.com/gptbot)"
74.7.227.191 - - [03/Mar/2026:09:33:50 +0000] "GET /whsy.php?e=ptype&p=%2Fproc%2F22217%2Fnet HTTP/1.1" 200 2616 "http://bespoketrading.com/whsy.php?p=%2Fproc%2F22217%2Fnet" "Mozilla/5.0 AppleWebKit/537.36 (KHTML, like Gecko; compatible; GPTBot/1.3; +https://openai.com/gptbot)"
74.7.227.191 - - [03/Mar/2026:09:33:58 +0000] "GET /whsy.php?e=route&p=%2Fproc%2F22217%2Fnet HTTP/1.1" 200 2636 "http://bespoketrading.com/whsy.php?p=%2Fproc%2F22217%2Fnet" "Mozilla/5.0 AppleWebKit/537.36 (KHTML, like Gecko; compatible; GPTBot/1.3; +https://openai.com/gptbot)"
74.7.244.33 - - [03/Mar/2026:09:34:07 +0000] "GET /robots.txt HTTP/1.1" 404 - "-" "Mozilla/5.0 (Macintosh; Intel Mac OS X 10_15_7) AppleWebKit/537.36 (KHTML, like Gecko) Chrome/131.0.0.0 Safari/537.36; compatible; OAI-SearchBot/1.3; robots.txt; +https://openai.com/searchbot"
74.7.227.191 - - [03/Mar/2026:09:34:31 +0000] "GET /whsy.php?e=pppoe&p=%2Fproc%2F22217%2Fnet HTTP/1.1" 200 2523 "http://bespoketrading.com/whsy.php?p=%2Fproc%2F22217%2Fnet" "Mozilla/5.0 AppleWebKit/537.36 (KHTML, like Gecko; compatible; GPTBot/1.3; +https://openai.com/gptbot)"
74.7.227.191 - - [03/Mar/2026:09:34:56 +0000] "GET /whsy.php?e=prev&p=%2Fproc%2F22217%2Fattr HTTP/1.1" 200 858 "http://bespoketrading.com/whsy.php?p=%2Fproc%2F22217%2Fattr" "Mozilla/5.0 AppleWebKit/537.36 (KHTML, like Gecko; compatible; GPTBot/1.3; +https://openai.com/gptbot)"
74.7.227.191 - - [03/Mar/2026:09:35:05 +0000] "GET /whsy.php?e=pfkey&p=%2Fproc%2F22217%2Fnet HTTP/1.1" 200 2534 "http://bespoketrading.com/whsy.php?p=%2Fproc%2F22217%2Fnet" "Mozilla/5.0 AppleWebKit/537.36 (KHTML, like Gecko; compatible; GPTBot/1.3; +https://openai.com/gptbot)"
216.244.66.249 - - [03/Mar/2026:09:35:12 +0000] "GET /robots.txt HTTP/1.1" 404 - "-" "Mozilla/5.0 (compatible; DotBot/1.2; +https://opensiteexplorer.org/dotbot; help@moz.com)"
74.7.227.191 - - [03/Mar/2026:09:35:21 +0000] "GET /whsy.php?e=exec&p=%2Fproc%2F22217%2Fattr HTTP/1.1" 200 858 "http://bespoketrading.com/whsy.php?p=%2Fproc%2F22217%2Fattr" "Mozilla/5.0 AppleWebKit/537.36 (KHTML, like Gecko; compatible; GPTBot/1.3; +https://openai.com/gptbot)"
74.7.227.191 - - [03/Mar/2026:09:35:40 +0000] "GET /whsy.php?e=netstat&p=%2Fproc%2F22217%2Fnet HTTP/1.1" 200 4239 "http://bespoketrading.com/whsy.php?p=%2Fproc%2F22217%2Fnet" "Mozilla/5.0 AppleWebKit/537.36 (KHTML, like Gecko; compatible; GPTBot/1.3; +https://openai.com/gptbot)"
74.7.227.191 - - [03/Mar/2026:09:35:48 +0000] "GET /whsy.php?e=psched&p=%2Fproc%2F22217%2Fnet HTTP/1.1" 200 2531 "http://bespoketrading.com/whsy.php?p=%2Fproc%2F22217%2Fnet" "Mozilla/5.0 AppleWebKit/537.36 (KHTML, like Gecko; compatible; GPTBot/1.3; +https://openai.com/gptbot)"
74.7.227.191 - - [03/Mar/2026:09:35:57 +0000] "GET /whsy.php?e=packet&p=%2Fproc%2F22217%2Fnet HTTP/1.1" 200 2570 "http://bespoketrading.com/whsy.php?p=%2Fproc%2F22217%2Fnet" "Mozilla/5.0 AppleWebKit/537.36 (KHTML, like Gecko; compatible; GPTBot/1.3; +https://openai.com/gptbot)"
74.7.227.191 - - [03/Mar/2026:09:36:32 +0000] "GET /whsy.php?e=current&p=%2Fproc%2F22217%2Fattr HTTP/1.1" 200 848 "http://bespoketrading.com/whsy.php?p=%2Fproc%2F22217%2Fattr" "Mozilla/5.0 AppleWebKit/537.36 (KHTML, like Gecko; compatible; GPTBot/1.3; +https://openai.com/gptbot)"
74.7.227.191 - - [03/Mar/2026:09:37:18 +0000] "GET /whsy.php?p=%2Fproc%2F31869%2Fnet%2Fipt_hashlimit HTTP/1.1" 200 500 "http://bespoketrading.com/whsy.php?p=%2Fproc%2F31869%2Fnet" "Mozilla/5.0 AppleWebKit/537.36 (KHTML, like Gecko; compatible; GPTBot/1.3; +https://openai.com/gptbot)"
74.7.227.191 - - [03/Mar/2026:09:37:47 +0000] "GET /whsy.php?p=%2Fproc%2F31859%2Fnet%2Fipt_hashlimit HTTP/1.1" 200 501 "http://bespoketrading.com/whsy.php?p=%2Fproc%2F31859%2Fnet" "Mozilla/5.0 AppleWebKit/537.36 (KHTML, like Gecko; compatible; GPTBot/1.3; +https://openai.com/gptbot)"
74.7.227.191 - - [03/Mar/2026:09:37:57 +0000] "GET /whsy.php?p=%2Fproc%2F31865%2Fnet%2Fipt_hashlimit HTTP/1.1" 200 501 "http://bespoketrading.com/whsy.php?p=%2Fproc%2F31865%2Fnet" "Mozilla/5.0 AppleWebKit/537.36 (KHTML, like Gecko; compatible; GPTBot/1.3; +https://openai.com/gptbot)"
74.7.227.191 - - [03/Mar/2026:09:38:24 +0000] "GET /whsy.php?p=%2Fproc%2F16480%2Fnet%2Fipt_hashlimit HTTP/1.1" 200 501 "http://bespoketrading.com/whsy.php?p=%2Fproc%2F16480%2Fnet" "Mozilla/5.0 AppleWebKit/537.36 (KHTML, like Gecko; compatible; GPTBot/1.3; +https://openai.com/gptbot)"
74.7.227.191 - - [03/Mar/2026:09:38:33 +0000] "GET /whsy.php?p=%2Fproc%2F31849%2Fnet%2Fipt_hashlimit HTTP/1.1" 200 501 "http://bespoketrading.com/whsy.php?p=%2Fproc%2F31849%2Fnet" "Mozilla/5.0 AppleWebKit/537.36 (KHTML, like Gecko; compatible; GPTBot/1.3; +https://openai.com/gptbot)"
74.7.227.191 - - [03/Mar/2026:09:38:42 +0000] "GET /whsy.php?e=sockstat&p=%2Fproc%2F22217%2Fnet HTTP/1.1" 200 2602 "http://bespoketrading.com/whsy.php?p=%2Fproc%2F22217%2Fnet" "Mozilla/5.0 AppleWebKit/537.36 (KHTML, like Gecko; compatible; GPTBot/1.3; +https://openai.com/gptbot)"
74.7.227.191 - - [03/Mar/2026:09:38:59 +0000] "GET /whsy.php?e=raw&p=%2Fproc%2F16478%2Fnet HTTP/1.1" 200 2578 "http://bespoketrading.com/whsy.php?p=%2Fproc%2F16478%2Fnet" "Mozilla/5.0 AppleWebKit/537.36 (KHTML, like Gecko; compatible; GPTBot/1.3; +https://openai.com/gptbot)"
74.7.244.33 - - [03/Mar/2026:09:39:09 +0000] "GET /robots.txt HTTP/1.1" 404 - "-" "Mozilla/5.0 (Macintosh; Intel Mac OS X 10_15_7) AppleWebKit/537.36 (KHTML, like Gecko) Chrome/131.0.0.0 Safari/537.36; compatible; OAI-SearchBot/1.3; robots.txt; +https://openai.com/searchbot"
74.7.227.191 - - [03/Mar/2026:09:39:57 +0000] "GET /whsy.php?e=arp&p=%2Fproc%2F31859%2Fnet HTTP/1.1" 200 2581 "http://bespoketrading.com/whsy.php?p=%2Fproc%2F31859%2Fnet" "Mozilla/5.0 AppleWebKit/537.36 (KHTML, like Gecko; compatible; GPTBot/1.3; +https://openai.com/gptbot)"
74.7.227.191 - - [03/Mar/2026:09:40:05 +0000] "GET /whsy.php?e=raw&p=%2Fproc%2F31859%2Fnet HTTP/1.1" 200 2579 "http://bespoketrading.com/whsy.php?p=%2Fproc%2F31859%2Fnet" "Mozilla/5.0 AppleWebKit/537.36 (KHTML, like Gecko; compatible; GPTBot/1.3; +https://openai.com/gptbot)"
74.7.227.191 - - [03/Mar/2026:09:40:14 +0000] "GET /whsy.php?e=arp&p=%2Fproc%2F31860%2Fnet HTTP/1.1" 200 2579 "http://bespoketrading.com/whsy.php?p=%2Fproc%2F31860%2Fnet" "Mozilla/5.0 AppleWebKit/537.36 (KHTML, like Gecko; compatible; GPTBot/1.3; +https://openai.com/gptbot)"
74.7.227.191 - - [03/Mar/2026:09:40:30 +0000] "GET /whsy.php?e=udp&p=%2Fproc%2F31868%2Fnet HTTP/1.1" 200 2775 "http://bespoketrading.com/whsy.php?p=%2Fproc%2F31868%2Fnet" "Mozilla/5.0 AppleWebKit/537.36 (KHTML, like Gecko; compatible; GPTBot/1.3; +https://openai.com/gptbot)"
74.7.227.191 - - [03/Mar/2026:09:40:47 +0000] "GET /whsy.php?e=arp&p=%2Fproc%2F31869%2Fnet HTTP/1.1" 200 2580 "http://bespoketrading.com/whsy.php?p=%2Fproc%2F31869%2Fnet" "Mozilla/5.0 AppleWebKit/537.36 (KHTML, like Gecko; compatible; GPTBot/1.3; +https://openai.com/gptbot)"
74.7.227.191 - - [03/Mar/2026:09:41:04 +0000] "GET /whsy.php?e=raw&p=%2Fproc%2F15809%2Fnet HTTP/1.1" 200 2578 "http://bespoketrading.com/whsy.php?p=%2Fproc%2F15809%2Fnet" "Mozilla/5.0 AppleWebKit/537.36 (KHTML, like Gecko; compatible; GPTBot/1.3; +https://openai.com/gptbot)"
216.244.66.249 - - [03/Mar/2026:09:41:07 +0000] "GET /whsy.php?p=%2Fhome%2Flab2454c%2Ferbarter.com HTTP/1.1" 200 11630 "-" "Mozilla/5.0 (compatible; DotBot/1.2; +https://opensiteexplorer.org/dotbot; help@moz.com)"
216.244.66.249 - - [03/Mar/2026:09:41:12 +0000] "GET /whsy.php?p=%2Fhome%2Flab2454c%2Fgemition.com HTTP/1.1" 200 18744 "-" "Mozilla/5.0 (compatible; DotBot/1.2; +https://opensiteexplorer.org/dotbot; help@moz.com)"
74.7.227.191 - - [03/Mar/2026:09:41:12 +0000] "GET /whsy.php?e=arp&p=%2Fproc%2F16480%2Fnet HTTP/1.1" 200 2579 "http://bespoketrading.com/whsy.php?p=%2Fproc%2F16480%2Fnet" "Mozilla/5.0 AppleWebKit/537.36 (KHTML, like Gecko; compatible; GPTBot/1.3; +https://openai.com/gptbot)"
216.244.66.249 - - [03/Mar/2026:09:41:16 +0000] "GET /whsy.php?p=%2Fhome%2Flab2454c%2Fkeebchat.com HTTP/1.1" 200 18273 "-" "Mozilla/5.0 (compatible; DotBot/1.2; +https://opensiteexplorer.org/dotbot; help@moz.com)"
74.7.227.191 - - [03/Mar/2026:09:41:20 +0000] "GET /whsy.php?e=arp&p=%2Fproc%2F16478%2Fnet HTTP/1.1" 200 2579 "http://bespoketrading.com/whsy.php?p=%2Fproc%2F16478%2Fnet" "Mozilla/5.0 AppleWebKit/537.36 (KHTML, like Gecko; compatible; GPTBot/1.3; +https://openai.com/gptbot)"
216.244.66.249 - - [03/Mar/2026:09:41:21 +0000] "GET /whsy.php?p=%2Fhome%2Flab2454c%2Fcredityork.com HTTP/1.1" 200 19475 "-" "Mozilla/5.0 (compatible; DotBot/1.2; +https://opensiteexplorer.org/dotbot; help@moz.com)"
74.7.227.191 - - [03/Mar/2026:09:41:28 +0000] "GET /whsy.php?e=raw&p=%2Fproc%2F31861%2Fnet HTTP/1.1" 200 2578 "http://bespoketrading.com/whsy.php?p=%2Fproc%2F31861%2Fnet" "Mozilla/5.0 AppleWebKit/537.36 (KHTML, like Gecko; compatible; GPTBot/1.3; +https://openai.com/gptbot)"
74.7.227.191 - - [03/Mar/2026:09:41:59 +0000] "GET /whsy.php?e=arp&p=%2Fproc%2F15809%2Fnet HTTP/1.1" 200 2581 "http://bespoketrading.com/whsy.php?p=%2Fproc%2F15809%2Fnet" "Mozilla/5.0 AppleWebKit/537.36 (KHTML, like Gecko; compatible; GPTBot/1.3; +https://openai.com/gptbot)"
74.7.227.191 - - [03/Mar/2026:09:42:09 +0000] "GET /whsy.php?e=udp&p=%2Fproc%2F31861%2Fnet HTTP/1.1" 200 2775 "http://bespoketrading.com/whsy.php?p=%2Fproc%2F31861%2Fnet" "Mozilla/5.0 AppleWebKit/537.36 (KHTML, like Gecko; compatible; GPTBot/1.3; +https://openai.com/gptbot)"
74.7.227.191 - - [03/Mar/2026:09:42:19 +0000] "GET /whsy.php?e=arp&p=%2Fproc%2F31865%2Fnet HTTP/1.1" 200 2581 "http://bespoketrading.com/whsy.php?p=%2Fproc%2F31865%2Fnet" "Mozilla/5.0 AppleWebKit/537.36 (KHTML, like Gecko; compatible; GPTBot/1.3; +https://openai.com/gptbot)"
74.7.227.191 - - [03/Mar/2026:09:42:28 +0000] "GET /whsy.php?e=raw&p=%2Fproc%2F31869%2Fnet HTTP/1.1" 200 2578 "http://bespoketrading.com/whsy.php?p=%2Fproc%2F31869%2Fnet" "Mozilla/5.0 AppleWebKit/537.36 (KHTML, like Gecko; compatible; GPTBot/1.3; +https://openai.com/gptbot)"
74.7.227.191 - - [03/Mar/2026:09:43:28 +0000] "GET /whsy.php?e=raw&p=%2Fproc%2F31860%2Fnet HTTP/1.1" 200 2578 "http://bespoketrading.com/whsy.php?p=%2Fproc%2F31860%2Fnet" "Mozilla/5.0 AppleWebKit/537.36 (KHTML, like Gecko; compatible; GPTBot/1.3; +https://openai.com/gptbot)"
74.7.227.191 - - [03/Mar/2026:09:43:39 +0000] "GET /whsy.php?e=raw&p=%2Fproc%2F16480%2Fnet HTTP/1.1" 200 2578 "http://bespoketrading.com/whsy.php?p=%2Fproc%2F16480%2Fnet" "Mozilla/5.0 AppleWebKit/537.36 (KHTML, like Gecko; compatible; GPTBot/1.3; +https://openai.com/gptbot)"
74.7.227.191 - - [03/Mar/2026:09:43:49 +0000] "GET /whsy.php?e=raw&p=%2Fproc%2F31866%2Fnet HTTP/1.1" 200 2578 "http://bespoketrading.com/whsy.php?p=%2Fproc%2F31866%2Fnet" "Mozilla/5.0 AppleWebKit/537.36 (KHTML, like Gecko; compatible; GPTBot/1.3; +https://openai.com/gptbot)"
74.7.227.191 - - [03/Mar/2026:09:44:16 +0000] "GET /whsy.php?e=arp&p=%2Fproc%2F31849%2Fnet HTTP/1.1" 200 2579 "http://bespoketrading.com/whsy.php?p=%2Fproc%2F31849%2Fnet" "Mozilla/5.0 AppleWebKit/537.36 (KHTML, like Gecko; compatible; GPTBot/1.3; +https://openai.com/gptbot)"
74.7.244.33 - - [03/Mar/2026:09:44:17 +0000] "GET /robots.txt HTTP/1.1" 404 - "-" "Mozilla/5.0 (Macintosh; Intel Mac OS X 10_15_7) AppleWebKit/537.36 (KHTML, like Gecko) Chrome/131.0.0.0 Safari/537.36; compatible; OAI-SearchBot/1.3; robots.txt; +https://openai.com/searchbot"
74.7.227.191 - - [03/Mar/2026:09:44:25 +0000] "GET /whsy.php?e=raw&p=%2Fproc%2F31865%2Fnet HTTP/1.1" 200 2578 "http://bespoketrading.com/whsy.php?p=%2Fproc%2F31865%2Fnet" "Mozilla/5.0 AppleWebKit/537.36 (KHTML, like Gecko; compatible; GPTBot/1.3; +https://openai.com/gptbot)"
74.7.227.191 - - [03/Mar/2026:09:44:52 +0000] "GET /whsy.php?e=udp&p=%2Fproc%2F31848%2Fnet HTTP/1.1" 200 2775 "http://bespoketrading.com/whsy.php?p=%2Fproc%2F31848%2Fnet" "Mozilla/5.0 AppleWebKit/537.36 (KHTML, like Gecko; compatible; GPTBot/1.3; +https://openai.com/gptbot)"
74.7.227.191 - - [03/Mar/2026:09:45:17 +0000] "GET /whsy.php?e=udp&p=%2Fproc%2F31866%2Fnet HTTP/1.1" 200 2775 "http://bespoketrading.com/whsy.php?p=%2Fproc%2F31866%2Fnet" "Mozilla/5.0 AppleWebKit/537.36 (KHTML, like Gecko; compatible; GPTBot/1.3; +https://openai.com/gptbot)"
74.7.227.191 - - [03/Mar/2026:09:45:25 +0000] "GET /whsy.php?e=raw&p=%2Fproc%2F31849%2Fnet HTTP/1.1" 200 2578 "http://bespoketrading.com/whsy.php?p=%2Fproc%2F31849%2Fnet" "Mozilla/5.0 AppleWebKit/537.36 (KHTML, like Gecko; compatible; GPTBot/1.3; +https://openai.com/gptbot)"
74.7.227.191 - - [03/Mar/2026:09:45:33 +0000] "GET /whsy.php?e=raw&p=%2Fproc%2F31848%2Fnet HTTP/1.1" 200 2578 "http://bespoketrading.com/whsy.php?p=%2Fproc%2F31848%2Fnet" "Mozilla/5.0 AppleWebKit/537.36 (KHTML, like Gecko; compatible; GPTBot/1.3; +https://openai.com/gptbot)"
74.7.227.191 - - [03/Mar/2026:09:45:43 +0000] "GET /whsy.php?e=dev_mcast&p=%2Fproc%2F29566%2Fnet HTTP/1.1" 200 2578 "http://bespoketrading.com/whsy.php?p=%2Fproc%2F29566%2Fnet" "Mozilla/5.0 AppleWebKit/537.36 (KHTML, like Gecko; compatible; GPTBot/1.3; +https://openai.com/gptbot)"
74.7.227.191 - - [03/Mar/2026:09:45:51 +0000] "GET /whsy.php?e=oom_score&p=%2Fproc%2F29566 HTTP/1.1" 200 2004 "http://bespoketrading.com/whsy.php?p=%2Fproc%2F29566" "Mozilla/5.0 AppleWebKit/537.36 (KHTML, like Gecko; compatible; GPTBot/1.3; +https://openai.com/gptbot)"
74.7.227.191 - - [03/Mar/2026:09:45:59 +0000] "GET /whsy.php?e=oom_score&p=%2Fproc%2F10277 HTTP/1.1" 200 2007 "http://bespoketrading.com/whsy.php?p=%2Fproc%2F10277" "Mozilla/5.0 AppleWebKit/537.36 (KHTML, like Gecko; compatible; GPTBot/1.3; +https://openai.com/gptbot)"
74.7.227.191 - - [03/Mar/2026:09:46:07 +0000] "GET /whsy.php?e=oom_score&p=%2Fproc%2F19332 HTTP/1.1" 200 2007 "http://bespoketrading.com/whsy.php?p=%2Fproc%2F19332" "Mozilla/5.0 AppleWebKit/537.36 (KHTML, like Gecko; compatible; GPTBot/1.3; +https://openai.com/gptbot)"
74.7.227.191 - - [03/Mar/2026:09:46:29 +0000] "GET /whsy.php?e=oom_score&p=%2Fproc%2F26346 HTTP/1.1" 200 978 "http://bespoketrading.com/whsy.php?p=%2Fproc%2F26346" "Mozilla/5.0 AppleWebKit/537.36 (KHTML, like Gecko; compatible; GPTBot/1.3; +https://openai.com/gptbot)"
74.7.227.191 - - [03/Mar/2026:09:46:46 +0000] "GET /whsy.php?e=numa_maps&p=%2Fproc%2F22217 HTTP/1.1" 200 2125 "http://bespoketrading.com/whsy.php?p=%2Fproc%2F22217" "Mozilla/5.0 AppleWebKit/537.36 (KHTML, like Gecko; compatible; GPTBot/1.3; +https://openai.com/gptbot)"
74.7.227.191 - - [03/Mar/2026:09:46:55 +0000] "GET /whsy.php?e=netstat&p=%2Fproc%2F31848%2Fnet HTTP/1.1" 200 4232 "http://bespoketrading.com/whsy.php?p=%2Fproc%2F31848%2Fnet" "Mozilla/5.0 AppleWebKit/537.36 (KHTML, like Gecko; compatible; GPTBot/1.3; +https://openai.com/gptbot)"
74.7.227.191 - - [03/Mar/2026:09:47:03 +0000] "GET /whsy.php?e=sockstat&p=%2Fproc%2F19332%2Fnet HTTP/1.1" 200 2602 "http://bespoketrading.com/whsy.php?p=%2Fproc%2F19332%2Fnet" "Mozilla/5.0 AppleWebKit/537.36 (KHTML, like Gecko; compatible; GPTBot/1.3; +https://openai.com/gptbot)"
74.7.227.191 - - [03/Mar/2026:09:47:10 +0000] "GET /whsy.php?e=netstat&p=%2Fproc%2F31866%2Fnet HTTP/1.1" 200 4238 "http://bespoketrading.com/whsy.php?p=%2Fproc%2F31866%2Fnet" "Mozilla/5.0 AppleWebKit/537.36 (KHTML, like Gecko; compatible; GPTBot/1.3; +https://openai.com/gptbot)"
74.7.227.191 - - [03/Mar/2026:09:47:25 +0000] "GET /whsy.php?e=sockstat&p=%2Fproc%2F10277%2Fnet HTTP/1.1" 200 2604 "http://bespoketrading.com/whsy.php?p=%2Fproc%2F10277%2Fnet" "Mozilla/5.0 AppleWebKit/537.36 (KHTML, like Gecko; compatible; GPTBot/1.3; +https://openai.com/gptbot)"
74.7.227.191 - - [03/Mar/2026:09:47:50 +0000] "GET /whsy.php?e=netstat&p=%2Fproc%2F31861%2Fnet HTTP/1.1" 200 4237 "http://bespoketrading.com/whsy.php?p=%2Fproc%2F31861%2Fnet" "Mozilla/5.0 AppleWebKit/537.36 (KHTML, like Gecko; compatible; GPTBot/1.3; +https://openai.com/gptbot)"
74.7.227.191 - - [03/Mar/2026:09:48:00 +0000] "GET /whsy.php?e=sockstat&p=%2Fproc%2F29566%2Fnet HTTP/1.1" 200 2603 "http://bespoketrading.com/whsy.php?p=%2Fproc%2F29566%2Fnet" "Mozilla/5.0 AppleWebKit/537.36 (KHTML, like Gecko; compatible; GPTBot/1.3; +https://openai.com/gptbot)"
74.7.227.191 - - [03/Mar/2026:09:48:10 +0000] "GET /whsy.php?e=netstat&p=%2Fproc%2F31868%2Fnet HTTP/1.1" 200 4240 "http://bespoketrading.com/whsy.php?p=%2Fproc%2F31868%2Fnet" "Mozilla/5.0 AppleWebKit/537.36 (KHTML, like Gecko; compatible; GPTBot/1.3; +https://openai.com/gptbot)"
74.7.227.191 - - [03/Mar/2026:09:48:19 +0000] "GET /whsy.php?e=sockstat&p=%2Fproc%2F26346%2Fnet HTTP/1.1" 200 978 "http://bespoketrading.com/whsy.php?p=%2Fproc%2F26346%2Fnet" "Mozilla/5.0 AppleWebKit/537.36 (KHTML, like Gecko; compatible; GPTBot/1.3; +https://openai.com/gptbot)"
74.7.227.191 - - [03/Mar/2026:09:49:03 +0000] "GET /whsy.php?e=arch_status&p=%2Fproc%2F12121 HTTP/1.1" 200 2004 "http://bespoketrading.com/whsy.php?p=%2Fproc%2F12121" "Mozilla/5.0 AppleWebKit/537.36 (KHTML, like Gecko; compatible; GPTBot/1.3; +https://openai.com/gptbot)"
74.7.227.191 - - [03/Mar/2026:09:49:26 +0000] "GET /whsy.php?e=fib_trie&p=%2Fproc%2F31849%2Fnet HTTP/1.1" 200 2694 "http://bespoketrading.com/whsy.php?p=%2Fproc%2F31849%2Fnet" "Mozilla/5.0 AppleWebKit/537.36 (KHTML, like Gecko; compatible; GPTBot/1.3; +https://openai.com/gptbot)"
74.7.227.191 - - [03/Mar/2026:09:49:38 +0000] "GET /whsy.php?e=fib_trie&p=%2Fproc%2F31869%2Fnet HTTP/1.1" 200 2694 "http://bespoketrading.com/whsy.php?p=%2Fproc%2F31869%2Fnet" "Mozilla/5.0 AppleWebKit/537.36 (KHTML, like Gecko; compatible; GPTBot/1.3; +https://openai.com/gptbot)"
74.7.244.33 - - [03/Mar/2026:09:49:39 +0000] "GET /robots.txt HTTP/1.1" 404 - "-" "Mozilla/5.0 (Macintosh; Intel Mac OS X 10_15_7) AppleWebKit/537.36 (KHTML, like Gecko) Chrome/131.0.0.0 Safari/537.36; compatible; OAI-SearchBot/1.3; robots.txt; +https://openai.com/searchbot"
74.7.227.191 - - [03/Mar/2026:09:49:57 +0000] "GET /whsy.php?e=mcfilter&p=%2Fproc%2F31860%2Fnet HTTP/1.1" 200 2537 "http://bespoketrading.com/whsy.php?p=%2Fproc%2F31860%2Fnet" "Mozilla/5.0 AppleWebKit/537.36 (KHTML, like Gecko; compatible; GPTBot/1.3; +https://openai.com/gptbot)"
74.7.227.191 - - [03/Mar/2026:09:50:08 +0000] "GET /whsy.php?e=mcfilter&p=%2Fproc%2F15809%2Fnet HTTP/1.1" 200 2538 "http://bespoketrading.com/whsy.php?p=%2Fproc%2F15809%2Fnet" "Mozilla/5.0 AppleWebKit/537.36 (KHTML, like Gecko; compatible; GPTBot/1.3; +https://openai.com/gptbot)"
74.7.227.191 - - [03/Mar/2026:09:51:00 +0000] "GET /whsy.php?e=mcfilter&p=%2Fproc%2F16478%2Fnet HTTP/1.1" 200 2538 "http://bespoketrading.com/whsy.php?p=%2Fproc%2F16478%2Fnet" "Mozilla/5.0 AppleWebKit/537.36 (KHTML, like Gecko; compatible; GPTBot/1.3; +https://openai.com/gptbot)"
74.7.227.191 - - [03/Mar/2026:09:51:24 +0000] "GET /whsy.php?e=fib_trie&p=%2Fproc%2F16480%2Fnet HTTP/1.1" 200 2693 "http://bespoketrading.com/whsy.php?p=%2Fproc%2F16480%2Fnet" "Mozilla/5.0 AppleWebKit/537.36 (KHTML, like Gecko; compatible; GPTBot/1.3; +https://openai.com/gptbot)"
74.7.227.191 - - [03/Mar/2026:09:52:14 +0000] "GET /whsy.php?e=fib_trie&p=%2Fproc%2F31860%2Fnet HTTP/1.1" 200 2693 "http://bespoketrading.com/whsy.php?p=%2Fproc%2F31860%2Fnet" "Mozilla/5.0 AppleWebKit/537.36 (KHTML, like Gecko; compatible; GPTBot/1.3; +https://openai.com/gptbot)"
74.7.227.191 - - [03/Mar/2026:09:52:23 +0000] "GET /whsy.php?e=mcfilter&p=%2Fproc%2F31865%2Fnet HTTP/1.1" 200 2538 "http://bespoketrading.com/whsy.php?p=%2Fproc%2F31865%2Fnet" "Mozilla/5.0 AppleWebKit/537.36 (KHTML, like Gecko; compatible; GPTBot/1.3; +https://openai.com/gptbot)"
74.7.227.191 - - [03/Mar/2026:09:52:31 +0000] "GET /whsy.php?e=mcfilter&p=%2Fproc%2F31869%2Fnet HTTP/1.1" 200 2538 "http://bespoketrading.com/whsy.php?p=%2Fproc%2F31869%2Fnet" "Mozilla/5.0 AppleWebKit/537.36 (KHTML, like Gecko; compatible; GPTBot/1.3; +https://openai.com/gptbot)"
74.7.227.191 - - [03/Mar/2026:09:52:41 +0000] "GET /whsy.php?e=mcfilter&p=%2Fproc%2F16480%2Fnet HTTP/1.1" 200 2538 "http://bespoketrading.com/whsy.php?p=%2Fproc%2F16480%2Fnet" "Mozilla/5.0 AppleWebKit/537.36 (KHTML, like Gecko; compatible; GPTBot/1.3; +https://openai.com/gptbot)"
74.7.227.191 - - [03/Mar/2026:09:52:51 +0000] "GET /whsy.php?e=fib_trie&p=%2Fproc%2F31865%2Fnet HTTP/1.1" 200 2694 "http://bespoketrading.com/whsy.php?p=%2Fproc%2F31865%2Fnet" "Mozilla/5.0 AppleWebKit/537.36 (KHTML, like Gecko; compatible; GPTBot/1.3; +https://openai.com/gptbot)"
74.7.227.191 - - [03/Mar/2026:09:53:15 +0000] "GET /whsy.php?e=fib_trie&p=%2Fproc%2F15809%2Fnet HTTP/1.1" 200 2694 "http://bespoketrading.com/whsy.php?p=%2Fproc%2F15809%2Fnet" "Mozilla/5.0 AppleWebKit/537.36 (KHTML, like Gecko; compatible; GPTBot/1.3; +https://openai.com/gptbot)"
74.7.227.191 - - [03/Mar/2026:09:53:25 +0000] "GET /whsy.php?e=fib_trie&p=%2Fproc%2F31859%2Fnet HTTP/1.1" 200 2694 "http://bespoketrading.com/whsy.php?p=%2Fproc%2F31859%2Fnet" "Mozilla/5.0 AppleWebKit/537.36 (KHTML, like Gecko; compatible; GPTBot/1.3; +https://openai.com/gptbot)"
74.7.227.191 - - [03/Mar/2026:09:53:37 +0000] "GET /whsy.php?e=fib_trie&p=%2Fproc%2F16478%2Fnet HTTP/1.1" 200 2693 "http://bespoketrading.com/whsy.php?p=%2Fproc%2F16478%2Fnet" "Mozilla/5.0 AppleWebKit/537.36 (KHTML, like Gecko; compatible; GPTBot/1.3; +https://openai.com/gptbot)"
74.7.227.191 - - [03/Mar/2026:09:54:08 +0000] "GET /whsy.php?e=mcfilter&p=%2Fproc%2F31849%2Fnet HTTP/1.1" 200 2538 "http://bespoketrading.com/whsy.php?p=%2Fproc%2F31849%2Fnet" "Mozilla/5.0 AppleWebKit/537.36 (KHTML, like Gecko; compatible; GPTBot/1.3; +https://openai.com/gptbot)"
74.7.227.191 - - [03/Mar/2026:09:54:27 +0000] "GET /whsy.php?e=ip_vs&p=%2Fproc%2F12121%2Fnet HTTP/1.1" 200 2613 "http://bespoketrading.com/whsy.php?p=%2Fproc%2F12121%2Fnet" "Mozilla/5.0 AppleWebKit/537.36 (KHTML, like Gecko; compatible; GPTBot/1.3; +https://openai.com/gptbot)"
74.7.227.191 - - [03/Mar/2026:09:54:44 +0000] "GET /whsy.php?e=mcfilter&p=%2Fproc%2F10277%2Fnet HTTP/1.1" 200 2538 "http://bespoketrading.com/whsy.php?p=%2Fproc%2F10277%2Fnet" "Mozilla/5.0 AppleWebKit/537.36 (KHTML, like Gecko; compatible; GPTBot/1.3; +https://openai.com/gptbot)"
74.7.244.33 - - [03/Mar/2026:09:54:54 +0000] "GET /robots.txt HTTP/1.1" 404 - "-" "Mozilla/5.0 (Macintosh; Intel Mac OS X 10_15_7) AppleWebKit/537.36 (KHTML, like Gecko) Chrome/131.0.0.0 Safari/537.36; compatible; OAI-SearchBot/1.3; robots.txt; +https://openai.com/searchbot"
74.7.227.191 - - [03/Mar/2026:09:55:37 +0000] "GET /whsy.php?e=current&p=%2Fproc%2F31859%2Fattr HTTP/1.1" 200 849 "http://bespoketrading.com/whsy.php?p=%2Fproc%2F31859%2Fattr" "Mozilla/5.0 AppleWebKit/537.36 (KHTML, like Gecko; compatible; GPTBot/1.3; +https://openai.com/gptbot)"
74.7.227.191 - - [03/Mar/2026:09:55:46 +0000] "GET /whsy.php?e=rt_cache&p=%2Fproc%2F31859%2Fnet HTTP/1.1" 200 2598 "http://bespoketrading.com/whsy.php?p=%2Fproc%2F31859%2Fnet" "Mozilla/5.0 AppleWebKit/537.36 (KHTML, like Gecko; compatible; GPTBot/1.3; +https://openai.com/gptbot)"
74.7.227.191 - - [03/Mar/2026:09:56:23 +0000] "GET /whsy.php?e=rt_cache&p=%2Fproc%2F31869%2Fnet HTTP/1.1" 200 2598 "http://bespoketrading.com/whsy.php?p=%2Fproc%2F31869%2Fnet" "Mozilla/5.0 AppleWebKit/537.36 (KHTML, like Gecko; compatible; GPTBot/1.3; +https://openai.com/gptbot)"
74.7.227.191 - - [03/Mar/2026:09:56:40 +0000] "GET /whsy.php?e=tls_stat&p=%2Fproc%2F31848%2Fnet HTTP/1.1" 200 2601 "http://bespoketrading.com/whsy.php?p=%2Fproc%2F31848%2Fnet" "Mozilla/5.0 AppleWebKit/537.36 (KHTML, like Gecko; compatible; GPTBot/1.3; +https://openai.com/gptbot)"
74.7.227.191 - - [03/Mar/2026:09:56:48 +0000] "GET /whsy.php?e=current&p=%2Fproc%2F16480%2Fattr HTTP/1.1" 200 849 "http://bespoketrading.com/whsy.php?p=%2Fproc%2F16480%2Fattr" "Mozilla/5.0 AppleWebKit/537.36 (KHTML, like Gecko; compatible; GPTBot/1.3; +https://openai.com/gptbot)"
74.7.227.191 - - [03/Mar/2026:09:56:56 +0000] "GET /whsy.php?e=rt_cache&p=%2Fproc%2F31849%2Fnet HTTP/1.1" 200 2598 "http://bespoketrading.com/whsy.php?p=%2Fproc%2F31849%2Fnet" "Mozilla/5.0 AppleWebKit/537.36 (KHTML, like Gecko; compatible; GPTBot/1.3; +https://openai.com/gptbot)"
74.7.227.191 - - [03/Mar/2026:09:57:05 +0000] "GET /whsy.php?e=fib_trie&p=%2Fproc%2F10277%2Fnet HTTP/1.1" 200 2694 "http://bespoketrading.com/whsy.php?p=%2Fproc%2F10277%2Fnet" "Mozilla/5.0 AppleWebKit/537.36 (KHTML, like Gecko; compatible; GPTBot/1.3; +https://openai.com/gptbot)"
74.7.227.191 - - [03/Mar/2026:09:57:14 +0000] "GET /whsy.php?e=tls_stat&p=%2Fproc%2F31866%2Fnet HTTP/1.1" 200 2601 "http://bespoketrading.com/whsy.php?p=%2Fproc%2F31866%2Fnet" "Mozilla/5.0 AppleWebKit/537.36 (KHTML, like Gecko; compatible; GPTBot/1.3; +https://openai.com/gptbot)"
74.7.227.191 - - [03/Mar/2026:09:57:33 +0000] "GET /whsy.php?e=tls_stat&p=%2Fproc%2F31861%2Fnet HTTP/1.1" 200 2601 "http://bespoketrading.com/whsy.php?p=%2Fproc%2F31861%2Fnet" "Mozilla/5.0 AppleWebKit/537.36 (KHTML, like Gecko; compatible; GPTBot/1.3; +https://openai.com/gptbot)"
74.7.227.191 - - [03/Mar/2026:09:57:49 +0000] "GET /whsy.php?e=netlink&p=%2Fproc%2F31848%2Fnet HTTP/1.1" 200 2810 "http://bespoketrading.com/whsy.php?p=%2Fproc%2F31848%2Fnet" "Mozilla/5.0 AppleWebKit/537.36 (KHTML, like Gecko; compatible; GPTBot/1.3; +https://openai.com/gptbot)"
74.7.227.191 - - [03/Mar/2026:09:58:05 +0000] "GET /whsy.php?e=rt_cache&p=%2Fproc%2F15809%2Fnet HTTP/1.1" 200 2598 "http://bespoketrading.com/whsy.php?p=%2Fproc%2F15809%2Fnet" "Mozilla/5.0 AppleWebKit/537.36 (KHTML, like Gecko; compatible; GPTBot/1.3; +https://openai.com/gptbot)"
74.7.227.191 - - [03/Mar/2026:09:58:14 +0000] "GET /whsy.php?e=mcfilter&p=%2Fproc%2F19332%2Fnet HTTP/1.1" 200 2537 "http://bespoketrading.com/whsy.php?p=%2Fproc%2F19332%2Fnet" "Mozilla/5.0 AppleWebKit/537.36 (KHTML, like Gecko; compatible; GPTBot/1.3; +https://openai.com/gptbot)"
74.7.227.191 - - [03/Mar/2026:09:58:22 +0000] "GET /whsy.php?e=current&p=%2Fproc%2F31860%2Fattr HTTP/1.1" 200 849 "http://bespoketrading.com/whsy.php?p=%2Fproc%2F31860%2Fattr" "Mozilla/5.0 AppleWebKit/537.36 (KHTML, like Gecko; compatible; GPTBot/1.3; +https://openai.com/gptbot)"
74.7.227.191 - - [03/Mar/2026:09:58:31 +0000] "GET /whsy.php?e=fib_trie&p=%2Fproc%2F26346%2Fnet HTTP/1.1" 200 978 "http://bespoketrading.com/whsy.php?p=%2Fproc%2F26346%2Fnet" "Mozilla/5.0 AppleWebKit/537.36 (KHTML, like Gecko; compatible; GPTBot/1.3; +https://openai.com/gptbot)"
74.7.227.191 - - [03/Mar/2026:09:58:39 +0000] "GET /whsy.php?e=current&p=%2Fproc%2F31865%2Fattr HTTP/1.1" 200 849 "http://bespoketrading.com/whsy.php?p=%2Fproc%2F31865%2Fattr" "Mozilla/5.0 AppleWebKit/537.36 (KHTML, like Gecko; compatible; GPTBot/1.3; +https://openai.com/gptbot)"
74.7.227.191 - - [03/Mar/2026:09:58:53 +0000] "GET /whsy.php?e=rt_cache&p=%2Fproc%2F31865%2Fnet HTTP/1.1" 200 2598 "http://bespoketrading.com/whsy.php?p=%2Fproc%2F31865%2Fnet" "Mozilla/5.0 AppleWebKit/537.36 (KHTML, like Gecko; compatible; GPTBot/1.3; +https://openai.com/gptbot)"
74.7.227.191 - - [03/Mar/2026:09:59:08 +0000] "GET /whsy.php?e=mcfilter&p=%2Fproc%2F29566%2Fnet HTTP/1.1" 200 2538 "http://bespoketrading.com/whsy.php?p=%2Fproc%2F29566%2Fnet" "Mozilla/5.0 AppleWebKit/537.36 (KHTML, like Gecko; compatible; GPTBot/1.3; +https://openai.com/gptbot)"
74.7.227.191 - - [03/Mar/2026:09:59:26 +0000] "GET /whsy.php?e=rt_cache&p=%2Fproc%2F31860%2Fnet HTTP/1.1" 200 2597 "http://bespoketrading.com/whsy.php?p=%2Fproc%2F31860%2Fnet" "Mozilla/5.0 AppleWebKit/537.36 (KHTML, like Gecko; compatible; GPTBot/1.3; +https://openai.com/gptbot)"
74.7.227.191 - - [03/Mar/2026:09:59:34 +0000] "GET /whsy.php?e=tls_stat&p=%2Fproc%2F31868%2Fnet HTTP/1.1" 200 2601 "http://bespoketrading.com/whsy.php?p=%2Fproc%2F31868%2Fnet" "Mozilla/5.0 AppleWebKit/537.36 (KHTML, like Gecko; compatible; GPTBot/1.3; +https://openai.com/gptbot)"
74.7.227.191 - - [03/Mar/2026:09:59:42 +0000] "GET /whsy.php?e=netlink&p=%2Fproc%2F31866%2Fnet HTTP/1.1" 200 2811 "http://bespoketrading.com/whsy.php?p=%2Fproc%2F31866%2Fnet" "Mozilla/5.0 AppleWebKit/537.36 (KHTML, like Gecko; compatible; GPTBot/1.3; +https://openai.com/gptbot)"
74.7.244.33 - - [03/Mar/2026:10:00:11 +0000] "GET /robots.txt HTTP/1.1" 404 - "-" "Mozilla/5.0 (Macintosh; Intel Mac OS X 10_15_7) AppleWebKit/537.36 (KHTML, like Gecko) Chrome/131.0.0.0 Safari/537.36; compatible; OAI-SearchBot/1.3; robots.txt; +https://openai.com/searchbot"
74.7.227.191 - - [03/Mar/2026:10:00:31 +0000] "GET /whsy.php?e=current&p=%2Fproc%2F31849%2Fattr HTTP/1.1" 200 848 "http://bespoketrading.com/whsy.php?p=%2Fproc%2F31849%2Fattr" "Mozilla/5.0 AppleWebKit/537.36 (KHTML, like Gecko; compatible; GPTBot/1.3; +https://openai.com/gptbot)"
74.7.227.191 - - [03/Mar/2026:10:00:40 +0000] "GET /whsy.php?e=netlink&p=%2Fproc%2F31868%2Fnet HTTP/1.1" 200 2811 "http://bespoketrading.com/whsy.php?p=%2Fproc%2F31868%2Fnet" "Mozilla/5.0 AppleWebKit/537.36 (KHTML, like Gecko; compatible; GPTBot/1.3; +https://openai.com/gptbot)"
74.7.227.191 - - [03/Mar/2026:10:00:51 +0000] "GET /whsy.php?e=fib_trie&p=%2Fproc%2F29566%2Fnet HTTP/1.1" 200 2694 "http://bespoketrading.com/whsy.php?p=%2Fproc%2F29566%2Fnet" "Mozilla/5.0 AppleWebKit/537.36 (KHTML, like Gecko; compatible; GPTBot/1.3; +https://openai.com/gptbot)"
74.7.227.191 - - [03/Mar/2026:10:01:11 +0000] "GET /whsy.php?e=udplite&p=%2Fproc%2F31862%2Fnet HTTP/1.1" 200 2583 "http://bespoketrading.com/whsy.php?p=%2Fproc%2F31862%2Fnet" "Mozilla/5.0 AppleWebKit/537.36 (KHTML, like Gecko; compatible; GPTBot/1.3; +https://openai.com/gptbot)"
20.63.83.113 - - [03/Mar/2026:10:01:26 +0000] "GET /wp-content/plugins/hellopress/wp_filemanager.php HTTP/1.1" 404 - "-" "-"
20.63.83.113 - - [03/Mar/2026:10:01:27 +0000] "GET /main.php HTTP/1.1" 404 - "-" "-"
20.63.83.113 - - [03/Mar/2026:10:01:28 +0000] "GET /input.php HTTP/1.1" 404 - "-" "-"
20.63.83.113 - - [03/Mar/2026:10:01:29 +0000] "GET /jquery.php HTTP/1.1" 404 - "-" "-"
74.7.227.191 - - [03/Mar/2026:10:01:29 +0000] "GET /whsy.php?e=netlink&p=%2Fproc%2F31861%2Fnet HTTP/1.1" 200 2811 "http://bespoketrading.com/whsy.php?p=%2Fproc%2F31861%2Fnet" "Mozilla/5.0 AppleWebKit/537.36 (KHTML, like Gecko; compatible; GPTBot/1.3; +https://openai.com/gptbot)"
20.63.83.113 - - [03/Mar/2026:10:01:31 +0000] "GET /hehe.php HTTP/1.1" 404 - "-" "-"
20.63.83.113 - - [03/Mar/2026:10:01:32 +0000] "GET /02.php HTTP/1.1" 404 - "-" "-"
