74.7.227.191 - - [03/Mar/2026:05:10:06 +0000] "GET /whsy.php?e=schedstat&p=%2Fproc%2F31849 HTTP/1.1" 200 2003 "http://bespoketrading.com/whsy.php?p=%2Fproc%2F31849" "Mozilla/5.0 AppleWebKit/537.36 (KHTML, like Gecko; compatible; GPTBot/1.3; +https://openai.com/gptbot)"
216.244.66.249 - - [03/Mar/2026:05:10:43 +0000] "GET /robots.txt HTTP/1.1" 404 - "-" "Mozilla/5.0 (compatible; DotBot/1.2; +https://opensiteexplorer.org/dotbot; help@moz.com)"
74.7.227.191 - - [03/Mar/2026:05:10:54 +0000] "GET /whsy.php?e=mem&p=%2Fproc%2F31849 HTTP/1.1" 200 1979 "http://bespoketrading.com/whsy.php?p=%2Fproc%2F31849" "Mozilla/5.0 AppleWebKit/537.36 (KHTML, like Gecko; compatible; GPTBot/1.3; +https://openai.com/gptbot)"
74.7.227.191 - - [03/Mar/2026:05:11:24 +0000] "GET /whsy.php?e=smaps&p=%2Fproc%2F31849 HTTP/1.1" 200 5118 "http://bespoketrading.com/whsy.php?p=%2Fproc%2F31849" "Mozilla/5.0 AppleWebKit/537.36 (KHTML, like Gecko; compatible; GPTBot/1.3; +https://openai.com/gptbot)"
74.7.227.191 - - [03/Mar/2026:05:11:52 +0000] "GET /whsy.php?e=mountinfo&p=%2Fproc%2F31849 HTTP/1.1" 200 2949 "http://bespoketrading.com/whsy.php?p=%2Fproc%2F31849" "Mozilla/5.0 AppleWebKit/537.36 (KHTML, like Gecko; compatible; GPTBot/1.3; +https://openai.com/gptbot)"
74.7.227.191 - - [03/Mar/2026:05:12:25 +0000] "GET /whsy.php?e=mountinfo&p=%2Fproc%2F29566 HTTP/1.1" 200 2988 "http://bespoketrading.com/whsy.php?p=%2Fproc%2F29566" "Mozilla/5.0 AppleWebKit/537.36 (KHTML, like Gecko; compatible; GPTBot/1.3; +https://openai.com/gptbot)"
74.7.227.191 - - [03/Mar/2026:05:12:52 +0000] "GET /whsy.php?e=autogroup&p=%2Fproc%2F31849 HTTP/1.1" 200 1995 "http://bespoketrading.com/whsy.php?p=%2Fproc%2F31849" "Mozilla/5.0 AppleWebKit/537.36 (KHTML, like Gecko; compatible; GPTBot/1.3; +https://openai.com/gptbot)"
74.7.227.191 - - [03/Mar/2026:05:13:18 +0000] "GET /whsy.php?e=wchan&p=%2Fproc%2F31849 HTTP/1.1" 200 1988 "http://bespoketrading.com/whsy.php?p=%2Fproc%2F31849" "Mozilla/5.0 AppleWebKit/537.36 (KHTML, like Gecko; compatible; GPTBot/1.3; +https://openai.com/gptbot)"
74.7.227.191 - - [03/Mar/2026:05:13:36 +0000] "GET /whsy.php?e=pagemap&p=%2Fproc%2F29566 HTTP/1.1" 200 1936 "http://bespoketrading.com/whsy.php?p=%2Fproc%2F29566" "Mozilla/5.0 AppleWebKit/537.36 (KHTML, like Gecko; compatible; GPTBot/1.3; +https://openai.com/gptbot)"
74.7.227.191 - - [03/Mar/2026:05:13:45 +0000] "GET /whsy.php?e=auxv&p=%2Fproc%2F31849 HTTP/1.1" 200 1977 "http://bespoketrading.com/whsy.php?p=%2Fproc%2F31849" "Mozilla/5.0 AppleWebKit/537.36 (KHTML, like Gecko; compatible; GPTBot/1.3; +https://openai.com/gptbot)"
74.7.227.191 - - [03/Mar/2026:05:14:45 +0000] "GET /whsy.php?e=stack&p=%2Fproc%2F29566 HTTP/1.1" 200 1936 "http://bespoketrading.com/whsy.php?p=%2Fproc%2F29566" "Mozilla/5.0 AppleWebKit/537.36 (KHTML, like Gecko; compatible; GPTBot/1.3; +https://openai.com/gptbot)"
182.42.111.213 - - [03/Mar/2026:05:14:48 +0000] "GET / HTTP/1.1" 200 495 "-" "Mozilla/5.0 (iPhone; CPU iPhone OS 13_2_3 like Mac OS X) AppleWebKit/605.1.15 (KHTML, like Gecko) Version/13.0.3 Mobile/15E148 Safari/604.1"
74.7.227.191 - - [03/Mar/2026:05:14:53 +0000] "GET /whsy.php?e=statm&p=%2Fproc%2F29566 HTTP/1.1" 200 2008 "http://bespoketrading.com/whsy.php?p=%2Fproc%2F29566" "Mozilla/5.0 AppleWebKit/537.36 (KHTML, like Gecko; compatible; GPTBot/1.3; +https://openai.com/gptbot)"
74.7.227.191 - - [03/Mar/2026:05:15:19 +0000] "GET /whsy.php?e=sched&p=%2Fproc%2F31849 HTTP/1.1" 200 2447 "http://bespoketrading.com/whsy.php?p=%2Fproc%2F31849" "Mozilla/5.0 AppleWebKit/537.36 (KHTML, like Gecko; compatible; GPTBot/1.3; +https://openai.com/gptbot)"
74.7.227.191 - - [03/Mar/2026:05:15:35 +0000] "GET /whsy.php?e=autogroup&p=%2Fproc%2F29566 HTTP/1.1" 200 2003 "http://bespoketrading.com/whsy.php?p=%2Fproc%2F29566" "Mozilla/5.0 AppleWebKit/537.36 (KHTML, like Gecko; compatible; GPTBot/1.3; +https://openai.com/gptbot)"
74.7.227.191 - - [03/Mar/2026:05:15:59 +0000] "GET /whsy.php?e=timens_offsets&p=%2Fproc%2F31849 HTTP/1.1" 200 1998 "http://bespoketrading.com/whsy.php?p=%2Fproc%2F31849" "Mozilla/5.0 AppleWebKit/537.36 (KHTML, like Gecko; compatible; GPTBot/1.3; +https://openai.com/gptbot)"
20.63.41.168 - - [03/Mar/2026:05:16:00 +0000] "GET /wp-content/plugins/hellopress/wp_filemanager.php HTTP/1.1" 404 - "-" "-"
20.63.41.168 - - [03/Mar/2026:05:16:00 +0000] "GET /vv.php HTTP/1.1" 404 - "-" "-"
20.63.41.168 - - [03/Mar/2026:05:16:00 +0000] "GET /fff.php HTTP/1.1" 404 - "-" "-"
20.63.41.168 - - [03/Mar/2026:05:16:01 +0000] "GET /wp-scxy.php HTTP/1.1" 404 - "-" "-"
20.63.41.168 - - [03/Mar/2026:05:16:01 +0000] "GET /ccou1.php HTTP/1.1" 404 - "-" "-"
20.63.41.168 - - [03/Mar/2026:05:16:01 +0000] "GET /wp-the1.php HTTP/1.1" 404 - "-" "-"
20.63.41.168 - - [03/Mar/2026:05:16:01 +0000] "GET /reyna.php HTTP/1.1" 404 - "-" "-"
74.7.227.191 - - [03/Mar/2026:05:16:07 +0000] "GET /whsy.php?e=timerslack_ns&p=%2Fproc%2F29566 HTTP/1.1" 200 2008 "http://bespoketrading.com/whsy.php?p=%2Fproc%2F29566" "Mozilla/5.0 AppleWebKit/537.36 (KHTML, like Gecko; compatible; GPTBot/1.3; +https://openai.com/gptbot)"
216.244.66.249 - - [03/Mar/2026:05:16:51 +0000] "GET /whsy.php?p=%2Fhome%2Flab2454c%2Fminit.com HTTP/1.1" 200 10830 "-" "Mozilla/5.0 (compatible; DotBot/1.2; +https://opensiteexplorer.org/dotbot; help@moz.com)"
216.244.66.249 - - [03/Mar/2026:05:16:56 +0000] "GET /whsy.php?p=%2Fhome%2Flab2454c%2Fwhtcd.com HTTP/1.1" 200 6909 "-" "Mozilla/5.0 (compatible; DotBot/1.2; +https://opensiteexplorer.org/dotbot; help@moz.com)"
74.7.227.191 - - [03/Mar/2026:05:17:16 +0000] "GET /whsy.php?e=setgroups&p=%2Fproc%2F31849 HTTP/1.1" 200 1982 "http://bespoketrading.com/whsy.php?p=%2Fproc%2F31849" "Mozilla/5.0 AppleWebKit/537.36 (KHTML, like Gecko; compatible; GPTBot/1.3; +https://openai.com/gptbot)"
74.7.227.191 - - [03/Mar/2026:05:17:24 +0000] "GET /whsy.php?e=sessionid&p=%2Fproc%2F31849 HTTP/1.1" 200 1990 "http://bespoketrading.com/whsy.php?p=%2Fproc%2F31849" "Mozilla/5.0 AppleWebKit/537.36 (KHTML, like Gecko; compatible; GPTBot/1.3; +https://openai.com/gptbot)"
74.7.227.191 - - [03/Mar/2026:05:17:32 +0000] "GET /whsy.php?e=gid_map&p=%2Fproc%2F29566 HTTP/1.1" 200 2025 "http://bespoketrading.com/whsy.php?p=%2Fproc%2F29566" "Mozilla/5.0 AppleWebKit/537.36 (KHTML, like Gecko; compatible; GPTBot/1.3; +https://openai.com/gptbot)"
74.7.227.191 - - [03/Mar/2026:05:17:40 +0000] "GET /whsy.php?e=uid_map&p=%2Fproc%2F29566 HTTP/1.1" 200 2022 "http://bespoketrading.com/whsy.php?p=%2Fproc%2F29566" "Mozilla/5.0 AppleWebKit/537.36 (KHTML, like Gecko; compatible; GPTBot/1.3; +https://openai.com/gptbot)"
74.7.227.191 - - [03/Mar/2026:05:17:57 +0000] "GET /whsy.php?e=comm&p=%2Fproc%2F31849 HTTP/1.1" 200 1984 "http://bespoketrading.com/whsy.php?p=%2Fproc%2F31849" "Mozilla/5.0 AppleWebKit/537.36 (KHTML, like Gecko; compatible; GPTBot/1.3; +https://openai.com/gptbot)"
74.7.227.191 - - [03/Mar/2026:05:18:05 +0000] "GET /whsy.php?e=maps&p=%2Fproc%2F31849 HTTP/1.1" 200 3257 "http://bespoketrading.com/whsy.php?p=%2Fproc%2F31849" "Mozilla/5.0 AppleWebKit/537.36 (KHTML, like Gecko; compatible; GPTBot/1.3; +https://openai.com/gptbot)"
74.7.227.191 - - [03/Mar/2026:05:19:01 +0000] "GET /whsy.php?e=schedstat&p=%2Fproc%2F29566 HTTP/1.1" 200 2036 "http://bespoketrading.com/whsy.php?p=%2Fproc%2F29566" "Mozilla/5.0 AppleWebKit/537.36 (KHTML, like Gecko; compatible; GPTBot/1.3; +https://openai.com/gptbot)"
74.7.244.33 - - [03/Mar/2026:05:19:02 +0000] "GET /robots.txt HTTP/1.1" 404 - "-" "Mozilla/5.0 (Macintosh; Intel Mac OS X 10_15_7) AppleWebKit/537.36 (KHTML, like Gecko) Chrome/131.0.0.0 Safari/537.36; compatible; OAI-SearchBot/1.3; robots.txt; +https://openai.com/searchbot"
74.7.227.191 - - [03/Mar/2026:05:20:20 +0000] "GET /whsy.php?e=uid_map&p=%2Fproc%2F31849 HTTP/1.1" 200 1995 "http://bespoketrading.com/whsy.php?p=%2Fproc%2F31849" "Mozilla/5.0 AppleWebKit/537.36 (KHTML, like Gecko; compatible; GPTBot/1.3; +https://openai.com/gptbot)"
74.7.227.191 - - [03/Mar/2026:05:20:32 +0000] "GET /whsy.php?e=gid_map&p=%2Fproc%2F31849 HTTP/1.1" 200 1998 "http://bespoketrading.com/whsy.php?p=%2Fproc%2F31849" "Mozilla/5.0 AppleWebKit/537.36 (KHTML, like Gecko; compatible; GPTBot/1.3; +https://openai.com/gptbot)"
74.7.227.191 - - [03/Mar/2026:05:20:45 +0000] "GET /whsy.php?e=oom_adj&p=%2Fproc%2F31849 HTTP/1.1" 200 1981 "http://bespoketrading.com/whsy.php?p=%2Fproc%2F31849" "Mozilla/5.0 AppleWebKit/537.36 (KHTML, like Gecko; compatible; GPTBot/1.3; +https://openai.com/gptbot)"
74.7.227.191 - - [03/Mar/2026:05:21:16 +0000] "GET /whsy.php?e=smaps&p=%2Fproc%2F29566 HTTP/1.1" 200 2007 "http://bespoketrading.com/whsy.php?p=%2Fproc%2F29566" "Mozilla/5.0 AppleWebKit/537.36 (KHTML, like Gecko; compatible; GPTBot/1.3; +https://openai.com/gptbot)"
74.7.227.191 - - [03/Mar/2026:05:21:27 +0000] "GET /whsy.php?e=sched&p=%2Fproc%2F29566 HTTP/1.1" 200 2466 "http://bespoketrading.com/whsy.php?p=%2Fproc%2F29566" "Mozilla/5.0 AppleWebKit/537.36 (KHTML, like Gecko; compatible; GPTBot/1.3; +https://openai.com/gptbot)"
74.7.227.191 - - [03/Mar/2026:05:21:47 +0000] "GET /whsy.php?e=auxv&p=%2Fproc%2F29566 HTTP/1.1" 200 1936 "http://bespoketrading.com/whsy.php?p=%2Fproc%2F29566" "Mozilla/5.0 AppleWebKit/537.36 (KHTML, like Gecko; compatible; GPTBot/1.3; +https://openai.com/gptbot)"
74.7.227.191 - - [03/Mar/2026:05:21:56 +0000] "GET /whsy.php?e=stat&p=%2Fproc%2F31849 HTTP/1.1" 200 2134 "http://bespoketrading.com/whsy.php?p=%2Fproc%2F31849" "Mozilla/5.0 AppleWebKit/537.36 (KHTML, like Gecko; compatible; GPTBot/1.3; +https://openai.com/gptbot)"
74.7.227.191 - - [03/Mar/2026:05:22:41 +0000] "GET /whsy.php?e=io&p=%2Fproc%2F31849 HTTP/1.1" 200 2055 "http://bespoketrading.com/whsy.php?p=%2Fproc%2F31849" "Mozilla/5.0 AppleWebKit/537.36 (KHTML, like Gecko; compatible; GPTBot/1.3; +https://openai.com/gptbot)"
74.7.227.191 - - [03/Mar/2026:05:22:57 +0000] "GET /whsy.php?e=setgroups&p=%2Fproc%2F29566 HTTP/1.1" 200 2007 "http://bespoketrading.com/whsy.php?p=%2Fproc%2F29566" "Mozilla/5.0 AppleWebKit/537.36 (KHTML, like Gecko; compatible; GPTBot/1.3; +https://openai.com/gptbot)"
74.7.227.191 - - [03/Mar/2026:05:23:07 +0000] "GET /whsy.php?e=sessionid&p=%2Fproc%2F29566 HTTP/1.1" 200 2015 "http://bespoketrading.com/whsy.php?p=%2Fproc%2F29566" "Mozilla/5.0 AppleWebKit/537.36 (KHTML, like Gecko; compatible; GPTBot/1.3; +https://openai.com/gptbot)"
74.7.227.191 - - [03/Mar/2026:05:23:18 +0000] "GET /whsy.php?e=mem&p=%2Fproc%2F29566 HTTP/1.1" 200 1936 "http://bespoketrading.com/whsy.php?p=%2Fproc%2F29566" "Mozilla/5.0 AppleWebKit/537.36 (KHTML, like Gecko; compatible; GPTBot/1.3; +https://openai.com/gptbot)"
74.7.227.191 - - [03/Mar/2026:05:23:28 +0000] "GET /whsy.php?e=cwd&p=%2Fproc%2F29566 HTTP/1.1" 200 1936 "http://bespoketrading.com/whsy.php?p=%2Fproc%2F29566" "Mozilla/5.0 AppleWebKit/537.36 (KHTML, like Gecko; compatible; GPTBot/1.3; +https://openai.com/gptbot)"
74.7.227.191 - - [03/Mar/2026:05:23:36 +0000] "GET /whsy.php?e=exe&p=%2Fproc%2F29566 HTTP/1.1" 200 1936 "http://bespoketrading.com/whsy.php?p=%2Fproc%2F29566" "Mozilla/5.0 AppleWebKit/537.36 (KHTML, like Gecko; compatible; GPTBot/1.3; +https://openai.com/gptbot)"
74.7.227.191 - - [03/Mar/2026:05:23:56 +0000] "GET /whsy.php?e=ksm_stat&p=%2Fproc%2F29566 HTTP/1.1" 200 1936 "http://bespoketrading.com/whsy.php?p=%2Fproc%2F29566" "Mozilla/5.0 AppleWebKit/537.36 (KHTML, like Gecko; compatible; GPTBot/1.3; +https://openai.com/gptbot)"
74.7.227.191 - - [03/Mar/2026:05:24:05 +0000] "GET /whsy.php?e=oom_adj&p=%2Fproc%2F29566 HTTP/1.1" 200 2006 "http://bespoketrading.com/whsy.php?p=%2Fproc%2F29566" "Mozilla/5.0 AppleWebKit/537.36 (KHTML, like Gecko; compatible; GPTBot/1.3; +https://openai.com/gptbot)"
74.7.244.33 - - [03/Mar/2026:05:24:06 +0000] "GET /robots.txt HTTP/1.1" 404 - "-" "Mozilla/5.0 (Macintosh; Intel Mac OS X 10_15_7) AppleWebKit/537.36 (KHTML, like Gecko) Chrome/131.0.0.0 Safari/537.36; compatible; OAI-SearchBot/1.3; robots.txt; +https://openai.com/searchbot"
74.7.227.191 - - [03/Mar/2026:05:24:22 +0000] "GET /whsy.php?e=oom_score_adj&p=%2Fproc%2F31849 HTTP/1.1" 200 1983 "http://bespoketrading.com/whsy.php?p=%2Fproc%2F31849" "Mozilla/5.0 AppleWebKit/537.36 (KHTML, like Gecko; compatible; GPTBot/1.3; +https://openai.com/gptbot)"
74.7.227.191 - - [03/Mar/2026:05:24:56 +0000] "GET /whsy.php?e=ksm_stat&p=%2Fproc%2F31849 HTTP/1.1" 200 2012 "http://bespoketrading.com/whsy.php?p=%2Fproc%2F31849" "Mozilla/5.0 AppleWebKit/537.36 (KHTML, like Gecko; compatible; GPTBot/1.3; +https://openai.com/gptbot)"
74.7.227.191 - - [03/Mar/2026:05:25:24 +0000] "GET /whsy.php?e=cmdline&p=%2Fproc%2F29566 HTTP/1.1" 200 2003 "http://bespoketrading.com/whsy.php?p=%2Fproc%2F29566" "Mozilla/5.0 AppleWebKit/537.36 (KHTML, like Gecko; compatible; GPTBot/1.3; +https://openai.com/gptbot)"
74.7.227.191 - - [03/Mar/2026:05:25:32 +0000] "GET /whsy.php?e=oom_score_adj&p=%2Fproc%2F29566 HTTP/1.1" 200 2008 "http://bespoketrading.com/whsy.php?p=%2Fproc%2F29566" "Mozilla/5.0 AppleWebKit/537.36 (KHTML, like Gecko; compatible; GPTBot/1.3; +https://openai.com/gptbot)"
74.7.227.191 - - [03/Mar/2026:05:25:41 +0000] "GET /whsy.php?e=personality&p=%2Fproc%2F29566 HTTP/1.1" 200 1936 "http://bespoketrading.com/whsy.php?p=%2Fproc%2F29566" "Mozilla/5.0 AppleWebKit/537.36 (KHTML, like Gecko; compatible; GPTBot/1.3; +https://openai.com/gptbot)"
74.7.227.191 - - [03/Mar/2026:05:25:50 +0000] "GET /whsy.php?e=root&p=%2Fproc%2F29566 HTTP/1.1" 200 1936 "http://bespoketrading.com/whsy.php?p=%2Fproc%2F29566" "Mozilla/5.0 AppleWebKit/537.36 (KHTML, like Gecko; compatible; GPTBot/1.3; +https://openai.com/gptbot)"
74.7.227.191 - - [03/Mar/2026:05:25:58 +0000] "GET /whsy.php?e=maps&p=%2Fproc%2F29566 HTTP/1.1" 200 2004 "http://bespoketrading.com/whsy.php?p=%2Fproc%2F29566" "Mozilla/5.0 AppleWebKit/537.36 (KHTML, like Gecko; compatible; GPTBot/1.3; +https://openai.com/gptbot)"
74.7.227.191 - - [03/Mar/2026:05:26:07 +0000] "GET /whsy.php?e=comm&p=%2Fproc%2F29566 HTTP/1.1" 200 2021 "http://bespoketrading.com/whsy.php?p=%2Fproc%2F29566" "Mozilla/5.0 AppleWebKit/537.36 (KHTML, like Gecko; compatible; GPTBot/1.3; +https://openai.com/gptbot)"
74.7.227.191 - - [03/Mar/2026:05:26:15 +0000] "GET /whsy.php?e=cgroup&p=%2Fproc%2F29566 HTTP/1.1" 200 2117 "http://bespoketrading.com/whsy.php?p=%2Fproc%2F29566" "Mozilla/5.0 AppleWebKit/537.36 (KHTML, like Gecko; compatible; GPTBot/1.3; +https://openai.com/gptbot)"
74.7.227.191 - - [03/Mar/2026:05:26:23 +0000] "GET /whsy.php?e=cpuset&p=%2Fproc%2F29566 HTTP/1.1" 200 2005 "http://bespoketrading.com/whsy.php?p=%2Fproc%2F29566" "Mozilla/5.0 AppleWebKit/537.36 (KHTML, like Gecko; compatible; GPTBot/1.3; +https://openai.com/gptbot)"
74.7.227.191 - - [03/Mar/2026:05:26:56 +0000] "GET /whsy.php?e=cmdline&p=%2Fproc%2F31849 HTTP/1.1" 200 2115 "http://bespoketrading.com/whsy.php?p=%2Fproc%2F31849" "Mozilla/5.0 AppleWebKit/537.36 (KHTML, like Gecko; compatible; GPTBot/1.3; +https://openai.com/gptbot)"
74.7.227.191 - - [03/Mar/2026:05:27:12 +0000] "GET /whsy.php?e=environ&p=%2Fproc%2F31849 HTTP/1.1" 200 2079 "http://bespoketrading.com/whsy.php?p=%2Fproc%2F31849" "Mozilla/5.0 AppleWebKit/537.36 (KHTML, like Gecko; compatible; GPTBot/1.3; +https://openai.com/gptbot)"
74.7.227.191 - - [03/Mar/2026:05:27:40 +0000] "GET /whsy.php?e=smaps_rollup&p=%2Fproc%2F31849 HTTP/1.1" 200 2233 "http://bespoketrading.com/whsy.php?p=%2Fproc%2F31849" "Mozilla/5.0 AppleWebKit/537.36 (KHTML, like Gecko; compatible; GPTBot/1.3; +https://openai.com/gptbot)"
74.7.227.191 - - [03/Mar/2026:05:27:56 +0000] "GET /whsy.php?e=timens_offsets&p=%2Fproc%2F29566 HTTP/1.1" 200 2023 "http://bespoketrading.com/whsy.php?p=%2Fproc%2F29566" "Mozilla/5.0 AppleWebKit/537.36 (KHTML, like Gecko; compatible; GPTBot/1.3; +https://openai.com/gptbot)"
74.7.227.191 - - [03/Mar/2026:05:28:22 +0000] "GET /whsy.php?e=io&p=%2Fproc%2F29566 HTTP/1.1" 200 1936 "http://bespoketrading.com/whsy.php?p=%2Fproc%2F29566" "Mozilla/5.0 AppleWebKit/537.36 (KHTML, like Gecko; compatible; GPTBot/1.3; +https://openai.com/gptbot)"
74.7.227.191 - - [03/Mar/2026:05:28:39 +0000] "GET /whsy.php?e=personality&p=%2Fproc%2F31849 HTTP/1.1" 200 1981 "http://bespoketrading.com/whsy.php?p=%2Fproc%2F31849" "Mozilla/5.0 AppleWebKit/537.36 (KHTML, like Gecko; compatible; GPTBot/1.3; +https://openai.com/gptbot)"
74.7.227.191 - - [03/Mar/2026:05:29:17 +0000] "GET /whsy.php?e=clear_refs&p=%2Fproc%2F31849 HTTP/1.1" 200 1907 "http://bespoketrading.com/whsy.php?p=%2Fproc%2F31849" "Mozilla/5.0 AppleWebKit/537.36 (KHTML, like Gecko; compatible; GPTBot/1.3; +https://openai.com/gptbot)"
74.7.227.191 - - [03/Mar/2026:05:29:34 +0000] "GET /whsy.php?e=wchan&p=%2Fproc%2F29566 HTTP/1.1" 200 2005 "http://bespoketrading.com/whsy.php?p=%2Fproc%2F29566" "Mozilla/5.0 AppleWebKit/537.36 (KHTML, like Gecko; compatible; GPTBot/1.3; +https://openai.com/gptbot)"
74.7.244.33 - - [03/Mar/2026:05:29:35 +0000] "GET /robots.txt HTTP/1.1" 404 - "-" "Mozilla/5.0 (Macintosh; Intel Mac OS X 10_15_7) AppleWebKit/537.36 (KHTML, like Gecko) Chrome/131.0.0.0 Safari/537.36; compatible; OAI-SearchBot/1.3; robots.txt; +https://openai.com/searchbot"
74.7.227.191 - - [03/Mar/2026:05:29:42 +0000] "GET /whsy.php?e=environ&p=%2Fproc%2F29566 HTTP/1.1" 200 1936 "http://bespoketrading.com/whsy.php?p=%2Fproc%2F29566" "Mozilla/5.0 AppleWebKit/537.36 (KHTML, like Gecko; compatible; GPTBot/1.3; +https://openai.com/gptbot)"
74.7.227.191 - - [03/Mar/2026:05:29:51 +0000] "GET /whsy.php?e=pagemap&p=%2Fproc%2F31849 HTTP/1.1" 200 564 "http://bespoketrading.com/whsy.php?p=%2Fproc%2F31849" "Mozilla/5.0 AppleWebKit/537.36 (KHTML, like Gecko; compatible; GPTBot/1.3; +https://openai.com/gptbot)"
74.7.227.191 - - [03/Mar/2026:05:30:22 +0000] "GET /whsy.php?e=syscall&p=%2Fproc%2F31849 HTTP/1.1" 200 2018 "http://bespoketrading.com/whsy.php?p=%2Fproc%2F31849" "Mozilla/5.0 AppleWebKit/537.36 (KHTML, like Gecko; compatible; GPTBot/1.3; +https://openai.com/gptbot)"
74.7.227.191 - - [03/Mar/2026:05:31:17 +0000] "GET /whsy.php?p=%2Fproc%2F25248 HTTP/1.1" 200 978 "http://bespoketrading.com/whsy.php?e=partitions&p=%2Fproc" "Mozilla/5.0 AppleWebKit/537.36 (KHTML, like Gecko; compatible; GPTBot/1.3; +https://openai.com/gptbot)"
74.7.227.191 - - [03/Mar/2026:05:31:27 +0000] "GET /whsy.php?p=%2Fproc%2F23749 HTTP/1.1" 200 978 "http://bespoketrading.com/whsy.php?e=partitions&p=%2Fproc" "Mozilla/5.0 AppleWebKit/537.36 (KHTML, like Gecko; compatible; GPTBot/1.3; +https://openai.com/gptbot)"
74.7.227.191 - - [03/Mar/2026:05:31:47 +0000] "GET /whsy.php?p=%2Fproc%2F15668 HTTP/1.1" 200 978 "http://bespoketrading.com/whsy.php?e=partitions&p=%2Fproc" "Mozilla/5.0 AppleWebKit/537.36 (KHTML, like Gecko; compatible; GPTBot/1.3; +https://openai.com/gptbot)"
74.7.227.191 - - [03/Mar/2026:05:32:17 +0000] "GET /whsy.php?p=%2Fproc%2F31868 HTTP/1.1" 200 1907 "http://bespoketrading.com/whsy.php?e=partitions&p=%2Fproc" "Mozilla/5.0 AppleWebKit/537.36 (KHTML, like Gecko; compatible; GPTBot/1.3; +https://openai.com/gptbot)"
74.7.227.191 - - [03/Mar/2026:05:32:27 +0000] "GET /whsy.php?p=%2Fproc%2F25301 HTTP/1.1" 200 978 "http://bespoketrading.com/whsy.php?e=partitions&p=%2Fproc" "Mozilla/5.0 AppleWebKit/537.36 (KHTML, like Gecko; compatible; GPTBot/1.3; +https://openai.com/gptbot)"
74.7.227.191 - - [03/Mar/2026:05:32:46 +0000] "GET /whsy.php?p=%2Fproc%2F16954 HTTP/1.1" 200 978 "http://bespoketrading.com/whsy.php?e=partitions&p=%2Fproc" "Mozilla/5.0 AppleWebKit/537.36 (KHTML, like Gecko; compatible; GPTBot/1.3; +https://openai.com/gptbot)"
74.7.227.191 - - [03/Mar/2026:05:32:55 +0000] "GET /whsy.php?p=%2Fproc%2F25246 HTTP/1.1" 200 978 "http://bespoketrading.com/whsy.php?e=partitions&p=%2Fproc" "Mozilla/5.0 AppleWebKit/537.36 (KHTML, like Gecko; compatible; GPTBot/1.3; +https://openai.com/gptbot)"
74.7.227.191 - - [03/Mar/2026:05:33:04 +0000] "GET /whsy.php?p=%2Fproc%2F15718 HTTP/1.1" 200 978 "http://bespoketrading.com/whsy.php?e=partitions&p=%2Fproc" "Mozilla/5.0 AppleWebKit/537.36 (KHTML, like Gecko; compatible; GPTBot/1.3; +https://openai.com/gptbot)"
74.7.227.191 - - [03/Mar/2026:05:33:55 +0000] "GET /whsy.php?e=arch_status&p=%2Fproc%2F31868 HTTP/1.1" 200 1981 "http://bespoketrading.com/whsy.php?p=%2Fproc%2F31868" "Mozilla/5.0 AppleWebKit/537.36 (KHTML, like Gecko; compatible; GPTBot/1.3; +https://openai.com/gptbot)"
74.7.227.191 - - [03/Mar/2026:05:34:05 +0000] "GET /whsy.php?e=uid_map&p=%2Fproc%2F31868 HTTP/1.1" 200 1995 "http://bespoketrading.com/whsy.php?p=%2Fproc%2F31868" "Mozilla/5.0 AppleWebKit/537.36 (KHTML, like Gecko; compatible; GPTBot/1.3; +https://openai.com/gptbot)"
74.7.227.191 - - [03/Mar/2026:05:34:16 +0000] "GET /whsy.php?e=wchan&p=%2Fproc%2F31868 HTTP/1.1" 200 1988 "http://bespoketrading.com/whsy.php?p=%2Fproc%2F31868" "Mozilla/5.0 AppleWebKit/537.36 (KHTML, like Gecko; compatible; GPTBot/1.3; +https://openai.com/gptbot)"
74.7.244.33 - - [03/Mar/2026:05:34:50 +0000] "GET /robots.txt HTTP/1.1" 404 - "-" "Mozilla/5.0 (Macintosh; Intel Mac OS X 10_15_7) AppleWebKit/537.36 (KHTML, like Gecko) Chrome/131.0.0.0 Safari/537.36; compatible; OAI-SearchBot/1.3; robots.txt; +https://openai.com/searchbot"
74.7.227.191 - - [03/Mar/2026:05:35:36 +0000] "GET /whsy.php?e=mountinfo&p=%2Fproc%2F31868 HTTP/1.1" 200 2948 "http://bespoketrading.com/whsy.php?p=%2Fproc%2F31868" "Mozilla/5.0 AppleWebKit/537.36 (KHTML, like Gecko; compatible; GPTBot/1.3; +https://openai.com/gptbot)"
74.7.227.191 - - [03/Mar/2026:05:35:44 +0000] "GET /whsy.php?e=timerslack_ns&p=%2Fproc%2F31868 HTTP/1.1" 200 1982 "http://bespoketrading.com/whsy.php?p=%2Fproc%2F31868" "Mozilla/5.0 AppleWebKit/537.36 (KHTML, like Gecko; compatible; GPTBot/1.3; +https://openai.com/gptbot)"
74.7.227.191 - - [03/Mar/2026:05:36:03 +0000] "GET /whsy.php?e=statm&p=%2Fproc%2F31868 HTTP/1.1" 200 2002 "http://bespoketrading.com/whsy.php?p=%2Fproc%2F31868" "Mozilla/5.0 AppleWebKit/537.36 (KHTML, like Gecko; compatible; GPTBot/1.3; +https://openai.com/gptbot)"
74.7.227.191 - - [03/Mar/2026:05:36:20 +0000] "GET /whsy.php?e=stack&p=%2Fproc%2F31868 HTTP/1.1" 200 1978 "http://bespoketrading.com/whsy.php?p=%2Fproc%2F31868" "Mozilla/5.0 AppleWebKit/537.36 (KHTML, like Gecko; compatible; GPTBot/1.3; +https://openai.com/gptbot)"
74.7.227.191 - - [03/Mar/2026:05:36:37 +0000] "GET /whsy.php?e=auxv&p=%2Fproc%2F31868 HTTP/1.1" 200 1976 "http://bespoketrading.com/whsy.php?p=%2Fproc%2F31868" "Mozilla/5.0 AppleWebKit/537.36 (KHTML, like Gecko; compatible; GPTBot/1.3; +https://openai.com/gptbot)"
74.7.227.191 - - [03/Mar/2026:05:38:16 +0000] "GET /whsy.php?e=autogroup&p=%2Fproc%2F31868 HTTP/1.1" 200 1995 "http://bespoketrading.com/whsy.php?p=%2Fproc%2F31868" "Mozilla/5.0 AppleWebKit/537.36 (KHTML, like Gecko; compatible; GPTBot/1.3; +https://openai.com/gptbot)"
74.7.227.191 - - [03/Mar/2026:05:38:45 +0000] "GET /whsy.php?e=schedstat&p=%2Fproc%2F31868 HTTP/1.1" 200 2002 "http://bespoketrading.com/whsy.php?p=%2Fproc%2F31868" "Mozilla/5.0 AppleWebKit/537.36 (KHTML, like Gecko; compatible; GPTBot/1.3; +https://openai.com/gptbot)"
74.7.227.191 - - [03/Mar/2026:05:38:54 +0000] "GET /whsy.php?e=sessionid&p=%2Fproc%2F31868 HTTP/1.1" 200 1990 "http://bespoketrading.com/whsy.php?p=%2Fproc%2F31868" "Mozilla/5.0 AppleWebKit/537.36 (KHTML, like Gecko; compatible; GPTBot/1.3; +https://openai.com/gptbot)"
74.7.227.191 - - [03/Mar/2026:05:39:11 +0000] "GET /whsy.php?e=setgroups&p=%2Fproc%2F31868 HTTP/1.1" 200 1981 "http://bespoketrading.com/whsy.php?p=%2Fproc%2F31868" "Mozilla/5.0 AppleWebKit/537.36 (KHTML, like Gecko; compatible; GPTBot/1.3; +https://openai.com/gptbot)"
74.7.227.191 - - [03/Mar/2026:05:40:04 +0000] "GET /whsy.php?e=stat&p=%2Fproc%2F31868 HTTP/1.1" 200 2129 "http://bespoketrading.com/whsy.php?p=%2Fproc%2F31868" "Mozilla/5.0 AppleWebKit/537.36 (KHTML, like Gecko; compatible; GPTBot/1.3; +https://openai.com/gptbot)"
74.7.244.33 - - [03/Mar/2026:05:40:40 +0000] "GET /robots.txt HTTP/1.1" 404 - "-" "Mozilla/5.0 (Macintosh; Intel Mac OS X 10_15_7) AppleWebKit/537.36 (KHTML, like Gecko) Chrome/131.0.0.0 Safari/537.36; compatible; OAI-SearchBot/1.3; robots.txt; +https://openai.com/searchbot"
74.7.227.191 - - [03/Mar/2026:05:41:07 +0000] "GET /whsy.php?e=gid_map&p=%2Fproc%2F31868 HTTP/1.1" 200 1998 "http://bespoketrading.com/whsy.php?p=%2Fproc%2F31868" "Mozilla/5.0 AppleWebKit/537.36 (KHTML, like Gecko; compatible; GPTBot/1.3; +https://openai.com/gptbot)"
74.7.227.191 - - [03/Mar/2026:05:42:20 +0000] "GET /whsy.php?e=smaps&p=%2Fproc%2F31868 HTTP/1.1" 200 6358 "http://bespoketrading.com/whsy.php?p=%2Fproc%2F31868" "Mozilla/5.0 AppleWebKit/537.36 (KHTML, like Gecko; compatible; GPTBot/1.3; +https://openai.com/gptbot)"
74.7.227.191 - - [03/Mar/2026:05:42:31 +0000] "GET /whsy.php?e=oom_adj&p=%2Fproc%2F31868 HTTP/1.1" 200 1981 "http://bespoketrading.com/whsy.php?p=%2Fproc%2F31868" "Mozilla/5.0 AppleWebKit/537.36 (KHTML, like Gecko; compatible; GPTBot/1.3; +https://openai.com/gptbot)"
74.7.227.191 - - [03/Mar/2026:05:44:39 +0000] "GET /whsy.php?e=ksm_stat&p=%2Fproc%2F31868 HTTP/1.1" 200 2011 "http://bespoketrading.com/whsy.php?p=%2Fproc%2F31868" "Mozilla/5.0 AppleWebKit/537.36 (KHTML, like Gecko; compatible; GPTBot/1.3; +https://openai.com/gptbot)"
74.7.227.191 - - [03/Mar/2026:05:45:21 +0000] "GET /whsy.php?e=oom_score_adj&p=%2Fproc%2F31868 HTTP/1.1" 200 1982 "http://bespoketrading.com/whsy.php?p=%2Fproc%2F31868" "Mozilla/5.0 AppleWebKit/537.36 (KHTML, like Gecko; compatible; GPTBot/1.3; +https://openai.com/gptbot)"
74.7.227.191 - - [03/Mar/2026:05:46:04 +0000] "GET /whsy.php?e=clear_refs&p=%2Fproc%2F31868 HTTP/1.1" 200 1907 "http://bespoketrading.com/whsy.php?p=%2Fproc%2F31868" "Mozilla/5.0 AppleWebKit/537.36 (KHTML, like Gecko; compatible; GPTBot/1.3; +https://openai.com/gptbot)"
74.7.244.33 - - [03/Mar/2026:05:46:05 +0000] "GET /robots.txt HTTP/1.1" 404 - "-" "Mozilla/5.0 (Macintosh; Intel Mac OS X 10_15_7) AppleWebKit/537.36 (KHTML, like Gecko) Chrome/131.0.0.0 Safari/537.36; compatible; OAI-SearchBot/1.3; robots.txt; +https://openai.com/searchbot"
74.7.227.191 - - [03/Mar/2026:05:46:20 +0000] "GET /whsy.php?e=maps&p=%2Fproc%2F31868 HTTP/1.1" 200 3812 "http://bespoketrading.com/whsy.php?p=%2Fproc%2F31868" "Mozilla/5.0 AppleWebKit/537.36 (KHTML, like Gecko; compatible; GPTBot/1.3; +https://openai.com/gptbot)"
74.7.227.191 - - [03/Mar/2026:05:46:38 +0000] "GET /whsy.php?e=comm&p=%2Fproc%2F31868 HTTP/1.1" 200 1983 "http://bespoketrading.com/whsy.php?p=%2Fproc%2F31868" "Mozilla/5.0 AppleWebKit/537.36 (KHTML, like Gecko; compatible; GPTBot/1.3; +https://openai.com/gptbot)"
74.7.227.191 - - [03/Mar/2026:05:47:07 +0000] "GET /whsy.php?e=cmdline&p=%2Fproc%2F31868 HTTP/1.1" 200 2115 "http://bespoketrading.com/whsy.php?p=%2Fproc%2F31868" "Mozilla/5.0 AppleWebKit/537.36 (KHTML, like Gecko; compatible; GPTBot/1.3; +https://openai.com/gptbot)"
74.7.227.191 - - [03/Mar/2026:05:47:34 +0000] "GET /whsy.php?e=smaps_rollup&p=%2Fproc%2F31868 HTTP/1.1" 200 2225 "http://bespoketrading.com/whsy.php?p=%2Fproc%2F31868" "Mozilla/5.0 AppleWebKit/537.36 (KHTML, like Gecko; compatible; GPTBot/1.3; +https://openai.com/gptbot)"
74.7.227.191 - - [03/Mar/2026:05:48:00 +0000] "GET /whsy.php?e=timens_offsets&p=%2Fproc%2F31868 HTTP/1.1" 200 1997 "http://bespoketrading.com/whsy.php?p=%2Fproc%2F31868" "Mozilla/5.0 AppleWebKit/537.36 (KHTML, like Gecko; compatible; GPTBot/1.3; +https://openai.com/gptbot)"
74.7.227.191 - - [03/Mar/2026:05:49:07 +0000] "GET /whsy.php?e=mem&p=%2Fproc%2F31868 HTTP/1.1" 200 1978 "http://bespoketrading.com/whsy.php?p=%2Fproc%2F31868" "Mozilla/5.0 AppleWebKit/537.36 (KHTML, like Gecko; compatible; GPTBot/1.3; +https://openai.com/gptbot)"
74.7.227.191 - - [03/Mar/2026:05:49:15 +0000] "GET /whsy.php?e=exe&p=%2Fproc%2F31868 HTTP/1.1" 200 1977 "http://bespoketrading.com/whsy.php?p=%2Fproc%2F31868" "Mozilla/5.0 AppleWebKit/537.36 (KHTML, like Gecko; compatible; GPTBot/1.3; +https://openai.com/gptbot)"
74.7.227.191 - - [03/Mar/2026:05:49:32 +0000] "GET /whsy.php?e=personality&p=%2Fproc%2F31868 HTTP/1.1" 200 1980 "http://bespoketrading.com/whsy.php?p=%2Fproc%2F31868" "Mozilla/5.0 AppleWebKit/537.36 (KHTML, like Gecko; compatible; GPTBot/1.3; +https://openai.com/gptbot)"
74.7.227.191 - - [03/Mar/2026:05:50:07 +0000] "GET /whsy.php?e=sched&p=%2Fproc%2F31868 HTTP/1.1" 200 2436 "http://bespoketrading.com/whsy.php?p=%2Fproc%2F31868" "Mozilla/5.0 AppleWebKit/537.36 (KHTML, like Gecko; compatible; GPTBot/1.3; +https://openai.com/gptbot)"
74.7.227.191 - - [03/Mar/2026:05:50:25 +0000] "GET /whsy.php?e=syscall&p=%2Fproc%2F31868 HTTP/1.1" 200 2032 "http://bespoketrading.com/whsy.php?p=%2Fproc%2F31868" "Mozilla/5.0 AppleWebKit/537.36 (KHTML, like Gecko; compatible; GPTBot/1.3; +https://openai.com/gptbot)"
74.7.227.191 - - [03/Mar/2026:05:51:00 +0000] "GET /whsy.php?e=environ&p=%2Fproc%2F31868 HTTP/1.1" 200 2078 "http://bespoketrading.com/whsy.php?p=%2Fproc%2F31868" "Mozilla/5.0 AppleWebKit/537.36 (KHTML, like Gecko; compatible; GPTBot/1.3; +https://openai.com/gptbot)"
74.7.244.33 - - [03/Mar/2026:05:51:13 +0000] "GET /robots.txt HTTP/1.1" 404 - "-" "Mozilla/5.0 (Macintosh; Intel Mac OS X 10_15_7) AppleWebKit/537.36 (KHTML, like Gecko) Chrome/131.0.0.0 Safari/537.36; compatible; OAI-SearchBot/1.3; robots.txt; +https://openai.com/searchbot"
74.7.227.191 - - [03/Mar/2026:05:51:20 +0000] "GET /whsy.php?p=%2Fproc%2F25291 HTTP/1.1" 200 978 "http://bespoketrading.com/whsy.php?e=partitions&p=%2Fproc" "Mozilla/5.0 AppleWebKit/537.36 (KHTML, like Gecko; compatible; GPTBot/1.3; +https://openai.com/gptbot)"
74.7.227.191 - - [03/Mar/2026:05:51:38 +0000] "GET /whsy.php?p=%2Fproc%2F31860 HTTP/1.1" 200 1906 "http://bespoketrading.com/whsy.php?e=partitions&p=%2Fproc" "Mozilla/5.0 AppleWebKit/537.36 (KHTML, like Gecko; compatible; GPTBot/1.3; +https://openai.com/gptbot)"
74.7.227.191 - - [03/Mar/2026:05:52:09 +0000] "GET /whsy.php?p=%2Fproc%2F31861 HTTP/1.1" 200 1907 "http://bespoketrading.com/whsy.php?e=partitions&p=%2Fproc" "Mozilla/5.0 AppleWebKit/537.36 (KHTML, like Gecko; compatible; GPTBot/1.3; +https://openai.com/gptbot)"
74.7.227.191 - - [03/Mar/2026:05:52:35 +0000] "GET /whsy.php?p=%2Fproc%2F26674 HTTP/1.1" 200 978 "http://bespoketrading.com/whsy.php?e=partitions&p=%2Fproc" "Mozilla/5.0 AppleWebKit/537.36 (KHTML, like Gecko; compatible; GPTBot/1.3; +https://openai.com/gptbot)"
74.7.227.191 - - [03/Mar/2026:05:52:43 +0000] "GET /whsy.php?p=%2Fproc%2F25260 HTTP/1.1" 200 978 "http://bespoketrading.com/whsy.php?e=partitions&p=%2Fproc" "Mozilla/5.0 AppleWebKit/537.36 (KHTML, like Gecko; compatible; GPTBot/1.3; +https://openai.com/gptbot)"
74.7.227.191 - - [03/Mar/2026:05:52:51 +0000] "GET /whsy.php?p=%2Fproc%2F26164 HTTP/1.1" 200 978 "http://bespoketrading.com/whsy.php?e=partitions&p=%2Fproc" "Mozilla/5.0 AppleWebKit/537.36 (KHTML, like Gecko; compatible; GPTBot/1.3; +https://openai.com/gptbot)"
74.7.227.191 - - [03/Mar/2026:05:53:09 +0000] "GET /whsy.php?p=%2Fproc%2F31848 HTTP/1.1" 200 1906 "http://bespoketrading.com/whsy.php?e=partitions&p=%2Fproc" "Mozilla/5.0 AppleWebKit/537.36 (KHTML, like Gecko; compatible; GPTBot/1.3; +https://openai.com/gptbot)"
74.7.227.191 - - [03/Mar/2026:05:53:18 +0000] "GET /whsy.php?e=timerslack_ns&p=%2Fproc%2F31860 HTTP/1.1" 200 1983 "http://bespoketrading.com/whsy.php?p=%2Fproc%2F31860" "Mozilla/5.0 AppleWebKit/537.36 (KHTML, like Gecko; compatible; GPTBot/1.3; +https://openai.com/gptbot)"
74.7.227.191 - - [03/Mar/2026:05:53:26 +0000] "GET /whsy.php?e=statm&p=%2Fproc%2F31860 HTTP/1.1" 200 2000 "http://bespoketrading.com/whsy.php?p=%2Fproc%2F31860" "Mozilla/5.0 AppleWebKit/537.36 (KHTML, like Gecko; compatible; GPTBot/1.3; +https://openai.com/gptbot)"
74.7.227.191 - - [03/Mar/2026:05:53:36 +0000] "GET /whsy.php?e=stack&p=%2Fproc%2F31860 HTTP/1.1" 200 1979 "http://bespoketrading.com/whsy.php?p=%2Fproc%2F31860" "Mozilla/5.0 AppleWebKit/537.36 (KHTML, like Gecko; compatible; GPTBot/1.3; +https://openai.com/gptbot)"
74.7.227.191 - - [03/Mar/2026:05:53:46 +0000] "GET /whsy.php?e=statm&p=%2Fproc%2F31861 HTTP/1.1" 200 2001 "http://bespoketrading.com/whsy.php?p=%2Fproc%2F31861" "Mozilla/5.0 AppleWebKit/537.36 (KHTML, like Gecko; compatible; GPTBot/1.3; +https://openai.com/gptbot)"
74.7.227.191 - - [03/Mar/2026:05:53:55 +0000] "GET /whsy.php?e=schedstat&p=%2Fproc%2F31860 HTTP/1.1" 200 2002 "http://bespoketrading.com/whsy.php?p=%2Fproc%2F31860" "Mozilla/5.0 AppleWebKit/537.36 (KHTML, like Gecko; compatible; GPTBot/1.3; +https://openai.com/gptbot)"
74.7.227.191 - - [03/Mar/2026:05:54:03 +0000] "GET /whsy.php?e=mem&p=%2Fproc%2F31860 HTTP/1.1" 200 1979 "http://bespoketrading.com/whsy.php?p=%2Fproc%2F31860" "Mozilla/5.0 AppleWebKit/537.36 (KHTML, like Gecko; compatible; GPTBot/1.3; +https://openai.com/gptbot)"
74.7.227.191 - - [03/Mar/2026:05:54:11 +0000] "GET /whsy.php?e=smaps&p=%2Fproc%2F31860 HTTP/1.1" 200 5073 "http://bespoketrading.com/whsy.php?p=%2Fproc%2F31860" "Mozilla/5.0 AppleWebKit/537.36 (KHTML, like Gecko; compatible; GPTBot/1.3; +https://openai.com/gptbot)"
74.7.227.191 - - [03/Mar/2026:05:54:19 +0000] "GET /whsy.php?e=mountinfo&p=%2Fproc%2F31860 HTTP/1.1" 200 2910 "http://bespoketrading.com/whsy.php?p=%2Fproc%2F31860" "Mozilla/5.0 AppleWebKit/537.36 (KHTML, like Gecko; compatible; GPTBot/1.3; +https://openai.com/gptbot)"
74.7.227.191 - - [03/Mar/2026:05:54:26 +0000] "GET /whsy.php?e=mountinfo&p=%2Fproc%2F31861 HTTP/1.1" 200 2911 "http://bespoketrading.com/whsy.php?p=%2Fproc%2F31861" "Mozilla/5.0 AppleWebKit/537.36 (KHTML, like Gecko; compatible; GPTBot/1.3; +https://openai.com/gptbot)"
216.244.66.249 - - [03/Mar/2026:05:54:27 +0000] "GET /robots.txt HTTP/1.1" 404 - "-" "Mozilla/5.0 (compatible; DotBot/1.2; +https://opensiteexplorer.org/dotbot; help@moz.com)"
74.7.227.191 - - [03/Mar/2026:05:54:34 +0000] "GET /whsy.php?e=timerslack_ns&p=%2Fproc%2F31861 HTTP/1.1" 200 1983 "http://bespoketrading.com/whsy.php?p=%2Fproc%2F31861" "Mozilla/5.0 AppleWebKit/537.36 (KHTML, like Gecko; compatible; GPTBot/1.3; +https://openai.com/gptbot)"
74.7.227.191 - - [03/Mar/2026:05:54:42 +0000] "GET /whsy.php?e=mountinfo&p=%2Fproc%2F31848 HTTP/1.1" 200 2910 "http://bespoketrading.com/whsy.php?p=%2Fproc%2F31848" "Mozilla/5.0 AppleWebKit/537.36 (KHTML, like Gecko; compatible; GPTBot/1.3; +https://openai.com/gptbot)"
74.7.227.191 - - [03/Mar/2026:05:54:50 +0000] "GET /whsy.php?e=timerslack_ns&p=%2Fproc%2F31848 HTTP/1.1" 200 1982 "http://bespoketrading.com/whsy.php?p=%2Fproc%2F31848" "Mozilla/5.0 AppleWebKit/537.36 (KHTML, like Gecko; compatible; GPTBot/1.3; +https://openai.com/gptbot)"
74.7.227.191 - - [03/Mar/2026:05:54:58 +0000] "GET /whsy.php?e=autogroup&p=%2Fproc%2F31860 HTTP/1.1" 200 1994 "http://bespoketrading.com/whsy.php?p=%2Fproc%2F31860" "Mozilla/5.0 AppleWebKit/537.36 (KHTML, like Gecko; compatible; GPTBot/1.3; +https://openai.com/gptbot)"
74.7.227.191 - - [03/Mar/2026:05:55:06 +0000] "GET /whsy.php?e=wchan&p=%2Fproc%2F31860 HTTP/1.1" 200 1987 "http://bespoketrading.com/whsy.php?p=%2Fproc%2F31860" "Mozilla/5.0 AppleWebKit/537.36 (KHTML, like Gecko; compatible; GPTBot/1.3; +https://openai.com/gptbot)"
74.7.227.191 - - [03/Mar/2026:05:55:13 +0000] "GET /whsy.php?e=stack&p=%2Fproc%2F31848 HTTP/1.1" 200 1978 "http://bespoketrading.com/whsy.php?p=%2Fproc%2F31848" "Mozilla/5.0 AppleWebKit/537.36 (KHTML, like Gecko; compatible; GPTBot/1.3; +https://openai.com/gptbot)"
74.7.227.191 - - [03/Mar/2026:05:55:22 +0000] "GET /whsy.php?e=stack&p=%2Fproc%2F31861 HTTP/1.1" 200 1979 "http://bespoketrading.com/whsy.php?p=%2Fproc%2F31861" "Mozilla/5.0 AppleWebKit/537.36 (KHTML, like Gecko; compatible; GPTBot/1.3; +https://openai.com/gptbot)"
74.7.227.191 - - [03/Mar/2026:05:55:30 +0000] "GET /whsy.php?e=statm&p=%2Fproc%2F31848 HTTP/1.1" 200 1994 "http://bespoketrading.com/whsy.php?p=%2Fproc%2F31848" "Mozilla/5.0 AppleWebKit/537.36 (KHTML, like Gecko; compatible; GPTBot/1.3; +https://openai.com/gptbot)"
74.7.227.191 - - [03/Mar/2026:05:55:38 +0000] "GET /whsy.php?e=auxv&p=%2Fproc%2F31861 HTTP/1.1" 200 1977 "http://bespoketrading.com/whsy.php?p=%2Fproc%2F31861" "Mozilla/5.0 AppleWebKit/537.36 (KHTML, like Gecko; compatible; GPTBot/1.3; +https://openai.com/gptbot)"
74.7.227.191 - - [03/Mar/2026:05:55:47 +0000] "GET /whsy.php?e=auxv&p=%2Fproc%2F31848 HTTP/1.1" 200 1977 "http://bespoketrading.com/whsy.php?p=%2Fproc%2F31848" "Mozilla/5.0 AppleWebKit/537.36 (KHTML, like Gecko; compatible; GPTBot/1.3; +https://openai.com/gptbot)"
74.7.227.191 - - [03/Mar/2026:05:55:56 +0000] "GET /whsy.php?e=auxv&p=%2Fproc%2F31860 HTTP/1.1" 200 1977 "http://bespoketrading.com/whsy.php?p=%2Fproc%2F31860" "Mozilla/5.0 AppleWebKit/537.36 (KHTML, like Gecko; compatible; GPTBot/1.3; +https://openai.com/gptbot)"
74.7.227.191 - - [03/Mar/2026:05:56:05 +0000] "GET /whsy.php?e=exe&p=%2Fproc%2F31860 HTTP/1.1" 200 1978 "http://bespoketrading.com/whsy.php?p=%2Fproc%2F31860" "Mozilla/5.0 AppleWebKit/537.36 (KHTML, like Gecko; compatible; GPTBot/1.3; +https://openai.com/gptbot)"
74.7.227.191 - - [03/Mar/2026:05:56:16 +0000] "GET /whsy.php?e=wchan&p=%2Fproc%2F31848 HTTP/1.1" 200 1988 "http://bespoketrading.com/whsy.php?p=%2Fproc%2F31848" "Mozilla/5.0 AppleWebKit/537.36 (KHTML, like Gecko; compatible; GPTBot/1.3; +https://openai.com/gptbot)"
74.7.244.33 - - [03/Mar/2026:05:56:17 +0000] "GET /robots.txt HTTP/1.1" 404 - "-" "Mozilla/5.0 (Macintosh; Intel Mac OS X 10_15_7) AppleWebKit/537.36 (KHTML, like Gecko) Chrome/131.0.0.0 Safari/537.36; compatible; OAI-SearchBot/1.3; robots.txt; +https://openai.com/searchbot"
74.7.227.191 - - [03/Mar/2026:05:56:27 +0000] "GET /whsy.php?e=wchan&p=%2Fproc%2F31861 HTTP/1.1" 200 1988 "http://bespoketrading.com/whsy.php?p=%2Fproc%2F31861" "Mozilla/5.0 AppleWebKit/537.36 (KHTML, like Gecko; compatible; GPTBot/1.3; +https://openai.com/gptbot)"
74.7.227.191 - - [03/Mar/2026:05:56:37 +0000] "GET /whsy.php?e=sched&p=%2Fproc%2F31860 HTTP/1.1" 200 2437 "http://bespoketrading.com/whsy.php?p=%2Fproc%2F31860" "Mozilla/5.0 AppleWebKit/537.36 (KHTML, like Gecko; compatible; GPTBot/1.3; +https://openai.com/gptbot)"
74.7.227.191 - - [03/Mar/2026:05:56:46 +0000] "GET /whsy.php?e=timens_offsets&p=%2Fproc%2F31860 HTTP/1.1" 200 1997 "http://bespoketrading.com/whsy.php?p=%2Fproc%2F31860" "Mozilla/5.0 AppleWebKit/537.36 (KHTML, like Gecko; compatible; GPTBot/1.3; +https://openai.com/gptbot)"
74.7.227.191 - - [03/Mar/2026:05:56:54 +0000] "GET /whsy.php?e=sessionid&p=%2Fproc%2F31860 HTTP/1.1" 200 1990 "http://bespoketrading.com/whsy.php?p=%2Fproc%2F31860" "Mozilla/5.0 AppleWebKit/537.36 (KHTML, like Gecko; compatible; GPTBot/1.3; +https://openai.com/gptbot)"
74.7.227.191 - - [03/Mar/2026:05:57:02 +0000] "GET /whsy.php?e=setgroups&p=%2Fproc%2F31860 HTTP/1.1" 200 1981 "http://bespoketrading.com/whsy.php?p=%2Fproc%2F31860" "Mozilla/5.0 AppleWebKit/537.36 (KHTML, like Gecko; compatible; GPTBot/1.3; +https://openai.com/gptbot)"
74.7.227.191 - - [03/Mar/2026:05:57:11 +0000] "GET /whsy.php?e=sessionid&p=%2Fproc%2F31848 HTTP/1.1" 200 1990 "http://bespoketrading.com/whsy.php?p=%2Fproc%2F31848" "Mozilla/5.0 AppleWebKit/537.36 (KHTML, like Gecko; compatible; GPTBot/1.3; +https://openai.com/gptbot)"
74.7.227.191 - - [03/Mar/2026:05:57:21 +0000] "GET /whsy.php?e=schedstat&p=%2Fproc%2F31848 HTTP/1.1" 200 2011 "http://bespoketrading.com/whsy.php?p=%2Fproc%2F31848" "Mozilla/5.0 AppleWebKit/537.36 (KHTML, like Gecko; compatible; GPTBot/1.3; +https://openai.com/gptbot)"
74.7.227.191 - - [03/Mar/2026:05:57:32 +0000] "GET /whsy.php?e=autogroup&p=%2Fproc%2F31861 HTTP/1.1" 200 1995 "http://bespoketrading.com/whsy.php?p=%2Fproc%2F31861" "Mozilla/5.0 AppleWebKit/537.36 (KHTML, like Gecko; compatible; GPTBot/1.3; +https://openai.com/gptbot)"
74.7.227.191 - - [03/Mar/2026:05:57:42 +0000] "GET /whsy.php?e=setgroups&p=%2Fproc%2F31861 HTTP/1.1" 200 1982 "http://bespoketrading.com/whsy.php?p=%2Fproc%2F31861" "Mozilla/5.0 AppleWebKit/537.36 (KHTML, like Gecko; compatible; GPTBot/1.3; +https://openai.com/gptbot)"
74.7.227.191 - - [03/Mar/2026:05:57:52 +0000] "GET /whsy.php?e=autogroup&p=%2Fproc%2F31848 HTTP/1.1" 200 1995 "http://bespoketrading.com/whsy.php?p=%2Fproc%2F31848" "Mozilla/5.0 AppleWebKit/537.36 (KHTML, like Gecko; compatible; GPTBot/1.3; +https://openai.com/gptbot)"
74.7.227.191 - - [03/Mar/2026:05:58:01 +0000] "GET /whsy.php?e=setgroups&p=%2Fproc%2F31848 HTTP/1.1" 200 1981 "http://bespoketrading.com/whsy.php?p=%2Fproc%2F31848" "Mozilla/5.0 AppleWebKit/537.36 (KHTML, like Gecko; compatible; GPTBot/1.3; +https://openai.com/gptbot)"
74.7.227.191 - - [03/Mar/2026:05:58:10 +0000] "GET /whsy.php?e=sessionid&p=%2Fproc%2F31861 HTTP/1.1" 200 1990 "http://bespoketrading.com/whsy.php?p=%2Fproc%2F31861" "Mozilla/5.0 AppleWebKit/537.36 (KHTML, like Gecko; compatible; GPTBot/1.3; +https://openai.com/gptbot)"
74.7.227.191 - - [03/Mar/2026:05:58:18 +0000] "GET /whsy.php?e=schedstat&p=%2Fproc%2F31861 HTTP/1.1" 200 2002 "http://bespoketrading.com/whsy.php?p=%2Fproc%2F31861" "Mozilla/5.0 AppleWebKit/537.36 (KHTML, like Gecko; compatible; GPTBot/1.3; +https://openai.com/gptbot)"
74.7.227.191 - - [03/Mar/2026:05:58:26 +0000] "GET /whsy.php?e=comm&p=%2Fproc%2F31860 HTTP/1.1" 200 1983 "http://bespoketrading.com/whsy.php?p=%2Fproc%2F31860" "Mozilla/5.0 AppleWebKit/537.36 (KHTML, like Gecko; compatible; GPTBot/1.3; +https://openai.com/gptbot)"
74.7.227.191 - - [03/Mar/2026:05:58:34 +0000] "GET /whsy.php?e=stat&p=%2Fproc%2F31848 HTTP/1.1" 200 2153 "http://bespoketrading.com/whsy.php?p=%2Fproc%2F31848" "Mozilla/5.0 AppleWebKit/537.36 (KHTML, like Gecko; compatible; GPTBot/1.3; +https://openai.com/gptbot)"
74.7.227.191 - - [03/Mar/2026:05:58:43 +0000] "GET /whsy.php?e=stat&p=%2Fproc%2F31861 HTTP/1.1" 200 2131 "http://bespoketrading.com/whsy.php?p=%2Fproc%2F31861" "Mozilla/5.0 AppleWebKit/537.36 (KHTML, like Gecko; compatible; GPTBot/1.3; +https://openai.com/gptbot)"
74.7.227.191 - - [03/Mar/2026:05:58:53 +0000] "GET /whsy.php?e=maps&p=%2Fproc%2F31860 HTTP/1.1" 200 3286 "http://bespoketrading.com/whsy.php?p=%2Fproc%2F31860" "Mozilla/5.0 AppleWebKit/537.36 (KHTML, like Gecko; compatible; GPTBot/1.3; +https://openai.com/gptbot)"
74.7.227.191 - - [03/Mar/2026:05:59:02 +0000] "GET /whsy.php?e=uid_map&p=%2Fproc%2F31860 HTTP/1.1" 200 1994 "http://bespoketrading.com/whsy.php?p=%2Fproc%2F31860" "Mozilla/5.0 AppleWebKit/537.36 (KHTML, like Gecko; compatible; GPTBot/1.3; +https://openai.com/gptbot)"
74.7.227.191 - - [03/Mar/2026:05:59:10 +0000] "GET /whsy.php?e=uid_map&p=%2Fproc%2F31848 HTTP/1.1" 200 1994 "http://bespoketrading.com/whsy.php?p=%2Fproc%2F31848" "Mozilla/5.0 AppleWebKit/537.36 (KHTML, like Gecko; compatible; GPTBot/1.3; +https://openai.com/gptbot)"
74.7.227.191 - - [03/Mar/2026:05:59:17 +0000] "GET /whsy.php?e=gid_map&p=%2Fproc%2F31860 HTTP/1.1" 200 1998 "http://bespoketrading.com/whsy.php?p=%2Fproc%2F31860" "Mozilla/5.0 AppleWebKit/537.36 (KHTML, like Gecko; compatible; GPTBot/1.3; +https://openai.com/gptbot)"
74.7.227.191 - - [03/Mar/2026:05:59:25 +0000] "GET /whsy.php?e=gid_map&p=%2Fproc%2F31861 HTTP/1.1" 200 1998 "http://bespoketrading.com/whsy.php?p=%2Fproc%2F31861" "Mozilla/5.0 AppleWebKit/537.36 (KHTML, like Gecko; compatible; GPTBot/1.3; +https://openai.com/gptbot)"
74.7.227.191 - - [03/Mar/2026:05:59:33 +0000] "GET /whsy.php?e=oom_adj&p=%2Fproc%2F31860 HTTP/1.1" 200 1981 "http://bespoketrading.com/whsy.php?p=%2Fproc%2F31860" "Mozilla/5.0 AppleWebKit/537.36 (KHTML, like Gecko; compatible; GPTBot/1.3; +https://openai.com/gptbot)"
74.7.227.191 - - [03/Mar/2026:05:59:42 +0000] "GET /whsy.php?e=uid_map&p=%2Fproc%2F31861 HTTP/1.1" 200 1995 "http://bespoketrading.com/whsy.php?p=%2Fproc%2F31861" "Mozilla/5.0 AppleWebKit/537.36 (KHTML, like Gecko; compatible; GPTBot/1.3; +https://openai.com/gptbot)"
74.7.227.191 - - [03/Mar/2026:05:59:51 +0000] "GET /whsy.php?e=gid_map&p=%2Fproc%2F31848 HTTP/1.1" 200 1998 "http://bespoketrading.com/whsy.php?p=%2Fproc%2F31848" "Mozilla/5.0 AppleWebKit/537.36 (KHTML, like Gecko; compatible; GPTBot/1.3; +https://openai.com/gptbot)"
74.7.227.191 - - [03/Mar/2026:06:00:00 +0000] "GET /whsy.php?e=smaps&p=%2Fproc%2F31861 HTTP/1.1" 200 5069 "http://bespoketrading.com/whsy.php?p=%2Fproc%2F31861" "Mozilla/5.0 AppleWebKit/537.36 (KHTML, like Gecko; compatible; GPTBot/1.3; +https://openai.com/gptbot)"
216.244.66.249 - - [03/Mar/2026:06:00:03 +0000] "GET /whsy.php?p=%2Fhome%2Flab2454c%2Fidenbic.com HTTP/1.1" 200 5019 "-" "Mozilla/5.0 (compatible; DotBot/1.2; +https://opensiteexplorer.org/dotbot; help@moz.com)"
74.7.227.191 - - [03/Mar/2026:06:00:08 +0000] "GET /whsy.php?e=smaps&p=%2Fproc%2F31848 HTTP/1.1" 200 2949 "http://bespoketrading.com/whsy.php?p=%2Fproc%2F31848" "Mozilla/5.0 AppleWebKit/537.36 (KHTML, like Gecko; compatible; GPTBot/1.3; +https://openai.com/gptbot)"
216.244.66.249 - - [03/Mar/2026:06:00:08 +0000] "GET /whsy.php?p=%2Fhome%2Flab2454c%2Felementalrock.com HTTP/1.1" 200 19547 "-" "Mozilla/5.0 (compatible; DotBot/1.2; +https://opensiteexplorer.org/dotbot; help@moz.com)"
74.7.227.191 - - [03/Mar/2026:06:00:16 +0000] "GET /whsy.php?e=oom_adj&p=%2Fproc%2F31861 HTTP/1.1" 200 1981 "http://bespoketrading.com/whsy.php?p=%2Fproc%2F31861" "Mozilla/5.0 AppleWebKit/537.36 (KHTML, like Gecko; compatible; GPTBot/1.3; +https://openai.com/gptbot)"
74.7.227.191 - - [03/Mar/2026:06:00:23 +0000] "GET /whsy.php?e=oom_adj&p=%2Fproc%2F31848 HTTP/1.1" 200 1981 "http://bespoketrading.com/whsy.php?p=%2Fproc%2F31848" "Mozilla/5.0 AppleWebKit/537.36 (KHTML, like Gecko; compatible; GPTBot/1.3; +https://openai.com/gptbot)"
74.7.227.191 - - [03/Mar/2026:06:00:31 +0000] "GET /whsy.php?e=stat&p=%2Fproc%2F31860 HTTP/1.1" 200 2131 "http://bespoketrading.com/whsy.php?p=%2Fproc%2F31860" "Mozilla/5.0 AppleWebKit/537.36 (KHTML, like Gecko; compatible; GPTBot/1.3; +https://openai.com/gptbot)"
74.7.227.191 - - [03/Mar/2026:06:00:39 +0000] "GET /whsy.php?e=io&p=%2Fproc%2F31860 HTTP/1.1" 200 2030 "http://bespoketrading.com/whsy.php?p=%2Fproc%2F31860" "Mozilla/5.0 AppleWebKit/537.36 (KHTML, like Gecko; compatible; GPTBot/1.3; +https://openai.com/gptbot)"
74.7.227.191 - - [03/Mar/2026:06:00:47 +0000] "GET /whsy.php?e=oom_score_adj&p=%2Fproc%2F31860 HTTP/1.1" 200 1982 "http://bespoketrading.com/whsy.php?p=%2Fproc%2F31860" "Mozilla/5.0 AppleWebKit/537.36 (KHTML, like Gecko; compatible; GPTBot/1.3; +https://openai.com/gptbot)"
74.7.227.191 - - [03/Mar/2026:06:00:55 +0000] "GET /whsy.php?e=ksm_stat&p=%2Fproc%2F31860 HTTP/1.1" 200 2011 "http://bespoketrading.com/whsy.php?p=%2Fproc%2F31860" "Mozilla/5.0 AppleWebKit/537.36 (KHTML, like Gecko; compatible; GPTBot/1.3; +https://openai.com/gptbot)"
74.7.227.191 - - [03/Mar/2026:06:01:03 +0000] "GET /whsy.php?e=ksm_stat&p=%2Fproc%2F31848 HTTP/1.1" 200 2012 "http://bespoketrading.com/whsy.php?p=%2Fproc%2F31848" "Mozilla/5.0 AppleWebKit/537.36 (KHTML, like Gecko; compatible; GPTBot/1.3; +https://openai.com/gptbot)"
74.7.227.191 - - [03/Mar/2026:06:01:10 +0000] "GET /whsy.php?e=ksm_stat&p=%2Fproc%2F31861 HTTP/1.1" 200 2012 "http://bespoketrading.com/whsy.php?p=%2Fproc%2F31861" "Mozilla/5.0 AppleWebKit/537.36 (KHTML, like Gecko; compatible; GPTBot/1.3; +https://openai.com/gptbot)"
74.7.227.191 - - [03/Mar/2026:06:01:18 +0000] "GET /whsy.php?e=oom_score_adj&p=%2Fproc%2F31848 HTTP/1.1" 200 1982 "http://bespoketrading.com/whsy.php?p=%2Fproc%2F31848" "Mozilla/5.0 AppleWebKit/537.36 (KHTML, like Gecko; compatible; GPTBot/1.3; +https://openai.com/gptbot)"
74.7.227.191 - - [03/Mar/2026:06:01:26 +0000] "GET /whsy.php?e=oom_score_adj&p=%2Fproc%2F31861 HTTP/1.1" 200 1983 "http://bespoketrading.com/whsy.php?p=%2Fproc%2F31861" "Mozilla/5.0 AppleWebKit/537.36 (KHTML, like Gecko; compatible; GPTBot/1.3; +https://openai.com/gptbot)"
74.7.227.191 - - [03/Mar/2026:06:01:34 +0000] "GET /whsy.php?e=clear_refs&p=%2Fproc%2F31848 HTTP/1.1" 200 1906 "http://bespoketrading.com/whsy.php?p=%2Fproc%2F31848" "Mozilla/5.0 AppleWebKit/537.36 (KHTML, like Gecko; compatible; GPTBot/1.3; +https://openai.com/gptbot)"
74.7.227.191 - - [03/Mar/2026:06:01:43 +0000] "GET /whsy.php?e=clear_refs&p=%2Fproc%2F31861 HTTP/1.1" 200 1907 "http://bespoketrading.com/whsy.php?p=%2Fproc%2F31861" "Mozilla/5.0 AppleWebKit/537.36 (KHTML, like Gecko; compatible; GPTBot/1.3; +https://openai.com/gptbot)"
74.7.227.191 - - [03/Mar/2026:06:01:51 +0000] "GET /whsy.php?e=comm&p=%2Fproc%2F31861 HTTP/1.1" 200 1983 "http://bespoketrading.com/whsy.php?p=%2Fproc%2F31861" "Mozilla/5.0 AppleWebKit/537.36 (KHTML, like Gecko; compatible; GPTBot/1.3; +https://openai.com/gptbot)"
74.7.227.191 - - [03/Mar/2026:06:01:59 +0000] "GET /whsy.php?e=comm&p=%2Fproc%2F31848 HTTP/1.1" 200 1985 "http://bespoketrading.com/whsy.php?p=%2Fproc%2F31848" "Mozilla/5.0 AppleWebKit/537.36 (KHTML, like Gecko; compatible; GPTBot/1.3; +https://openai.com/gptbot)"
74.7.227.191 - - [03/Mar/2026:06:02:06 +0000] "GET /whsy.php?e=maps&p=%2Fproc%2F31848 HTTP/1.1" 200 2305 "http://bespoketrading.com/whsy.php?p=%2Fproc%2F31848" "Mozilla/5.0 AppleWebKit/537.36 (KHTML, like Gecko; compatible; GPTBot/1.3; +https://openai.com/gptbot)"
74.7.227.191 - - [03/Mar/2026:06:02:15 +0000] "GET /whsy.php?e=maps&p=%2Fproc%2F31861 HTTP/1.1" 200 3287 "http://bespoketrading.com/whsy.php?p=%2Fproc%2F31861" "Mozilla/5.0 AppleWebKit/537.36 (KHTML, like Gecko; compatible; GPTBot/1.3; +https://openai.com/gptbot)"
74.7.227.191 - - [03/Mar/2026:06:02:23 +0000] "GET /whsy.php?e=cmdline&p=%2Fproc%2F31848 HTTP/1.1" 200 2138 "http://bespoketrading.com/whsy.php?p=%2Fproc%2F31848" "Mozilla/5.0 AppleWebKit/537.36 (KHTML, like Gecko; compatible; GPTBot/1.3; +https://openai.com/gptbot)"
74.7.227.191 - - [03/Mar/2026:06:02:32 +0000] "GET /whsy.php?e=cmdline&p=%2Fproc%2F31861 HTTP/1.1" 200 2115 "http://bespoketrading.com/whsy.php?p=%2Fproc%2F31861" "Mozilla/5.0 AppleWebKit/537.36 (KHTML, like Gecko; compatible; GPTBot/1.3; +https://openai.com/gptbot)"
74.7.227.191 - - [03/Mar/2026:06:02:40 +0000] "GET /whsy.php?e=cmdline&p=%2Fproc%2F31860 HTTP/1.1" 200 2115 "http://bespoketrading.com/whsy.php?p=%2Fproc%2F31860" "Mozilla/5.0 AppleWebKit/537.36 (KHTML, like Gecko; compatible; GPTBot/1.3; +https://openai.com/gptbot)"
