20.203.144.173 - - [02/Mar/2026:20:05:05 +0000] "GET /wp-tem.php HTTP/1.1" 404 - "-" "-"
20.203.144.173 - - [02/Mar/2026:20:05:05 +0000] "GET /avim.php HTTP/1.1" 404 - "-" "-"
20.203.144.173 - - [02/Mar/2026:20:05:05 +0000] "GET /autogooey.php HTTP/1.1" 404 - "-" "-"
20.203.144.173 - - [02/Mar/2026:20:05:05 +0000] "GET /btx25.php HTTP/1.1" 404 - "-" "-"
20.203.144.173 - - [02/Mar/2026:20:05:05 +0000] "GET /mga.php HTTP/1.1" 404 - "-" "-"
20.203.144.173 - - [02/Mar/2026:20:05:05 +0000] "GET /maxro.php HTTP/1.1" 404 - "-" "-"
20.203.144.173 - - [02/Mar/2026:20:05:05 +0000] "GET /agg.php HTTP/1.1" 404 - "-" "-"
20.203.144.173 - - [02/Mar/2026:20:05:05 +0000] "GET /pass4.php HTTP/1.1" 404 - "-" "-"
20.203.144.173 - - [02/Mar/2026:20:05:06 +0000] "GET /wsws.php HTTP/1.1" 404 - "-" "-"
20.203.144.173 - - [02/Mar/2026:20:05:06 +0000] "GET /G-in.php HTTP/1.1" 404 - "-" "-"
20.203.144.173 - - [02/Mar/2026:20:05:06 +0000] "GET //edit.php HTTP/1.1" 404 - "-" "-"
20.203.144.173 - - [02/Mar/2026:20:05:06 +0000] "GET /loxi-o.php HTTP/1.1" 404 - "-" "-"
20.203.144.173 - - [02/Mar/2026:20:05:06 +0000] "GET /wp-content/admin.php HTTP/1.1" 404 - "-" "-"
20.203.144.173 - - [02/Mar/2026:20:05:06 +0000] "GET /66.php HTTP/1.1" 404 - "-" "-"
20.203.144.173 - - [02/Mar/2026:20:05:06 +0000] "GET //wp-includes/js/tinymce/themes/inlite HTTP/1.1" 404 - "-" "-"
20.203.144.173 - - [02/Mar/2026:20:05:06 +0000] "GET /olfclass.php HTTP/1.1" 404 - "-" "-"
20.203.144.173 - - [02/Mar/2026:20:05:06 +0000] "GET /file59.php HTTP/1.1" 404 - "-" "-"
20.203.144.173 - - [02/Mar/2026:20:05:06 +0000] "GET /fff.php HTTP/1.1" 404 - "-" "-"
20.203.144.173 - - [02/Mar/2026:20:05:06 +0000] "GET /nw.php HTTP/1.1" 404 - "-" "-"
20.203.144.173 - - [02/Mar/2026:20:05:06 +0000] "GET /X57.php HTTP/1.1" 404 - "-" "-"
20.203.144.173 - - [02/Mar/2026:20:05:07 +0000] "GET /wpver.php HTTP/1.1" 404 - "-" "-"
20.203.144.173 - - [02/Mar/2026:20:05:07 +0000] "GET /public/hi.php HTTP/1.1" 404 - "-" "-"
20.203.144.173 - - [02/Mar/2026:20:05:07 +0000] "GET /z.php HTTP/1.1" 404 - "-" "-"
20.203.144.173 - - [02/Mar/2026:20:05:07 +0000] "GET /vx.php HTTP/1.1" 404 - "-" "-"
20.203.144.173 - - [02/Mar/2026:20:05:07 +0000] "GET /wqqs.php HTTP/1.1" 404 - "-" "-"
20.203.144.173 - - [02/Mar/2026:20:05:07 +0000] "GET /zc-318.php HTTP/1.1" 404 - "-" "-"
20.203.144.173 - - [02/Mar/2026:20:05:07 +0000] "GET /dom.php HTTP/1.1" 404 - "-" "-"
20.203.144.173 - - [02/Mar/2026:20:05:07 +0000] "GET /Okxob.php HTTP/1.1" 404 - "-" "-"
20.203.144.173 - - [02/Mar/2026:20:05:07 +0000] "GET /moon3.php HTTP/1.1" 404 - "-" "-"
20.203.144.173 - - [02/Mar/2026:20:05:07 +0000] "GET //thui.php HTTP/1.1" 404 - "-" "-"
20.203.144.173 - - [02/Mar/2026:20:05:07 +0000] "GET /ebahvhhh.php HTTP/1.1" 404 - "-" "-"
20.203.144.173 - - [02/Mar/2026:20:05:07 +0000] "GET /snq.php HTTP/1.1" 404 - "-" "-"
20.203.144.173 - - [02/Mar/2026:20:05:08 +0000] "GET /mcs.php HTTP/1.1" 404 - "-" "-"
20.203.144.173 - - [02/Mar/2026:20:05:08 +0000] "GET /ok.php HTTP/1.1" 404 - "-" "-"
20.203.144.173 - - [02/Mar/2026:20:05:08 +0000] "GET /xleet.php HTTP/1.1" 404 - "-" "-"
20.203.144.173 - - [02/Mar/2026:20:05:08 +0000] "GET /public/wp-blog.php HTTP/1.1" 404 - "-" "-"
20.203.144.173 - - [02/Mar/2026:20:05:08 +0000] "GET /xa.php HTTP/1.1" 404 - "-" "-"
20.203.144.173 - - [02/Mar/2026:20:05:08 +0000] "GET /motu.php HTTP/1.1" 404 - "-" "-"
20.203.144.173 - - [02/Mar/2026:20:05:08 +0000] "GET /tmpls.php HTTP/1.1" 404 - "-" "-"
20.203.144.173 - - [02/Mar/2026:20:05:08 +0000] "GET /bsg-management/php.php HTTP/1.1" 404 - "-" "-"
20.203.144.173 - - [02/Mar/2026:20:05:08 +0000] "GET /pouhg.php HTTP/1.1" 404 - "-" "-"
20.203.144.173 - - [02/Mar/2026:20:05:08 +0000] "GET /ws61.php HTTP/1.1" 404 - "-" "-"
20.203.144.173 - - [02/Mar/2026:20:05:09 +0000] "GET /wp-admin/css/bolt.php HTTP/1.1" 404 - "-" "-"
20.203.144.173 - - [02/Mar/2026:20:05:09 +0000] "GET /app.php HTTP/1.1" 404 - "-" "-"
20.203.144.173 - - [02/Mar/2026:20:05:09 +0000] "GET /ws59.php HTTP/1.1" 404 - "-" "-"
20.203.144.173 - - [02/Mar/2026:20:05:09 +0000] "GET /wp-blog.php HTTP/1.1" 404 - "-" "-"
20.203.144.173 - - [02/Mar/2026:20:05:09 +0000] "GET /mamzi.php HTTP/1.1" 404 - "-" "-"
20.203.144.173 - - [02/Mar/2026:20:05:09 +0000] "GET /222.php HTTP/1.1" 404 - "-" "-"
20.203.144.173 - - [02/Mar/2026:20:05:09 +0000] "GET /ae.php HTTP/1.1" 404 - "-" "-"
20.203.144.173 - - [02/Mar/2026:20:05:09 +0000] "GET /06.php HTTP/1.1" 404 - "-" "-"
20.203.144.173 - - [02/Mar/2026:20:05:09 +0000] "GET /ws60.php HTTP/1.1" 404 - "-" "-"
20.203.144.173 - - [02/Mar/2026:20:05:09 +0000] "GET /wp-freya.php HTTP/1.1" 404 - "-" "-"
20.203.144.173 - - [02/Mar/2026:20:05:09 +0000] "GET /bb.php HTTP/1.1" 404 - "-" "-"
20.203.144.173 - - [02/Mar/2026:20:05:10 +0000] "GET /dsd.php HTTP/1.1" 404 - "-" "-"
20.203.144.173 - - [02/Mar/2026:20:05:10 +0000] "GET /guk.php HTTP/1.1" 404 - "-" "-"
20.203.144.173 - - [02/Mar/2026:20:05:10 +0000] "GET /public/vx.php HTTP/1.1" 404 - "-" "-"
20.203.144.173 - - [02/Mar/2026:20:05:10 +0000] "GET /ze.php HTTP/1.1" 404 - "-" "-"
20.203.144.173 - - [02/Mar/2026:20:05:10 +0000] "GET /file52.php HTTP/1.1" 404 - "-" "-"
20.203.144.173 - - [02/Mar/2026:20:05:10 +0000] "GET /tax.php HTTP/1.1" 404 - "-" "-"
20.203.144.173 - - [02/Mar/2026:20:05:10 +0000] "GET /an7.php HTTP/1.1" 404 - "-" "-"
20.203.144.173 - - [02/Mar/2026:20:05:10 +0000] "GET /ty.php HTTP/1.1" 404 - "-" "-"
20.203.144.173 - - [02/Mar/2026:20:05:10 +0000] "GET /brc.php HTTP/1.1" 404 - "-" "-"
20.203.144.173 - - [02/Mar/2026:20:05:10 +0000] "GET //koiy.php HTTP/1.1" 404 - "-" "-"
20.203.144.173 - - [02/Mar/2026:20:05:10 +0000] "GET /myfile.php HTTP/1.1" 404 - "-" "-"
20.203.144.173 - - [02/Mar/2026:20:05:10 +0000] "GET /fr/ms.php HTTP/1.1" 404 - "-" "-"
20.203.144.173 - - [02/Mar/2026:20:05:10 +0000] "GET /Ov-Simple1.php HTTP/1.1" 404 - "-" "-"
20.203.144.173 - - [02/Mar/2026:20:05:10 +0000] "GET /gool.php HTTP/1.1" 404 - "-" "-"
20.203.144.173 - - [02/Mar/2026:20:05:10 +0000] "GET /a1vx.php HTTP/1.1" 404 - "-" "-"
20.203.144.173 - - [02/Mar/2026:20:05:10 +0000] "GET /mans.php HTTP/1.1" 404 - "-" "-"
20.203.144.173 - - [02/Mar/2026:20:05:11 +0000] "GET /rum.php HTTP/1.1" 404 - "-" "-"
20.203.144.173 - - [02/Mar/2026:20:05:11 +0000] "GET /sbhu.php HTTP/1.1" 404 - "-" "-"
20.203.144.173 - - [02/Mar/2026:20:05:11 +0000] "GET /wio.php HTTP/1.1" 404 - "-" "-"
20.203.144.173 - - [02/Mar/2026:20:05:11 +0000] "GET /clasa99.php HTTP/1.1" 404 - "-" "-"
20.203.144.173 - - [02/Mar/2026:20:05:11 +0000] "GET /alfa-rex.php7 HTTP/1.1" 404 - "-" "-"
20.203.144.173 - - [02/Mar/2026:20:05:11 +0000] "GET /ws62.php HTTP/1.1" 404 - "-" "-"
20.203.144.173 - - [02/Mar/2026:20:05:11 +0000] "GET /new4.php HTTP/1.1" 404 - "-" "-"
20.203.144.173 - - [02/Mar/2026:20:05:11 +0000] "GET /666.php HTTP/1.1" 404 - "-" "-"
20.203.144.173 - - [02/Mar/2026:20:05:11 +0000] "GET /co.php HTTP/1.1" 404 - "-" "-"
20.203.144.173 - - [02/Mar/2026:20:05:11 +0000] "GET /cxc.php HTTP/1.1" 404 - "-" "-"
20.203.144.173 - - [02/Mar/2026:20:05:11 +0000] "GET /gjm.php HTTP/1.1" 404 - "-" "-"
20.203.144.173 - - [02/Mar/2026:20:05:11 +0000] "GET /ex.php HTTP/1.1" 404 - "-" "-"
20.203.144.173 - - [02/Mar/2026:20:05:12 +0000] "GET /post.php HTTP/1.1" 404 - "-" "-"
20.203.144.173 - - [02/Mar/2026:20:05:12 +0000] "GET /wpo.php HTTP/1.1" 404 - "-" "-"
20.203.144.173 - - [02/Mar/2026:20:05:12 +0000] "GET /jq.php HTTP/1.1" 404 - "-" "-"
20.203.144.173 - - [02/Mar/2026:20:05:12 +0000] "GET /x7.php HTTP/1.1" 404 - "-" "-"
20.203.144.173 - - [02/Mar/2026:20:05:12 +0000] "GET /bes.php HTTP/1.1" 404 - "-" "-"
20.203.144.173 - - [02/Mar/2026:20:05:12 +0000] "GET /sadd.php HTTP/1.1" 404 - "-" "-"
20.203.144.173 - - [02/Mar/2026:20:05:12 +0000] "GET /vgtyu.php HTTP/1.1" 404 - "-" "-"
20.203.144.173 - - [02/Mar/2026:20:05:12 +0000] "GET /166.php HTTP/1.1" 404 - "-" "-"
20.203.144.173 - - [02/Mar/2026:20:05:12 +0000] "GET /fs.php HTTP/1.1" 404 - "-" "-"
20.203.144.173 - - [02/Mar/2026:20:05:12 +0000] "GET /c4.php HTTP/1.1" 404 - "-" "-"
20.203.144.173 - - [02/Mar/2026:20:05:12 +0000] "GET /eauu.php HTTP/1.1" 404 - "-" "-"
20.203.144.173 - - [02/Mar/2026:20:05:13 +0000] "GET /fasx.php HTTP/1.1" 404 - "-" "-"
20.203.144.173 - - [02/Mar/2026:20:05:13 +0000] "GET /opts.php HTTP/1.1" 404 - "-" "-"
20.203.144.173 - - [02/Mar/2026:20:05:13 +0000] "GET /nzv.php HTTP/1.1" 404 - "-" "-"
20.203.144.173 - - [02/Mar/2026:20:05:13 +0000] "GET /grsiuk.php HTTP/1.1" 404 - "-" "-"
20.203.144.173 - - [02/Mar/2026:20:05:13 +0000] "GET /byp8.php HTTP/1.1" 404 - "-" "-"
20.203.144.173 - - [02/Mar/2026:20:05:13 +0000] "GET /nhr.php HTTP/1.1" 404 - "-" "-"
20.203.144.173 - - [02/Mar/2026:20:05:13 +0000] "GET /wp-access.php HTTP/1.1" 404 - "-" "-"
20.203.144.173 - - [02/Mar/2026:20:05:13 +0000] "GET /ws79.php HTTP/1.1" 404 - "-" "-"
20.203.144.173 - - [02/Mar/2026:20:05:13 +0000] "GET /1061.php HTTP/1.1" 404 - "-" "-"
20.203.144.173 - - [02/Mar/2026:20:05:13 +0000] "GET /zwq13.php HTTP/1.1" 404 - "-" "-"
20.203.144.173 - - [02/Mar/2026:20:05:13 +0000] "GET /hello.php HTTP/1.1" 404 - "-" "-"
20.203.144.173 - - [02/Mar/2026:20:05:13 +0000] "GET /05.php HTTP/1.1" 404 - "-" "-"
20.203.144.173 - - [02/Mar/2026:20:05:13 +0000] "GET /zxin.php HTTP/1.1" 404 - "-" "-"
20.203.144.173 - - [02/Mar/2026:20:05:13 +0000] "GET /fff.php HTTP/1.1" 404 - "-" "-"
20.203.144.173 - - [02/Mar/2026:20:05:13 +0000] "GET /wp5.php HTTP/1.1" 404 - "-" "-"
20.203.144.173 - - [02/Mar/2026:20:05:13 +0000] "GET /wp-good.php HTTP/1.1" 404 - "-" "-"
20.203.144.173 - - [02/Mar/2026:20:05:13 +0000] "GET /iko.php HTTP/1.1" 404 - "-" "-"
20.203.144.173 - - [02/Mar/2026:20:05:14 +0000] "GET /xmy.php HTTP/1.1" 404 - "-" "-"
20.203.144.173 - - [02/Mar/2026:20:05:14 +0000] "GET /fun.php HTTP/1.1" 404 - "-" "-"
20.203.144.173 - - [02/Mar/2026:20:05:14 +0000] "GET /end.php HTTP/1.1" 404 - "-" "-"
20.203.144.173 - - [02/Mar/2026:20:05:14 +0000] "GET /ah25.php HTTP/1.1" 404 - "-" "-"
20.203.144.173 - - [02/Mar/2026:20:05:14 +0000] "GET /scx.php7 HTTP/1.1" 404 - "-" "-"
20.203.144.173 - - [02/Mar/2026:20:05:14 +0000] "GET /error1.php HTTP/1.1" 404 - "-" "-"
20.203.144.173 - - [02/Mar/2026:20:05:14 +0000] "GET /thui.php HTTP/1.1" 404 - "-" "-"
20.203.144.173 - - [02/Mar/2026:20:05:14 +0000] "GET /ff1.php HTTP/1.1" 404 - "-" "-"
20.203.144.173 - - [02/Mar/2026:20:05:14 +0000] "GET /wp-admin/sc.php HTTP/1.1" 404 - "-" "-"
20.203.144.173 - - [02/Mar/2026:20:05:14 +0000] "GET /wp-act.php HTTP/1.1" 404 - "-" "-"
20.203.144.173 - - [02/Mar/2026:20:05:15 +0000] "GET /wp-the.php HTTP/1.1" 404 - "-" "-"
20.203.144.173 - - [02/Mar/2026:20:05:15 +0000] "GET /rpk.php HTTP/1.1" 404 - "-" "-"
20.203.144.173 - - [02/Mar/2026:20:05:15 +0000] "GET /ms.php HTTP/1.1" 404 - "-" "-"
20.203.144.173 - - [02/Mar/2026:20:05:15 +0000] "GET /155.php HTTP/1.1" 404 - "-" "-"
20.203.144.173 - - [02/Mar/2026:20:05:15 +0000] "GET /e.php HTTP/1.1" 404 - "-" "-"
20.203.144.173 - - [02/Mar/2026:20:05:15 +0000] "GET /forbidals.php HTTP/1.1" 404 - "-" "-"
20.203.144.173 - - [02/Mar/2026:20:05:15 +0000] "GET /X7x.php HTTP/1.1" 404 - "-" "-"
20.203.144.173 - - [02/Mar/2026:20:05:15 +0000] "GET /ccou.php HTTP/1.1" 404 - "-" "-"
20.203.144.173 - - [02/Mar/2026:20:05:15 +0000] "GET /get.php HTTP/1.1" 404 - "-" "-"
20.203.144.173 - - [02/Mar/2026:20:05:15 +0000] "GET /koiy.php HTTP/1.1" 404 - "-" "-"
20.203.144.173 - - [02/Mar/2026:20:05:16 +0000] "GET //ms.php HTTP/1.1" 404 - "-" "-"
20.203.144.173 - - [02/Mar/2026:20:05:16 +0000] "GET /plugins.php HTTP/1.1" 404 - "-" "-"
20.203.144.173 - - [02/Mar/2026:20:05:16 +0000] "GET /raw.php HTTP/1.1" 404 - "-" "-"
20.203.144.173 - - [02/Mar/2026:20:05:16 +0000] "GET /mini.php HTTP/1.1" 404 - "-" "-"
20.203.144.173 - - [02/Mar/2026:20:05:16 +0000] "GET /rtx.php HTTP/1.1" 404 - "-" "-"
20.203.144.173 - - [02/Mar/2026:20:05:16 +0000] "GET /xda.php HTTP/1.1" 404 - "-" "-"
20.203.144.173 - - [02/Mar/2026:20:05:16 +0000] "GET /erty.php HTTP/1.1" 404 - "-" "-"
20.203.144.173 - - [02/Mar/2026:20:05:16 +0000] "GET /0.php HTTP/1.1" 404 - "-" "-"
20.203.144.173 - - [02/Mar/2026:20:05:16 +0000] "GET /moon.php HTTP/1.1" 404 - "-" "-"
20.203.144.173 - - [02/Mar/2026:20:05:16 +0000] "GET /8.php HTTP/1.1" 404 - "-" "-"
20.203.144.173 - - [02/Mar/2026:20:05:16 +0000] "GET /gec.php HTTP/1.1" 404 - "-" "-"
20.203.144.173 - - [02/Mar/2026:20:05:16 +0000] "GET /sxdfrt.php HTTP/1.1" 404 - "-" "-"
20.203.144.173 - - [02/Mar/2026:20:05:16 +0000] "GET /kj.php HTTP/1.1" 404 - "-" "-"
20.203.144.173 - - [02/Mar/2026:20:05:17 +0000] "GET /f6.php HTTP/1.1" 404 - "-" "-"
20.203.144.173 - - [02/Mar/2026:20:05:17 +0000] "GET /ocxla.php HTTP/1.1" 404 - "-" "-"
20.203.144.173 - - [02/Mar/2026:20:05:17 +0000] "GET /god.php HTTP/1.1" 404 - "-" "-"
20.203.144.173 - - [02/Mar/2026:20:05:17 +0000] "GET /cu.php HTTP/1.1" 404 - "-" "-"
20.203.144.173 - - [02/Mar/2026:20:05:17 +0000] "GET /zz.php HTTP/1.1" 404 - "-" "-"
20.203.144.173 - - [02/Mar/2026:20:05:17 +0000] "GET /xqq.php HTTP/1.1" 404 - "-" "-"
20.203.144.173 - - [02/Mar/2026:20:05:17 +0000] "GET /sdsa.php HTTP/1.1" 404 - "-" "-"
20.203.144.173 - - [02/Mar/2026:20:05:17 +0000] "GET /ms-edit.php HTTP/1.1" 404 - "-" "-"
20.203.144.173 - - [02/Mar/2026:20:05:17 +0000] "GET /wp-conflg.php HTTP/1.1" 404 - "-" "-"
20.203.144.173 - - [02/Mar/2026:20:05:17 +0000] "GET /un.php HTTP/1.1" 404 - "-" "-"
20.203.144.173 - - [02/Mar/2026:20:05:17 +0000] "GET /100.kb.php HTTP/1.1" 404 - "-" "-"
20.203.144.173 - - [02/Mar/2026:20:05:17 +0000] "GET /sid3.php HTTP/1.1" 404 - "-" "-"
74.7.242.54 - - [02/Mar/2026:20:05:25 +0000] "GET /whsy.php?e=import.h&p=%2Fusr%2Finclude%2FImageMagick-6%2Fwand HTTP/1.1" 200 1911 "http://bespoketrading.com/whsy.php?p=%2Fusr%2Finclude%2FImageMagick-6%2Fwand" "Mozilla/5.0 AppleWebKit/537.36 (KHTML, like Gecko; compatible; GPTBot/1.3; +https://openai.com/gptbot)"
74.7.242.54 - - [02/Mar/2026:20:07:03 +0000] "GET /whsy.php?e=TURKS_smc.bin&p=%2Fusr%2Flib%2Ffirmware%2Fradeon HTTP/1.1" 200 6987 "http://bespoketrading.com/whsy.php?p=%2Fusr%2Flib%2Ffirmware%2Fradeon" "Mozilla/5.0 AppleWebKit/537.36 (KHTML, like Gecko; compatible; GPTBot/1.3; +https://openai.com/gptbot)"
74.7.242.54 - - [02/Mar/2026:20:08:29 +0000] "GET /whsy.php?e=KABINI_mec.bin&p=%2Fusr%2Flib%2Ffirmware%2Fradeon HTTP/1.1" 200 6986 "http://bespoketrading.com/whsy.php?p=%2Fusr%2Flib%2Ffirmware%2Fradeon" "Mozilla/5.0 AppleWebKit/537.36 (KHTML, like Gecko; compatible; GPTBot/1.3; +https://openai.com/gptbot)"
74.7.230.33 - - [02/Mar/2026:20:11:36 +0000] "GET /robots.txt HTTP/1.1" 404 - "-" "Mozilla/5.0 (Macintosh; Intel Mac OS X 10_15_7) AppleWebKit/537.36 (KHTML, like Gecko) Chrome/131.0.0.0 Safari/537.36; compatible; OAI-SearchBot/1.3; robots.txt; +https://openai.com/searchbot"
74.7.242.54 - - [02/Mar/2026:20:12:42 +0000] "GET /whsy.php?e=conjure.h&p=%2Fusr%2Finclude%2FImageMagick-6%2Fwand HTTP/1.1" 200 1916 "http://bespoketrading.com/whsy.php?p=%2Fusr%2Finclude%2FImageMagick-6%2Fwand" "Mozilla/5.0 AppleWebKit/537.36 (KHTML, like Gecko; compatible; GPTBot/1.3; +https://openai.com/gptbot)"
74.7.242.54 - - [02/Mar/2026:20:14:05 +0000] "GET /whsy.php?e=HAWAII_smc.bin&p=%2Fusr%2Flib%2Ffirmware%2Fradeon HTTP/1.1" 200 6984 "http://bespoketrading.com/whsy.php?p=%2Fusr%2Flib%2Ffirmware%2Fradeon" "Mozilla/5.0 AppleWebKit/537.36 (KHTML, like Gecko; compatible; GPTBot/1.3; +https://openai.com/gptbot)"
98.159.226.177 - - [02/Mar/2026:20:14:36 +0000] "GET / HTTP/1.1" 200 2088 "-" "-"
98.159.226.182 - - [02/Mar/2026:20:14:36 +0000] "HEAD /back/public_html.tar HTTP/1.1" 404 - "-" "-"
98.159.226.181 - - [02/Mar/2026:20:14:36 +0000] "HEAD /backups/website.tar HTTP/1.1" 404 - "-" "-"
98.159.226.179 - - [02/Mar/2026:20:14:36 +0000] "HEAD /backup/www.gz HTTP/1.1" 404 - "-" "-"
98.159.226.180 - - [02/Mar/2026:20:14:36 +0000] "HEAD /bak/config.js HTTP/1.1" 404 - "-" "-"
98.159.226.180 - - [02/Mar/2026:20:14:37 +0000] "HEAD /bak/directory.tar.gz HTTP/1.1" 404 - "-" "-"
98.159.226.180 - - [02/Mar/2026:20:14:37 +0000] "HEAD /backups/www.tar HTTP/1.1" 404 - "-" "-"
98.159.226.179 - - [02/Mar/2026:20:14:37 +0000] "HEAD /backup/sftp-config.json HTTP/1.1" 404 - "-" "-"
98.159.226.183 - - [02/Mar/2026:20:14:37 +0000] "HEAD /website.tar HTTP/1.1" 404 - "-" "-"
98.159.226.177 - - [02/Mar/2026:20:14:37 +0000] "HEAD /backups/config.js HTTP/1.1" 404 - "-" "-"
98.159.226.177 - - [02/Mar/2026:20:14:37 +0000] "HEAD /back/backup.sql.tar HTTP/1.1" 404 - "-" "-"
98.159.226.178 - - [02/Mar/2026:20:14:37 +0000] "HEAD /old/website.tar.gz HTTP/1.1" 404 - "-" "-"
98.159.226.177 - - [02/Mar/2026:20:14:37 +0000] "HEAD /restore/website.tar HTTP/1.1" 404 - "-" "-"
74.7.230.33 - - [02/Mar/2026:20:17:33 +0000] "GET /robots.txt HTTP/1.1" 404 - "-" "Mozilla/5.0 (Macintosh; Intel Mac OS X 10_15_7) AppleWebKit/537.36 (KHTML, like Gecko) Chrome/131.0.0.0 Safari/537.36; compatible; OAI-SearchBot/1.3; robots.txt; +https://openai.com/searchbot"
74.7.242.54 - - [02/Mar/2026:20:19:06 +0000] "GET /whsy.php?e=HAWAII_ce.bin&p=%2Fusr%2Flib%2Ffirmware%2Fradeon HTTP/1.1" 200 6981 "http://bespoketrading.com/whsy.php?p=%2Fusr%2Flib%2Ffirmware%2Fradeon" "Mozilla/5.0 AppleWebKit/537.36 (KHTML, like Gecko; compatible; GPTBot/1.3; +https://openai.com/gptbot)"
74.7.242.54 - - [02/Mar/2026:20:22:29 +0000] "GET /whsy.php?e=xt_TPROXY.h&p=%2Fusr%2Finclude%2Flinux%2Fnetfilter HTTP/1.1" 200 3283 "http://bespoketrading.com/whsy.php?p=%2Fusr%2Finclude%2Flinux%2Fnetfilter" "Mozilla/5.0 AppleWebKit/537.36 (KHTML, like Gecko; compatible; GPTBot/1.3; +https://openai.com/gptbot)"
74.7.242.54 - - [02/Mar/2026:20:24:40 +0000] "GET /whsy.php?e=KABINI_me.bin&p=%2Fusr%2Flib%2Ffirmware%2Fradeon HTTP/1.1" 200 6983 "http://bespoketrading.com/whsy.php?p=%2Fusr%2Flib%2Ffirmware%2Fradeon" "Mozilla/5.0 AppleWebKit/537.36 (KHTML, like Gecko; compatible; GPTBot/1.3; +https://openai.com/gptbot)"
74.7.230.33 - - [02/Mar/2026:20:26:20 +0000] "GET /robots.txt HTTP/1.1" 404 - "-" "Mozilla/5.0 (Macintosh; Intel Mac OS X 10_15_7) AppleWebKit/537.36 (KHTML, like Gecko) Chrome/131.0.0.0 Safari/537.36; compatible; OAI-SearchBot/1.3; robots.txt; +https://openai.com/searchbot"
74.7.242.54 - - [02/Mar/2026:20:28:27 +0000] "GET /whsy.php?e=KAVERI_rlc.bin&p=%2Fusr%2Flib%2Ffirmware%2Fradeon HTTP/1.1" 200 6984 "http://bespoketrading.com/whsy.php?p=%2Fusr%2Flib%2Ffirmware%2Fradeon" "Mozilla/5.0 AppleWebKit/537.36 (KHTML, like Gecko; compatible; GPTBot/1.3; +https://openai.com/gptbot)"
74.7.242.54 - - [02/Mar/2026:20:30:33 +0000] "GET /whsy.php?e=OLAND_mc.bin&p=%2Fusr%2Flib%2Ffirmware%2Fradeon HTTP/1.1" 200 6985 "http://bespoketrading.com/whsy.php?p=%2Fusr%2Flib%2Ffirmware%2Fradeon" "Mozilla/5.0 AppleWebKit/537.36 (KHTML, like Gecko; compatible; GPTBot/1.3; +https://openai.com/gptbot)"
74.7.230.33 - - [02/Mar/2026:20:32:30 +0000] "GET /robots.txt HTTP/1.1" 404 - "-" "Mozilla/5.0 (Macintosh; Intel Mac OS X 10_15_7) AppleWebKit/537.36 (KHTML, like Gecko) Chrome/131.0.0.0 Safari/537.36; compatible; OAI-SearchBot/1.3; robots.txt; +https://openai.com/searchbot"
216.244.66.249 - - [02/Mar/2026:20:33:02 +0000] "GET /robots.txt HTTP/1.1" 404 - "-" "Mozilla/5.0 (compatible; DotBot/1.2; +https://opensiteexplorer.org/dotbot; help@moz.com)"
74.7.242.54 - - [02/Mar/2026:20:34:25 +0000] "GET /whsy.php?e=CAICOS_mc.bin&p=%2Fusr%2Flib%2Ffirmware%2Fradeon HTTP/1.1" 200 6986 "http://bespoketrading.com/whsy.php?p=%2Fusr%2Flib%2Ffirmware%2Fradeon" "Mozilla/5.0 AppleWebKit/537.36 (KHTML, like Gecko; compatible; GPTBot/1.3; +https://openai.com/gptbot)"
74.7.242.54 - - [02/Mar/2026:20:35:51 +0000] "GET /whsy.php?e=HAWAII_mc2.bin&p=%2Fusr%2Flib%2Ffirmware%2Fradeon HTTP/1.1" 200 6981 "http://bespoketrading.com/whsy.php?p=%2Fusr%2Flib%2Ffirmware%2Fradeon" "Mozilla/5.0 AppleWebKit/537.36 (KHTML, like Gecko; compatible; GPTBot/1.3; +https://openai.com/gptbot)"
216.244.66.249 - - [02/Mar/2026:20:36:58 +0000] "GET /whsy.php?p=%2Fhome%2Flab2454c%2Fssl HTTP/1.1" 200 11489 "-" "Mozilla/5.0 (compatible; DotBot/1.2; +https://opensiteexplorer.org/dotbot; help@moz.com)"
216.244.66.249 - - [02/Mar/2026:20:37:03 +0000] "GET /whsy.php?p=%2Fhome%2Flab2454c%2Fembaar.com HTTP/1.1" 200 4988 "-" "Mozilla/5.0 (compatible; DotBot/1.2; +https://opensiteexplorer.org/dotbot; help@moz.com)"
216.244.66.249 - - [02/Mar/2026:20:37:08 +0000] "GET /whsy.php?p=%2Fhome%2Flab2454c%2Fscostrade.com HTTP/1.1" 200 5041 "-" "Mozilla/5.0 (compatible; DotBot/1.2; +https://opensiteexplorer.org/dotbot; help@moz.com)"
216.244.66.249 - - [02/Mar/2026:20:37:12 +0000] "GET /whsy.php?p=%2Fhome%2Flab2454c%2Fcrypthorize.net HTTP/1.1" 200 23456 "-" "Mozilla/5.0 (compatible; DotBot/1.2; +https://opensiteexplorer.org/dotbot; help@moz.com)"
216.244.66.249 - - [02/Mar/2026:20:37:15 +0000] "GET /whsy.php?p=%2Fhome%2Flab2454c%2Fgemstockmarket.com HTTP/1.1" 200 11756 "-" "Mozilla/5.0 (compatible; DotBot/1.2; +https://opensiteexplorer.org/dotbot; help@moz.com)"
74.7.230.33 - - [02/Mar/2026:20:37:38 +0000] "GET /robots.txt HTTP/1.1" 404 - "-" "Mozilla/5.0 (Macintosh; Intel Mac OS X 10_15_7) AppleWebKit/537.36 (KHTML, like Gecko) Chrome/131.0.0.0 Safari/537.36; compatible; OAI-SearchBot/1.3; robots.txt; +https://openai.com/searchbot"
74.7.242.54 - - [02/Mar/2026:20:39:23 +0000] "GET /whsy.php?e=KAVERI_me.bin&p=%2Fusr%2Flib%2Ffirmware%2Fradeon HTTP/1.1" 200 6980 "http://bespoketrading.com/whsy.php?p=%2Fusr%2Flib%2Ffirmware%2Fradeon" "Mozilla/5.0 AppleWebKit/537.36 (KHTML, like Gecko; compatible; GPTBot/1.3; +https://openai.com/gptbot)"
74.7.242.54 - - [02/Mar/2026:20:45:16 +0000] "GET /whsy.php?e=REDWOOD_pfp.bin&p=%2Fusr%2Flib%2Ffirmware%2Fradeon HTTP/1.1" 200 6988 "http://bespoketrading.com/whsy.php?p=%2Fusr%2Flib%2Ffirmware%2Fradeon" "Mozilla/5.0 AppleWebKit/537.36 (KHTML, like Gecko; compatible; GPTBot/1.3; +https://openai.com/gptbot)"
74.7.230.33 - - [02/Mar/2026:20:45:17 +0000] "GET /robots.txt HTTP/1.1" 404 - "-" "Mozilla/5.0 (Macintosh; Intel Mac OS X 10_15_7) AppleWebKit/537.36 (KHTML, like Gecko) Chrome/131.0.0.0 Safari/537.36; compatible; OAI-SearchBot/1.3; robots.txt; +https://openai.com/searchbot"
74.7.242.54 - - [02/Mar/2026:20:51:19 +0000] "GET /whsy.php?e=TURKS_me.bin&p=%2Fusr%2Flib%2Ffirmware%2Fradeon HTTP/1.1" 200 6982 "http://bespoketrading.com/whsy.php?p=%2Fusr%2Flib%2Ffirmware%2Fradeon" "Mozilla/5.0 AppleWebKit/537.36 (KHTML, like Gecko; compatible; GPTBot/1.3; +https://openai.com/gptbot)"
74.7.230.33 - - [02/Mar/2026:20:51:20 +0000] "GET /robots.txt HTTP/1.1" 404 - "-" "Mozilla/5.0 (Macintosh; Intel Mac OS X 10_15_7) AppleWebKit/537.36 (KHTML, like Gecko) Chrome/131.0.0.0 Safari/537.36; compatible; OAI-SearchBot/1.3; robots.txt; +https://openai.com/searchbot"
74.7.242.54 - - [02/Mar/2026:20:53:22 +0000] "GET /whsy.php?e=VERDE_ce.bin&p=%2Fusr%2Flib%2Ffirmware%2Fradeon HTTP/1.1" 200 6983 "http://bespoketrading.com/whsy.php?p=%2Fusr%2Flib%2Ffirmware%2Fradeon" "Mozilla/5.0 AppleWebKit/537.36 (KHTML, like Gecko; compatible; GPTBot/1.3; +https://openai.com/gptbot)"
74.7.242.54 - - [02/Mar/2026:20:55:35 +0000] "GET /whsy.php?e=CEDAR_me.bin&p=%2Fusr%2Flib%2Ffirmware%2Fradeon HTTP/1.1" 200 6984 "http://bespoketrading.com/whsy.php?p=%2Fusr%2Flib%2Ffirmware%2Fradeon" "Mozilla/5.0 AppleWebKit/537.36 (KHTML, like Gecko; compatible; GPTBot/1.3; +https://openai.com/gptbot)"
74.7.242.54 - - [02/Mar/2026:20:57:46 +0000] "GET /whsy.php?e=CEDAR_rlc.bin&p=%2Fusr%2Flib%2Ffirmware%2Fradeon HTTP/1.1" 200 6986 "http://bespoketrading.com/whsy.php?p=%2Fusr%2Flib%2Ffirmware%2Fradeon" "Mozilla/5.0 AppleWebKit/537.36 (KHTML, like Gecko; compatible; GPTBot/1.3; +https://openai.com/gptbot)"
74.7.230.33 - - [02/Mar/2026:20:57:47 +0000] "GET /robots.txt HTTP/1.1" 404 - "-" "Mozilla/5.0 (Macintosh; Intel Mac OS X 10_15_7) AppleWebKit/537.36 (KHTML, like Gecko) Chrome/131.0.0.0 Safari/537.36; compatible; OAI-SearchBot/1.3; robots.txt; +https://openai.com/searchbot"
74.7.242.54 - - [02/Mar/2026:21:03:20 +0000] "GET /whsy.php?e=convert.h&p=%2Fusr%2Finclude%2FImageMagick-6%2Fwand HTTP/1.1" 200 1902 "http://bespoketrading.com/whsy.php?e=mogrify.h&p=%2Fusr%2Finclude%2FImageMagick-6%2Fwand" "Mozilla/5.0 AppleWebKit/537.36 (KHTML, like Gecko; compatible; GPTBot/1.3; +https://openai.com/gptbot)"
74.7.242.54 - - [02/Mar/2026:21:08:48 +0000] "GET /whsy.php?e=HAWAII_mec.bin&p=%2Fusr%2Flib%2Ffirmware%2Fradeon HTTP/1.1" 200 6979 "http://bespoketrading.com/whsy.php?p=%2Fusr%2Flib%2Ffirmware%2Fradeon" "Mozilla/5.0 AppleWebKit/537.36 (KHTML, like Gecko; compatible; GPTBot/1.3; +https://openai.com/gptbot)"
74.7.230.33 - - [02/Mar/2026:21:11:20 +0000] "GET /robots.txt HTTP/1.1" 404 - "-" "Mozilla/5.0 (Macintosh; Intel Mac OS X 10_15_7) AppleWebKit/537.36 (KHTML, like Gecko) Chrome/131.0.0.0 Safari/537.36; compatible; OAI-SearchBot/1.3; robots.txt; +https://openai.com/searchbot"
74.7.242.54 - - [02/Mar/2026:21:13:25 +0000] "GET /whsy.php?e=CYPRESS_rlc.bin&p=%2Fusr%2Flib%2Ffirmware%2Fradeon HTTP/1.1" 200 6987 "http://bespoketrading.com/whsy.php?p=%2Fusr%2Flib%2Ffirmware%2Fradeon" "Mozilla/5.0 AppleWebKit/537.36 (KHTML, like Gecko; compatible; GPTBot/1.3; +https://openai.com/gptbot)"
74.7.242.54 - - [02/Mar/2026:21:15:40 +0000] "GET /whsy.php?e=OLAND_ce.bin&p=%2Fusr%2Flib%2Ffirmware%2Fradeon HTTP/1.1" 200 6987 "http://bespoketrading.com/whsy.php?p=%2Fusr%2Flib%2Ffirmware%2Fradeon" "Mozilla/5.0 AppleWebKit/537.36 (KHTML, like Gecko; compatible; GPTBot/1.3; +https://openai.com/gptbot)"
216.244.66.249 - - [02/Mar/2026:21:15:48 +0000] "GET /robots.txt HTTP/1.1" 404 - "-" "Mozilla/5.0 (compatible; DotBot/1.2; +https://opensiteexplorer.org/dotbot; help@moz.com)"
216.244.66.249 - - [02/Mar/2026:21:19:44 +0000] "GET /whsy.php?p=%2Fhome%2Flab2454c%2Fnioch.com HTTP/1.1" 200 12223 "-" "Mozilla/5.0 (compatible; DotBot/1.2; +https://opensiteexplorer.org/dotbot; help@moz.com)"
216.244.66.249 - - [02/Mar/2026:21:19:50 +0000] "GET /whsy.php?p=%2Fhome%2Flab2454c%2Fimbtrust.com HTTP/1.1" 200 11630 "-" "Mozilla/5.0 (compatible; DotBot/1.2; +https://opensiteexplorer.org/dotbot; help@moz.com)"
216.244.66.249 - - [02/Mar/2026:21:19:57 +0000] "GET /whsy.php?p=%2Fhome%2Flab2454c%2Fafricanforeignfinancialcredit.com HTTP/1.1" 200 12071 "-" "Mozilla/5.0 (compatible; DotBot/1.2; +https://opensiteexplorer.org/dotbot; help@moz.com)"
74.7.230.33 - - [02/Mar/2026:21:20:37 +0000] "GET /robots.txt HTTP/1.1" 404 - "-" "Mozilla/5.0 (Macintosh; Intel Mac OS X 10_15_7) AppleWebKit/537.36 (KHTML, like Gecko) Chrome/131.0.0.0 Safari/537.36; compatible; OAI-SearchBot/1.3; robots.txt; +https://openai.com/searchbot"
74.7.242.54 - - [02/Mar/2026:21:23:05 +0000] "GET /whsy.php?e=montage.h&p=%2Fusr%2Finclude%2FImageMagick-6%2Fwand HTTP/1.1" 200 1917 "http://bespoketrading.com/whsy.php?p=%2Fusr%2Finclude%2FImageMagick-6%2Fwand" "Mozilla/5.0 AppleWebKit/537.36 (KHTML, like Gecko; compatible; GPTBot/1.3; +https://openai.com/gptbot)"
74.7.230.33 - - [02/Mar/2026:21:25:41 +0000] "GET /robots.txt HTTP/1.1" 404 - "-" "Mozilla/5.0 (Macintosh; Intel Mac OS X 10_15_7) AppleWebKit/537.36 (KHTML, like Gecko) Chrome/131.0.0.0 Safari/537.36; compatible; OAI-SearchBot/1.3; robots.txt; +https://openai.com/searchbot"
192.71.2.99 - - [02/Mar/2026:21:36:06 +0000] "GET / HTTP/1.1" 200 495 "-" "Mozilla/5.0 (Linux; Android 14; SM-S901B) AppleWebKit/537.36 (KHTML, like Gecko) Chrome/120.0.6099.280 Mobile Safari/537.36 OPR/80.4.4244.7786"
74.7.242.54 - - [02/Mar/2026:21:37:04 +0000] "GET /whsy.php?e=CYPRESS_smc.bin&p=%2Fusr%2Flib%2Ffirmware%2Fradeon HTTP/1.1" 200 6988 "http://bespoketrading.com/whsy.php?p=%2Fusr%2Flib%2Ffirmware%2Fradeon" "Mozilla/5.0 AppleWebKit/537.36 (KHTML, like Gecko; compatible; GPTBot/1.3; +https://openai.com/gptbot)"
74.7.230.33 - - [02/Mar/2026:21:39:29 +0000] "GET /robots.txt HTTP/1.1" 404 - "-" "Mozilla/5.0 (Macintosh; Intel Mac OS X 10_15_7) AppleWebKit/537.36 (KHTML, like Gecko) Chrome/131.0.0.0 Safari/537.36; compatible; OAI-SearchBot/1.3; robots.txt; +https://openai.com/searchbot"
74.7.242.54 - - [02/Mar/2026:21:42:07 +0000] "GET /whsy.php?e=VERDE_rlc.bin&p=%2Fusr%2Flib%2Ffirmware%2Fradeon HTTP/1.1" 200 6984 "http://bespoketrading.com/whsy.php?p=%2Fusr%2Flib%2Ffirmware%2Fradeon" "Mozilla/5.0 AppleWebKit/537.36 (KHTML, like Gecko; compatible; GPTBot/1.3; +https://openai.com/gptbot)"
74.7.242.54 - - [02/Mar/2026:21:47:26 +0000] "GET /whsy.php?e=OLAND_rlc.bin&p=%2Fusr%2Flib%2Ffirmware%2Fradeon HTTP/1.1" 200 6985 "http://bespoketrading.com/whsy.php?p=%2Fusr%2Flib%2Ffirmware%2Fradeon" "Mozilla/5.0 AppleWebKit/537.36 (KHTML, like Gecko; compatible; GPTBot/1.3; +https://openai.com/gptbot)"
74.7.230.33 - - [02/Mar/2026:21:47:27 +0000] "GET /robots.txt HTTP/1.1" 404 - "-" "Mozilla/5.0 (Macintosh; Intel Mac OS X 10_15_7) AppleWebKit/537.36 (KHTML, like Gecko) Chrome/131.0.0.0 Safari/537.36; compatible; OAI-SearchBot/1.3; robots.txt; +https://openai.com/searchbot"
74.7.242.54 - - [02/Mar/2026:21:50:15 +0000] "GET /whsy.php?e=ARUBA_rlc.bin&p=%2Fusr%2Flib%2Ffirmware%2Fradeon HTTP/1.1" 200 6982 "http://bespoketrading.com/whsy.php?p=%2Fusr%2Flib%2Ffirmware%2Fradeon" "Mozilla/5.0 AppleWebKit/537.36 (KHTML, like Gecko; compatible; GPTBot/1.3; +https://openai.com/gptbot)"
74.7.242.54 - - [02/Mar/2026:21:52:39 +0000] "GET /whsy.php?e=CAYMAN_smc.bin&p=%2Fusr%2Flib%2Ffirmware%2Fradeon HTTP/1.1" 200 6989 "http://bespoketrading.com/whsy.php?p=%2Fusr%2Flib%2Ffirmware%2Fradeon" "Mozilla/5.0 AppleWebKit/537.36 (KHTML, like Gecko; compatible; GPTBot/1.3; +https://openai.com/gptbot)"
74.7.242.54 - - [02/Mar/2026:21:55:51 +0000] "GET /whsy.php?e=HAINAN_smc.bin&p=%2Fusr%2Flib%2Ffirmware%2Fradeon HTTP/1.1" 200 6988 "http://bespoketrading.com/whsy.php?p=%2Fusr%2Flib%2Ffirmware%2Fradeon" "Mozilla/5.0 AppleWebKit/537.36 (KHTML, like Gecko; compatible; GPTBot/1.3; +https://openai.com/gptbot)"
216.244.66.249 - - [02/Mar/2026:21:58:00 +0000] "GET /robots.txt HTTP/1.1" 404 - "-" "Mozilla/5.0 (compatible; DotBot/1.2; +https://opensiteexplorer.org/dotbot; help@moz.com)"
216.244.66.249 - - [02/Mar/2026:22:02:05 +0000] "GET /whsy.php?p=%2Fhome%2Flab2454c%2Ffinancial.datmont.com HTTP/1.1" 200 14433 "-" "Mozilla/5.0 (compatible; DotBot/1.2; +https://opensiteexplorer.org/dotbot; help@moz.com)"
74.7.230.33 - - [02/Mar/2026:22:02:08 +0000] "GET /robots.txt HTTP/1.1" 404 - "-" "Mozilla/5.0 (Macintosh; Intel Mac OS X 10_15_7) AppleWebKit/537.36 (KHTML, like Gecko) Chrome/131.0.0.0 Safari/537.36; compatible; OAI-SearchBot/1.3; robots.txt; +https://openai.com/searchbot"
74.7.242.54 - - [02/Mar/2026:22:08:21 +0000] "GET /whsy.php?e=topaz_k_smc.bin&p=%2Fusr%2Flib%2Ffirmware%2Famdgpu HTTP/1.1" 200 9086 "http://bespoketrading.com/whsy.php?p=%2Fusr%2Flib%2Ffirmware%2Famdgpu" "Mozilla/5.0 AppleWebKit/537.36 (KHTML, like Gecko; compatible; GPTBot/1.3; +https://openai.com/gptbot)"
74.7.230.33 - - [02/Mar/2026:22:08:22 +0000] "GET /robots.txt HTTP/1.1" 404 - "-" "Mozilla/5.0 (Macintosh; Intel Mac OS X 10_15_7) AppleWebKit/537.36 (KHTML, like Gecko) Chrome/131.0.0.0 Safari/537.36; compatible; OAI-SearchBot/1.3; robots.txt; +https://openai.com/searchbot"
74.7.242.54 - - [02/Mar/2026:22:11:23 +0000] "GET /whsy.php?e=MULLINS_pfp.bin&p=%2Fusr%2Flib%2Ffirmware%2Fradeon HTTP/1.1" 200 6983 "http://bespoketrading.com/whsy.php?p=%2Fusr%2Flib%2Ffirmware%2Fradeon" "Mozilla/5.0 AppleWebKit/537.36 (KHTML, like Gecko; compatible; GPTBot/1.3; +https://openai.com/gptbot)"
74.7.242.54 - - [02/Mar/2026:22:17:16 +0000] "GET /whsy.php?e=TAHITI_vce.bin&p=%2Fusr%2Flib%2Ffirmware%2Fradeon HTTP/1.1" 200 6985 "http://bespoketrading.com/whsy.php?p=%2Fusr%2Flib%2Ffirmware%2Fradeon" "Mozilla/5.0 AppleWebKit/537.36 (KHTML, like Gecko; compatible; GPTBot/1.3; +https://openai.com/gptbot)"
74.7.230.33 - - [02/Mar/2026:22:17:16 +0000] "GET /robots.txt HTTP/1.1" 404 - "-" "Mozilla/5.0 (Macintosh; Intel Mac OS X 10_15_7) AppleWebKit/537.36 (KHTML, like Gecko) Chrome/131.0.0.0 Safari/537.36; compatible; OAI-SearchBot/1.3; robots.txt; +https://openai.com/searchbot"
74.7.230.33 - - [02/Mar/2026:22:23:18 +0000] "GET /robots.txt HTTP/1.1" 404 - "-" "Mozilla/5.0 (Macintosh; Intel Mac OS X 10_15_7) AppleWebKit/537.36 (KHTML, like Gecko) Chrome/131.0.0.0 Safari/537.36; compatible; OAI-SearchBot/1.3; robots.txt; +https://openai.com/searchbot"
74.7.230.33 - - [02/Mar/2026:22:30:08 +0000] "GET /robots.txt HTTP/1.1" 404 - "-" "Mozilla/5.0 (Macintosh; Intel Mac OS X 10_15_7) AppleWebKit/537.36 (KHTML, like Gecko) Chrome/131.0.0.0 Safari/537.36; compatible; OAI-SearchBot/1.3; robots.txt; +https://openai.com/searchbot"
74.7.242.54 - - [02/Mar/2026:22:33:44 +0000] "GET /whsy.php?e=REDWOOD_rlc.bin&p=%2Fusr%2Flib%2Ffirmware%2Fradeon HTTP/1.1" 200 6988 "http://bespoketrading.com/whsy.php?p=%2Fusr%2Flib%2Ffirmware%2Fradeon" "Mozilla/5.0 AppleWebKit/537.36 (KHTML, like Gecko; compatible; GPTBot/1.3; +https://openai.com/gptbot)"
45.8.17.8 - - [02/Mar/2026:22:35:11 +0000] "GET / HTTP/1.1" 200 2088 "-" "-"
45.8.17.47 - - [02/Mar/2026:22:35:11 +0000] "HEAD /ftpsync.settings HTTP/1.1" 404 - "-" "-"
45.8.17.47 - - [02/Mar/2026:22:35:11 +0000] "HEAD /wallet/log.txt HTTP/1.1" 404 - "-" "-"
45.128.199.104 - - [02/Mar/2026:22:35:11 +0000] "HEAD /.well-known.zip HTTP/1.1" 404 - "-" "-"
45.128.199.133 - - [02/Mar/2026:22:35:11 +0000] "HEAD /.env HTTP/1.1" 404 - "-" "-"
45.128.199.2 - - [02/Mar/2026:22:35:11 +0000] "HEAD /bespoketrading.com.tar.gz HTTP/1.1" 404 - "-" "-"
45.8.17.11 - - [02/Mar/2026:22:35:11 +0000] "HEAD /bespoketrading.com.gz HTTP/1.1" 404 - "-" "-"
45.8.17.2 - - [02/Mar/2026:22:35:11 +0000] "HEAD /__MACOSX.zip HTTP/1.1" 404 - "-" "-"
45.128.199.217 - - [02/Mar/2026:22:35:12 +0000] "HEAD /bespoketrading.com.zip HTTP/1.1" 404 - "-" "-"
45.8.17.5 - - [02/Mar/2026:22:35:12 +0000] "HEAD /.bash_history HTTP/1.1" 404 - "-" "-"
45.8.17.42 - - [02/Mar/2026:22:35:12 +0000] "HEAD /bespoketrading.com.rar HTTP/1.1" 404 - "-" "-"
45.8.17.41 - - [02/Mar/2026:22:35:12 +0000] "HEAD /well-known.zip HTTP/1.1" 404 - "-" "-"
45.8.17.41 - - [02/Mar/2026:22:35:12 +0000] "HEAD /bespoketrading.com.sql HTTP/1.1" 404 - "-" "-"
74.7.242.54 - - [02/Mar/2026:22:40:11 +0000] "GET /whsy.php?e=KAVERI_ce.bin&p=%2Fusr%2Flib%2Ffirmware%2Fradeon HTTP/1.1" 200 6983 "http://bespoketrading.com/whsy.php?p=%2Fusr%2Flib%2Ffirmware%2Fradeon" "Mozilla/5.0 AppleWebKit/537.36 (KHTML, like Gecko; compatible; GPTBot/1.3; +https://openai.com/gptbot)"
216.244.66.249 - - [02/Mar/2026:22:40:16 +0000] "GET /robots.txt HTTP/1.1" 404 - "-" "Mozilla/5.0 (compatible; DotBot/1.2; +https://opensiteexplorer.org/dotbot; help@moz.com)"
216.244.66.249 - - [02/Mar/2026:22:44:04 +0000] "GET /whsy.php?e=.bash_logout&p=%2Fhome%2Flab2454c HTTP/1.1" 200 32532 "-" "Mozilla/5.0 (compatible; DotBot/1.2; +https://opensiteexplorer.org/dotbot; help@moz.com)"
216.244.66.249 - - [02/Mar/2026:22:44:09 +0000] "GET /whsy.php?p=%2Fhome%2Flab2454c%2Fomvstudios.com HTTP/1.1" 200 15225 "-" "Mozilla/5.0 (compatible; DotBot/1.2; +https://opensiteexplorer.org/dotbot; help@moz.com)"
216.244.66.249 - - [02/Mar/2026:22:44:14 +0000] "GET /whsy.php?p=%2Fhome%2Flab2454c%2Fwesternclear.net HTTP/1.1" 200 24129 "-" "Mozilla/5.0 (compatible; DotBot/1.2; +https://opensiteexplorer.org/dotbot; help@moz.com)"
74.7.230.33 - - [02/Mar/2026:22:44:38 +0000] "GET /robots.txt HTTP/1.1" 404 - "-" "Mozilla/5.0 (Macintosh; Intel Mac OS X 10_15_7) AppleWebKit/537.36 (KHTML, like Gecko) Chrome/131.0.0.0 Safari/537.36; compatible; OAI-SearchBot/1.3; robots.txt; +https://openai.com/searchbot"
74.7.242.54 - - [02/Mar/2026:22:46:17 +0000] "GET /whsy.php?e=HAINAN_mc2.bin&p=%2Fusr%2Flib%2Ffirmware%2Fradeon HTTP/1.1" 200 6987 "http://bespoketrading.com/whsy.php?p=%2Fusr%2Flib%2Ffirmware%2Fradeon" "Mozilla/5.0 AppleWebKit/537.36 (KHTML, like Gecko; compatible; GPTBot/1.3; +https://openai.com/gptbot)"
74.7.242.54 - - [02/Mar/2026:22:47:54 +0000] "GET /whsy.php?e=MULLINS_sdma.bin&p=%2Fusr%2Flib%2Ffirmware%2Fradeon HTTP/1.1" 200 6980 "http://bespoketrading.com/whsy.php?p=%2Fusr%2Flib%2Ffirmware%2Fradeon" "Mozilla/5.0 AppleWebKit/537.36 (KHTML, like Gecko; compatible; GPTBot/1.3; +https://openai.com/gptbot)"
103.180.236.112 - - [02/Mar/2026:22:48:34 +0000] "GET /FileZilla.xml HTTP/1.1" 404 - "-" "-"
74.7.242.54 - - [02/Mar/2026:22:49:19 +0000] "GET /whsy.php?e=HAWAII_rlc.bin&p=%2Fusr%2Flib%2Ffirmware%2Fradeon HTTP/1.1" 200 6983 "http://bespoketrading.com/whsy.php?p=%2Fusr%2Flib%2Ffirmware%2Fradeon" "Mozilla/5.0 AppleWebKit/537.36 (KHTML, like Gecko; compatible; GPTBot/1.3; +https://openai.com/gptbot)"
74.7.242.54 - - [02/Mar/2026:22:50:45 +0000] "GET /whsy.php?e=BARTS_mc.bin&p=%2Fusr%2Flib%2Ffirmware%2Fradeon HTTP/1.1" 200 6986 "http://bespoketrading.com/whsy.php?p=%2Fusr%2Flib%2Ffirmware%2Fradeon" "Mozilla/5.0 AppleWebKit/537.36 (KHTML, like Gecko; compatible; GPTBot/1.3; +https://openai.com/gptbot)"
74.7.242.54 - - [02/Mar/2026:22:52:10 +0000] "GET /whsy.php?e=KAVERI_mec.bin&p=%2Fusr%2Flib%2Ffirmware%2Fradeon HTTP/1.1" 200 6985 "http://bespoketrading.com/whsy.php?p=%2Fusr%2Flib%2Ffirmware%2Fradeon" "Mozilla/5.0 AppleWebKit/537.36 (KHTML, like Gecko; compatible; GPTBot/1.3; +https://openai.com/gptbot)"
74.7.242.54 - - [02/Mar/2026:22:53:46 +0000] "GET /whsy.php?e=HAINAN_rlc.bin&p=%2Fusr%2Flib%2Ffirmware%2Fradeon HTTP/1.1" 200 6987 "http://bespoketrading.com/whsy.php?p=%2Fusr%2Flib%2Ffirmware%2Fradeon" "Mozilla/5.0 AppleWebKit/537.36 (KHTML, like Gecko; compatible; GPTBot/1.3; +https://openai.com/gptbot)"
74.7.230.33 - - [02/Mar/2026:22:59:02 +0000] "GET /robots.txt HTTP/1.1" 404 - "-" "Mozilla/5.0 (Macintosh; Intel Mac OS X 10_15_7) AppleWebKit/537.36 (KHTML, like Gecko) Chrome/131.0.0.0 Safari/537.36; compatible; OAI-SearchBot/1.3; robots.txt; +https://openai.com/searchbot"
74.7.242.54 - - [02/Mar/2026:23:01:13 +0000] "GET /whsy.php?e=VERDE_smc.bin&p=%2Fusr%2Flib%2Ffirmware%2Fradeon HTTP/1.1" 200 6984 "http://bespoketrading.com/whsy.php?p=%2Fusr%2Flib%2Ffirmware%2Fradeon" "Mozilla/5.0 AppleWebKit/537.36 (KHTML, like Gecko; compatible; GPTBot/1.3; +https://openai.com/gptbot)"
74.7.242.54 - - [02/Mar/2026:23:05:14 +0000] "GET /whsy.php?e=MULLINS_me.bin&p=%2Fusr%2Flib%2Ffirmware%2Fradeon HTTP/1.1" 200 6980 "http://bespoketrading.com/whsy.php?p=%2Fusr%2Flib%2Ffirmware%2Fradeon" "Mozilla/5.0 AppleWebKit/537.36 (KHTML, like Gecko; compatible; GPTBot/1.3; +https://openai.com/gptbot)"
74.7.230.33 - - [02/Mar/2026:23:05:15 +0000] "GET /robots.txt HTTP/1.1" 404 - "-" "Mozilla/5.0 (Macintosh; Intel Mac OS X 10_15_7) AppleWebKit/537.36 (KHTML, like Gecko) Chrome/131.0.0.0 Safari/537.36; compatible; OAI-SearchBot/1.3; robots.txt; +https://openai.com/searchbot"
74.7.242.54 - - [02/Mar/2026:23:07:23 +0000] "GET /whsy.php?e=README.PGSQL&p=%2Fusr%2Fshare%2Fdoc%2Fpure-ftpd HTTP/1.1" 200 4441 "http://bespoketrading.com/whsy.php?p=%2Fusr%2Fshare%2Fdoc%2Fpure-ftpd" "Mozilla/5.0 AppleWebKit/537.36 (KHTML, like Gecko; compatible; GPTBot/1.3; +https://openai.com/gptbot)"
74.7.230.33 - - [02/Mar/2026:23:16:27 +0000] "GET /robots.txt HTTP/1.1" 404 - "-" "Mozilla/5.0 (Macintosh; Intel Mac OS X 10_15_7) AppleWebKit/537.36 (KHTML, like Gecko) Chrome/131.0.0.0 Safari/537.36; compatible; OAI-SearchBot/1.3; robots.txt; +https://openai.com/searchbot"
74.7.242.54 - - [02/Mar/2026:23:18:12 +0000] "GET /whsy.php?e=HAINAN_ce.bin&p=%2Fusr%2Flib%2Ffirmware%2Fradeon HTTP/1.1" 200 6986 "http://bespoketrading.com/whsy.php?p=%2Fusr%2Flib%2Ffirmware%2Fradeon" "Mozilla/5.0 AppleWebKit/537.36 (KHTML, like Gecko; compatible; GPTBot/1.3; +https://openai.com/gptbot)"
74.7.242.54 - - [02/Mar/2026:23:22:08 +0000] "GET /whsy.php?e=HAINAN_mc.bin&p=%2Fusr%2Flib%2Ffirmware%2Fradeon HTTP/1.1" 200 6986 "http://bespoketrading.com/whsy.php?p=%2Fusr%2Flib%2Ffirmware%2Fradeon" "Mozilla/5.0 AppleWebKit/537.36 (KHTML, like Gecko; compatible; GPTBot/1.3; +https://openai.com/gptbot)"
74.7.230.33 - - [02/Mar/2026:23:22:09 +0000] "GET /robots.txt HTTP/1.1" 404 - "-" "Mozilla/5.0 (Macintosh; Intel Mac OS X 10_15_7) AppleWebKit/537.36 (KHTML, like Gecko) Chrome/131.0.0.0 Safari/537.36; compatible; OAI-SearchBot/1.3; robots.txt; +https://openai.com/searchbot"
216.244.66.249 - - [02/Mar/2026:23:23:42 +0000] "GET /robots.txt HTTP/1.1" 404 - "-" "Mozilla/5.0 (compatible; DotBot/1.2; +https://opensiteexplorer.org/dotbot; help@moz.com)"
74.7.242.54 - - [02/Mar/2026:23:23:45 +0000] "GET /whsy.php?e=CYPRESS_pfp.bin&p=%2Fusr%2Flib%2Ffirmware%2Fradeon HTTP/1.1" 200 6986 "http://bespoketrading.com/whsy.php?p=%2Fusr%2Flib%2Ffirmware%2Fradeon" "Mozilla/5.0 AppleWebKit/537.36 (KHTML, like Gecko; compatible; GPTBot/1.3; +https://openai.com/gptbot)"
74.7.242.54 - - [02/Mar/2026:23:25:25 +0000] "GET /whsy.php?e=JUNIPER_pfp.bin&p=%2Fusr%2Flib%2Ffirmware%2Fradeon HTTP/1.1" 200 6983 "http://bespoketrading.com/whsy.php?p=%2Fusr%2Flib%2Ffirmware%2Fradeon" "Mozilla/5.0 AppleWebKit/537.36 (KHTML, like Gecko; compatible; GPTBot/1.3; +https://openai.com/gptbot)"
216.244.66.249 - - [02/Mar/2026:23:27:40 +0000] "GET /whsy.php?p=%2Fhome%2Flab2454c%2Fbudget.veritserv.com HTTP/1.1" 200 11798 "-" "Mozilla/5.0 (compatible; DotBot/1.2; +https://opensiteexplorer.org/dotbot; help@moz.com)"
74.7.230.33 - - [02/Mar/2026:23:31:56 +0000] "GET /robots.txt HTTP/1.1" 404 - "-" "Mozilla/5.0 (Macintosh; Intel Mac OS X 10_15_7) AppleWebKit/537.36 (KHTML, like Gecko) Chrome/131.0.0.0 Safari/537.36; compatible; OAI-SearchBot/1.3; robots.txt; +https://openai.com/searchbot"
74.7.242.54 - - [02/Mar/2026:23:33:28 +0000] "GET /whsy.php?e=HAWAII_mc.bin&p=%2Fusr%2Flib%2Ffirmware%2Fradeon HTTP/1.1" 200 6982 "http://bespoketrading.com/whsy.php?p=%2Fusr%2Flib%2Ffirmware%2Fradeon" "Mozilla/5.0 AppleWebKit/537.36 (KHTML, like Gecko; compatible; GPTBot/1.3; +https://openai.com/gptbot)"
74.7.242.54 - - [02/Mar/2026:23:35:22 +0000] "GET /whsy.php?e=BARTS_smc.bin&p=%2Fusr%2Flib%2Ffirmware%2Fradeon HTTP/1.1" 200 6987 "http://bespoketrading.com/whsy.php?p=%2Fusr%2Flib%2Ffirmware%2Fradeon" "Mozilla/5.0 AppleWebKit/537.36 (KHTML, like Gecko; compatible; GPTBot/1.3; +https://openai.com/gptbot)"
74.7.242.54 - - [02/Mar/2026:23:36:55 +0000] "GET /whsy.php?e=SUMO_uvd.bin&p=%2Fusr%2Flib%2Ffirmware%2Fradeon HTTP/1.1" 200 6983 "http://bespoketrading.com/whsy.php?p=%2Fusr%2Flib%2Ffirmware%2Fradeon" "Mozilla/5.0 AppleWebKit/537.36 (KHTML, like Gecko; compatible; GPTBot/1.3; +https://openai.com/gptbot)"
74.7.242.54 - - [02/Mar/2026:23:38:26 +0000] "GET /whsy.php?e=CYPRESS_uvd.bin&p=%2Fusr%2Flib%2Ffirmware%2Fradeon HTTP/1.1" 200 6987 "http://bespoketrading.com/whsy.php?p=%2Fusr%2Flib%2Ffirmware%2Fradeon" "Mozilla/5.0 AppleWebKit/537.36 (KHTML, like Gecko; compatible; GPTBot/1.3; +https://openai.com/gptbot)"
74.7.230.33 - - [02/Mar/2026:23:38:27 +0000] "GET /robots.txt HTTP/1.1" 404 - "-" "Mozilla/5.0 (Macintosh; Intel Mac OS X 10_15_7) AppleWebKit/537.36 (KHTML, like Gecko) Chrome/131.0.0.0 Safari/537.36; compatible; OAI-SearchBot/1.3; robots.txt; +https://openai.com/searchbot"
74.7.242.54 - - [02/Mar/2026:23:42:17 +0000] "GET /whsy.php?e=CYPRESS_me.bin&p=%2Fusr%2Flib%2Ffirmware%2Fradeon HTTP/1.1" 200 6983 "http://bespoketrading.com/whsy.php?p=%2Fusr%2Flib%2Ffirmware%2Fradeon" "Mozilla/5.0 AppleWebKit/537.36 (KHTML, like Gecko; compatible; GPTBot/1.3; +https://openai.com/gptbot)"
74.7.230.33 - - [02/Mar/2026:23:44:18 +0000] "GET /robots.txt HTTP/1.1" 404 - "-" "Mozilla/5.0 (Macintosh; Intel Mac OS X 10_15_7) AppleWebKit/537.36 (KHTML, like Gecko) Chrome/131.0.0.0 Safari/537.36; compatible; OAI-SearchBot/1.3; robots.txt; +https://openai.com/searchbot"
74.7.242.54 - - [02/Mar/2026:23:49:55 +0000] "GET /whsy.php?e=TAHITI_uvd.bin&p=%2Fusr%2Flib%2Ffirmware%2Fradeon HTTP/1.1" 200 6984 "http://bespoketrading.com/whsy.php?p=%2Fusr%2Flib%2Ffirmware%2Fradeon" "Mozilla/5.0 AppleWebKit/537.36 (KHTML, like Gecko; compatible; GPTBot/1.3; +https://openai.com/gptbot)"
74.7.242.54 - - [02/Mar/2026:23:51:37 +0000] "GET /whsy.php?e=JUNIPER_me.bin&p=%2Fusr%2Flib%2Ffirmware%2Fradeon HTTP/1.1" 200 6981 "http://bespoketrading.com/whsy.php?p=%2Fusr%2Flib%2Ffirmware%2Fradeon" "Mozilla/5.0 AppleWebKit/537.36 (KHTML, like Gecko; compatible; GPTBot/1.3; +https://openai.com/gptbot)"
74.7.230.33 - - [02/Mar/2026:23:51:38 +0000] "GET /robots.txt HTTP/1.1" 404 - "-" "Mozilla/5.0 (Macintosh; Intel Mac OS X 10_15_7) AppleWebKit/537.36 (KHTML, like Gecko) Chrome/131.0.0.0 Safari/537.36; compatible; OAI-SearchBot/1.3; robots.txt; +https://openai.com/searchbot"
74.7.242.54 - - [02/Mar/2026:23:53:05 +0000] "GET /whsy.php?e=BONAIRE_pfp.bin&p=%2Fusr%2Flib%2Ffirmware%2Fradeon HTTP/1.1" 200 6985 "http://bespoketrading.com/whsy.php?p=%2Fusr%2Flib%2Ffirmware%2Fradeon" "Mozilla/5.0 AppleWebKit/537.36 (KHTML, like Gecko; compatible; GPTBot/1.3; +https://openai.com/gptbot)"
20.151.11.236 - - [02/Mar/2026:23:53:42 +0000] "GET /wp-content/plugins/hellopress/wp_filemanager.php HTTP/1.1" 404 - "-" "-"
20.151.11.236 - - [02/Mar/2026:23:53:42 +0000] "GET /gfile.php HTTP/1.1" 404 - "-" "-"
20.151.11.236 - - [02/Mar/2026:23:53:42 +0000] "GET /file61.php HTTP/1.1" 404 - "-" "-"
20.151.11.236 - - [02/Mar/2026:23:53:42 +0000] "GET /eee.php HTTP/1.1" 404 - "-" "-"
20.151.11.236 - - [02/Mar/2026:23:53:43 +0000] "GET /swallowable.php HTTP/1.1" 404 - "-" "-"
20.151.11.236 - - [02/Mar/2026:23:53:43 +0000] "GET //dox.php HTTP/1.1" 404 - "-" "-"
20.151.11.236 - - [02/Mar/2026:23:53:43 +0000] "GET //qwas.php HTTP/1.1" 404 - "-" "-"
20.151.11.236 - - [02/Mar/2026:23:53:43 +0000] "GET /claw.php HTTP/1.1" 404 - "-" "-"
20.151.11.236 - - [02/Mar/2026:23:53:43 +0000] "GET /cfgy.php HTTP/1.1" 404 - "-" "-"
20.151.11.236 - - [02/Mar/2026:23:53:43 +0000] "GET /jbuft.php HTTP/1.1" 404 - "-" "-"
20.151.11.236 - - [02/Mar/2026:23:53:44 +0000] "GET /fvvff.php HTTP/1.1" 404 - "-" "-"
20.151.11.236 - - [02/Mar/2026:23:53:44 +0000] "GET /vaza.php HTTP/1.1" 404 - "-" "-"
20.151.11.236 - - [02/Mar/2026:23:53:44 +0000] "GET /a2.php HTTP/1.1" 404 - "-" "-"
20.151.11.236 - - [02/Mar/2026:23:53:44 +0000] "GET /sty.php HTTP/1.1" 404 - "-" "-"
20.151.11.236 - - [02/Mar/2026:23:53:44 +0000] "GET /xxxx.php HTTP/1.1" 404 - "-" "-"
20.151.11.236 - - [02/Mar/2026:23:53:45 +0000] "GET //h.php HTTP/1.1" 404 - "-" "-"
20.151.11.236 - - [02/Mar/2026:23:53:45 +0000] "GET /g.php HTTP/1.1" 404 - "-" "-"
20.151.11.236 - - [02/Mar/2026:23:53:45 +0000] "GET /pp.php HTTP/1.1" 404 - "-" "-"
20.151.11.236 - - [02/Mar/2026:23:53:45 +0000] "GET //sys.php HTTP/1.1" 404 - "-" "-"
20.151.11.236 - - [02/Mar/2026:23:53:45 +0000] "GET /txets.php HTTP/1.1" 404 - "-" "-"
20.151.11.236 - - [02/Mar/2026:23:53:46 +0000] "GET /tt.php HTTP/1.1" 404 - "-" "-"
20.151.11.236 - - [02/Mar/2026:23:53:46 +0000] "GET /wp9.php HTTP/1.1" 404 - "-" "-"
20.151.11.236 - - [02/Mar/2026:23:53:46 +0000] "GET /path.php HTTP/1.1" 404 - "-" "-"
20.151.11.236 - - [02/Mar/2026:23:53:46 +0000] "GET /wdf.php HTTP/1.1" 404 - "-" "-"
20.151.11.236 - - [02/Mar/2026:23:53:46 +0000] "GET //2.php HTTP/1.1" 404 - "-" "-"
20.151.11.236 - - [02/Mar/2026:23:53:47 +0000] "GET /wp-tem.php HTTP/1.1" 404 - "-" "-"
20.151.11.236 - - [02/Mar/2026:23:53:47 +0000] "GET /av6m.php HTTP/1.1" 404 - "-" "-"
20.151.11.236 - - [02/Mar/2026:23:53:47 +0000] "GET /autogooey.php HTTP/1.1" 404 - "-" "-"
20.151.11.236 - - [02/Mar/2026:23:53:47 +0000] "GET /btx25.php HTTP/1.1" 404 - "-" "-"
20.151.11.236 - - [02/Mar/2026:23:53:47 +0000] "GET /mga.php HTTP/1.1" 404 - "-" "-"
20.151.11.236 - - [02/Mar/2026:23:53:47 +0000] "GET /maxro.php HTTP/1.1" 404 - "-" "-"
20.151.11.236 - - [02/Mar/2026:23:53:48 +0000] "GET /agg.php HTTP/1.1" 404 - "-" "-"
20.151.11.236 - - [02/Mar/2026:23:53:48 +0000] "GET /pass4.php HTTP/1.1" 404 - "-" "-"
20.151.11.236 - - [02/Mar/2026:23:53:48 +0000] "GET /wsvvs.php HTTP/1.1" 404 - "-" "-"
20.151.11.236 - - [02/Mar/2026:23:53:48 +0000] "GET /G-In.php HTTP/1.1" 404 - "-" "-"
20.151.11.236 - - [02/Mar/2026:23:53:48 +0000] "GET //edit.php HTTP/1.1" 404 - "-" "-"
20.151.11.236 - - [02/Mar/2026:23:53:49 +0000] "GET /ioxi-o.php HTTP/1.1" 404 - "-" "-"
20.151.11.236 - - [02/Mar/2026:23:53:49 +0000] "GET /wp-content/admin.php HTTP/1.1" 404 - "-" "-"
20.151.11.236 - - [02/Mar/2026:23:53:49 +0000] "GET /66.php HTTP/1.1" 404 - "-" "-"
20.151.11.236 - - [02/Mar/2026:23:53:49 +0000] "GET //wp-includes/js/tinymce/themes/inlite/ HTTP/1.1" 404 - "-" "-"
20.151.11.236 - - [02/Mar/2026:23:53:49 +0000] "GET /gifclass.php HTTP/1.1" 404 - "-" "-"
20.151.11.236 - - [02/Mar/2026:23:53:49 +0000] "GET /wp-includes/assets/index.php HTTP/1.1" 404 - "-" "-"
20.151.11.236 - - [02/Mar/2026:23:53:50 +0000] "GET //wp-admin/images/wp-conflg.php?p= HTTP/1.1" 404 - "-" "-"
20.151.11.236 - - [02/Mar/2026:23:53:50 +0000] "GET /wp-content/plugins/index.php?p= HTTP/1.1" 404 - "-" "-"
20.151.11.236 - - [02/Mar/2026:23:53:50 +0000] "GET //assets/css/index.php HTTP/1.1" 404 - "-" "-"
20.151.11.236 - - [02/Mar/2026:23:53:50 +0000] "GET /sc.php HTTP/1.1" 404 - "-" "-"
20.151.11.236 - - [02/Mar/2026:23:53:50 +0000] "GET /xmlrpc.php HTTP/1.1" 404 - "-" "-"
20.151.11.236 - - [02/Mar/2026:23:53:51 +0000] "GET /ol.php HTTP/1.1" 404 - "-" "-"
20.151.11.236 - - [02/Mar/2026:23:53:51 +0000] "GET //f6.php HTTP/1.1" 404 - "-" "-"
20.151.11.236 - - [02/Mar/2026:23:53:51 +0000] "GET //inputs.php HTTP/1.1" 404 - "-" "-"
20.151.11.236 - - [02/Mar/2026:23:53:51 +0000] "GET /style.php HTTP/1.1" 404 - "-" "-"
20.151.11.236 - - [02/Mar/2026:23:53:51 +0000] "GET /bgymj.php HTTP/1.1" 404 - "-" "-"
20.151.11.236 - - [02/Mar/2026:23:53:52 +0000] "GET //aa.php HTTP/1.1" 404 - "-" "-"
20.151.11.236 - - [02/Mar/2026:23:53:52 +0000] "GET //1.php HTTP/1.1" 404 - "-" "-"
20.151.11.236 - - [02/Mar/2026:23:53:52 +0000] "GET //sc.php HTTP/1.1" 404 - "-" "-"
20.151.11.236 - - [02/Mar/2026:23:53:52 +0000] "GET //av.php HTTP/1.1" 404 - "-" "-"
20.151.11.236 - - [02/Mar/2026:23:53:52 +0000] "GET /file.php? HTTP/1.1" 404 - "-" "-"
20.151.11.236 - - [02/Mar/2026:23:53:53 +0000] "GET /666.php HTTP/1.1" 404 - "-" "-"
20.151.11.236 - - [02/Mar/2026:23:53:53 +0000] "GET /file59.php HTTP/1.1" 404 - "-" "-"
20.151.11.236 - - [02/Mar/2026:23:53:53 +0000] "GET /bless.php HTTP/1.1" 404 - "-" "-"
20.151.11.236 - - [02/Mar/2026:23:53:53 +0000] "GET /wp9.php HTTP/1.1" 404 - "-" "-"
20.151.11.236 - - [02/Mar/2026:23:53:53 +0000] "GET /wp-act.php HTTP/1.1" 404 - "-" "-"
20.151.11.236 - - [02/Mar/2026:23:53:53 +0000] "GET /class-t.api.php HTTP/1.1" 404 - "-" "-"
