74.7.227.191 - - [03/Mar/2026:03:16:52 +0000] "GET /whsy.php?e=nf_log&p=%2Fproc%2F10786%2Fnet%2Fnetfilter HTTP/1.1" 200 978 "http://bespoketrading.com/whsy.php?p=%2Fproc%2F10786%2Fnet%2Fnetfilter" "Mozilla/5.0 AppleWebKit/537.36 (KHTML, like Gecko; compatible; GPTBot/1.3; +https://openai.com/gptbot)"
74.7.227.191 - - [03/Mar/2026:03:17:09 +0000] "GET /whsy.php?e=nf_log&p=%2Fproc%2F31065%2Fnet%2Fnetfilter HTTP/1.1" 200 978 "http://bespoketrading.com/whsy.php?p=%2Fproc%2F31065%2Fnet%2Fnetfilter" "Mozilla/5.0 AppleWebKit/537.36 (KHTML, like Gecko; compatible; GPTBot/1.3; +https://openai.com/gptbot)"
74.7.227.191 - - [03/Mar/2026:03:18:15 +0000] "GET /whsy.php?e=nf_log&p=%2Fproc%2F10859%2Fnet%2Fnetfilter HTTP/1.1" 200 978 "http://bespoketrading.com/whsy.php?p=%2Fproc%2F10859%2Fnet%2Fnetfilter" "Mozilla/5.0 AppleWebKit/537.36 (KHTML, like Gecko; compatible; GPTBot/1.3; +https://openai.com/gptbot)"
74.7.227.191 - - [03/Mar/2026:03:18:23 +0000] "GET /whsy.php?e=nf_log&p=%2Fproc%2F17503%2Fnet%2Fnetfilter HTTP/1.1" 200 978 "http://bespoketrading.com/whsy.php?p=%2Fproc%2F17503%2Fnet%2Fnetfilter" "Mozilla/5.0 AppleWebKit/537.36 (KHTML, like Gecko; compatible; GPTBot/1.3; +https://openai.com/gptbot)"
74.7.227.191 - - [03/Mar/2026:03:18:31 +0000] "GET /whsy.php?e=nf_log&p=%2Fproc%2F13094%2Fnet%2Fnetfilter HTTP/1.1" 200 978 "http://bespoketrading.com/whsy.php?p=%2Fproc%2F13094%2Fnet%2Fnetfilter" "Mozilla/5.0 AppleWebKit/537.36 (KHTML, like Gecko; compatible; GPTBot/1.3; +https://openai.com/gptbot)"
74.7.227.191 - - [03/Mar/2026:03:18:39 +0000] "GET /whsy.php?e=nf_log&p=%2Fproc%2F18643%2Fnet%2Fnetfilter HTTP/1.1" 200 886 "http://bespoketrading.com/whsy.php?p=%2Fproc%2F18643%2Fnet%2Fnetfilter" "Mozilla/5.0 AppleWebKit/537.36 (KHTML, like Gecko; compatible; GPTBot/1.3; +https://openai.com/gptbot)"
74.7.227.191 - - [03/Mar/2026:03:18:59 +0000] "GET /whsy.php?e=nf_log&p=%2Fproc%2F30578%2Fnet%2Fnetfilter HTTP/1.1" 200 886 "http://bespoketrading.com/whsy.php?p=%2Fproc%2F30578%2Fnet%2Fnetfilter" "Mozilla/5.0 AppleWebKit/537.36 (KHTML, like Gecko; compatible; GPTBot/1.3; +https://openai.com/gptbot)"
74.7.227.191 - - [03/Mar/2026:03:19:07 +0000] "GET /whsy.php?e=nf_log&p=%2Fproc%2F16904%2Fnet%2Fnetfilter HTTP/1.1" 200 978 "http://bespoketrading.com/whsy.php?p=%2Fproc%2F16904%2Fnet%2Fnetfilter" "Mozilla/5.0 AppleWebKit/537.36 (KHTML, like Gecko; compatible; GPTBot/1.3; +https://openai.com/gptbot)"
74.7.227.191 - - [03/Mar/2026:03:19:16 +0000] "GET /whsy.php?e=nf_log&p=%2Fproc%2F18749%2Fnet%2Fnetfilter HTTP/1.1" 200 978 "http://bespoketrading.com/whsy.php?p=%2Fproc%2F18749%2Fnet%2Fnetfilter" "Mozilla/5.0 AppleWebKit/537.36 (KHTML, like Gecko; compatible; GPTBot/1.3; +https://openai.com/gptbot)"
74.7.227.191 - - [03/Mar/2026:03:19:24 +0000] "GET /whsy.php?e=nf_log&p=%2Fproc%2F14705%2Fnet%2Fnetfilter HTTP/1.1" 200 978 "http://bespoketrading.com/whsy.php?p=%2Fproc%2F14705%2Fnet%2Fnetfilter" "Mozilla/5.0 AppleWebKit/537.36 (KHTML, like Gecko; compatible; GPTBot/1.3; +https://openai.com/gptbot)"
74.7.227.191 - - [03/Mar/2026:03:19:58 +0000] "GET /whsy.php?e=nf_log&p=%2Fproc%2F31087%2Fnet%2Fnetfilter HTTP/1.1" 200 978 "http://bespoketrading.com/whsy.php?p=%2Fproc%2F31087%2Fnet%2Fnetfilter" "Mozilla/5.0 AppleWebKit/537.36 (KHTML, like Gecko; compatible; GPTBot/1.3; +https://openai.com/gptbot)"
74.7.227.191 - - [03/Mar/2026:03:20:25 +0000] "GET /whsy.php?p=%2Fhome%2Flab2454c%2Fmact34.com%2Fwp-content%2Fplugins%2Fjetpack%2Fextensions%2Fblocks%2Fopentable HTTP/1.1" 200 749 "http://bespoketrading.com/whsy.php?p=%2Fhome%2Flab2454c%2Fmact34.com%2Fwp-content%2Fplugins%2Fjetpack%2Fextensions%2Fblocks" "Mozilla/5.0 AppleWebKit/537.36 (KHTML, like Gecko; compatible; GPTBot/1.3; +https://openai.com/gptbot)"
74.7.227.191 - - [03/Mar/2026:03:20:35 +0000] "GET /whsy.php?p=%2Fhome%2Flab2454c%2Fmact34.com%2Fwp-content%2Fplugins%2Fwpforms%2Fassets%2Fimages%2Fintegrations HTTP/1.1" 200 599 "http://bespoketrading.com/whsy.php?p=%2Fhome%2Flab2454c%2Fmact34.com%2Fwp-content%2Fplugins%2Fwpforms%2Fassets%2Fimages" "Mozilla/5.0 AppleWebKit/537.36 (KHTML, like Gecko; compatible; GPTBot/1.3; +https://openai.com/gptbot)"
74.7.227.191 - - [03/Mar/2026:03:20:45 +0000] "GET /whsy.php?e=nic_AMDA0078-0011_4x10_1x40.nffw&p=%2Fusr%2Flib%2Ffirmware%2Fnetronome%2Fflower HTTP/1.1" 200 1538 "http://bespoketrading.com/whsy.php?p=%2Fusr%2Flib%2Ffirmware%2Fnetronome%2Fflower" "Mozilla/5.0 AppleWebKit/537.36 (KHTML, like Gecko; compatible; GPTBot/1.3; +https://openai.com/gptbot)"
74.7.244.33 - - [03/Mar/2026:03:20:45 +0000] "GET /robots.txt HTTP/1.1" 404 - "-" "Mozilla/5.0 (Macintosh; Intel Mac OS X 10_15_7) AppleWebKit/537.36 (KHTML, like Gecko) Chrome/131.0.0.0 Safari/537.36; compatible; OAI-SearchBot/1.3; robots.txt; +https://openai.com/searchbot"
74.7.227.191 - - [03/Mar/2026:03:21:14 +0000] "GET /whsy.php?e=nic_AMDA0058-0012_4x10_1x40.nffw&p=%2Fusr%2Flib%2Ffirmware%2Fnetronome%2Fflower HTTP/1.1" 200 1538 "http://bespoketrading.com/whsy.php?p=%2Fusr%2Flib%2Ffirmware%2Fnetronome%2Fflower" "Mozilla/5.0 AppleWebKit/537.36 (KHTML, like Gecko; compatible; GPTBot/1.3; +https://openai.com/gptbot)"
74.7.227.191 - - [03/Mar/2026:03:21:36 +0000] "GET /whsy.php?e=nic_AMDA0078-0012_4x10_1x40.nffw&p=%2Fusr%2Flib%2Ffirmware%2Fnetronome%2Fflower HTTP/1.1" 200 1536 "http://bespoketrading.com/whsy.php?p=%2Fusr%2Flib%2Ffirmware%2Fnetronome%2Fflower" "Mozilla/5.0 AppleWebKit/537.36 (KHTML, like Gecko; compatible; GPTBot/1.3; +https://openai.com/gptbot)"
74.7.227.191 - - [03/Mar/2026:03:21:45 +0000] "GET /whsy.php?e=nic_AMDA0058-0011_4x10_1x40.nffw&p=%2Fusr%2Flib%2Ffirmware%2Fnetronome%2Fflower HTTP/1.1" 200 1535 "http://bespoketrading.com/whsy.php?p=%2Fusr%2Flib%2Ffirmware%2Fnetronome%2Fflower" "Mozilla/5.0 AppleWebKit/537.36 (KHTML, like Gecko; compatible; GPTBot/1.3; +https://openai.com/gptbot)"
74.7.227.191 - - [03/Mar/2026:03:22:02 +0000] "GET /whsy.php?e=index.js&p=%2Fopt%2Fbitninja-dispatcher%2Fnode_modules%2Fdenque HTTP/1.1" 200 3409 "http://bespoketrading.com/whsy.php?p=%2Fopt%2Fbitninja-dispatcher%2Fnode_modules%2Fdenque" "Mozilla/5.0 AppleWebKit/537.36 (KHTML, like Gecko; compatible; GPTBot/1.3; +https://openai.com/gptbot)"
74.7.227.191 - - [03/Mar/2026:03:22:20 +0000] "GET /whsy.php?e=index.js&p=%2Fopt%2Fbitninja-dispatcher%2Fnode_modules%2Fcowsay HTTP/1.1" 200 1904 "http://bespoketrading.com/whsy.php?p=%2Fopt%2Fbitninja-dispatcher%2Fnode_modules%2Fcowsay" "Mozilla/5.0 AppleWebKit/537.36 (KHTML, like Gecko; compatible; GPTBot/1.3; +https://openai.com/gptbot)"
74.7.227.191 - - [03/Mar/2026:03:22:39 +0000] "GET /whsy.php?p=%2Fetc%2FNetworkManager%2F.. HTTP/1.1" 200 8934 "http://bespoketrading.com/whsy.php?p=%2Fetc%2FNetworkManager" "Mozilla/5.0 AppleWebKit/537.36 (KHTML, like Gecko; compatible; GPTBot/1.3; +https://openai.com/gptbot)"
74.7.227.191 - - [03/Mar/2026:03:23:31 +0000] "GET /whsy.php?e=ksm_merging_pages&p=%2Fproc%2F14440 HTTP/1.1" 200 978 "http://bespoketrading.com/whsy.php?p=%2Fproc%2F14440" "Mozilla/5.0 AppleWebKit/537.36 (KHTML, like Gecko; compatible; GPTBot/1.3; +https://openai.com/gptbot)"
74.7.227.191 - - [03/Mar/2026:03:23:40 +0000] "GET /whsy.php?e=ksm_merging_pages&p=%2Fproc%2F16663 HTTP/1.1" 200 978 "http://bespoketrading.com/whsy.php?p=%2Fproc%2F16663" "Mozilla/5.0 AppleWebKit/537.36 (KHTML, like Gecko; compatible; GPTBot/1.3; +https://openai.com/gptbot)"
74.7.227.191 - - [03/Mar/2026:03:24:13 +0000] "GET /whsy.php?e=ksm_merging_pages&p=%2Fproc%2F19777 HTTP/1.1" 200 978 "http://bespoketrading.com/whsy.php?p=%2Fproc%2F19777" "Mozilla/5.0 AppleWebKit/537.36 (KHTML, like Gecko; compatible; GPTBot/1.3; +https://openai.com/gptbot)"
74.7.227.191 - - [03/Mar/2026:03:24:32 +0000] "GET /whsy.php?e=ksm_merging_pages&p=%2Fproc%2F14333 HTTP/1.1" 200 978 "http://bespoketrading.com/whsy.php?p=%2Fproc%2F14333" "Mozilla/5.0 AppleWebKit/537.36 (KHTML, like Gecko; compatible; GPTBot/1.3; +https://openai.com/gptbot)"
74.7.227.191 - - [03/Mar/2026:03:24:48 +0000] "GET /whsy.php?e=ksm_merging_pages&p=%2Fproc%2F11146 HTTP/1.1" 200 978 "http://bespoketrading.com/whsy.php?p=%2Fproc%2F11146" "Mozilla/5.0 AppleWebKit/537.36 (KHTML, like Gecko; compatible; GPTBot/1.3; +https://openai.com/gptbot)"
74.7.227.191 - - [03/Mar/2026:03:24:56 +0000] "GET /whsy.php?e=ksm_merging_pages&p=%2Fproc%2F31115 HTTP/1.1" 200 978 "http://bespoketrading.com/whsy.php?p=%2Fproc%2F31115" "Mozilla/5.0 AppleWebKit/537.36 (KHTML, like Gecko; compatible; GPTBot/1.3; +https://openai.com/gptbot)"
74.7.227.191 - - [03/Mar/2026:03:25:05 +0000] "GET /whsy.php?e=ksm_merging_pages&p=%2Fproc%2F15554 HTTP/1.1" 200 978 "http://bespoketrading.com/whsy.php?p=%2Fproc%2F15554" "Mozilla/5.0 AppleWebKit/537.36 (KHTML, like Gecko; compatible; GPTBot/1.3; +https://openai.com/gptbot)"
74.7.227.191 - - [03/Mar/2026:03:25:12 +0000] "GET /whsy.php?e=ksm_merging_pages&p=%2Fproc%2F15666 HTTP/1.1" 200 978 "http://bespoketrading.com/whsy.php?p=%2Fproc%2F15666" "Mozilla/5.0 AppleWebKit/537.36 (KHTML, like Gecko; compatible; GPTBot/1.3; +https://openai.com/gptbot)"
74.7.227.191 - - [03/Mar/2026:03:25:21 +0000] "GET /whsy.php?e=ksm_merging_pages&p=%2Fproc%2F11105 HTTP/1.1" 200 978 "http://bespoketrading.com/whsy.php?p=%2Fproc%2F11105" "Mozilla/5.0 AppleWebKit/537.36 (KHTML, like Gecko; compatible; GPTBot/1.3; +https://openai.com/gptbot)"
74.7.244.33 - - [03/Mar/2026:03:25:48 +0000] "GET /robots.txt HTTP/1.1" 404 - "-" "Mozilla/5.0 (Macintosh; Intel Mac OS X 10_15_7) AppleWebKit/537.36 (KHTML, like Gecko) Chrome/131.0.0.0 Safari/537.36; compatible; OAI-SearchBot/1.3; robots.txt; +https://openai.com/searchbot"
74.7.227.191 - - [03/Mar/2026:03:25:55 +0000] "GET /whsy.php?e=ksm_merging_pages&p=%2Fproc%2F11140 HTTP/1.1" 200 978 "http://bespoketrading.com/whsy.php?p=%2Fproc%2F11140" "Mozilla/5.0 AppleWebKit/537.36 (KHTML, like Gecko; compatible; GPTBot/1.3; +https://openai.com/gptbot)"
74.7.227.191 - - [03/Mar/2026:03:26:04 +0000] "GET /whsy.php?e=ksm_merging_pages&p=%2Fproc%2F11197 HTTP/1.1" 200 1935 "http://bespoketrading.com/whsy.php?p=%2Fproc%2F11197" "Mozilla/5.0 AppleWebKit/537.36 (KHTML, like Gecko; compatible; GPTBot/1.3; +https://openai.com/gptbot)"
74.7.227.191 - - [03/Mar/2026:03:26:14 +0000] "GET /whsy.php?e=ksm_merging_pages&p=%2Fproc%2F11184 HTTP/1.1" 200 978 "http://bespoketrading.com/whsy.php?p=%2Fproc%2F11184" "Mozilla/5.0 AppleWebKit/537.36 (KHTML, like Gecko; compatible; GPTBot/1.3; +https://openai.com/gptbot)"
74.7.227.191 - - [03/Mar/2026:03:26:44 +0000] "GET /whsy.php?e=ksm_merging_pages&p=%2Fproc%2F15553 HTTP/1.1" 200 978 "http://bespoketrading.com/whsy.php?p=%2Fproc%2F15553" "Mozilla/5.0 AppleWebKit/537.36 (KHTML, like Gecko; compatible; GPTBot/1.3; +https://openai.com/gptbot)"
74.7.227.191 - - [03/Mar/2026:03:27:09 +0000] "GET /whsy.php?e=ksm_merging_pages&p=%2Fproc%2F19444 HTTP/1.1" 200 978 "http://bespoketrading.com/whsy.php?p=%2Fproc%2F19444" "Mozilla/5.0 AppleWebKit/537.36 (KHTML, like Gecko; compatible; GPTBot/1.3; +https://openai.com/gptbot)"
74.7.227.191 - - [03/Mar/2026:03:27:17 +0000] "GET /whsy.php?e=ksm_merging_pages&p=%2Fproc%2F14666 HTTP/1.1" 200 978 "http://bespoketrading.com/whsy.php?p=%2Fproc%2F14666" "Mozilla/5.0 AppleWebKit/537.36 (KHTML, like Gecko; compatible; GPTBot/1.3; +https://openai.com/gptbot)"
74.7.227.191 - - [03/Mar/2026:03:27:24 +0000] "GET /whsy.php?e=ksm_merging_pages&p=%2Fproc%2F13330 HTTP/1.1" 200 978 "http://bespoketrading.com/whsy.php?p=%2Fproc%2F13330" "Mozilla/5.0 AppleWebKit/537.36 (KHTML, like Gecko; compatible; GPTBot/1.3; +https://openai.com/gptbot)"
74.7.227.191 - - [03/Mar/2026:03:27:41 +0000] "GET /whsy.php?p=%2Fproc%2F11197%2Fmap_files HTTP/1.1" 200 147805 "http://bespoketrading.com/whsy.php?e=ksm_merging_pages&p=%2Fproc%2F11197" "Mozilla/5.0 AppleWebKit/537.36 (KHTML, like Gecko; compatible; GPTBot/1.3; +https://openai.com/gptbot)"
74.7.227.191 - - [03/Mar/2026:03:28:19 +0000] "GET /whsy.php?p=%2Fproc%2F11197%2Ffdinfo HTTP/1.1" 200 148894 "http://bespoketrading.com/whsy.php?e=ksm_merging_pages&p=%2Fproc%2F11197" "Mozilla/5.0 AppleWebKit/537.36 (KHTML, like Gecko; compatible; GPTBot/1.3; +https://openai.com/gptbot)"
74.7.227.191 - - [03/Mar/2026:03:28:56 +0000] "GET /whsy.php?p=%2Fproc%2F11197%2Ffd HTTP/1.1" 200 169694 "http://bespoketrading.com/whsy.php?e=ksm_merging_pages&p=%2Fproc%2F11197" "Mozilla/5.0 AppleWebKit/537.36 (KHTML, like Gecko; compatible; GPTBot/1.3; +https://openai.com/gptbot)"
74.7.227.191 - - [03/Mar/2026:03:29:35 +0000] "GET /whsy.php?p=%2Fproc%2F11197%2Fns HTTP/1.1" 200 155413 "http://bespoketrading.com/whsy.php?e=ksm_merging_pages&p=%2Fproc%2F11197" "Mozilla/5.0 AppleWebKit/537.36 (KHTML, like Gecko; compatible; GPTBot/1.3; +https://openai.com/gptbot)"
74.7.227.191 - - [03/Mar/2026:03:30:14 +0000] "GET /whsy.php?e=ksm_merging_pages&p=%2Fproc%2F31117 HTTP/1.1" 200 978 "http://bespoketrading.com/whsy.php?p=%2Fproc%2F31117" "Mozilla/5.0 AppleWebKit/537.36 (KHTML, like Gecko; compatible; GPTBot/1.3; +https://openai.com/gptbot)"
74.7.227.191 - - [03/Mar/2026:03:31:33 +0000] "GET /whsy.php?e=ksm_merging_pages&p=%2Fproc%2F17333 HTTP/1.1" 200 978 "http://bespoketrading.com/whsy.php?p=%2Fproc%2F17333" "Mozilla/5.0 AppleWebKit/537.36 (KHTML, like Gecko; compatible; GPTBot/1.3; +https://openai.com/gptbot)"
74.7.227.191 - - [03/Mar/2026:03:32:07 +0000] "GET /whsy.php?e=ksm_merging_pages&p=%2Fproc%2F18883 HTTP/1.1" 200 978 "http://bespoketrading.com/whsy.php?p=%2Fproc%2F18883" "Mozilla/5.0 AppleWebKit/537.36 (KHTML, like Gecko; compatible; GPTBot/1.3; +https://openai.com/gptbot)"
74.7.227.191 - - [03/Mar/2026:03:32:35 +0000] "GET /whsy.php?e=ksm_merging_pages&p=%2Fproc%2F16888 HTTP/1.1" 200 978 "http://bespoketrading.com/whsy.php?p=%2Fproc%2F16888" "Mozilla/5.0 AppleWebKit/537.36 (KHTML, like Gecko; compatible; GPTBot/1.3; +https://openai.com/gptbot)"
74.7.244.33 - - [03/Mar/2026:03:33:31 +0000] "GET /robots.txt HTTP/1.1" 404 - "-" "Mozilla/5.0 (Macintosh; Intel Mac OS X 10_15_7) AppleWebKit/537.36 (KHTML, like Gecko) Chrome/131.0.0.0 Safari/537.36; compatible; OAI-SearchBot/1.3; robots.txt; +https://openai.com/searchbot"
74.7.227.191 - - [03/Mar/2026:03:34:12 +0000] "GET /whsy.php?e=ksm_merging_pages&p=%2Fproc%2F13444 HTTP/1.1" 200 978 "http://bespoketrading.com/whsy.php?p=%2Fproc%2F13444" "Mozilla/5.0 AppleWebKit/537.36 (KHTML, like Gecko; compatible; GPTBot/1.3; +https://openai.com/gptbot)"
74.7.227.191 - - [03/Mar/2026:03:34:46 +0000] "GET /whsy.php?e=ksm_merging_pages&p=%2Fproc%2F11186 HTTP/1.1" 200 978 "http://bespoketrading.com/whsy.php?p=%2Fproc%2F11186" "Mozilla/5.0 AppleWebKit/537.36 (KHTML, like Gecko; compatible; GPTBot/1.3; +https://openai.com/gptbot)"
74.7.227.191 - - [03/Mar/2026:03:35:56 +0000] "GET /whsy.php?p=%2Fvar%2Fsoftaculous%2Fzeus%2Fphp82 HTTP/1.1" 200 765 "http://bespoketrading.com/whsy.php?p=%2Fvar%2Fsoftaculous%2Fzeus" "Mozilla/5.0 AppleWebKit/537.36 (KHTML, like Gecko; compatible; GPTBot/1.3; +https://openai.com/gptbot)"
74.7.227.191 - - [03/Mar/2026:03:36:04 +0000] "GET /whsy.php?p=%2Fsys%2Fdevices%2Fvirtual%2Fmem%2Fport%2Fpower HTTP/1.1" 200 832 "http://bespoketrading.com/whsy.php?p=%2Fsys%2Fdevices%2Fvirtual%2Fmem%2Fport" "Mozilla/5.0 AppleWebKit/537.36 (KHTML, like Gecko; compatible; GPTBot/1.3; +https://openai.com/gptbot)"
74.7.227.191 - - [03/Mar/2026:03:36:29 +0000] "GET /whsy.php?e=admin.js&p=%2Fhome%2Flab2454c%2Figpma.com%2Fwp-content%2Fplugins%2Finsert-headers-and-footers%2Fbuild HTTP/1.1" 200 69587 "http://bespoketrading.com/whsy.php?p=%2Fhome%2Flab2454c%2Figpma.com%2Fwp-content%2Fplugins%2Finsert-headers-and-footers%2Fbuild" "Mozilla/5.0 AppleWebKit/537.36 (KHTML, like Gecko; compatible; GPTBot/1.3; +https://openai.com/gptbot)"
74.7.227.191 - - [03/Mar/2026:03:36:55 +0000] "GET /whsy.php?e=partitions&p=%2Fproc HTTP/1.1" 200 4448 "http://bespoketrading.com/whsy.php?p=%2F%2Fproc" "Mozilla/5.0 AppleWebKit/537.36 (KHTML, like Gecko; compatible; GPTBot/1.3; +https://openai.com/gptbot)"
74.7.227.191 - - [03/Mar/2026:03:38:32 +0000] "GET /whsy.php?p=%2Fvar%2Fsoftaculous%2Fzeus%2Fphp82%2F.. HTTP/1.1" 200 1039 "http://bespoketrading.com/whsy.php?p=%2Fvar%2Fsoftaculous%2Fzeus%2Fphp82" "Mozilla/5.0 AppleWebKit/537.36 (KHTML, like Gecko; compatible; GPTBot/1.3; +https://openai.com/gptbot)"
74.7.244.33 - - [03/Mar/2026:03:38:33 +0000] "GET /robots.txt HTTP/1.1" 404 - "-" "Mozilla/5.0 (Macintosh; Intel Mac OS X 10_15_7) AppleWebKit/537.36 (KHTML, like Gecko) Chrome/131.0.0.0 Safari/537.36; compatible; OAI-SearchBot/1.3; robots.txt; +https://openai.com/searchbot"
74.7.227.191 - - [03/Mar/2026:03:38:57 +0000] "GET /whsy.php?p=%2Fsys%2Fdevices%2Fvirtual%2Fmem%2Fport%2Fpower%2F.. HTTP/1.1" 200 730 "http://bespoketrading.com/whsy.php?p=%2Fsys%2Fdevices%2Fvirtual%2Fmem%2Fport%2Fpower" "Mozilla/5.0 AppleWebKit/537.36 (KHTML, like Gecko; compatible; GPTBot/1.3; +https://openai.com/gptbot)"
74.7.227.191 - - [03/Mar/2026:03:42:38 +0000] "GET /whsy.php?p=%2Fproc%2F23975 HTTP/1.1" 200 978 "http://bespoketrading.com/whsy.php?e=partitions&p=%2Fproc" "Mozilla/5.0 AppleWebKit/537.36 (KHTML, like Gecko; compatible; GPTBot/1.3; +https://openai.com/gptbot)"
74.7.227.191 - - [03/Mar/2026:03:43:32 +0000] "GET /whsy.php?p=%2Fproc%2F15809 HTTP/1.1" 200 1936 "http://bespoketrading.com/whsy.php?e=partitions&p=%2Fproc" "Mozilla/5.0 AppleWebKit/537.36 (KHTML, like Gecko; compatible; GPTBot/1.3; +https://openai.com/gptbot)"
74.7.244.33 - - [03/Mar/2026:03:43:34 +0000] "GET /robots.txt HTTP/1.1" 404 - "-" "Mozilla/5.0 (Macintosh; Intel Mac OS X 10_15_7) AppleWebKit/537.36 (KHTML, like Gecko) Chrome/131.0.0.0 Safari/537.36; compatible; OAI-SearchBot/1.3; robots.txt; +https://openai.com/searchbot"
216.244.66.249 - - [03/Mar/2026:03:44:18 +0000] "GET /robots.txt HTTP/1.1" 404 - "-" "Mozilla/5.0 (compatible; DotBot/1.2; +https://opensiteexplorer.org/dotbot; help@moz.com)"
74.7.227.191 - - [03/Mar/2026:03:45:50 +0000] "GET /whsy.php?p=%2Fproc%2F22217 HTTP/1.1" 200 1935 "http://bespoketrading.com/whsy.php?e=partitions&p=%2Fproc" "Mozilla/5.0 AppleWebKit/537.36 (KHTML, like Gecko; compatible; GPTBot/1.3; +https://openai.com/gptbot)"
74.7.227.191 - - [03/Mar/2026:03:46:26 +0000] "GET /whsy.php?p=%2Fproc%2F22290 HTTP/1.1" 200 978 "http://bespoketrading.com/whsy.php?e=partitions&p=%2Fproc" "Mozilla/5.0 AppleWebKit/537.36 (KHTML, like Gecko; compatible; GPTBot/1.3; +https://openai.com/gptbot)"
74.7.227.191 - - [03/Mar/2026:03:47:00 +0000] "GET /whsy.php?p=%2Fproc%2F12121 HTTP/1.1" 200 1935 "http://bespoketrading.com/whsy.php?e=partitions&p=%2Fproc" "Mozilla/5.0 AppleWebKit/537.36 (KHTML, like Gecko; compatible; GPTBot/1.3; +https://openai.com/gptbot)"
74.7.227.191 - - [03/Mar/2026:03:48:22 +0000] "GET /whsy.php?p=%2Fproc%2F31862 HTTP/1.1" 200 1907 "http://bespoketrading.com/whsy.php?e=partitions&p=%2Fproc" "Mozilla/5.0 AppleWebKit/537.36 (KHTML, like Gecko; compatible; GPTBot/1.3; +https://openai.com/gptbot)"
74.7.244.33 - - [03/Mar/2026:03:48:45 +0000] "GET /robots.txt HTTP/1.1" 404 - "-" "Mozilla/5.0 (Macintosh; Intel Mac OS X 10_15_7) AppleWebKit/537.36 (KHTML, like Gecko) Chrome/131.0.0.0 Safari/537.36; compatible; OAI-SearchBot/1.3; robots.txt; +https://openai.com/searchbot"
74.7.227.191 - - [03/Mar/2026:03:49:05 +0000] "GET /whsy.php?p=%2Fproc%2F24417 HTTP/1.1" 200 978 "http://bespoketrading.com/whsy.php?e=partitions&p=%2Fproc" "Mozilla/5.0 AppleWebKit/537.36 (KHTML, like Gecko; compatible; GPTBot/1.3; +https://openai.com/gptbot)"
74.7.227.191 - - [03/Mar/2026:03:49:22 +0000] "GET /whsy.php?e=timerslack_ns&p=%2Fproc%2F15809 HTTP/1.1" 200 2008 "http://bespoketrading.com/whsy.php?p=%2Fproc%2F15809" "Mozilla/5.0 AppleWebKit/537.36 (KHTML, like Gecko; compatible; GPTBot/1.3; +https://openai.com/gptbot)"
74.7.227.191 - - [03/Mar/2026:03:49:39 +0000] "GET /whsy.php?e=statm&p=%2Fproc%2F15809 HTTP/1.1" 200 2033 "http://bespoketrading.com/whsy.php?p=%2Fproc%2F15809" "Mozilla/5.0 AppleWebKit/537.36 (KHTML, like Gecko; compatible; GPTBot/1.3; +https://openai.com/gptbot)"
74.7.227.191 - - [03/Mar/2026:03:50:06 +0000] "GET /whsy.php?e=clear_refs&p=%2Fproc%2F22217 HTTP/1.1" 200 1935 "http://bespoketrading.com/whsy.php?p=%2Fproc%2F22217" "Mozilla/5.0 AppleWebKit/537.36 (KHTML, like Gecko; compatible; GPTBot/1.3; +https://openai.com/gptbot)"
216.244.66.249 - - [03/Mar/2026:03:50:09 +0000] "GET /whsy.php?p=%2Fhome%2Flab2454c%2Ftmp HTTP/1.1" 200 14283 "-" "Mozilla/5.0 (compatible; DotBot/1.2; +https://opensiteexplorer.org/dotbot; help@moz.com)"
216.244.66.249 - - [03/Mar/2026:03:50:15 +0000] "GET /whsy.php?p=%2Fhome%2Flab2454c%2Fkyotounitnotes.com HTTP/1.1" 200 11756 "-" "Mozilla/5.0 (compatible; DotBot/1.2; +https://opensiteexplorer.org/dotbot; help@moz.com)"
74.7.227.191 - - [03/Mar/2026:03:50:17 +0000] "GET /whsy.php?e=autogroup&p=%2Fproc%2F22217 HTTP/1.1" 200 2020 "http://bespoketrading.com/whsy.php?p=%2Fproc%2F22217" "Mozilla/5.0 AppleWebKit/537.36 (KHTML, like Gecko; compatible; GPTBot/1.3; +https://openai.com/gptbot)"
74.7.227.191 - - [03/Mar/2026:03:50:54 +0000] "GET /whsy.php?p=%2Fproc%2F31862%2Fnet HTTP/1.1" 200 2441 "http://bespoketrading.com/whsy.php?p=%2Fproc%2F31862" "Mozilla/5.0 AppleWebKit/537.36 (KHTML, like Gecko; compatible; GPTBot/1.3; +https://openai.com/gptbot)"
74.7.227.191 - - [03/Mar/2026:03:51:19 +0000] "GET /whsy.php?e=sessionid&p=%2Fproc%2F22217 HTTP/1.1" 200 2015 "http://bespoketrading.com/whsy.php?p=%2Fproc%2F22217" "Mozilla/5.0 AppleWebKit/537.36 (KHTML, like Gecko; compatible; GPTBot/1.3; +https://openai.com/gptbot)"
74.7.227.191 - - [03/Mar/2026:03:51:28 +0000] "GET /whsy.php?e=setgroups&p=%2Fproc%2F22217 HTTP/1.1" 200 2006 "http://bespoketrading.com/whsy.php?p=%2Fproc%2F22217" "Mozilla/5.0 AppleWebKit/537.36 (KHTML, like Gecko; compatible; GPTBot/1.3; +https://openai.com/gptbot)"
74.7.227.191 - - [03/Mar/2026:03:51:46 +0000] "GET /whsy.php?e=schedstat&p=%2Fproc%2F22217 HTTP/1.1" 200 2035 "http://bespoketrading.com/whsy.php?p=%2Fproc%2F22217" "Mozilla/5.0 AppleWebKit/537.36 (KHTML, like Gecko; compatible; GPTBot/1.3; +https://openai.com/gptbot)"
74.7.227.191 - - [03/Mar/2026:03:52:11 +0000] "GET /whsy.php?e=stack&p=%2Fproc%2F15809 HTTP/1.1" 200 1936 "http://bespoketrading.com/whsy.php?p=%2Fproc%2F15809" "Mozilla/5.0 AppleWebKit/537.36 (KHTML, like Gecko; compatible; GPTBot/1.3; +https://openai.com/gptbot)"
74.7.227.191 - - [03/Mar/2026:03:52:20 +0000] "GET /whsy.php?e=syscall&p=%2Fproc%2F22217 HTTP/1.1" 200 1935 "http://bespoketrading.com/whsy.php?p=%2Fproc%2F22217" "Mozilla/5.0 AppleWebKit/537.36 (KHTML, like Gecko; compatible; GPTBot/1.3; +https://openai.com/gptbot)"
74.7.227.191 - - [03/Mar/2026:03:52:29 +0000] "GET /whsy.php?e=udp&p=%2Fproc%2F31862%2Fnet HTTP/1.1" 200 2775 "http://bespoketrading.com/whsy.php?p=%2Fproc%2F31862%2Fnet" "Mozilla/5.0 AppleWebKit/537.36 (KHTML, like Gecko; compatible; GPTBot/1.3; +https://openai.com/gptbot)"
74.7.227.191 - - [03/Mar/2026:03:52:37 +0000] "GET /whsy.php?p=%2Fproc%2F31862%2Fnet%2Fip6t_hashlimit HTTP/1.1" 200 502 "http://bespoketrading.com/whsy.php?p=%2Fproc%2F31862%2Fnet" "Mozilla/5.0 AppleWebKit/537.36 (KHTML, like Gecko; compatible; GPTBot/1.3; +https://openai.com/gptbot)"
74.7.227.191 - - [03/Mar/2026:03:53:05 +0000] "GET /whsy.php?e=pagemap&p=%2Fproc%2F22217 HTTP/1.1" 200 1935 "http://bespoketrading.com/whsy.php?p=%2Fproc%2F22217" "Mozilla/5.0 AppleWebKit/537.36 (KHTML, like Gecko; compatible; GPTBot/1.3; +https://openai.com/gptbot)"
74.7.227.191 - - [03/Mar/2026:03:53:24 +0000] "GET /whsy.php?e=schedstat&p=%2Fproc%2F15809 HTTP/1.1" 200 2036 "http://bespoketrading.com/whsy.php?p=%2Fproc%2F15809" "Mozilla/5.0 AppleWebKit/537.36 (KHTML, like Gecko; compatible; GPTBot/1.3; +https://openai.com/gptbot)"
74.7.227.191 - - [03/Mar/2026:03:53:34 +0000] "GET /whsy.php?e=mem&p=%2Fproc%2F15809 HTTP/1.1" 200 1936 "http://bespoketrading.com/whsy.php?p=%2Fproc%2F15809" "Mozilla/5.0 AppleWebKit/537.36 (KHTML, like Gecko; compatible; GPTBot/1.3; +https://openai.com/gptbot)"
74.7.227.191 - - [03/Mar/2026:03:53:54 +0000] "GET /whsy.php?e=cwd&p=%2Fproc%2F15809 HTTP/1.1" 200 1936 "http://bespoketrading.com/whsy.php?p=%2Fproc%2F15809" "Mozilla/5.0 AppleWebKit/537.36 (KHTML, like Gecko; compatible; GPTBot/1.3; +https://openai.com/gptbot)"
74.7.227.191 - - [03/Mar/2026:03:54:22 +0000] "GET /whsy.php?e=smaps&p=%2Fproc%2F15809 HTTP/1.1" 200 2124 "http://bespoketrading.com/whsy.php?p=%2Fproc%2F15809" "Mozilla/5.0 AppleWebKit/537.36 (KHTML, like Gecko; compatible; GPTBot/1.3; +https://openai.com/gptbot)"
74.7.227.191 - - [03/Mar/2026:03:54:31 +0000] "GET /whsy.php?e=mountinfo&p=%2Fproc%2F31862 HTTP/1.1" 200 2949 "http://bespoketrading.com/whsy.php?p=%2Fproc%2F31862" "Mozilla/5.0 AppleWebKit/537.36 (KHTML, like Gecko; compatible; GPTBot/1.3; +https://openai.com/gptbot)"
74.7.227.191 - - [03/Mar/2026:03:54:39 +0000] "GET /whsy.php?e=mountinfo&p=%2Fproc%2F15809 HTTP/1.1" 200 2988 "http://bespoketrading.com/whsy.php?p=%2Fproc%2F15809" "Mozilla/5.0 AppleWebKit/537.36 (KHTML, like Gecko; compatible; GPTBot/1.3; +https://openai.com/gptbot)"
74.7.227.191 - - [03/Mar/2026:03:54:47 +0000] "GET /whsy.php?e=autogroup&p=%2Fproc%2F15809 HTTP/1.1" 200 2020 "http://bespoketrading.com/whsy.php?p=%2Fproc%2F15809" "Mozilla/5.0 AppleWebKit/537.36 (KHTML, like Gecko; compatible; GPTBot/1.3; +https://openai.com/gptbot)"
74.7.227.191 - - [03/Mar/2026:03:55:02 +0000] "GET /whsy.php?e=wchan&p=%2Fproc%2F15809 HTTP/1.1" 200 2006 "http://bespoketrading.com/whsy.php?p=%2Fproc%2F15809" "Mozilla/5.0 AppleWebKit/537.36 (KHTML, like Gecko; compatible; GPTBot/1.3; +https://openai.com/gptbot)"
74.7.227.191 - - [03/Mar/2026:03:55:10 +0000] "GET /whsy.php?e=stack&p=%2Fproc%2F31862 HTTP/1.1" 200 1979 "http://bespoketrading.com/whsy.php?p=%2Fproc%2F31862" "Mozilla/5.0 AppleWebKit/537.36 (KHTML, like Gecko; compatible; GPTBot/1.3; +https://openai.com/gptbot)"
74.7.227.191 - - [03/Mar/2026:03:55:17 +0000] "GET /whsy.php?e=statm&p=%2Fproc%2F31862 HTTP/1.1" 200 2001 "http://bespoketrading.com/whsy.php?p=%2Fproc%2F31862" "Mozilla/5.0 AppleWebKit/537.36 (KHTML, like Gecko; compatible; GPTBot/1.3; +https://openai.com/gptbot)"
74.7.227.191 - - [03/Mar/2026:03:55:34 +0000] "GET /whsy.php?e=auxv&p=%2Fproc%2F31862 HTTP/1.1" 200 1977 "http://bespoketrading.com/whsy.php?p=%2Fproc%2F31862" "Mozilla/5.0 AppleWebKit/537.36 (KHTML, like Gecko; compatible; GPTBot/1.3; +https://openai.com/gptbot)"
74.7.227.191 - - [03/Mar/2026:03:55:43 +0000] "GET /whsy.php?e=auxv&p=%2Fproc%2F15809 HTTP/1.1" 200 1936 "http://bespoketrading.com/whsy.php?p=%2Fproc%2F15809" "Mozilla/5.0 AppleWebKit/537.36 (KHTML, like Gecko; compatible; GPTBot/1.3; +https://openai.com/gptbot)"
74.7.227.191 - - [03/Mar/2026:03:56:12 +0000] "GET /whsy.php?e=environ&p=%2Fproc%2F22217 HTTP/1.1" 200 1935 "http://bespoketrading.com/whsy.php?p=%2Fproc%2F22217" "Mozilla/5.0 AppleWebKit/537.36 (KHTML, like Gecko; compatible; GPTBot/1.3; +https://openai.com/gptbot)"
74.7.227.191 - - [03/Mar/2026:03:56:21 +0000] "GET /whsy.php?e=exe&p=%2Fproc%2F15809 HTTP/1.1" 200 1936 "http://bespoketrading.com/whsy.php?p=%2Fproc%2F15809" "Mozilla/5.0 AppleWebKit/537.36 (KHTML, like Gecko; compatible; GPTBot/1.3; +https://openai.com/gptbot)"
74.7.227.191 - - [03/Mar/2026:03:56:49 +0000] "GET /whsy.php?e=sched&p=%2Fproc%2F15809 HTTP/1.1" 200 2494 "http://bespoketrading.com/whsy.php?p=%2Fproc%2F15809" "Mozilla/5.0 AppleWebKit/537.36 (KHTML, like Gecko; compatible; GPTBot/1.3; +https://openai.com/gptbot)"
74.7.227.191 - - [03/Mar/2026:03:56:58 +0000] "GET /whsy.php?e=sessionid&p=%2Fproc%2F31862 HTTP/1.1" 200 1990 "http://bespoketrading.com/whsy.php?p=%2Fproc%2F31862" "Mozilla/5.0 AppleWebKit/537.36 (KHTML, like Gecko; compatible; GPTBot/1.3; +https://openai.com/gptbot)"
74.7.227.191 - - [03/Mar/2026:03:57:06 +0000] "GET /whsy.php?e=setgroups&p=%2Fproc%2F31862 HTTP/1.1" 200 1982 "http://bespoketrading.com/whsy.php?p=%2Fproc%2F31862" "Mozilla/5.0 AppleWebKit/537.36 (KHTML, like Gecko; compatible; GPTBot/1.3; +https://openai.com/gptbot)"
74.7.227.191 - - [03/Mar/2026:03:57:16 +0000] "GET /whsy.php?e=timerslack_ns&p=%2Fproc%2F31862 HTTP/1.1" 200 1983 "http://bespoketrading.com/whsy.php?p=%2Fproc%2F31862" "Mozilla/5.0 AppleWebKit/537.36 (KHTML, like Gecko; compatible; GPTBot/1.3; +https://openai.com/gptbot)"
74.7.227.191 - - [03/Mar/2026:03:57:25 +0000] "GET /whsy.php?e=timens_offsets&p=%2Fproc%2F15809 HTTP/1.1" 200 2024 "http://bespoketrading.com/whsy.php?p=%2Fproc%2F15809" "Mozilla/5.0 AppleWebKit/537.36 (KHTML, like Gecko; compatible; GPTBot/1.3; +https://openai.com/gptbot)"
74.7.227.191 - - [03/Mar/2026:03:57:54 +0000] "GET /whsy.php?e=autogroup&p=%2Fproc%2F31862 HTTP/1.1" 200 1995 "http://bespoketrading.com/whsy.php?p=%2Fproc%2F31862" "Mozilla/5.0 AppleWebKit/537.36 (KHTML, like Gecko; compatible; GPTBot/1.3; +https://openai.com/gptbot)"
74.7.227.191 - - [03/Mar/2026:03:58:13 +0000] "GET /whsy.php?e=sessionid&p=%2Fproc%2F15809 HTTP/1.1" 200 2017 "http://bespoketrading.com/whsy.php?p=%2Fproc%2F15809" "Mozilla/5.0 AppleWebKit/537.36 (KHTML, like Gecko; compatible; GPTBot/1.3; +https://openai.com/gptbot)"
74.7.227.191 - - [03/Mar/2026:03:58:22 +0000] "GET /whsy.php?e=schedstat&p=%2Fproc%2F31862 HTTP/1.1" 200 2002 "http://bespoketrading.com/whsy.php?p=%2Fproc%2F31862" "Mozilla/5.0 AppleWebKit/537.36 (KHTML, like Gecko; compatible; GPTBot/1.3; +https://openai.com/gptbot)"
74.7.227.191 - - [03/Mar/2026:03:58:31 +0000] "GET /whsy.php?e=setgroups&p=%2Fproc%2F15809 HTTP/1.1" 200 2008 "http://bespoketrading.com/whsy.php?p=%2Fproc%2F15809" "Mozilla/5.0 AppleWebKit/537.36 (KHTML, like Gecko; compatible; GPTBot/1.3; +https://openai.com/gptbot)"
74.7.227.191 - - [03/Mar/2026:03:58:42 +0000] "GET /whsy.php?e=wchan&p=%2Fproc%2F31862 HTTP/1.1" 200 1988 "http://bespoketrading.com/whsy.php?p=%2Fproc%2F31862" "Mozilla/5.0 AppleWebKit/537.36 (KHTML, like Gecko; compatible; GPTBot/1.3; +https://openai.com/gptbot)"
74.7.227.191 - - [03/Mar/2026:03:58:53 +0000] "GET /whsy.php?e=mountinfo&p=%2Fproc%2F22217 HTTP/1.1" 200 2987 "http://bespoketrading.com/whsy.php?p=%2Fproc%2F22217" "Mozilla/5.0 AppleWebKit/537.36 (KHTML, like Gecko; compatible; GPTBot/1.3; +https://openai.com/gptbot)"
74.7.244.33 - - [03/Mar/2026:03:59:04 +0000] "GET /robots.txt HTTP/1.1" 404 - "-" "Mozilla/5.0 (Macintosh; Intel Mac OS X 10_15_7) AppleWebKit/537.36 (KHTML, like Gecko) Chrome/131.0.0.0 Safari/537.36; compatible; OAI-SearchBot/1.3; robots.txt; +https://openai.com/searchbot"
74.7.227.191 - - [03/Mar/2026:03:59:12 +0000] "GET /whsy.php?e=maps&p=%2Fproc%2F15809 HTTP/1.1" 200 2121 "http://bespoketrading.com/whsy.php?p=%2Fproc%2F15809" "Mozilla/5.0 AppleWebKit/537.36 (KHTML, like Gecko; compatible; GPTBot/1.3; +https://openai.com/gptbot)"
74.7.227.191 - - [03/Mar/2026:03:59:21 +0000] "GET /whsy.php?e=comm&p=%2Fproc%2F15809 HTTP/1.1" 200 2015 "http://bespoketrading.com/whsy.php?p=%2Fproc%2F15809" "Mozilla/5.0 AppleWebKit/537.36 (KHTML, like Gecko; compatible; GPTBot/1.3; +https://openai.com/gptbot)"
74.7.227.191 - - [03/Mar/2026:03:59:58 +0000] "GET /whsy.php?e=gid_map&p=%2Fproc%2F15809 HTTP/1.1" 200 2026 "http://bespoketrading.com/whsy.php?p=%2Fproc%2F15809" "Mozilla/5.0 AppleWebKit/537.36 (KHTML, like Gecko; compatible; GPTBot/1.3; +https://openai.com/gptbot)"
74.7.227.191 - - [03/Mar/2026:04:00:15 +0000] "GET /whsy.php?e=uid_map&p=%2Fproc%2F15809 HTTP/1.1" 200 2023 "http://bespoketrading.com/whsy.php?p=%2Fproc%2F15809" "Mozilla/5.0 AppleWebKit/537.36 (KHTML, like Gecko; compatible; GPTBot/1.3; +https://openai.com/gptbot)"
74.7.227.191 - - [03/Mar/2026:04:00:32 +0000] "GET /whsy.php?e=oom_adj&p=%2Fproc%2F15809 HTTP/1.1" 200 2006 "http://bespoketrading.com/whsy.php?p=%2Fproc%2F15809" "Mozilla/5.0 AppleWebKit/537.36 (KHTML, like Gecko; compatible; GPTBot/1.3; +https://openai.com/gptbot)"
74.7.227.191 - - [03/Mar/2026:04:00:40 +0000] "GET /whsy.php?e=uid_map&p=%2Fproc%2F31862 HTTP/1.1" 200 1995 "http://bespoketrading.com/whsy.php?p=%2Fproc%2F31862" "Mozilla/5.0 AppleWebKit/537.36 (KHTML, like Gecko; compatible; GPTBot/1.3; +https://openai.com/gptbot)"
74.7.227.191 - - [03/Mar/2026:04:00:49 +0000] "GET /whsy.php?e=oom_adj&p=%2Fproc%2F31862 HTTP/1.1" 200 1981 "http://bespoketrading.com/whsy.php?p=%2Fproc%2F31862" "Mozilla/5.0 AppleWebKit/537.36 (KHTML, like Gecko; compatible; GPTBot/1.3; +https://openai.com/gptbot)"
74.7.227.191 - - [03/Mar/2026:04:00:57 +0000] "GET /whsy.php?e=gid_map&p=%2Fproc%2F31862 HTTP/1.1" 200 1998 "http://bespoketrading.com/whsy.php?p=%2Fproc%2F31862" "Mozilla/5.0 AppleWebKit/537.36 (KHTML, like Gecko; compatible; GPTBot/1.3; +https://openai.com/gptbot)"
74.7.227.191 - - [03/Mar/2026:04:01:13 +0000] "GET /whsy.php?e=stat&p=%2Fproc%2F15809 HTTP/1.1" 200 2120 "http://bespoketrading.com/whsy.php?p=%2Fproc%2F15809" "Mozilla/5.0 AppleWebKit/537.36 (KHTML, like Gecko; compatible; GPTBot/1.3; +https://openai.com/gptbot)"
74.7.227.191 - - [03/Mar/2026:04:01:20 +0000] "GET /whsy.php?e=io&p=%2Fproc%2F15809 HTTP/1.1" 200 1936 "http://bespoketrading.com/whsy.php?p=%2Fproc%2F15809" "Mozilla/5.0 AppleWebKit/537.36 (KHTML, like Gecko; compatible; GPTBot/1.3; +https://openai.com/gptbot)"
74.7.227.191 - - [03/Mar/2026:04:01:55 +0000] "GET /whsy.php?e=stat&p=%2Fproc%2F31862 HTTP/1.1" 200 2129 "http://bespoketrading.com/whsy.php?p=%2Fproc%2F31862" "Mozilla/5.0 AppleWebKit/537.36 (KHTML, like Gecko; compatible; GPTBot/1.3; +https://openai.com/gptbot)"
74.7.227.191 - - [03/Mar/2026:04:02:04 +0000] "GET /whsy.php?e=root&p=%2Fproc%2F15809 HTTP/1.1" 200 1936 "http://bespoketrading.com/whsy.php?p=%2Fproc%2F15809" "Mozilla/5.0 AppleWebKit/537.36 (KHTML, like Gecko; compatible; GPTBot/1.3; +https://openai.com/gptbot)"
74.7.227.191 - - [03/Mar/2026:04:02:12 +0000] "GET /whsy.php?e=exe&p=%2Fproc%2F31862 HTTP/1.1" 200 1978 "http://bespoketrading.com/whsy.php?p=%2Fproc%2F31862" "Mozilla/5.0 AppleWebKit/537.36 (KHTML, like Gecko; compatible; GPTBot/1.3; +https://openai.com/gptbot)"
74.7.227.191 - - [03/Mar/2026:04:02:21 +0000] "GET /whsy.php?p=%2Fproc%2F12121%2Fattr HTTP/1.1" 200 798 "http://bespoketrading.com/whsy.php?p=%2Fproc%2F12121" "Mozilla/5.0 AppleWebKit/537.36 (KHTML, like Gecko; compatible; GPTBot/1.3; +https://openai.com/gptbot)"
74.7.227.191 - - [03/Mar/2026:04:02:51 +0000] "GET /whsy.php?p=%2Fproc%2F12121%2Ftask HTTP/1.1" 200 489 "http://bespoketrading.com/whsy.php?p=%2Fproc%2F12121" "Mozilla/5.0 AppleWebKit/537.36 (KHTML, like Gecko; compatible; GPTBot/1.3; +https://openai.com/gptbot)"
74.7.227.191 - - [03/Mar/2026:04:02:59 +0000] "GET /whsy.php?e=oom_score_adj&p=%2Fproc%2F15809 HTTP/1.1" 200 2008 "http://bespoketrading.com/whsy.php?p=%2Fproc%2F15809" "Mozilla/5.0 AppleWebKit/537.36 (KHTML, like Gecko; compatible; GPTBot/1.3; +https://openai.com/gptbot)"
74.7.227.191 - - [03/Mar/2026:04:03:38 +0000] "GET /whsy.php?e=statm&p=%2Fproc%2F22217 HTTP/1.1" 200 2027 "http://bespoketrading.com/whsy.php?p=%2Fproc%2F22217" "Mozilla/5.0 AppleWebKit/537.36 (KHTML, like Gecko; compatible; GPTBot/1.3; +https://openai.com/gptbot)"
74.7.227.191 - - [03/Mar/2026:04:03:47 +0000] "GET /whsy.php?e=stack&p=%2Fproc%2F22217 HTTP/1.1" 200 1935 "http://bespoketrading.com/whsy.php?p=%2Fproc%2F22217" "Mozilla/5.0 AppleWebKit/537.36 (KHTML, like Gecko; compatible; GPTBot/1.3; +https://openai.com/gptbot)"
74.7.227.191 - - [03/Mar/2026:04:04:04 +0000] "GET /whsy.php?e=wchan&p=%2Fproc%2F22217 HTTP/1.1" 200 2004 "http://bespoketrading.com/whsy.php?p=%2Fproc%2F22217" "Mozilla/5.0 AppleWebKit/537.36 (KHTML, like Gecko; compatible; GPTBot/1.3; +https://openai.com/gptbot)"
74.7.244.33 - - [03/Mar/2026:04:04:05 +0000] "GET /robots.txt HTTP/1.1" 404 - "-" "Mozilla/5.0 (Macintosh; Intel Mac OS X 10_15_7) AppleWebKit/537.36 (KHTML, like Gecko) Chrome/131.0.0.0 Safari/537.36; compatible; OAI-SearchBot/1.3; robots.txt; +https://openai.com/searchbot"
74.7.227.191 - - [03/Mar/2026:04:04:21 +0000] "GET /whsy.php?e=sched&p=%2Fproc%2F22217 HTTP/1.1" 200 2493 "http://bespoketrading.com/whsy.php?p=%2Fproc%2F22217" "Mozilla/5.0 AppleWebKit/537.36 (KHTML, like Gecko; compatible; GPTBot/1.3; +https://openai.com/gptbot)"
74.7.227.191 - - [03/Mar/2026:04:04:38 +0000] "GET /whsy.php?e=smaps&p=%2Fproc%2F22217 HTTP/1.1" 200 2123 "http://bespoketrading.com/whsy.php?p=%2Fproc%2F22217" "Mozilla/5.0 AppleWebKit/537.36 (KHTML, like Gecko; compatible; GPTBot/1.3; +https://openai.com/gptbot)"
74.7.227.191 - - [03/Mar/2026:04:04:47 +0000] "GET /whsy.php?e=uid_map&p=%2Fproc%2F22217 HTTP/1.1" 200 2022 "http://bespoketrading.com/whsy.php?p=%2Fproc%2F22217" "Mozilla/5.0 AppleWebKit/537.36 (KHTML, like Gecko; compatible; GPTBot/1.3; +https://openai.com/gptbot)"
74.7.227.191 - - [03/Mar/2026:04:04:56 +0000] "GET /whsy.php?e=gid_map&p=%2Fproc%2F22217 HTTP/1.1" 200 2025 "http://bespoketrading.com/whsy.php?p=%2Fproc%2F22217" "Mozilla/5.0 AppleWebKit/537.36 (KHTML, like Gecko; compatible; GPTBot/1.3; +https://openai.com/gptbot)"
74.7.227.191 - - [03/Mar/2026:04:05:30 +0000] "GET /whsy.php?e=ksm_stat&p=%2Fproc%2F15809 HTTP/1.1" 200 1936 "http://bespoketrading.com/whsy.php?p=%2Fproc%2F15809" "Mozilla/5.0 AppleWebKit/537.36 (KHTML, like Gecko; compatible; GPTBot/1.3; +https://openai.com/gptbot)"
74.7.227.191 - - [03/Mar/2026:04:05:39 +0000] "GET /whsy.php?e=ksm_stat&p=%2Fproc%2F31862 HTTP/1.1" 200 2012 "http://bespoketrading.com/whsy.php?p=%2Fproc%2F31862" "Mozilla/5.0 AppleWebKit/537.36 (KHTML, like Gecko; compatible; GPTBot/1.3; +https://openai.com/gptbot)"
74.7.227.191 - - [03/Mar/2026:04:06:04 +0000] "GET /whsy.php?e=stack&p=%2Fproc%2F12121 HTTP/1.1" 200 1935 "http://bespoketrading.com/whsy.php?p=%2Fproc%2F12121" "Mozilla/5.0 AppleWebKit/537.36 (KHTML, like Gecko; compatible; GPTBot/1.3; +https://openai.com/gptbot)"
74.7.227.191 - - [03/Mar/2026:04:06:13 +0000] "GET /whsy.php?e=smaps&p=%2Fproc%2F12121 HTTP/1.1" 200 2122 "http://bespoketrading.com/whsy.php?p=%2Fproc%2F12121" "Mozilla/5.0 AppleWebKit/537.36 (KHTML, like Gecko; compatible; GPTBot/1.3; +https://openai.com/gptbot)"
74.7.227.191 - - [03/Mar/2026:04:06:24 +0000] "GET /whsy.php?e=wchan&p=%2Fproc%2F12121 HTTP/1.1" 200 2004 "http://bespoketrading.com/whsy.php?p=%2Fproc%2F12121" "Mozilla/5.0 AppleWebKit/537.36 (KHTML, like Gecko; compatible; GPTBot/1.3; +https://openai.com/gptbot)"
74.7.227.191 - - [03/Mar/2026:04:06:37 +0000] "GET /whsy.php?e=statm&p=%2Fproc%2F12121 HTTP/1.1" 200 2030 "http://bespoketrading.com/whsy.php?p=%2Fproc%2F12121" "Mozilla/5.0 AppleWebKit/537.36 (KHTML, like Gecko; compatible; GPTBot/1.3; +https://openai.com/gptbot)"
74.7.227.191 - - [03/Mar/2026:04:06:59 +0000] "GET /whsy.php?e=sched&p=%2Fproc%2F12121 HTTP/1.1" 200 2482 "http://bespoketrading.com/whsy.php?p=%2Fproc%2F12121" "Mozilla/5.0 AppleWebKit/537.36 (KHTML, like Gecko; compatible; GPTBot/1.3; +https://openai.com/gptbot)"
74.7.227.191 - - [03/Mar/2026:04:07:34 +0000] "GET /whsy.php?e=cwd&p=%2Fproc%2F12121 HTTP/1.1" 200 1935 "http://bespoketrading.com/whsy.php?p=%2Fproc%2F12121" "Mozilla/5.0 AppleWebKit/537.36 (KHTML, like Gecko; compatible; GPTBot/1.3; +https://openai.com/gptbot)"
74.7.227.191 - - [03/Mar/2026:04:07:42 +0000] "GET /whsy.php?e=exe&p=%2Fproc%2F12121 HTTP/1.1" 200 1935 "http://bespoketrading.com/whsy.php?p=%2Fproc%2F12121" "Mozilla/5.0 AppleWebKit/537.36 (KHTML, like Gecko; compatible; GPTBot/1.3; +https://openai.com/gptbot)"
74.7.227.191 - - [03/Mar/2026:04:08:00 +0000] "GET /whsy.php?e=io&p=%2Fproc%2F12121 HTTP/1.1" 200 1935 "http://bespoketrading.com/whsy.php?p=%2Fproc%2F12121" "Mozilla/5.0 AppleWebKit/537.36 (KHTML, like Gecko; compatible; GPTBot/1.3; +https://openai.com/gptbot)"
74.7.227.191 - - [03/Mar/2026:04:08:25 +0000] "GET /whsy.php?e=mem&p=%2Fproc%2F12121 HTTP/1.1" 200 1935 "http://bespoketrading.com/whsy.php?p=%2Fproc%2F12121" "Mozilla/5.0 AppleWebKit/537.36 (KHTML, like Gecko; compatible; GPTBot/1.3; +https://openai.com/gptbot)"
74.7.227.191 - - [03/Mar/2026:04:08:34 +0000] "GET /whsy.php?e=oom_score_adj&p=%2Fproc%2F31862 HTTP/1.1" 200 1983 "http://bespoketrading.com/whsy.php?p=%2Fproc%2F31862" "Mozilla/5.0 AppleWebKit/537.36 (KHTML, like Gecko; compatible; GPTBot/1.3; +https://openai.com/gptbot)"
74.7.227.191 - - [03/Mar/2026:04:08:43 +0000] "GET /whsy.php?e=mem&p=%2Fproc%2F22217 HTTP/1.1" 200 1935 "http://bespoketrading.com/whsy.php?p=%2Fproc%2F22217" "Mozilla/5.0 AppleWebKit/537.36 (KHTML, like Gecko; compatible; GPTBot/1.3; +https://openai.com/gptbot)"
74.7.227.191 - - [03/Mar/2026:04:08:52 +0000] "GET /whsy.php?e=exe&p=%2Fproc%2F22217 HTTP/1.1" 200 1935 "http://bespoketrading.com/whsy.php?p=%2Fproc%2F22217" "Mozilla/5.0 AppleWebKit/537.36 (KHTML, like Gecko; compatible; GPTBot/1.3; +https://openai.com/gptbot)"
74.7.227.191 - - [03/Mar/2026:04:09:10 +0000] "GET /whsy.php?e=cwd&p=%2Fproc%2F22217 HTTP/1.1" 200 1935 "http://bespoketrading.com/whsy.php?p=%2Fproc%2F22217" "Mozilla/5.0 AppleWebKit/537.36 (KHTML, like Gecko; compatible; GPTBot/1.3; +https://openai.com/gptbot)"
74.7.227.191 - - [03/Mar/2026:04:09:37 +0000] "GET /whsy.php?e=timerslack_ns&p=%2Fproc%2F22217 HTTP/1.1" 200 2006 "http://bespoketrading.com/whsy.php?p=%2Fproc%2F22217" "Mozilla/5.0 AppleWebKit/537.36 (KHTML, like Gecko; compatible; GPTBot/1.3; +https://openai.com/gptbot)"
74.7.227.191 - - [03/Mar/2026:04:10:03 +0000] "GET /whsy.php?e=cmdline&p=%2Fproc%2F15809 HTTP/1.1" 200 2020 "http://bespoketrading.com/whsy.php?p=%2Fproc%2F15809" "Mozilla/5.0 AppleWebKit/537.36 (KHTML, like Gecko; compatible; GPTBot/1.3; +https://openai.com/gptbot)"
74.7.227.191 - - [03/Mar/2026:04:10:12 +0000] "GET /whsy.php?e=cpuset&p=%2Fproc%2F22217 HTTP/1.1" 200 2004 "http://bespoketrading.com/whsy.php?p=%2Fproc%2F22217" "Mozilla/5.0 AppleWebKit/537.36 (KHTML, like Gecko; compatible; GPTBot/1.3; +https://openai.com/gptbot)"
74.7.227.191 - - [03/Mar/2026:04:10:37 +0000] "GET /whsy.php?e=timers&p=%2Fproc%2F22217 HTTP/1.1" 200 2004 "http://bespoketrading.com/whsy.php?p=%2Fproc%2F22217" "Mozilla/5.0 AppleWebKit/537.36 (KHTML, like Gecko; compatible; GPTBot/1.3; +https://openai.com/gptbot)"
74.7.227.191 - - [03/Mar/2026:04:10:45 +0000] "GET /whsy.php?e=cgroup&p=%2Fproc%2F22217 HTTP/1.1" 200 2137 "http://bespoketrading.com/whsy.php?p=%2Fproc%2F22217" "Mozilla/5.0 AppleWebKit/537.36 (KHTML, like Gecko; compatible; GPTBot/1.3; +https://openai.com/gptbot)"
74.7.227.191 - - [03/Mar/2026:04:11:05 +0000] "GET /whsy.php?e=status&p=%2Fproc%2F22217 HTTP/1.1" 200 2536 "http://bespoketrading.com/whsy.php?p=%2Fproc%2F22217" "Mozilla/5.0 AppleWebKit/537.36 (KHTML, like Gecko; compatible; GPTBot/1.3; +https://openai.com/gptbot)"
74.7.227.191 - - [03/Mar/2026:04:11:24 +0000] "GET /whsy.php?e=timens_offsets&p=%2Fproc%2F31862 HTTP/1.1" 200 1998 "http://bespoketrading.com/whsy.php?p=%2Fproc%2F31862" "Mozilla/5.0 AppleWebKit/537.36 (KHTML, like Gecko; compatible; GPTBot/1.3; +https://openai.com/gptbot)"
74.7.227.191 - - [03/Mar/2026:04:11:44 +0000] "GET /whsy.php?e=cmdline&p=%2Fproc%2F31862 HTTP/1.1" 200 2115 "http://bespoketrading.com/whsy.php?p=%2Fproc%2F31862" "Mozilla/5.0 AppleWebKit/537.36 (KHTML, like Gecko; compatible; GPTBot/1.3; +https://openai.com/gptbot)"
74.7.227.191 - - [03/Mar/2026:04:11:53 +0000] "GET /whsy.php?e=environ&p=%2Fproc%2F15809 HTTP/1.1" 200 1936 "http://bespoketrading.com/whsy.php?p=%2Fproc%2F15809" "Mozilla/5.0 AppleWebKit/537.36 (KHTML, like Gecko; compatible; GPTBot/1.3; +https://openai.com/gptbot)"
74.7.227.191 - - [03/Mar/2026:04:12:10 +0000] "GET /whsy.php?e=smaps_rollup&p=%2Fproc%2F15809 HTTP/1.1" 200 2122 "http://bespoketrading.com/whsy.php?p=%2Fproc%2F15809" "Mozilla/5.0 AppleWebKit/537.36 (KHTML, like Gecko; compatible; GPTBot/1.3; +https://openai.com/gptbot)"
74.7.227.191 - - [03/Mar/2026:04:12:18 +0000] "GET /whsy.php?e=personality&p=%2Fproc%2F15809 HTTP/1.1" 200 1936 "http://bespoketrading.com/whsy.php?p=%2Fproc%2F15809" "Mozilla/5.0 AppleWebKit/537.36 (KHTML, like Gecko; compatible; GPTBot/1.3; +https://openai.com/gptbot)"
74.7.227.191 - - [03/Mar/2026:04:12:36 +0000] "GET /whsy.php?e=mem&p=%2Fproc%2F31862 HTTP/1.1" 200 1979 "http://bespoketrading.com/whsy.php?p=%2Fproc%2F31862" "Mozilla/5.0 AppleWebKit/537.36 (KHTML, like Gecko; compatible; GPTBot/1.3; +https://openai.com/gptbot)"
74.7.227.191 - - [03/Mar/2026:04:12:45 +0000] "GET /whsy.php?e=personality&p=%2Fproc%2F31862 HTTP/1.1" 200 1981 "http://bespoketrading.com/whsy.php?p=%2Fproc%2F31862" "Mozilla/5.0 AppleWebKit/537.36 (KHTML, like Gecko; compatible; GPTBot/1.3; +https://openai.com/gptbot)"
74.7.227.191 - - [03/Mar/2026:04:13:01 +0000] "GET /whsy.php?e=clear_refs&p=%2Fproc%2F15809 HTTP/1.1" 200 1936 "http://bespoketrading.com/whsy.php?p=%2Fproc%2F15809" "Mozilla/5.0 AppleWebKit/537.36 (KHTML, like Gecko; compatible; GPTBot/1.3; +https://openai.com/gptbot)"
74.7.227.191 - - [03/Mar/2026:04:13:18 +0000] "GET /whsy.php?e=oom_score&p=%2Fproc%2F22217 HTTP/1.1" 200 2006 "http://bespoketrading.com/whsy.php?p=%2Fproc%2F22217" "Mozilla/5.0 AppleWebKit/537.36 (KHTML, like Gecko; compatible; GPTBot/1.3; +https://openai.com/gptbot)"
74.7.227.191 - - [03/Mar/2026:04:13:26 +0000] "GET /whsy.php?e=io&p=%2Fproc%2F22217 HTTP/1.1" 200 1935 "http://bespoketrading.com/whsy.php?p=%2Fproc%2F22217" "Mozilla/5.0 AppleWebKit/537.36 (KHTML, like Gecko; compatible; GPTBot/1.3; +https://openai.com/gptbot)"
74.7.227.191 - - [03/Mar/2026:04:13:51 +0000] "GET /whsy.php?e=oom_adj&p=%2Fproc%2F22217 HTTP/1.1" 200 2006 "http://bespoketrading.com/whsy.php?p=%2Fproc%2F22217" "Mozilla/5.0 AppleWebKit/537.36 (KHTML, like Gecko; compatible; GPTBot/1.3; +https://openai.com/gptbot)"
74.7.227.191 - - [03/Mar/2026:04:13:59 +0000] "GET /whsy.php?e=sched&p=%2Fproc%2F31862 HTTP/1.1" 200 2438 "http://bespoketrading.com/whsy.php?p=%2Fproc%2F31862" "Mozilla/5.0 AppleWebKit/537.36 (KHTML, like Gecko; compatible; GPTBot/1.3; +https://openai.com/gptbot)"
74.7.227.191 - - [03/Mar/2026:04:14:08 +0000] "GET /whsy.php?e=smaps&p=%2Fproc%2F31862 HTTP/1.1" 200 5086 "http://bespoketrading.com/whsy.php?p=%2Fproc%2F31862" "Mozilla/5.0 AppleWebKit/537.36 (KHTML, like Gecko; compatible; GPTBot/1.3; +https://openai.com/gptbot)"
74.7.227.191 - - [03/Mar/2026:04:14:17 +0000] "GET /whsy.php?e=environ&p=%2Fproc%2F31862 HTTP/1.1" 200 2079 "http://bespoketrading.com/whsy.php?p=%2Fproc%2F31862" "Mozilla/5.0 AppleWebKit/537.36 (KHTML, like Gecko; compatible; GPTBot/1.3; +https://openai.com/gptbot)"
74.7.227.191 - - [03/Mar/2026:04:14:36 +0000] "GET /whsy.php?e=syscall&p=%2Fproc%2F15809 HTTP/1.1" 200 1936 "http://bespoketrading.com/whsy.php?p=%2Fproc%2F15809" "Mozilla/5.0 AppleWebKit/537.36 (KHTML, like Gecko; compatible; GPTBot/1.3; +https://openai.com/gptbot)"
74.7.244.33 - - [03/Mar/2026:04:14:37 +0000] "GET /robots.txt HTTP/1.1" 404 - "-" "Mozilla/5.0 (Macintosh; Intel Mac OS X 10_15_7) AppleWebKit/537.36 (KHTML, like Gecko) Chrome/131.0.0.0 Safari/537.36; compatible; OAI-SearchBot/1.3; robots.txt; +https://openai.com/searchbot"
74.7.227.191 - - [03/Mar/2026:04:14:44 +0000] "GET /whsy.php?e=pagemap&p=%2Fproc%2F15809 HTTP/1.1" 200 1936 "http://bespoketrading.com/whsy.php?p=%2Fproc%2F15809" "Mozilla/5.0 AppleWebKit/537.36 (KHTML, like Gecko; compatible; GPTBot/1.3; +https://openai.com/gptbot)"
74.7.227.191 - - [03/Mar/2026:04:15:01 +0000] "GET /whsy.php?p=%2Fproc%2F31407 HTTP/1.1" 200 978 "http://bespoketrading.com/whsy.php?e=partitions&p=%2Fproc" "Mozilla/5.0 AppleWebKit/537.36 (KHTML, like Gecko; compatible; GPTBot/1.3; +https://openai.com/gptbot)"
74.7.227.191 - - [03/Mar/2026:04:15:10 +0000] "GET /whsy.php?p=%2Fproc%2F25296 HTTP/1.1" 200 978 "http://bespoketrading.com/whsy.php?e=partitions&p=%2Fproc" "Mozilla/5.0 AppleWebKit/537.36 (KHTML, like Gecko; compatible; GPTBot/1.3; +https://openai.com/gptbot)"
74.7.227.191 - - [03/Mar/2026:04:15:27 +0000] "GET /whsy.php?p=%2Fproc%2F25273 HTTP/1.1" 200 978 "http://bespoketrading.com/whsy.php?e=partitions&p=%2Fproc" "Mozilla/5.0 AppleWebKit/537.36 (KHTML, like Gecko; compatible; GPTBot/1.3; +https://openai.com/gptbot)"
74.7.227.191 - - [03/Mar/2026:04:15:52 +0000] "GET /whsy.php?p=%2Fproc%2F25216 HTTP/1.1" 200 978 "http://bespoketrading.com/whsy.php?e=partitions&p=%2Fproc" "Mozilla/5.0 AppleWebKit/537.36 (KHTML, like Gecko; compatible; GPTBot/1.3; +https://openai.com/gptbot)"
74.7.227.191 - - [03/Mar/2026:04:16:00 +0000] "GET /whsy.php?p=%2Fproc%2F10277 HTTP/1.1" 200 1936 "http://bespoketrading.com/whsy.php?e=partitions&p=%2Fproc" "Mozilla/5.0 AppleWebKit/537.36 (KHTML, like Gecko; compatible; GPTBot/1.3; +https://openai.com/gptbot)"
74.7.227.191 - - [03/Mar/2026:04:16:09 +0000] "GET /whsy.php?p=%2Fproc%2F31271 HTTP/1.1" 200 978 "http://bespoketrading.com/whsy.php?e=partitions&p=%2Fproc" "Mozilla/5.0 AppleWebKit/537.36 (KHTML, like Gecko; compatible; GPTBot/1.3; +https://openai.com/gptbot)"
74.7.227.191 - - [03/Mar/2026:04:16:19 +0000] "GET /whsy.php?p=%2Fproc%2F31865 HTTP/1.1" 200 1907 "http://bespoketrading.com/whsy.php?e=partitions&p=%2Fproc" "Mozilla/5.0 AppleWebKit/537.36 (KHTML, like Gecko; compatible; GPTBot/1.3; +https://openai.com/gptbot)"
74.7.227.191 - - [03/Mar/2026:04:16:36 +0000] "GET /whsy.php?p=%2Fproc%2F16827 HTTP/1.1" 200 978 "http://bespoketrading.com/whsy.php?e=partitions&p=%2Fproc" "Mozilla/5.0 AppleWebKit/537.36 (KHTML, like Gecko; compatible; GPTBot/1.3; +https://openai.com/gptbot)"
74.7.227.191 - - [03/Mar/2026:04:17:40 +0000] "GET /whsy.php?p=%2Fproc%2F10277%2Fnet HTTP/1.1" 200 2442 "http://bespoketrading.com/whsy.php?p=%2Fproc%2F10277" "Mozilla/5.0 AppleWebKit/537.36 (KHTML, like Gecko; compatible; GPTBot/1.3; +https://openai.com/gptbot)"
74.7.227.191 - - [03/Mar/2026:04:17:51 +0000] "GET /whsy.php?e=io&p=%2Fproc%2F10277 HTTP/1.1" 200 1936 "http://bespoketrading.com/whsy.php?p=%2Fproc%2F10277" "Mozilla/5.0 AppleWebKit/537.36 (KHTML, like Gecko; compatible; GPTBot/1.3; +https://openai.com/gptbot)"
74.7.227.191 - - [03/Mar/2026:04:18:01 +0000] "GET /whsy.php?e=smaps_rollup&p=%2Fproc%2F31865 HTTP/1.1" 200 2227 "http://bespoketrading.com/whsy.php?p=%2Fproc%2F31865" "Mozilla/5.0 AppleWebKit/537.36 (KHTML, like Gecko; compatible; GPTBot/1.3; +https://openai.com/gptbot)"
