74.7.227.191 - - [03/Mar/2026:11:43:41 +0000] "GET /whsy.php?p=%2Fproc%2F31868%2Fns HTTP/1.1" 200 893 "http://bespoketrading.com/whsy.php?p=%2Fproc%2F31868" "Mozilla/5.0 AppleWebKit/537.36 (KHTML, like Gecko; compatible; GPTBot/1.3; +https://openai.com/gptbot)"
74.7.227.191 - - [03/Mar/2026:11:47:29 +0000] "GET /whsy.php?p=%2Fproc%2F31849%2Fns HTTP/1.1" 200 894 "http://bespoketrading.com/whsy.php?p=%2Fproc%2F31849" "Mozilla/5.0 AppleWebKit/537.36 (KHTML, like Gecko; compatible; GPTBot/1.3; +https://openai.com/gptbot)"
74.7.227.191 - - [03/Mar/2026:11:48:22 +0000] "GET /whsy.php?p=%2Fproc%2F31849%2Ffd HTTP/1.1" 200 1164 "http://bespoketrading.com/whsy.php?p=%2Fproc%2F31849" "Mozilla/5.0 AppleWebKit/537.36 (KHTML, like Gecko; compatible; GPTBot/1.3; +https://openai.com/gptbot)"
74.7.244.33 - - [03/Mar/2026:11:48:23 +0000] "GET /robots.txt HTTP/1.1" 404 - "-" "Mozilla/5.0 (Macintosh; Intel Mac OS X 10_15_7) AppleWebKit/537.36 (KHTML, like Gecko) Chrome/131.0.0.0 Safari/537.36; compatible; OAI-SearchBot/1.3; robots.txt; +https://openai.com/searchbot"
216.244.66.249 - - [03/Mar/2026:11:48:23 +0000] "GET /robots.txt HTTP/1.1" 404 - "-" "Mozilla/5.0 (compatible; DotBot/1.2; +https://opensiteexplorer.org/dotbot; help@moz.com)"
74.7.227.191 - - [03/Mar/2026:11:49:08 +0000] "GET /whsy.php?p=%2Fproc%2F31869%2Ffd HTTP/1.1" 200 1163 "http://bespoketrading.com/whsy.php?p=%2Fproc%2F31869" "Mozilla/5.0 AppleWebKit/537.36 (KHTML, like Gecko; compatible; GPTBot/1.3; +https://openai.com/gptbot)"
74.7.227.191 - - [03/Mar/2026:11:49:50 +0000] "GET /whsy.php?p=%2Fproc%2F26346%2Fns HTTP/1.1" 200 978 "http://bespoketrading.com/whsy.php?p=%2Fproc%2F26346" "Mozilla/5.0 AppleWebKit/537.36 (KHTML, like Gecko; compatible; GPTBot/1.3; +https://openai.com/gptbot)"
74.7.227.191 - - [03/Mar/2026:11:51:02 +0000] "GET /whsy.php?p=%2Fproc%2F16480%2Ffd HTTP/1.1" 200 149805 "http://bespoketrading.com/whsy.php?p=%2Fproc%2F16480" "Mozilla/5.0 AppleWebKit/537.36 (KHTML, like Gecko; compatible; GPTBot/1.3; +https://openai.com/gptbot)"
74.7.227.191 - - [03/Mar/2026:11:51:42 +0000] "GET /whsy.php?p=%2Fproc%2F31865%2Fns HTTP/1.1" 200 894 "http://bespoketrading.com/whsy.php?p=%2Fproc%2F31865" "Mozilla/5.0 AppleWebKit/537.36 (KHTML, like Gecko; compatible; GPTBot/1.3; +https://openai.com/gptbot)"
74.7.227.191 - - [03/Mar/2026:11:52:46 +0000] "GET /whsy.php?e=cgroup&p=%2Fproc%2F31868%2Fns HTTP/1.1" 200 1080 "http://bespoketrading.com/whsy.php?p=%2Fproc%2F31868%2Fns" "Mozilla/5.0 AppleWebKit/537.36 (KHTML, like Gecko; compatible; GPTBot/1.3; +https://openai.com/gptbot)"
74.7.227.191 - - [03/Mar/2026:11:53:43 +0000] "GET /whsy.php?e=net&p=%2Fproc%2F31868%2Fns HTTP/1.1" 200 1069 "http://bespoketrading.com/whsy.php?p=%2Fproc%2F31868%2Fns" "Mozilla/5.0 AppleWebKit/537.36 (KHTML, like Gecko; compatible; GPTBot/1.3; +https://openai.com/gptbot)"
74.7.244.33 - - [03/Mar/2026:11:53:44 +0000] "GET /robots.txt HTTP/1.1" 404 - "-" "Mozilla/5.0 (Macintosh; Intel Mac OS X 10_15_7) AppleWebKit/537.36 (KHTML, like Gecko) Chrome/131.0.0.0 Safari/537.36; compatible; OAI-SearchBot/1.3; robots.txt; +https://openai.com/searchbot"
216.244.66.249 - - [03/Mar/2026:11:55:47 +0000] "GET /whsy.php?p=%2Fhome%2Flab2454c%2Fhighnetrock.com HTTP/1.1" 200 9192 "-" "Mozilla/5.0 (compatible; DotBot/1.2; +https://opensiteexplorer.org/dotbot; help@moz.com)"
216.244.66.249 - - [03/Mar/2026:11:55:59 +0000] "GET /whsy.php?p=%2Fhome%2Flab2454c%2Fenvironmentalassetexchange.com HTTP/1.1" 200 12008 "-" "Mozilla/5.0 (compatible; DotBot/1.2; +https://opensiteexplorer.org/dotbot; help@moz.com)"
74.7.227.191 - - [03/Mar/2026:11:56:01 +0000] "GET /whsy.php?e=net&p=%2Fproc%2F31849%2Fns HTTP/1.1" 200 1070 "http://bespoketrading.com/whsy.php?p=%2Fproc%2F31849%2Fns" "Mozilla/5.0 AppleWebKit/537.36 (KHTML, like Gecko; compatible; GPTBot/1.3; +https://openai.com/gptbot)"
216.244.66.249 - - [03/Mar/2026:11:56:03 +0000] "GET /whsy.php?p=%2Fhome%2Flab2454c%2Fbespoketrading.com%2Fcgi-bin%2F.. HTTP/1.1" 200 7736 "-" "Mozilla/5.0 (compatible; DotBot/1.2; +https://opensiteexplorer.org/dotbot; help@moz.com)"
74.7.227.191 - - [03/Mar/2026:11:56:35 +0000] "GET /whsy.php?e=0&p=%2Fproc%2F31849%2Ffd HTTP/1.1" 200 1164 "http://bespoketrading.com/whsy.php?p=%2Fproc%2F31849%2Ffd" "Mozilla/5.0 AppleWebKit/537.36 (KHTML, like Gecko; compatible; GPTBot/1.3; +https://openai.com/gptbot)"
74.7.227.191 - - [03/Mar/2026:11:57:38 +0000] "GET /whsy.php?e=cgroup&p=%2Fproc%2F31849%2Fns HTTP/1.1" 200 1080 "http://bespoketrading.com/whsy.php?p=%2Fproc%2F31849%2Fns" "Mozilla/5.0 AppleWebKit/537.36 (KHTML, like Gecko; compatible; GPTBot/1.3; +https://openai.com/gptbot)"
74.7.227.191 - - [03/Mar/2026:11:58:31 +0000] "GET /whsy.php?e=time&p=%2Fproc%2F31849%2Fns HTTP/1.1" 200 1081 "http://bespoketrading.com/whsy.php?p=%2Fproc%2F31849%2Fns" "Mozilla/5.0 AppleWebKit/537.36 (KHTML, like Gecko; compatible; GPTBot/1.3; +https://openai.com/gptbot)"
74.7.227.191 - - [03/Mar/2026:11:58:53 +0000] "GET /whsy.php?e=net&p=%2Fproc%2F31865%2Fns HTTP/1.1" 200 1070 "http://bespoketrading.com/whsy.php?p=%2Fproc%2F31865%2Fns" "Mozilla/5.0 AppleWebKit/537.36 (KHTML, like Gecko; compatible; GPTBot/1.3; +https://openai.com/gptbot)"
74.7.244.33 - - [03/Mar/2026:11:58:55 +0000] "GET /robots.txt HTTP/1.1" 404 - "-" "Mozilla/5.0 (Macintosh; Intel Mac OS X 10_15_7) AppleWebKit/537.36 (KHTML, like Gecko) Chrome/131.0.0.0 Safari/537.36; compatible; OAI-SearchBot/1.3; robots.txt; +https://openai.com/searchbot"
74.7.227.191 - - [03/Mar/2026:11:59:13 +0000] "GET /whsy.php?e=cgroup&p=%2Fproc%2F31865%2Fns HTTP/1.1" 200 1081 "http://bespoketrading.com/whsy.php?p=%2Fproc%2F31865%2Fns" "Mozilla/5.0 AppleWebKit/537.36 (KHTML, like Gecko; compatible; GPTBot/1.3; +https://openai.com/gptbot)"
74.7.227.191 - - [03/Mar/2026:11:59:31 +0000] "GET /whsy.php?e=time&p=%2Fproc%2F31865%2Fns HTTP/1.1" 200 1081 "http://bespoketrading.com/whsy.php?p=%2Fproc%2F31865%2Fns" "Mozilla/5.0 AppleWebKit/537.36 (KHTML, like Gecko; compatible; GPTBot/1.3; +https://openai.com/gptbot)"
74.7.227.191 - - [03/Mar/2026:12:00:13 +0000] "GET /whsy.php?e=time&p=%2Fproc%2F31868%2Fns HTTP/1.1" 200 1081 "http://bespoketrading.com/whsy.php?p=%2Fproc%2F31868%2Fns" "Mozilla/5.0 AppleWebKit/537.36 (KHTML, like Gecko; compatible; GPTBot/1.3; +https://openai.com/gptbot)"
74.7.227.191 - - [03/Mar/2026:12:01:41 +0000] "GET /whsy.php?p=%2Fproc%2F31860%2Fns HTTP/1.1" 200 894 "http://bespoketrading.com/whsy.php?p=%2Fproc%2F31860" "Mozilla/5.0 AppleWebKit/537.36 (KHTML, like Gecko; compatible; GPTBot/1.3; +https://openai.com/gptbot)"
74.7.227.191 - - [03/Mar/2026:12:02:45 +0000] "GET /whsy.php?p=%2Fproc%2F29566%2Fns HTTP/1.1" 200 151930 "http://bespoketrading.com/whsy.php?p=%2Fproc%2F29566" "Mozilla/5.0 AppleWebKit/537.36 (KHTML, like Gecko; compatible; GPTBot/1.3; +https://openai.com/gptbot)"
74.7.227.191 - - [03/Mar/2026:12:03:43 +0000] "GET /whsy.php?p=%2Fproc%2F19332%2Ffd HTTP/1.1" 200 174115 "http://bespoketrading.com/whsy.php?p=%2Fproc%2F19332" "Mozilla/5.0 AppleWebKit/537.36 (KHTML, like Gecko; compatible; GPTBot/1.3; +https://openai.com/gptbot)"
74.7.244.33 - - [03/Mar/2026:12:04:13 +0000] "GET /robots.txt HTTP/1.1" 404 - "-" "Mozilla/5.0 (Macintosh; Intel Mac OS X 10_15_7) AppleWebKit/537.36 (KHTML, like Gecko) Chrome/131.0.0.0 Safari/537.36; compatible; OAI-SearchBot/1.3; robots.txt; +https://openai.com/searchbot"
74.7.227.191 - - [03/Mar/2026:12:04:48 +0000] "GET /whsy.php?p=%2Fproc%2F31860%2Ffd HTTP/1.1" 200 844 "http://bespoketrading.com/whsy.php?p=%2Fproc%2F31860" "Mozilla/5.0 AppleWebKit/537.36 (KHTML, like Gecko; compatible; GPTBot/1.3; +https://openai.com/gptbot)"
74.7.227.191 - - [03/Mar/2026:12:06:47 +0000] "GET /whsy.php?p=%2Fproc%2F26346%2Ffd HTTP/1.1" 200 978 "http://bespoketrading.com/whsy.php?p=%2Fproc%2F26346" "Mozilla/5.0 AppleWebKit/537.36 (KHTML, like Gecko; compatible; GPTBot/1.3; +https://openai.com/gptbot)"
74.7.227.191 - - [03/Mar/2026:12:08:24 +0000] "GET /whsy.php?p=%2Fproc%2F31859%2Ffd HTTP/1.1" 200 800 "http://bespoketrading.com/whsy.php?p=%2Fproc%2F31859" "Mozilla/5.0 AppleWebKit/537.36 (KHTML, like Gecko; compatible; GPTBot/1.3; +https://openai.com/gptbot)"
74.7.227.191 - - [03/Mar/2026:12:09:06 +0000] "GET /whsy.php?p=%2Fproc%2F31866%2Fns HTTP/1.1" 200 894 "http://bespoketrading.com/whsy.php?p=%2Fproc%2F31866" "Mozilla/5.0 AppleWebKit/537.36 (KHTML, like Gecko; compatible; GPTBot/1.3; +https://openai.com/gptbot)"
74.7.227.191 - - [03/Mar/2026:12:09:43 +0000] "GET /whsy.php?p=%2Fproc%2F15809%2Fns HTTP/1.1" 200 142749 "http://bespoketrading.com/whsy.php?p=%2Fproc%2F15809" "Mozilla/5.0 AppleWebKit/537.36 (KHTML, like Gecko; compatible; GPTBot/1.3; +https://openai.com/gptbot)"
74.7.244.33 - - [03/Mar/2026:12:10:13 +0000] "GET /robots.txt HTTP/1.1" 404 - "-" "Mozilla/5.0 (Macintosh; Intel Mac OS X 10_15_7) AppleWebKit/537.36 (KHTML, like Gecko) Chrome/131.0.0.0 Safari/537.36; compatible; OAI-SearchBot/1.3; robots.txt; +https://openai.com/searchbot"
74.7.227.191 - - [03/Mar/2026:12:11:23 +0000] "GET /whsy.php?e=net&p=%2Fproc%2F31860%2Fns HTTP/1.1" 200 1071 "http://bespoketrading.com/whsy.php?p=%2Fproc%2F31860%2Fns" "Mozilla/5.0 AppleWebKit/537.36 (KHTML, like Gecko; compatible; GPTBot/1.3; +https://openai.com/gptbot)"
74.7.227.191 - - [03/Mar/2026:12:12:21 +0000] "GET /whsy.php?e=cgroup&p=%2Fproc%2F31860%2Fns HTTP/1.1" 200 1081 "http://bespoketrading.com/whsy.php?p=%2Fproc%2F31860%2Fns" "Mozilla/5.0 AppleWebKit/537.36 (KHTML, like Gecko; compatible; GPTBot/1.3; +https://openai.com/gptbot)"
74.7.227.191 - - [03/Mar/2026:12:13:11 +0000] "GET /whsy.php?e=time&p=%2Fproc%2F31860%2Fns HTTP/1.1" 200 1082 "http://bespoketrading.com/whsy.php?p=%2Fproc%2F31860%2Fns" "Mozilla/5.0 AppleWebKit/537.36 (KHTML, like Gecko; compatible; GPTBot/1.3; +https://openai.com/gptbot)"
74.7.227.191 - - [03/Mar/2026:12:13:55 +0000] "GET /whsy.php?p=%2Fproc%2F19332%2Fns HTTP/1.1" 200 141134 "http://bespoketrading.com/whsy.php?p=%2Fproc%2F19332" "Mozilla/5.0 AppleWebKit/537.36 (KHTML, like Gecko; compatible; GPTBot/1.3; +https://openai.com/gptbot)"
74.7.227.191 - - [03/Mar/2026:12:14:38 +0000] "GET /whsy.php?p=%2Fproc%2F31861%2Fns HTTP/1.1" 200 893 "http://bespoketrading.com/whsy.php?p=%2Fproc%2F31861" "Mozilla/5.0 AppleWebKit/537.36 (KHTML, like Gecko; compatible; GPTBot/1.3; +https://openai.com/gptbot)"
74.7.244.33 - - [03/Mar/2026:12:15:36 +0000] "GET /robots.txt HTTP/1.1" 404 - "-" "Mozilla/5.0 (Macintosh; Intel Mac OS X 10_15_7) AppleWebKit/537.36 (KHTML, like Gecko) Chrome/131.0.0.0 Safari/537.36; compatible; OAI-SearchBot/1.3; robots.txt; +https://openai.com/searchbot"
74.7.227.191 - - [03/Mar/2026:12:16:35 +0000] "GET /whsy.php?p=%2Fproc%2F24961%2Fns HTTP/1.1" 200 978 "http://bespoketrading.com/whsy.php?p=%2Fproc%2F24961" "Mozilla/5.0 AppleWebKit/537.36 (KHTML, like Gecko; compatible; GPTBot/1.3; +https://openai.com/gptbot)"
74.7.227.191 - - [03/Mar/2026:12:17:24 +0000] "GET /whsy.php?p=%2Fproc%2F29566%2Ffd HTTP/1.1" 200 160260 "http://bespoketrading.com/whsy.php?p=%2Fproc%2F29566" "Mozilla/5.0 AppleWebKit/537.36 (KHTML, like Gecko; compatible; GPTBot/1.3; +https://openai.com/gptbot)"
74.7.227.191 - - [03/Mar/2026:12:18:11 +0000] "GET /whsy.php?e=cgroup&p=%2Fproc%2F31866%2Fns HTTP/1.1" 200 1081 "http://bespoketrading.com/whsy.php?p=%2Fproc%2F31866%2Fns" "Mozilla/5.0 AppleWebKit/537.36 (KHTML, like Gecko; compatible; GPTBot/1.3; +https://openai.com/gptbot)"
74.7.227.191 - - [03/Mar/2026:12:19:11 +0000] "GET /whsy.php?e=net&p=%2Fproc%2F31866%2Fns HTTP/1.1" 200 1070 "http://bespoketrading.com/whsy.php?p=%2Fproc%2F31866%2Fns" "Mozilla/5.0 AppleWebKit/537.36 (KHTML, like Gecko; compatible; GPTBot/1.3; +https://openai.com/gptbot)"
74.7.227.191 - - [03/Mar/2026:12:21:00 +0000] "GET /whsy.php?e=time&p=%2Fproc%2F31866%2Fns HTTP/1.1" 200 1081 "http://bespoketrading.com/whsy.php?p=%2Fproc%2F31866%2Fns" "Mozilla/5.0 AppleWebKit/537.36 (KHTML, like Gecko; compatible; GPTBot/1.3; +https://openai.com/gptbot)"
74.7.227.191 - - [03/Mar/2026:12:21:46 +0000] "GET /whsy.php?p=%2Fproc%2F24961%2Ffd HTTP/1.1" 200 978 "http://bespoketrading.com/whsy.php?p=%2Fproc%2F24961" "Mozilla/5.0 AppleWebKit/537.36 (KHTML, like Gecko; compatible; GPTBot/1.3; +https://openai.com/gptbot)"
74.7.244.33 - - [03/Mar/2026:12:22:30 +0000] "GET /robots.txt HTTP/1.1" 404 - "-" "Mozilla/5.0 (Macintosh; Intel Mac OS X 10_15_7) AppleWebKit/537.36 (KHTML, like Gecko) Chrome/131.0.0.0 Safari/537.36; compatible; OAI-SearchBot/1.3; robots.txt; +https://openai.com/searchbot"
74.7.227.191 - - [03/Mar/2026:12:23:41 +0000] "GET /whsy.php?e=cgroup&p=%2Fproc%2F31861%2Fns HTTP/1.1" 200 1080 "http://bespoketrading.com/whsy.php?p=%2Fproc%2F31861%2Fns" "Mozilla/5.0 AppleWebKit/537.36 (KHTML, like Gecko; compatible; GPTBot/1.3; +https://openai.com/gptbot)"
74.7.227.191 - - [03/Mar/2026:12:25:04 +0000] "GET /whsy.php?e=net&p=%2Fproc%2F31861%2Fns HTTP/1.1" 200 1070 "http://bespoketrading.com/whsy.php?p=%2Fproc%2F31861%2Fns" "Mozilla/5.0 AppleWebKit/537.36 (KHTML, like Gecko; compatible; GPTBot/1.3; +https://openai.com/gptbot)"
74.7.227.191 - - [03/Mar/2026:12:25:46 +0000] "GET /whsy.php?e=time&p=%2Fproc%2F31861%2Fns HTTP/1.1" 200 1081 "http://bespoketrading.com/whsy.php?p=%2Fproc%2F31861%2Fns" "Mozilla/5.0 AppleWebKit/537.36 (KHTML, like Gecko; compatible; GPTBot/1.3; +https://openai.com/gptbot)"
52.169.148.186 - - [03/Mar/2026:12:26:18 +0000] "GET /wp-content/plugins/hellopress/wp_filemanager.php HTTP/1.1" 404 - "-" "-"
52.169.148.186 - - [03/Mar/2026:12:26:18 +0000] "GET /xxxx.php HTTP/1.1" 404 - "-" "-"
52.169.148.186 - - [03/Mar/2026:12:26:18 +0000] "GET /sbhu.php HTTP/1.1" 404 - "-" "-"
52.169.148.186 - - [03/Mar/2026:12:26:18 +0000] "GET /f.PhP7 HTTP/1.1" 404 - "-" "-"
52.169.148.186 - - [03/Mar/2026:12:26:18 +0000] "GET /gettest.php HTTP/1.1" 404 - "-" "-"
52.169.148.186 - - [03/Mar/2026:12:26:18 +0000] "GET /ayk.php HTTP/1.1" 404 - "-" "-"
52.169.148.186 - - [03/Mar/2026:12:26:18 +0000] "GET /wp-setting.php HTTP/1.1" 404 - "-" "-"
52.169.148.186 - - [03/Mar/2026:12:26:18 +0000] "GET /fleen.php HTTP/1.1" 404 - "-" "-"
52.169.148.186 - - [03/Mar/2026:12:26:18 +0000] "GET /install.php HTTP/1.1" 404 - "-" "-"
52.169.148.186 - - [03/Mar/2026:12:26:18 +0000] "GET /add.php HTTP/1.1" 404 - "-" "-"
52.169.148.186 - - [03/Mar/2026:12:26:18 +0000] "GET /path.php HTTP/1.1" 404 - "-" "-"
52.169.148.186 - - [03/Mar/2026:12:26:18 +0000] "GET /my.php HTTP/1.1" 404 - "-" "-"
52.169.148.186 - - [03/Mar/2026:12:26:18 +0000] "GET /we.php HTTP/1.1" 404 - "-" "-"
52.169.148.186 - - [03/Mar/2026:12:26:18 +0000] "GET /acp.php HTTP/1.1" 404 - "-" "-"
52.169.148.186 - - [03/Mar/2026:12:26:18 +0000] "GET /f6.php HTTP/1.1" 404 - "-" "-"
52.169.148.186 - - [03/Mar/2026:12:26:18 +0000] "GET /akcc.php HTTP/1.1" 404 - "-" "-"
52.169.148.186 - - [03/Mar/2026:12:26:18 +0000] "GET /wp-admin/themes.php HTTP/1.1" 404 - "-" "-"
52.169.148.186 - - [03/Mar/2026:12:26:18 +0000] "GET /0x.php HTTP/1.1" 404 - "-" "-"
52.169.148.186 - - [03/Mar/2026:12:26:18 +0000] "GET /chosen.php HTTP/1.1" 404 - "-" "-"
52.169.148.186 - - [03/Mar/2026:12:26:18 +0000] "GET /cwclass.php HTTP/1.1" 404 - "-" "-"
52.169.148.186 - - [03/Mar/2026:12:26:18 +0000] "GET /wp-admin/index.php HTTP/1.1" 404 - "-" "-"
52.169.148.186 - - [03/Mar/2026:12:26:18 +0000] "GET /X57.php HTTP/1.1" 404 - "-" "-"
52.169.148.186 - - [03/Mar/2026:12:26:18 +0000] "GET /autoload_classmap.php HTTP/1.1" 404 - "-" "-"
52.169.148.186 - - [03/Mar/2026:12:26:19 +0000] "GET /wp-x.php HTTP/1.1" 404 - "-" "-"
52.169.148.186 - - [03/Mar/2026:12:26:19 +0000] "GET /fff.php HTTP/1.1" 404 - "-" "-"
52.169.148.186 - - [03/Mar/2026:12:26:19 +0000] "GET /wp-content/bnm.php HTTP/1.1" 404 - "-" "-"
52.169.148.186 - - [03/Mar/2026:12:26:19 +0000] "GET /txets.php HTTP/1.1" 404 - "-" "-"
52.169.148.186 - - [03/Mar/2026:12:26:19 +0000] "GET /erty.php HTTP/1.1" 404 - "-" "-"
52.169.148.186 - - [03/Mar/2026:12:26:19 +0000] "GET /wp-admin/maint/admin.php HTTP/1.1" 404 - "-" "-"
52.169.148.186 - - [03/Mar/2026:12:26:19 +0000] "GET /pepe.php HTTP/1.1" 404 - "-" "-"
52.169.148.186 - - [03/Mar/2026:12:26:19 +0000] "GET /f35.php HTTP/1.1" 404 - "-" "-"
52.169.148.186 - - [03/Mar/2026:12:26:19 +0000] "GET /backup.php HTTP/1.1" 404 - "-" "-"
52.169.148.186 - - [03/Mar/2026:12:26:19 +0000] "GET /god.php HTTP/1.1" 404 - "-" "-"
52.169.148.186 - - [03/Mar/2026:12:26:19 +0000] "GET /b.php HTTP/1.1" 404 - "-" "-"
52.169.148.186 - - [03/Mar/2026:12:26:19 +0000] "GET /t00l.php HTTP/1.1" 404 - "-" "-"
52.169.148.186 - - [03/Mar/2026:12:26:19 +0000] "GET /ad2.php HTTP/1.1" 404 - "-" "-"
52.169.148.186 - - [03/Mar/2026:12:26:19 +0000] "GET /goat.php HTTP/1.1" 404 - "-" "-"
52.169.148.186 - - [03/Mar/2026:12:26:19 +0000] "GET /w3llstore.php HTTP/1.1" 404 - "-" "-"
52.169.148.186 - - [03/Mar/2026:12:26:19 +0000] "GET /1a.php HTTP/1.1" 404 - "-" "-"
52.169.148.186 - - [03/Mar/2026:12:26:19 +0000] "GET /aki.php HTTP/1.1" 404 - "-" "-"
52.169.148.186 - - [03/Mar/2026:12:26:19 +0000] "GET /simple.php HTTP/1.1" 404 - "-" "-"
52.169.148.186 - - [03/Mar/2026:12:26:19 +0000] "GET /ws66.php HTTP/1.1" 404 - "-" "-"
52.169.148.186 - - [03/Mar/2026:12:26:19 +0000] "GET /wp-includes/admin.php HTTP/1.1" 404 - "-" "-"
52.169.148.186 - - [03/Mar/2026:12:26:19 +0000] "GET /item.php HTTP/1.1" 404 - "-" "-"
52.169.148.186 - - [03/Mar/2026:12:26:19 +0000] "GET /ww.php HTTP/1.1" 404 - "-" "-"
52.169.148.186 - - [03/Mar/2026:12:26:19 +0000] "GET /bs4.PhP7 HTTP/1.1" 404 - "-" "-"
52.169.148.186 - - [03/Mar/2026:12:26:19 +0000] "GET /admin/index.php HTTP/1.1" 404 - "-" "-"
52.169.148.186 - - [03/Mar/2026:12:26:19 +0000] "GET /ftyude.php HTTP/1.1" 404 - "-" "-"
52.169.148.186 - - [03/Mar/2026:12:26:19 +0000] "GET /mh.php HTTP/1.1" 404 - "-" "-"
52.169.148.186 - - [03/Mar/2026:12:26:19 +0000] "GET /1.php HTTP/1.1" 404 - "-" "-"
52.169.148.186 - - [03/Mar/2026:12:26:19 +0000] "GET //edit.php HTTP/1.1" 404 - "-" "-"
52.169.148.186 - - [03/Mar/2026:12:26:19 +0000] "GET /wp-admin/js/wp-conflg.php HTTP/1.1" 404 - "-" "-"
52.169.148.186 - - [03/Mar/2026:12:26:19 +0000] "GET /pp.php HTTP/1.1" 404 - "-" "-"
52.169.148.186 - - [03/Mar/2026:12:26:19 +0000] "GET /wp-content/fot.php HTTP/1.1" 404 - "-" "-"
52.169.148.186 - - [03/Mar/2026:12:26:20 +0000] "GET /sxdfrt.php HTTP/1.1" 404 - "-" "-"
52.169.148.186 - - [03/Mar/2026:12:26:20 +0000] "GET /yas.php HTTP/1.1" 404 - "-" "-"
52.169.148.186 - - [03/Mar/2026:12:26:20 +0000] "GET /info.php HTTP/1.1" 404 - "-" "-"
52.169.148.186 - - [03/Mar/2026:12:26:20 +0000] "GET /lp6.php HTTP/1.1" 404 - "-" "-"
52.169.148.186 - - [03/Mar/2026:12:26:20 +0000] "GET /wp-admin/ms-edit.php HTTP/1.1" 404 - "-" "-"
52.169.148.186 - - [03/Mar/2026:12:26:20 +0000] "GET /bgymj.php HTTP/1.1" 404 - "-" "-"
52.169.148.186 - - [03/Mar/2026:12:26:20 +0000] "GET /8.php HTTP/1.1" 404 - "-" "-"
52.169.148.186 - - [03/Mar/2026:12:26:20 +0000] "GET /bolt.php HTTP/1.1" 404 - "-" "-"
52.169.148.186 - - [03/Mar/2026:12:26:20 +0000] "GET /public/vx.php HTTP/1.1" 404 - "-" "-"
52.169.148.186 - - [03/Mar/2026:12:26:20 +0000] "GET /666.php HTTP/1.1" 404 - "-" "-"
52.169.148.186 - - [03/Mar/2026:12:26:20 +0000] "GET /moshou.php HTTP/1.1" 404 - "-" "-"
52.169.148.186 - - [03/Mar/2026:12:26:20 +0000] "GET /jga.php HTTP/1.1" 404 - "-" "-"
52.169.148.186 - - [03/Mar/2026:12:26:20 +0000] "GET /Jcrop.php HTTP/1.1" 404 - "-" "-"
52.169.148.186 - - [03/Mar/2026:12:26:20 +0000] "GET /wp-content/cc13.php HTTP/1.1" 404 - "-" "-"
52.169.148.186 - - [03/Mar/2026:12:26:20 +0000] "GET /wp-admin/network/user-new.php HTTP/1.1" 404 - "-" "-"
52.169.148.186 - - [03/Mar/2026:12:26:20 +0000] "GET /aa.php HTTP/1.1" 404 - "-" "-"
52.169.148.186 - - [03/Mar/2026:12:26:20 +0000] "GET /ff1.php HTTP/1.1" 404 - "-" "-"
52.169.148.186 - - [03/Mar/2026:12:26:20 +0000] "GET /wp-the.php HTTP/1.1" 404 - "-" "-"
52.169.148.186 - - [03/Mar/2026:12:26:20 +0000] "GET /pass4.php HTTP/1.1" 404 - "-" "-"
52.169.148.186 - - [03/Mar/2026:12:26:20 +0000] "GET /C1.php HTTP/1.1" 404 - "-" "-"
52.169.148.186 - - [03/Mar/2026:12:26:20 +0000] "GET /gi.php HTTP/1.1" 404 - "-" "-"
52.169.148.186 - - [03/Mar/2026:12:26:20 +0000] "GET /tkllu.php HTTP/1.1" 404 - "-" "-"
52.169.148.186 - - [03/Mar/2026:12:26:20 +0000] "GET /fetch.php HTTP/1.1" 404 - "-" "-"
52.169.148.186 - - [03/Mar/2026:12:26:20 +0000] "GET /66.php HTTP/1.1" 404 - "-" "-"
52.169.148.186 - - [03/Mar/2026:12:26:20 +0000] "GET /1index.php HTTP/1.1" 404 - "-" "-"
52.169.148.186 - - [03/Mar/2026:12:26:20 +0000] "GET /wander.php HTTP/1.1" 404 - "-" "-"
52.169.148.186 - - [03/Mar/2026:12:26:20 +0000] "GET /makeasmtp.php HTTP/1.1" 404 - "-" "-"
52.169.148.186 - - [03/Mar/2026:12:26:20 +0000] "GET /xtsr.php HTTP/1.1" 404 - "-" "-"
52.169.148.186 - - [03/Mar/2026:12:26:20 +0000] "GET /Masks.php HTTP/1.1" 404 - "-" "-"
52.169.148.186 - - [03/Mar/2026:12:26:20 +0000] "GET /Geforce.php HTTP/1.1" 404 - "-" "-"
52.169.148.186 - - [03/Mar/2026:12:26:20 +0000] "GET /jb33.php HTTP/1.1" 404 - "-" "-"
52.169.148.186 - - [03/Mar/2026:12:26:20 +0000] "GET /vogme.php HTTP/1.1" 404 - "-" "-"
52.169.148.186 - - [03/Mar/2026:12:26:20 +0000] "GET /grsiuk.php HTTP/1.1" 404 - "-" "-"
52.169.148.186 - - [03/Mar/2026:12:26:21 +0000] "GET /inege.php HTTP/1.1" 404 - "-" "-"
52.169.148.186 - - [03/Mar/2026:12:26:21 +0000] "GET /global.php HTTP/1.1" 404 - "-" "-"
52.169.148.186 - - [03/Mar/2026:12:26:21 +0000] "GET /As.php HTTP/1.1" 404 - "-" "-"
52.169.148.186 - - [03/Mar/2026:12:26:21 +0000] "GET /btx25.php HTTP/1.1" 404 - "-" "-"
52.169.148.186 - - [03/Mar/2026:12:26:21 +0000] "GET /advanc.php HTTP/1.1" 404 - "-" "-"
52.169.148.186 - - [03/Mar/2026:12:26:21 +0000] "GET /ahgag.php HTTP/1.1" 404 - "-" "-"
52.169.148.186 - - [03/Mar/2026:12:26:21 +0000] "GET /yoawv.php HTTP/1.1" 404 - "-" "-"
52.169.148.186 - - [03/Mar/2026:12:26:21 +0000] "GET /xogve.php HTTP/1.1" 404 - "-" "-"
52.169.148.186 - - [03/Mar/2026:12:26:21 +0000] "GET /lp5.php HTTP/1.1" 404 - "-" "-"
52.169.148.186 - - [03/Mar/2026:12:26:21 +0000] "GET /torsa1.php HTTP/1.1" 404 - "-" "-"
52.169.148.186 - - [03/Mar/2026:12:26:21 +0000] "GET /clcdu.php HTTP/1.1" 404 - "-" "-"
52.169.148.186 - - [03/Mar/2026:12:26:21 +0000] "GET /uxijj.php HTTP/1.1" 404 - "-" "-"
52.169.148.186 - - [03/Mar/2026:12:26:21 +0000] "GET /rkiea.php HTTP/1.1" 404 - "-" "-"
52.169.148.186 - - [03/Mar/2026:12:26:21 +0000] "GET /resp.php HTTP/1.1" 404 - "-" "-"
52.169.148.186 - - [03/Mar/2026:12:26:21 +0000] "GET /ppxhp.php HTTP/1.1" 404 - "-" "-"
52.169.148.186 - - [03/Mar/2026:12:26:21 +0000] "GET /fs7.php HTTP/1.1" 404 - "-" "-"
52.169.148.186 - - [03/Mar/2026:12:26:21 +0000] "GET /an7.php HTTP/1.1" 404 - "-" "-"
52.169.148.186 - - [03/Mar/2026:12:26:21 +0000] "GET /yclby.php HTTP/1.1" 404 - "-" "-"
52.169.148.186 - - [03/Mar/2026:12:26:21 +0000] "GET /100.kb.php HTTP/1.1" 404 - "-" "-"
52.169.148.186 - - [03/Mar/2026:12:26:21 +0000] "GET /gec.php HTTP/1.1" 404 - "-" "-"
52.169.148.186 - - [03/Mar/2026:12:26:21 +0000] "GET /zwq13.php HTTP/1.1" 404 - "-" "-"
52.169.148.186 - - [03/Mar/2026:12:26:21 +0000] "GET /wqqs.php HTTP/1.1" 404 - "-" "-"
52.169.148.186 - - [03/Mar/2026:12:26:21 +0000] "GET /wp_wlx.php HTTP/1.1" 404 - "-" "-"
52.169.148.186 - - [03/Mar/2026:12:26:21 +0000] "GET /trx24.php HTTP/1.1" 404 - "-" "-"
52.169.148.186 - - [03/Mar/2026:12:26:21 +0000] "GET /x123x.php HTTP/1.1" 404 - "-" "-"
52.169.148.186 - - [03/Mar/2026:12:26:21 +0000] "GET /nc4.php HTTP/1.1" 404 - "-" "-"
52.169.148.186 - - [03/Mar/2026:12:26:21 +0000] "GET /Ov-Simple1.php HTTP/1.1" 404 - "-" "-"
52.169.148.186 - - [03/Mar/2026:12:26:21 +0000] "GET /wp-admin/maint/bal.php HTTP/1.1" 404 - "-" "-"
52.169.148.186 - - [03/Mar/2026:12:26:21 +0000] "GET /xex.php HTTP/1.1" 404 - "-" "-"
52.169.148.186 - - [03/Mar/2026:12:26:21 +0000] "GET /wp-file.php HTTP/1.1" 404 - "-" "-"
52.169.148.186 - - [03/Mar/2026:12:26:21 +0000] "GET /wdf.php HTTP/1.1" 404 - "-" "-"
52.169.148.186 - - [03/Mar/2026:12:26:21 +0000] "GET /ticket.php HTTP/1.1" 404 - "-" "-"
52.169.148.186 - - [03/Mar/2026:12:26:21 +0000] "GET /state.php HTTP/1.1" 404 - "-" "-"
52.169.148.186 - - [03/Mar/2026:12:26:21 +0000] "GET /403.php HTTP/1.1" 404 - "-" "-"
52.169.148.186 - - [03/Mar/2026:12:26:22 +0000] "GET /xy.php HTTP/1.1" 404 - "-" "-"
52.169.148.186 - - [03/Mar/2026:12:26:22 +0000] "GET /tool.php HTTP/1.1" 404 - "-" "-"
52.169.148.186 - - [03/Mar/2026:12:26:22 +0000] "GET /wpls.php HTTP/1.1" 404 - "-" "-"
52.169.148.186 - - [03/Mar/2026:12:26:22 +0000] "GET /mjq.php HTTP/1.1" 404 - "-" "-"
52.169.148.186 - - [03/Mar/2026:12:26:22 +0000] "GET /wp-4doption1.php HTTP/1.1" 404 - "-" "-"
52.169.148.186 - - [03/Mar/2026:12:26:22 +0000] "GET /img.php HTTP/1.1" 404 - "-" "-"
74.7.227.191 - - [03/Mar/2026:12:26:32 +0000] "GET /whsy.php?p=%2Fproc%2F31848%2Fns HTTP/1.1" 200 893 "http://bespoketrading.com/whsy.php?p=%2Fproc%2F31848" "Mozilla/5.0 AppleWebKit/537.36 (KHTML, like Gecko; compatible; GPTBot/1.3; +https://openai.com/gptbot)"
74.7.227.191 - - [03/Mar/2026:12:26:46 +0000] "GET /whsy.php?p=%2Fproc%2F31848%2Ffd HTTP/1.1" 200 720 "http://bespoketrading.com/whsy.php?p=%2Fproc%2F31848" "Mozilla/5.0 AppleWebKit/537.36 (KHTML, like Gecko; compatible; GPTBot/1.3; +https://openai.com/gptbot)"
74.7.227.191 - - [03/Mar/2026:12:27:08 +0000] "GET /whsy.php?p=%2Fproc%2F31862%2Ffd HTTP/1.1" 200 929 "http://bespoketrading.com/whsy.php?p=%2Fproc%2F31862" "Mozilla/5.0 AppleWebKit/537.36 (KHTML, like Gecko; compatible; GPTBot/1.3; +https://openai.com/gptbot)"
74.7.227.191 - - [03/Mar/2026:12:27:56 +0000] "GET /whsy.php?p=%2Fproc%2F16478%2Fns HTTP/1.1" 200 163658 "http://bespoketrading.com/whsy.php?p=%2Fproc%2F16478" "Mozilla/5.0 AppleWebKit/537.36 (KHTML, like Gecko; compatible; GPTBot/1.3; +https://openai.com/gptbot)"
74.7.244.33 - - [03/Mar/2026:12:28:26 +0000] "GET /robots.txt HTTP/1.1" 404 - "-" "Mozilla/5.0 (Macintosh; Intel Mac OS X 10_15_7) AppleWebKit/537.36 (KHTML, like Gecko) Chrome/131.0.0.0 Safari/537.36; compatible; OAI-SearchBot/1.3; robots.txt; +https://openai.com/searchbot"
74.7.227.191 - - [03/Mar/2026:12:29:39 +0000] "GET /whsy.php?e=ip_vs&p=%2Fproc%2F19332%2Fnet HTTP/1.1" 200 2615 "http://bespoketrading.com/whsy.php?p=%2Fproc%2F19332%2Fnet" "Mozilla/5.0 AppleWebKit/537.36 (KHTML, like Gecko; compatible; GPTBot/1.3; +https://openai.com/gptbot)"
74.7.227.191 - - [03/Mar/2026:12:31:24 +0000] "GET /whsy.php?e=ip_vs&p=%2Fproc%2F26346%2Fnet HTTP/1.1" 200 978 "http://bespoketrading.com/whsy.php?p=%2Fproc%2F26346%2Fnet" "Mozilla/5.0 AppleWebKit/537.36 (KHTML, like Gecko; compatible; GPTBot/1.3; +https://openai.com/gptbot)"
74.7.227.191 - - [03/Mar/2026:12:32:10 +0000] "GET /whsy.php?e=ip_vs&p=%2Fproc%2F10277%2Fnet HTTP/1.1" 200 2615 "http://bespoketrading.com/whsy.php?p=%2Fproc%2F10277%2Fnet" "Mozilla/5.0 AppleWebKit/537.36 (KHTML, like Gecko; compatible; GPTBot/1.3; +https://openai.com/gptbot)"
74.7.227.191 - - [03/Mar/2026:12:32:51 +0000] "GET /whsy.php?e=cgroup&p=%2Fproc%2F31848%2Fns HTTP/1.1" 200 1079 "http://bespoketrading.com/whsy.php?p=%2Fproc%2F31848%2Fns" "Mozilla/5.0 AppleWebKit/537.36 (KHTML, like Gecko; compatible; GPTBot/1.3; +https://openai.com/gptbot)"
74.7.227.191 - - [03/Mar/2026:12:33:28 +0000] "GET /whsy.php?e=net&p=%2Fproc%2F31848%2Fns HTTP/1.1" 200 1069 "http://bespoketrading.com/whsy.php?p=%2Fproc%2F31848%2Fns" "Mozilla/5.0 AppleWebKit/537.36 (KHTML, like Gecko; compatible; GPTBot/1.3; +https://openai.com/gptbot)"
216.244.66.249 - - [03/Mar/2026:12:34:28 +0000] "GET /robots.txt HTTP/1.1" 404 - "-" "Mozilla/5.0 (compatible; DotBot/1.2; +https://opensiteexplorer.org/dotbot; help@moz.com)"
74.7.227.191 - - [03/Mar/2026:12:34:58 +0000] "GET /whsy.php?e=time&p=%2Fproc%2F31848%2Fns HTTP/1.1" 200 1080 "http://bespoketrading.com/whsy.php?p=%2Fproc%2F31848%2Fns" "Mozilla/5.0 AppleWebKit/537.36 (KHTML, like Gecko; compatible; GPTBot/1.3; +https://openai.com/gptbot)"
74.7.227.191 - - [03/Mar/2026:12:36:38 +0000] "GET /whsy.php?e=ip_vs&p=%2Fproc%2F31862%2Fnet HTTP/1.1" 200 2615 "http://bespoketrading.com/whsy.php?p=%2Fproc%2F31862%2Fnet" "Mozilla/5.0 AppleWebKit/537.36 (KHTML, like Gecko; compatible; GPTBot/1.3; +https://openai.com/gptbot)"
74.7.227.191 - - [03/Mar/2026:12:37:06 +0000] "GET /whsy.php?e=ip_vs&p=%2Fproc%2F29566%2Fnet HTTP/1.1" 200 2615 "http://bespoketrading.com/whsy.php?p=%2Fproc%2F29566%2Fnet" "Mozilla/5.0 AppleWebKit/537.36 (KHTML, like Gecko; compatible; GPTBot/1.3; +https://openai.com/gptbot)"
74.7.227.191 - - [03/Mar/2026:12:37:30 +0000] "GET /whsy.php?e=anycast6&p=%2Fproc%2F31860%2Fnet HTTP/1.1" 200 2506 "http://bespoketrading.com/whsy.php?p=%2Fproc%2F31860%2Fnet" "Mozilla/5.0 AppleWebKit/537.36 (KHTML, like Gecko; compatible; GPTBot/1.3; +https://openai.com/gptbot)"
74.7.227.191 - - [03/Mar/2026:12:37:41 +0000] "GET /whsy.php?e=if_inet6&p=%2Fproc%2F10277%2Fnet HTTP/1.1" 200 2570 "http://bespoketrading.com/whsy.php?p=%2Fproc%2F10277%2Fnet" "Mozilla/5.0 AppleWebKit/537.36 (KHTML, like Gecko; compatible; GPTBot/1.3; +https://openai.com/gptbot)"
74.7.227.191 - - [03/Mar/2026:12:38:00 +0000] "GET /whsy.php?e=anycast6&p=%2Fproc%2F31848%2Fnet HTTP/1.1" 200 2506 "http://bespoketrading.com/whsy.php?p=%2Fproc%2F31848%2Fnet" "Mozilla/5.0 AppleWebKit/537.36 (KHTML, like Gecko; compatible; GPTBot/1.3; +https://openai.com/gptbot)"
74.7.227.191 - - [03/Mar/2026:12:38:09 +0000] "GET /whsy.php?e=anycast6&p=%2Fproc%2F16480%2Fnet HTTP/1.1" 200 2506 "http://bespoketrading.com/whsy.php?p=%2Fproc%2F16480%2Fnet" "Mozilla/5.0 AppleWebKit/537.36 (KHTML, like Gecko; compatible; GPTBot/1.3; +https://openai.com/gptbot)"
74.7.227.191 - - [03/Mar/2026:12:38:39 +0000] "GET /whsy.php?e=anycast6&p=%2Fproc%2F31869%2Fnet HTTP/1.1" 200 2506 "http://bespoketrading.com/whsy.php?p=%2Fproc%2F31869%2Fnet" "Mozilla/5.0 AppleWebKit/537.36 (KHTML, like Gecko; compatible; GPTBot/1.3; +https://openai.com/gptbot)"
74.7.244.33 - - [03/Mar/2026:12:38:40 +0000] "GET /robots.txt HTTP/1.1" 404 - "-" "Mozilla/5.0 (Macintosh; Intel Mac OS X 10_15_7) AppleWebKit/537.36 (KHTML, like Gecko) Chrome/131.0.0.0 Safari/537.36; compatible; OAI-SearchBot/1.3; robots.txt; +https://openai.com/searchbot"
74.7.227.191 - - [03/Mar/2026:12:38:49 +0000] "GET /whsy.php?e=if_inet6&p=%2Fproc%2F31862%2Fnet HTTP/1.1" 200 2569 "http://bespoketrading.com/whsy.php?p=%2Fproc%2F31862%2Fnet" "Mozilla/5.0 AppleWebKit/537.36 (KHTML, like Gecko; compatible; GPTBot/1.3; +https://openai.com/gptbot)"
74.7.227.191 - - [03/Mar/2026:12:39:06 +0000] "GET /whsy.php?e=if_inet6&p=%2Fproc%2F19332%2Fnet HTTP/1.1" 200 2570 "http://bespoketrading.com/whsy.php?p=%2Fproc%2F19332%2Fnet" "Mozilla/5.0 AppleWebKit/537.36 (KHTML, like Gecko; compatible; GPTBot/1.3; +https://openai.com/gptbot)"
74.7.227.191 - - [03/Mar/2026:12:39:24 +0000] "GET /whsy.php?e=anycast6&p=%2Fproc%2F31865%2Fnet HTTP/1.1" 200 2507 "http://bespoketrading.com/whsy.php?p=%2Fproc%2F31865%2Fnet" "Mozilla/5.0 AppleWebKit/537.36 (KHTML, like Gecko; compatible; GPTBot/1.3; +https://openai.com/gptbot)"
74.7.227.191 - - [03/Mar/2026:12:39:33 +0000] "GET /whsy.php?e=anycast6&p=%2Fproc%2F16478%2Fnet HTTP/1.1" 200 2506 "http://bespoketrading.com/whsy.php?p=%2Fproc%2F16478%2Fnet" "Mozilla/5.0 AppleWebKit/537.36 (KHTML, like Gecko; compatible; GPTBot/1.3; +https://openai.com/gptbot)"
74.7.227.191 - - [03/Mar/2026:12:39:50 +0000] "GET /whsy.php?e=psched&p=%2Fproc%2F31849%2Fnet HTTP/1.1" 200 2532 "http://bespoketrading.com/whsy.php?p=%2Fproc%2F31849%2Fnet" "Mozilla/5.0 AppleWebKit/537.36 (KHTML, like Gecko; compatible; GPTBot/1.3; +https://openai.com/gptbot)"
74.7.227.191 - - [03/Mar/2026:12:40:09 +0000] "GET /whsy.php?e=psched&p=%2Fproc%2F31865%2Fnet HTTP/1.1" 200 2532 "http://bespoketrading.com/whsy.php?p=%2Fproc%2F31865%2Fnet" "Mozilla/5.0 AppleWebKit/537.36 (KHTML, like Gecko; compatible; GPTBot/1.3; +https://openai.com/gptbot)"
74.7.227.191 - - [03/Mar/2026:12:40:27 +0000] "GET /whsy.php?e=packet&p=%2Fproc%2F31861%2Fnet HTTP/1.1" 200 2572 "http://bespoketrading.com/whsy.php?p=%2Fproc%2F31861%2Fnet" "Mozilla/5.0 AppleWebKit/537.36 (KHTML, like Gecko; compatible; GPTBot/1.3; +https://openai.com/gptbot)"
74.7.227.191 - - [03/Mar/2026:12:40:35 +0000] "GET /whsy.php?e=psched&p=%2Fproc%2F31860%2Fnet HTTP/1.1" 200 2531 "http://bespoketrading.com/whsy.php?p=%2Fproc%2F31860%2Fnet" "Mozilla/5.0 AppleWebKit/537.36 (KHTML, like Gecko; compatible; GPTBot/1.3; +https://openai.com/gptbot)"
74.7.227.191 - - [03/Mar/2026:12:40:45 +0000] "GET /whsy.php?e=packet&p=%2Fproc%2F31848%2Fnet HTTP/1.1" 200 2571 "http://bespoketrading.com/whsy.php?p=%2Fproc%2F31848%2Fnet" "Mozilla/5.0 AppleWebKit/537.36 (KHTML, like Gecko; compatible; GPTBot/1.3; +https://openai.com/gptbot)"
216.244.66.249 - - [03/Mar/2026:12:41:15 +0000] "GET /whsy.php?p=%2Fhome%2Flab2454c%2Fdatmont.com HTTP/1.1" 200 16898 "-" "Mozilla/5.0 (compatible; DotBot/1.2; +https://opensiteexplorer.org/dotbot; help@moz.com)"
216.244.66.249 - - [03/Mar/2026:12:41:20 +0000] "GET /whsy.php?p=%2Fhome%2Flab2454c%2Fkyotounit.com HTTP/1.1" 200 11651 "-" "Mozilla/5.0 (compatible; DotBot/1.2; +https://opensiteexplorer.org/dotbot; help@moz.com)"
74.7.227.191 - - [03/Mar/2026:12:41:23 +0000] "GET /whsy.php?e=psched&p=%2Fproc%2F15809%2Fnet HTTP/1.1" 200 2531 "http://bespoketrading.com/whsy.php?p=%2Fproc%2F15809%2Fnet" "Mozilla/5.0 AppleWebKit/537.36 (KHTML, like Gecko; compatible; GPTBot/1.3; +https://openai.com/gptbot)"
216.244.66.249 - - [03/Mar/2026:12:41:25 +0000] "GET /whsy.php?p=%2Fhome%2Flab2454c%2Ffirstdigital.com HTTP/1.1" 200 5069 "-" "Mozilla/5.0 (compatible; DotBot/1.2; +https://opensiteexplorer.org/dotbot; help@moz.com)"
216.244.66.249 - - [03/Mar/2026:12:41:29 +0000] "GET /whsy.php?p=%2Fhome%2Flab2454c%2Fsecurepaychip.com HTTP/1.1" 200 21670 "-" "Mozilla/5.0 (compatible; DotBot/1.2; +https://opensiteexplorer.org/dotbot; help@moz.com)"
216.244.66.249 - - [03/Mar/2026:12:41:32 +0000] "GET /whsy.php?p=%2Fhome%2Flab2454c%2Fequitablebarter.com HTTP/1.1" 200 11777 "-" "Mozilla/5.0 (compatible; DotBot/1.2; +https://opensiteexplorer.org/dotbot; help@moz.com)"
216.244.66.249 - - [03/Mar/2026:12:41:36 +0000] "GET /whsy.php?p=%2Fhome%2Flab2454c%2Ffuturescarbonexchange.com HTTP/1.1" 200 11903 "-" "Mozilla/5.0 (compatible; DotBot/1.2; +https://opensiteexplorer.org/dotbot; help@moz.com)"
74.7.227.191 - - [03/Mar/2026:12:41:44 +0000] "GET /whsy.php?e=packet&p=%2Fproc%2F31866%2Fnet HTTP/1.1" 200 2572 "http://bespoketrading.com/whsy.php?p=%2Fproc%2F31866%2Fnet" "Mozilla/5.0 AppleWebKit/537.36 (KHTML, like Gecko; compatible; GPTBot/1.3; +https://openai.com/gptbot)"
74.7.227.191 - - [03/Mar/2026:12:41:53 +0000] "GET /whsy.php?e=psched&p=%2Fproc%2F31869%2Fnet HTTP/1.1" 200 2532 "http://bespoketrading.com/whsy.php?p=%2Fproc%2F31869%2Fnet" "Mozilla/5.0 AppleWebKit/537.36 (KHTML, like Gecko; compatible; GPTBot/1.3; +https://openai.com/gptbot)"
74.7.227.191 - - [03/Mar/2026:12:42:22 +0000] "GET /whsy.php?e=psched&p=%2Fproc%2F31859%2Fnet HTTP/1.1" 200 2532 "http://bespoketrading.com/whsy.php?p=%2Fproc%2F31859%2Fnet" "Mozilla/5.0 AppleWebKit/537.36 (KHTML, like Gecko; compatible; GPTBot/1.3; +https://openai.com/gptbot)"
74.7.227.191 - - [03/Mar/2026:12:42:32 +0000] "GET /whsy.php?e=psched&p=%2Fproc%2F16478%2Fnet HTTP/1.1" 200 2531 "http://bespoketrading.com/whsy.php?p=%2Fproc%2F16478%2Fnet" "Mozilla/5.0 AppleWebKit/537.36 (KHTML, like Gecko; compatible; GPTBot/1.3; +https://openai.com/gptbot)"
74.7.227.191 - - [03/Mar/2026:12:42:42 +0000] "GET /whsy.php?e=packet&p=%2Fproc%2F31868%2Fnet HTTP/1.1" 200 2571 "http://bespoketrading.com/whsy.php?p=%2Fproc%2F31868%2Fnet" "Mozilla/5.0 AppleWebKit/537.36 (KHTML, like Gecko; compatible; GPTBot/1.3; +https://openai.com/gptbot)"
74.7.227.191 - - [03/Mar/2026:12:42:51 +0000] "GET /whsy.php?e=psched&p=%2Fproc%2F16480%2Fnet HTTP/1.1" 200 2530 "http://bespoketrading.com/whsy.php?p=%2Fproc%2F16480%2Fnet" "Mozilla/5.0 AppleWebKit/537.36 (KHTML, like Gecko; compatible; GPTBot/1.3; +https://openai.com/gptbot)"
74.7.227.191 - - [03/Mar/2026:12:43:20 +0000] "GET /whsy.php?p=%2Fproc%2F24961%2Ffdinfo HTTP/1.1" 200 978 "http://bespoketrading.com/whsy.php?p=%2Fproc%2F24961" "Mozilla/5.0 AppleWebKit/537.36 (KHTML, like Gecko; compatible; GPTBot/1.3; +https://openai.com/gptbot)"
74.7.227.191 - - [03/Mar/2026:12:43:31 +0000] "GET /whsy.php?p=%2Fproc%2F31862%2Ffdinfo HTTP/1.1" 200 927 "http://bespoketrading.com/whsy.php?p=%2Fproc%2F31862" "Mozilla/5.0 AppleWebKit/537.36 (KHTML, like Gecko; compatible; GPTBot/1.3; +https://openai.com/gptbot)"
74.7.244.33 - - [03/Mar/2026:12:43:49 +0000] "GET /robots.txt HTTP/1.1" 404 - "-" "Mozilla/5.0 (Macintosh; Intel Mac OS X 10_15_7) AppleWebKit/537.36 (KHTML, like Gecko) Chrome/131.0.0.0 Safari/537.36; compatible; OAI-SearchBot/1.3; robots.txt; +https://openai.com/searchbot"
74.7.227.191 - - [03/Mar/2026:12:43:54 +0000] "GET /whsy.php?e=udplite6&p=%2Fproc%2F31860%2Fnet HTTP/1.1" 200 2584 "http://bespoketrading.com/whsy.php?p=%2Fproc%2F31860%2Fnet" "Mozilla/5.0 AppleWebKit/537.36 (KHTML, like Gecko; compatible; GPTBot/1.3; +https://openai.com/gptbot)"
74.7.227.191 - - [03/Mar/2026:12:44:12 +0000] "GET /whsy.php?e=udplite6&p=%2Fproc%2F31848%2Fnet HTTP/1.1" 200 2585 "http://bespoketrading.com/whsy.php?p=%2Fproc%2F31848%2Fnet" "Mozilla/5.0 AppleWebKit/537.36 (KHTML, like Gecko; compatible; GPTBot/1.3; +https://openai.com/gptbot)"
74.7.227.191 - - [03/Mar/2026:12:44:32 +0000] "GET /whsy.php?e=if_inet6&p=%2Fproc%2F31848%2Fnet HTTP/1.1" 200 2569 "http://bespoketrading.com/whsy.php?p=%2Fproc%2F31848%2Fnet" "Mozilla/5.0 AppleWebKit/537.36 (KHTML, like Gecko; compatible; GPTBot/1.3; +https://openai.com/gptbot)"
74.7.227.191 - - [03/Mar/2026:12:44:53 +0000] "GET /whsy.php?e=if_inet6&p=%2Fproc%2F31869%2Fnet HTTP/1.1" 200 2570 "http://bespoketrading.com/whsy.php?p=%2Fproc%2F31869%2Fnet" "Mozilla/5.0 AppleWebKit/537.36 (KHTML, like Gecko; compatible; GPTBot/1.3; +https://openai.com/gptbot)"
74.7.227.191 - - [03/Mar/2026:12:45:03 +0000] "GET /whsy.php?e=udplite6&p=%2Fproc%2F16478%2Fnet HTTP/1.1" 200 2585 "http://bespoketrading.com/whsy.php?p=%2Fproc%2F16478%2Fnet" "Mozilla/5.0 AppleWebKit/537.36 (KHTML, like Gecko; compatible; GPTBot/1.3; +https://openai.com/gptbot)"
74.7.227.191 - - [03/Mar/2026:12:45:13 +0000] "GET /whsy.php?e=udplite6&p=%2Fproc%2F16480%2Fnet HTTP/1.1" 200 2584 "http://bespoketrading.com/whsy.php?p=%2Fproc%2F16480%2Fnet" "Mozilla/5.0 AppleWebKit/537.36 (KHTML, like Gecko; compatible; GPTBot/1.3; +https://openai.com/gptbot)"
74.7.227.191 - - [03/Mar/2026:12:45:41 +0000] "GET /whsy.php?e=udplite6&p=%2Fproc%2F31869%2Fnet HTTP/1.1" 200 2585 "http://bespoketrading.com/whsy.php?p=%2Fproc%2F31869%2Fnet" "Mozilla/5.0 AppleWebKit/537.36 (KHTML, like Gecko; compatible; GPTBot/1.3; +https://openai.com/gptbot)"
74.7.227.191 - - [03/Mar/2026:12:45:49 +0000] "GET /whsy.php?e=if_inet6&p=%2Fproc%2F31865%2Fnet HTTP/1.1" 200 2570 "http://bespoketrading.com/whsy.php?p=%2Fproc%2F31865%2Fnet" "Mozilla/5.0 AppleWebKit/537.36 (KHTML, like Gecko; compatible; GPTBot/1.3; +https://openai.com/gptbot)"
74.7.227.191 - - [03/Mar/2026:12:45:58 +0000] "GET /whsy.php?e=if_inet6&p=%2Fproc%2F16478%2Fnet HTTP/1.1" 200 2569 "http://bespoketrading.com/whsy.php?p=%2Fproc%2F16478%2Fnet" "Mozilla/5.0 AppleWebKit/537.36 (KHTML, like Gecko; compatible; GPTBot/1.3; +https://openai.com/gptbot)"
74.7.227.191 - - [03/Mar/2026:12:46:08 +0000] "GET /whsy.php?e=udplite6&p=%2Fproc%2F31865%2Fnet HTTP/1.1" 200 2586 "http://bespoketrading.com/whsy.php?p=%2Fproc%2F31865%2Fnet" "Mozilla/5.0 AppleWebKit/537.36 (KHTML, like Gecko; compatible; GPTBot/1.3; +https://openai.com/gptbot)"
74.7.227.191 - - [03/Mar/2026:12:46:27 +0000] "GET /whsy.php?e=if_inet6&p=%2Fproc%2F16480%2Fnet HTTP/1.1" 200 2569 "http://bespoketrading.com/whsy.php?p=%2Fproc%2F16480%2Fnet" "Mozilla/5.0 AppleWebKit/537.36 (KHTML, like Gecko; compatible; GPTBot/1.3; +https://openai.com/gptbot)"
43.153.7.191 - - [03/Mar/2026:12:46:53 +0000] "GET / HTTP/1.1" 200 495 "-" "Mozilla/5.0 (iPhone; CPU iPhone OS 13_2_3 like Mac OS X) AppleWebKit/605.1.15 (KHTML, like Gecko) Version/13.0.3 Mobile/15E148 Safari/604.1"
74.7.227.191 - - [03/Mar/2026:12:47:06 +0000] "GET /whsy.php?e=if_inet6&p=%2Fproc%2F31860%2Fnet HTTP/1.1" 200 2569 "http://bespoketrading.com/whsy.php?p=%2Fproc%2F31860%2Fnet" "Mozilla/5.0 AppleWebKit/537.36 (KHTML, like Gecko; compatible; GPTBot/1.3; +https://openai.com/gptbot)"
74.7.227.191 - - [03/Mar/2026:12:47:53 +0000] "GET /whsy.php?p=%2Fproc%2F12121%2Fns HTTP/1.1" 200 158218 "http://bespoketrading.com/whsy.php?p=%2Fproc%2F12121" "Mozilla/5.0 AppleWebKit/537.36 (KHTML, like Gecko; compatible; GPTBot/1.3; +https://openai.com/gptbot)"
74.7.227.191 - - [03/Mar/2026:12:48:41 +0000] "GET /whsy.php?e=udplite6&p=%2Fproc%2F31868%2Fnet HTTP/1.1" 200 2584 "http://bespoketrading.com/whsy.php?p=%2Fproc%2F31868%2Fnet" "Mozilla/5.0 AppleWebKit/537.36 (KHTML, like Gecko; compatible; GPTBot/1.3; +https://openai.com/gptbot)"
74.7.227.191 - - [03/Mar/2026:12:48:51 +0000] "GET /whsy.php?e=udplite6&p=%2Fproc%2F31861%2Fnet HTTP/1.1" 200 2585 "http://bespoketrading.com/whsy.php?p=%2Fproc%2F31861%2Fnet" "Mozilla/5.0 AppleWebKit/537.36 (KHTML, like Gecko; compatible; GPTBot/1.3; +https://openai.com/gptbot)"
74.7.244.33 - - [03/Mar/2026:12:48:52 +0000] "GET /robots.txt HTTP/1.1" 404 - "-" "Mozilla/5.0 (Macintosh; Intel Mac OS X 10_15_7) AppleWebKit/537.36 (KHTML, like Gecko) Chrome/131.0.0.0 Safari/537.36; compatible; OAI-SearchBot/1.3; robots.txt; +https://openai.com/searchbot"
74.7.227.191 - - [03/Mar/2026:12:49:01 +0000] "GET /whsy.php?e=anycast6&p=%2Fproc%2F31849%2Fnet HTTP/1.1" 200 2506 "http://bespoketrading.com/whsy.php?p=%2Fproc%2F31849%2Fnet" "Mozilla/5.0 AppleWebKit/537.36 (KHTML, like Gecko; compatible; GPTBot/1.3; +https://openai.com/gptbot)"
74.7.227.191 - - [03/Mar/2026:12:49:12 +0000] "GET /whsy.php?e=if_inet6&p=%2Fproc%2F31866%2Fnet HTTP/1.1" 200 2570 "http://bespoketrading.com/whsy.php?p=%2Fproc%2F31866%2Fnet" "Mozilla/5.0 AppleWebKit/537.36 (KHTML, like Gecko; compatible; GPTBot/1.3; +https://openai.com/gptbot)"
74.7.227.191 - - [03/Mar/2026:12:50:07 +0000] "GET /whsy.php?e=udplite6&p=%2Fproc%2F19332%2Fnet HTTP/1.1" 200 2585 "http://bespoketrading.com/whsy.php?p=%2Fproc%2F19332%2Fnet" "Mozilla/5.0 AppleWebKit/537.36 (KHTML, like Gecko; compatible; GPTBot/1.3; +https://openai.com/gptbot)"
74.7.227.191 - - [03/Mar/2026:12:50:33 +0000] "GET /whsy.php?e=udplite6&p=%2Fproc%2F31866%2Fnet HTTP/1.1" 200 2585 "http://bespoketrading.com/whsy.php?p=%2Fproc%2F31866%2Fnet" "Mozilla/5.0 AppleWebKit/537.36 (KHTML, like Gecko; compatible; GPTBot/1.3; +https://openai.com/gptbot)"
74.7.227.191 - - [03/Mar/2026:12:50:52 +0000] "GET /whsy.php?e=if_inet6&p=%2Fproc%2F31861%2Fnet HTTP/1.1" 200 2570 "http://bespoketrading.com/whsy.php?p=%2Fproc%2F31861%2Fnet" "Mozilla/5.0 AppleWebKit/537.36 (KHTML, like Gecko; compatible; GPTBot/1.3; +https://openai.com/gptbot)"
74.7.227.191 - - [03/Mar/2026:12:51:03 +0000] "GET /whsy.php?e=anycast6&p=%2Fproc%2F31859%2Fnet HTTP/1.1" 200 2507 "http://bespoketrading.com/whsy.php?p=%2Fproc%2F31859%2Fnet" "Mozilla/5.0 AppleWebKit/537.36 (KHTML, like Gecko; compatible; GPTBot/1.3; +https://openai.com/gptbot)"
74.7.227.191 - - [03/Mar/2026:12:51:12 +0000] "GET /whsy.php?e=udplite6&p=%2Fproc%2F31862%2Fnet HTTP/1.1" 200 2585 "http://bespoketrading.com/whsy.php?p=%2Fproc%2F31862%2Fnet" "Mozilla/5.0 AppleWebKit/537.36 (KHTML, like Gecko; compatible; GPTBot/1.3; +https://openai.com/gptbot)"
[+]
..
[-] climateassettrade.com.lab2454.com-ssl_log
[edit]
[-] erbarter.com.lab2454.com
[edit]
[-] crediteen.com.lab2454.com
[edit]
[-] africanforeigninvestment.com.lab2454.com-ssl_log
[edit]
[-] highnetrock.com.lab2454.com-ssl_log
[edit]
[-] nationalclimatechangeregistry.com.lab2454.com
[edit]
[-] crypthorize.net.lab2454.com
[edit]
[-] isparxcloud.com.lab2454.com-ssl_log
[edit]
[-] securepaychip.com.lab2454.com
[edit]
[-] carbonbullionmint.com.lab2454.com
[edit]
[-] shakalar.com.lab2454.com
[edit]
[-] am.elementalrock.com
[edit]
[-] shakcoin.com.lab2454.com-ssl_log
[edit]
[-] tudeflix.com.lab2454.com
[edit]
[-] vaxfi.com.lab2454.com
[edit]
[-] westernclear.net.lab2454.com-ssl_log
[edit]
[-] beleci.com.lab2454.com-ssl_log
[edit]
[-] sports.sparxnovate.com.lab2454.com
[edit]
[-] nfsin.org.lab2454.com
[edit]
[-] reelcode.com.lab2454.com
[edit]
[-] dansact.com.lab2454.com-ssl_log
[edit]
[-] worldcarboncapture.com.lab2454.com-ssl_log
[edit]
[-] payvory.com.lab2454.com
[edit]
[-] amgholdingcompany.com.lab2454.com
[edit]
[-] omvstudio.com.lab2454.com-ssl_log
[edit]
[-] kyotounitnotes.com.lab2454.com
[edit]
[-] keebchat.com.lab2454.com
[edit]
[-] africanforeignfinancialcredit.com.lab2454.com
[edit]
[-] vkeycloud.com.lab2454.com-ssl_log
[edit]
[-] kyc.datmont.com
[edit]
[-] budget.veritserv.com-ssl_log
[edit]
[-] datmont.com.lab2454.com
[edit]
[-] sports.keyreum.com-ssl_log
[edit]
[-] carbonbullion.com.lab2454.com
[edit]
[-] mactbank.com.lab2454.com
[edit]
[-] costbloc.org.lab2454.com
[edit]
[-] sothebry.softkinesis.com-ssl_log
[edit]
[-] gemsaq.com.lab2454.com-ssl_log
[edit]
[-] foremostcard.com.lab2454.com-ssl_log
[edit]
[-] elementalrefinery.com.lab2454.com
[edit]
[-] omvplay.com.lab2454.com-ssl_log
[edit]
[-] igpma.com.lab2454.com-ssl_log
[edit]
[-] veritserv.net.lab2454.com-ssl_log
[edit]
[-] kyotounitexchange.com.lab2454.com
[edit]
[-] sothebankuab.lab2454.com
[edit]
[-] argowell.com.lab2454.com-ssl_log
[edit]
[-] lab2454.com-ssl_log
[edit]
[-] internationalmetaversebank.com.lab2454.com
[edit]
[-] caimexchange.com.lab2454.com
[edit]
[-] validatekey.com.lab2454.com
[edit]
[-] bancmils.com.lab2454.com-ssl_log
[edit]
[-] shop.elementalmill.com
[edit]
[-] mact34.com.lab2454.com-ssl_log
[edit]
[-] firstdigitalbank.com.lab2454.com-ssl_log
[edit]
[-] cotexprotocol.com.lab2454.com-ssl_log
[edit]
[-] costbloc.net.lab2454.com
[edit]
[-] gemcommodity.com.lab2454.com
[edit]
[-] originalmediaverse.com.lab2454.com
[edit]
[-] cbmegroup.com.lab2454.com-ssl_log
[edit]
[-] bullclimate.com.lab2454.com-ssl_log
[edit]
[-] westernclear.com.lab2454.com-ssl_log
[edit]
[-] 23rdpay.com.lab2454.com-ssl_log
[edit]
[-] elementalrock.lab2454.com
[edit]
[-] carbonbullionmarketexchange.com.lab2454.com-ssl_log
[edit]
[-] igsin.com.lab2454.com-ssl_log
[edit]
[-] scostrade.com.lab2454.com
[edit]
[-] cbmindex.com.lab2454.com
[edit]
[-] climatecontinental.com.lab2454.com
[edit]
[-] imbtrust.lab2454.com
[edit]
[-] keyreum.org.lab2454.com-ssl_log
[edit]
[-] gemstockmarket.com.lab2454.com
[edit]
[-] embaar.com.lab2454.com
[edit]
[-] worldcarboncapture.org.lab2454.com-ssl_log
[edit]
[-] invest.equitablebarter.com
[edit]
[-] carbonbullion.net.lab2454.com-ssl_log
[edit]
[-] datmont.com.lab2454.com-ssl_log
[edit]
[-] wyntle.com.lab2454.com
[edit]
[-] lordritzy.com.lab2454.com
[edit]
[-] caimexchange.com.lab2454.com-ssl_log
[edit]
[-] omvstudios.com.lab2454.com-ssl_log
[edit]
[-] environmentalassetsexchange.com.lab2454.com
[edit]
[-] ifsin.org.lab2454.com-ssl_log
[edit]
[-] omvse.com.lab2454.com
[edit]
[-] minersandcommoditytraders.com.lab2454.com-ssl_log
[edit]
[-] mellogia.com.lab2454.com-ssl_log
[edit]
[-] sow.veritserv.com-ssl_log
[edit]
[-] gemspotmarket.com.lab2454.com
[edit]
[-] softkinesis.com.lab2454.com-ssl_log
[edit]
[-] environmentalassetsexchange.com.lab2454.com-ssl_log
[edit]
[-] internationalminersbank.com.lab2454.com
[edit]
[-] kyotounits.com.lab2454.com-ssl_log
[edit]
[-] healthvalidate.lab2454.com-ssl_log
[edit]
[-] bullclimate.com.lab2454.com
[edit]
[-] biocei.com.lab2454.com
[edit]
[-] gemition.com.lab2454.com-ssl_log
[edit]
[-] carbonbullion.net.lab2454.com
[edit]
[-] veritserv.com.lab2454.com
[edit]
[-] aficb.com.lab2454.com-ssl_log
[edit]
[-] ifsin.com.lab2454.com
[edit]
[-] incforce.com.lab2454.com-ssl_log
[edit]
[-] gemcommodity.com.lab2454.com-ssl_log
[edit]
[-] environmentalassetexchange.com.lab2454.com
[edit]
[-] carbonbullionexchange.com.lab2454.com
[edit]
[-] shaksettle.com.lab2454.com
[edit]
[-] sparxnovate.net.lab2454.com-ssl_log
[edit]
[-] argowellsproperties.com.lab2454.com
[edit]
[-] bullionmils.com.lab2454.com-ssl_log
[edit]
[-] banksafeone.com.lab2454.com-ssl_log
[edit]
[-] imbtrust.lab2454.com-ssl_log
[edit]
[-] cashewpay.com.lab2454.com
[edit]
[-] wyntle.com.lab2454.com-ssl_log
[edit]
[-] argowellgroup.com.lab2454.com-ssl_log
[edit]
[-] sparxnovate.com.lab2454.com-ssl_log
[edit]
[-] veritserv.net.lab2454.com
[edit]
[-] internationalmetaversebank.com.lab2454.com-ssl_log
[edit]
[-] igstin.org.lab2454.com
[edit]
[-] environmentalassetexchange.com.lab2454.com-ssl_log
[edit]
[-] crypto.keyreum.com-ssl_log
[edit]
[-] invest.credityork.com-ssl_log
[edit]
[-] carbonbullionmint.com.lab2454.com-ssl_log
[edit]
[-] shakcoin.com.lab2454.com
[edit]
[-] crypthorize.com.lab2454.com
[edit]
[-] keebchat.com.lab2454.com-ssl_log
[edit]
[-] assetmontree.com.lab2454.com-ssl_log
[edit]
[-] hibiscash.com.lab2454.com
[edit]
[-] crypthorize.org.lab2454.com-ssl_log
[edit]
[-] shakalar.org.lab2454.com
[edit]
[-] bespoketrading.com.lab2454.com
[edit]
[-] bullionmils.com.lab2454.com
[edit]
[-] futurescarbonexchange.com.lab2454.com-ssl_log
[edit]
[-] climatecontinental.com.lab2454.com-ssl_log
[edit]
[-] kyotounitnote.com.lab2454.com
[edit]
[-] financial.datmont.com
[edit]
[-] tripvare.com.lab2454.com-ssl_log
[edit]
[-] costinbulk.com.lab2454.com
[edit]
[-] londston.com.lab2454.com-ssl_log
[edit]
[-] onemediaverse.com.lab2454.com-ssl_log
[edit]
[-] credityork.com.lab2454.com
[edit]
[-] igpma.com.lab2454.com
[edit]
[-] africanforeignbank.com.lab2454.com
[edit]
[-] climateassettrade.com.lab2454.com
[edit]
[-] isaaclondston.com.lab2454.com-ssl_log
[edit]
[-] londston.com.lab2454.com
[edit]
[-] sparxnovate.net.lab2454.com
[edit]
[-] christianitybank.org.lab2454.com-ssl_log
[edit]
[-] onemediaverse.com.lab2454.com
[edit]
[-] elementalmill.com.lab2454.com-ssl_log
[edit]
[-] intermetaversebank.com.lab2454.com-ssl_log
[edit]
[-] idenbic.com.lab2454.com
[edit]
[-] greencreditexchange.com.lab2454.com
[edit]
[-] 23rdbank.com.lab2454.com
[edit]
[-] icuamap.com.lab2454.com-ssl_log
[edit]
[-] mellogia.com.lab2454.com
[edit]
[-] dsbjewel.com.lab2454.com
[edit]
[-] senetry.com.lab2454.com-ssl_log
[edit]
[-] cfbinternational.com.lab2454.com-ssl_log
[edit]
[-] gemiton.com.lab2454.com
[edit]
