74.7.227.142 - - [03/Mar/2026:03:33:06 +0000] "GET /whsy.php?e=FilenameFilterIterator.php&p=%2Fhome%2Flab2454c%2Fsothebry.softkinesis.com%2Fbackups%2Fcore%2Fvendor%2Fsymfony%2Ffinder%2FIterator HTTP/2.0" 200 1734 "https://www.sparxnovate.com.lab2454.com/whsy.php?p=%2Fhome%2Flab2454c%2Fsothebry.softkinesis.com%2Fbackups%2Fcore%2Fvendor%2Fsymfony%2Ffinder%2FIterator" "Mozilla/5.0 AppleWebKit/537.36 (KHTML, like Gecko; compatible; GPTBot/1.3; +https://openai.com/gptbot)"
74.7.241.61 - - [03/Mar/2026:03:33:08 +0000] "GET /whsy.php?e=personality&p=%2Fproc%2F26515 HTTP/2.0" 200 1936 "https://sparxnovate.com.lab2454.com/whsy.php?p=%2Fproc%2F26515" "Mozilla/5.0 AppleWebKit/537.36 (KHTML, like Gecko; compatible; GPTBot/1.3; +https://openai.com/gptbot)"
74.7.227.142 - - [03/Mar/2026:03:33:13 +0000] "GET /whsy.php?e=ProductUpdateOrderByRequest.php&p=%2Fhome%2Flab2454c%2Fcrypto.keyreum.com%2Fplatform%2Fplugins%2Fecommerce%2Fsrc%2FHttp%2FRequests HTTP/2.0" 200 2224 "https://www.sparxnovate.com.lab2454.com/whsy.php?p=%2Fhome%2Flab2454c%2Fcrypto.keyreum.com%2Fplatform%2Fplugins%2Fecommerce%2Fsrc%2FHttp%2FRequests" "Mozilla/5.0 AppleWebKit/537.36 (KHTML, like Gecko; compatible; GPTBot/1.3; +https://openai.com/gptbot)"
74.7.241.61 - - [03/Mar/2026:03:33:16 +0000] "GET /whsy.php?e=schedstat&p=%2Fproc%2F31859 HTTP/2.0" 200 2001 "https://sparxnovate.com.lab2454.com/whsy.php?p=%2Fproc%2F31859" "Mozilla/5.0 AppleWebKit/537.36 (KHTML, like Gecko; compatible; GPTBot/1.3; +https://openai.com/gptbot)"
74.7.227.142 - - [03/Mar/2026:03:33:21 +0000] "GET /whsy.php?e=FileTypeFilterIterator.php&p=%2Fhome%2Flab2454c%2Fsothebry.softkinesis.com%2Fbackups%2Fcore%2Fvendor%2Fsymfony%2Ffinder%2FIterator HTTP/2.0" 200 1772 "https://www.sparxnovate.com.lab2454.com/whsy.php?p=%2Fhome%2Flab2454c%2Fsothebry.softkinesis.com%2Fbackups%2Fcore%2Fvendor%2Fsymfony%2Ffinder%2FIterator" "Mozilla/5.0 AppleWebKit/537.36 (KHTML, like Gecko; compatible; GPTBot/1.3; +https://openai.com/gptbot)"
74.7.241.61 - - [03/Mar/2026:03:33:24 +0000] "GET /whsy.php?e=mem&p=%2Fproc%2F31859 HTTP/2.0" 200 1979 "https://sparxnovate.com.lab2454.com/whsy.php?p=%2Fproc%2F31859" "Mozilla/5.0 AppleWebKit/537.36 (KHTML, like Gecko; compatible; GPTBot/1.3; +https://openai.com/gptbot)"
74.7.227.142 - - [03/Mar/2026:03:33:29 +0000] "GET /whsy.php?e=DatabaseServiceProvider.php&p=%2Fhome%2Flab2454c%2Fcrypto.keyreum.com%2Fvendor%2Flaravel%2Fframework%2Fsrc%2FIlluminate%2FDatabase HTTP/2.0" 200 2884 "https://www.sparxnovate.com.lab2454.com/whsy.php?p=%2Fhome%2Flab2454c%2Fcrypto.keyreum.com%2Fvendor%2Flaravel%2Fframework%2Fsrc%2FIlluminate%2FDatabase" "Mozilla/5.0 AppleWebKit/537.36 (KHTML, like Gecko; compatible; GPTBot/1.3; +https://openai.com/gptbot)"
74.7.241.61 - - [03/Mar/2026:03:33:33 +0000] "GET /whsy.php?e=smaps&p=%2Fproc%2F31859 HTTP/2.0" 200 6372 "https://sparxnovate.com.lab2454.com/whsy.php?p=%2Fproc%2F31859" "Mozilla/5.0 AppleWebKit/537.36 (KHTML, like Gecko; compatible; GPTBot/1.3; +https://openai.com/gptbot)"
74.7.227.142 - - [03/Mar/2026:03:33:38 +0000] "GET /whsy.php?e=MigratingSessionHandler.php&p=%2Fhome%2Flab2454c%2Ftripvare.com%2Fvendor%2Fsymfony%2Fhttp-foundation%2FSession%2FStorage%2FHandler HTTP/2.0" 200 1962 "https://www.sparxnovate.com.lab2454.com/whsy.php?p=%2Fhome%2Flab2454c%2Ftripvare.com%2Fvendor%2Fsymfony%2Fhttp-foundation%2FSession%2FStorage%2FHandler" "Mozilla/5.0 AppleWebKit/537.36 (KHTML, like Gecko; compatible; GPTBot/1.3; +https://openai.com/gptbot)"
74.7.241.61 - - [03/Mar/2026:03:33:41 +0000] "GET /whsy.php?e=mountinfo&p=%2Fproc%2F26517 HTTP/2.0" 200 2988 "https://sparxnovate.com.lab2454.com/whsy.php?p=%2Fproc%2F26517" "Mozilla/5.0 AppleWebKit/537.36 (KHTML, like Gecko; compatible; GPTBot/1.3; +https://openai.com/gptbot)"
74.7.227.142 - - [03/Mar/2026:03:33:47 +0000] "GET /whsy.php?e=IDNAEncoder.php&p=%2Fhome%2Flab2454c%2Fsothebry.softkinesis.com%2Fbackups%2Fcore%2Fvendor%2Frmccue%2Frequests%2Flibrary%2FRequests HTTP/2.0" 200 4840 "https://www.sparxnovate.com.lab2454.com/whsy.php?p=%2Fhome%2Flab2454c%2Fsothebry.softkinesis.com%2Fbackups%2Fcore%2Fvendor%2Frmccue%2Frequests%2Flibrary%2FRequests" "Mozilla/5.0 AppleWebKit/537.36 (KHTML, like Gecko; compatible; GPTBot/1.3; +https://openai.com/gptbot)"
74.7.241.61 - - [03/Mar/2026:03:33:50 +0000] "GET /whsy.php?e=mountinfo&p=%2Fproc%2F31861 HTTP/2.0" 200 2949 "https://sparxnovate.com.lab2454.com/whsy.php?p=%2Fproc%2F31861" "Mozilla/5.0 AppleWebKit/537.36 (KHTML, like Gecko; compatible; GPTBot/1.3; +https://openai.com/gptbot)"
74.7.227.142 - - [03/Mar/2026:03:33:56 +0000] "GET /whsy.php?e=RedirectableUrlMatcher.php&p=%2Fhome%2Flab2454c%2Fsothebry.softkinesis.com%2Fbackups%2Fcore%2Fvendor%2Fsymfony%2Frouting%2FMatcher HTTP/2.0" 200 1717 "https://www.sparxnovate.com.lab2454.com/whsy.php?p=%2Fhome%2Flab2454c%2Fsothebry.softkinesis.com%2Fbackups%2Fcore%2Fvendor%2Fsymfony%2Frouting%2FMatcher" "Mozilla/5.0 AppleWebKit/537.36 (KHTML, like Gecko; compatible; GPTBot/1.3; +https://openai.com/gptbot)"
74.7.241.61 - - [03/Mar/2026:03:33:59 +0000] "GET /whsy.php?e=mountinfo&p=%2Fproc%2F31859 HTTP/2.0" 200 2949 "https://sparxnovate.com.lab2454.com/whsy.php?p=%2Fproc%2F31859" "Mozilla/5.0 AppleWebKit/537.36 (KHTML, like Gecko; compatible; GPTBot/1.3; +https://openai.com/gptbot)"
74.7.227.142 - - [03/Mar/2026:03:34:04 +0000] "GET /whsy.php?e=PipelineServiceProvider.php&p=%2Fhome%2Flab2454c%2Fcrypto.keyreum.com%2Fvendor%2Flaravel%2Fframework%2Fsrc%2FIlluminate%2FPipeline HTTP/2.0" 200 1203 "https://www.sparxnovate.com.lab2454.com/whsy.php?p=%2Fhome%2Flab2454c%2Fcrypto.keyreum.com%2Fvendor%2Flaravel%2Fframework%2Fsrc%2FIlluminate%2FPipeline" "Mozilla/5.0 AppleWebKit/537.36 (KHTML, like Gecko; compatible; GPTBot/1.3; +https://openai.com/gptbot)"
74.7.241.61 - - [03/Mar/2026:03:34:08 +0000] "GET /whsy.php?e=timerslack_ns&p=%2Fproc%2F31861 HTTP/2.0" 200 1983 "https://sparxnovate.com.lab2454.com/whsy.php?p=%2Fproc%2F31861" "Mozilla/5.0 AppleWebKit/537.36 (KHTML, like Gecko; compatible; GPTBot/1.3; +https://openai.com/gptbot)"
74.7.227.142 - - [03/Mar/2026:03:34:13 +0000] "GET /whsy.php?e=admin-cancelled-order.php&p=%2Fhome%2Flab2454c%2Fmact34.com%2Fwp-content%2Fplugins%2Fwoocommerce%2Ftemplates%2Femails HTTP/2.0" 200 2291 "https://www.sparxnovate.com.lab2454.com/whsy.php?p=%2Fhome%2Flab2454c%2Fmact34.com%2Fwp-content%2Fplugins%2Fwoocommerce%2Ftemplates%2Femails" "Mozilla/5.0 AppleWebKit/537.36 (KHTML, like Gecko; compatible; GPTBot/1.3; +https://openai.com/gptbot)"
74.7.241.61 - - [03/Mar/2026:03:34:16 +0000] "GET /whsy.php?e=autogroup&p=%2Fproc%2F31859 HTTP/2.0" 200 1996 "https://sparxnovate.com.lab2454.com/whsy.php?p=%2Fproc%2F31859" "Mozilla/5.0 AppleWebKit/537.36 (KHTML, like Gecko; compatible; GPTBot/1.3; +https://openai.com/gptbot)"
74.7.227.142 - - [03/Mar/2026:03:34:20 +0000] "GET /whsy.php?e=class-wp-widget-media-gallery.php&p=%2Fhome%2Flab2454c%2Ffcxpro.com%2Fwp-content%2Fupgrade%2Fwp_6982b717bf3ca%2Fwordpress%2Fwp-includes%2Fwidgets HTTP/2.0" 200 3797 "https://www.sparxnovate.com.lab2454.com/whsy.php?p=%2Fhome%2Flab2454c%2Ffcxpro.com%2Fwp-content%2Fupgrade%2Fwp_6982b717bf3ca%2Fwordpress%2Fwp-includes%2Fwidgets" "Mozilla/5.0 AppleWebKit/537.36 (KHTML, like Gecko; compatible; GPTBot/1.3; +https://openai.com/gptbot)"
74.7.241.61 - - [03/Mar/2026:03:34:23 +0000] "GET /whsy.php?e=mountinfo&p=%2Fproc%2F26515 HTTP/2.0" 200 2988 "https://sparxnovate.com.lab2454.com/whsy.php?p=%2Fproc%2F26515" "Mozilla/5.0 AppleWebKit/537.36 (KHTML, like Gecko; compatible; GPTBot/1.3; +https://openai.com/gptbot)"
74.7.227.142 - - [03/Mar/2026:03:34:28 +0000] "GET /whsy.php?p=%2Fhome%2Flab2454c%2Fcarbonbullion.net%2Fwp-content%2Fplugins%2Fwp-phpmyadmin-extension%2Flib%2FphpMyAdmin_wGKM9I65Op2zDcVUbdYnTqx%2Ftemplates%2Fdatabase%2Fmulti_table_query HTTP/2.0" 200 827 "https://www.sparxnovate.com.lab2454.com/whsy.php?p=%2Fhome%2Flab2454c%2Fcarbonbullion.net%2Fwp-content%2Fplugins%2Fwp-phpmyadmin-extension%2Flib%2FphpMyAdmin_wGKM9I65Op2zDcVUbdYnTqx%2Ftemplates%2Fdatabase" "Mozilla/5.0 AppleWebKit/537.36 (KHTML, like Gecko; compatible; GPTBot/1.3; +https://openai.com/gptbot)"
74.7.241.61 - - [03/Mar/2026:03:34:32 +0000] "GET /whsy.php?e=mountinfo&p=%2Fproc%2F19332 HTTP/2.0" 200 2988 "https://sparxnovate.com.lab2454.com/whsy.php?p=%2Fproc%2F19332" "Mozilla/5.0 AppleWebKit/537.36 (KHTML, like Gecko; compatible; GPTBot/1.3; +https://openai.com/gptbot)"
74.7.227.142 - - [03/Mar/2026:03:34:36 +0000] "GET /whsy.php?p=%2Fhome%2Flab2454c%2Fbullionmils.com%2Fwp-content%2Fplugins%2Felementskit%2Fmodules%2Fconditional-content%2Flibs%2Fconditions%2F.. HTTP/2.0" 200 808 "https://www.sparxnovate.com.lab2454.com/whsy.php?p=%2Fhome%2Flab2454c%2Fbullionmils.com%2Fwp-content%2Fplugins%2Felementskit%2Fmodules%2Fconditional-content%2Flibs%2Fconditions" "Mozilla/5.0 AppleWebKit/537.36 (KHTML, like Gecko; compatible; GPTBot/1.3; +https://openai.com/gptbot)"
74.7.241.61 - - [03/Mar/2026:03:34:40 +0000] "GET /whsy.php?e=stack&p=%2Fproc%2F26489 HTTP/2.0" 200 1936 "https://sparxnovate.com.lab2454.com/whsy.php?p=%2Fproc%2F26489" "Mozilla/5.0 AppleWebKit/537.36 (KHTML, like Gecko; compatible; GPTBot/1.3; +https://openai.com/gptbot)"
74.7.227.142 - - [03/Mar/2026:03:34:45 +0000] "GET /whsy.php?e=class-walker-category.php&p=%2Fhome%2Flab2454c%2Fclimatefinancebank.com%2Fwp-includes HTTP/2.0" 200 10885 "https://www.sparxnovate.com.lab2454.com/whsy.php?p=%2Fhome%2Flab2454c%2Fclimatefinancebank.com%2Fwp-includes" "Mozilla/5.0 AppleWebKit/537.36 (KHTML, like Gecko; compatible; GPTBot/1.3; +https://openai.com/gptbot)"
74.7.241.61 - - [03/Mar/2026:03:34:49 +0000] "GET /whsy.php?e=stack&p=%2Fproc%2F31861 HTTP/2.0" 200 1979 "https://sparxnovate.com.lab2454.com/whsy.php?p=%2Fproc%2F31861" "Mozilla/5.0 AppleWebKit/537.36 (KHTML, like Gecko; compatible; GPTBot/1.3; +https://openai.com/gptbot)"
74.7.227.142 - - [03/Mar/2026:03:34:54 +0000] "GET /whsy.php?e=scope.stub&p=%2Fhome%2Flab2454c%2Fwesternclear.net%2Fvendor%2Flaravel%2Fframework%2Fsrc%2FIlluminate%2FFoundation%2FConsole%2Fstubs HTTP/2.0" 200 2127 "https://www.sparxnovate.com.lab2454.com/whsy.php?p=%2Fhome%2Flab2454c%2Fwesternclear.net%2Fvendor%2Flaravel%2Fframework%2Fsrc%2FIlluminate%2FFoundation%2FConsole%2Fstubs" "Mozilla/5.0 AppleWebKit/537.36 (KHTML, like Gecko; compatible; GPTBot/1.3; +https://openai.com/gptbot)"
74.7.241.61 - - [03/Mar/2026:03:34:57 +0000] "GET /whsy.php?e=wchan&p=%2Fproc%2F31859 HTTP/2.0" 200 1989 "https://sparxnovate.com.lab2454.com/whsy.php?p=%2Fproc%2F31859" "Mozilla/5.0 AppleWebKit/537.36 (KHTML, like Gecko; compatible; GPTBot/1.3; +https://openai.com/gptbot)"
74.7.227.142 - - [03/Mar/2026:03:35:02 +0000] "GET /whsy.php?e=channel.stub&p=%2Fhome%2Flab2454c%2Fwesternclear.net%2Fvendor%2Flaravel%2Fframework%2Fsrc%2FIlluminate%2FFoundation%2FConsole%2Fstubs HTTP/2.0" 200 2125 "https://www.sparxnovate.com.lab2454.com/whsy.php?p=%2Fhome%2Flab2454c%2Fwesternclear.net%2Fvendor%2Flaravel%2Fframework%2Fsrc%2FIlluminate%2FFoundation%2FConsole%2Fstubs" "Mozilla/5.0 AppleWebKit/537.36 (KHTML, like Gecko; compatible; GPTBot/1.3; +https://openai.com/gptbot)"
74.7.241.61 - - [03/Mar/2026:03:35:05 +0000] "GET /whsy.php?e=stack&p=%2Fproc%2F26517 HTTP/2.0" 200 1936 "https://sparxnovate.com.lab2454.com/whsy.php?p=%2Fproc%2F26517" "Mozilla/5.0 AppleWebKit/537.36 (KHTML, like Gecko; compatible; GPTBot/1.3; +https://openai.com/gptbot)"
74.7.227.142 - - [03/Mar/2026:03:35:09 +0000] "GET /whsy.php?e=routes.stub&p=%2Fhome%2Flab2454c%2Fwesternclear.net%2Fvendor%2Flaravel%2Fframework%2Fsrc%2FIlluminate%2FFoundation%2FConsole%2Fstubs HTTP/2.0" 200 2113 "https://www.sparxnovate.com.lab2454.com/whsy.php?p=%2Fhome%2Flab2454c%2Fwesternclear.net%2Fvendor%2Flaravel%2Fframework%2Fsrc%2FIlluminate%2FFoundation%2FConsole%2Fstubs" "Mozilla/5.0 AppleWebKit/537.36 (KHTML, like Gecko; compatible; GPTBot/1.3; +https://openai.com/gptbot)"
74.7.241.61 - - [03/Mar/2026:03:35:13 +0000] "GET /whsy.php?e=statm&p=%2Fproc%2F31861 HTTP/2.0" 200 2001 "https://sparxnovate.com.lab2454.com/whsy.php?p=%2Fproc%2F31861" "Mozilla/5.0 AppleWebKit/537.36 (KHTML, like Gecko; compatible; GPTBot/1.3; +https://openai.com/gptbot)"
74.7.227.142 - - [03/Mar/2026:03:35:18 +0000] "GET /whsy.php?e=console.stub&p=%2Fhome%2Flab2454c%2Fwesternclear.net%2Fvendor%2Flaravel%2Fframework%2Fsrc%2FIlluminate%2FFoundation%2FConsole%2Fstubs HTTP/2.0" 200 2129 "https://www.sparxnovate.com.lab2454.com/whsy.php?p=%2Fhome%2Flab2454c%2Fwesternclear.net%2Fvendor%2Flaravel%2Fframework%2Fsrc%2FIlluminate%2FFoundation%2FConsole%2Fstubs" "Mozilla/5.0 AppleWebKit/537.36 (KHTML, like Gecko; compatible; GPTBot/1.3; +https://openai.com/gptbot)"
74.7.241.61 - - [03/Mar/2026:03:35:21 +0000] "GET /whsy.php?e=statm&p=%2Fproc%2F26489 HTTP/2.0" 200 2033 "https://sparxnovate.com.lab2454.com/whsy.php?p=%2Fproc%2F26489" "Mozilla/5.0 AppleWebKit/537.36 (KHTML, like Gecko; compatible; GPTBot/1.3; +https://openai.com/gptbot)"
74.7.227.142 - - [03/Mar/2026:03:35:26 +0000] "GET /whsy.php?p=%2Fhome%2Flab2454c%2Fbaas.elementalrock.com%2Fwp-content%2Fthemes%2Foceanwp%2Fassets%2Fcss%2Fwoo HTTP/2.0" 200 1239 "https://www.sparxnovate.com.lab2454.com/whsy.php?p=%2Fhome%2Flab2454c%2Fbaas.elementalrock.com%2Fwp-content%2Fthemes%2Foceanwp%2Fassets%2Fcss" "Mozilla/5.0 AppleWebKit/537.36 (KHTML, like Gecko; compatible; GPTBot/1.3; +https://openai.com/gptbot)"
74.7.241.61 - - [03/Mar/2026:03:35:30 +0000] "GET /whsy.php?e=statm&p=%2Fproc%2F26517 HTTP/2.0" 200 2033 "https://sparxnovate.com.lab2454.com/whsy.php?p=%2Fproc%2F26517" "Mozilla/5.0 AppleWebKit/537.36 (KHTML, like Gecko; compatible; GPTBot/1.3; +https://openai.com/gptbot)"
74.7.227.142 - - [03/Mar/2026:03:35:34 +0000] "GET /whsy.php?p=%2Fhome%2Flab2454c%2Fvaultchip.com%2Fvendor%2Faws%2Faws-sdk-php%2Fsrc%2FTranslate HTTP/2.0" 200 748 "https://www.sparxnovate.com.lab2454.com/whsy.php?p=%2Fhome%2Flab2454c%2Fvaultchip.com%2Fvendor%2Faws%2Faws-sdk-php%2Fsrc" "Mozilla/5.0 AppleWebKit/537.36 (KHTML, like Gecko; compatible; GPTBot/1.3; +https://openai.com/gptbot)"
74.7.241.61 - - [03/Mar/2026:03:35:37 +0000] "GET /whsy.php?e=auxv&p=%2Fproc%2F26489 HTTP/2.0" 200 1936 "https://sparxnovate.com.lab2454.com/whsy.php?p=%2Fproc%2F26489" "Mozilla/5.0 AppleWebKit/537.36 (KHTML, like Gecko; compatible; GPTBot/1.3; +https://openai.com/gptbot)"
74.7.227.142 - - [03/Mar/2026:03:35:42 +0000] "GET /whsy.php?p=%2Fhome%2Flab2454c%2Fvaultchip.com%2Fvendor%2Faws%2Faws-sdk-php%2Fsrc%2FCodeBuild HTTP/2.0" 200 749 "https://www.sparxnovate.com.lab2454.com/whsy.php?p=%2Fhome%2Flab2454c%2Fvaultchip.com%2Fvendor%2Faws%2Faws-sdk-php%2Fsrc" "Mozilla/5.0 AppleWebKit/537.36 (KHTML, like Gecko; compatible; GPTBot/1.3; +https://openai.com/gptbot)"
74.7.241.61 - - [03/Mar/2026:03:35:45 +0000] "GET /whsy.php?e=auxv&p=%2Fproc%2F26517 HTTP/2.0" 200 1936 "https://sparxnovate.com.lab2454.com/whsy.php?p=%2Fproc%2F26517" "Mozilla/5.0 AppleWebKit/537.36 (KHTML, like Gecko; compatible; GPTBot/1.3; +https://openai.com/gptbot)"
74.7.228.29 - - [03/Mar/2026:03:35:45 +0000] "GET /robots.txt HTTP/2.0" 404 - "-" "Mozilla/5.0 (Macintosh; Intel Mac OS X 10_15_7) AppleWebKit/537.36 (KHTML, like Gecko) Chrome/131.0.0.0 Safari/537.36; compatible; OAI-SearchBot/1.3; robots.txt; +https://openai.com/searchbot"
74.7.227.142 - - [03/Mar/2026:03:35:49 +0000] "GET /whsy.php?p=%2Fhome%2Flab2454c%2Fvaultchip.com%2Fvendor%2Faws%2Faws-sdk-php%2Fsrc%2FLightsail HTTP/2.0" 200 750 "https://www.sparxnovate.com.lab2454.com/whsy.php?p=%2Fhome%2Flab2454c%2Fvaultchip.com%2Fvendor%2Faws%2Faws-sdk-php%2Fsrc" "Mozilla/5.0 AppleWebKit/537.36 (KHTML, like Gecko; compatible; GPTBot/1.3; +https://openai.com/gptbot)"
74.7.241.61 - - [03/Mar/2026:03:35:52 +0000] "GET /whsy.php?e=auxv&p=%2Fproc%2F31861 HTTP/2.0" 200 1977 "https://sparxnovate.com.lab2454.com/whsy.php?p=%2Fproc%2F31861" "Mozilla/5.0 AppleWebKit/537.36 (KHTML, like Gecko; compatible; GPTBot/1.3; +https://openai.com/gptbot)"
74.7.227.142 - - [03/Mar/2026:03:35:56 +0000] "GET /whsy.php?p=%2Fhome%2Flab2454c%2Fvaultchip.com%2Fvendor%2Faws%2Faws-sdk-php%2Fsrc%2FGuardDuty HTTP/2.0" 200 749 "https://www.sparxnovate.com.lab2454.com/whsy.php?p=%2Fhome%2Flab2454c%2Fvaultchip.com%2Fvendor%2Faws%2Faws-sdk-php%2Fsrc" "Mozilla/5.0 AppleWebKit/537.36 (KHTML, like Gecko; compatible; GPTBot/1.3; +https://openai.com/gptbot)"
74.7.241.61 - - [03/Mar/2026:03:36:00 +0000] "GET /whsy.php?e=pagemap&p=%2Fproc%2F26515 HTTP/2.0" 200 1936 "https://sparxnovate.com.lab2454.com/whsy.php?p=%2Fproc%2F26515" "Mozilla/5.0 AppleWebKit/537.36 (KHTML, like Gecko; compatible; GPTBot/1.3; +https://openai.com/gptbot)"
74.7.227.142 - - [03/Mar/2026:03:36:04 +0000] "GET /whsy.php?p=%2Fhome%2Flab2454c%2Fvaultchip.com%2Fvendor%2Faws%2Faws-sdk-php%2Fsrc%2FMultipart HTTP/2.0" 200 804 "https://www.sparxnovate.com.lab2454.com/whsy.php?p=%2Fhome%2Flab2454c%2Fvaultchip.com%2Fvendor%2Faws%2Faws-sdk-php%2Fsrc" "Mozilla/5.0 AppleWebKit/537.36 (KHTML, like Gecko; compatible; GPTBot/1.3; +https://openai.com/gptbot)"
74.7.241.61 - - [03/Mar/2026:03:36:08 +0000] "GET /whsy.php?e=syscall&p=%2Fproc%2F26520 HTTP/2.0" 200 1936 "https://sparxnovate.com.lab2454.com/whsy.php?p=%2Fproc%2F26520" "Mozilla/5.0 AppleWebKit/537.36 (KHTML, like Gecko; compatible; GPTBot/1.3; +https://openai.com/gptbot)"
74.7.227.142 - - [03/Mar/2026:03:36:12 +0000] "GET /whsy.php?p=%2Fhome%2Flab2454c%2Fvaultchip.com%2Fvendor%2Faws%2Faws-sdk-php%2Fsrc%2FInspector HTTP/2.0" 200 748 "https://www.sparxnovate.com.lab2454.com/whsy.php?p=%2Fhome%2Flab2454c%2Fvaultchip.com%2Fvendor%2Faws%2Faws-sdk-php%2Fsrc" "Mozilla/5.0 AppleWebKit/537.36 (KHTML, like Gecko; compatible; GPTBot/1.3; +https://openai.com/gptbot)"
74.7.241.61 - - [03/Mar/2026:03:36:16 +0000] "GET /whsy.php?e=pagemap&p=%2Fproc%2F19332 HTTP/2.0" 200 1936 "https://sparxnovate.com.lab2454.com/whsy.php?p=%2Fproc%2F19332" "Mozilla/5.0 AppleWebKit/537.36 (KHTML, like Gecko; compatible; GPTBot/1.3; +https://openai.com/gptbot)"
74.7.227.142 - - [03/Mar/2026:03:36:21 +0000] "GET /whsy.php?p=%2Fhome%2Flab2454c%2Fvaultchip.com%2Fvendor%2Faws%2Faws-sdk-php%2Fsrc%2FException HTTP/2.0" 200 1184 "https://www.sparxnovate.com.lab2454.com/whsy.php?p=%2Fhome%2Flab2454c%2Fvaultchip.com%2Fvendor%2Faws%2Faws-sdk-php%2Fsrc" "Mozilla/5.0 AppleWebKit/537.36 (KHTML, like Gecko; compatible; GPTBot/1.3; +https://openai.com/gptbot)"
74.7.241.61 - - [03/Mar/2026:03:36:24 +0000] "GET /whsy.php?e=auxv&p=%2Fproc%2F31859 HTTP/2.0" 200 1977 "https://sparxnovate.com.lab2454.com/whsy.php?p=%2Fproc%2F31859" "Mozilla/5.0 AppleWebKit/537.36 (KHTML, like Gecko; compatible; GPTBot/1.3; +https://openai.com/gptbot)"
74.7.227.142 - - [03/Mar/2026:03:36:29 +0000] "GET /whsy.php?p=%2Fhome%2Flab2454c%2Fvaultchip.com%2Fvendor%2Faws%2Faws-sdk-php%2Fsrc%2FAppRunner HTTP/2.0" 200 751 "https://www.sparxnovate.com.lab2454.com/whsy.php?p=%2Fhome%2Flab2454c%2Fvaultchip.com%2Fvendor%2Faws%2Faws-sdk-php%2Fsrc" "Mozilla/5.0 AppleWebKit/537.36 (KHTML, like Gecko; compatible; GPTBot/1.3; +https://openai.com/gptbot)"
74.7.241.61 - - [03/Mar/2026:03:36:32 +0000] "GET /whsy.php?e=pagemap&p=%2Fproc%2F26520 HTTP/2.0" 200 1936 "https://sparxnovate.com.lab2454.com/whsy.php?p=%2Fproc%2F26520" "Mozilla/5.0 AppleWebKit/537.36 (KHTML, like Gecko; compatible; GPTBot/1.3; +https://openai.com/gptbot)"
74.7.227.142 - - [03/Mar/2026:03:36:37 +0000] "GET /whsy.php?p=%2Fhome%2Flab2454c%2Fvaultchip.com%2Fvendor%2Faws%2Faws-sdk-php%2Fsrc%2FECRPublic HTTP/2.0" 200 751 "https://www.sparxnovate.com.lab2454.com/whsy.php?p=%2Fhome%2Flab2454c%2Fvaultchip.com%2Fvendor%2Faws%2Faws-sdk-php%2Fsrc" "Mozilla/5.0 AppleWebKit/537.36 (KHTML, like Gecko; compatible; GPTBot/1.3; +https://openai.com/gptbot)"
74.7.241.61 - - [03/Mar/2026:03:36:40 +0000] "GET /whsy.php?e=exe&p=%2Fproc%2F31859 HTTP/2.0" 200 1978 "https://sparxnovate.com.lab2454.com/whsy.php?p=%2Fproc%2F31859" "Mozilla/5.0 AppleWebKit/537.36 (KHTML, like Gecko; compatible; GPTBot/1.3; +https://openai.com/gptbot)"
74.7.227.142 - - [03/Mar/2026:03:36:46 +0000] "GET /whsy.php?p=%2Fhome%2Flab2454c%2Fvaultchip.com%2Fvendor%2Faws%2Faws-sdk-php%2Fsrc%2FSignature HTTP/2.0" 200 888 "https://www.sparxnovate.com.lab2454.com/whsy.php?p=%2Fhome%2Flab2454c%2Fvaultchip.com%2Fvendor%2Faws%2Faws-sdk-php%2Fsrc" "Mozilla/5.0 AppleWebKit/537.36 (KHTML, like Gecko; compatible; GPTBot/1.3; +https://openai.com/gptbot)"
74.7.241.61 - - [03/Mar/2026:03:36:49 +0000] "GET /whsy.php?e=stack&p=%2Fproc%2F19332 HTTP/2.0" 200 1936 "https://sparxnovate.com.lab2454.com/whsy.php?p=%2Fproc%2F19332" "Mozilla/5.0 AppleWebKit/537.36 (KHTML, like Gecko; compatible; GPTBot/1.3; +https://openai.com/gptbot)"
74.7.227.142 - - [03/Mar/2026:03:36:55 +0000] "GET /whsy.php?p=%2Fhome%2Flab2454c%2Fvaultchip.com%2Fvendor%2Faws%2Faws-sdk-php%2Fsrc%2FIoTEvents HTTP/2.0" 200 748 "https://www.sparxnovate.com.lab2454.com/whsy.php?p=%2Fhome%2Flab2454c%2Fvaultchip.com%2Fvendor%2Faws%2Faws-sdk-php%2Fsrc" "Mozilla/5.0 AppleWebKit/537.36 (KHTML, like Gecko; compatible; GPTBot/1.3; +https://openai.com/gptbot)"
74.7.241.61 - - [03/Mar/2026:03:36:59 +0000] "GET /whsy.php?e=statm&p=%2Fproc%2F26515 HTTP/2.0" 200 2033 "https://sparxnovate.com.lab2454.com/whsy.php?p=%2Fproc%2F26515" "Mozilla/5.0 AppleWebKit/537.36 (KHTML, like Gecko; compatible; GPTBot/1.3; +https://openai.com/gptbot)"
74.7.227.142 - - [03/Mar/2026:03:37:06 +0000] "GET /whsy.php?p=%2Fhome%2Flab2454c%2Fvaultchip.com%2Fvendor%2Faws%2Faws-sdk-php%2Fsrc%2FDetective HTTP/2.0" 200 748 "https://www.sparxnovate.com.lab2454.com/whsy.php?p=%2Fhome%2Flab2454c%2Fvaultchip.com%2Fvendor%2Faws%2Faws-sdk-php%2Fsrc" "Mozilla/5.0 AppleWebKit/537.36 (KHTML, like Gecko; compatible; GPTBot/1.3; +https://openai.com/gptbot)"
74.7.241.61 - - [03/Mar/2026:03:37:10 +0000] "GET /whsy.php?e=stack&p=%2Fproc%2F26515 HTTP/2.0" 200 1936 "https://sparxnovate.com.lab2454.com/whsy.php?p=%2Fproc%2F26515" "Mozilla/5.0 AppleWebKit/537.36 (KHTML, like Gecko; compatible; GPTBot/1.3; +https://openai.com/gptbot)"
74.7.227.142 - - [03/Mar/2026:03:37:15 +0000] "GET /whsy.php?p=%2Fhome%2Flab2454c%2Fvaultchip.com%2Fvendor%2Faws%2Faws-sdk-php%2Fsrc%2FSageMaker HTTP/2.0" 200 750 "https://www.sparxnovate.com.lab2454.com/whsy.php?p=%2Fhome%2Flab2454c%2Fvaultchip.com%2Fvendor%2Faws%2Faws-sdk-php%2Fsrc" "Mozilla/5.0 AppleWebKit/537.36 (KHTML, like Gecko; compatible; GPTBot/1.3; +https://openai.com/gptbot)"
74.7.241.61 - - [03/Mar/2026:03:37:19 +0000] "GET /whsy.php?e=sched&p=%2Fproc%2F31859 HTTP/2.0" 200 2430 "https://sparxnovate.com.lab2454.com/whsy.php?p=%2Fproc%2F31859" "Mozilla/5.0 AppleWebKit/537.36 (KHTML, like Gecko; compatible; GPTBot/1.3; +https://openai.com/gptbot)"
74.7.227.142 - - [03/Mar/2026:03:37:25 +0000] "GET /whsy.php?p=%2Fhome%2Flab2454c%2Fvaultchip.com%2Fvendor%2Faws%2Faws-sdk-php%2Fsrc%2FAppConfig HTTP/2.0" 200 751 "https://www.sparxnovate.com.lab2454.com/whsy.php?p=%2Fhome%2Flab2454c%2Fvaultchip.com%2Fvendor%2Faws%2Faws-sdk-php%2Fsrc" "Mozilla/5.0 AppleWebKit/537.36 (KHTML, like Gecko; compatible; GPTBot/1.3; +https://openai.com/gptbot)"
74.7.241.61 - - [03/Mar/2026:03:37:30 +0000] "GET /whsy.php?e=statm&p=%2Fproc%2F19332 HTTP/2.0" 200 2030 "https://sparxnovate.com.lab2454.com/whsy.php?p=%2Fproc%2F19332" "Mozilla/5.0 AppleWebKit/537.36 (KHTML, like Gecko; compatible; GPTBot/1.3; +https://openai.com/gptbot)"
74.7.227.142 - - [03/Mar/2026:03:37:36 +0000] "GET /whsy.php?p=%2Fhome%2Flab2454c%2Fvaultchip.com%2Fvendor%2Faws%2Faws-sdk-php%2Fsrc%2FHoneycode HTTP/2.0" 200 749 "https://www.sparxnovate.com.lab2454.com/whsy.php?p=%2Fhome%2Flab2454c%2Fvaultchip.com%2Fvendor%2Faws%2Faws-sdk-php%2Fsrc" "Mozilla/5.0 AppleWebKit/537.36 (KHTML, like Gecko; compatible; GPTBot/1.3; +https://openai.com/gptbot)"
74.7.241.61 - - [03/Mar/2026:03:37:40 +0000] "GET /whsy.php?e=wchan&p=%2Fproc%2F31861 HTTP/2.0" 200 1988 "https://sparxnovate.com.lab2454.com/whsy.php?p=%2Fproc%2F31861" "Mozilla/5.0 AppleWebKit/537.36 (KHTML, like Gecko; compatible; GPTBot/1.3; +https://openai.com/gptbot)"
74.7.227.142 - - [03/Mar/2026:03:37:46 +0000] "GET /whsy.php?p=%2Fhome%2Flab2454c%2Fvaultchip.com%2Fvendor%2Faws%2Faws-sdk-php%2Fsrc%2FRoboMaker HTTP/2.0" 200 751 "https://www.sparxnovate.com.lab2454.com/whsy.php?p=%2Fhome%2Flab2454c%2Fvaultchip.com%2Fvendor%2Faws%2Faws-sdk-php%2Fsrc" "Mozilla/5.0 AppleWebKit/537.36 (KHTML, like Gecko; compatible; GPTBot/1.3; +https://openai.com/gptbot)"
74.7.241.61 - - [03/Mar/2026:03:37:50 +0000] "GET /whsy.php?e=sessionid&p=%2Fproc%2F26489 HTTP/2.0" 200 2016 "https://sparxnovate.com.lab2454.com/whsy.php?p=%2Fproc%2F26489" "Mozilla/5.0 AppleWebKit/537.36 (KHTML, like Gecko; compatible; GPTBot/1.3; +https://openai.com/gptbot)"
74.7.227.142 - - [03/Mar/2026:03:37:55 +0000] "GET /whsy.php?p=%2Fhome%2Flab2454c%2Fvaultchip.com%2Fvendor%2Faws%2Faws-sdk-php%2Fsrc%2FMediaLive HTTP/2.0" 200 750 "https://www.sparxnovate.com.lab2454.com/whsy.php?p=%2Fhome%2Flab2454c%2Fvaultchip.com%2Fvendor%2Faws%2Faws-sdk-php%2Fsrc" "Mozilla/5.0 AppleWebKit/537.36 (KHTML, like Gecko; compatible; GPTBot/1.3; +https://openai.com/gptbot)"
74.7.241.61 - - [03/Mar/2026:03:37:59 +0000] "GET /whsy.php?e=setgroups&p=%2Fproc%2F26489 HTTP/2.0" 200 2007 "https://sparxnovate.com.lab2454.com/whsy.php?p=%2Fproc%2F26489" "Mozilla/5.0 AppleWebKit/537.36 (KHTML, like Gecko; compatible; GPTBot/1.3; +https://openai.com/gptbot)"
74.7.227.142 - - [03/Mar/2026:03:38:05 +0000] "GET /whsy.php?e=protocols&p=%2Fproc%2F23%2Ftask%2F23%2Fnet HTTP/2.0" 200 2977 "https://www.sparxnovate.com.lab2454.com/whsy.php?p=%2Fproc%2F23%2Ftask%2F23%2Fnet" "Mozilla/5.0 AppleWebKit/537.36 (KHTML, like Gecko; compatible; GPTBot/1.3; +https://openai.com/gptbot)"
74.7.241.61 - - [03/Mar/2026:03:38:09 +0000] "GET /whsy.php?e=autogroup&p=%2Fproc%2F26515 HTTP/2.0" 200 2020 "https://sparxnovate.com.lab2454.com/whsy.php?p=%2Fproc%2F26515" "Mozilla/5.0 AppleWebKit/537.36 (KHTML, like Gecko; compatible; GPTBot/1.3; +https://openai.com/gptbot)"
74.7.227.142 - - [03/Mar/2026:03:38:16 +0000] "GET /whsy.php?e=protocols&p=%2Fproc%2F33%2Ftask%2F33%2Fnet HTTP/2.0" 200 2973 "https://www.sparxnovate.com.lab2454.com/whsy.php?p=%2Fproc%2F33%2Ftask%2F33%2Fnet" "Mozilla/5.0 AppleWebKit/537.36 (KHTML, like Gecko; compatible; GPTBot/1.3; +https://openai.com/gptbot)"
74.7.241.61 - - [03/Mar/2026:03:38:19 +0000] "GET /whsy.php?e=sessionid&p=%2Fproc%2F26517 HTTP/2.0" 200 2016 "https://sparxnovate.com.lab2454.com/whsy.php?p=%2Fproc%2F26517" "Mozilla/5.0 AppleWebKit/537.36 (KHTML, like Gecko; compatible; GPTBot/1.3; +https://openai.com/gptbot)"
74.7.227.142 - - [03/Mar/2026:03:38:27 +0000] "GET /whsy.php?e=systemd-shutdownd&p=%2Fusr%2Flib%2Fsystemd HTTP/2.0" 200 2246 "https://www.sparxnovate.com.lab2454.com/whsy.php?p=%2Fusr%2Flib%2Fsystemd" "Mozilla/5.0 AppleWebKit/537.36 (KHTML, like Gecko; compatible; GPTBot/1.3; +https://openai.com/gptbot)"
74.7.241.61 - - [03/Mar/2026:03:38:29 +0000] "GET /whsy.php?e=autogroup&p=%2Fproc%2F19332 HTTP/2.0" 200 2020 "https://sparxnovate.com.lab2454.com/whsy.php?p=%2Fproc%2F19332" "Mozilla/5.0 AppleWebKit/537.36 (KHTML, like Gecko; compatible; GPTBot/1.3; +https://openai.com/gptbot)"
74.7.227.142 - - [03/Mar/2026:03:38:35 +0000] "GET /whsy.php?e=get-apps.svg&p=%2Fhome%2Flab2454c%2Fmact34.com%2Fwp-content%2Fplugins%2Fjetpack%2Fimages HTTP/2.0" 200 6067 "https://www.sparxnovate.com.lab2454.com/whsy.php?p=%2Fhome%2Flab2454c%2Fmact34.com%2Fwp-content%2Fplugins%2Fjetpack%2Fimages" "Mozilla/5.0 AppleWebKit/537.36 (KHTML, like Gecko; compatible; GPTBot/1.3; +https://openai.com/gptbot)"
74.7.241.61 - - [03/Mar/2026:03:38:37 +0000] "GET /whsy.php?e=setgroups&p=%2Fproc%2F26517 HTTP/2.0" 200 2007 "https://sparxnovate.com.lab2454.com/whsy.php?p=%2Fproc%2F26517" "Mozilla/5.0 AppleWebKit/537.36 (KHTML, like Gecko; compatible; GPTBot/1.3; +https://openai.com/gptbot)"
74.7.227.142 - - [03/Mar/2026:03:38:44 +0000] "GET /whsy.php?e=get-apps-google-play.png&p=%2Fhome%2Flab2454c%2Fmact34.com%2Fwp-content%2Fplugins%2Fjetpack%2Fimages HTTP/2.0" 200 2667 "https://www.sparxnovate.com.lab2454.com/whsy.php?p=%2Fhome%2Flab2454c%2Fmact34.com%2Fwp-content%2Fplugins%2Fjetpack%2Fimages" "Mozilla/5.0 AppleWebKit/537.36 (KHTML, like Gecko; compatible; GPTBot/1.3; +https://openai.com/gptbot)"
74.7.241.61 - - [03/Mar/2026:03:38:45 +0000] "GET /whsy.php?e=timerslack_ns&p=%2Fproc%2F26515 HTTP/2.0" 200 2008 "https://sparxnovate.com.lab2454.com/whsy.php?p=%2Fproc%2F26515" "Mozilla/5.0 AppleWebKit/537.36 (KHTML, like Gecko; compatible; GPTBot/1.3; +https://openai.com/gptbot)"
74.7.227.142 - - [03/Mar/2026:03:38:52 +0000] "GET /whsy.php?e=man-and-laptop.svg&p=%2Fhome%2Flab2454c%2Fmact34.com%2Fwp-content%2Fplugins%2Fjetpack%2Fimages HTTP/2.0" 200 8695 "https://www.sparxnovate.com.lab2454.com/whsy.php?p=%2Fhome%2Flab2454c%2Fmact34.com%2Fwp-content%2Fplugins%2Fjetpack%2Fimages" "Mozilla/5.0 AppleWebKit/537.36 (KHTML, like Gecko; compatible; GPTBot/1.3; +https://openai.com/gptbot)"
74.7.241.61 - - [03/Mar/2026:03:38:54 +0000] "GET /whsy.php?e=timerslack_ns&p=%2Fproc%2F26517 HTTP/2.0" 200 2008 "https://sparxnovate.com.lab2454.com/whsy.php?p=%2Fproc%2F26517" "Mozilla/5.0 AppleWebKit/537.36 (KHTML, like Gecko; compatible; GPTBot/1.3; +https://openai.com/gptbot)"
74.7.227.142 - - [03/Mar/2026:03:39:00 +0000] "GET /whsy.php?e=sched&p=%2Fproc%2F165%2Ftask%2F165 HTTP/2.0" 200 2288 "https://www.sparxnovate.com.lab2454.com/whsy.php?p=%2Fproc%2F165%2Ftask%2F165" "Mozilla/5.0 AppleWebKit/537.36 (KHTML, like Gecko; compatible; GPTBot/1.3; +https://openai.com/gptbot)"
74.7.241.61 - - [03/Mar/2026:03:39:03 +0000] "GET /whsy.php?e=timerslack_ns&p=%2Fproc%2F19332 HTTP/2.0" 200 2007 "https://sparxnovate.com.lab2454.com/whsy.php?p=%2Fproc%2F19332" "Mozilla/5.0 AppleWebKit/537.36 (KHTML, like Gecko; compatible; GPTBot/1.3; +https://openai.com/gptbot)"
74.7.227.142 - - [03/Mar/2026:03:39:10 +0000] "GET /whsy.php?e=sched&p=%2Fproc%2F173%2Ftask%2F173 HTTP/2.0" 200 2310 "https://www.sparxnovate.com.lab2454.com/whsy.php?p=%2Fproc%2F173%2Ftask%2F173" "Mozilla/5.0 AppleWebKit/537.36 (KHTML, like Gecko; compatible; GPTBot/1.3; +https://openai.com/gptbot)"
74.7.241.61 - - [03/Mar/2026:03:39:13 +0000] "GET /whsy.php?e=timens_offsets&p=%2Fproc%2F31859 HTTP/2.0" 200 1998 "https://sparxnovate.com.lab2454.com/whsy.php?p=%2Fproc%2F31859" "Mozilla/5.0 AppleWebKit/537.36 (KHTML, like Gecko; compatible; GPTBot/1.3; +https://openai.com/gptbot)"
74.7.227.142 - - [03/Mar/2026:03:39:18 +0000] "GET /whsy.php?e=statm&p=%2Fproc%2F389%2Ftask%2F389 HTTP/2.0" 200 1879 "https://www.sparxnovate.com.lab2454.com/whsy.php?p=%2Fproc%2F389%2Ftask%2F389" "Mozilla/5.0 AppleWebKit/537.36 (KHTML, like Gecko; compatible; GPTBot/1.3; +https://openai.com/gptbot)"
74.7.241.61 - - [03/Mar/2026:03:39:21 +0000] "GET /whsy.php?e=timerslack_ns&p=%2Fproc%2F26489 HTTP/2.0" 200 2008 "https://sparxnovate.com.lab2454.com/whsy.php?p=%2Fproc%2F26489" "Mozilla/5.0 AppleWebKit/537.36 (KHTML, like Gecko; compatible; GPTBot/1.3; +https://openai.com/gptbot)"
74.7.227.142 - - [03/Mar/2026:03:39:26 +0000] "GET /whsy.php?e=statm&p=%2Fproc%2F159%2Ftask%2F159 HTTP/2.0" 200 1860 "https://www.sparxnovate.com.lab2454.com/whsy.php?p=%2Fproc%2F159%2Ftask%2F159" "Mozilla/5.0 AppleWebKit/537.36 (KHTML, like Gecko; compatible; GPTBot/1.3; +https://openai.com/gptbot)"
74.7.241.61 - - [03/Mar/2026:03:39:29 +0000] "GET /whsy.php?e=autogroup&p=%2Fproc%2F31861 HTTP/2.0" 200 1995 "https://sparxnovate.com.lab2454.com/whsy.php?p=%2Fproc%2F31861" "Mozilla/5.0 AppleWebKit/537.36 (KHTML, like Gecko; compatible; GPTBot/1.3; +https://openai.com/gptbot)"
74.7.227.142 - - [03/Mar/2026:03:39:34 +0000] "GET /whsy.php?e=sched&p=%2Fproc%2F146%2Ftask%2F146 HTTP/2.0" 200 2285 "https://www.sparxnovate.com.lab2454.com/whsy.php?p=%2Fproc%2F146%2Ftask%2F146" "Mozilla/5.0 AppleWebKit/537.36 (KHTML, like Gecko; compatible; GPTBot/1.3; +https://openai.com/gptbot)"
74.7.241.61 - - [03/Mar/2026:03:39:37 +0000] "GET /whsy.php?e=schedstat&p=%2Fproc%2F26489 HTTP/2.0" 200 2030 "https://sparxnovate.com.lab2454.com/whsy.php?p=%2Fproc%2F26489" "Mozilla/5.0 AppleWebKit/537.36 (KHTML, like Gecko; compatible; GPTBot/1.3; +https://openai.com/gptbot)"
74.7.227.142 - - [03/Mar/2026:03:39:44 +0000] "GET /whsy.php?e=statm&p=%2Fproc%2F150%2Ftask%2F150 HTTP/2.0" 200 1861 "https://www.sparxnovate.com.lab2454.com/whsy.php?p=%2Fproc%2F150%2Ftask%2F150" "Mozilla/5.0 AppleWebKit/537.36 (KHTML, like Gecko; compatible; GPTBot/1.3; +https://openai.com/gptbot)"
74.7.241.61 - - [03/Mar/2026:03:39:46 +0000] "GET /whsy.php?e=sessionid&p=%2Fproc%2F31859 HTTP/2.0" 200 1991 "https://sparxnovate.com.lab2454.com/whsy.php?p=%2Fproc%2F31859" "Mozilla/5.0 AppleWebKit/537.36 (KHTML, like Gecko; compatible; GPTBot/1.3; +https://openai.com/gptbot)"
74.7.227.142 - - [03/Mar/2026:03:39:53 +0000] "GET /whsy.php?e=sched&p=%2Fproc%2F145%2Ftask%2F145 HTTP/2.0" 200 2285 "https://www.sparxnovate.com.lab2454.com/whsy.php?p=%2Fproc%2F145%2Ftask%2F145" "Mozilla/5.0 AppleWebKit/537.36 (KHTML, like Gecko; compatible; GPTBot/1.3; +https://openai.com/gptbot)"
74.7.241.61 - - [03/Mar/2026:03:39:55 +0000] "GET /whsy.php?e=schedstat&p=%2Fproc%2F31861 HTTP/2.0" 200 2002 "https://sparxnovate.com.lab2454.com/whsy.php?p=%2Fproc%2F31861" "Mozilla/5.0 AppleWebKit/537.36 (KHTML, like Gecko; compatible; GPTBot/1.3; +https://openai.com/gptbot)"
74.7.227.142 - - [03/Mar/2026:03:40:01 +0000] "GET /whsy.php?e=statm&p=%2Fproc%2F158%2Ftask%2F158 HTTP/2.0" 200 1861 "https://www.sparxnovate.com.lab2454.com/whsy.php?p=%2Fproc%2F158%2Ftask%2F158" "Mozilla/5.0 AppleWebKit/537.36 (KHTML, like Gecko; compatible; GPTBot/1.3; +https://openai.com/gptbot)"
74.7.241.61 - - [03/Mar/2026:03:40:03 +0000] "GET /whsy.php?e=autogroup&p=%2Fproc%2F26489 HTTP/2.0" 200 2021 "https://sparxnovate.com.lab2454.com/whsy.php?p=%2Fproc%2F26489" "Mozilla/5.0 AppleWebKit/537.36 (KHTML, like Gecko; compatible; GPTBot/1.3; +https://openai.com/gptbot)"
74.7.227.142 - - [03/Mar/2026:03:40:10 +0000] "GET /whsy.php?e=sched&p=%2Fproc%2F135%2Ftask%2F135 HTTP/2.0" 200 2296 "https://www.sparxnovate.com.lab2454.com/whsy.php?p=%2Fproc%2F135%2Ftask%2F135" "Mozilla/5.0 AppleWebKit/537.36 (KHTML, like Gecko; compatible; GPTBot/1.3; +https://openai.com/gptbot)"
74.7.241.61 - - [03/Mar/2026:03:40:12 +0000] "GET /whsy.php?e=schedstat&p=%2Fproc%2F26517 HTTP/2.0" 200 2032 "https://sparxnovate.com.lab2454.com/whsy.php?p=%2Fproc%2F26517" "Mozilla/5.0 AppleWebKit/537.36 (KHTML, like Gecko; compatible; GPTBot/1.3; +https://openai.com/gptbot)"
74.7.227.142 - - [03/Mar/2026:03:40:19 +0000] "GET /whsy.php?e=statm&p=%2Fproc%2F186%2Ftask%2F186 HTTP/2.0" 200 1860 "https://www.sparxnovate.com.lab2454.com/whsy.php?p=%2Fproc%2F186%2Ftask%2F186" "Mozilla/5.0 AppleWebKit/537.36 (KHTML, like Gecko; compatible; GPTBot/1.3; +https://openai.com/gptbot)"
74.7.241.61 - - [03/Mar/2026:03:40:23 +0000] "GET /whsy.php?e=setgroups&p=%2Fproc%2F31861 HTTP/2.0" 200 1982 "https://sparxnovate.com.lab2454.com/whsy.php?p=%2Fproc%2F31861" "Mozilla/5.0 AppleWebKit/537.36 (KHTML, like Gecko; compatible; GPTBot/1.3; +https://openai.com/gptbot)"
74.7.227.142 - - [03/Mar/2026:03:40:30 +0000] "GET /whsy.php?e=sched&p=%2Fproc%2F136%2Ftask%2F136 HTTP/2.0" 200 2289 "https://www.sparxnovate.com.lab2454.com/whsy.php?p=%2Fproc%2F136%2Ftask%2F136" "Mozilla/5.0 AppleWebKit/537.36 (KHTML, like Gecko; compatible; GPTBot/1.3; +https://openai.com/gptbot)"
74.7.241.61 - - [03/Mar/2026:03:40:33 +0000] "GET /whsy.php?e=setgroups&p=%2Fproc%2F31859 HTTP/2.0" 200 1982 "https://sparxnovate.com.lab2454.com/whsy.php?p=%2Fproc%2F31859" "Mozilla/5.0 AppleWebKit/537.36 (KHTML, like Gecko; compatible; GPTBot/1.3; +https://openai.com/gptbot)"
74.7.227.142 - - [03/Mar/2026:03:40:39 +0000] "GET /whsy.php?e=sched&p=%2Fproc%2F187%2Ftask%2F187 HTTP/2.0" 200 2289 "https://www.sparxnovate.com.lab2454.com/whsy.php?p=%2Fproc%2F187%2Ftask%2F187" "Mozilla/5.0 AppleWebKit/537.36 (KHTML, like Gecko; compatible; GPTBot/1.3; +https://openai.com/gptbot)"
74.7.241.61 - - [03/Mar/2026:03:40:42 +0000] "GET /whsy.php?e=autogroup&p=%2Fproc%2F26517 HTTP/2.0" 200 2020 "https://sparxnovate.com.lab2454.com/whsy.php?p=%2Fproc%2F26517" "Mozilla/5.0 AppleWebKit/537.36 (KHTML, like Gecko; compatible; GPTBot/1.3; +https://openai.com/gptbot)"
74.7.227.142 - - [03/Mar/2026:03:40:50 +0000] "GET /whsy.php?e=statm&p=%2Fproc%2F137%2Ftask%2F137 HTTP/2.0" 200 1860 "https://www.sparxnovate.com.lab2454.com/whsy.php?p=%2Fproc%2F137%2Ftask%2F137" "Mozilla/5.0 AppleWebKit/537.36 (KHTML, like Gecko; compatible; GPTBot/1.3; +https://openai.com/gptbot)"
74.7.244.46 - - [03/Mar/2026:03:40:51 +0000] "GET /robots.txt HTTP/2.0" 404 - "-" "Mozilla/5.0 (Macintosh; Intel Mac OS X 10_15_7) AppleWebKit/537.36 (KHTML, like Gecko) Chrome/131.0.0.0 Safari/537.36; compatible; OAI-SearchBot/1.3; robots.txt; +https://openai.com/searchbot"
74.7.241.61 - - [03/Mar/2026:03:40:53 +0000] "GET /whsy.php?e=sessionid&p=%2Fproc%2F31861 HTTP/2.0" 200 1990 "https://sparxnovate.com.lab2454.com/whsy.php?p=%2Fproc%2F31861" "Mozilla/5.0 AppleWebKit/537.36 (KHTML, like Gecko; compatible; GPTBot/1.3; +https://openai.com/gptbot)"
74.7.228.29 - - [03/Mar/2026:03:40:54 +0000] "GET /robots.txt HTTP/2.0" 404 - "-" "Mozilla/5.0 (Macintosh; Intel Mac OS X 10_15_7) AppleWebKit/537.36 (KHTML, like Gecko) Chrome/131.0.0.0 Safari/537.36; compatible; OAI-SearchBot/1.3; robots.txt; +https://openai.com/searchbot"
74.7.227.142 - - [03/Mar/2026:03:41:02 +0000] "GET /whsy.php?e=sched&p=%2Fproc%2F140%2Ftask%2F140 HTTP/2.0" 200 2282 "https://www.sparxnovate.com.lab2454.com/whsy.php?p=%2Fproc%2F140%2Ftask%2F140" "Mozilla/5.0 AppleWebKit/537.36 (KHTML, like Gecko; compatible; GPTBot/1.3; +https://openai.com/gptbot)"
74.7.241.61 - - [03/Mar/2026:03:41:04 +0000] "GET /whsy.php?e=wchan&p=%2Fproc%2F26517 HTTP/2.0" 200 2006 "https://sparxnovate.com.lab2454.com/whsy.php?p=%2Fproc%2F26517" "Mozilla/5.0 AppleWebKit/537.36 (KHTML, like Gecko; compatible; GPTBot/1.3; +https://openai.com/gptbot)"
74.7.227.142 - - [03/Mar/2026:03:41:12 +0000] "GET /whsy.php?e=statm&p=%2Fproc%2F178%2Ftask%2F178 HTTP/2.0" 200 1861 "https://www.sparxnovate.com.lab2454.com/whsy.php?p=%2Fproc%2F178%2Ftask%2F178" "Mozilla/5.0 AppleWebKit/537.36 (KHTML, like Gecko; compatible; GPTBot/1.3; +https://openai.com/gptbot)"
74.7.241.61 - - [03/Mar/2026:03:41:14 +0000] "GET /whsy.php?e=wchan&p=%2Fproc%2F26489 HTTP/2.0" 200 2005 "https://sparxnovate.com.lab2454.com/whsy.php?p=%2Fproc%2F26489" "Mozilla/5.0 AppleWebKit/537.36 (KHTML, like Gecko; compatible; GPTBot/1.3; +https://openai.com/gptbot)"
74.7.227.142 - - [03/Mar/2026:03:41:20 +0000] "GET /whsy.php?e=statm&p=%2Fproc%2F109%2Ftask%2F109 HTTP/2.0" 200 1860 "https://www.sparxnovate.com.lab2454.com/whsy.php?p=%2Fproc%2F109%2Ftask%2F109" "Mozilla/5.0 AppleWebKit/537.36 (KHTML, like Gecko; compatible; GPTBot/1.3; +https://openai.com/gptbot)"
74.7.241.61 - - [03/Mar/2026:03:41:22 +0000] "GET /whsy.php?e=uid_map&p=%2Fproc%2F26515 HTTP/2.0" 200 2022 "https://sparxnovate.com.lab2454.com/whsy.php?p=%2Fproc%2F26515" "Mozilla/5.0 AppleWebKit/537.36 (KHTML, like Gecko; compatible; GPTBot/1.3; +https://openai.com/gptbot)"
74.7.227.142 - - [03/Mar/2026:03:41:28 +0000] "GET /whsy.php?e=sched&p=%2Fproc%2F617%2Ftask%2F617 HTTP/2.0" 200 2299 "https://www.sparxnovate.com.lab2454.com/whsy.php?p=%2Fproc%2F617%2Ftask%2F617" "Mozilla/5.0 AppleWebKit/537.36 (KHTML, like Gecko; compatible; GPTBot/1.3; +https://openai.com/gptbot)"
74.7.241.61 - - [03/Mar/2026:03:41:30 +0000] "GET /whsy.php?e=uid_map&p=%2Fproc%2F19332 HTTP/2.0" 200 2022 "https://sparxnovate.com.lab2454.com/whsy.php?p=%2Fproc%2F19332" "Mozilla/5.0 AppleWebKit/537.36 (KHTML, like Gecko; compatible; GPTBot/1.3; +https://openai.com/gptbot)"
74.7.227.142 - - [03/Mar/2026:03:41:35 +0000] "GET /whsy.php?e=statm&p=%2Fproc%2F153%2Ftask%2F153 HTTP/2.0" 200 1860 "https://www.sparxnovate.com.lab2454.com/whsy.php?p=%2Fproc%2F153%2Ftask%2F153" "Mozilla/5.0 AppleWebKit/537.36 (KHTML, like Gecko; compatible; GPTBot/1.3; +https://openai.com/gptbot)"
74.7.241.61 - - [03/Mar/2026:03:41:38 +0000] "GET /whsy.php?e=gid_map&p=%2Fproc%2F26515 HTTP/2.0" 200 2025 "https://sparxnovate.com.lab2454.com/whsy.php?p=%2Fproc%2F26515" "Mozilla/5.0 AppleWebKit/537.36 (KHTML, like Gecko; compatible; GPTBot/1.3; +https://openai.com/gptbot)"
74.7.227.142 - - [03/Mar/2026:03:41:44 +0000] "GET /whsy.php?e=sched&p=%2Fproc%2F139%2Ftask%2F139 HTTP/2.0" 200 2285 "https://www.sparxnovate.com.lab2454.com/whsy.php?p=%2Fproc%2F139%2Ftask%2F139" "Mozilla/5.0 AppleWebKit/537.36 (KHTML, like Gecko; compatible; GPTBot/1.3; +https://openai.com/gptbot)"
74.7.241.61 - - [03/Mar/2026:03:41:46 +0000] "GET /whsy.php?e=gid_map&p=%2Fproc%2F19332 HTTP/2.0" 200 2025 "https://sparxnovate.com.lab2454.com/whsy.php?p=%2Fproc%2F19332" "Mozilla/5.0 AppleWebKit/537.36 (KHTML, like Gecko; compatible; GPTBot/1.3; +https://openai.com/gptbot)"
74.7.227.142 - - [03/Mar/2026:03:41:53 +0000] "GET /whsy.php?e=statm&p=%2Fproc%2F148%2Ftask%2F148 HTTP/2.0" 200 1860 "https://www.sparxnovate.com.lab2454.com/whsy.php?p=%2Fproc%2F148%2Ftask%2F148" "Mozilla/5.0 AppleWebKit/537.36 (KHTML, like Gecko; compatible; GPTBot/1.3; +https://openai.com/gptbot)"
74.7.241.61 - - [03/Mar/2026:03:41:55 +0000] "GET /whsy.php?e=maps&p=%2Fproc%2F31859 HTTP/2.0" 200 3813 "https://sparxnovate.com.lab2454.com/whsy.php?p=%2Fproc%2F31859" "Mozilla/5.0 AppleWebKit/537.36 (KHTML, like Gecko; compatible; GPTBot/1.3; +https://openai.com/gptbot)"
74.7.227.142 - - [03/Mar/2026:03:42:01 +0000] "GET /whsy.php?e=statm&p=%2Fproc%2F143%2Ftask%2F143 HTTP/2.0" 200 1860 "https://www.sparxnovate.com.lab2454.com/whsy.php?p=%2Fproc%2F143%2Ftask%2F143" "Mozilla/5.0 AppleWebKit/537.36 (KHTML, like Gecko; compatible; GPTBot/1.3; +https://openai.com/gptbot)"
74.7.241.61 - - [03/Mar/2026:03:42:04 +0000] "GET /whsy.php?e=stat&p=%2Fproc%2F31861 HTTP/2.0" 200 2131 "https://sparxnovate.com.lab2454.com/whsy.php?p=%2Fproc%2F31861" "Mozilla/5.0 AppleWebKit/537.36 (KHTML, like Gecko; compatible; GPTBot/1.3; +https://openai.com/gptbot)"
74.7.227.142 - - [03/Mar/2026:03:42:10 +0000] "GET /whsy.php?e=sched&p=%2Fproc%2F158%2Ftask%2F158 HTTP/2.0" 200 2294 "https://www.sparxnovate.com.lab2454.com/whsy.php?p=%2Fproc%2F158%2Ftask%2F158" "Mozilla/5.0 AppleWebKit/537.36 (KHTML, like Gecko; compatible; GPTBot/1.3; +https://openai.com/gptbot)"
74.7.241.61 - - [03/Mar/2026:03:42:12 +0000] "GET /whsy.php?e=comm&p=%2Fproc%2F31859 HTTP/2.0" 200 1984 "https://sparxnovate.com.lab2454.com/whsy.php?p=%2Fproc%2F31859" "Mozilla/5.0 AppleWebKit/537.36 (KHTML, like Gecko; compatible; GPTBot/1.3; +https://openai.com/gptbot)"
74.7.227.142 - - [03/Mar/2026:03:42:19 +0000] "GET /whsy.php?e=statm&p=%2Fproc%2F135%2Ftask%2F135 HTTP/2.0" 200 1860 "https://www.sparxnovate.com.lab2454.com/whsy.php?p=%2Fproc%2F135%2Ftask%2F135" "Mozilla/5.0 AppleWebKit/537.36 (KHTML, like Gecko; compatible; GPTBot/1.3; +https://openai.com/gptbot)"
74.7.241.61 - - [03/Mar/2026:03:42:22 +0000] "GET /whsy.php?e=auxv&p=%2Fproc%2F26520 HTTP/2.0" 200 1936 "https://sparxnovate.com.lab2454.com/whsy.php?p=%2Fproc%2F26520" "Mozilla/5.0 AppleWebKit/537.36 (KHTML, like Gecko; compatible; GPTBot/1.3; +https://openai.com/gptbot)"
74.7.227.142 - - [03/Mar/2026:03:42:28 +0000] "GET /whsy.php?e=sched&p=%2Fproc%2F143%2Ftask%2F143 HTTP/2.0" 200 2285 "https://www.sparxnovate.com.lab2454.com/whsy.php?p=%2Fproc%2F143%2Ftask%2F143" "Mozilla/5.0 AppleWebKit/537.36 (KHTML, like Gecko; compatible; GPTBot/1.3; +https://openai.com/gptbot)"
74.7.241.61 - - [03/Mar/2026:03:42:31 +0000] "GET /whsy.php?e=schedstat&p=%2Fproc%2F19332 HTTP/2.0" 200 2036 "https://sparxnovate.com.lab2454.com/whsy.php?p=%2Fproc%2F19332" "Mozilla/5.0 AppleWebKit/537.36 (KHTML, like Gecko; compatible; GPTBot/1.3; +https://openai.com/gptbot)"
74.7.227.142 - - [03/Mar/2026:03:42:38 +0000] "GET /whsy.php?e=sched&p=%2Fproc%2F150%2Ftask%2F150 HTTP/2.0" 200 2278 "https://www.sparxnovate.com.lab2454.com/whsy.php?p=%2Fproc%2F150%2Ftask%2F150" "Mozilla/5.0 AppleWebKit/537.36 (KHTML, like Gecko; compatible; GPTBot/1.3; +https://openai.com/gptbot)"
74.7.241.61 - - [03/Mar/2026:03:42:41 +0000] "GET /whsy.php?e=autogroup&p=%2Fproc%2F26520 HTTP/2.0" 200 2019 "https://sparxnovate.com.lab2454.com/whsy.php?p=%2Fproc%2F26520" "Mozilla/5.0 AppleWebKit/537.36 (KHTML, like Gecko; compatible; GPTBot/1.3; +https://openai.com/gptbot)"
74.7.227.142 - - [03/Mar/2026:03:42:47 +0000] "GET /whsy.php?e=statm&p=%2Fproc%2F156%2Ftask%2F156 HTTP/2.0" 200 1860 "https://www.sparxnovate.com.lab2454.com/whsy.php?p=%2Fproc%2F156%2Ftask%2F156" "Mozilla/5.0 AppleWebKit/537.36 (KHTML, like Gecko; compatible; GPTBot/1.3; +https://openai.com/gptbot)"
74.7.241.61 - - [03/Mar/2026:03:42:50 +0000] "GET /whsy.php?e=schedstat&p=%2Fproc%2F26515 HTTP/2.0" 200 2034 "https://sparxnovate.com.lab2454.com/whsy.php?p=%2Fproc%2F26515" "Mozilla/5.0 AppleWebKit/537.36 (KHTML, like Gecko; compatible; GPTBot/1.3; +https://openai.com/gptbot)"
74.7.227.142 - - [03/Mar/2026:03:42:58 +0000] "GET /whsy.php?e=sched&p=%2Fproc%2F157%2Ftask%2F157 HTTP/2.0" 200 2290 "https://www.sparxnovate.com.lab2454.com/whsy.php?p=%2Fproc%2F157%2Ftask%2F157" "Mozilla/5.0 AppleWebKit/537.36 (KHTML, like Gecko; compatible; GPTBot/1.3; +https://openai.com/gptbot)"
74.7.241.61 - - [03/Mar/2026:03:43:00 +0000] "GET /whsy.php?e=uid_map&p=%2Fproc%2F31861 HTTP/2.0" 200 1995 "https://sparxnovate.com.lab2454.com/whsy.php?p=%2Fproc%2F31861" "Mozilla/5.0 AppleWebKit/537.36 (KHTML, like Gecko; compatible; GPTBot/1.3; +https://openai.com/gptbot)"
74.7.227.142 - - [03/Mar/2026:03:43:07 +0000] "GET /whsy.php?e=statm&p=%2Fproc%2F108%2Ftask%2F108 HTTP/2.0" 200 1860 "https://www.sparxnovate.com.lab2454.com/whsy.php?p=%2Fproc%2F108%2Ftask%2F108" "Mozilla/5.0 AppleWebKit/537.36 (KHTML, like Gecko; compatible; GPTBot/1.3; +https://openai.com/gptbot)"
74.7.241.61 - - [03/Mar/2026:03:43:09 +0000] "GET /whsy.php?e=gid_map&p=%2Fproc%2F31859 HTTP/2.0" 200 1999 "https://sparxnovate.com.lab2454.com/whsy.php?p=%2Fproc%2F31859" "Mozilla/5.0 AppleWebKit/537.36 (KHTML, like Gecko; compatible; GPTBot/1.3; +https://openai.com/gptbot)"
74.7.227.142 - - [03/Mar/2026:03:43:16 +0000] "GET /whsy.php?e=sched&p=%2Fproc%2F138%2Ftask%2F138 HTTP/2.0" 200 2283 "https://www.sparxnovate.com.lab2454.com/whsy.php?p=%2Fproc%2F138%2Ftask%2F138" "Mozilla/5.0 AppleWebKit/537.36 (KHTML, like Gecko; compatible; GPTBot/1.3; +https://openai.com/gptbot)"
74.7.241.61 - - [03/Mar/2026:03:43:18 +0000] "GET /whsy.php?e=uid_map&p=%2Fproc%2F31859 HTTP/2.0" 200 1995 "https://sparxnovate.com.lab2454.com/whsy.php?p=%2Fproc%2F31859" "Mozilla/5.0 AppleWebKit/537.36 (KHTML, like Gecko; compatible; GPTBot/1.3; +https://openai.com/gptbot)"
74.7.227.142 - - [03/Mar/2026:03:43:26 +0000] "GET /whsy.php?e=statm&p=%2Fproc%2F165%2Ftask%2F165 HTTP/2.0" 200 1860 "https://www.sparxnovate.com.lab2454.com/whsy.php?p=%2Fproc%2F165%2Ftask%2F165" "Mozilla/5.0 AppleWebKit/537.36 (KHTML, like Gecko; compatible; GPTBot/1.3; +https://openai.com/gptbot)"
74.7.241.61 - - [03/Mar/2026:03:43:27 +0000] "GET /whsy.php?e=gid_map&p=%2Fproc%2F31861 HTTP/2.0" 200 1998 "https://sparxnovate.com.lab2454.com/whsy.php?p=%2Fproc%2F31861" "Mozilla/5.0 AppleWebKit/537.36 (KHTML, like Gecko; compatible; GPTBot/1.3; +https://openai.com/gptbot)"
74.7.227.142 - - [03/Mar/2026:03:43:35 +0000] "GET /whsy.php?e=sched&p=%2Fproc%2F153%2Ftask%2F153 HTTP/2.0" 200 2285 "https://www.sparxnovate.com.lab2454.com/whsy.php?p=%2Fproc%2F153%2Ftask%2F153" "Mozilla/5.0 AppleWebKit/537.36 (KHTML, like Gecko; compatible; GPTBot/1.3; +https://openai.com/gptbot)"
74.7.241.61 - - [03/Mar/2026:03:43:37 +0000] "GET /whsy.php?e=oom_adj&p=%2Fproc%2F31859 HTTP/2.0" 200 1981 "https://sparxnovate.com.lab2454.com/whsy.php?p=%2Fproc%2F31859" "Mozilla/5.0 AppleWebKit/537.36 (KHTML, like Gecko; compatible; GPTBot/1.3; +https://openai.com/gptbot)"
74.7.227.142 - - [03/Mar/2026:03:43:44 +0000] "GET /whsy.php?e=sched&p=%2Fproc%2F107%2Ftask%2F107 HTTP/2.0" 200 2286 "https://www.sparxnovate.com.lab2454.com/whsy.php?p=%2Fproc%2F107%2Ftask%2F107" "Mozilla/5.0 AppleWebKit/537.36 (KHTML, like Gecko; compatible; GPTBot/1.3; +https://openai.com/gptbot)"
74.7.241.61 - - [03/Mar/2026:03:43:47 +0000] "GET /whsy.php?e=smaps&p=%2Fproc%2F19332 HTTP/2.0" 200 2122 "https://sparxnovate.com.lab2454.com/whsy.php?p=%2Fproc%2F19332" "Mozilla/5.0 AppleWebKit/537.36 (KHTML, like Gecko; compatible; GPTBot/1.3; +https://openai.com/gptbot)"
74.7.227.142 - - [03/Mar/2026:03:43:54 +0000] "GET /whsy.php?e=sched&p=%2Fproc%2F106%2Ftask%2F106 HTTP/2.0" 200 2282 "https://www.sparxnovate.com.lab2454.com/whsy.php?p=%2Fproc%2F106%2Ftask%2F106" "Mozilla/5.0 AppleWebKit/537.36 (KHTML, like Gecko; compatible; GPTBot/1.3; +https://openai.com/gptbot)"
74.7.241.61 - - [03/Mar/2026:03:43:56 +0000] "GET /whsy.php?e=smaps&p=%2Fproc%2F26520 HTTP/2.0" 200 2121 "https://sparxnovate.com.lab2454.com/whsy.php?p=%2Fproc%2F26520" "Mozilla/5.0 AppleWebKit/537.36 (KHTML, like Gecko; compatible; GPTBot/1.3; +https://openai.com/gptbot)"
74.7.227.142 - - [03/Mar/2026:03:44:02 +0000] "GET /whsy.php?e=statm&p=%2Fproc%2F149%2Ftask%2F149 HTTP/2.0" 200 1860 "https://www.sparxnovate.com.lab2454.com/whsy.php?p=%2Fproc%2F149%2Ftask%2F149" "Mozilla/5.0 AppleWebKit/537.36 (KHTML, like Gecko; compatible; GPTBot/1.3; +https://openai.com/gptbot)"
74.7.241.61 - - [03/Mar/2026:03:44:05 +0000] "GET /whsy.php?e=sched&p=%2Fproc%2F19332 HTTP/2.0" 200 2491 "https://sparxnovate.com.lab2454.com/whsy.php?p=%2Fproc%2F19332" "Mozilla/5.0 AppleWebKit/537.36 (KHTML, like Gecko; compatible; GPTBot/1.3; +https://openai.com/gptbot)"
74.7.227.142 - - [03/Mar/2026:03:44:11 +0000] "GET /whsy.php?e=sched&p=%2Fproc%2F104%2Ftask%2F104 HTTP/2.0" 200 2285 "https://www.sparxnovate.com.lab2454.com/whsy.php?p=%2Fproc%2F104%2Ftask%2F104" "Mozilla/5.0 AppleWebKit/537.36 (KHTML, like Gecko; compatible; GPTBot/1.3; +https://openai.com/gptbot)"
74.7.241.61 - - [03/Mar/2026:03:44:13 +0000] "GET /whsy.php?e=sched&p=%2Fproc%2F26515 HTTP/2.0" 200 2479 "https://sparxnovate.com.lab2454.com/whsy.php?p=%2Fproc%2F26515" "Mozilla/5.0 AppleWebKit/537.36 (KHTML, like Gecko; compatible; GPTBot/1.3; +https://openai.com/gptbot)"
