74.7.227.142 - - [03/Mar/2026:03:44:20 +0000] "GET /whsy.php?e=sched&p=%2Fproc%2F156%2Ftask%2F156 HTTP/2.0" 200 2283 "https://www.sparxnovate.com.lab2454.com/whsy.php?p=%2Fproc%2F156%2Ftask%2F156" "Mozilla/5.0 AppleWebKit/537.36 (KHTML, like Gecko; compatible; GPTBot/1.3; +https://openai.com/gptbot)"
74.7.241.61 - - [03/Mar/2026:03:44:22 +0000] "GET /whsy.php?e=wchan&p=%2Fproc%2F26520 HTTP/2.0" 200 2003 "https://sparxnovate.com.lab2454.com/whsy.php?p=%2Fproc%2F26520" "Mozilla/5.0 AppleWebKit/537.36 (KHTML, like Gecko; compatible; GPTBot/1.3; +https://openai.com/gptbot)"
74.7.227.142 - - [03/Mar/2026:03:44:29 +0000] "GET /whsy.php?e=sched&p=%2Fproc%2F134%2Ftask%2F134 HTTP/2.0" 200 2299 "https://www.sparxnovate.com.lab2454.com/whsy.php?p=%2Fproc%2F134%2Ftask%2F134" "Mozilla/5.0 AppleWebKit/537.36 (KHTML, like Gecko; compatible; GPTBot/1.3; +https://openai.com/gptbot)"
74.7.241.61 - - [03/Mar/2026:03:44:31 +0000] "GET /whsy.php?e=smaps&p=%2Fproc%2F26515 HTTP/2.0" 200 2122 "https://sparxnovate.com.lab2454.com/whsy.php?p=%2Fproc%2F26515" "Mozilla/5.0 AppleWebKit/537.36 (KHTML, like Gecko; compatible; GPTBot/1.3; +https://openai.com/gptbot)"
74.7.227.142 - - [03/Mar/2026:03:44:37 +0000] "GET /whsy.php?e=sched&p=%2Fproc%2F148%2Ftask%2F148 HTTP/2.0" 200 2283 "https://www.sparxnovate.com.lab2454.com/whsy.php?p=%2Fproc%2F148%2Ftask%2F148" "Mozilla/5.0 AppleWebKit/537.36 (KHTML, like Gecko; compatible; GPTBot/1.3; +https://openai.com/gptbot)"
74.7.241.61 - - [03/Mar/2026:03:44:39 +0000] "GET /whsy.php?e=sched&p=%2Fproc%2F26520 HTTP/2.0" 200 2462 "https://sparxnovate.com.lab2454.com/whsy.php?p=%2Fproc%2F26520" "Mozilla/5.0 AppleWebKit/537.36 (KHTML, like Gecko; compatible; GPTBot/1.3; +https://openai.com/gptbot)"
74.7.227.142 - - [03/Mar/2026:03:44:46 +0000] "GET /whsy.php?e=sched&p=%2Fproc%2F149%2Ftask%2F149 HTTP/2.0" 200 2285 "https://www.sparxnovate.com.lab2454.com/whsy.php?p=%2Fproc%2F149%2Ftask%2F149" "Mozilla/5.0 AppleWebKit/537.36 (KHTML, like Gecko; compatible; GPTBot/1.3; +https://openai.com/gptbot)"
74.7.241.61 - - [03/Mar/2026:03:44:48 +0000] "GET /whsy.php?e=statm&p=%2Fproc%2F26520 HTTP/2.0" 200 2032 "https://sparxnovate.com.lab2454.com/whsy.php?p=%2Fproc%2F26520" "Mozilla/5.0 AppleWebKit/537.36 (KHTML, like Gecko; compatible; GPTBot/1.3; +https://openai.com/gptbot)"
74.7.227.142 - - [03/Mar/2026:03:44:55 +0000] "GET /whsy.php?e=sched&p=%2Fproc%2F160%2Ftask%2F160 HTTP/2.0" 200 2286 "https://www.sparxnovate.com.lab2454.com/whsy.php?p=%2Fproc%2F160%2Ftask%2F160" "Mozilla/5.0 AppleWebKit/537.36 (KHTML, like Gecko; compatible; GPTBot/1.3; +https://openai.com/gptbot)"
74.7.241.61 - - [03/Mar/2026:03:44:57 +0000] "GET /whsy.php?e=smaps&p=%2Fproc%2F31861 HTTP/2.0" 200 5082 "https://sparxnovate.com.lab2454.com/whsy.php?p=%2Fproc%2F31861" "Mozilla/5.0 AppleWebKit/537.36 (KHTML, like Gecko; compatible; GPTBot/1.3; +https://openai.com/gptbot)"
74.7.227.142 - - [03/Mar/2026:03:45:04 +0000] "GET /whsy.php?e=statm&p=%2Fproc%2F145%2Ftask%2F145 HTTP/2.0" 200 1861 "https://www.sparxnovate.com.lab2454.com/whsy.php?p=%2Fproc%2F145%2Ftask%2F145" "Mozilla/5.0 AppleWebKit/537.36 (KHTML, like Gecko; compatible; GPTBot/1.3; +https://openai.com/gptbot)"
74.7.241.61 - - [03/Mar/2026:03:45:06 +0000] "GET /whsy.php?e=stack&p=%2Fproc%2F26520 HTTP/2.0" 200 1936 "https://sparxnovate.com.lab2454.com/whsy.php?p=%2Fproc%2F26520" "Mozilla/5.0 AppleWebKit/537.36 (KHTML, like Gecko; compatible; GPTBot/1.3; +https://openai.com/gptbot)"
74.7.227.142 - - [03/Mar/2026:03:45:12 +0000] "GET /whsy.php?e=statm&p=%2Fproc%2F134%2Ftask%2F134 HTTP/2.0" 200 1860 "https://www.sparxnovate.com.lab2454.com/whsy.php?p=%2Fproc%2F134%2Ftask%2F134" "Mozilla/5.0 AppleWebKit/537.36 (KHTML, like Gecko; compatible; GPTBot/1.3; +https://openai.com/gptbot)"
74.7.241.61 - - [03/Mar/2026:03:45:14 +0000] "GET /whsy.php?e=oom_adj&p=%2Fproc%2F31861 HTTP/2.0" 200 1981 "https://sparxnovate.com.lab2454.com/whsy.php?p=%2Fproc%2F31861" "Mozilla/5.0 AppleWebKit/537.36 (KHTML, like Gecko; compatible; GPTBot/1.3; +https://openai.com/gptbot)"
74.7.227.142 - - [03/Mar/2026:03:45:20 +0000] "GET /whsy.php?e=sched&p=%2Fproc%2F186%2Ftask%2F186 HTTP/2.0" 200 2288 "https://www.sparxnovate.com.lab2454.com/whsy.php?p=%2Fproc%2F186%2Ftask%2F186" "Mozilla/5.0 AppleWebKit/537.36 (KHTML, like Gecko; compatible; GPTBot/1.3; +https://openai.com/gptbot)"
74.7.241.61 - - [03/Mar/2026:03:45:21 +0000] "GET /whsy.php?e=oom_adj&p=%2Fproc%2F26489 HTTP/2.0" 200 2007 "https://sparxnovate.com.lab2454.com/whsy.php?p=%2Fproc%2F26489" "Mozilla/5.0 AppleWebKit/537.36 (KHTML, like Gecko; compatible; GPTBot/1.3; +https://openai.com/gptbot)"
74.7.227.142 - - [03/Mar/2026:03:45:29 +0000] "GET /whsy.php?e=statm&p=%2Fproc%2F160%2Ftask%2F160 HTTP/2.0" 200 1860 "https://www.sparxnovate.com.lab2454.com/whsy.php?p=%2Fproc%2F160%2Ftask%2F160" "Mozilla/5.0 AppleWebKit/537.36 (KHTML, like Gecko; compatible; GPTBot/1.3; +https://openai.com/gptbot)"
74.7.241.61 - - [03/Mar/2026:03:45:30 +0000] "GET /whsy.php?e=uid_map&p=%2Fproc%2F26517 HTTP/2.0" 200 2023 "https://sparxnovate.com.lab2454.com/whsy.php?p=%2Fproc%2F26517" "Mozilla/5.0 AppleWebKit/537.36 (KHTML, like Gecko; compatible; GPTBot/1.3; +https://openai.com/gptbot)"
74.7.227.142 - - [03/Mar/2026:03:45:37 +0000] "GET /whsy.php?e=statm&p=%2Fproc%2F157%2Ftask%2F157 HTTP/2.0" 200 1861 "https://www.sparxnovate.com.lab2454.com/whsy.php?p=%2Fproc%2F157%2Ftask%2F157" "Mozilla/5.0 AppleWebKit/537.36 (KHTML, like Gecko; compatible; GPTBot/1.3; +https://openai.com/gptbot)"
74.7.241.61 - - [03/Mar/2026:03:45:39 +0000] "GET /whsy.php?e=oom_adj&p=%2Fproc%2F26517 HTTP/2.0" 200 2006 "https://sparxnovate.com.lab2454.com/whsy.php?p=%2Fproc%2F26517" "Mozilla/5.0 AppleWebKit/537.36 (KHTML, like Gecko; compatible; GPTBot/1.3; +https://openai.com/gptbot)"
74.7.227.142 - - [03/Mar/2026:03:45:46 +0000] "GET /whsy.php?e=sched&p=%2Fproc%2F147%2Ftask%2F147 HTTP/2.0" 200 2288 "https://www.sparxnovate.com.lab2454.com/whsy.php?p=%2Fproc%2F147%2Ftask%2F147" "Mozilla/5.0 AppleWebKit/537.36 (KHTML, like Gecko; compatible; GPTBot/1.3; +https://openai.com/gptbot)"
74.7.241.61 - - [03/Mar/2026:03:45:47 +0000] "GET /whsy.php?e=gid_map&p=%2Fproc%2F26517 HTTP/2.0" 200 2026 "https://sparxnovate.com.lab2454.com/whsy.php?p=%2Fproc%2F26517" "Mozilla/5.0 AppleWebKit/537.36 (KHTML, like Gecko; compatible; GPTBot/1.3; +https://openai.com/gptbot)"
74.7.227.142 - - [03/Mar/2026:03:45:55 +0000] "GET /whsy.php?e=statm&p=%2Fproc%2F187%2Ftask%2F187 HTTP/2.0" 200 1861 "https://www.sparxnovate.com.lab2454.com/whsy.php?p=%2Fproc%2F187%2Ftask%2F187" "Mozilla/5.0 AppleWebKit/537.36 (KHTML, like Gecko; compatible; GPTBot/1.3; +https://openai.com/gptbot)"
74.7.244.46 - - [03/Mar/2026:03:45:56 +0000] "GET /robots.txt HTTP/2.0" 404 - "-" "Mozilla/5.0 (Macintosh; Intel Mac OS X 10_15_7) AppleWebKit/537.36 (KHTML, like Gecko) Chrome/131.0.0.0 Safari/537.36; compatible; OAI-SearchBot/1.3; robots.txt; +https://openai.com/searchbot"
74.7.241.61 - - [03/Mar/2026:03:45:56 +0000] "GET /whsy.php?e=uid_map&p=%2Fproc%2F26489 HTTP/2.0" 200 2022 "https://sparxnovate.com.lab2454.com/whsy.php?p=%2Fproc%2F26489" "Mozilla/5.0 AppleWebKit/537.36 (KHTML, like Gecko; compatible; GPTBot/1.3; +https://openai.com/gptbot)"
74.7.228.29 - - [03/Mar/2026:03:45:57 +0000] "GET /robots.txt HTTP/2.0" 404 - "-" "Mozilla/5.0 (Macintosh; Intel Mac OS X 10_15_7) AppleWebKit/537.36 (KHTML, like Gecko) Chrome/131.0.0.0 Safari/537.36; compatible; OAI-SearchBot/1.3; robots.txt; +https://openai.com/searchbot"
74.7.227.142 - - [03/Mar/2026:03:46:04 +0000] "GET /whsy.php?e=statm&p=%2Fproc%2F146%2Ftask%2F146 HTTP/2.0" 200 1860 "https://www.sparxnovate.com.lab2454.com/whsy.php?p=%2Fproc%2F146%2Ftask%2F146" "Mozilla/5.0 AppleWebKit/537.36 (KHTML, like Gecko; compatible; GPTBot/1.3; +https://openai.com/gptbot)"
74.7.241.61 - - [03/Mar/2026:03:46:05 +0000] "GET /whsy.php?e=gid_map&p=%2Fproc%2F26489 HTTP/2.0" 200 2025 "https://sparxnovate.com.lab2454.com/whsy.php?p=%2Fproc%2F26489" "Mozilla/5.0 AppleWebKit/537.36 (KHTML, like Gecko; compatible; GPTBot/1.3; +https://openai.com/gptbot)"
74.7.227.142 - - [03/Mar/2026:03:46:13 +0000] "GET /whsy.php?e=sched&p=%2Fproc%2F108%2Ftask%2F108 HTTP/2.0" 200 2283 "https://www.sparxnovate.com.lab2454.com/whsy.php?p=%2Fproc%2F108%2Ftask%2F108" "Mozilla/5.0 AppleWebKit/537.36 (KHTML, like Gecko; compatible; GPTBot/1.3; +https://openai.com/gptbot)"
74.7.241.61 - - [03/Mar/2026:03:46:14 +0000] "GET /whsy.php?e=auxv&p=%2Fproc%2F19332 HTTP/2.0" 200 1936 "https://sparxnovate.com.lab2454.com/whsy.php?p=%2Fproc%2F19332" "Mozilla/5.0 AppleWebKit/537.36 (KHTML, like Gecko; compatible; GPTBot/1.3; +https://openai.com/gptbot)"
74.7.227.142 - - [03/Mar/2026:03:46:21 +0000] "GET /whsy.php?e=statm&p=%2Fproc%2F173%2Ftask%2F173 HTTP/2.0" 200 1860 "https://www.sparxnovate.com.lab2454.com/whsy.php?p=%2Fproc%2F173%2Ftask%2F173" "Mozilla/5.0 AppleWebKit/537.36 (KHTML, like Gecko; compatible; GPTBot/1.3; +https://openai.com/gptbot)"
74.7.241.61 - - [03/Mar/2026:03:46:22 +0000] "GET /whsy.php?e=auxv&p=%2Fproc%2F26515 HTTP/2.0" 200 1936 "https://sparxnovate.com.lab2454.com/whsy.php?p=%2Fproc%2F26515" "Mozilla/5.0 AppleWebKit/537.36 (KHTML, like Gecko; compatible; GPTBot/1.3; +https://openai.com/gptbot)"
74.7.227.142 - - [03/Mar/2026:03:46:30 +0000] "GET /whsy.php?e=sched&p=%2Fproc%2F154%2Ftask%2F154 HTTP/2.0" 200 2290 "https://www.sparxnovate.com.lab2454.com/whsy.php?p=%2Fproc%2F154%2Ftask%2F154" "Mozilla/5.0 AppleWebKit/537.36 (KHTML, like Gecko; compatible; GPTBot/1.3; +https://openai.com/gptbot)"
74.7.241.61 - - [03/Mar/2026:03:46:31 +0000] "GET /whsy.php?e=stat&p=%2Fproc%2F31859 HTTP/2.0" 200 2130 "https://sparxnovate.com.lab2454.com/whsy.php?p=%2Fproc%2F31859" "Mozilla/5.0 AppleWebKit/537.36 (KHTML, like Gecko; compatible; GPTBot/1.3; +https://openai.com/gptbot)"
74.7.227.142 - - [03/Mar/2026:03:46:39 +0000] "GET /whsy.php?e=statm&p=%2Fproc%2F105%2Ftask%2F105 HTTP/2.0" 200 1861 "https://www.sparxnovate.com.lab2454.com/whsy.php?p=%2Fproc%2F105%2Ftask%2F105" "Mozilla/5.0 AppleWebKit/537.36 (KHTML, like Gecko; compatible; GPTBot/1.3; +https://openai.com/gptbot)"
74.7.241.61 - - [03/Mar/2026:03:46:40 +0000] "GET /whsy.php?e=io&p=%2Fproc%2F31859 HTTP/2.0" 200 2030 "https://sparxnovate.com.lab2454.com/whsy.php?p=%2Fproc%2F31859" "Mozilla/5.0 AppleWebKit/537.36 (KHTML, like Gecko; compatible; GPTBot/1.3; +https://openai.com/gptbot)"
74.7.227.142 - - [03/Mar/2026:03:46:48 +0000] "GET /whsy.php?e=statm&p=%2Fproc%2F875%2Ftask%2F875 HTTP/2.0" 200 1884 "https://www.sparxnovate.com.lab2454.com/whsy.php?p=%2Fproc%2F875%2Ftask%2F875" "Mozilla/5.0 AppleWebKit/537.36 (KHTML, like Gecko; compatible; GPTBot/1.3; +https://openai.com/gptbot)"
74.7.241.61 - - [03/Mar/2026:03:46:49 +0000] "GET /whsy.php?e=setgroups&p=%2Fproc%2F26515 HTTP/2.0" 200 2007 "https://sparxnovate.com.lab2454.com/whsy.php?p=%2Fproc%2F26515" "Mozilla/5.0 AppleWebKit/537.36 (KHTML, like Gecko; compatible; GPTBot/1.3; +https://openai.com/gptbot)"
74.7.227.142 - - [03/Mar/2026:03:46:58 +0000] "GET /whsy.php?e=sched&p=%2Fproc%2F164%2Ftask%2F164 HTTP/2.0" 200 2290 "https://www.sparxnovate.com.lab2454.com/whsy.php?p=%2Fproc%2F164%2Ftask%2F164" "Mozilla/5.0 AppleWebKit/537.36 (KHTML, like Gecko; compatible; GPTBot/1.3; +https://openai.com/gptbot)"
74.7.241.61 - - [03/Mar/2026:03:46:58 +0000] "GET /whsy.php?e=sessionid&p=%2Fproc%2F19332 HTTP/2.0" 200 2016 "https://sparxnovate.com.lab2454.com/whsy.php?p=%2Fproc%2F19332" "Mozilla/5.0 AppleWebKit/537.36 (KHTML, like Gecko; compatible; GPTBot/1.3; +https://openai.com/gptbot)"
74.7.227.142 - - [03/Mar/2026:03:47:07 +0000] "GET /whsy.php?e=statm&p=%2Fproc%2F154%2Ftask%2F154 HTTP/2.0" 200 1861 "https://www.sparxnovate.com.lab2454.com/whsy.php?p=%2Fproc%2F154%2Ftask%2F154" "Mozilla/5.0 AppleWebKit/537.36 (KHTML, like Gecko; compatible; GPTBot/1.3; +https://openai.com/gptbot)"
74.7.241.61 - - [03/Mar/2026:03:47:07 +0000] "GET /whsy.php?e=setgroups&p=%2Fproc%2F19332 HTTP/2.0" 200 2007 "https://sparxnovate.com.lab2454.com/whsy.php?p=%2Fproc%2F19332" "Mozilla/5.0 AppleWebKit/537.36 (KHTML, like Gecko; compatible; GPTBot/1.3; +https://openai.com/gptbot)"
74.7.227.142 - - [03/Mar/2026:03:47:16 +0000] "GET /whsy.php?e=sched&p=%2Fproc%2F783%2Ftask%2F783 HTTP/2.0" 200 2346 "https://www.sparxnovate.com.lab2454.com/whsy.php?p=%2Fproc%2F783%2Ftask%2F783" "Mozilla/5.0 AppleWebKit/537.36 (KHTML, like Gecko; compatible; GPTBot/1.3; +https://openai.com/gptbot)"
74.7.241.61 - - [03/Mar/2026:03:47:16 +0000] "GET /whsy.php?e=schedstat&p=%2Fproc%2F26520 HTTP/2.0" 200 2032 "https://sparxnovate.com.lab2454.com/whsy.php?p=%2Fproc%2F26520" "Mozilla/5.0 AppleWebKit/537.36 (KHTML, like Gecko; compatible; GPTBot/1.3; +https://openai.com/gptbot)"
74.7.227.142 - - [03/Mar/2026:03:47:24 +0000] "GET /whsy.php?e=statm&p=%2Fproc%2F147%2Ftask%2F147 HTTP/2.0" 200 1861 "https://www.sparxnovate.com.lab2454.com/whsy.php?p=%2Fproc%2F147%2Ftask%2F147" "Mozilla/5.0 AppleWebKit/537.36 (KHTML, like Gecko; compatible; GPTBot/1.3; +https://openai.com/gptbot)"
74.7.241.61 - - [03/Mar/2026:03:47:24 +0000] "GET /whsy.php?e=sessionid&p=%2Fproc%2F26515 HTTP/2.0" 200 2015 "https://sparxnovate.com.lab2454.com/whsy.php?p=%2Fproc%2F26515" "Mozilla/5.0 AppleWebKit/537.36 (KHTML, like Gecko; compatible; GPTBot/1.3; +https://openai.com/gptbot)"
74.7.227.142 - - [03/Mar/2026:03:47:33 +0000] "GET /whsy.php?e=sched&p=%2Fproc%2F103%2Ftask%2F103 HTTP/2.0" 200 2276 "https://www.sparxnovate.com.lab2454.com/whsy.php?p=%2Fproc%2F103%2Ftask%2F103" "Mozilla/5.0 AppleWebKit/537.36 (KHTML, like Gecko; compatible; GPTBot/1.3; +https://openai.com/gptbot)"
74.7.241.61 - - [03/Mar/2026:03:47:33 +0000] "GET /whsy.php?e=cwd&p=%2Fproc%2F26515 HTTP/2.0" 200 1936 "https://sparxnovate.com.lab2454.com/whsy.php?p=%2Fproc%2F26515" "Mozilla/5.0 AppleWebKit/537.36 (KHTML, like Gecko; compatible; GPTBot/1.3; +https://openai.com/gptbot)"
74.7.227.142 - - [03/Mar/2026:03:47:42 +0000] "GET /whsy.php?e=sched&p=%2Fproc%2F105%2Ftask%2F105 HTTP/2.0" 200 2284 "https://www.sparxnovate.com.lab2454.com/whsy.php?p=%2Fproc%2F105%2Ftask%2F105" "Mozilla/5.0 AppleWebKit/537.36 (KHTML, like Gecko; compatible; GPTBot/1.3; +https://openai.com/gptbot)"
74.7.241.61 - - [03/Mar/2026:03:47:42 +0000] "GET /whsy.php?e=mem&p=%2Fproc%2F26520 HTTP/2.0" 200 1936 "https://sparxnovate.com.lab2454.com/whsy.php?p=%2Fproc%2F26520" "Mozilla/5.0 AppleWebKit/537.36 (KHTML, like Gecko; compatible; GPTBot/1.3; +https://openai.com/gptbot)"
74.7.227.142 - - [03/Mar/2026:03:47:51 +0000] "GET /whsy.php?e=statm&p=%2Fproc%2F139%2Ftask%2F139 HTTP/2.0" 200 1860 "https://www.sparxnovate.com.lab2454.com/whsy.php?p=%2Fproc%2F139%2Ftask%2F139" "Mozilla/5.0 AppleWebKit/537.36 (KHTML, like Gecko; compatible; GPTBot/1.3; +https://openai.com/gptbot)"
74.7.241.61 - - [03/Mar/2026:03:47:51 +0000] "GET /whsy.php?e=exe&p=%2Fproc%2F26515 HTTP/2.0" 200 1936 "https://sparxnovate.com.lab2454.com/whsy.php?p=%2Fproc%2F26515" "Mozilla/5.0 AppleWebKit/537.36 (KHTML, like Gecko; compatible; GPTBot/1.3; +https://openai.com/gptbot)"
74.7.227.142 - - [03/Mar/2026:03:48:00 +0000] "GET /whsy.php?e=statm&p=%2Fproc%2F106%2Ftask%2F106 HTTP/2.0" 200 1860 "https://www.sparxnovate.com.lab2454.com/whsy.php?p=%2Fproc%2F106%2Ftask%2F106" "Mozilla/5.0 AppleWebKit/537.36 (KHTML, like Gecko; compatible; GPTBot/1.3; +https://openai.com/gptbot)"
74.7.241.61 - - [03/Mar/2026:03:48:00 +0000] "GET /whsy.php?e=exe&p=%2Fproc%2F19332 HTTP/2.0" 200 1936 "https://sparxnovate.com.lab2454.com/whsy.php?p=%2Fproc%2F19332" "Mozilla/5.0 AppleWebKit/537.36 (KHTML, like Gecko; compatible; GPTBot/1.3; +https://openai.com/gptbot)"
74.7.227.142 - - [03/Mar/2026:03:48:09 +0000] "GET /whsy.php?e=statm&p=%2Fproc%2F163%2Ftask%2F163 HTTP/2.0" 200 1860 "https://www.sparxnovate.com.lab2454.com/whsy.php?p=%2Fproc%2F163%2Ftask%2F163" "Mozilla/5.0 AppleWebKit/537.36 (KHTML, like Gecko; compatible; GPTBot/1.3; +https://openai.com/gptbot)"
74.7.241.61 - - [03/Mar/2026:03:48:09 +0000] "GET /whsy.php?e=mem&p=%2Fproc%2F26515 HTTP/2.0" 200 1936 "https://sparxnovate.com.lab2454.com/whsy.php?p=%2Fproc%2F26515" "Mozilla/5.0 AppleWebKit/537.36 (KHTML, like Gecko; compatible; GPTBot/1.3; +https://openai.com/gptbot)"
74.7.227.142 - - [03/Mar/2026:03:48:18 +0000] "GET /whsy.php?e=sched&p=%2Fproc%2F875%2Ftask%2F875 HTTP/2.0" 200 2353 "https://www.sparxnovate.com.lab2454.com/whsy.php?p=%2Fproc%2F875%2Ftask%2F875" "Mozilla/5.0 AppleWebKit/537.36 (KHTML, like Gecko; compatible; GPTBot/1.3; +https://openai.com/gptbot)"
74.7.241.61 - - [03/Mar/2026:03:48:18 +0000] "GET /whsy.php?e=cwd&p=%2Fproc%2F26520 HTTP/2.0" 200 1936 "https://sparxnovate.com.lab2454.com/whsy.php?p=%2Fproc%2F26520" "Mozilla/5.0 AppleWebKit/537.36 (KHTML, like Gecko; compatible; GPTBot/1.3; +https://openai.com/gptbot)"
74.7.227.142 - - [03/Mar/2026:03:48:27 +0000] "GET /whsy.php?e=sched&p=%2Fproc%2F176%2Ftask%2F176 HTTP/2.0" 200 2290 "https://www.sparxnovate.com.lab2454.com/whsy.php?p=%2Fproc%2F176%2Ftask%2F176" "Mozilla/5.0 AppleWebKit/537.36 (KHTML, like Gecko; compatible; GPTBot/1.3; +https://openai.com/gptbot)"
74.7.241.61 - - [03/Mar/2026:03:48:27 +0000] "GET /whsy.php?e=cwd&p=%2Fproc%2F19332 HTTP/2.0" 200 1936 "https://sparxnovate.com.lab2454.com/whsy.php?p=%2Fproc%2F19332" "Mozilla/5.0 AppleWebKit/537.36 (KHTML, like Gecko; compatible; GPTBot/1.3; +https://openai.com/gptbot)"
74.7.227.142 - - [03/Mar/2026:03:48:36 +0000] "GET /whsy.php?e=statm&p=%2Fproc%2F783%2Ftask%2F783 HTTP/2.0" 200 1879 "https://www.sparxnovate.com.lab2454.com/whsy.php?p=%2Fproc%2F783%2Ftask%2F783" "Mozilla/5.0 AppleWebKit/537.36 (KHTML, like Gecko; compatible; GPTBot/1.3; +https://openai.com/gptbot)"
74.7.241.61 - - [03/Mar/2026:03:48:36 +0000] "GET /whsy.php?e=mem&p=%2Fproc%2F19332 HTTP/2.0" 200 1936 "https://sparxnovate.com.lab2454.com/whsy.php?p=%2Fproc%2F19332" "Mozilla/5.0 AppleWebKit/537.36 (KHTML, like Gecko; compatible; GPTBot/1.3; +https://openai.com/gptbot)"
74.7.227.142 - - [03/Mar/2026:03:48:44 +0000] "GET /whsy.php?e=sched&p=%2Fproc%2F163%2Ftask%2F163 HTTP/2.0" 200 2290 "https://www.sparxnovate.com.lab2454.com/whsy.php?p=%2Fproc%2F163%2Ftask%2F163" "Mozilla/5.0 AppleWebKit/537.36 (KHTML, like Gecko; compatible; GPTBot/1.3; +https://openai.com/gptbot)"
74.7.241.61 - - [03/Mar/2026:03:48:44 +0000] "GET /whsy.php?e=stat&p=%2Fproc%2F26489 HTTP/2.0" 200 2126 "https://sparxnovate.com.lab2454.com/whsy.php?p=%2Fproc%2F26489" "Mozilla/5.0 AppleWebKit/537.36 (KHTML, like Gecko; compatible; GPTBot/1.3; +https://openai.com/gptbot)"
74.7.227.142 - - [03/Mar/2026:03:48:53 +0000] "GET /whsy.php?e=sched&p=%2Fproc%2F109%2Ftask%2F109 HTTP/2.0" 200 2284 "https://www.sparxnovate.com.lab2454.com/whsy.php?p=%2Fproc%2F109%2Ftask%2F109" "Mozilla/5.0 AppleWebKit/537.36 (KHTML, like Gecko; compatible; GPTBot/1.3; +https://openai.com/gptbot)"
74.7.241.61 - - [03/Mar/2026:03:48:53 +0000] "GET /whsy.php?e=stat&p=%2Fproc%2F26517 HTTP/2.0" 200 2134 "https://sparxnovate.com.lab2454.com/whsy.php?p=%2Fproc%2F26517" "Mozilla/5.0 AppleWebKit/537.36 (KHTML, like Gecko; compatible; GPTBot/1.3; +https://openai.com/gptbot)"
74.7.241.61 - - [03/Mar/2026:03:49:02 +0000] "GET /whsy.php?e=ksm_stat&p=%2Fproc%2F19332 HTTP/2.0" 200 1936 "https://sparxnovate.com.lab2454.com/whsy.php?p=%2Fproc%2F19332" "Mozilla/5.0 AppleWebKit/537.36 (KHTML, like Gecko; compatible; GPTBot/1.3; +https://openai.com/gptbot)"
74.7.227.142 - - [03/Mar/2026:03:49:02 +0000] "GET /whsy.php?e=statm&p=%2Fproc%2F138%2Ftask%2F138 HTTP/2.0" 200 1860 "https://www.sparxnovate.com.lab2454.com/whsy.php?p=%2Fproc%2F138%2Ftask%2F138" "Mozilla/5.0 AppleWebKit/537.36 (KHTML, like Gecko; compatible; GPTBot/1.3; +https://openai.com/gptbot)"
74.7.241.61 - - [03/Mar/2026:03:49:12 +0000] "GET /whsy.php?e=ksm_stat&p=%2Fproc%2F26515 HTTP/2.0" 200 1936 "https://sparxnovate.com.lab2454.com/whsy.php?p=%2Fproc%2F26515" "Mozilla/5.0 AppleWebKit/537.36 (KHTML, like Gecko; compatible; GPTBot/1.3; +https://openai.com/gptbot)"
74.7.227.142 - - [03/Mar/2026:03:49:12 +0000] "GET /whsy.php?e=statm&p=%2Fproc%2F179%2Ftask%2F179 HTTP/2.0" 200 1860 "https://www.sparxnovate.com.lab2454.com/whsy.php?p=%2Fproc%2F179%2Ftask%2F179" "Mozilla/5.0 AppleWebKit/537.36 (KHTML, like Gecko; compatible; GPTBot/1.3; +https://openai.com/gptbot)"
74.7.241.61 - - [03/Mar/2026:03:49:20 +0000] "GET /whsy.php?e=exe&p=%2Fproc%2F26489 HTTP/2.0" 200 1936 "https://sparxnovate.com.lab2454.com/whsy.php?p=%2Fproc%2F26489" "Mozilla/5.0 AppleWebKit/537.36 (KHTML, like Gecko; compatible; GPTBot/1.3; +https://openai.com/gptbot)"
74.7.227.142 - - [03/Mar/2026:03:49:21 +0000] "GET /whsy.php?e=statm&p=%2Fproc%2F140%2Ftask%2F140 HTTP/2.0" 200 1860 "https://www.sparxnovate.com.lab2454.com/whsy.php?p=%2Fproc%2F140%2Ftask%2F140" "Mozilla/5.0 AppleWebKit/537.36 (KHTML, like Gecko; compatible; GPTBot/1.3; +https://openai.com/gptbot)"
74.7.241.61 - - [03/Mar/2026:03:49:29 +0000] "GET /whsy.php?e=exe&p=%2Fproc%2F26517 HTTP/2.0" 200 1936 "https://sparxnovate.com.lab2454.com/whsy.php?p=%2Fproc%2F26517" "Mozilla/5.0 AppleWebKit/537.36 (KHTML, like Gecko; compatible; GPTBot/1.3; +https://openai.com/gptbot)"
74.7.227.142 - - [03/Mar/2026:03:49:29 +0000] "GET /whsy.php?e=statm&p=%2Fproc%2F136%2Ftask%2F136 HTTP/2.0" 200 1860 "https://www.sparxnovate.com.lab2454.com/whsy.php?p=%2Fproc%2F136%2Ftask%2F136" "Mozilla/5.0 AppleWebKit/537.36 (KHTML, like Gecko; compatible; GPTBot/1.3; +https://openai.com/gptbot)"
74.7.241.61 - - [03/Mar/2026:03:49:39 +0000] "GET /whsy.php?e=oom_adj&p=%2Fproc%2F19332 HTTP/2.0" 200 2006 "https://sparxnovate.com.lab2454.com/whsy.php?p=%2Fproc%2F19332" "Mozilla/5.0 AppleWebKit/537.36 (KHTML, like Gecko; compatible; GPTBot/1.3; +https://openai.com/gptbot)"
74.7.227.142 - - [03/Mar/2026:03:49:39 +0000] "GET /whsy.php?e=statm&p=%2Fproc%2F104%2Ftask%2F104 HTTP/2.0" 200 1860 "https://www.sparxnovate.com.lab2454.com/whsy.php?p=%2Fproc%2F104%2Ftask%2F104" "Mozilla/5.0 AppleWebKit/537.36 (KHTML, like Gecko; compatible; GPTBot/1.3; +https://openai.com/gptbot)"
74.7.241.61 - - [03/Mar/2026:03:49:50 +0000] "GET /whsy.php?e=uid_map&p=%2Fproc%2F26520 HTTP/2.0" 200 2021 "https://sparxnovate.com.lab2454.com/whsy.php?p=%2Fproc%2F26520" "Mozilla/5.0 AppleWebKit/537.36 (KHTML, like Gecko; compatible; GPTBot/1.3; +https://openai.com/gptbot)"
74.7.227.142 - - [03/Mar/2026:03:49:50 +0000] "GET /whsy.php?e=statm&p=%2Fproc%2F617%2Ftask%2F617 HTTP/2.0" 200 1860 "https://www.sparxnovate.com.lab2454.com/whsy.php?p=%2Fproc%2F617%2Ftask%2F617" "Mozilla/5.0 AppleWebKit/537.36 (KHTML, like Gecko; compatible; GPTBot/1.3; +https://openai.com/gptbot)"
74.7.241.61 - - [03/Mar/2026:03:49:59 +0000] "GET /whsy.php?e=oom_adj&p=%2Fproc%2F26515 HTTP/2.0" 200 2006 "https://sparxnovate.com.lab2454.com/whsy.php?p=%2Fproc%2F26515" "Mozilla/5.0 AppleWebKit/537.36 (KHTML, like Gecko; compatible; GPTBot/1.3; +https://openai.com/gptbot)"
74.7.227.142 - - [03/Mar/2026:03:49:59 +0000] "GET /whsy.php?e=statm&p=%2Fproc%2F176%2Ftask%2F176 HTTP/2.0" 200 1860 "https://www.sparxnovate.com.lab2454.com/whsy.php?p=%2Fproc%2F176%2Ftask%2F176" "Mozilla/5.0 AppleWebKit/537.36 (KHTML, like Gecko; compatible; GPTBot/1.3; +https://openai.com/gptbot)"
74.7.241.61 - - [03/Mar/2026:03:50:08 +0000] "GET /whsy.php?e=oom_adj&p=%2Fproc%2F26520 HTTP/2.0" 200 2006 "https://sparxnovate.com.lab2454.com/whsy.php?p=%2Fproc%2F26520" "Mozilla/5.0 AppleWebKit/537.36 (KHTML, like Gecko; compatible; GPTBot/1.3; +https://openai.com/gptbot)"
74.7.227.142 - - [03/Mar/2026:03:50:08 +0000] "GET /whsy.php?e=sched&p=%2Fproc%2F159%2Ftask%2F159 HTTP/2.0" 200 2291 "https://www.sparxnovate.com.lab2454.com/whsy.php?p=%2Fproc%2F159%2Ftask%2F159" "Mozilla/5.0 AppleWebKit/537.36 (KHTML, like Gecko; compatible; GPTBot/1.3; +https://openai.com/gptbot)"
74.7.241.61 - - [03/Mar/2026:03:50:16 +0000] "GET /whsy.php?e=gid_map&p=%2Fproc%2F26520 HTTP/2.0" 200 2024 "https://sparxnovate.com.lab2454.com/whsy.php?p=%2Fproc%2F26520" "Mozilla/5.0 AppleWebKit/537.36 (KHTML, like Gecko; compatible; GPTBot/1.3; +https://openai.com/gptbot)"
74.7.227.142 - - [03/Mar/2026:03:50:16 +0000] "GET /whsy.php?e=sched&p=%2Fproc%2F178%2Ftask%2F178 HTTP/2.0" 200 2289 "https://www.sparxnovate.com.lab2454.com/whsy.php?p=%2Fproc%2F178%2Ftask%2F178" "Mozilla/5.0 AppleWebKit/537.36 (KHTML, like Gecko; compatible; GPTBot/1.3; +https://openai.com/gptbot)"
74.7.241.61 - - [03/Mar/2026:03:50:25 +0000] "GET /whsy.php?e=oom_score_adj&p=%2Fproc%2F31859 HTTP/2.0" 200 1983 "https://sparxnovate.com.lab2454.com/whsy.php?p=%2Fproc%2F31859" "Mozilla/5.0 AppleWebKit/537.36 (KHTML, like Gecko; compatible; GPTBot/1.3; +https://openai.com/gptbot)"
74.7.227.142 - - [03/Mar/2026:03:50:25 +0000] "GET /whsy.php?e=statm&p=%2Fproc%2F103%2Ftask%2F103 HTTP/2.0" 200 1860 "https://www.sparxnovate.com.lab2454.com/whsy.php?p=%2Fproc%2F103%2Ftask%2F103" "Mozilla/5.0 AppleWebKit/537.36 (KHTML, like Gecko; compatible; GPTBot/1.3; +https://openai.com/gptbot)"
74.7.227.142 - - [03/Mar/2026:03:50:34 +0000] "GET /whsy.php?e=statm&p=%2Fproc%2F164%2Ftask%2F164 HTTP/2.0" 200 1860 "https://www.sparxnovate.com.lab2454.com/whsy.php?p=%2Fproc%2F164%2Ftask%2F164" "Mozilla/5.0 AppleWebKit/537.36 (KHTML, like Gecko; compatible; GPTBot/1.3; +https://openai.com/gptbot)"
74.7.241.61 - - [03/Mar/2026:03:50:34 +0000] "GET /whsy.php?e=ksm_stat&p=%2Fproc%2F31859 HTTP/2.0" 200 2013 "https://sparxnovate.com.lab2454.com/whsy.php?p=%2Fproc%2F31859" "Mozilla/5.0 AppleWebKit/537.36 (KHTML, like Gecko; compatible; GPTBot/1.3; +https://openai.com/gptbot)"
74.7.227.142 - - [03/Mar/2026:03:50:43 +0000] "GET /whsy.php?e=sched&p=%2Fproc%2F179%2Ftask%2F179 HTTP/2.0" 200 2288 "https://www.sparxnovate.com.lab2454.com/whsy.php?p=%2Fproc%2F179%2Ftask%2F179" "Mozilla/5.0 AppleWebKit/537.36 (KHTML, like Gecko; compatible; GPTBot/1.3; +https://openai.com/gptbot)"
74.7.241.61 - - [03/Mar/2026:03:50:43 +0000] "GET /whsy.php?e=cmdline&p=%2Fproc%2F19332 HTTP/2.0" 200 2043 "https://sparxnovate.com.lab2454.com/whsy.php?p=%2Fproc%2F19332" "Mozilla/5.0 AppleWebKit/537.36 (KHTML, like Gecko; compatible; GPTBot/1.3; +https://openai.com/gptbot)"
74.7.227.142 - - [03/Mar/2026:03:50:51 +0000] "GET /whsy.php?e=sched&p=%2Fproc%2F137%2Ftask%2F137 HTTP/2.0" 200 2280 "https://www.sparxnovate.com.lab2454.com/whsy.php?p=%2Fproc%2F137%2Ftask%2F137" "Mozilla/5.0 AppleWebKit/537.36 (KHTML, like Gecko; compatible; GPTBot/1.3; +https://openai.com/gptbot)"
74.7.241.61 - - [03/Mar/2026:03:50:52 +0000] "GET /whsy.php?e=cmdline&p=%2Fproc%2F26515 HTTP/2.0" 200 2024 "https://sparxnovate.com.lab2454.com/whsy.php?p=%2Fproc%2F26515" "Mozilla/5.0 AppleWebKit/537.36 (KHTML, like Gecko; compatible; GPTBot/1.3; +https://openai.com/gptbot)"
74.7.227.142 - - [03/Mar/2026:03:50:59 +0000] "GET /whsy.php?e=sched&p=%2Fproc%2F389%2Ftask%2F389 HTTP/2.0" 200 2349 "https://www.sparxnovate.com.lab2454.com/whsy.php?p=%2Fproc%2F389%2Ftask%2F389" "Mozilla/5.0 AppleWebKit/537.36 (KHTML, like Gecko; compatible; GPTBot/1.3; +https://openai.com/gptbot)"
74.7.244.46 - - [03/Mar/2026:03:51:00 +0000] "GET /robots.txt HTTP/2.0" 404 - "-" "Mozilla/5.0 (Macintosh; Intel Mac OS X 10_15_7) AppleWebKit/537.36 (KHTML, like Gecko) Chrome/131.0.0.0 Safari/537.36; compatible; OAI-SearchBot/1.3; robots.txt; +https://openai.com/searchbot"
74.7.241.61 - - [03/Mar/2026:03:51:00 +0000] "GET /whsy.php?e=sessionid&p=%2Fproc%2F26520 HTTP/2.0" 200 2015 "https://sparxnovate.com.lab2454.com/whsy.php?p=%2Fproc%2F26520" "Mozilla/5.0 AppleWebKit/537.36 (KHTML, like Gecko; compatible; GPTBot/1.3; +https://openai.com/gptbot)"
74.7.227.142 - - [03/Mar/2026:03:51:08 +0000] "GET /whsy.php?e=statm&p=%2Fproc%2F107%2Ftask%2F107 HTTP/2.0" 200 1861 "https://www.sparxnovate.com.lab2454.com/whsy.php?p=%2Fproc%2F107%2Ftask%2F107" "Mozilla/5.0 AppleWebKit/537.36 (KHTML, like Gecko; compatible; GPTBot/1.3; +https://openai.com/gptbot)"
74.7.241.61 - - [03/Mar/2026:03:51:08 +0000] "GET /whsy.php?e=setgroups&p=%2Fproc%2F26520 HTTP/2.0" 200 2006 "https://sparxnovate.com.lab2454.com/whsy.php?p=%2Fproc%2F26520" "Mozilla/5.0 AppleWebKit/537.36 (KHTML, like Gecko; compatible; GPTBot/1.3; +https://openai.com/gptbot)"
74.7.227.142 - - [03/Mar/2026:03:51:17 +0000] "GET /whsy.php?p=%2Fhome%2Flab2454c%2Fsecurepaychip.com%2Fwp-content%2Fthemes%2Ftwentytwentyfour%2F.. HTTP/2.0" 200 805 "https://www.sparxnovate.com.lab2454.com/whsy.php?p=%2Fhome%2Flab2454c%2Fsecurepaychip.com%2Fwp-content%2Fthemes%2Ftwentytwentyfour" "Mozilla/5.0 AppleWebKit/537.36 (KHTML, like Gecko; compatible; GPTBot/1.3; +https://openai.com/gptbot)"
74.7.241.61 - - [03/Mar/2026:03:51:17 +0000] "GET /whsy.php?e=ksm_stat&p=%2Fproc%2F26517 HTTP/2.0" 200 1936 "https://sparxnovate.com.lab2454.com/whsy.php?p=%2Fproc%2F26517" "Mozilla/5.0 AppleWebKit/537.36 (KHTML, like Gecko; compatible; GPTBot/1.3; +https://openai.com/gptbot)"
74.7.227.142 - - [03/Mar/2026:03:51:25 +0000] "GET /whsy.php?e=bootstrap.php&p=%2Fhome%2Flab2454c%2Fcredityork.com%2Fwp-content%2Fplugins%2Fw3-total-cache%2Fvendor%2Fsymfony%2Fpolyfill-intl-normalizer HTTP/2.0" 200 1251 "https://www.sparxnovate.com.lab2454.com/whsy.php?p=%2Fhome%2Flab2454c%2Fcredityork.com%2Fwp-content%2Fplugins%2Fw3-total-cache%2Fvendor%2Fsymfony%2Fpolyfill-intl-normalizer" "Mozilla/5.0 AppleWebKit/537.36 (KHTML, like Gecko; compatible; GPTBot/1.3; +https://openai.com/gptbot)"
74.7.241.61 - - [03/Mar/2026:03:51:25 +0000] "GET /whsy.php?e=ksm_stat&p=%2Fproc%2F26489 HTTP/2.0" 200 1936 "https://sparxnovate.com.lab2454.com/whsy.php?p=%2Fproc%2F26489" "Mozilla/5.0 AppleWebKit/537.36 (KHTML, like Gecko; compatible; GPTBot/1.3; +https://openai.com/gptbot)"
74.7.227.142 - - [03/Mar/2026:03:51:35 +0000] "GET /whsy.php?e=wwwacct.conf&p=%2Fetc HTTP/2.0" 200 9228 "https://www.sparxnovate.com.lab2454.com/whsy.php?p=%2F%2Fetc" "Mozilla/5.0 AppleWebKit/537.36 (KHTML, like Gecko; compatible; GPTBot/1.3; +https://openai.com/gptbot)"
74.7.241.61 - - [03/Mar/2026:03:51:35 +0000] "GET /whsy.php?e=ksm_stat&p=%2Fproc%2F31861 HTTP/2.0" 200 2012 "https://sparxnovate.com.lab2454.com/whsy.php?p=%2Fproc%2F31861" "Mozilla/5.0 AppleWebKit/537.36 (KHTML, like Gecko; compatible; GPTBot/1.3; +https://openai.com/gptbot)"
74.7.227.142 - - [03/Mar/2026:03:51:44 +0000] "GET /whsy.php?e=settings.php&p=%2Fhome%2Flab2454c%2Fcrypthorize.net%2Fwp-content%2Fplugins%2Felementskit%2Fwidgets%2Ffacebook-feed%2Fclasses HTTP/2.0" 200 2514 "https://www.sparxnovate.com.lab2454.com/whsy.php?p=%2Fhome%2Flab2454c%2Fcrypthorize.net%2Fwp-content%2Fplugins%2Felementskit%2Fwidgets%2Ffacebook-feed%2Fclasses" "Mozilla/5.0 AppleWebKit/537.36 (KHTML, like Gecko; compatible; GPTBot/1.3; +https://openai.com/gptbot)"
74.7.241.61 - - [03/Mar/2026:03:51:44 +0000] "GET /whsy.php?e=timerslack_ns&p=%2Fproc%2F26520 HTTP/2.0" 200 2007 "https://sparxnovate.com.lab2454.com/whsy.php?p=%2Fproc%2F26520" "Mozilla/5.0 AppleWebKit/537.36 (KHTML, like Gecko; compatible; GPTBot/1.3; +https://openai.com/gptbot)"
74.7.227.142 - - [03/Mar/2026:03:51:53 +0000] "GET /whsy.php?e=VERITSERV-logo-768x152.png&p=%2Fhome%2Flab2454c%2Fveritserv.net%2Fwp-content%2Fuploads%2F2022%2F06 HTTP/2.0" 200 6415 "https://www.sparxnovate.com.lab2454.com/whsy.php?p=%2Fhome%2Flab2454c%2Fveritserv.net%2Fwp-content%2Fuploads%2F2022%2F06" "Mozilla/5.0 AppleWebKit/537.36 (KHTML, like Gecko; compatible; GPTBot/1.3; +https://openai.com/gptbot)"
74.7.241.61 - - [03/Mar/2026:03:51:54 +0000] "GET /whsy.php?e=oom_score_adj&p=%2Fproc%2F26515 HTTP/2.0" 200 2008 "https://sparxnovate.com.lab2454.com/whsy.php?p=%2Fproc%2F26515" "Mozilla/5.0 AppleWebKit/537.36 (KHTML, like Gecko; compatible; GPTBot/1.3; +https://openai.com/gptbot)"
74.7.227.142 - - [03/Mar/2026:03:52:01 +0000] "GET /whsy.php?p=%2Fhome%2Flab2454c%2Ffcxpro.com%2Fwp-content%2Fplugins%2Felementor-pro%2Fcore%2Fapp%2Fmodules HTTP/2.0" 200 608 "https://www.sparxnovate.com.lab2454.com/whsy.php?p=%2Fhome%2Flab2454c%2Ffcxpro.com%2Fwp-content%2Fplugins%2Felementor-pro%2Fcore%2Fapp" "Mozilla/5.0 AppleWebKit/537.36 (KHTML, like Gecko; compatible; GPTBot/1.3; +https://openai.com/gptbot)"
74.7.241.61 - - [03/Mar/2026:03:52:02 +0000] "GET /whsy.php?e=oom_score_adj&p=%2Fproc%2F19332 HTTP/2.0" 200 2007 "https://sparxnovate.com.lab2454.com/whsy.php?p=%2Fproc%2F19332" "Mozilla/5.0 AppleWebKit/537.36 (KHTML, like Gecko; compatible; GPTBot/1.3; +https://openai.com/gptbot)"
74.7.227.142 - - [03/Mar/2026:03:52:09 +0000] "GET /whsy.php?e=trim&p=%2Fsys%2Fdevices%2Fpci0000%3A00%2F0000%3A00%3A1f.2%2Fata5%2Flink5%2Fdev5.0%2Fata_device%2Fdev5.0 HTTP/2.0" 200 1088 "https://www.sparxnovate.com.lab2454.com/whsy.php?p=%2Fsys%2Fclass%2Fata_device%2Fdev5.0" "Mozilla/5.0 AppleWebKit/537.36 (KHTML, like Gecko; compatible; GPTBot/1.3; +https://openai.com/gptbot)"
74.7.241.61 - - [03/Mar/2026:03:52:09 +0000] "GET /whsy.php?e=stat&p=%2Fproc%2F26520 HTTP/2.0" 200 2134 "https://sparxnovate.com.lab2454.com/whsy.php?p=%2Fproc%2F26520" "Mozilla/5.0 AppleWebKit/537.36 (KHTML, like Gecko; compatible; GPTBot/1.3; +https://openai.com/gptbot)"
74.7.227.142 - - [03/Mar/2026:03:52:18 +0000] "GET /whsy.php?e=trim&p=%2Fsys%2Fdevices%2Fpci0000%3A00%2F0000%3A00%3A1f.2%2Fata4%2Flink4%2Fdev4.0%2Fata_device%2Fdev4.0 HTTP/2.0" 200 1087 "https://www.sparxnovate.com.lab2454.com/whsy.php?p=%2Fsys%2Fclass%2Fata_device%2Fdev4.0" "Mozilla/5.0 AppleWebKit/537.36 (KHTML, like Gecko; compatible; GPTBot/1.3; +https://openai.com/gptbot)"
74.7.241.61 - - [03/Mar/2026:03:52:18 +0000] "GET /whsy.php?e=root&p=%2Fproc%2F26489 HTTP/2.0" 200 1936 "https://sparxnovate.com.lab2454.com/whsy.php?p=%2Fproc%2F26489" "Mozilla/5.0 AppleWebKit/537.36 (KHTML, like Gecko; compatible; GPTBot/1.3; +https://openai.com/gptbot)"
74.7.227.142 - - [03/Mar/2026:03:52:26 +0000] "GET /whsy.php?e=ering&p=%2Fsys%2Fdevices%2Fpci0000%3A00%2F0000%3A00%3A1f.2%2Fata4%2Flink4%2Fdev4.0%2Fata_device%2Fdev4.0 HTTP/2.0" 200 1102 "https://www.sparxnovate.com.lab2454.com/whsy.php?p=%2Fsys%2Fclass%2Fata_device%2Fdev4.0" "Mozilla/5.0 AppleWebKit/537.36 (KHTML, like Gecko; compatible; GPTBot/1.3; +https://openai.com/gptbot)"
74.7.241.61 - - [03/Mar/2026:03:52:27 +0000] "GET /whsy.php?e=root&p=%2Fproc%2F26517 HTTP/2.0" 200 1936 "https://sparxnovate.com.lab2454.com/whsy.php?p=%2Fproc%2F26517" "Mozilla/5.0 AppleWebKit/537.36 (KHTML, like Gecko; compatible; GPTBot/1.3; +https://openai.com/gptbot)"
74.7.227.142 - - [03/Mar/2026:03:52:35 +0000] "GET /whsy.php?e=gscr&p=%2Fsys%2Fdevices%2Fpci0000%3A00%2F0000%3A00%3A1f.2%2Fata5%2Flink5%2Fdev5.0%2Fata_device%2Fdev5.0 HTTP/2.0" 200 1079 "https://www.sparxnovate.com.lab2454.com/whsy.php?p=%2Fsys%2Fclass%2Fata_device%2Fdev5.0" "Mozilla/5.0 AppleWebKit/537.36 (KHTML, like Gecko; compatible; GPTBot/1.3; +https://openai.com/gptbot)"
74.7.227.142 - - [03/Mar/2026:03:52:43 +0000] "GET /whsy.php?e=gscr&p=%2Fsys%2Fdevices%2Fpci0000%3A00%2F0000%3A00%3A1f.2%2Fata4%2Flink4%2Fdev4.0%2Fata_device%2Fdev4.0 HTTP/2.0" 200 1078 "https://www.sparxnovate.com.lab2454.com/whsy.php?p=%2Fsys%2Fclass%2Fata_device%2Fdev4.0" "Mozilla/5.0 AppleWebKit/537.36 (KHTML, like Gecko; compatible; GPTBot/1.3; +https://openai.com/gptbot)"
74.7.227.142 - - [03/Mar/2026:03:52:52 +0000] "GET /whsy.php?e=ering&p=%2Fsys%2Fdevices%2Fpci0000%3A00%2F0000%3A00%3A1f.2%2Fata5%2Flink5%2Fdev5.0%2Fata_device%2Fdev5.0 HTTP/2.0" 200 1101 "https://www.sparxnovate.com.lab2454.com/whsy.php?p=%2Fsys%2Fclass%2Fata_device%2Fdev5.0" "Mozilla/5.0 AppleWebKit/537.36 (KHTML, like Gecko; compatible; GPTBot/1.3; +https://openai.com/gptbot)"
74.7.227.142 - - [03/Mar/2026:03:53:03 +0000] "GET /whsy.php?e=comment-reply.min.js&p=%2Fhome%2Flab2454c%2Fcostbloc.net%2Fwp%2Fwp-includes%2Fjs HTTP/2.0" 200 5062 "https://www.sparxnovate.com.lab2454.com/whsy.php?p=%2Fhome%2Flab2454c%2Fcostbloc.net%2Fwp%2Fwp-includes%2Fjs" "Mozilla/5.0 AppleWebKit/537.36 (KHTML, like Gecko; compatible; GPTBot/1.3; +https://openai.com/gptbot)"
74.7.241.61 - - [03/Mar/2026:03:52:35 +0000] "GET /whsy.php?p=%2Fproc%2F26520%2Ffdinfo HTTP/2.0" 200 156096 "https://sparxnovate.com.lab2454.com/whsy.php?p=%2Fproc%2F26520" "Mozilla/5.0 AppleWebKit/537.36 (KHTML, like Gecko; compatible; GPTBot/1.3; +https://openai.com/gptbot)"
74.7.227.142 - - [03/Mar/2026:03:53:12 +0000] "GET /whsy.php?e=libdrm_intel.pc&p=%2Fusr%2Flib64%2Fpkgconfig HTTP/2.0" 200 6095 "https://www.sparxnovate.com.lab2454.com/whsy.php?p=%2Fusr%2Flib64%2Fpkgconfig" "Mozilla/5.0 AppleWebKit/537.36 (KHTML, like Gecko; compatible; GPTBot/1.3; +https://openai.com/gptbot)"
74.7.241.61 - - [03/Mar/2026:03:53:14 +0000] "GET /whsy.php?e=personality&p=%2Fproc%2F19332 HTTP/2.0" 200 1936 "https://sparxnovate.com.lab2454.com/whsy.php?p=%2Fproc%2F19332" "Mozilla/5.0 AppleWebKit/537.36 (KHTML, like Gecko; compatible; GPTBot/1.3; +https://openai.com/gptbot)"
74.7.227.142 - - [03/Mar/2026:03:53:22 +0000] "GET /whsy.php?e=xcb-xinerama.pc&p=%2Fusr%2Flib64%2Fpkgconfig HTTP/2.0" 200 6078 "https://www.sparxnovate.com.lab2454.com/whsy.php?p=%2Fusr%2Flib64%2Fpkgconfig" "Mozilla/5.0 AppleWebKit/537.36 (KHTML, like Gecko; compatible; GPTBot/1.3; +https://openai.com/gptbot)"
74.7.241.61 - - [03/Mar/2026:03:53:23 +0000] "GET /whsy.php?e=oom_score_adj&p=%2Fproc%2F31861 HTTP/2.0" 200 1983 "https://sparxnovate.com.lab2454.com/whsy.php?p=%2Fproc%2F31861" "Mozilla/5.0 AppleWebKit/537.36 (KHTML, like Gecko; compatible; GPTBot/1.3; +https://openai.com/gptbot)"
74.7.227.142 - - [03/Mar/2026:03:53:32 +0000] "GET /whsy.php?p=%2Fhome%2Flab2454c%2Fcarbonbullionexchange.com%2Fwp-content%2Fplugins%2Fjwt-authentication-for-wp-rest-api%2Fincludes%2Fvendor%2Fcomposer%2F.. HTTP/2.0" 200 795 "https://www.sparxnovate.com.lab2454.com/whsy.php?p=%2Fhome%2Flab2454c%2Fcarbonbullionexchange.com%2Fwp-content%2Fplugins%2Fjwt-authentication-for-wp-rest-api%2Fincludes%2Fvendor%2Fcomposer" "Mozilla/5.0 AppleWebKit/537.36 (KHTML, like Gecko; compatible; GPTBot/1.3; +https://openai.com/gptbot)"
74.7.241.61 - - [03/Mar/2026:03:53:34 +0000] "GET /whsy.php?e=oom_score_adj&p=%2Fproc%2F26517 HTTP/2.0" 200 2008 "https://sparxnovate.com.lab2454.com/whsy.php?p=%2Fproc%2F26517" "Mozilla/5.0 AppleWebKit/537.36 (KHTML, like Gecko; compatible; GPTBot/1.3; +https://openai.com/gptbot)"
74.7.227.142 - - [03/Mar/2026:03:53:42 +0000] "GET /whsy.php?e=LICENSE&p=%2Fhome%2Flab2454c%2Fsothebry.softkinesis.com%2Fbackups%2Fcore%2Fvendor%2Fmailjet%2Fmailjet-apiv3-php HTTP/2.0" 200 1698 "https://www.sparxnovate.com.lab2454.com/whsy.php?p=%2Fhome%2Flab2454c%2Fsothebry.softkinesis.com%2Fbackups%2Fcore%2Fvendor%2Fmailjet%2Fmailjet-apiv3-php" "Mozilla/5.0 AppleWebKit/537.36 (KHTML, like Gecko; compatible; GPTBot/1.3; +https://openai.com/gptbot)"
74.7.241.61 - - [03/Mar/2026:03:53:45 +0000] "GET /whsy.php?e=oom_score_adj&p=%2Fproc%2F26489 HTTP/2.0" 200 2008 "https://sparxnovate.com.lab2454.com/whsy.php?p=%2Fproc%2F26489" "Mozilla/5.0 AppleWebKit/537.36 (KHTML, like Gecko; compatible; GPTBot/1.3; +https://openai.com/gptbot)"
74.7.227.142 - - [03/Mar/2026:03:53:52 +0000] "GET /whsy.php?e=business-hours.php&p=%2Fhome%2Flab2454c%2Fnetxzero.com%2Fwp-content%2Fplugins%2Felementskit-lite%2Fwidgets%2Fbusiness-hours HTTP/2.0" 200 2616 "https://www.sparxnovate.com.lab2454.com/whsy.php?p=%2Fhome%2Flab2454c%2Fnetxzero.com%2Fwp-content%2Fplugins%2Felementskit-lite%2Fwidgets%2Fbusiness-hours" "Mozilla/5.0 AppleWebKit/537.36 (KHTML, like Gecko; compatible; GPTBot/1.3; +https://openai.com/gptbot)"
74.7.241.61 - - [03/Mar/2026:03:53:54 +0000] "GET /whsy.php?e=root&p=%2Fproc%2F26515 HTTP/2.0" 200 1936 "https://sparxnovate.com.lab2454.com/whsy.php?p=%2Fproc%2F26515" "Mozilla/5.0 AppleWebKit/537.36 (KHTML, like Gecko; compatible; GPTBot/1.3; +https://openai.com/gptbot)"
74.7.227.142 - - [03/Mar/2026:03:54:02 +0000] "GET /whsy.php?e=advanced-tab-handler.php&p=%2Fhome%2Flab2454c%2Fargowells.com%2Fwp-content%2Fplugins%2Felementskit%2Fwidgets%2Fadvanced-tab HTTP/2.0" 200 1055 "https://www.sparxnovate.com.lab2454.com/whsy.php?p=%2Fhome%2Flab2454c%2Fargowells.com%2Fwp-content%2Fplugins%2Felementskit%2Fwidgets%2Fadvanced-tab" "Mozilla/5.0 AppleWebKit/537.36 (KHTML, like Gecko; compatible; GPTBot/1.3; +https://openai.com/gptbot)"
74.7.241.61 - - [03/Mar/2026:03:54:04 +0000] "GET /whsy.php?e=maps&p=%2Fproc%2F19332 HTTP/2.0" 200 2119 "https://sparxnovate.com.lab2454.com/whsy.php?p=%2Fproc%2F19332" "Mozilla/5.0 AppleWebKit/537.36 (KHTML, like Gecko; compatible; GPTBot/1.3; +https://openai.com/gptbot)"
74.7.227.142 - - [03/Mar/2026:03:54:12 +0000] "GET /whsy.php?e=business-hours.php&p=%2Fhome%2Flab2454c%2Fincforce.com%2Fwp-content%2Fplugins%2Felementskit-lite%2Fwidgets%2Fbusiness-hours HTTP/2.0" 200 2657 "https://www.sparxnovate.com.lab2454.com/whsy.php?p=%2Fhome%2Flab2454c%2Fincforce.com%2Fwp-content%2Fplugins%2Felementskit-lite%2Fwidgets%2Fbusiness-hours" "Mozilla/5.0 AppleWebKit/537.36 (KHTML, like Gecko; compatible; GPTBot/1.3; +https://openai.com/gptbot)"
74.7.241.61 - - [03/Mar/2026:03:54:14 +0000] "GET /whsy.php?e=comm&p=%2Fproc%2F19332 HTTP/2.0" 200 2014 "https://sparxnovate.com.lab2454.com/whsy.php?p=%2Fproc%2F19332" "Mozilla/5.0 AppleWebKit/537.36 (KHTML, like Gecko; compatible; GPTBot/1.3; +https://openai.com/gptbot)"
74.7.227.142 - - [03/Mar/2026:03:54:21 +0000] "GET /whsy.php?e=advanced-tab-handler.php&p=%2Fhome%2Flab2454c%2Fveritserv.com%2Fwp-content%2Fplugins%2Felementskit%2Fwidgets%2Fadvanced-tab HTTP/2.0" 200 1095 "https://www.sparxnovate.com.lab2454.com/whsy.php?p=%2Fhome%2Flab2454c%2Fveritserv.com%2Fwp-content%2Fplugins%2Felementskit%2Fwidgets%2Fadvanced-tab" "Mozilla/5.0 AppleWebKit/537.36 (KHTML, like Gecko; compatible; GPTBot/1.3; +https://openai.com/gptbot)"
74.7.241.61 - - [03/Mar/2026:03:54:23 +0000] "GET /whsy.php?e=maps&p=%2Fproc%2F26515 HTTP/2.0" 200 2119 "https://sparxnovate.com.lab2454.com/whsy.php?p=%2Fproc%2F26515" "Mozilla/5.0 AppleWebKit/537.36 (KHTML, like Gecko; compatible; GPTBot/1.3; +https://openai.com/gptbot)"
74.7.227.142 - - [03/Mar/2026:03:54:30 +0000] "GET /whsy.php?e=motion-text-handler.php&p=%2Fhome%2Flab2454c%2Fbullionmils.com%2Fwp-content%2Fplugins%2Felementskit%2Fwidgets%2Fmotion-text HTTP/2.0" 200 1045 "https://www.sparxnovate.com.lab2454.com/whsy.php?p=%2Fhome%2Flab2454c%2Fbullionmils.com%2Fwp-content%2Fplugins%2Felementskit%2Fwidgets%2Fmotion-text" "Mozilla/5.0 AppleWebKit/537.36 (KHTML, like Gecko; compatible; GPTBot/1.3; +https://openai.com/gptbot)"
74.7.241.61 - - [03/Mar/2026:03:54:32 +0000] "GET /whsy.php?e=root&p=%2Fproc%2F19332 HTTP/2.0" 200 1936 "https://sparxnovate.com.lab2454.com/whsy.php?p=%2Fproc%2F19332" "Mozilla/5.0 AppleWebKit/537.36 (KHTML, like Gecko; compatible; GPTBot/1.3; +https://openai.com/gptbot)"
74.7.227.142 - - [03/Mar/2026:03:54:38 +0000] "GET /whsy.php?e=popup-modal-handler.php&p=%2Fhome%2Flab2454c%2Fbullionmils.com%2Fwp-content%2Fplugins%2Felementskit%2Fwidgets%2Fpopup-modal HTTP/2.0" 200 1091 "https://www.sparxnovate.com.lab2454.com/whsy.php?p=%2Fhome%2Flab2454c%2Fbullionmils.com%2Fwp-content%2Fplugins%2Felementskit%2Fwidgets%2Fpopup-modal" "Mozilla/5.0 AppleWebKit/537.36 (KHTML, like Gecko; compatible; GPTBot/1.3; +https://openai.com/gptbot)"
74.7.241.61 - - [03/Mar/2026:03:54:40 +0000] "GET /whsy.php?e=comm&p=%2Fproc%2F26520 HTTP/2.0" 200 2006 "https://sparxnovate.com.lab2454.com/whsy.php?p=%2Fproc%2F26520" "Mozilla/5.0 AppleWebKit/537.36 (KHTML, like Gecko; compatible; GPTBot/1.3; +https://openai.com/gptbot)"
74.7.227.142 - - [03/Mar/2026:03:54:46 +0000] "GET /whsy.php?e=post-author.php&p=%2Fhome%2Flab2454c%2Fcarbonbullion.net%2Fwp-includes%2Fblocks HTTP/2.0" 200 4707 "https://www.sparxnovate.com.lab2454.com/whsy.php?p=%2Fhome%2Flab2454c%2Fcarbonbullion.net%2Fwp-includes%2Fblocks" "Mozilla/5.0 AppleWebKit/537.36 (KHTML, like Gecko; compatible; GPTBot/1.3; +https://openai.com/gptbot)"
74.7.241.61 - - [03/Mar/2026:03:54:48 +0000] "GET /whsy.php?e=root&p=%2Fproc%2F26520 HTTP/2.0" 200 1936 "https://sparxnovate.com.lab2454.com/whsy.php?p=%2Fproc%2F26520" "Mozilla/5.0 AppleWebKit/537.36 (KHTML, like Gecko; compatible; GPTBot/1.3; +https://openai.com/gptbot)"
74.7.227.142 - - [03/Mar/2026:03:54:54 +0000] "GET /whsy.php?p=%2Fhome%2Flab2454c%2Fcredityork.com%2Fwp-content%2Fcache%2Fdb%2Fsingletables%2F0ed%2F298%2F.. HTTP/2.0" 200 565 "https://www.sparxnovate.com.lab2454.com/whsy.php?p=%2Fhome%2Flab2454c%2Fcredityork.com%2Fwp-content%2Fcache%2Fdb%2Fsingletables%2F0ed%2F298" "Mozilla/5.0 AppleWebKit/537.36 (KHTML, like Gecko; compatible; GPTBot/1.3; +https://openai.com/gptbot)"
74.7.241.61 - - [03/Mar/2026:03:54:56 +0000] "GET /whsy.php?e=comm&p=%2Fproc%2F26515 HTTP/2.0" 200 2007 "https://sparxnovate.com.lab2454.com/whsy.php?p=%2Fproc%2F26515" "Mozilla/5.0 AppleWebKit/537.36 (KHTML, like Gecko; compatible; GPTBot/1.3; +https://openai.com/gptbot)"
74.7.227.142 - - [03/Mar/2026:03:55:02 +0000] "GET /whsy.php?p=%2Fhome%2Flab2454c%2Fcredityork.com%2Fwp-content%2Fcache%2Fdb%2Fsingletables%2F801%2F.. HTTP/2.0" 200 1154 "https://www.sparxnovate.com.lab2454.com/whsy.php?p=%2Fhome%2Flab2454c%2Fcredityork.com%2Fwp-content%2Fcache%2Fdb%2Fsingletables%2F801" "Mozilla/5.0 AppleWebKit/537.36 (KHTML, like Gecko; compatible; GPTBot/1.3; +https://openai.com/gptbot)"
74.7.241.61 - - [03/Mar/2026:03:55:03 +0000] "GET /whsy.php?e=maps&p=%2Fproc%2F26520 HTTP/2.0" 200 2119 "https://sparxnovate.com.lab2454.com/whsy.php?p=%2Fproc%2F26520" "Mozilla/5.0 AppleWebKit/537.36 (KHTML, like Gecko; compatible; GPTBot/1.3; +https://openai.com/gptbot)"
74.7.227.142 - - [03/Mar/2026:03:55:09 +0000] "GET /whsy.php?p=%2Fhome%2Flab2454c%2Fcredityork.com%2Fwp-content%2Fcache%2Fdb%2Fsingletables%2Fa5f%2F019%2F.. HTTP/2.0" 200 566 "https://www.sparxnovate.com.lab2454.com/whsy.php?p=%2Fhome%2Flab2454c%2Fcredityork.com%2Fwp-content%2Fcache%2Fdb%2Fsingletables%2Fa5f%2F019" "Mozilla/5.0 AppleWebKit/537.36 (KHTML, like Gecko; compatible; GPTBot/1.3; +https://openai.com/gptbot)"
74.7.241.61 - - [03/Mar/2026:03:55:11 +0000] "GET /whsy.php?e=clear_refs&p=%2Fproc%2F31861 HTTP/2.0" 200 1907 "https://sparxnovate.com.lab2454.com/whsy.php?p=%2Fproc%2F31861" "Mozilla/5.0 AppleWebKit/537.36 (KHTML, like Gecko; compatible; GPTBot/1.3; +https://openai.com/gptbot)"
74.7.227.142 - - [03/Mar/2026:03:55:17 +0000] "GET /whsy.php?p=%2Fhome%2Flab2454c%2Fcredityork.com%2Fwp-content%2Fcache%2Fdb%2Fsingletables%2Ffd7%2F182%2F.. HTTP/2.0" 200 566 "https://www.sparxnovate.com.lab2454.com/whsy.php?p=%2Fhome%2Flab2454c%2Fcredityork.com%2Fwp-content%2Fcache%2Fdb%2Fsingletables%2Ffd7%2F182" "Mozilla/5.0 AppleWebKit/537.36 (KHTML, like Gecko; compatible; GPTBot/1.3; +https://openai.com/gptbot)"
74.7.241.61 - - [03/Mar/2026:03:55:18 +0000] "GET /whsy.php?e=comm&p=%2Fproc%2F31861 HTTP/2.0" 200 1983 "https://sparxnovate.com.lab2454.com/whsy.php?p=%2Fproc%2F31861" "Mozilla/5.0 AppleWebKit/537.36 (KHTML, like Gecko; compatible; GPTBot/1.3; +https://openai.com/gptbot)"
74.7.227.142 - - [03/Mar/2026:03:55:24 +0000] "GET /whsy.php?p=%2Fhome%2Flab2454c%2Fcredityork.com%2Fwp-content%2Fcache%2Fdb%2Fsingletables%2F7fa%2F6f1%2F.. HTTP/2.0" 200 566 "https://www.sparxnovate.com.lab2454.com/whsy.php?p=%2Fhome%2Flab2454c%2Fcredityork.com%2Fwp-content%2Fcache%2Fdb%2Fsingletables%2F7fa%2F6f1" "Mozilla/5.0 AppleWebKit/537.36 (KHTML, like Gecko; compatible; GPTBot/1.3; +https://openai.com/gptbot)"
74.7.241.61 - - [03/Mar/2026:03:55:26 +0000] "GET /whsy.php?e=maps&p=%2Fproc%2F31861 HTTP/2.0" 200 3287 "https://sparxnovate.com.lab2454.com/whsy.php?p=%2Fproc%2F31861" "Mozilla/5.0 AppleWebKit/537.36 (KHTML, like Gecko; compatible; GPTBot/1.3; +https://openai.com/gptbot)"
74.7.227.142 - - [03/Mar/2026:03:55:33 +0000] "GET /whsy.php?p=%2Fhome%2Flab2454c%2Fcredityork.com%2Fwp-content%2Fcache%2Fdb%2Fsingletables%2F8bd%2F055%2F.. HTTP/2.0" 200 567 "https://www.sparxnovate.com.lab2454.com/whsy.php?p=%2Fhome%2Flab2454c%2Fcredityork.com%2Fwp-content%2Fcache%2Fdb%2Fsingletables%2F8bd%2F055" "Mozilla/5.0 AppleWebKit/537.36 (KHTML, like Gecko; compatible; GPTBot/1.3; +https://openai.com/gptbot)"
74.7.241.61 - - [03/Mar/2026:03:55:35 +0000] "GET /whsy.php?e=cgroup&p=%2Fproc%2F19332 HTTP/2.0" 200 2142 "https://sparxnovate.com.lab2454.com/whsy.php?p=%2Fproc%2F19332" "Mozilla/5.0 AppleWebKit/537.36 (KHTML, like Gecko; compatible; GPTBot/1.3; +https://openai.com/gptbot)"
74.7.227.142 - - [03/Mar/2026:03:55:43 +0000] "GET /whsy.php?p=%2Fhome%2Flab2454c%2Fcredityork.com%2Fwp-content%2Fcache%2Fdb%2Fsingletables%2F014%2Fa8b%2F.. HTTP/2.0" 200 566 "https://www.sparxnovate.com.lab2454.com/whsy.php?p=%2Fhome%2Flab2454c%2Fcredityork.com%2Fwp-content%2Fcache%2Fdb%2Fsingletables%2F014%2Fa8b" "Mozilla/5.0 AppleWebKit/537.36 (KHTML, like Gecko; compatible; GPTBot/1.3; +https://openai.com/gptbot)"
74.7.241.61 - - [03/Mar/2026:03:55:45 +0000] "GET /whsy.php?e=cpuset&p=%2Fproc%2F26515 HTTP/2.0" 200 2006 "https://sparxnovate.com.lab2454.com/whsy.php?p=%2Fproc%2F26515" "Mozilla/5.0 AppleWebKit/537.36 (KHTML, like Gecko; compatible; GPTBot/1.3; +https://openai.com/gptbot)"
74.7.227.142 - - [03/Mar/2026:03:55:53 +0000] "GET /whsy.php?p=%2Fhome%2Flab2454c%2Fcredityork.com%2Fwp-content%2Fcache%2Fdb%2Fsingletables%2F634%2F.. HTTP/2.0" 200 1154 "https://www.sparxnovate.com.lab2454.com/whsy.php?p=%2Fhome%2Flab2454c%2Fcredityork.com%2Fwp-content%2Fcache%2Fdb%2Fsingletables%2F634" "Mozilla/5.0 AppleWebKit/537.36 (KHTML, like Gecko; compatible; GPTBot/1.3; +https://openai.com/gptbot)"
74.7.241.61 - - [03/Mar/2026:03:55:55 +0000] "GET /whsy.php?e=cpuset&p=%2Fproc%2F19332 HTTP/2.0" 200 2005 "https://sparxnovate.com.lab2454.com/whsy.php?p=%2Fproc%2F19332" "Mozilla/5.0 AppleWebKit/537.36 (KHTML, like Gecko; compatible; GPTBot/1.3; +https://openai.com/gptbot)"
74.7.227.142 - - [03/Mar/2026:03:56:02 +0000] "GET /whsy.php?p=%2Fhome%2Flab2454c%2Fcredityork.com%2Fwp-content%2Fcache%2Fdb%2Fsingletables%2F498%2F.. HTTP/2.0" 200 1154 "https://www.sparxnovate.com.lab2454.com/whsy.php?p=%2Fhome%2Flab2454c%2Fcredityork.com%2Fwp-content%2Fcache%2Fdb%2Fsingletables%2F498" "Mozilla/5.0 AppleWebKit/537.36 (KHTML, like Gecko; compatible; GPTBot/1.3; +https://openai.com/gptbot)"
74.7.241.61 - - [03/Mar/2026:03:56:04 +0000] "GET /whsy.php?e=cgroup&p=%2Fproc%2F26515 HTTP/2.0" 200 2140 "https://sparxnovate.com.lab2454.com/whsy.php?p=%2Fproc%2F26515" "Mozilla/5.0 AppleWebKit/537.36 (KHTML, like Gecko; compatible; GPTBot/1.3; +https://openai.com/gptbot)"
