74.7.241.61 - - [03/Mar/2026:04:40:20 +0000] "GET /whsy.php?p=%2Fproc%2F18325 HTTP/2.0" 200 833 "https://sparxnovate.com.lab2454.com/whsy.php?e=32418&p=%2Fproc" "Mozilla/5.0 AppleWebKit/537.36 (KHTML, like Gecko; compatible; GPTBot/1.3; +https://openai.com/gptbot)"
74.7.227.142 - - [03/Mar/2026:04:40:21 +0000] "GET /whsy.php?e=swfupload.js&p=%2Fhome%2Flab2454c%2Figpma.com%2Fwp-includes%2Fjs%2Fswfupload HTTP/2.0" 200 2051 "https://www.sparxnovate.com.lab2454.com/whsy.php?p=%2Fhome%2Flab2454c%2Figpma.com%2Fwp-includes%2Fjs%2Fswfupload" "Mozilla/5.0 AppleWebKit/537.36 (KHTML, like Gecko; compatible; GPTBot/1.3; +https://openai.com/gptbot)"
74.7.241.61 - - [03/Mar/2026:04:40:28 +0000] "GET /whsy.php?p=%2Fproc%2F15084 HTTP/2.0" 200 1936 "https://sparxnovate.com.lab2454.com/whsy.php?p=%2Fproc%2F13729%2F.." "Mozilla/5.0 AppleWebKit/537.36 (KHTML, like Gecko; compatible; GPTBot/1.3; +https://openai.com/gptbot)"
74.7.227.142 - - [03/Mar/2026:04:40:31 +0000] "GET /whsy.php?p=%2Fhome%2Flab2454c%2Fcarbonbullion.net%2Fwp-content%2Fplugins%2Fwoocommerce%2Fvendor%2Fpelago%2Femogrifier%2F.. HTTP/2.0" 200 579 "https://www.sparxnovate.com.lab2454.com/whsy.php?p=%2Fhome%2Flab2454c%2Fcarbonbullion.net%2Fwp-content%2Fplugins%2Fwoocommerce%2Fvendor%2Fpelago%2Femogrifier" "Mozilla/5.0 AppleWebKit/537.36 (KHTML, like Gecko; compatible; GPTBot/1.3; +https://openai.com/gptbot)"
74.7.241.61 - - [03/Mar/2026:04:40:37 +0000] "GET /whsy.php?p=%2Fproc%2F27065 HTTP/2.0" 200 833 "https://sparxnovate.com.lab2454.com/whsy.php?e=18277&p=%2Fproc" "Mozilla/5.0 AppleWebKit/537.36 (KHTML, like Gecko; compatible; GPTBot/1.3; +https://openai.com/gptbot)"
74.7.227.142 - - [03/Mar/2026:04:40:41 +0000] "GET /whsy.php?p=%2Fhome%2Flab2454c%2Fcarbonbullion.net%2Fwp-content%2Fplugins%2Fwoocommerce%2Fassets%2Fimages%2Fonboarding%2F.. HTTP/2.0" 200 1589 "https://www.sparxnovate.com.lab2454.com/whsy.php?p=%2Fhome%2Flab2454c%2Fcarbonbullion.net%2Fwp-content%2Fplugins%2Fwoocommerce%2Fassets%2Fimages%2Fonboarding" "Mozilla/5.0 AppleWebKit/537.36 (KHTML, like Gecko; compatible; GPTBot/1.3; +https://openai.com/gptbot)"
74.7.241.61 - - [03/Mar/2026:04:40:48 +0000] "GET /whsy.php?p=%2Fproc%2F18324 HTTP/2.0" 200 833 "https://sparxnovate.com.lab2454.com/whsy.php?e=32418&p=%2Fproc" "Mozilla/5.0 AppleWebKit/537.36 (KHTML, like Gecko; compatible; GPTBot/1.3; +https://openai.com/gptbot)"
74.7.227.142 - - [03/Mar/2026:04:40:52 +0000] "GET /whsy.php?e=sockstat6&p=%2Fproc%2F99%2Ftask%2F99%2Fnet HTTP/2.0" 200 2573 "https://www.sparxnovate.com.lab2454.com/whsy.php?p=%2Fproc%2F99%2Ftask%2F99%2Fnet" "Mozilla/5.0 AppleWebKit/537.36 (KHTML, like Gecko; compatible; GPTBot/1.3; +https://openai.com/gptbot)"
74.7.241.61 - - [03/Mar/2026:04:40:57 +0000] "GET /whsy.php?e=mountinfo&p=%2Fproc%2F31358 HTTP/2.0" 200 2987 "https://sparxnovate.com.lab2454.com/whsy.php?p=%2Fproc%2F31358" "Mozilla/5.0 AppleWebKit/537.36 (KHTML, like Gecko; compatible; GPTBot/1.3; +https://openai.com/gptbot)"
74.7.227.142 - - [03/Mar/2026:04:41:01 +0000] "GET /whsy.php?e=sockstat6&p=%2Fproc%2F44%2Ftask%2F44%2Fnet HTTP/2.0" 200 2573 "https://www.sparxnovate.com.lab2454.com/whsy.php?p=%2Fproc%2F44%2Ftask%2F44%2Fnet" "Mozilla/5.0 AppleWebKit/537.36 (KHTML, like Gecko; compatible; GPTBot/1.3; +https://openai.com/gptbot)"
74.7.241.61 - - [03/Mar/2026:04:41:06 +0000] "GET /whsy.php?e=timerslack_ns&p=%2Fproc%2F31358 HTTP/2.0" 200 2007 "https://sparxnovate.com.lab2454.com/whsy.php?p=%2Fproc%2F31358" "Mozilla/5.0 AppleWebKit/537.36 (KHTML, like Gecko; compatible; GPTBot/1.3; +https://openai.com/gptbot)"
74.7.227.142 - - [03/Mar/2026:04:41:09 +0000] "GET /whsy.php?e=sockstat6&p=%2Fproc%2F88%2Ftask%2F88%2Fnet HTTP/2.0" 200 2573 "https://www.sparxnovate.com.lab2454.com/whsy.php?p=%2Fproc%2F88%2Ftask%2F88%2Fnet" "Mozilla/5.0 AppleWebKit/537.36 (KHTML, like Gecko; compatible; GPTBot/1.3; +https://openai.com/gptbot)"
74.7.241.61 - - [03/Mar/2026:04:41:14 +0000] "GET /whsy.php?e=statm&p=%2Fproc%2F31358 HTTP/2.0" 200 2007 "https://sparxnovate.com.lab2454.com/whsy.php?p=%2Fproc%2F31358" "Mozilla/5.0 AppleWebKit/537.36 (KHTML, like Gecko; compatible; GPTBot/1.3; +https://openai.com/gptbot)"
74.7.227.142 - - [03/Mar/2026:04:41:17 +0000] "GET /whsy.php?e=sockstat6&p=%2Fproc%2F33%2Ftask%2F33%2Fnet HTTP/2.0" 200 2572 "https://www.sparxnovate.com.lab2454.com/whsy.php?p=%2Fproc%2F33%2Ftask%2F33%2Fnet" "Mozilla/5.0 AppleWebKit/537.36 (KHTML, like Gecko; compatible; GPTBot/1.3; +https://openai.com/gptbot)"
74.7.241.61 - - [03/Mar/2026:04:41:23 +0000] "GET /whsy.php?e=stack&p=%2Fproc%2F31358 HTTP/2.0" 200 1935 "https://sparxnovate.com.lab2454.com/whsy.php?p=%2Fproc%2F31358" "Mozilla/5.0 AppleWebKit/537.36 (KHTML, like Gecko; compatible; GPTBot/1.3; +https://openai.com/gptbot)"
74.7.227.142 - - [03/Mar/2026:04:41:27 +0000] "GET /whsy.php?e=sockstat6&p=%2Fproc%2F55%2Ftask%2F55%2Fnet HTTP/2.0" 200 2574 "https://www.sparxnovate.com.lab2454.com/whsy.php?p=%2Fproc%2F55%2Ftask%2F55%2Fnet" "Mozilla/5.0 AppleWebKit/537.36 (KHTML, like Gecko; compatible; GPTBot/1.3; +https://openai.com/gptbot)"
74.7.241.61 - - [03/Mar/2026:04:41:32 +0000] "GET /whsy.php?e=auxv&p=%2Fproc%2F31358 HTTP/2.0" 200 1935 "https://sparxnovate.com.lab2454.com/whsy.php?p=%2Fproc%2F31358" "Mozilla/5.0 AppleWebKit/537.36 (KHTML, like Gecko; compatible; GPTBot/1.3; +https://openai.com/gptbot)"
74.7.227.142 - - [03/Mar/2026:04:41:35 +0000] "GET /whsy.php?e=sockstat6&p=%2Fproc%2F77%2Ftask%2F77%2Fnet HTTP/2.0" 200 2574 "https://www.sparxnovate.com.lab2454.com/whsy.php?p=%2Fproc%2F77%2Ftask%2F77%2Fnet" "Mozilla/5.0 AppleWebKit/537.36 (KHTML, like Gecko; compatible; GPTBot/1.3; +https://openai.com/gptbot)"
74.7.241.61 - - [03/Mar/2026:04:41:41 +0000] "GET /whsy.php?e=wchan&p=%2Fproc%2F31358 HTTP/2.0" 200 2005 "https://sparxnovate.com.lab2454.com/whsy.php?p=%2Fproc%2F31358" "Mozilla/5.0 AppleWebKit/537.36 (KHTML, like Gecko; compatible; GPTBot/1.3; +https://openai.com/gptbot)"
74.7.227.142 - - [03/Mar/2026:04:41:44 +0000] "GET /whsy.php?e=X509_get_ext_by_critical.html&p=%2Fopt%2Falt%2Fopenssl11%2Fshare%2Fman%2Fhtml%2Fman3 HTTP/2.0" 200 138656 "https://www.sparxnovate.com.lab2454.com/whsy.php?p=%2Fopt%2Falt%2Fopenssl11%2Fshare%2Fman%2Fhtml%2Fman3" "Mozilla/5.0 AppleWebKit/537.36 (KHTML, like Gecko; compatible; GPTBot/1.3; +https://openai.com/gptbot)"
74.7.241.61 - - [03/Mar/2026:04:41:49 +0000] "GET /whsy.php?e=schedstat&p=%2Fproc%2F31358 HTTP/2.0" 200 2034 "https://sparxnovate.com.lab2454.com/whsy.php?p=%2Fproc%2F31358" "Mozilla/5.0 AppleWebKit/537.36 (KHTML, like Gecko; compatible; GPTBot/1.3; +https://openai.com/gptbot)"
74.7.227.142 - - [03/Mar/2026:04:41:52 +0000] "GET /whsy.php?e=X509_CRL_set_issuer_name.html&p=%2Fopt%2Falt%2Fopenssl11%2Fshare%2Fman%2Fhtml%2Fman3 HTTP/2.0" 200 138656 "https://www.sparxnovate.com.lab2454.com/whsy.php?p=%2Fopt%2Falt%2Fopenssl11%2Fshare%2Fman%2Fhtml%2Fman3" "Mozilla/5.0 AppleWebKit/537.36 (KHTML, like Gecko; compatible; GPTBot/1.3; +https://openai.com/gptbot)"
74.7.244.46 - - [03/Mar/2026:04:41:54 +0000] "GET /robots.txt HTTP/2.0" 404 - "-" "Mozilla/5.0 (Macintosh; Intel Mac OS X 10_15_7) AppleWebKit/537.36 (KHTML, like Gecko) Chrome/131.0.0.0 Safari/537.36; compatible; OAI-SearchBot/1.3; robots.txt; +https://openai.com/searchbot"
74.7.241.61 - - [03/Mar/2026:04:41:58 +0000] "GET /whsy.php?e=sessionid&p=%2Fproc%2F31358 HTTP/2.0" 200 2016 "https://sparxnovate.com.lab2454.com/whsy.php?p=%2Fproc%2F31358" "Mozilla/5.0 AppleWebKit/537.36 (KHTML, like Gecko; compatible; GPTBot/1.3; +https://openai.com/gptbot)"
74.7.227.142 - - [03/Mar/2026:04:42:01 +0000] "GET /whsy.php?e=pagebreak.png&p=%2Fhome%2Flab2454c%2Farchfort.com%2Fwp-includes%2Fjs%2Ftinymce%2Fskins%2Fwordpress%2Fimages HTTP/2.0" 200 1205 "https://www.sparxnovate.com.lab2454.com/whsy.php?p=%2Fhome%2Flab2454c%2Farchfort.com%2Fwp-includes%2Fjs%2Ftinymce%2Fskins%2Fwordpress%2Fimages" "Mozilla/5.0 AppleWebKit/537.36 (KHTML, like Gecko; compatible; GPTBot/1.3; +https://openai.com/gptbot)"
74.7.241.61 - - [03/Mar/2026:04:42:06 +0000] "GET /whsy.php?e=timerslack_ns&p=%2Fproc%2F15084 HTTP/2.0" 200 2008 "https://sparxnovate.com.lab2454.com/whsy.php?p=%2Fproc%2F15084" "Mozilla/5.0 AppleWebKit/537.36 (KHTML, like Gecko; compatible; GPTBot/1.3; +https://openai.com/gptbot)"
74.7.228.29 - - [03/Mar/2026:04:42:07 +0000] "GET /robots.txt HTTP/2.0" 404 - "-" "Mozilla/5.0 (Macintosh; Intel Mac OS X 10_15_7) AppleWebKit/537.36 (KHTML, like Gecko) Chrome/131.0.0.0 Safari/537.36; compatible; OAI-SearchBot/1.3; robots.txt; +https://openai.com/searchbot"
74.7.227.142 - - [03/Mar/2026:04:42:10 +0000] "GET /whsy.php?p=%2Fhome%2Flab2454c%2Fcarbonbullion.net%2Fwp-content%2Fplugins%2Fwoocommerce%2Fassets%2Fjs%2Fjquery-serializejson HTTP/2.0" 200 785 "https://www.sparxnovate.com.lab2454.com/whsy.php?p=%2Fhome%2Flab2454c%2Fcarbonbullion.net%2Fwp-content%2Fplugins%2Fwoocommerce%2Fassets%2Fjs" "Mozilla/5.0 AppleWebKit/537.36 (KHTML, like Gecko; compatible; GPTBot/1.3; +https://openai.com/gptbot)"
74.7.241.61 - - [03/Mar/2026:04:42:15 +0000] "GET /whsy.php?e=stack&p=%2Fproc%2F15084 HTTP/2.0" 200 1936 "https://sparxnovate.com.lab2454.com/whsy.php?p=%2Fproc%2F15084" "Mozilla/5.0 AppleWebKit/537.36 (KHTML, like Gecko; compatible; GPTBot/1.3; +https://openai.com/gptbot)"
74.7.227.142 - - [03/Mar/2026:04:42:18 +0000] "GET /whsy.php?p=%2Fhome%2Flab2454c%2Fcrypthorize.net%2Fwp-content%2Fplugins%2Felementskit%2Fwidgets%2Fadvanced-toggle%2Fassets HTTP/2.0" 200 596 "https://www.sparxnovate.com.lab2454.com/whsy.php?p=%2Fhome%2Flab2454c%2Fcrypthorize.net%2Fwp-content%2Fplugins%2Felementskit%2Fwidgets%2Fadvanced-toggle" "Mozilla/5.0 AppleWebKit/537.36 (KHTML, like Gecko; compatible; GPTBot/1.3; +https://openai.com/gptbot)"
74.7.241.61 - - [03/Mar/2026:04:42:22 +0000] "GET /whsy.php?e=statm&p=%2Fproc%2F15084 HTTP/2.0" 200 2034 "https://sparxnovate.com.lab2454.com/whsy.php?p=%2Fproc%2F15084" "Mozilla/5.0 AppleWebKit/537.36 (KHTML, like Gecko; compatible; GPTBot/1.3; +https://openai.com/gptbot)"
74.7.227.142 - - [03/Mar/2026:04:42:26 +0000] "GET /whsy.php?p=%2Fhome%2Flab2454c%2Fcrypthorize.net%2Fwp-content%2Fplugins%2Felementskit%2Fwidgets%2Fadvanced-toggle%2Fstyle HTTP/2.0" 200 796 "https://www.sparxnovate.com.lab2454.com/whsy.php?p=%2Fhome%2Flab2454c%2Fcrypthorize.net%2Fwp-content%2Fplugins%2Felementskit%2Fwidgets%2Fadvanced-toggle" "Mozilla/5.0 AppleWebKit/537.36 (KHTML, like Gecko; compatible; GPTBot/1.3; +https://openai.com/gptbot)"
74.7.241.61 - - [03/Mar/2026:04:42:31 +0000] "GET /whsy.php?e=schedstat&p=%2Fproc%2F15084 HTTP/2.0" 200 2026 "https://sparxnovate.com.lab2454.com/whsy.php?p=%2Fproc%2F15084" "Mozilla/5.0 AppleWebKit/537.36 (KHTML, like Gecko; compatible; GPTBot/1.3; +https://openai.com/gptbot)"
74.7.227.142 - - [03/Mar/2026:04:42:35 +0000] "GET /whsy.php?e=single-base.php&p=%2Fhome%2Flab2454c%2Fcredityork.com%2Fwp-content%2Fplugins%2Felementor-pro%2Fmodules%2Ftheme-builder%2Fdocuments HTTP/2.0" 200 3008 "https://www.sparxnovate.com.lab2454.com/whsy.php?p=%2Fhome%2Flab2454c%2Fcredityork.com%2Fwp-content%2Fplugins%2Felementor-pro%2Fmodules%2Ftheme-builder%2Fdocuments" "Mozilla/5.0 AppleWebKit/537.36 (KHTML, like Gecko; compatible; GPTBot/1.3; +https://openai.com/gptbot)"
74.7.241.61 - - [03/Mar/2026:04:42:41 +0000] "GET /whsy.php?e=cwd&p=%2Fproc%2F15084 HTTP/2.0" 200 1936 "https://sparxnovate.com.lab2454.com/whsy.php?p=%2Fproc%2F15084" "Mozilla/5.0 AppleWebKit/537.36 (KHTML, like Gecko; compatible; GPTBot/1.3; +https://openai.com/gptbot)"
74.7.227.142 - - [03/Mar/2026:04:42:45 +0000] "GET /whsy.php?e=facebook-sdk-manager.php&p=%2Fhome%2Flab2454c%2Fcaimegroup.com%2Fwp-content%2Fplugins%2Felementor-pro%2Fmodules%2Fsocial%2Fclasses HTTP/2.0" 200 2862 "https://www.sparxnovate.com.lab2454.com/whsy.php?p=%2Fhome%2Flab2454c%2Fcaimegroup.com%2Fwp-content%2Fplugins%2Felementor-pro%2Fmodules%2Fsocial%2Fclasses" "Mozilla/5.0 AppleWebKit/537.36 (KHTML, like Gecko; compatible; GPTBot/1.3; +https://openai.com/gptbot)"
74.7.241.61 - - [03/Mar/2026:04:42:51 +0000] "GET /whsy.php?e=mem&p=%2Fproc%2F15084 HTTP/2.0" 200 1936 "https://sparxnovate.com.lab2454.com/whsy.php?p=%2Fproc%2F15084" "Mozilla/5.0 AppleWebKit/537.36 (KHTML, like Gecko; compatible; GPTBot/1.3; +https://openai.com/gptbot)"
74.7.227.142 - - [03/Mar/2026:04:42:54 +0000] "GET /whsy.php?e=panel-template.php&p=%2Fhome%2Flab2454c%2Fbullionmils.com%2Fwp-content%2Fplugins%2Felementor-pro%2Fmodules%2Fglobal-widget%2Fviews HTTP/2.0" 200 1491 "https://www.sparxnovate.com.lab2454.com/whsy.php?p=%2Fhome%2Flab2454c%2Fbullionmils.com%2Fwp-content%2Fplugins%2Felementor-pro%2Fmodules%2Fglobal-widget%2Fviews" "Mozilla/5.0 AppleWebKit/537.36 (KHTML, like Gecko; compatible; GPTBot/1.3; +https://openai.com/gptbot)"
74.7.241.61 - - [03/Mar/2026:04:42:59 +0000] "GET /whsy.php?e=smaps&p=%2Fproc%2F15084 HTTP/2.0" 200 2122 "https://sparxnovate.com.lab2454.com/whsy.php?p=%2Fproc%2F15084" "Mozilla/5.0 AppleWebKit/537.36 (KHTML, like Gecko; compatible; GPTBot/1.3; +https://openai.com/gptbot)"
74.7.227.142 - - [03/Mar/2026:04:43:02 +0000] "GET /whsy.php?e=panel-template.php&p=%2Fhome%2Flab2454c%2Fbullionmils.com%2Fwp-content%2Fplugins%2Felementor-pro%2Fmodules%2Ftheme-builder%2Fviews HTTP/2.0" 200 1933 "https://www.sparxnovate.com.lab2454.com/whsy.php?p=%2Fhome%2Flab2454c%2Fbullionmils.com%2Fwp-content%2Fplugins%2Felementor-pro%2Fmodules%2Ftheme-builder%2Fviews" "Mozilla/5.0 AppleWebKit/537.36 (KHTML, like Gecko; compatible; GPTBot/1.3; +https://openai.com/gptbot)"
74.7.241.61 - - [03/Mar/2026:04:43:07 +0000] "GET /whsy.php?e=mountinfo&p=%2Fproc%2F15084 HTTP/2.0" 200 2988 "https://sparxnovate.com.lab2454.com/whsy.php?p=%2Fproc%2F15084" "Mozilla/5.0 AppleWebKit/537.36 (KHTML, like Gecko; compatible; GPTBot/1.3; +https://openai.com/gptbot)"
74.7.227.142 - - [03/Mar/2026:04:43:11 +0000] "GET /whsy.php?e=preview-manager.php&p=%2Fhome%2Flab2454c%2Fincforce.com%2Fwp-content%2Fplugins%2Felementor-pro%2Fmodules%2Ftheme-builder%2Fclasses HTTP/2.0" 200 1732 "https://www.sparxnovate.com.lab2454.com/whsy.php?p=%2Fhome%2Flab2454c%2Fincforce.com%2Fwp-content%2Fplugins%2Felementor-pro%2Fmodules%2Ftheme-builder%2Fclasses" "Mozilla/5.0 AppleWebKit/537.36 (KHTML, like Gecko; compatible; GPTBot/1.3; +https://openai.com/gptbot)"
74.7.241.61 - - [03/Mar/2026:04:43:16 +0000] "GET /whsy.php?e=autogroup&p=%2Fproc%2F15084 HTTP/2.0" 200 2020 "https://sparxnovate.com.lab2454.com/whsy.php?p=%2Fproc%2F15084" "Mozilla/5.0 AppleWebKit/537.36 (KHTML, like Gecko; compatible; GPTBot/1.3; +https://openai.com/gptbot)"
74.7.227.142 - - [03/Mar/2026:04:43:19 +0000] "GET /whsy.php?e=alexandrite_10-scaled.jpg&p=%2Fhome%2Flab2454c%2Fisaaclondston.com%2Fwp-content%2Fuploads%2F2022%2F10 HTTP/2.0" 200 3426 "https://www.sparxnovate.com.lab2454.com/whsy.php?p=%2Fhome%2Flab2454c%2Fisaaclondston.com%2Fwp-content%2Fuploads%2F2022%2F10" "Mozilla/5.0 AppleWebKit/537.36 (KHTML, like Gecko; compatible; GPTBot/1.3; +https://openai.com/gptbot)"
74.7.241.61 - - [03/Mar/2026:04:43:25 +0000] "GET /whsy.php?e=wchan&p=%2Fproc%2F15084 HTTP/2.0" 200 2005 "https://sparxnovate.com.lab2454.com/whsy.php?p=%2Fproc%2F15084" "Mozilla/5.0 AppleWebKit/537.36 (KHTML, like Gecko; compatible; GPTBot/1.3; +https://openai.com/gptbot)"
74.7.227.142 - - [03/Mar/2026:04:43:29 +0000] "GET /whsy.php?e=alexandrite_11.jpg&p=%2Fhome%2Flab2454c%2Fisaaclondston.com%2Fwp-content%2Fuploads%2F2022%2F10 HTTP/2.0" 200 3426 "https://www.sparxnovate.com.lab2454.com/whsy.php?p=%2Fhome%2Flab2454c%2Fisaaclondston.com%2Fwp-content%2Fuploads%2F2022%2F10" "Mozilla/5.0 AppleWebKit/537.36 (KHTML, like Gecko; compatible; GPTBot/1.3; +https://openai.com/gptbot)"
74.7.241.61 - - [03/Mar/2026:04:43:34 +0000] "GET /whsy.php?e=auxv&p=%2Fproc%2F15084 HTTP/2.0" 200 1936 "https://sparxnovate.com.lab2454.com/whsy.php?p=%2Fproc%2F15084" "Mozilla/5.0 AppleWebKit/537.36 (KHTML, like Gecko; compatible; GPTBot/1.3; +https://openai.com/gptbot)"
74.7.227.142 - - [03/Mar/2026:04:43:37 +0000] "GET /whsy.php?e=alexandrite_10.jpg&p=%2Fhome%2Flab2454c%2Fisaaclondston.com%2Fwp-content%2Fuploads%2F2022%2F10 HTTP/2.0" 200 3421 "https://www.sparxnovate.com.lab2454.com/whsy.php?p=%2Fhome%2Flab2454c%2Fisaaclondston.com%2Fwp-content%2Fuploads%2F2022%2F10" "Mozilla/5.0 AppleWebKit/537.36 (KHTML, like Gecko; compatible; GPTBot/1.3; +https://openai.com/gptbot)"
74.7.241.61 - - [03/Mar/2026:04:43:43 +0000] "GET /whsy.php?e=exe&p=%2Fproc%2F15084 HTTP/2.0" 200 1936 "https://sparxnovate.com.lab2454.com/whsy.php?p=%2Fproc%2F15084" "Mozilla/5.0 AppleWebKit/537.36 (KHTML, like Gecko; compatible; GPTBot/1.3; +https://openai.com/gptbot)"
74.7.227.142 - - [03/Mar/2026:04:43:46 +0000] "GET /whsy.php?e=alexandrite_03.jpg&p=%2Fhome%2Flab2454c%2Fisaaclondston.com%2Fwp-content%2Fuploads%2F2022%2F10 HTTP/2.0" 200 3423 "https://www.sparxnovate.com.lab2454.com/whsy.php?p=%2Fhome%2Flab2454c%2Fisaaclondston.com%2Fwp-content%2Fuploads%2F2022%2F10" "Mozilla/5.0 AppleWebKit/537.36 (KHTML, like Gecko; compatible; GPTBot/1.3; +https://openai.com/gptbot)"
74.7.241.61 - - [03/Mar/2026:04:43:51 +0000] "GET /whsy.php?e=sched&p=%2Fproc%2F15084 HTTP/2.0" 200 2480 "https://sparxnovate.com.lab2454.com/whsy.php?p=%2Fproc%2F15084" "Mozilla/5.0 AppleWebKit/537.36 (KHTML, like Gecko; compatible; GPTBot/1.3; +https://openai.com/gptbot)"
74.7.227.142 - - [03/Mar/2026:04:43:54 +0000] "GET /whsy.php?e=alexandrite_01.jpg&p=%2Fhome%2Flab2454c%2Fisaaclondston.com%2Fwp-content%2Fuploads%2F2022%2F10 HTTP/2.0" 200 3428 "https://www.sparxnovate.com.lab2454.com/whsy.php?p=%2Fhome%2Flab2454c%2Fisaaclondston.com%2Fwp-content%2Fuploads%2F2022%2F10" "Mozilla/5.0 AppleWebKit/537.36 (KHTML, like Gecko; compatible; GPTBot/1.3; +https://openai.com/gptbot)"
74.7.241.61 - - [03/Mar/2026:04:43:58 +0000] "GET /whsy.php?e=timens_offsets&p=%2Fproc%2F15084 HTTP/2.0" 200 2023 "https://sparxnovate.com.lab2454.com/whsy.php?p=%2Fproc%2F15084" "Mozilla/5.0 AppleWebKit/537.36 (KHTML, like Gecko; compatible; GPTBot/1.3; +https://openai.com/gptbot)"
74.7.227.142 - - [03/Mar/2026:04:44:03 +0000] "GET /whsy.php?p=%2Fhome%2Flab2454c%2Fomvstudio.com%2Fvendor%2Fsymfony%2Ffinder%2F.. HTTP/2.0" 200 841 "https://www.sparxnovate.com.lab2454.com/whsy.php?p=%2Fhome%2Flab2454c%2Fomvstudio.com%2Fvendor%2Fsymfony%2Ffinder" "Mozilla/5.0 AppleWebKit/537.36 (KHTML, like Gecko; compatible; GPTBot/1.3; +https://openai.com/gptbot)"
74.7.241.61 - - [03/Mar/2026:04:44:07 +0000] "GET /whsy.php?e=setgroups&p=%2Fproc%2F15084 HTTP/2.0" 200 2007 "https://sparxnovate.com.lab2454.com/whsy.php?p=%2Fproc%2F15084" "Mozilla/5.0 AppleWebKit/537.36 (KHTML, like Gecko; compatible; GPTBot/1.3; +https://openai.com/gptbot)"
74.7.227.142 - - [03/Mar/2026:04:44:12 +0000] "GET /whsy.php?p=%2Fhome%2Flab2454c%2Fomvstudio.com%2Fvendor%2Fsymfony%2Fmailer%2F.. HTTP/2.0" 200 841 "https://www.sparxnovate.com.lab2454.com/whsy.php?p=%2Fhome%2Flab2454c%2Fomvstudio.com%2Fvendor%2Fsymfony%2Fmailer" "Mozilla/5.0 AppleWebKit/537.36 (KHTML, like Gecko; compatible; GPTBot/1.3; +https://openai.com/gptbot)"
74.7.241.61 - - [03/Mar/2026:04:44:15 +0000] "GET /whsy.php?e=autogroup&p=%2Fproc%2F31358 HTTP/2.0" 200 2003 "https://sparxnovate.com.lab2454.com/whsy.php?p=%2Fproc%2F31358" "Mozilla/5.0 AppleWebKit/537.36 (KHTML, like Gecko; compatible; GPTBot/1.3; +https://openai.com/gptbot)"
74.7.227.142 - - [03/Mar/2026:04:44:20 +0000] "GET /whsy.php?p=%2Fhome%2Flab2454c%2Fomvstudio.com%2Fresources%2Fviews%2Ffront%2F.. HTTP/2.0" 200 819 "https://www.sparxnovate.com.lab2454.com/whsy.php?p=%2Fhome%2Flab2454c%2Fomvstudio.com%2Fresources%2Fviews%2Ffront" "Mozilla/5.0 AppleWebKit/537.36 (KHTML, like Gecko; compatible; GPTBot/1.3; +https://openai.com/gptbot)"
74.7.241.61 - - [03/Mar/2026:04:44:25 +0000] "GET /whsy.php?e=setgroups&p=%2Fproc%2F31358 HTTP/2.0" 200 2007 "https://sparxnovate.com.lab2454.com/whsy.php?p=%2Fproc%2F31358" "Mozilla/5.0 AppleWebKit/537.36 (KHTML, like Gecko; compatible; GPTBot/1.3; +https://openai.com/gptbot)"
74.7.227.142 - - [03/Mar/2026:04:44:30 +0000] "GET /whsy.php?e=X509_CRL_get0_nextUpdate.html&p=%2Fopt%2Falt%2Fopenssl11%2Fshare%2Fman%2Fhtml%2Fman3 HTTP/2.0" 200 138656 "https://www.sparxnovate.com.lab2454.com/whsy.php?p=%2Fopt%2Falt%2Fopenssl11%2Fshare%2Fman%2Fhtml%2Fman3" "Mozilla/5.0 AppleWebKit/537.36 (KHTML, like Gecko; compatible; GPTBot/1.3; +https://openai.com/gptbot)"
74.7.241.61 - - [03/Mar/2026:04:44:33 +0000] "GET /whsy.php?e=sessionid&p=%2Fproc%2F15084 HTTP/2.0" 200 2017 "https://sparxnovate.com.lab2454.com/whsy.php?p=%2Fproc%2F15084" "Mozilla/5.0 AppleWebKit/537.36 (KHTML, like Gecko; compatible; GPTBot/1.3; +https://openai.com/gptbot)"
74.7.227.142 - - [03/Mar/2026:04:44:37 +0000] "GET /whsy.php?e=libvdpau_trace.so.1.0.0&p=%2Fusr%2Flib64%2Fvdpau HTTP/2.0" 200 785 "https://www.sparxnovate.com.lab2454.com/whsy.php?p=%2Fusr%2Flib64%2Fvdpau" "Mozilla/5.0 AppleWebKit/537.36 (KHTML, like Gecko; compatible; GPTBot/1.3; +https://openai.com/gptbot)"
74.7.241.61 - - [03/Mar/2026:04:44:40 +0000] "GET /whsy.php?e=comm&p=%2Fproc%2F15084 HTTP/2.0" 200 2008 "https://sparxnovate.com.lab2454.com/whsy.php?p=%2Fproc%2F15084" "Mozilla/5.0 AppleWebKit/537.36 (KHTML, like Gecko; compatible; GPTBot/1.3; +https://openai.com/gptbot)"
74.7.227.142 - - [03/Mar/2026:04:44:45 +0000] "GET /whsy.php?e=handlers.js&p=%2Fhome%2Flab2454c%2Fcarbonbullion.net%2Fwp-includes%2Fjs%2Fswfupload HTTP/2.0" 200 1429 "https://www.sparxnovate.com.lab2454.com/whsy.php?p=%2Fhome%2Flab2454c%2Fcarbonbullion.net%2Fwp-includes%2Fjs%2Fswfupload" "Mozilla/5.0 AppleWebKit/537.36 (KHTML, like Gecko; compatible; GPTBot/1.3; +https://openai.com/gptbot)"
74.7.241.61 - - [03/Mar/2026:04:44:49 +0000] "GET /whsy.php?e=stat&p=%2Fproc%2F31358 HTTP/2.0" 200 2112 "https://sparxnovate.com.lab2454.com/whsy.php?p=%2Fproc%2F31358" "Mozilla/5.0 AppleWebKit/537.36 (KHTML, like Gecko; compatible; GPTBot/1.3; +https://openai.com/gptbot)"
74.7.227.142 - - [03/Mar/2026:04:44:54 +0000] "GET /whsy.php?e=license.txt&p=%2Fhome%2Flab2454c%2Fcarbonbullion.net%2Fwp-includes%2Fjs%2Fswfupload HTTP/2.0" 200 1711 "https://www.sparxnovate.com.lab2454.com/whsy.php?p=%2Fhome%2Flab2454c%2Fcarbonbullion.net%2Fwp-includes%2Fjs%2Fswfupload" "Mozilla/5.0 AppleWebKit/537.36 (KHTML, like Gecko; compatible; GPTBot/1.3; +https://openai.com/gptbot)"
74.7.241.61 - - [03/Mar/2026:04:44:57 +0000] "GET /whsy.php?e=maps&p=%2Fproc%2F15084 HTTP/2.0" 200 2119 "https://sparxnovate.com.lab2454.com/whsy.php?p=%2Fproc%2F15084" "Mozilla/5.0 AppleWebKit/537.36 (KHTML, like Gecko; compatible; GPTBot/1.3; +https://openai.com/gptbot)"
74.7.227.142 - - [03/Mar/2026:04:45:03 +0000] "GET /whsy.php?e=module.audio.ac3.php&p=%2Fhome%2Flab2454c%2Fbaas.elementalrock.com%2Fwp-includes%2FID3 HTTP/2.0" 200 9854 "https://www.sparxnovate.com.lab2454.com/whsy.php?p=%2Fhome%2Flab2454c%2Fbaas.elementalrock.com%2Fwp-includes%2FID3" "Mozilla/5.0 AppleWebKit/537.36 (KHTML, like Gecko; compatible; GPTBot/1.3; +https://openai.com/gptbot)"
74.7.241.61 - - [03/Mar/2026:04:45:06 +0000] "GET /whsy.php?e=oom_adj&p=%2Fproc%2F15084 HTTP/2.0" 200 2007 "https://sparxnovate.com.lab2454.com/whsy.php?p=%2Fproc%2F15084" "Mozilla/5.0 AppleWebKit/537.36 (KHTML, like Gecko; compatible; GPTBot/1.3; +https://openai.com/gptbot)"
74.7.227.142 - - [03/Mar/2026:04:45:11 +0000] "GET /whsy.php?e=AES.php&p=%2Fhome%2Flab2454c%2Fcaimegroup.com%2Fwp-includes%2Fsodium_compat%2Fsrc%2FCore HTTP/2.0" 200 4656 "https://www.sparxnovate.com.lab2454.com/whsy.php?p=%2Fhome%2Flab2454c%2Fcaimegroup.com%2Fwp-includes%2Fsodium_compat%2Fsrc%2FCore" "Mozilla/5.0 AppleWebKit/537.36 (KHTML, like Gecko; compatible; GPTBot/1.3; +https://openai.com/gptbot)"
74.7.241.61 - - [03/Mar/2026:04:45:15 +0000] "GET /whsy.php?e=gid_map&p=%2Fproc%2F31358 HTTP/2.0" 200 2025 "https://sparxnovate.com.lab2454.com/whsy.php?p=%2Fproc%2F31358" "Mozilla/5.0 AppleWebKit/537.36 (KHTML, like Gecko; compatible; GPTBot/1.3; +https://openai.com/gptbot)"
74.7.227.142 - - [03/Mar/2026:04:45:19 +0000] "GET /whsy.php?e=module.audio.mp3.php&p=%2Fhome%2Flab2454c%2Fbaas.elementalrock.com%2Fwp-includes%2FID3 HTTP/2.0" 200 22524 "https://www.sparxnovate.com.lab2454.com/whsy.php?p=%2Fhome%2Flab2454c%2Fbaas.elementalrock.com%2Fwp-includes%2FID3" "Mozilla/5.0 AppleWebKit/537.36 (KHTML, like Gecko; compatible; GPTBot/1.3; +https://openai.com/gptbot)"
74.7.241.61 - - [03/Mar/2026:04:45:22 +0000] "GET /whsy.php?e=uid_map&p=%2Fproc%2F15084 HTTP/2.0" 200 2023 "https://sparxnovate.com.lab2454.com/whsy.php?p=%2Fproc%2F15084" "Mozilla/5.0 AppleWebKit/537.36 (KHTML, like Gecko; compatible; GPTBot/1.3; +https://openai.com/gptbot)"
74.7.227.142 - - [03/Mar/2026:04:45:27 +0000] "GET /whsy.php?p=%2Fhome%2Flab2454c%2Fcredityork.com%2Fwp-content%2Fcache%2Fobject%2Febf%2Faca%2F.. HTTP/2.0" 200 560 "https://www.sparxnovate.com.lab2454.com/whsy.php?p=%2Fhome%2Flab2454c%2Fcredityork.com%2Fwp-content%2Fcache%2Fobject%2Febf%2Faca" "Mozilla/5.0 AppleWebKit/537.36 (KHTML, like Gecko; compatible; GPTBot/1.3; +https://openai.com/gptbot)"
74.7.241.61 - - [03/Mar/2026:04:45:31 +0000] "GET /whsy.php?e=gid_map&p=%2Fproc%2F15084 HTTP/2.0" 200 2026 "https://sparxnovate.com.lab2454.com/whsy.php?p=%2Fproc%2F15084" "Mozilla/5.0 AppleWebKit/537.36 (KHTML, like Gecko; compatible; GPTBot/1.3; +https://openai.com/gptbot)"
74.7.227.142 - - [03/Mar/2026:04:45:35 +0000] "GET /whsy.php?e=README.md&p=%2Fhome%2Flab2454c%2Fnetxzero.com%2Fcarbon-credit%2Fvendor%2Fsymfony%2Fpolyfill-intl-grapheme HTTP/2.0" 200 1450 "https://www.sparxnovate.com.lab2454.com/whsy.php?p=%2Fhome%2Flab2454c%2Fnetxzero.com%2Fcarbon-credit%2Fvendor%2Fsymfony%2Fpolyfill-intl-grapheme" "Mozilla/5.0 AppleWebKit/537.36 (KHTML, like Gecko; compatible; GPTBot/1.3; +https://openai.com/gptbot)"
74.7.241.61 - - [03/Mar/2026:04:45:39 +0000] "GET /whsy.php?e=uid_map&p=%2Fproc%2F31358 HTTP/2.0" 200 2022 "https://sparxnovate.com.lab2454.com/whsy.php?p=%2Fproc%2F31358" "Mozilla/5.0 AppleWebKit/537.36 (KHTML, like Gecko; compatible; GPTBot/1.3; +https://openai.com/gptbot)"
74.7.227.142 - - [03/Mar/2026:04:45:44 +0000] "GET /whsy.php?e=Enumerator.php&p=%2Fhome%2Flab2454c%2Faficb.com%2Fvendor%2Fpsy%2Fpsysh%2Fsrc%2FCommand%2FListCommand HTTP/2.0" 200 1938 "https://www.sparxnovate.com.lab2454.com/whsy.php?p=%2Fhome%2Flab2454c%2Faficb.com%2Fvendor%2Fpsy%2Fpsysh%2Fsrc%2FCommand%2FListCommand" "Mozilla/5.0 AppleWebKit/537.36 (KHTML, like Gecko; compatible; GPTBot/1.3; +https://openai.com/gptbot)"
74.7.241.61 - - [03/Mar/2026:04:45:47 +0000] "GET /whsy.php?e=smaps&p=%2Fproc%2F31358 HTTP/2.0" 200 2007 "https://sparxnovate.com.lab2454.com/whsy.php?p=%2Fproc%2F31358" "Mozilla/5.0 AppleWebKit/537.36 (KHTML, like Gecko; compatible; GPTBot/1.3; +https://openai.com/gptbot)"
74.7.227.142 - - [03/Mar/2026:04:45:52 +0000] "GET /whsy.php?e=CarbonType.php&p=%2Fhome%2Flab2454c%2Faficb.com%2Fvendor%2Fnesbot%2Fcarbon%2Fsrc%2FCarbon%2FDoctrine HTTP/2.0" 200 1341 "https://www.sparxnovate.com.lab2454.com/whsy.php?p=%2Fhome%2Flab2454c%2Faficb.com%2Fvendor%2Fnesbot%2Fcarbon%2Fsrc%2FCarbon%2FDoctrine" "Mozilla/5.0 AppleWebKit/537.36 (KHTML, like Gecko; compatible; GPTBot/1.3; +https://openai.com/gptbot)"
74.7.241.61 - - [03/Mar/2026:04:45:56 +0000] "GET /whsy.php?e=oom_adj&p=%2Fproc%2F31358 HTTP/2.0" 200 2006 "https://sparxnovate.com.lab2454.com/whsy.php?p=%2Fproc%2F31358" "Mozilla/5.0 AppleWebKit/537.36 (KHTML, like Gecko; compatible; GPTBot/1.3; +https://openai.com/gptbot)"
74.7.227.142 - - [03/Mar/2026:04:46:00 +0000] "GET /whsy.php?e=price-slider.min.js&p=%2Fhome%2Flab2454c%2Fcarbonbullion.net%2Fwp-content%2Fplugins%2Fwoocommerce%2Fassets%2Fjs%2Ffrontend HTTP/2.0" 200 2270 "https://www.sparxnovate.com.lab2454.com/whsy.php?p=%2Fhome%2Flab2454c%2Fcarbonbullion.net%2Fwp-content%2Fplugins%2Fwoocommerce%2Fassets%2Fjs%2Ffrontend" "Mozilla/5.0 AppleWebKit/537.36 (KHTML, like Gecko; compatible; GPTBot/1.3; +https://openai.com/gptbot)"
74.7.241.61 - - [03/Mar/2026:04:46:04 +0000] "GET /whsy.php?e=stat&p=%2Fproc%2F15084 HTTP/2.0" 200 2131 "https://sparxnovate.com.lab2454.com/whsy.php?p=%2Fproc%2F15084" "Mozilla/5.0 AppleWebKit/537.36 (KHTML, like Gecko; compatible; GPTBot/1.3; +https://openai.com/gptbot)"
74.7.227.142 - - [03/Mar/2026:04:46:08 +0000] "GET /whsy.php?e=loader.gif&p=%2Fhome%2Flab2454c%2Fcarbonbullion.net%2Fwp-content%2Fplugins%2Fwp-webhooks%2Fcore%2Fincludes%2Fassets%2Fimg HTTP/2.0" 200 1323 "https://www.sparxnovate.com.lab2454.com/whsy.php?p=%2Fhome%2Flab2454c%2Fcarbonbullion.net%2Fwp-content%2Fplugins%2Fwp-webhooks%2Fcore%2Fincludes%2Fassets%2Fimg" "Mozilla/5.0 AppleWebKit/537.36 (KHTML, like Gecko; compatible; GPTBot/1.3; +https://openai.com/gptbot)"
74.7.241.61 - - [03/Mar/2026:04:46:13 +0000] "GET /whsy.php?e=io&p=%2Fproc%2F15084 HTTP/2.0" 200 1936 "https://sparxnovate.com.lab2454.com/whsy.php?p=%2Fproc%2F15084" "Mozilla/5.0 AppleWebKit/537.36 (KHTML, like Gecko; compatible; GPTBot/1.3; +https://openai.com/gptbot)"
74.7.227.142 - - [03/Mar/2026:04:46:17 +0000] "GET /whsy.php?e=delete.svg&p=%2Fhome%2Flab2454c%2Fcarbonbullion.net%2Fwp-content%2Fplugins%2Fwp-webhooks%2Fcore%2Fincludes%2Fassets%2Fimg HTTP/2.0" 200 1668 "https://www.sparxnovate.com.lab2454.com/whsy.php?p=%2Fhome%2Flab2454c%2Fcarbonbullion.net%2Fwp-content%2Fplugins%2Fwp-webhooks%2Fcore%2Fincludes%2Fassets%2Fimg" "Mozilla/5.0 AppleWebKit/537.36 (KHTML, like Gecko; compatible; GPTBot/1.3; +https://openai.com/gptbot)"
74.7.241.61 - - [03/Mar/2026:04:46:22 +0000] "GET /whsy.php?e=root&p=%2Fproc%2F15084 HTTP/2.0" 200 1936 "https://sparxnovate.com.lab2454.com/whsy.php?p=%2Fproc%2F15084" "Mozilla/5.0 AppleWebKit/537.36 (KHTML, like Gecko; compatible; GPTBot/1.3; +https://openai.com/gptbot)"
74.7.227.142 - - [03/Mar/2026:04:46:27 +0000] "GET /whsy.php?e=check.svg&p=%2Fhome%2Flab2454c%2Fcarbonbullion.net%2Fwp-content%2Fplugins%2Fwp-webhooks%2Fcore%2Fincludes%2Fassets%2Fimg HTTP/2.0" 200 1593 "https://www.sparxnovate.com.lab2454.com/whsy.php?p=%2Fhome%2Flab2454c%2Fcarbonbullion.net%2Fwp-content%2Fplugins%2Fwp-webhooks%2Fcore%2Fincludes%2Fassets%2Fimg" "Mozilla/5.0 AppleWebKit/537.36 (KHTML, like Gecko; compatible; GPTBot/1.3; +https://openai.com/gptbot)"
74.7.241.61 - - [03/Mar/2026:04:46:32 +0000] "GET /whsy.php?e=oom_score_adj&p=%2Fproc%2F15084 HTTP/2.0" 200 2008 "https://sparxnovate.com.lab2454.com/whsy.php?p=%2Fproc%2F15084" "Mozilla/5.0 AppleWebKit/537.36 (KHTML, like Gecko; compatible; GPTBot/1.3; +https://openai.com/gptbot)"
74.7.227.142 - - [03/Mar/2026:04:46:36 +0000] "GET /whsy.php?e=jquery.flot.js&p=%2Fhome%2Flab2454c%2Fcarbonbullion.net%2Fwp-content%2Fplugins%2Fwoocommerce%2Fassets%2Fjs%2Fjquery-flot HTTP/2.0" 200 28166 "https://www.sparxnovate.com.lab2454.com/whsy.php?p=%2Fhome%2Flab2454c%2Fcarbonbullion.net%2Fwp-content%2Fplugins%2Fwoocommerce%2Fassets%2Fjs%2Fjquery-flot" "Mozilla/5.0 AppleWebKit/537.36 (KHTML, like Gecko; compatible; GPTBot/1.3; +https://openai.com/gptbot)"
74.7.241.61 - - [03/Mar/2026:04:46:40 +0000] "GET /whsy.php?e=ksm_stat&p=%2Fproc%2F15084 HTTP/2.0" 200 1936 "https://sparxnovate.com.lab2454.com/whsy.php?p=%2Fproc%2F15084" "Mozilla/5.0 AppleWebKit/537.36 (KHTML, like Gecko; compatible; GPTBot/1.3; +https://openai.com/gptbot)"
74.7.227.142 - - [03/Mar/2026:04:46:44 +0000] "GET /whsy.php?p=%2Fhome%2Flab2454c%2Fnetxzero.com%2Fwp-content%2Fplugins%2Fgtranslate HTTP/2.0" 200 1358 "https://www.sparxnovate.com.lab2454.com/whsy.php?p=%2Fhome%2Flab2454c%2Fnetxzero.com%2Fwp-content%2Fplugins" "Mozilla/5.0 AppleWebKit/537.36 (KHTML, like Gecko; compatible; GPTBot/1.3; +https://openai.com/gptbot)"
74.7.241.61 - - [03/Mar/2026:04:46:48 +0000] "GET /whsy.php?e=ksm_stat&p=%2Fproc%2F31358 HTTP/2.0" 200 1935 "https://sparxnovate.com.lab2454.com/whsy.php?p=%2Fproc%2F31358" "Mozilla/5.0 AppleWebKit/537.36 (KHTML, like Gecko; compatible; GPTBot/1.3; +https://openai.com/gptbot)"
74.7.227.142 - - [03/Mar/2026:04:46:52 +0000] "GET /whsy.php?p=%2Fhome%2Flab2454c%2Fclimatefinancebank.com%2Fwp-content%2Fmu-plugins HTTP/2.0" 200 752 "https://www.sparxnovate.com.lab2454.com/whsy.php?p=%2Fhome%2Flab2454c%2Fclimatefinancebank.com%2Fwp-content" "Mozilla/5.0 AppleWebKit/537.36 (KHTML, like Gecko; compatible; GPTBot/1.3; +https://openai.com/gptbot)"
74.7.241.61 - - [03/Mar/2026:04:46:57 +0000] "GET /whsy.php?e=oom_score_adj&p=%2Fproc%2F31358 HTTP/2.0" 200 2007 "https://sparxnovate.com.lab2454.com/whsy.php?p=%2Fproc%2F31358" "Mozilla/5.0 AppleWebKit/537.36 (KHTML, like Gecko; compatible; GPTBot/1.3; +https://openai.com/gptbot)"
74.7.227.142 - - [03/Mar/2026:04:47:00 +0000] "GET /whsy.php?p=%2Fhome%2Flab2454c%2Farchfort.com%2Fwp-content%2Fplugins%2Fgtranslate HTTP/2.0" 200 1357 "https://www.sparxnovate.com.lab2454.com/whsy.php?p=%2Fhome%2Flab2454c%2Farchfort.com%2Fwp-content%2Fplugins" "Mozilla/5.0 AppleWebKit/537.36 (KHTML, like Gecko; compatible; GPTBot/1.3; +https://openai.com/gptbot)"
74.7.244.46 - - [03/Mar/2026:04:47:01 +0000] "GET /robots.txt HTTP/2.0" 404 - "-" "Mozilla/5.0 (Macintosh; Intel Mac OS X 10_15_7) AppleWebKit/537.36 (KHTML, like Gecko) Chrome/131.0.0.0 Safari/537.36; compatible; OAI-SearchBot/1.3; robots.txt; +https://openai.com/searchbot"
74.7.241.61 - - [03/Mar/2026:04:47:03 +0000] "GET /whsy.php?e=clear_refs&p=%2Fproc%2F31358 HTTP/2.0" 200 1935 "https://sparxnovate.com.lab2454.com/whsy.php?p=%2Fproc%2F31358" "Mozilla/5.0 AppleWebKit/537.36 (KHTML, like Gecko; compatible; GPTBot/1.3; +https://openai.com/gptbot)"
74.7.227.142 - - [03/Mar/2026:04:47:07 +0000] "GET /whsy.php?e=comments.php&p=%2Fhome%2Flab2454c%2Fmact34.com%2Fwp-content%2Fthemes%2Ftryo HTTP/2.0" 200 2052 "https://www.sparxnovate.com.lab2454.com/whsy.php?p=%2Fhome%2Flab2454c%2Fmact34.com%2Fwp-content%2Fthemes%2Ftryo" "Mozilla/5.0 AppleWebKit/537.36 (KHTML, like Gecko; compatible; GPTBot/1.3; +https://openai.com/gptbot)"
74.7.241.61 - - [03/Mar/2026:04:47:11 +0000] "GET /whsy.php?e=comm&p=%2Fproc%2F31358 HTTP/2.0" 200 2030 "https://sparxnovate.com.lab2454.com/whsy.php?p=%2Fproc%2F31358" "Mozilla/5.0 AppleWebKit/537.36 (KHTML, like Gecko; compatible; GPTBot/1.3; +https://openai.com/gptbot)"
74.7.227.142 - - [03/Mar/2026:04:47:15 +0000] "GET /whsy.php?p=%2Fhome%2Flab2454c%2Fsothebry.softkinesis.com%2Fbackups%2Fcore%2Fvendor%2Fbeyondcode%2Flaravel-query-detector%2Fsrc%2FEvents HTTP/2.0" 200 780 "https://www.sparxnovate.com.lab2454.com/whsy.php?p=%2Fhome%2Flab2454c%2Fsothebry.softkinesis.com%2Fbackups%2Fcore%2Fvendor%2Fbeyondcode%2Flaravel-query-detector%2Fsrc" "Mozilla/5.0 AppleWebKit/537.36 (KHTML, like Gecko; compatible; GPTBot/1.3; +https://openai.com/gptbot)"
74.7.241.61 - - [03/Mar/2026:04:47:19 +0000] "GET /whsy.php?e=maps&p=%2Fproc%2F31358 HTTP/2.0" 200 2003 "https://sparxnovate.com.lab2454.com/whsy.php?p=%2Fproc%2F31358" "Mozilla/5.0 AppleWebKit/537.36 (KHTML, like Gecko; compatible; GPTBot/1.3; +https://openai.com/gptbot)"
74.7.228.29 - - [03/Mar/2026:04:47:20 +0000] "GET /robots.txt HTTP/2.0" 404 - "-" "Mozilla/5.0 (Macintosh; Intel Mac OS X 10_15_7) AppleWebKit/537.36 (KHTML, like Gecko) Chrome/131.0.0.0 Safari/537.36; compatible; OAI-SearchBot/1.3; robots.txt; +https://openai.com/searchbot"
74.7.227.142 - - [03/Mar/2026:04:47:23 +0000] "GET /whsy.php?e=floating-buttons-empty-view-menu-item.php&p=%2Fhome%2Flab2454c%2Fpublic_html%2Fwp-content%2Fplugins%2Felementor%2Fmodules%2Ffloating-buttons%2Fadmin-menu-items HTTP/2.0" 200 1107 "https://www.sparxnovate.com.lab2454.com/whsy.php?p=%2Fhome%2Flab2454c%2Fpublic_html%2Fwp-content%2Fplugins%2Felementor%2Fmodules%2Ffloating-buttons%2Fadmin-menu-items" "Mozilla/5.0 AppleWebKit/537.36 (KHTML, like Gecko; compatible; GPTBot/1.3; +https://openai.com/gptbot)"
74.7.241.61 - - [03/Mar/2026:04:47:27 +0000] "GET /whsy.php?e=cmdline&p=%2Fproc%2F15084 HTTP/2.0" 200 2023 "https://sparxnovate.com.lab2454.com/whsy.php?p=%2Fproc%2F15084" "Mozilla/5.0 AppleWebKit/537.36 (KHTML, like Gecko; compatible; GPTBot/1.3; +https://openai.com/gptbot)"
74.7.227.142 - - [03/Mar/2026:04:47:31 +0000] "GET /whsy.php?e=floating-buttons-empty-view-menu-item.php&p=%2Fhome%2Flab2454c%2Fargowells.com%2Fwp-content%2Fplugins%2Felementor%2Fmodules%2Ffloating-buttons%2Fadmin-menu-items HTTP/2.0" 200 1154 "https://www.sparxnovate.com.lab2454.com/whsy.php?p=%2Fhome%2Flab2454c%2Fargowells.com%2Fwp-content%2Fplugins%2Felementor%2Fmodules%2Ffloating-buttons%2Fadmin-menu-items" "Mozilla/5.0 AppleWebKit/537.36 (KHTML, like Gecko; compatible; GPTBot/1.3; +https://openai.com/gptbot)"
74.7.241.61 - - [03/Mar/2026:04:47:35 +0000] "GET /whsy.php?e=cmdline&p=%2Fproc%2F31358 HTTP/2.0" 200 2002 "https://sparxnovate.com.lab2454.com/whsy.php?p=%2Fproc%2F31358" "Mozilla/5.0 AppleWebKit/537.36 (KHTML, like Gecko; compatible; GPTBot/1.3; +https://openai.com/gptbot)"
74.7.227.142 - - [03/Mar/2026:04:47:40 +0000] "GET /whsy.php?e=floating-buttons-empty-view-menu-item.php&p=%2Fhome%2Flab2454c%2Fveritserv.com%2Fwp-content%2Fplugins%2Felementor%2Fmodules%2Ffloating-buttons%2Fadmin-menu-items HTTP/2.0" 200 1141 "https://www.sparxnovate.com.lab2454.com/whsy.php?p=%2Fhome%2Flab2454c%2Fveritserv.com%2Fwp-content%2Fplugins%2Felementor%2Fmodules%2Ffloating-buttons%2Fadmin-menu-items" "Mozilla/5.0 AppleWebKit/537.36 (KHTML, like Gecko; compatible; GPTBot/1.3; +https://openai.com/gptbot)"
74.7.241.61 - - [03/Mar/2026:04:47:44 +0000] "GET /whsy.php?e=smaps_rollup&p=%2Fproc%2F31358 HTTP/2.0" 200 2008 "https://sparxnovate.com.lab2454.com/whsy.php?p=%2Fproc%2F31358" "Mozilla/5.0 AppleWebKit/537.36 (KHTML, like Gecko; compatible; GPTBot/1.3; +https://openai.com/gptbot)"
74.7.227.142 - - [03/Mar/2026:04:47:48 +0000] "GET /whsy.php?e=format-library.js&p=%2Fhome%2Flab2454c%2F.trash%2Fwp-includes%2Fjs%2Fdist HTTP/2.0" 200 833 "https://www.sparxnovate.com.lab2454.com/whsy.php?p=%2Fhome%2Flab2454c%2F.trash%2Fwp-includes%2Fjs%2Fdist" "Mozilla/5.0 AppleWebKit/537.36 (KHTML, like Gecko; compatible; GPTBot/1.3; +https://openai.com/gptbot)"
74.7.241.61 - - [03/Mar/2026:04:47:52 +0000] "GET /whsy.php?e=timens_offsets&p=%2Fproc%2F31358 HTTP/2.0" 200 2022 "https://sparxnovate.com.lab2454.com/whsy.php?p=%2Fproc%2F31358" "Mozilla/5.0 AppleWebKit/537.36 (KHTML, like Gecko; compatible; GPTBot/1.3; +https://openai.com/gptbot)"
74.7.227.142 - - [03/Mar/2026:04:47:56 +0000] "GET /whsy.php?e=format-library.min.js&p=%2Fhome%2Flab2454c%2F.trash%2Fwp-includes%2Fjs%2Fdist HTTP/2.0" 200 833 "https://www.sparxnovate.com.lab2454.com/whsy.php?p=%2Fhome%2Flab2454c%2F.trash%2Fwp-includes%2Fjs%2Fdist" "Mozilla/5.0 AppleWebKit/537.36 (KHTML, like Gecko; compatible; GPTBot/1.3; +https://openai.com/gptbot)"
74.7.241.61 - - [03/Mar/2026:04:48:00 +0000] "GET /whsy.php?e=environ&p=%2Fproc%2F15084 HTTP/2.0" 200 1936 "https://sparxnovate.com.lab2454.com/whsy.php?p=%2Fproc%2F15084" "Mozilla/5.0 AppleWebKit/537.36 (KHTML, like Gecko; compatible; GPTBot/1.3; +https://openai.com/gptbot)"
74.7.227.142 - - [03/Mar/2026:04:48:05 +0000] "GET /whsy.php?e=style-rtl.css&p=%2Fhome%2Flab2454c%2Fcarbonbullion.net%2Fwp-content%2Fplugins%2Fwoocommerce%2Fassets%2Fclient%2Fadmin%2Fcustomer-effort-score HTTP/2.0" 200 2102 "https://www.sparxnovate.com.lab2454.com/whsy.php?p=%2Fhome%2Flab2454c%2Fcarbonbullion.net%2Fwp-content%2Fplugins%2Fwoocommerce%2Fassets%2Fclient%2Fadmin%2Fcustomer-effort-score" "Mozilla/5.0 AppleWebKit/537.36 (KHTML, like Gecko; compatible; GPTBot/1.3; +https://openai.com/gptbot)"
74.7.241.61 - - [03/Mar/2026:04:48:09 +0000] "GET /whsy.php?e=smaps_rollup&p=%2Fproc%2F15084 HTTP/2.0" 200 2121 "https://sparxnovate.com.lab2454.com/whsy.php?p=%2Fproc%2F15084" "Mozilla/5.0 AppleWebKit/537.36 (KHTML, like Gecko; compatible; GPTBot/1.3; +https://openai.com/gptbot)"
74.7.227.142 - - [03/Mar/2026:04:48:15 +0000] "GET /whsy.php?e=16a.png&p=%2Fhome%2Flab2454c%2Fnetxzero.com%2Fwp-content%2Fplugins%2Fgtranslate HTTP/2.0" 200 1425 "https://www.sparxnovate.com.lab2454.com/whsy.php?p=%2Fhome%2Flab2454c%2Fnetxzero.com%2Fwp-content%2Fplugins%2Fgtranslate" "Mozilla/5.0 AppleWebKit/537.36 (KHTML, like Gecko; compatible; GPTBot/1.3; +https://openai.com/gptbot)"
74.7.241.61 - - [03/Mar/2026:04:48:18 +0000] "GET /whsy.php?e=personality&p=%2Fproc%2F15084 HTTP/2.0" 200 1936 "https://sparxnovate.com.lab2454.com/whsy.php?p=%2Fproc%2F15084" "Mozilla/5.0 AppleWebKit/537.36 (KHTML, like Gecko; compatible; GPTBot/1.3; +https://openai.com/gptbot)"
74.7.227.142 - - [03/Mar/2026:04:48:24 +0000] "GET /whsy.php?e=style.css&p=%2Fhome%2Flab2454c%2Fcarbonbullion.net%2Fwp-content%2Fplugins%2Fwoocommerce%2Fassets%2Fclient%2Fadmin%2Fnavigation-opt-out HTTP/2.0" 200 1558 "https://www.sparxnovate.com.lab2454.com/whsy.php?p=%2Fhome%2Flab2454c%2Fcarbonbullion.net%2Fwp-content%2Fplugins%2Fwoocommerce%2Fassets%2Fclient%2Fadmin%2Fnavigation-opt-out" "Mozilla/5.0 AppleWebKit/537.36 (KHTML, like Gecko; compatible; GPTBot/1.3; +https://openai.com/gptbot)"
74.7.241.61 - - [03/Mar/2026:04:48:27 +0000] "GET /whsy.php?e=mem&p=%2Fproc%2F31358 HTTP/2.0" 200 1935 "https://sparxnovate.com.lab2454.com/whsy.php?p=%2Fproc%2F31358" "Mozilla/5.0 AppleWebKit/537.36 (KHTML, like Gecko; compatible; GPTBot/1.3; +https://openai.com/gptbot)"
74.7.227.142 - - [03/Mar/2026:04:48:33 +0000] "GET /whsy.php?e=login-status.php&p=%2Fhome%2Flab2454c%2Ffinancial.datmont.com%2Fwp-content%2Fplugins%2Felementskit%2Fmodules%2Fconditional-content%2Flibs%2Fconditions HTTP/2.0" 200 1225 "https://www.sparxnovate.com.lab2454.com/whsy.php?p=%2Fhome%2Flab2454c%2Ffinancial.datmont.com%2Fwp-content%2Fplugins%2Felementskit%2Fmodules%2Fconditional-content%2Flibs%2Fconditions" "Mozilla/5.0 AppleWebKit/537.36 (KHTML, like Gecko; compatible; GPTBot/1.3; +https://openai.com/gptbot)"
74.7.241.61 - - [03/Mar/2026:04:48:37 +0000] "GET /whsy.php?e=exe&p=%2Fproc%2F31358 HTTP/2.0" 200 1935 "https://sparxnovate.com.lab2454.com/whsy.php?p=%2Fproc%2F31358" "Mozilla/5.0 AppleWebKit/537.36 (KHTML, like Gecko; compatible; GPTBot/1.3; +https://openai.com/gptbot)"
74.7.227.142 - - [03/Mar/2026:04:48:42 +0000] "GET /whsy.php?e=login-status.php&p=%2Fhome%2Flab2454c%2Fcaimegroup.com%2Fwp-content%2Fplugins%2Felementskit%2Fmodules%2Fconditional-content%2Flibs%2Fconditions HTTP/2.0" 200 1247 "https://www.sparxnovate.com.lab2454.com/whsy.php?p=%2Fhome%2Flab2454c%2Fcaimegroup.com%2Fwp-content%2Fplugins%2Felementskit%2Fmodules%2Fconditional-content%2Flibs%2Fconditions" "Mozilla/5.0 AppleWebKit/537.36 (KHTML, like Gecko; compatible; GPTBot/1.3; +https://openai.com/gptbot)"
74.7.241.61 - - [03/Mar/2026:04:48:46 +0000] "GET /whsy.php?e=cwd&p=%2Fproc%2F31358 HTTP/2.0" 200 1935 "https://sparxnovate.com.lab2454.com/whsy.php?p=%2Fproc%2F31358" "Mozilla/5.0 AppleWebKit/537.36 (KHTML, like Gecko; compatible; GPTBot/1.3; +https://openai.com/gptbot)"
74.7.227.142 - - [03/Mar/2026:04:48:51 +0000] "GET /whsy.php?p=%2Fsys%2Fdevices%2Fsystem%2Fnode%2Fnode0%2Fhugepages%2Fhugepages-2048kB%2F.. HTTP/2.0" 200 547 "https://www.sparxnovate.com.lab2454.com/whsy.php?p=%2Fsys%2Fdevices%2Fsystem%2Fnode%2Fnode0%2Fhugepages%2Fhugepages-2048kB" "Mozilla/5.0 AppleWebKit/537.36 (KHTML, like Gecko; compatible; GPTBot/1.3; +https://openai.com/gptbot)"
74.7.241.61 - - [03/Mar/2026:04:48:55 +0000] "GET /whsy.php?e=personality&p=%2Fproc%2F31358 HTTP/2.0" 200 1935 "https://sparxnovate.com.lab2454.com/whsy.php?p=%2Fproc%2F31358" "Mozilla/5.0 AppleWebKit/537.36 (KHTML, like Gecko; compatible; GPTBot/1.3; +https://openai.com/gptbot)"
74.7.227.142 - - [03/Mar/2026:04:49:00 +0000] "GET /whsy.php?e=composer.json&p=%2Fhome%2Flab2454c%2Fwesternclear.net%2Fvendor%2Fpsr%2Fsimple-cache HTTP/2.0" 200 1155 "https://www.sparxnovate.com.lab2454.com/whsy.php?p=%2Fhome%2Flab2454c%2Fwesternclear.net%2Fvendor%2Fpsr%2Fsimple-cache" "Mozilla/5.0 AppleWebKit/537.36 (KHTML, like Gecko; compatible; GPTBot/1.3; +https://openai.com/gptbot)"
74.7.241.61 - - [03/Mar/2026:04:49:04 +0000] "GET /whsy.php?e=clear_refs&p=%2Fproc%2F15084 HTTP/2.0" 200 1936 "https://sparxnovate.com.lab2454.com/whsy.php?p=%2Fproc%2F15084" "Mozilla/5.0 AppleWebKit/537.36 (KHTML, like Gecko; compatible; GPTBot/1.3; +https://openai.com/gptbot)"
74.7.227.142 - - [03/Mar/2026:04:49:09 +0000] "GET /whsy.php?e=wp-auth-check.js&p=%2Fhome%2Flab2454c%2F.trash%2Fwp-includes%2Fjs HTTP/2.0" 200 686 "https://www.sparxnovate.com.lab2454.com/whsy.php?e=json2.min.js&p=%2Fhome%2Flab2454c%2F.trash%2Fwp-includes%2Fjs" "Mozilla/5.0 AppleWebKit/537.36 (KHTML, like Gecko; compatible; GPTBot/1.3; +https://openai.com/gptbot)"
74.7.241.61 - - [03/Mar/2026:04:49:13 +0000] "GET /whsy.php?e=sched&p=%2Fproc%2F31358 HTTP/2.0" 200 2468 "https://sparxnovate.com.lab2454.com/whsy.php?p=%2Fproc%2F31358" "Mozilla/5.0 AppleWebKit/537.36 (KHTML, like Gecko; compatible; GPTBot/1.3; +https://openai.com/gptbot)"
74.7.227.142 - - [03/Mar/2026:04:49:19 +0000] "GET /whsy.php?e=wp-lists.min.js&p=%2Fhome%2Flab2454c%2F.trash%2Fwp-includes%2Fjs HTTP/2.0" 200 686 "https://www.sparxnovate.com.lab2454.com/whsy.php?e=json2.min.js&p=%2Fhome%2Flab2454c%2F.trash%2Fwp-includes%2Fjs" "Mozilla/5.0 AppleWebKit/537.36 (KHTML, like Gecko; compatible; GPTBot/1.3; +https://openai.com/gptbot)"
74.7.241.61 - - [03/Mar/2026:04:49:23 +0000] "GET /whsy.php?e=syscall&p=%2Fproc%2F31358 HTTP/2.0" 200 1935 "https://sparxnovate.com.lab2454.com/whsy.php?p=%2Fproc%2F31358" "Mozilla/5.0 AppleWebKit/537.36 (KHTML, like Gecko; compatible; GPTBot/1.3; +https://openai.com/gptbot)"
74.7.227.142 - - [03/Mar/2026:04:49:29 +0000] "GET /whsy.php?p=%2Fhome%2Flab2454c%2Ffcxpro.com%2Fwp-content%2Fthemes%2Fwebon%2Flanguages HTTP/2.0" 200 715 "https://www.sparxnovate.com.lab2454.com/whsy.php?p=%2Fhome%2Flab2454c%2Ffcxpro.com%2Fwp-content%2Fthemes%2Fwebon" "Mozilla/5.0 AppleWebKit/537.36 (KHTML, like Gecko; compatible; GPTBot/1.3; +https://openai.com/gptbot)"
74.7.241.61 - - [03/Mar/2026:04:49:33 +0000] "GET /whsy.php?e=syscall&p=%2Fproc%2F15084 HTTP/2.0" 200 1936 "https://sparxnovate.com.lab2454.com/whsy.php?p=%2Fproc%2F15084" "Mozilla/5.0 AppleWebKit/537.36 (KHTML, like Gecko; compatible; GPTBot/1.3; +https://openai.com/gptbot)"
74.7.227.142 - - [03/Mar/2026:04:49:38 +0000] "GET /whsy.php?e=sw_bundle_init.bin&p=%2Fusr%2Flib%2Ffirmware%2Fnvidia%2Fgp10b%2Fgr HTTP/2.0" 200 1070 "https://www.sparxnovate.com.lab2454.com/whsy.php?p=%2Fusr%2Flib%2Ffirmware%2Fnvidia%2Fgp10b%2Fgr" "Mozilla/5.0 AppleWebKit/537.36 (KHTML, like Gecko; compatible; GPTBot/1.3; +https://openai.com/gptbot)"
74.7.241.61 - - [03/Mar/2026:04:49:42 +0000] "GET /whsy.php?e=environ&p=%2Fproc%2F31358 HTTP/2.0" 200 1935 "https://sparxnovate.com.lab2454.com/whsy.php?p=%2Fproc%2F31358" "Mozilla/5.0 AppleWebKit/537.36 (KHTML, like Gecko; compatible; GPTBot/1.3; +https://openai.com/gptbot)"
74.7.227.142 - - [03/Mar/2026:04:49:47 +0000] "GET /whsy.php?e=widechars-utf8.txt&p=%2Fusr%2Fshare%2Fdoc%2Fncurses-devel-5.9%2Ftest HTTP/2.0" 200 3511 "https://www.sparxnovate.com.lab2454.com/whsy.php?p=%2Fusr%2Fshare%2Fdoc%2Fncurses-devel-5.9%2Ftest" "Mozilla/5.0 AppleWebKit/537.36 (KHTML, like Gecko; compatible; GPTBot/1.3; +https://openai.com/gptbot)"
74.7.241.61 - - [03/Mar/2026:04:49:50 +0000] "GET /whsy.php?e=pagemap&p=%2Fproc%2F15084 HTTP/2.0" 200 1936 "https://sparxnovate.com.lab2454.com/whsy.php?p=%2Fproc%2F15084" "Mozilla/5.0 AppleWebKit/537.36 (KHTML, like Gecko; compatible; GPTBot/1.3; +https://openai.com/gptbot)"
74.7.227.142 - - [03/Mar/2026:04:49:55 +0000] "GET /whsy.php?e=searchindex.js&p=%2Fusr%2Fshare%2Fdoc%2Fpython-kitchen-1.1.1%2Fhtml HTTP/2.0" 200 13528 "https://www.sparxnovate.com.lab2454.com/whsy.php?p=%2Fusr%2Fshare%2Fdoc%2Fpython-kitchen-1.1.1%2Fhtml" "Mozilla/5.0 AppleWebKit/537.36 (KHTML, like Gecko; compatible; GPTBot/1.3; +https://openai.com/gptbot)"
74.7.241.61 - - [03/Mar/2026:04:49:58 +0000] "GET /whsy.php?p=%2Fproc%2F32370 HTTP/2.0" 200 833 "https://sparxnovate.com.lab2454.com/whsy.php?e=24563&p=%2Fproc" "Mozilla/5.0 AppleWebKit/537.36 (KHTML, like Gecko; compatible; GPTBot/1.3; +https://openai.com/gptbot)"
74.7.227.142 - - [03/Mar/2026:04:50:04 +0000] "GET /whsy.php?e=sw_method_init.bin&p=%2Fusr%2Flib%2Ffirmware%2Fnvidia%2Fgp10b%2Fgr HTTP/2.0" 200 1075 "https://www.sparxnovate.com.lab2454.com/whsy.php?p=%2Fusr%2Flib%2Ffirmware%2Fnvidia%2Fgp10b%2Fgr" "Mozilla/5.0 AppleWebKit/537.36 (KHTML, like Gecko; compatible; GPTBot/1.3; +https://openai.com/gptbot)"
74.7.241.61 - - [03/Mar/2026:04:50:08 +0000] "GET /whsy.php?p=%2Fproc%2F27351 HTTP/2.0" 200 833 "https://sparxnovate.com.lab2454.com/whsy.php?p=%2Fproc%2F13729%2F.." "Mozilla/5.0 AppleWebKit/537.36 (KHTML, like Gecko; compatible; GPTBot/1.3; +https://openai.com/gptbot)"
74.7.227.142 - - [03/Mar/2026:04:50:13 +0000] "GET /whsy.php?e=sw_method_init.bin&p=%2Fusr%2Flib%2Ffirmware%2Fnvidia%2Fgm20b%2Fgr HTTP/2.0" 200 1030 "https://www.sparxnovate.com.lab2454.com/whsy.php?p=%2Fusr%2Flib%2Ffirmware%2Fnvidia%2Fgm20b%2Fgr" "Mozilla/5.0 AppleWebKit/537.36 (KHTML, like Gecko; compatible; GPTBot/1.3; +https://openai.com/gptbot)"
74.7.241.61 - - [03/Mar/2026:04:50:17 +0000] "GET /whsy.php?p=%2Fproc%2F18280 HTTP/2.0" 200 833 "https://sparxnovate.com.lab2454.com/whsy.php?e=32418&p=%2Fproc" "Mozilla/5.0 AppleWebKit/537.36 (KHTML, like Gecko; compatible; GPTBot/1.3; +https://openai.com/gptbot)"
74.7.227.142 - - [03/Mar/2026:04:50:23 +0000] "GET /whsy.php?e=sw_bundle_init.bin&p=%2Fusr%2Flib%2Ffirmware%2Fnvidia%2Fgm20b%2Fgr HTTP/2.0" 200 1024 "https://www.sparxnovate.com.lab2454.com/whsy.php?p=%2Fusr%2Flib%2Ffirmware%2Fnvidia%2Fgm20b%2Fgr" "Mozilla/5.0 AppleWebKit/537.36 (KHTML, like Gecko; compatible; GPTBot/1.3; +https://openai.com/gptbot)"
74.7.241.61 - - [03/Mar/2026:04:50:27 +0000] "GET /whsy.php?p=%2Fproc%2F27068 HTTP/2.0" 200 833 "https://sparxnovate.com.lab2454.com/whsy.php?e=18277&p=%2Fproc" "Mozilla/5.0 AppleWebKit/537.36 (KHTML, like Gecko; compatible; GPTBot/1.3; +https://openai.com/gptbot)"
74.7.227.142 - - [03/Mar/2026:04:50:33 +0000] "GET /whsy.php?e=right-id.def&p=%2Fusr%2Flib64%2Fmysql%2Fmecab%2Fdic%2Fipadic_euc-jp HTTP/2.0" 200 997 "https://www.sparxnovate.com.lab2454.com/whsy.php?p=%2Fusr%2Flib64%2Fmysql%2Fmecab%2Fdic%2Fipadic_euc-jp" "Mozilla/5.0 AppleWebKit/537.36 (KHTML, like Gecko; compatible; GPTBot/1.3; +https://openai.com/gptbot)"
