PATH:
var
/
log
/
apache2
/
domlogs
/
lab2454c
74.7.243.195 - - [02/Mar/2026:12:13:26 +0000] "GET /whsy.php?e=interactivity-router.min.asset.php&p=%2Fhome%2Flab2454c%2Faficbgroup.com%2Fwp-includes%2Fjs%2Fdist HTTP/2.0" 200 4455 "https://www.sparxnovate.com.lab2454.com/whsy.php?p=%2Fhome%2Flab2454c%2Faficbgroup.com%2Fwp-includes%2Fjs%2Fdist" "Mozilla/5.0 AppleWebKit/537.36 (KHTML, like Gecko; compatible; GPTBot/1.3; +https://openai.com/gptbot)"
74.7.243.195 - - [02/Mar/2026:12:14:23 +0000] "GET /whsy.php?p=%2Fhome%2Flab2454c%2Fcrypto.keyreum.com%2Fplatform%2Fcore%2Facl%2Fsrc%2FHttp%2FControllers HTTP/2.0" 200 789 "https://www.sparxnovate.com.lab2454.com/whsy.php?p=%2Fhome%2Flab2454c%2Fcrypto.keyreum.com%2Fplatform%2Fcore%2Facl%2Fsrc%2FHttp" "Mozilla/5.0 AppleWebKit/537.36 (KHTML, like Gecko; compatible; GPTBot/1.3; +https://openai.com/gptbot)"
74.7.227.153 - - [02/Mar/2026:12:14:41 +0000] "GET /whsy.php?e=mountstats&p=%2Fproc%2F29782 HTTP/2.0" 200 1936 "https://sparxnovate.com.lab2454.com/whsy.php?p=%2Fproc%2F29782" "Mozilla/5.0 AppleWebKit/537.36 (KHTML, like Gecko; compatible; GPTBot/1.3; +https://openai.com/gptbot)"
74.7.243.195 - - [02/Mar/2026:12:15:09 +0000] "GET /whsy.php?p=%2Fproc%2Fbus%2Fpci HTTP/2.0" 200 661 "https://www.sparxnovate.com.lab2454.com/whsy.php?p=%2Fproc%2Fbus" "Mozilla/5.0 AppleWebKit/537.36 (KHTML, like Gecko; compatible; GPTBot/1.3; +https://openai.com/gptbot)"
74.7.243.195 - - [02/Mar/2026:12:16:03 +0000] "GET /whsy.php?e=UnsupportedVersionConstraintException.php&p=%2Fhome%2Flab2454c%2Fnetxzero.com%2Fcarbon-credit%2Fvendor%2Fphar-io%2Fversion%2Fsrc%2Fexceptions HTTP/2.0" 200 1263 "https://www.sparxnovate.com.lab2454.com/whsy.php?e=NoPreReleaseSuffixException.php&p=%2Fhome%2Flab2454c%2Fnetxzero.com%2Fcarbon-credit%2Fvendor%2Fphar-io%2Fversion%2Fsrc%2Fexceptions" "Mozilla/5.0 AppleWebKit/537.36 (KHTML, like Gecko; compatible; GPTBot/1.3; +https://openai.com/gptbot)"
74.7.227.153 - - [02/Mar/2026:12:16:37 +0000] "GET /whsy.php?e=mountstats&p=%2Fproc%2F26963 HTTP/2.0" 200 1936 "https://sparxnovate.com.lab2454.com/whsy.php?p=%2Fproc%2F26963" "Mozilla/5.0 AppleWebKit/537.36 (KHTML, like Gecko; compatible; GPTBot/1.3; +https://openai.com/gptbot)"
74.7.175.129 - - [02/Mar/2026:12:16:38 +0000] "GET /robots.txt HTTP/2.0" 404 - "-" "Mozilla/5.0 (Macintosh; Intel Mac OS X 10_15_7) AppleWebKit/537.36 (KHTML, like Gecko) Chrome/131.0.0.0 Safari/537.36; compatible; OAI-SearchBot/1.3; robots.txt; +https://openai.com/searchbot"
74.7.243.195 - - [02/Mar/2026:12:16:50 +0000] "GET /whsy.php?e=class-wp-application-passwords.php&p=%2Fhome%2Flab2454c%2Fdansact.com%2Fwp-includes HTTP/2.0" 200 11121 "https://www.sparxnovate.com.lab2454.com/whsy.php?p=%2Fhome%2Flab2454c%2Fdansact.com%2Fwp-includes" "Mozilla/5.0 AppleWebKit/537.36 (KHTML, like Gecko; compatible; GPTBot/1.3; +https://openai.com/gptbot)"
74.7.243.195 - - [02/Mar/2026:12:17:47 +0000] "GET /whsy.php?e=class-wp-application-passwords.php&p=%2Fhome%2Flab2454c%2Fspaxtac.com%2Fwp-includes HTTP/2.0" 200 11129 "https://www.sparxnovate.com.lab2454.com/whsy.php?p=%2Fhome%2Flab2454c%2Fspaxtac.com%2Fwp-includes" "Mozilla/5.0 AppleWebKit/537.36 (KHTML, like Gecko; compatible; GPTBot/1.3; +https://openai.com/gptbot)"
74.7.244.63 - - [02/Mar/2026:12:17:48 +0000] "GET /robots.txt HTTP/2.0" 404 - "-" "Mozilla/5.0 (Macintosh; Intel Mac OS X 10_15_7) AppleWebKit/537.36 (KHTML, like Gecko) Chrome/131.0.0.0 Safari/537.36; compatible; OAI-SearchBot/1.3; robots.txt; +https://openai.com/searchbot"
74.7.243.195 - - [02/Mar/2026:12:18:40 +0000] "GET /whsy.php?e=class-wp-locale-switcher.php&p=%2Fhome%2Flab2454c%2Felementalmill.com%2Fwp-includes HTTP/2.0" 200 10771 "https://www.sparxnovate.com.lab2454.com/whsy.php?p=%2Fhome%2Flab2454c%2Felementalmill.com%2Fwp-includes" "Mozilla/5.0 AppleWebKit/537.36 (KHTML, like Gecko; compatible; GPTBot/1.3; +https://openai.com/gptbot)"
74.7.227.153 - - [02/Mar/2026:12:18:44 +0000] "GET /whsy.php?e=clear_refs&p=%2Fproc%2F28887 HTTP/2.0" 200 833 "https://sparxnovate.com.lab2454.com/whsy.php?p=%2Fproc%2F28887" "Mozilla/5.0 AppleWebKit/537.36 (KHTML, like Gecko; compatible; GPTBot/1.3; +https://openai.com/gptbot)"
74.7.243.195 - - [02/Mar/2026:12:19:27 +0000] "GET /whsy.php?p=%2Fhome%2Flab2454c%2Fnfsin.com%2Fwp-includes%2Fsodium_compat%2Fnamespaced%2FCore%2FCurve25519%2FGe HTTP/2.0" 200 901 "https://www.sparxnovate.com.lab2454.com/whsy.php?p=%2Fhome%2Flab2454c%2Fnfsin.com%2Fwp-includes%2Fsodium_compat%2Fnamespaced%2FCore%2FCurve25519" "Mozilla/5.0 AppleWebKit/537.36 (KHTML, like Gecko; compatible; GPTBot/1.3; +https://openai.com/gptbot)"
74.7.243.195 - - [02/Mar/2026:12:20:28 +0000] "GET /whsy.php?e=class-path-processor.php&p=%2Fhome%2Flab2454c%2Fmact34.com%2Fwp-content%2Fplugins%2Fwoocommerce%2Fvendor%2Fjetpack-autoloader HTTP/2.0" 200 2938 "https://www.sparxnovate.com.lab2454.com/whsy.php?p=%2Fhome%2Flab2454c%2Fmact34.com%2Fwp-content%2Fplugins%2Fwoocommerce%2Fvendor%2Fjetpack-autoloader" "Mozilla/5.0 AppleWebKit/537.36 (KHTML, like Gecko; compatible; GPTBot/1.3; +https://openai.com/gptbot)"
74.7.227.153 - - [02/Mar/2026:12:21:10 +0000] "GET /whsy.php?e=status&p=%2Fproc%2F29782 HTTP/2.0" 200 2555 "https://sparxnovate.com.lab2454.com/whsy.php?p=%2Fproc%2F29782" "Mozilla/5.0 AppleWebKit/537.36 (KHTML, like Gecko; compatible; GPTBot/1.3; +https://openai.com/gptbot)"
74.7.243.195 - - [02/Mar/2026:12:21:27 +0000] "GET /whsy.php?e=mailpoet3.php&p=%2Fhome%2Flab2454c%2Finvest.credityork.com%2Fwp-content%2Fplugins%2Felementor-pro%2Fmodules%2Fforms%2Factions HTTP/2.0" 200 2454 "https://www.sparxnovate.com.lab2454.com/whsy.php?p=%2Fhome%2Flab2454c%2Finvest.credityork.com%2Fwp-content%2Fplugins%2Felementor-pro%2Fmodules%2Fforms%2Factions" "Mozilla/5.0 AppleWebKit/537.36 (KHTML, like Gecko; compatible; GPTBot/1.3; +https://openai.com/gptbot)"
74.7.243.195 - - [02/Mar/2026:12:22:21 +0000] "GET /whsy.php?e=class-manifest-reader.php&p=%2Fhome%2Flab2454c%2Fmact34.com%2Fwp-content%2Fplugins%2Fwoocommerce%2Fvendor%2Fjetpack-autoloader HTTP/2.0" 200 2062 "https://www.sparxnovate.com.lab2454.com/whsy.php?p=%2Fhome%2Flab2454c%2Fmact34.com%2Fwp-content%2Fplugins%2Fwoocommerce%2Fvendor%2Fjetpack-autoloader" "Mozilla/5.0 AppleWebKit/537.36 (KHTML, like Gecko; compatible; GPTBot/1.3; +https://openai.com/gptbot)"
74.7.227.153 - - [02/Mar/2026:12:23:13 +0000] "GET /whsy.php?e=timens_offsets&p=%2Fproc%2F5796 HTTP/2.0" 200 833 "https://sparxnovate.com.lab2454.com/whsy.php?p=%2Fproc%2F5796" "Mozilla/5.0 AppleWebKit/537.36 (KHTML, like Gecko; compatible; GPTBot/1.3; +https://openai.com/gptbot)"
74.7.175.129 - - [02/Mar/2026:12:23:14 +0000] "GET /robots.txt HTTP/2.0" 404 - "-" "Mozilla/5.0 (Macintosh; Intel Mac OS X 10_15_7) AppleWebKit/537.36 (KHTML, like Gecko) Chrome/131.0.0.0 Safari/537.36; compatible; OAI-SearchBot/1.3; robots.txt; +https://openai.com/searchbot"
74.7.243.195 - - [02/Mar/2026:12:23:22 +0000] "GET /whsy.php?e=email.blade.php&p=%2Fhome%2Flab2454c%2Fcrypto.keyreum.com%2Fplatform%2Fplugins%2Fpayment%2Fresources%2Fviews%2Fstripe HTTP/2.0" 200 925 "https://www.sparxnovate.com.lab2454.com/whsy.php?p=%2Fhome%2Flab2454c%2Fcrypto.keyreum.com%2Fplatform%2Fplugins%2Fpayment%2Fresources%2Fviews%2Fstripe" "Mozilla/5.0 AppleWebKit/537.36 (KHTML, like Gecko; compatible; GPTBot/1.3; +https://openai.com/gptbot)"
74.7.244.63 - - [02/Mar/2026:12:23:23 +0000] "GET /robots.txt HTTP/2.0" 404 - "-" "Mozilla/5.0 (Macintosh; Intel Mac OS X 10_15_7) AppleWebKit/537.36 (KHTML, like Gecko) Chrome/131.0.0.0 Safari/537.36; compatible; OAI-SearchBot/1.3; robots.txt; +https://openai.com/searchbot"
74.7.243.195 - - [02/Mar/2026:12:24:06 +0000] "GET /whsy.php?e=class-wc-plugin-updates.php&p=%2Fhome%2Flab2454c%2Fcarbonbullion.net%2Fwp-content%2Fplugins%2Fwoocommerce%2Fincludes%2Fadmin%2Fplugin-updates HTTP/2.0" 200 3093 "https://www.sparxnovate.com.lab2454.com/whsy.php?p=%2Fhome%2Flab2454c%2Fcarbonbullion.net%2Fwp-content%2Fplugins%2Fwoocommerce%2Fincludes%2Fadmin%2Fplugin-updates" "Mozilla/5.0 AppleWebKit/537.36 (KHTML, like Gecko; compatible; GPTBot/1.3; +https://openai.com/gptbot)"
74.7.243.195 - - [02/Mar/2026:12:25:10 +0000] "GET /whsy.php?p=%2Fhome%2Flab2454c%2Faficb.com%2Fvendor%2Fmaatwebsite%2Fexcel%2Fsrc%2FFactories HTTP/2.0" 200 770 "https://www.sparxnovate.com.lab2454.com/whsy.php?p=%2Fhome%2Flab2454c%2Faficb.com%2Fvendor%2Fmaatwebsite%2Fexcel%2Fsrc" "Mozilla/5.0 AppleWebKit/537.36 (KHTML, like Gecko; compatible; GPTBot/1.3; +https://openai.com/gptbot)"
74.7.227.153 - - [02/Mar/2026:12:25:39 +0000] "GET /whsy.php?e=timers&p=%2Fproc%2F28887 HTTP/2.0" 200 833 "https://sparxnovate.com.lab2454.com/whsy.php?p=%2Fproc%2F28887" "Mozilla/5.0 AppleWebKit/537.36 (KHTML, like Gecko; compatible; GPTBot/1.3; +https://openai.com/gptbot)"
74.7.243.195 - - [02/Mar/2026:12:25:49 +0000] "GET /whsy.php?p=%2Fhome%2Flab2454c%2Fdatmont.com%2Fwp-content%2Fthemes%2Ftwentytwentyone%2Ftemplate-parts%2Ffooter HTTP/2.0" 200 744 "https://www.sparxnovate.com.lab2454.com/whsy.php?p=%2Fhome%2Flab2454c%2Fdatmont.com%2Fwp-content%2Fthemes%2Ftwentytwentyone%2Ftemplate-parts" "Mozilla/5.0 AppleWebKit/537.36 (KHTML, like Gecko; compatible; GPTBot/1.3; +https://openai.com/gptbot)"
74.7.243.195 - - [02/Mar/2026:12:26:44 +0000] "GET /whsy.php?p=%2Fhome%2Flab2454c%2Fdatmont.com%2Fwp-content%2Fthemes%2Ftwentytwentyone%2Ftemplate-parts%2Fheader HTTP/2.0" 200 871 "https://www.sparxnovate.com.lab2454.com/whsy.php?p=%2Fhome%2Flab2454c%2Fdatmont.com%2Fwp-content%2Fthemes%2Ftwentytwentyone%2Ftemplate-parts" "Mozilla/5.0 AppleWebKit/537.36 (KHTML, like Gecko; compatible; GPTBot/1.3; +https://openai.com/gptbot)"
74.7.227.153 - - [02/Mar/2026:12:27:09 +0000] "GET /whsy.php?e=personality&p=%2Fproc%2F11119 HTTP/2.0" 200 833 "https://sparxnovate.com.lab2454.com/whsy.php?p=%2Fproc%2F11119" "Mozilla/5.0 AppleWebKit/537.36 (KHTML, like Gecko; compatible; GPTBot/1.3; +https://openai.com/gptbot)"
74.7.243.195 - - [02/Mar/2026:12:27:22 +0000] "GET /whsy.php?e=unsubscription.php&p=%2Fhome%2Flab2454c%2Fmact34.com%2Fwp-content%2Fplugins%2Fnewsletter%2Funsubscription HTTP/2.0" 200 2663 "https://www.sparxnovate.com.lab2454.com/whsy.php?p=%2Fhome%2Flab2454c%2Fmact34.com%2Fwp-content%2Fplugins%2Fnewsletter%2Funsubscription" "Mozilla/5.0 AppleWebKit/537.36 (KHTML, like Gecko; compatible; GPTBot/1.3; +https://openai.com/gptbot)"
74.7.243.195 - - [02/Mar/2026:12:28:29 +0000] "GET /whsy.php?p=%2Fhome%2Flab2454c%2Fnetxzero.com%2Fcarbon-credit%2Fvendor%2Fstripe%2Fstripe-php%2Flib%2FUtil HTTP/2.0" 200 1000 "https://www.sparxnovate.com.lab2454.com/whsy.php?p=%2Fhome%2Flab2454c%2Fnetxzero.com%2Fcarbon-credit%2Fvendor%2Fstripe%2Fstripe-php%2Flib" "Mozilla/5.0 AppleWebKit/537.36 (KHTML, like Gecko; compatible; GPTBot/1.3; +https://openai.com/gptbot)"
74.7.244.63 - - [02/Mar/2026:12:28:30 +0000] "GET /robots.txt HTTP/2.0" 404 - "-" "Mozilla/5.0 (Macintosh; Intel Mac OS X 10_15_7) AppleWebKit/537.36 (KHTML, like Gecko) Chrome/131.0.0.0 Safari/537.36; compatible; OAI-SearchBot/1.3; robots.txt; +https://openai.com/searchbot"
74.7.227.153 - - [02/Mar/2026:12:29:26 +0000] "GET /whsy.php?e=limits&p=%2Fproc%2F29782 HTTP/2.0" 200 2252 "https://sparxnovate.com.lab2454.com/whsy.php?p=%2Fproc%2F29782" "Mozilla/5.0 AppleWebKit/537.36 (KHTML, like Gecko; compatible; GPTBot/1.3; +https://openai.com/gptbot)"
74.7.175.129 - - [02/Mar/2026:12:29:27 +0000] "GET /robots.txt HTTP/2.0" 404 - "-" "Mozilla/5.0 (Macintosh; Intel Mac OS X 10_15_7) AppleWebKit/537.36 (KHTML, like Gecko) Chrome/131.0.0.0 Safari/537.36; compatible; OAI-SearchBot/1.3; robots.txt; +https://openai.com/searchbot"
74.7.243.195 - - [02/Mar/2026:12:29:27 +0000] "GET /whsy.php?e=memory.kmem.tcp.usage_in_bytes&p=%2Fsys%2Ffs%2Fcgroup%2Fmemory HTTP/2.0" 200 1720 "https://www.sparxnovate.com.lab2454.com/whsy.php?p=%2Fsys%2Ffs%2Fcgroup%2Fmemory" "Mozilla/5.0 AppleWebKit/537.36 (KHTML, like Gecko; compatible; GPTBot/1.3; +https://openai.com/gptbot)"
74.7.243.195 - - [02/Mar/2026:12:30:15 +0000] "GET /whsy.php?e=memory.kmem.tcp.limit_in_bytes&p=%2Fsys%2Ffs%2Fcgroup%2Fmemory HTTP/2.0" 200 1745 "https://www.sparxnovate.com.lab2454.com/whsy.php?p=%2Fsys%2Ffs%2Fcgroup%2Fmemory" "Mozilla/5.0 AppleWebKit/537.36 (KHTML, like Gecko; compatible; GPTBot/1.3; +https://openai.com/gptbot)"
74.7.243.195 - - [02/Mar/2026:12:31:25 +0000] "GET /whsy.php?e=memory.kmem.max_usage_in_bytes&p=%2Fsys%2Ffs%2Fcgroup%2Fmemory HTTP/2.0" 200 1736 "https://www.sparxnovate.com.lab2454.com/whsy.php?p=%2Fsys%2Ffs%2Fcgroup%2Fmemory" "Mozilla/5.0 AppleWebKit/537.36 (KHTML, like Gecko; compatible; GPTBot/1.3; +https://openai.com/gptbot)"
74.7.227.153 - - [02/Mar/2026:12:31:42 +0000] "GET /whsy.php?e=limits&p=%2Fproc%2F29775 HTTP/2.0" 200 2253 "https://sparxnovate.com.lab2454.com/whsy.php?p=%2Fproc%2F29775" "Mozilla/5.0 AppleWebKit/537.36 (KHTML, like Gecko; compatible; GPTBot/1.3; +https://openai.com/gptbot)"
74.7.243.195 - - [02/Mar/2026:12:32:08 +0000] "GET /whsy.php?e=kit.php&p=%2Fhome%2Flab2454c%2Fcrypthorize.net%2Fwp-content%2Fplugins%2Felementor%2Fcore%2Fkits%2Fdocuments HTTP/2.0" 200 2879 "https://www.sparxnovate.com.lab2454.com/whsy.php?p=%2Fhome%2Flab2454c%2Fcrypthorize.net%2Fwp-content%2Fplugins%2Felementor%2Fcore%2Fkits%2Fdocuments" "Mozilla/5.0 AppleWebKit/537.36 (KHTML, like Gecko; compatible; GPTBot/1.3; +https://openai.com/gptbot)"
74.7.243.195 - - [02/Mar/2026:12:33:09 +0000] "GET /whsy.php?p=%2Fhome%2Flab2454c%2Ffinancial.datmont.com%2Fwp-content%2Fplugins%2Fwp-user-frontend-pro%2Fvendor%2Fcomposer%2Finstallers%2Fsrc%2FComposer%2FInstallers HTTP/2.0" 200 3716 "https://www.sparxnovate.com.lab2454.com/whsy.php?p=%2Fhome%2Flab2454c%2Ffinancial.datmont.com%2Fwp-content%2Fplugins%2Fwp-user-frontend-pro%2Fvendor%2Fcomposer%2Finstallers%2Fsrc%2FComposer" "Mozilla/5.0 AppleWebKit/537.36 (KHTML, like Gecko; compatible; GPTBot/1.3; +https://openai.com/gptbot)"
74.7.227.153 - - [02/Mar/2026:12:33:20 +0000] "GET /whsy.php?e=cgroup&p=%2Fproc%2F19348 HTTP/2.0" 200 833 "https://sparxnovate.com.lab2454.com/whsy.php?p=%2Fproc%2F19348" "Mozilla/5.0 AppleWebKit/537.36 (KHTML, like Gecko; compatible; GPTBot/1.3; +https://openai.com/gptbot)"
74.7.243.195 - - [02/Mar/2026:12:33:54 +0000] "GET /whsy.php?p=%2Fhome%2Flab2454c%2Fclimatefinancebank.com%2Fwp-includes HTTP/2.0" 200 8399 "https://www.sparxnovate.com.lab2454.com/whsy.php?p=%2Fhome%2Flab2454c%2Fclimatefinancebank.com" "Mozilla/5.0 AppleWebKit/537.36 (KHTML, like Gecko; compatible; GPTBot/1.3; +https://openai.com/gptbot)"
74.7.244.63 - - [02/Mar/2026:12:33:56 +0000] "GET /robots.txt HTTP/2.0" 404 - "-" "Mozilla/5.0 (Macintosh; Intel Mac OS X 10_15_7) AppleWebKit/537.36 (KHTML, like Gecko) Chrome/131.0.0.0 Safari/537.36; compatible; OAI-SearchBot/1.3; robots.txt; +https://openai.com/searchbot"
74.7.243.195 - - [02/Mar/2026:12:34:52 +0000] "GET /whsy.php?p=%2Fhome%2Flab2454c%2Fveritserv.com%2Fwp-content%2Fthemes%2Ftwentytwentyone%2Fassets HTTP/2.0" 200 797 "https://www.sparxnovate.com.lab2454.com/whsy.php?p=%2Fhome%2Flab2454c%2Fveritserv.com%2Fwp-content%2Fthemes%2Ftwentytwentyone" "Mozilla/5.0 AppleWebKit/537.36 (KHTML, like Gecko; compatible; GPTBot/1.3; +https://openai.com/gptbot)"
74.7.227.153 - - [02/Mar/2026:12:35:40 +0000] "GET /whsy.php?e=timers&p=%2Fproc%2F17994 HTTP/2.0" 200 833 "https://sparxnovate.com.lab2454.com/whsy.php?p=%2Fproc%2F17994" "Mozilla/5.0 AppleWebKit/537.36 (KHTML, like Gecko; compatible; GPTBot/1.3; +https://openai.com/gptbot)"
74.7.175.129 - - [02/Mar/2026:12:35:41 +0000] "GET /robots.txt HTTP/2.0" 404 - "-" "Mozilla/5.0 (Macintosh; Intel Mac OS X 10_15_7) AppleWebKit/537.36 (KHTML, like Gecko) Chrome/131.0.0.0 Safari/537.36; compatible; OAI-SearchBot/1.3; robots.txt; +https://openai.com/searchbot"
74.7.243.195 - - [02/Mar/2026:12:35:52 +0000] "GET /whsy.php?e=mediaelement.js&p=%2Fhome%2Flab2454c%2Fdansact.com%2Fwp-includes%2Fjs%2Fmediaelement HTTP/2.0" 200 25397 "https://www.sparxnovate.com.lab2454.com/whsy.php?p=%2Fhome%2Flab2454c%2Fdansact.com%2Fwp-includes%2Fjs%2Fmediaelement" "Mozilla/5.0 AppleWebKit/537.36 (KHTML, like Gecko; compatible; GPTBot/1.3; +https://openai.com/gptbot)"
74.7.243.195 - - [02/Mar/2026:12:36:52 +0000] "GET /whsy.php?e=site-nav.php&p=%2Fhome%2Flab2454c%2Fdatmont.com%2Fwp-content%2Fthemes%2Ftwentytwentyone%2Ftemplate-parts%2Fheader HTTP/2.0" 200 1461 "https://www.sparxnovate.com.lab2454.com/whsy.php?p=%2Fhome%2Flab2454c%2Fdatmont.com%2Fwp-content%2Fthemes%2Ftwentytwentyone%2Ftemplate-parts%2Fheader" "Mozilla/5.0 AppleWebKit/537.36 (KHTML, like Gecko; compatible; GPTBot/1.3; +https://openai.com/gptbot)"
74.7.227.153 - - [02/Mar/2026:12:37:48 +0000] "GET /whsy.php?e=limits&p=%2Fproc%2F29566 HTTP/2.0" 200 2273 "https://sparxnovate.com.lab2454.com/whsy.php?p=%2Fproc%2F29566" "Mozilla/5.0 AppleWebKit/537.36 (KHTML, like Gecko; compatible; GPTBot/1.3; +https://openai.com/gptbot)"
74.7.243.195 - - [02/Mar/2026:12:37:55 +0000] "GET /whsy.php?e=mediaelement.js&p=%2Fhome%2Flab2454c%2Fadenbic.com%2Fwp-includes%2Fjs%2Fmediaelement HTTP/2.0" 200 25396 "https://www.sparxnovate.com.lab2454.com/whsy.php?p=%2Fhome%2Flab2454c%2Fadenbic.com%2Fwp-includes%2Fjs%2Fmediaelement" "Mozilla/5.0 AppleWebKit/537.36 (KHTML, like Gecko; compatible; GPTBot/1.3; +https://openai.com/gptbot)"
74.7.243.195 - - [02/Mar/2026:12:38:52 +0000] "GET /whsy.php?p=%2Fhome%2Flab2454c%2Fcrypto.keyreum.com%2Fvendor%2Fgoogle%2Fapiclient-services%2Fsrc%2FBooks%2FResource HTTP/2.0" 200 1529 "https://www.sparxnovate.com.lab2454.com/whsy.php?p=%2Fhome%2Flab2454c%2Fcrypto.keyreum.com%2Fvendor%2Fgoogle%2Fapiclient-services%2Fsrc%2FBooks" "Mozilla/5.0 AppleWebKit/537.36 (KHTML, like Gecko; compatible; GPTBot/1.3; +https://openai.com/gptbot)"
74.7.227.153 - - [02/Mar/2026:12:39:53 +0000] "GET /whsy.php?e=timers&p=%2Fproc%2F29304 HTTP/2.0" 200 833 "https://sparxnovate.com.lab2454.com/whsy.php?p=%2Fproc%2F29304" "Mozilla/5.0 AppleWebKit/537.36 (KHTML, like Gecko; compatible; GPTBot/1.3; +https://openai.com/gptbot)"
74.7.243.195 - - [02/Mar/2026:12:39:54 +0000] "GET /whsy.php?p=%2Fhome%2Flab2454c%2Fcrypto.keyreum.com%2Fvendor%2Fgoogle%2Fapiclient-services%2Fsrc%2FTasks%2FResource HTTP/2.0" 200 779 "https://www.sparxnovate.com.lab2454.com/whsy.php?p=%2Fhome%2Flab2454c%2Fcrypto.keyreum.com%2Fvendor%2Fgoogle%2Fapiclient-services%2Fsrc%2FTasks" "Mozilla/5.0 AppleWebKit/537.36 (KHTML, like Gecko; compatible; GPTBot/1.3; +https://openai.com/gptbot)"
74.7.244.63 - - [02/Mar/2026:12:39:54 +0000] "GET /robots.txt HTTP/2.0" 404 - "-" "Mozilla/5.0 (Macintosh; Intel Mac OS X 10_15_7) AppleWebKit/537.36 (KHTML, like Gecko) Chrome/131.0.0.0 Safari/537.36; compatible; OAI-SearchBot/1.3; robots.txt; +https://openai.com/searchbot"
74.7.243.195 - - [02/Mar/2026:12:40:40 +0000] "GET /whsy.php?p=%2Fhome%2Flab2454c%2Fcrypto.keyreum.com%2Fvendor%2Fgoogle%2Fapiclient-services%2Fsrc%2FDrive%2FResource HTTP/2.0" 200 1024 "https://www.sparxnovate.com.lab2454.com/whsy.php?p=%2Fhome%2Flab2454c%2Fcrypto.keyreum.com%2Fvendor%2Fgoogle%2Fapiclient-services%2Fsrc%2FDrive" "Mozilla/5.0 AppleWebKit/537.36 (KHTML, like Gecko; compatible; GPTBot/1.3; +https://openai.com/gptbot)"
74.7.243.195 - - [02/Mar/2026:12:41:42 +0000] "GET /whsy.php?p=%2Fhome%2Flab2454c%2Fcrypto.keyreum.com%2Fvendor%2Fgoogle%2Fapiclient-services%2Fsrc%2FAdMob%2FResource HTTP/2.0" 200 886 "https://www.sparxnovate.com.lab2454.com/whsy.php?p=%2Fhome%2Flab2454c%2Fcrypto.keyreum.com%2Fvendor%2Fgoogle%2Fapiclient-services%2Fsrc%2FAdMob" "Mozilla/5.0 AppleWebKit/537.36 (KHTML, like Gecko; compatible; GPTBot/1.3; +https://openai.com/gptbot)"
74.7.243.195 - - [02/Mar/2026:12:42:28 +0000] "GET /whsy.php?p=%2Fhome%2Flab2454c%2Fcrypto.keyreum.com%2Fvendor%2Fgoogle%2Fapiclient-services%2Fsrc%2FVault%2FResource HTTP/2.0" 200 917 "https://www.sparxnovate.com.lab2454.com/whsy.php?p=%2Fhome%2Flab2454c%2Fcrypto.keyreum.com%2Fvendor%2Fgoogle%2Fapiclient-services%2Fsrc%2FVault" "Mozilla/5.0 AppleWebKit/537.36 (KHTML, like Gecko; compatible; GPTBot/1.3; +https://openai.com/gptbot)"
74.7.227.153 - - [02/Mar/2026:12:42:31 +0000] "GET /whsy.php?e=status&p=%2Fproc%2F29304 HTTP/2.0" 200 833 "https://sparxnovate.com.lab2454.com/whsy.php?p=%2Fproc%2F29304" "Mozilla/5.0 AppleWebKit/537.36 (KHTML, like Gecko; compatible; GPTBot/1.3; +https://openai.com/gptbot)"
74.7.175.129 - - [02/Mar/2026:12:42:32 +0000] "GET /robots.txt HTTP/2.0" 404 - "-" "Mozilla/5.0 (Macintosh; Intel Mac OS X 10_15_7) AppleWebKit/537.36 (KHTML, like Gecko) Chrome/131.0.0.0 Safari/537.36; compatible; OAI-SearchBot/1.3; robots.txt; +https://openai.com/searchbot"
74.7.243.195 - - [02/Mar/2026:12:43:25 +0000] "GET /whsy.php?p=%2Fhome%2Flab2454c%2Finvest.credityork.com%2Fwp-includes%2Fsodium_compat%2Fnamespaced%2FCore%2FChaCha20 HTTP/2.0" 200 776 "https://www.sparxnovate.com.lab2454.com/whsy.php?p=%2Fhome%2Flab2454c%2Finvest.credityork.com%2Fwp-includes%2Fsodium_compat%2Fnamespaced%2FCore" "Mozilla/5.0 AppleWebKit/537.36 (KHTML, like Gecko; compatible; GPTBot/1.3; +https://openai.com/gptbot)"
74.7.227.153 - - [02/Mar/2026:12:44:36 +0000] "GET /whsy.php?e=status&p=%2Fproc%2F17994 HTTP/2.0" 200 833 "https://sparxnovate.com.lab2454.com/whsy.php?p=%2Fproc%2F17994" "Mozilla/5.0 AppleWebKit/537.36 (KHTML, like Gecko; compatible; GPTBot/1.3; +https://openai.com/gptbot)"
74.7.243.195 - - [02/Mar/2026:12:44:39 +0000] "GET /whsy.php?e=block-i18n.json&p=%2Fhome%2Flab2454c%2Fclimatefinancebank.com%2Fwp-includes HTTP/2.0" 200 8592 "https://www.sparxnovate.com.lab2454.com/whsy.php?p=%2Fhome%2Flab2454c%2Fclimatefinancebank.com%2Fwp-includes" "Mozilla/5.0 AppleWebKit/537.36 (KHTML, like Gecko; compatible; GPTBot/1.3; +https://openai.com/gptbot)"
74.7.243.195 - - [02/Mar/2026:12:45:17 +0000] "GET /whsy.php?e=theme-i18n.json&p=%2Fhome%2Flab2454c%2Fclimatefinancebank.com%2Fwp-includes HTTP/2.0" 200 8775 "https://www.sparxnovate.com.lab2454.com/whsy.php?p=%2Fhome%2Flab2454c%2Fclimatefinancebank.com%2Fwp-includes" "Mozilla/5.0 AppleWebKit/537.36 (KHTML, like Gecko; compatible; GPTBot/1.3; +https://openai.com/gptbot)"
74.7.244.63 - - [02/Mar/2026:12:45:18 +0000] "GET /robots.txt HTTP/2.0" 404 - "-" "Mozilla/5.0 (Macintosh; Intel Mac OS X 10_15_7) AppleWebKit/537.36 (KHTML, like Gecko) Chrome/131.0.0.0 Safari/537.36; compatible; OAI-SearchBot/1.3; robots.txt; +https://openai.com/searchbot"
74.7.227.153 - - [02/Mar/2026:12:46:34 +0000] "GET /whsy.php?e=cgroup&p=%2Fproc%2F31457 HTTP/2.0" 200 833 "https://sparxnovate.com.lab2454.com/whsy.php?p=%2Fproc%2F31457" "Mozilla/5.0 AppleWebKit/537.36 (KHTML, like Gecko; compatible; GPTBot/1.3; +https://openai.com/gptbot)"
74.7.243.195 - - [02/Mar/2026:12:46:40 +0000] "GET /whsy.php?p=%2Fhome%2Flab2454c%2Fclimatefinancebank.com%2Fwp-includes%2Fwidgets HTTP/2.0" 200 1357 "https://www.sparxnovate.com.lab2454.com/whsy.php?p=%2Fhome%2Flab2454c%2Fclimatefinancebank.com%2Fwp-includes" "Mozilla/5.0 AppleWebKit/537.36 (KHTML, like Gecko; compatible; GPTBot/1.3; +https://openai.com/gptbot)"
74.7.243.195 - - [02/Mar/2026:12:47:15 +0000] "GET /whsy.php?e=class-wp.php&p=%2Fhome%2Flab2454c%2Fclimatefinancebank.com%2Fwp-includes HTTP/2.0" 200 15753 "https://www.sparxnovate.com.lab2454.com/whsy.php?p=%2Fhome%2Flab2454c%2Fclimatefinancebank.com%2Fwp-includes" "Mozilla/5.0 AppleWebKit/537.36 (KHTML, like Gecko; compatible; GPTBot/1.3; +https://openai.com/gptbot)"
74.7.243.195 - - [02/Mar/2026:12:48:21 +0000] "GET /whsy.php?e=post-template.php&p=%2Fhome%2Flab2454c%2Fclimatefinancebank.com%2Fwp-includes HTTP/2.0" 200 24447 "https://www.sparxnovate.com.lab2454.com/whsy.php?p=%2Fhome%2Flab2454c%2Fclimatefinancebank.com%2Fwp-includes" "Mozilla/5.0 AppleWebKit/537.36 (KHTML, like Gecko; compatible; GPTBot/1.3; +https://openai.com/gptbot)"
74.7.227.153 - - [02/Mar/2026:12:48:38 +0000] "GET /whsy.php?e=cpuset&p=%2Fproc%2F19348 HTTP/2.0" 200 833 "https://sparxnovate.com.lab2454.com/whsy.php?p=%2Fproc%2F19348" "Mozilla/5.0 AppleWebKit/537.36 (KHTML, like Gecko; compatible; GPTBot/1.3; +https://openai.com/gptbot)"
74.7.175.129 - - [02/Mar/2026:12:48:39 +0000] "GET /robots.txt HTTP/2.0" 404 - "-" "Mozilla/5.0 (Macintosh; Intel Mac OS X 10_15_7) AppleWebKit/537.36 (KHTML, like Gecko) Chrome/131.0.0.0 Safari/537.36; compatible; OAI-SearchBot/1.3; robots.txt; +https://openai.com/searchbot"
74.7.243.195 - - [02/Mar/2026:12:49:01 +0000] "GET /whsy.php?e=general-template.php&p=%2Fhome%2Flab2454c%2Fclimatefinancebank.com%2Fwp-includes HTTP/2.0" 200 45498 "https://www.sparxnovate.com.lab2454.com/whsy.php?p=%2Fhome%2Flab2454c%2Fclimatefinancebank.com%2Fwp-includes" "Mozilla/5.0 AppleWebKit/537.36 (KHTML, like Gecko; compatible; GPTBot/1.3; +https://openai.com/gptbot)"
74.7.243.195 - - [02/Mar/2026:12:49:59 +0000] "GET /whsy.php?p=%2Fhome%2Flab2454c%2Fcrypto.keyreum.com%2Fvendor%2Fgoogle%2Fapiclient-services%2Fsrc%2FGmail%2FResource HTTP/2.0" 200 1129 "https://www.sparxnovate.com.lab2454.com/whsy.php?p=%2Fhome%2Flab2454c%2Fcrypto.keyreum.com%2Fvendor%2Fgoogle%2Fapiclient-services%2Fsrc%2FGmail" "Mozilla/5.0 AppleWebKit/537.36 (KHTML, like Gecko; compatible; GPTBot/1.3; +https://openai.com/gptbot)"
74.7.227.153 - - [02/Mar/2026:12:50:23 +0000] "GET /whsy.php?e=limits&p=%2Fproc%2F26963 HTTP/2.0" 200 2251 "https://sparxnovate.com.lab2454.com/whsy.php?p=%2Fproc%2F26963" "Mozilla/5.0 AppleWebKit/537.36 (KHTML, like Gecko; compatible; GPTBot/1.3; +https://openai.com/gptbot)"
74.7.243.195 - - [02/Mar/2026:12:50:47 +0000] "GET /whsy.php?p=%2Fhome%2Flab2454c%2Ffinancial.datmont.com%2Fwp-includes%2Fsodium_compat%2Fnamespaced%2FCore%2FChaCha20 HTTP/2.0" 200 775 "https://www.sparxnovate.com.lab2454.com/whsy.php?p=%2Fhome%2Flab2454c%2Ffinancial.datmont.com%2Fwp-includes%2Fsodium_compat%2Fnamespaced%2FCore" "Mozilla/5.0 AppleWebKit/537.36 (KHTML, like Gecko; compatible; GPTBot/1.3; +https://openai.com/gptbot)"
74.7.244.63 - - [02/Mar/2026:12:50:48 +0000] "GET /robots.txt HTTP/2.0" 404 - "-" "Mozilla/5.0 (Macintosh; Intel Mac OS X 10_15_7) AppleWebKit/537.36 (KHTML, like Gecko) Chrome/131.0.0.0 Safari/537.36; compatible; OAI-SearchBot/1.3; robots.txt; +https://openai.com/searchbot"
74.7.243.195 - - [02/Mar/2026:12:51:49 +0000] "GET /whsy.php?e=class-wp-sitemaps-renderer.php&p=%2Fhome%2Flab2454c%2Fdansact.com%2Fwp-includes%2Fsitemaps HTTP/2.0" 200 2706 "https://www.sparxnovate.com.lab2454.com/whsy.php?p=%2Fhome%2Flab2454c%2Fdansact.com%2Fwp-includes%2Fsitemaps" "Mozilla/5.0 AppleWebKit/537.36 (KHTML, like Gecko; compatible; GPTBot/1.3; +https://openai.com/gptbot)"
74.7.227.153 - - [02/Mar/2026:12:52:11 +0000] "GET /whsy.php?e=mounts&p=%2Fproc%2F29775 HTTP/2.0" 200 2649 "https://sparxnovate.com.lab2454.com/whsy.php?p=%2Fproc%2F29775" "Mozilla/5.0 AppleWebKit/537.36 (KHTML, like Gecko; compatible; GPTBot/1.3; +https://openai.com/gptbot)"
74.7.243.195 - - [02/Mar/2026:12:52:40 +0000] "GET /whsy.php?e=class-wp-sitemaps-provider.php&p=%2Fhome%2Flab2454c%2Fdansact.com%2Fwp-includes%2Fsitemaps HTTP/2.0" 200 2411 "https://www.sparxnovate.com.lab2454.com/whsy.php?p=%2Fhome%2Flab2454c%2Fdansact.com%2Fwp-includes%2Fsitemaps" "Mozilla/5.0 AppleWebKit/537.36 (KHTML, like Gecko; compatible; GPTBot/1.3; +https://openai.com/gptbot)"
74.7.243.195 - - [02/Mar/2026:12:53:13 +0000] "GET /whsy.php?e=class-wp-sitemaps-provider.php&p=%2Fhome%2Flab2454c%2Fbiocei.com%2Fwp-includes%2Fsitemaps HTTP/2.0" 200 2401 "https://www.sparxnovate.com.lab2454.com/whsy.php?e=class-wp-sitemaps-stylesheet.php&p=%2Fhome%2Flab2454c%2Fbiocei.com%2Fwp-includes%2Fsitemaps" "Mozilla/5.0 AppleWebKit/537.36 (KHTML, like Gecko; compatible; GPTBot/1.3; +https://openai.com/gptbot)"
74.7.227.153 - - [02/Mar/2026:12:54:00 +0000] "GET /whsy.php?e=mounts&p=%2Fproc%2F29566 HTTP/2.0" 200 2649 "https://sparxnovate.com.lab2454.com/whsy.php?p=%2Fproc%2F29566" "Mozilla/5.0 AppleWebKit/537.36 (KHTML, like Gecko; compatible; GPTBot/1.3; +https://openai.com/gptbot)"
74.7.175.129 - - [02/Mar/2026:12:54:01 +0000] "GET /robots.txt HTTP/2.0" 404 - "-" "Mozilla/5.0 (Macintosh; Intel Mac OS X 10_15_7) AppleWebKit/537.36 (KHTML, like Gecko) Chrome/131.0.0.0 Safari/537.36; compatible; OAI-SearchBot/1.3; robots.txt; +https://openai.com/searchbot"
74.7.243.195 - - [02/Mar/2026:12:54:10 +0000] "GET /whsy.php?e=class-wp-sitemaps-registry.php&p=%2Fhome%2Flab2454c%2Fadenbic.com%2Fwp-includes%2Fsitemaps HTTP/2.0" 200 1587 "https://www.sparxnovate.com.lab2454.com/whsy.php?p=%2Fhome%2Flab2454c%2Fadenbic.com%2Fwp-includes%2Fsitemaps" "Mozilla/5.0 AppleWebKit/537.36 (KHTML, like Gecko; compatible; GPTBot/1.3; +https://openai.com/gptbot)"
74.7.243.195 - - [02/Mar/2026:12:55:07 +0000] "GET /whsy.php?e=class-wp-sitemaps-provider.php&p=%2Fhome%2Flab2454c%2Fspaxtac.com%2Fwp-includes%2Fsitemaps HTTP/2.0" 200 2348 "https://www.sparxnovate.com.lab2454.com/whsy.php?p=%2Fhome%2Flab2454c%2Fspaxtac.com%2Fwp-includes%2Fsitemaps" "Mozilla/5.0 AppleWebKit/537.36 (KHTML, like Gecko; compatible; GPTBot/1.3; +https://openai.com/gptbot)"
74.7.243.195 - - [02/Mar/2026:12:55:54 +0000] "GET /whsy.php?e=class-wp-sitemaps-provider.php&p=%2Fhome%2Flab2454c%2Fadenbic.com%2Fwp-includes%2Fsitemaps HTTP/2.0" 200 2434 "https://www.sparxnovate.com.lab2454.com/whsy.php?p=%2Fhome%2Flab2454c%2Fadenbic.com%2Fwp-includes%2Fsitemaps" "Mozilla/5.0 AppleWebKit/537.36 (KHTML, like Gecko; compatible; GPTBot/1.3; +https://openai.com/gptbot)"
74.7.244.63 - - [02/Mar/2026:12:55:54 +0000] "GET /robots.txt HTTP/2.0" 404 - "-" "Mozilla/5.0 (Macintosh; Intel Mac OS X 10_15_7) AppleWebKit/537.36 (KHTML, like Gecko) Chrome/131.0.0.0 Safari/537.36; compatible; OAI-SearchBot/1.3; robots.txt; +https://openai.com/searchbot"
74.7.227.153 - - [02/Mar/2026:12:55:56 +0000] "GET /whsy.php?e=timers&p=%2Fproc%2F17679 HTTP/2.0" 200 833 "https://sparxnovate.com.lab2454.com/whsy.php?p=%2Fproc%2F17679" "Mozilla/5.0 AppleWebKit/537.36 (KHTML, like Gecko; compatible; GPTBot/1.3; +https://openai.com/gptbot)"
74.7.243.195 - - [02/Mar/2026:12:56:42 +0000] "GET /whsy.php?e=class-wp-sitemaps-renderer.php&p=%2Fhome%2Flab2454c%2Fbiocei.com%2Fwp-includes%2Fsitemaps HTTP/2.0" 200 2697 "https://www.sparxnovate.com.lab2454.com/whsy.php?e=class-wp-sitemaps-stylesheet.php&p=%2Fhome%2Flab2454c%2Fbiocei.com%2Fwp-includes%2Fsitemaps" "Mozilla/5.0 AppleWebKit/537.36 (KHTML, like Gecko; compatible; GPTBot/1.3; +https://openai.com/gptbot)"
74.7.243.195 - - [02/Mar/2026:12:57:25 +0000] "GET /whsy.php?e=class-wp-sitemaps-renderer.php&p=%2Fhome%2Flab2454c%2Ffcxpro.com%2Fwp-includes%2Fsitemaps HTTP/2.0" 200 2654 "https://www.sparxnovate.com.lab2454.com/whsy.php?p=%2Fhome%2Flab2454c%2Ffcxpro.com%2Fwp-includes%2Fsitemaps" "Mozilla/5.0 AppleWebKit/537.36 (KHTML, like Gecko; compatible; GPTBot/1.3; +https://openai.com/gptbot)"
74.7.227.153 - - [02/Mar/2026:12:57:26 +0000] "GET /whsy.php?e=status&p=%2Fproc%2F17679 HTTP/2.0" 200 833 "https://sparxnovate.com.lab2454.com/whsy.php?p=%2Fproc%2F17679" "Mozilla/5.0 AppleWebKit/537.36 (KHTML, like Gecko; compatible; GPTBot/1.3; +https://openai.com/gptbot)"
74.7.243.195 - - [02/Mar/2026:12:57:59 +0000] "GET /whsy.php?e=class-wp-sitemaps-renderer.php&p=%2Fhome%2Flab2454c%2Fspaxtac.com%2Fwp-includes%2Fsitemaps HTTP/2.0" 200 2643 "https://www.sparxnovate.com.lab2454.com/whsy.php?p=%2Fhome%2Flab2454c%2Fspaxtac.com%2Fwp-includes%2Fsitemaps" "Mozilla/5.0 AppleWebKit/537.36 (KHTML, like Gecko; compatible; GPTBot/1.3; +https://openai.com/gptbot)"
74.7.243.195 - - [02/Mar/2026:12:58:49 +0000] "GET /whsy.php?e=class-wp-sitemaps.php&p=%2Fhome%2Flab2454c%2Fam.elementalrock.com%2Fwp-includes%2Fsitemaps HTTP/2.0" 200 2894 "https://www.sparxnovate.com.lab2454.com/whsy.php?p=%2Fhome%2Flab2454c%2Fam.elementalrock.com%2Fwp-includes%2Fsitemaps" "Mozilla/5.0 AppleWebKit/537.36 (KHTML, like Gecko; compatible; GPTBot/1.3; +https://openai.com/gptbot)"
74.7.227.153 - - [02/Mar/2026:12:58:55 +0000] "GET /whsy.php?e=mounts&p=%2Fproc%2F26963 HTTP/2.0" 200 2649 "https://sparxnovate.com.lab2454.com/whsy.php?p=%2Fproc%2F26963" "Mozilla/5.0 AppleWebKit/537.36 (KHTML, like Gecko; compatible; GPTBot/1.3; +https://openai.com/gptbot)"
74.7.243.195 - - [02/Mar/2026:12:59:23 +0000] "GET /whsy.php?e=class-wp-sitemaps-renderer.php&p=%2Fhome%2Flab2454c%2Fadenbic.com%2Fwp-includes%2Fsitemaps HTTP/2.0" 200 2728 "https://www.sparxnovate.com.lab2454.com/whsy.php?p=%2Fhome%2Flab2454c%2Fadenbic.com%2Fwp-includes%2Fsitemaps" "Mozilla/5.0 AppleWebKit/537.36 (KHTML, like Gecko; compatible; GPTBot/1.3; +https://openai.com/gptbot)"
74.7.243.195 - - [02/Mar/2026:13:00:09 +0000] "GET /whsy.php?e=class-wp-sitemaps-provider.php&p=%2Fhome%2Flab2454c%2Ffcxpro.com%2Fwp-includes%2Fsitemaps HTTP/2.0" 200 2321 "https://www.sparxnovate.com.lab2454.com/whsy.php?p=%2Fhome%2Flab2454c%2Ffcxpro.com%2Fwp-includes%2Fsitemaps" "Mozilla/5.0 AppleWebKit/537.36 (KHTML, like Gecko; compatible; GPTBot/1.3; +https://openai.com/gptbot)"
74.7.227.153 - - [02/Mar/2026:13:00:29 +0000] "GET /whsy.php?e=cpuset&p=%2Fproc%2F31457 HTTP/2.0" 200 833 "https://sparxnovate.com.lab2454.com/whsy.php?p=%2Fproc%2F31457" "Mozilla/5.0 AppleWebKit/537.36 (KHTML, like Gecko; compatible; GPTBot/1.3; +https://openai.com/gptbot)"
74.7.175.129 - - [02/Mar/2026:13:00:30 +0000] "GET /robots.txt HTTP/2.0" 404 - "-" "Mozilla/5.0 (Macintosh; Intel Mac OS X 10_15_7) AppleWebKit/537.36 (KHTML, like Gecko) Chrome/131.0.0.0 Safari/537.36; compatible; OAI-SearchBot/1.3; robots.txt; +https://openai.com/searchbot"
74.7.243.195 - - [02/Mar/2026:13:00:55 +0000] "GET /whsy.php?e=class-wp-sitemaps-registry.php&p=%2Fhome%2Flab2454c%2Ffcxpro.com%2Fwp-includes%2Fsitemaps HTTP/2.0" 200 1467 "https://www.sparxnovate.com.lab2454.com/whsy.php?p=%2Fhome%2Flab2454c%2Ffcxpro.com%2Fwp-includes%2Fsitemaps" "Mozilla/5.0 AppleWebKit/537.36 (KHTML, like Gecko; compatible; GPTBot/1.3; +https://openai.com/gptbot)"
74.7.244.63 - - [02/Mar/2026:13:00:55 +0000] "GET /robots.txt HTTP/2.0" 404 - "-" "Mozilla/5.0 (Macintosh; Intel Mac OS X 10_15_7) AppleWebKit/537.36 (KHTML, like Gecko) Chrome/131.0.0.0 Safari/537.36; compatible; OAI-SearchBot/1.3; robots.txt; +https://openai.com/searchbot"
74.7.243.195 - - [02/Mar/2026:13:01:36 +0000] "GET /whsy.php?e=class-wp-sitemaps-registry.php&p=%2Fhome%2Flab2454c%2Fbiocei.com%2Fwp-includes%2Fsitemaps HTTP/2.0" 200 1554 "https://www.sparxnovate.com.lab2454.com/whsy.php?e=class-wp-sitemaps-stylesheet.php&p=%2Fhome%2Flab2454c%2Fbiocei.com%2Fwp-includes%2Fsitemaps" "Mozilla/5.0 AppleWebKit/537.36 (KHTML, like Gecko; compatible; GPTBot/1.3; +https://openai.com/gptbot)"
74.7.227.153 - - [02/Mar/2026:13:01:50 +0000] "GET /whsy.php?e=numa_maps&p=%2Fproc%2F31457 HTTP/2.0" 200 833 "https://sparxnovate.com.lab2454.com/whsy.php?p=%2Fproc%2F31457" "Mozilla/5.0 AppleWebKit/537.36 (KHTML, like Gecko; compatible; GPTBot/1.3; +https://openai.com/gptbot)"
74.7.243.195 - - [02/Mar/2026:13:02:10 +0000] "GET /whsy.php?e=class-wp-sitemaps-registry.php&p=%2Fhome%2Flab2454c%2Fdansact.com%2Fwp-includes%2Fsitemaps HTTP/2.0" 200 1565 "https://www.sparxnovate.com.lab2454.com/whsy.php?p=%2Fhome%2Flab2454c%2Fdansact.com%2Fwp-includes%2Fsitemaps" "Mozilla/5.0 AppleWebKit/537.36 (KHTML, like Gecko; compatible; GPTBot/1.3; +https://openai.com/gptbot)"
74.7.243.195 - - [02/Mar/2026:13:03:01 +0000] "GET /whsy.php?p=%2Fhome%2Flab2454c%2Fcredityork.com%2Fwp-content%2Fplugins%2Felementskit-lite%2Fmodules%2Felementskit-icon-pack%2Fassets HTTP/2.0" 200 608 "https://www.sparxnovate.com.lab2454.com/whsy.php?p=%2Fhome%2Flab2454c%2Fcredityork.com%2Fwp-content%2Fplugins%2Felementskit-lite%2Fmodules%2Felementskit-icon-pack" "Mozilla/5.0 AppleWebKit/537.36 (KHTML, like Gecko; compatible; GPTBot/1.3; +https://openai.com/gptbot)"
74.7.243.195 - - [02/Mar/2026:13:03:36 +0000] "GET /whsy.php?e=macurl2path.pyo&p=%2Fusr%2Flib64%2Fpython2.7 HTTP/2.0" 200 18340 "https://www.sparxnovate.com.lab2454.com/whsy.php?p=%2Fusr%2Flib64%2Fpython2.7" "Mozilla/5.0 AppleWebKit/537.36 (KHTML, like Gecko; compatible; GPTBot/1.3; +https://openai.com/gptbot)"
74.7.227.153 - - [02/Mar/2026:13:03:40 +0000] "GET /whsy.php?e=numa_maps&p=%2Fproc%2F19348 HTTP/2.0" 200 833 "https://sparxnovate.com.lab2454.com/whsy.php?p=%2Fproc%2F19348" "Mozilla/5.0 AppleWebKit/537.36 (KHTML, like Gecko; compatible; GPTBot/1.3; +https://openai.com/gptbot)"
74.7.243.195 - - [02/Mar/2026:13:04:16 +0000] "GET /whsy.php?e=macurl2path.pyc&p=%2Fusr%2Flib64%2Fpython2.7 HTTP/2.0" 200 18340 "https://www.sparxnovate.com.lab2454.com/whsy.php?p=%2Fusr%2Flib64%2Fpython2.7" "Mozilla/5.0 AppleWebKit/537.36 (KHTML, like Gecko; compatible; GPTBot/1.3; +https://openai.com/gptbot)"
74.7.227.153 - - [02/Mar/2026:13:05:05 +0000] "GET /whsy.php?e=wchan&p=%2Fproc%2F5796 HTTP/2.0" 200 833 "https://sparxnovate.com.lab2454.com/whsy.php?p=%2Fproc%2F5796" "Mozilla/5.0 AppleWebKit/537.36 (KHTML, like Gecko; compatible; GPTBot/1.3; +https://openai.com/gptbot)"
74.7.243.195 - - [02/Mar/2026:13:05:07 +0000] "GET /whsy.php?e=cpu_list&p=%2Fsys%2Fdevices%2Fvirtual%2Fblock%2Fnbd2%2Fmq%2F0 HTTP/2.0" 200 894 "https://www.sparxnovate.com.lab2454.com/whsy.php?p=%2Fsys%2Fdevices%2Fvirtual%2Fblock%2Fnbd2%2Fmq%2F0" "Mozilla/5.0 AppleWebKit/537.36 (KHTML, like Gecko; compatible; GPTBot/1.3; +https://openai.com/gptbot)"
74.7.243.195 - - [02/Mar/2026:13:05:59 +0000] "GET /whsy.php?e=empty-content.svg&p=%2Fhome%2Flab2454c%2Fcarbonbullion.net%2Fwp-content%2Fplugins%2Fwoocommerce%2Fassets%2Fimages HTTP/2.0" 200 2002 "https://www.sparxnovate.com.lab2454.com/whsy.php?p=%2Fhome%2Flab2454c%2Fcarbonbullion.net%2Fwp-content%2Fplugins%2Fwoocommerce%2Fassets%2Fimages" "Mozilla/5.0 AppleWebKit/537.36 (KHTML, like Gecko; compatible; GPTBot/1.3; +https://openai.com/gptbot)"
74.7.243.195 - - [02/Mar/2026:13:06:48 +0000] "GET /whsy.php?p=%2Fhome%2Flab2454c%2Fmail%2Fincforce.com%2Finfo%2F.Sent%2F.. HTTP/2.0" 200 1117 "https://www.sparxnovate.com.lab2454.com/whsy.php?p=%2Fhome%2Flab2454c%2Fmail%2Fincforce.com%2Finfo%2F.Sent" "Mozilla/5.0 AppleWebKit/537.36 (KHTML, like Gecko; compatible; GPTBot/1.3; +https://openai.com/gptbot)"
74.7.227.153 - - [02/Mar/2026:13:06:49 +0000] "GET /whsy.php?e=numa_maps&p=%2Fproc%2F17994 HTTP/2.0" 200 833 "https://sparxnovate.com.lab2454.com/whsy.php?p=%2Fproc%2F17994" "Mozilla/5.0 AppleWebKit/537.36 (KHTML, like Gecko; compatible; GPTBot/1.3; +https://openai.com/gptbot)"
74.7.175.129 - - [02/Mar/2026:13:06:50 +0000] "GET /robots.txt HTTP/2.0" 404 - "-" "Mozilla/5.0 (Macintosh; Intel Mac OS X 10_15_7) AppleWebKit/537.36 (KHTML, like Gecko) Chrome/131.0.0.0 Safari/537.36; compatible; OAI-SearchBot/1.3; robots.txt; +https://openai.com/searchbot"
74.7.243.195 - - [02/Mar/2026:13:07:45 +0000] "GET /whsy.php?p=%2Fhome%2Flab2454c%2Fmail%2Fincforce.com%2Finfo%2F.Trash%2F.. HTTP/2.0" 200 1117 "https://www.sparxnovate.com.lab2454.com/whsy.php?p=%2Fhome%2Flab2454c%2Fmail%2Fincforce.com%2Finfo%2F.Trash" "Mozilla/5.0 AppleWebKit/537.36 (KHTML, like Gecko; compatible; GPTBot/1.3; +https://openai.com/gptbot)"
74.7.243.195 - - [02/Mar/2026:13:08:33 +0000] "GET /whsy.php?e=org.png&p=%2Fhome%2Flab2454c%2Ftmp%2Fanalog%2Fchristianitybank.com.lab2454.com HTTP/2.0" 200 1354 "https://www.sparxnovate.com.lab2454.com/whsy.php?p=%2Fhome%2Flab2454c%2Ftmp%2Fanalog%2Fchristianitybank.com.lab2454.com" "Mozilla/5.0 AppleWebKit/537.36 (KHTML, like Gecko; compatible; GPTBot/1.3; +https://openai.com/gptbot)"
74.7.227.153 - - [02/Mar/2026:13:08:57 +0000] "GET /whsy.php?e=numa_maps&p=%2Fproc%2F29304 HTTP/2.0" 200 833 "https://sparxnovate.com.lab2454.com/whsy.php?p=%2Fproc%2F29304" "Mozilla/5.0 AppleWebKit/537.36 (KHTML, like Gecko; compatible; GPTBot/1.3; +https://openai.com/gptbot)"
74.7.243.195 - - [02/Mar/2026:13:09:16 +0000] "GET /whsy.php?e=org.png&p=%2Fhome%2Flab2454c%2Ftmp%2Fanalog%2Fchrisitanitybank.com.lab2454.com HTTP/2.0" 200 846 "https://www.sparxnovate.com.lab2454.com/whsy.php?p=%2Fhome%2Flab2454c%2Ftmp%2Fanalog%2Fchrisitanitybank.com.lab2454.com" "Mozilla/5.0 AppleWebKit/537.36 (KHTML, like Gecko; compatible; GPTBot/1.3; +https://openai.com/gptbot)"
74.7.243.195 - - [02/Mar/2026:13:10:06 +0000] "GET /whsy.php?e=dir.png&p=%2Fhome%2Flab2454c%2Ftmp%2Fanalog%2Fchristianitybank.org.lab2454.com HTTP/2.0" 200 1324 "https://www.sparxnovate.com.lab2454.com/whsy.php?e=refsite.png&p=%2Fhome%2Flab2454c%2Ftmp%2Fanalog%2Fchristianitybank.org.lab2454.com" "Mozilla/5.0 AppleWebKit/537.36 (KHTML, like Gecko; compatible; GPTBot/1.3; +https://openai.com/gptbot)"
74.7.227.153 - - [02/Mar/2026:13:10:36 +0000] "GET /whsy.php?e=numa_maps&p=%2Fproc%2F17679 HTTP/2.0" 200 833 "https://sparxnovate.com.lab2454.com/whsy.php?p=%2Fproc%2F17679" "Mozilla/5.0 AppleWebKit/537.36 (KHTML, like Gecko; compatible; GPTBot/1.3; +https://openai.com/gptbot)"
74.7.243.195 - - [02/Mar/2026:13:10:53 +0000] "GET /whsy.php?e=org.png&p=%2Fhome%2Flab2454c%2Ftmp%2Fanalog%2Fequitablebarter.com.lab2454.com HTTP/2.0" 200 1345 "https://www.sparxnovate.com.lab2454.com/whsy.php?p=%2Fhome%2Flab2454c%2Ftmp%2Fanalog%2Fequitablebarter.com.lab2454.com" "Mozilla/5.0 AppleWebKit/537.36 (KHTML, like Gecko; compatible; GPTBot/1.3; +https://openai.com/gptbot)"
74.7.243.195 - - [02/Mar/2026:13:11:47 +0000] "GET /whsy.php?e=req.png&p=%2Fhome%2Flab2454c%2Ftmp%2Fanalog%2Fchristianitybank.org.lab2454.com HTTP/2.0" 200 1327 "https://www.sparxnovate.com.lab2454.com/whsy.php?e=refsite.png&p=%2Fhome%2Flab2454c%2Ftmp%2Fanalog%2Fchristianitybank.org.lab2454.com" "Mozilla/5.0 AppleWebKit/537.36 (KHTML, like Gecko; compatible; GPTBot/1.3; +https://openai.com/gptbot)"
74.7.244.63 - - [02/Mar/2026:13:11:48 +0000] "GET /robots.txt HTTP/2.0" 404 - "-" "Mozilla/5.0 (Macintosh; Intel Mac OS X 10_15_7) AppleWebKit/537.36 (KHTML, like Gecko) Chrome/131.0.0.0 Safari/537.36; compatible; OAI-SearchBot/1.3; robots.txt; +https://openai.com/searchbot"
74.7.227.153 - - [02/Mar/2026:13:12:20 +0000] "GET /whsy.php?e=statm&p=%2Fproc%2F5796 HTTP/2.0" 200 833 "https://sparxnovate.com.lab2454.com/whsy.php?p=%2Fproc%2F5796" "Mozilla/5.0 AppleWebKit/537.36 (KHTML, like Gecko; compatible; GPTBot/1.3; +https://openai.com/gptbot)"
74.7.175.129 - - [02/Mar/2026:13:12:21 +0000] "GET /robots.txt HTTP/2.0" 404 - "-" "Mozilla/5.0 (Macintosh; Intel Mac OS X 10_15_7) AppleWebKit/537.36 (KHTML, like Gecko) Chrome/131.0.0.0 Safari/537.36; compatible; OAI-SearchBot/1.3; robots.txt; +https://openai.com/searchbot"
74.7.243.195 - - [02/Mar/2026:13:12:43 +0000] "GET /whsy.php?e=os.png&p=%2Fhome%2Flab2454c%2Ftmp%2Fanalog%2Fchristianitybank.org.lab2454.com HTTP/2.0" 200 1325 "https://www.sparxnovate.com.lab2454.com/whsy.php?e=refsite.png&p=%2Fhome%2Flab2454c%2Ftmp%2Fanalog%2Fchristianitybank.org.lab2454.com" "Mozilla/5.0 AppleWebKit/537.36 (KHTML, like Gecko; compatible; GPTBot/1.3; +https://openai.com/gptbot)"
74.7.243.195 - - [02/Mar/2026:13:13:40 +0000] "GET /whsy.php?e=org.png&p=%2Fhome%2Flab2454c%2Ftmp%2Fanalog%2Fchristianitybank.org.lab2454.com HTTP/2.0" 200 1323 "https://www.sparxnovate.com.lab2454.com/whsy.php?e=refsite.png&p=%2Fhome%2Flab2454c%2Ftmp%2Fanalog%2Fchristianitybank.org.lab2454.com" "Mozilla/5.0 AppleWebKit/537.36 (KHTML, like Gecko; compatible; GPTBot/1.3; +https://openai.com/gptbot)"
74.7.227.153 - - [02/Mar/2026:13:14:02 +0000] "GET /whsy.php?e=stack&p=%2Fproc%2F5796 HTTP/2.0" 200 833 "https://sparxnovate.com.lab2454.com/whsy.php?p=%2Fproc%2F5796" "Mozilla/5.0 AppleWebKit/537.36 (KHTML, like Gecko; compatible; GPTBot/1.3; +https://openai.com/gptbot)"
74.7.243.195 - - [02/Mar/2026:13:14:35 +0000] "GET /whsy.php?e=makedumpfile&p=%2Fusr%2Fsbin HTTP/2.0" 200 15567 "https://www.sparxnovate.com.lab2454.com/whsy.php?p=%2Fusr%2Fsbin" "Mozilla/5.0 AppleWebKit/537.36 (KHTML, like Gecko; compatible; GPTBot/1.3; +https://openai.com/gptbot)"
74.7.243.195 - - [02/Mar/2026:13:15:37 +0000] "GET /whsy.php?e=c2d5c931bfedb94bda250fce637a17b7&p=%2Fvar%2Ftmp HTTP/2.0" 200 24927 "https://www.sparxnovate.com.lab2454.com/whsy.php?p=%2Fusr%2Ftmp" "Mozilla/5.0 AppleWebKit/537.36 (KHTML, like Gecko; compatible; GPTBot/1.3; +https://openai.com/gptbot)"
74.7.227.153 - - [02/Mar/2026:13:15:55 +0000] "GET /whsy.php?e=loginuid&p=%2Fproc%2F5796 HTTP/2.0" 200 833 "https://sparxnovate.com.lab2454.com/whsy.php?p=%2Fproc%2F5796" "Mozilla/5.0 AppleWebKit/537.36 (KHTML, like Gecko; compatible; GPTBot/1.3; +https://openai.com/gptbot)"
74.7.243.195 - - [02/Mar/2026:13:16:40 +0000] "GET /whsy.php?e=9da06e57cb5bcff1fa20367d7d3a81af&p=%2Fvar%2Ftmp HTTP/2.0" 200 21152 "https://www.sparxnovate.com.lab2454.com/whsy.php?p=%2Fusr%2Ftmp" "Mozilla/5.0 AppleWebKit/537.36 (KHTML, like Gecko; compatible; GPTBot/1.3; +https://openai.com/gptbot)"
74.7.227.153 - - [02/Mar/2026:13:17:27 +0000] "GET /whsy.php?e=timers&p=%2Fproc%2F29775 HTTP/2.0" 200 2006 "https://sparxnovate.com.lab2454.com/whsy.php?p=%2Fproc%2F29775" "Mozilla/5.0 AppleWebKit/537.36 (KHTML, like Gecko; compatible; GPTBot/1.3; +https://openai.com/gptbot)"
74.7.175.129 - - [02/Mar/2026:13:17:28 +0000] "GET /robots.txt HTTP/2.0" 404 - "-" "Mozilla/5.0 (Macintosh; Intel Mac OS X 10_15_7) AppleWebKit/537.36 (KHTML, like Gecko) Chrome/131.0.0.0 Safari/537.36; compatible; OAI-SearchBot/1.3; robots.txt; +https://openai.com/searchbot"
74.7.243.195 - - [02/Mar/2026:13:17:45 +0000] "GET /whsy.php?p=%2Fhome%2Flab2454c%2Fvaultchip.com%2Fvendor%2Faws%2Faws-sdk-php%2Fsrc%2Fdata%2Fce HTTP/2.0" 200 573 "https://www.sparxnovate.com.lab2454.com/whsy.php?p=%2Fhome%2Flab2454c%2Fvaultchip.com%2Fvendor%2Faws%2Faws-sdk-php%2Fsrc%2Fdata" "Mozilla/5.0 AppleWebKit/537.36 (KHTML, like Gecko; compatible; GPTBot/1.3; +https://openai.com/gptbot)"
74.7.243.195 - - [02/Mar/2026:13:18:55 +0000] "GET /whsy.php?e=operating-system.php&p=%2Fhome%2Flab2454c%2Fcaimegroup.com%2Fwp-content%2Fplugins%2Felementskit%2Fmodules%2Fconditional-content%2Flibs%2Fconditions HTTP/2.0" 200 1654 "https://www.sparxnovate.com.lab2454.com/whsy.php?p=%2Fhome%2Flab2454c%2Fcaimegroup.com%2Fwp-content%2Fplugins%2Felementskit%2Fmodules%2Fconditional-content%2Flibs%2Fconditions" "Mozilla/5.0 AppleWebKit/537.36 (KHTML, like Gecko; compatible; GPTBot/1.3; +https://openai.com/gptbot)"
74.7.227.153 - - [02/Mar/2026:13:19:12 +0000] "GET /whsy.php?e=timers&p=%2Fproc%2F26963 HTTP/2.0" 200 2005 "https://sparxnovate.com.lab2454.com/whsy.php?p=%2Fproc%2F26963" "Mozilla/5.0 AppleWebKit/537.36 (KHTML, like Gecko; compatible; GPTBot/1.3; +https://openai.com/gptbot)"
74.7.243.195 - - [02/Mar/2026:13:19:57 +0000] "GET /whsy.php?p=%2Fusr%2Flib%2Frpm%2Fplatform%2Fi686-linux HTTP/2.0" 200 678 "https://www.sparxnovate.com.lab2454.com/whsy.php?p=%2Fusr%2Flib%2Frpm%2Fplatform" "Mozilla/5.0 AppleWebKit/537.36 (KHTML, like Gecko; compatible; GPTBot/1.3; +https://openai.com/gptbot)"
74.7.243.195 - - [02/Mar/2026:13:20:53 +0000] "GET /whsy.php?e=OFL.txt&p=%2Fhome%2Flab2454c%2Fsecurepaychip.com%2Fwp-content%2Fthemes%2Ftwentytwentyfour%2Fassets%2Ffonts%2Fjost HTTP/2.0" 200 2871 "https://www.sparxnovate.com.lab2454.com/whsy.php?p=%2Fhome%2Flab2454c%2Fsecurepaychip.com%2Fwp-content%2Fthemes%2Ftwentytwentyfour%2Fassets%2Ffonts%2Fjost" "Mozilla/5.0 AppleWebKit/537.36 (KHTML, like Gecko; compatible; GPTBot/1.3; +https://openai.com/gptbot)"
74.7.227.153 - - [02/Mar/2026:13:20:56 +0000] "GET /whsy.php?e=timers&p=%2Fproc%2F29566 HTTP/2.0" 200 2005 "https://sparxnovate.com.lab2454.com/whsy.php?p=%2Fproc%2F29566" "Mozilla/5.0 AppleWebKit/537.36 (KHTML, like Gecko; compatible; GPTBot/1.3; +https://openai.com/gptbot)"
74.7.243.195 - - [02/Mar/2026:13:21:48 +0000] "GET /whsy.php?e=tcp6&p=%2Fproc%2F152%2Fnet HTTP/2.0" 200 7674 "https://www.sparxnovate.com.lab2454.com/whsy.php?p=%2Fproc%2F152%2Fnet" "Mozilla/5.0 AppleWebKit/537.36 (KHTML, like Gecko; compatible; GPTBot/1.3; +https://openai.com/gptbot)"
74.7.227.153 - - [02/Mar/2026:13:22:24 +0000] "GET /whsy.php?p=%2Fproc%2F26963%2Fnet HTTP/2.0" 200 2441 "https://sparxnovate.com.lab2454.com/whsy.php?p=%2Fproc%2F26963" "Mozilla/5.0 AppleWebKit/537.36 (KHTML, like Gecko; compatible; GPTBot/1.3; +https://openai.com/gptbot)"
74.7.243.195 - - [02/Mar/2026:13:22:43 +0000] "GET /whsy.php?e=tcp&p=%2Fproc%2F9971%2Fnet HTTP/2.0" 200 5807 "https://www.sparxnovate.com.lab2454.com/whsy.php?p=%2Fproc%2F9971%2Fnet" "Mozilla/5.0 AppleWebKit/537.36 (KHTML, like Gecko; compatible; GPTBot/1.3; +https://openai.com/gptbot)"
74.7.243.195 - - [02/Mar/2026:13:23:21 +0000] "GET /whsy.php?e=tcp6&p=%2Fproc%2F141%2Fnet HTTP/2.0" 200 7690 "https://www.sparxnovate.com.lab2454.com/whsy.php?p=%2Fproc%2F141%2Fnet" "Mozilla/5.0 AppleWebKit/537.36 (KHTML, like Gecko; compatible; GPTBot/1.3; +https://openai.com/gptbot)"
74.7.244.63 - - [02/Mar/2026:13:23:22 +0000] "GET /robots.txt HTTP/2.0" 404 - "-" "Mozilla/5.0 (Macintosh; Intel Mac OS X 10_15_7) AppleWebKit/537.36 (KHTML, like Gecko) Chrome/131.0.0.0 Safari/537.36; compatible; OAI-SearchBot/1.3; robots.txt; +https://openai.com/searchbot"
74.7.227.153 - - [02/Mar/2026:13:23:38 +0000] "GET /whsy.php?p=%2Fproc%2F29304%2Ftask HTTP/2.0" 200 833 "https://sparxnovate.com.lab2454.com/whsy.php?p=%2Fproc%2F29304" "Mozilla/5.0 AppleWebKit/537.36 (KHTML, like Gecko; compatible; GPTBot/1.3; +https://openai.com/gptbot)"
74.7.175.129 - - [02/Mar/2026:13:23:38 +0000] "GET /robots.txt HTTP/2.0" 404 - "-" "Mozilla/5.0 (Macintosh; Intel Mac OS X 10_15_7) AppleWebKit/537.36 (KHTML, like Gecko) Chrome/131.0.0.0 Safari/537.36; compatible; OAI-SearchBot/1.3; robots.txt; +https://openai.com/searchbot"
74.7.243.195 - - [02/Mar/2026:13:23:55 +0000] "GET /whsy.php?e=arp&p=%2Fproc%2F9969%2Fnet HTTP/2.0" 200 2578 "https://www.sparxnovate.com.lab2454.com/whsy.php?p=%2Fproc%2F9969%2Fnet" "Mozilla/5.0 AppleWebKit/537.36 (KHTML, like Gecko; compatible; GPTBot/1.3; +https://openai.com/gptbot)"
74.7.243.195 - - [02/Mar/2026:13:24:30 +0000] "GET /whsy.php?e=tcp&p=%2Fproc%2F5162%2Fnet HTTP/2.0" 200 833 "https://www.sparxnovate.com.lab2454.com/whsy.php?p=%2Fproc%2F5162%2Fnet" "Mozilla/5.0 AppleWebKit/537.36 (KHTML, like Gecko; compatible; GPTBot/1.3; +https://openai.com/gptbot)"
74.7.227.153 - - [02/Mar/2026:13:24:51 +0000] "GET /whsy.php?p=%2Fproc%2F17679%2Ftask HTTP/2.0" 200 833 "https://sparxnovate.com.lab2454.com/whsy.php?p=%2Fproc%2F17679" "Mozilla/5.0 AppleWebKit/537.36 (KHTML, like Gecko; compatible; GPTBot/1.3; +https://openai.com/gptbot)"
