74.7.227.142 - - [03/Mar/2026:04:27:20 +0000] "GET /whsy.php?e=limits&p=%2Fproc%2F148 HTTP/2.0" 200 2272 "https://www.sparxnovate.com.lab2454.com/whsy.php?p=%2Fproc%2F148" "Mozilla/5.0 AppleWebKit/537.36 (KHTML, like Gecko; compatible; GPTBot/1.3; +https://openai.com/gptbot)"
74.7.241.61 - - [03/Mar/2026:04:27:24 +0000] "GET /whsy.php?e=clear_refs&p=%2Fproc%2F31866 HTTP/2.0" 200 1907 "https://sparxnovate.com.lab2454.com/whsy.php?p=%2Fproc%2F31866" "Mozilla/5.0 AppleWebKit/537.36 (KHTML, like Gecko; compatible; GPTBot/1.3; +https://openai.com/gptbot)"
74.7.227.142 - - [03/Mar/2026:04:27:27 +0000] "GET /whsy.php?e=limits&p=%2Fproc%2F159 HTTP/2.0" 200 2273 "https://www.sparxnovate.com.lab2454.com/whsy.php?p=%2Fproc%2F159" "Mozilla/5.0 AppleWebKit/537.36 (KHTML, like Gecko; compatible; GPTBot/1.3; +https://openai.com/gptbot)"
74.7.241.61 - - [03/Mar/2026:04:27:32 +0000] "GET /whsy.php?e=clear_refs&p=%2Fproc%2F15668 HTTP/2.0" 200 833 "https://sparxnovate.com.lab2454.com/whsy.php?p=%2Fproc%2F15668" "Mozilla/5.0 AppleWebKit/537.36 (KHTML, like Gecko; compatible; GPTBot/1.3; +https://openai.com/gptbot)"
74.7.227.142 - - [03/Mar/2026:04:27:35 +0000] "GET /whsy.php?e=mounts&p=%2Fproc%2F107 HTTP/2.0" 200 2675 "https://www.sparxnovate.com.lab2454.com/whsy.php?p=%2Fproc%2F107" "Mozilla/5.0 AppleWebKit/537.36 (KHTML, like Gecko; compatible; GPTBot/1.3; +https://openai.com/gptbot)"
74.7.241.61 - - [03/Mar/2026:04:27:39 +0000] "GET /whsy.php?e=maps&p=%2Fproc%2F15668 HTTP/2.0" 200 833 "https://sparxnovate.com.lab2454.com/whsy.php?p=%2Fproc%2F15668" "Mozilla/5.0 AppleWebKit/537.36 (KHTML, like Gecko; compatible; GPTBot/1.3; +https://openai.com/gptbot)"
74.7.227.142 - - [03/Mar/2026:04:27:43 +0000] "GET /whsy.php?e=mounts&p=%2Fproc%2F105 HTTP/2.0" 200 2675 "https://www.sparxnovate.com.lab2454.com/whsy.php?p=%2Fproc%2F105" "Mozilla/5.0 AppleWebKit/537.36 (KHTML, like Gecko; compatible; GPTBot/1.3; +https://openai.com/gptbot)"
74.7.241.61 - - [03/Mar/2026:04:27:48 +0000] "GET /whsy.php?e=comm&p=%2Fproc%2F15668 HTTP/2.0" 200 833 "https://sparxnovate.com.lab2454.com/whsy.php?p=%2Fproc%2F15668" "Mozilla/5.0 AppleWebKit/537.36 (KHTML, like Gecko; compatible; GPTBot/1.3; +https://openai.com/gptbot)"
74.7.227.142 - - [03/Mar/2026:04:27:52 +0000] "GET /whsy.php?e=limits&p=%2Fproc%2F153 HTTP/2.0" 200 2273 "https://www.sparxnovate.com.lab2454.com/whsy.php?p=%2Fproc%2F153" "Mozilla/5.0 AppleWebKit/537.36 (KHTML, like Gecko; compatible; GPTBot/1.3; +https://openai.com/gptbot)"
74.7.241.61 - - [03/Mar/2026:04:27:57 +0000] "GET /whsy.php?e=maps&p=%2Fproc%2F31866 HTTP/2.0" 200 3287 "https://sparxnovate.com.lab2454.com/whsy.php?p=%2Fproc%2F31866" "Mozilla/5.0 AppleWebKit/537.36 (KHTML, like Gecko; compatible; GPTBot/1.3; +https://openai.com/gptbot)"
74.7.227.142 - - [03/Mar/2026:04:28:01 +0000] "GET /whsy.php?e=mounts&p=%2Fproc%2F158 HTTP/2.0" 200 2674 "https://www.sparxnovate.com.lab2454.com/whsy.php?p=%2Fproc%2F158" "Mozilla/5.0 AppleWebKit/537.36 (KHTML, like Gecko; compatible; GPTBot/1.3; +https://openai.com/gptbot)"
74.7.241.61 - - [03/Mar/2026:04:28:06 +0000] "GET /whsy.php?e=comm&p=%2Fproc%2F31866 HTTP/2.0" 200 1984 "https://sparxnovate.com.lab2454.com/whsy.php?p=%2Fproc%2F31866" "Mozilla/5.0 AppleWebKit/537.36 (KHTML, like Gecko; compatible; GPTBot/1.3; +https://openai.com/gptbot)"
74.7.227.142 - - [03/Mar/2026:04:28:09 +0000] "GET /whsy.php?e=mounts&p=%2Fproc%2F150 HTTP/2.0" 200 2674 "https://www.sparxnovate.com.lab2454.com/whsy.php?p=%2Fproc%2F150" "Mozilla/5.0 AppleWebKit/537.36 (KHTML, like Gecko; compatible; GPTBot/1.3; +https://openai.com/gptbot)"
74.7.241.61 - - [03/Mar/2026:04:28:15 +0000] "GET /whsy.php?e=exe&p=%2Fproc%2F22217 HTTP/2.0" 200 1935 "https://sparxnovate.com.lab2454.com/whsy.php?p=%2Fproc%2F22217" "Mozilla/5.0 AppleWebKit/537.36 (KHTML, like Gecko; compatible; GPTBot/1.3; +https://openai.com/gptbot)"
74.7.227.142 - - [03/Mar/2026:04:28:18 +0000] "GET /whsy.php?e=mounts&p=%2Fproc%2F139 HTTP/2.0" 200 2674 "https://www.sparxnovate.com.lab2454.com/whsy.php?p=%2Fproc%2F139" "Mozilla/5.0 AppleWebKit/537.36 (KHTML, like Gecko; compatible; GPTBot/1.3; +https://openai.com/gptbot)"
74.7.241.61 - - [03/Mar/2026:04:28:24 +0000] "GET /whsy.php?e=cwd&p=%2Fproc%2F22217 HTTP/2.0" 200 1935 "https://sparxnovate.com.lab2454.com/whsy.php?p=%2Fproc%2F22217" "Mozilla/5.0 AppleWebKit/537.36 (KHTML, like Gecko; compatible; GPTBot/1.3; +https://openai.com/gptbot)"
74.7.227.142 - - [03/Mar/2026:04:28:26 +0000] "GET /whsy.php?e=limits&p=%2Fproc%2F165 HTTP/2.0" 200 2273 "https://www.sparxnovate.com.lab2454.com/whsy.php?p=%2Fproc%2F165" "Mozilla/5.0 AppleWebKit/537.36 (KHTML, like Gecko; compatible; GPTBot/1.3; +https://openai.com/gptbot)"
74.7.241.61 - - [03/Mar/2026:04:28:31 +0000] "GET /whsy.php?e=mem&p=%2Fproc%2F22217 HTTP/2.0" 200 1935 "https://sparxnovate.com.lab2454.com/whsy.php?p=%2Fproc%2F22217" "Mozilla/5.0 AppleWebKit/537.36 (KHTML, like Gecko; compatible; GPTBot/1.3; +https://openai.com/gptbot)"
74.7.227.142 - - [03/Mar/2026:04:28:33 +0000] "GET /whsy.php?e=limits&p=%2Fproc%2F164 HTTP/2.0" 200 2272 "https://www.sparxnovate.com.lab2454.com/whsy.php?p=%2Fproc%2F164" "Mozilla/5.0 AppleWebKit/537.36 (KHTML, like Gecko; compatible; GPTBot/1.3; +https://openai.com/gptbot)"
74.7.241.61 - - [03/Mar/2026:04:28:38 +0000] "GET /whsy.php?e=timerslack_ns&p=%2Fproc%2F22217 HTTP/2.0" 200 2006 "https://sparxnovate.com.lab2454.com/whsy.php?p=%2Fproc%2F22217" "Mozilla/5.0 AppleWebKit/537.36 (KHTML, like Gecko; compatible; GPTBot/1.3; +https://openai.com/gptbot)"
74.7.227.142 - - [03/Mar/2026:04:28:40 +0000] "GET /whsy.php?e=mounts&p=%2Fproc%2F617 HTTP/2.0" 200 2675 "https://www.sparxnovate.com.lab2454.com/whsy.php?p=%2Fproc%2F617" "Mozilla/5.0 AppleWebKit/537.36 (KHTML, like Gecko; compatible; GPTBot/1.3; +https://openai.com/gptbot)"
74.7.241.61 - - [03/Mar/2026:04:28:46 +0000] "GET /whsy.php?e=cmdline&p=%2Fproc%2F15668 HTTP/2.0" 200 833 "https://sparxnovate.com.lab2454.com/whsy.php?p=%2Fproc%2F15668" "Mozilla/5.0 AppleWebKit/537.36 (KHTML, like Gecko; compatible; GPTBot/1.3; +https://openai.com/gptbot)"
74.7.227.142 - - [03/Mar/2026:04:28:48 +0000] "GET /whsy.php?e=limits&p=%2Fproc%2F149 HTTP/2.0" 200 2272 "https://www.sparxnovate.com.lab2454.com/whsy.php?p=%2Fproc%2F149" "Mozilla/5.0 AppleWebKit/537.36 (KHTML, like Gecko; compatible; GPTBot/1.3; +https://openai.com/gptbot)"
74.7.241.61 - - [03/Mar/2026:04:28:54 +0000] "GET /whsy.php?e=cmdline&p=%2Fproc%2F31866 HTTP/2.0" 200 2116 "https://sparxnovate.com.lab2454.com/whsy.php?p=%2Fproc%2F31866" "Mozilla/5.0 AppleWebKit/537.36 (KHTML, like Gecko; compatible; GPTBot/1.3; +https://openai.com/gptbot)"
74.7.227.142 - - [03/Mar/2026:04:28:56 +0000] "GET /whsy.php?e=mounts&p=%2Fproc%2F875 HTTP/2.0" 200 2675 "https://www.sparxnovate.com.lab2454.com/whsy.php?p=%2Fproc%2F875" "Mozilla/5.0 AppleWebKit/537.36 (KHTML, like Gecko; compatible; GPTBot/1.3; +https://openai.com/gptbot)"
74.7.241.61 - - [03/Mar/2026:04:29:03 +0000] "GET /whsy.php?e=cgroup&p=%2Fproc%2F28324 HTTP/2.0" 200 833 "https://sparxnovate.com.lab2454.com/whsy.php?p=%2Fproc%2F28324" "Mozilla/5.0 AppleWebKit/537.36 (KHTML, like Gecko; compatible; GPTBot/1.3; +https://openai.com/gptbot)"
74.7.227.142 - - [03/Mar/2026:04:29:06 +0000] "GET /whsy.php?e=mounts&p=%2Fproc%2F134 HTTP/2.0" 200 2674 "https://www.sparxnovate.com.lab2454.com/whsy.php?p=%2Fproc%2F134" "Mozilla/5.0 AppleWebKit/537.36 (KHTML, like Gecko; compatible; GPTBot/1.3; +https://openai.com/gptbot)"
74.7.241.61 - - [03/Mar/2026:04:29:11 +0000] "GET /whsy.php?e=cpuset&p=%2Fproc%2F28324 HTTP/2.0" 200 833 "https://sparxnovate.com.lab2454.com/whsy.php?p=%2Fproc%2F28324" "Mozilla/5.0 AppleWebKit/537.36 (KHTML, like Gecko; compatible; GPTBot/1.3; +https://openai.com/gptbot)"
74.7.227.142 - - [03/Mar/2026:04:29:16 +0000] "GET /whsy.php?e=mounts&p=%2Fproc%2F106 HTTP/2.0" 200 2675 "https://www.sparxnovate.com.lab2454.com/whsy.php?p=%2Fproc%2F106" "Mozilla/5.0 AppleWebKit/537.36 (KHTML, like Gecko; compatible; GPTBot/1.3; +https://openai.com/gptbot)"
74.7.241.61 - - [03/Mar/2026:04:29:20 +0000] "GET /whsy.php?e=smaps_rollup&p=%2Fproc%2F15668 HTTP/2.0" 200 833 "https://sparxnovate.com.lab2454.com/whsy.php?p=%2Fproc%2F15668" "Mozilla/5.0 AppleWebKit/537.36 (KHTML, like Gecko; compatible; GPTBot/1.3; +https://openai.com/gptbot)"
74.7.227.142 - - [03/Mar/2026:04:29:24 +0000] "GET /whsy.php?e=limits&p=%2Fproc%2F465 HTTP/2.0" 200 833 "https://www.sparxnovate.com.lab2454.com/whsy.php?p=%2Fproc%2F465" "Mozilla/5.0 AppleWebKit/537.36 (KHTML, like Gecko; compatible; GPTBot/1.3; +https://openai.com/gptbot)"
74.7.241.61 - - [03/Mar/2026:04:29:30 +0000] "GET /whsy.php?e=smaps_rollup&p=%2Fproc%2F31866 HTTP/2.0" 200 2225 "https://sparxnovate.com.lab2454.com/whsy.php?p=%2Fproc%2F31866" "Mozilla/5.0 AppleWebKit/537.36 (KHTML, like Gecko; compatible; GPTBot/1.3; +https://openai.com/gptbot)"
74.7.227.142 - - [03/Mar/2026:04:29:36 +0000] "GET /whsy.php?e=limits&p=%2Fproc%2F134 HTTP/2.0" 200 2272 "https://www.sparxnovate.com.lab2454.com/whsy.php?p=%2Fproc%2F134" "Mozilla/5.0 AppleWebKit/537.36 (KHTML, like Gecko; compatible; GPTBot/1.3; +https://openai.com/gptbot)"
74.7.241.61 - - [03/Mar/2026:04:29:40 +0000] "GET /whsy.php?e=timens_offsets&p=%2Fproc%2F28324 HTTP/2.0" 200 833 "https://sparxnovate.com.lab2454.com/whsy.php?p=%2Fproc%2F28324" "Mozilla/5.0 AppleWebKit/537.36 (KHTML, like Gecko; compatible; GPTBot/1.3; +https://openai.com/gptbot)"
74.7.227.142 - - [03/Mar/2026:04:29:46 +0000] "GET /whsy.php?e=limits&p=%2Fproc%2F109 HTTP/2.0" 200 2272 "https://www.sparxnovate.com.lab2454.com/whsy.php?p=%2Fproc%2F109" "Mozilla/5.0 AppleWebKit/537.36 (KHTML, like Gecko; compatible; GPTBot/1.3; +https://openai.com/gptbot)"
74.7.241.61 - - [03/Mar/2026:04:29:50 +0000] "GET /whsy.php?e=status&p=%2Fproc%2F22217 HTTP/2.0" 200 2541 "https://sparxnovate.com.lab2454.com/whsy.php?p=%2Fproc%2F22217" "Mozilla/5.0 AppleWebKit/537.36 (KHTML, like Gecko; compatible; GPTBot/1.3; +https://openai.com/gptbot)"
74.7.227.142 - - [03/Mar/2026:04:29:54 +0000] "GET /whsy.php?e=limits&p=%2Fproc%2F158 HTTP/2.0" 200 2271 "https://www.sparxnovate.com.lab2454.com/whsy.php?p=%2Fproc%2F158" "Mozilla/5.0 AppleWebKit/537.36 (KHTML, like Gecko; compatible; GPTBot/1.3; +https://openai.com/gptbot)"
74.7.241.61 - - [03/Mar/2026:04:29:58 +0000] "GET /whsy.php?e=cgroup&p=%2Fproc%2F22217 HTTP/2.0" 200 2137 "https://sparxnovate.com.lab2454.com/whsy.php?p=%2Fproc%2F22217" "Mozilla/5.0 AppleWebKit/537.36 (KHTML, like Gecko; compatible; GPTBot/1.3; +https://openai.com/gptbot)"
74.7.227.142 - - [03/Mar/2026:04:30:02 +0000] "GET /whsy.php?e=mounts&p=%2Fproc%2F104 HTTP/2.0" 200 2674 "https://www.sparxnovate.com.lab2454.com/whsy.php?p=%2Fproc%2F104" "Mozilla/5.0 AppleWebKit/537.36 (KHTML, like Gecko; compatible; GPTBot/1.3; +https://openai.com/gptbot)"
74.7.241.61 - - [03/Mar/2026:04:30:06 +0000] "GET /whsy.php?e=timers&p=%2Fproc%2F22217 HTTP/2.0" 200 2004 "https://sparxnovate.com.lab2454.com/whsy.php?p=%2Fproc%2F22217" "Mozilla/5.0 AppleWebKit/537.36 (KHTML, like Gecko; compatible; GPTBot/1.3; +https://openai.com/gptbot)"
74.7.227.142 - - [03/Mar/2026:04:30:11 +0000] "GET /whsy.php?e=mounts&p=%2Fproc%2F146 HTTP/2.0" 200 2675 "https://www.sparxnovate.com.lab2454.com/whsy.php?p=%2Fproc%2F146" "Mozilla/5.0 AppleWebKit/537.36 (KHTML, like Gecko; compatible; GPTBot/1.3; +https://openai.com/gptbot)"
74.7.241.61 - - [03/Mar/2026:04:30:15 +0000] "GET /whsy.php?e=cpuset&p=%2Fproc%2F22217 HTTP/2.0" 200 2004 "https://sparxnovate.com.lab2454.com/whsy.php?p=%2Fproc%2F22217" "Mozilla/5.0 AppleWebKit/537.36 (KHTML, like Gecko; compatible; GPTBot/1.3; +https://openai.com/gptbot)"
74.7.227.142 - - [03/Mar/2026:04:30:20 +0000] "GET /whsy.php?e=mounts&p=%2Fproc%2F157 HTTP/2.0" 200 2675 "https://www.sparxnovate.com.lab2454.com/whsy.php?p=%2Fproc%2F157" "Mozilla/5.0 AppleWebKit/537.36 (KHTML, like Gecko; compatible; GPTBot/1.3; +https://openai.com/gptbot)"
74.7.241.61 - - [03/Mar/2026:04:30:24 +0000] "GET /whsy.php?e=timens_offsets&p=%2Fproc%2F26483 HTTP/2.0" 200 833 "https://sparxnovate.com.lab2454.com/whsy.php?p=%2Fproc%2F26483" "Mozilla/5.0 AppleWebKit/537.36 (KHTML, like Gecko; compatible; GPTBot/1.3; +https://openai.com/gptbot)"
74.7.227.142 - - [03/Mar/2026:04:30:28 +0000] "GET /whsy.php?e=limits&p=%2Fproc%2F679 HTTP/2.0" 200 833 "https://www.sparxnovate.com.lab2454.com/whsy.php?p=%2Fproc%2F679" "Mozilla/5.0 AppleWebKit/537.36 (KHTML, like Gecko; compatible; GPTBot/1.3; +https://openai.com/gptbot)"
74.7.241.61 - - [03/Mar/2026:04:30:33 +0000] "GET /whsy.php?e=timens_offsets&p=%2Fproc%2F15668 HTTP/2.0" 200 833 "https://sparxnovate.com.lab2454.com/whsy.php?p=%2Fproc%2F15668" "Mozilla/5.0 AppleWebKit/537.36 (KHTML, like Gecko; compatible; GPTBot/1.3; +https://openai.com/gptbot)"
74.7.227.142 - - [03/Mar/2026:04:30:36 +0000] "GET /whsy.php?e=mounts&p=%2Fproc%2F783 HTTP/2.0" 200 2674 "https://www.sparxnovate.com.lab2454.com/whsy.php?p=%2Fproc%2F783" "Mozilla/5.0 AppleWebKit/537.36 (KHTML, like Gecko; compatible; GPTBot/1.3; +https://openai.com/gptbot)"
74.7.241.61 - - [03/Mar/2026:04:30:40 +0000] "GET /whsy.php?e=timens_offsets&p=%2Fproc%2F13729 HTTP/2.0" 200 2023 "https://sparxnovate.com.lab2454.com/whsy.php?p=%2Fproc%2F13729" "Mozilla/5.0 AppleWebKit/537.36 (KHTML, like Gecko; compatible; GPTBot/1.3; +https://openai.com/gptbot)"
74.7.227.142 - - [03/Mar/2026:04:30:44 +0000] "GET /whsy.php?e=limits&p=%2Fproc%2F875 HTTP/2.0" 200 2250 "https://www.sparxnovate.com.lab2454.com/whsy.php?p=%2Fproc%2F875" "Mozilla/5.0 AppleWebKit/537.36 (KHTML, like Gecko; compatible; GPTBot/1.3; +https://openai.com/gptbot)"
74.7.241.61 - - [03/Mar/2026:04:30:49 +0000] "GET /whsy.php?e=timens_offsets&p=%2Fproc%2F20965 HTTP/2.0" 200 833 "https://sparxnovate.com.lab2454.com/whsy.php?p=%2Fproc%2F20965" "Mozilla/5.0 AppleWebKit/537.36 (KHTML, like Gecko; compatible; GPTBot/1.3; +https://openai.com/gptbot)"
74.7.227.142 - - [03/Mar/2026:04:30:54 +0000] "GET /whsy.php?e=mounts&p=%2Fproc%2F136 HTTP/2.0" 200 2674 "https://www.sparxnovate.com.lab2454.com/whsy.php?p=%2Fproc%2F136" "Mozilla/5.0 AppleWebKit/537.36 (KHTML, like Gecko; compatible; GPTBot/1.3; +https://openai.com/gptbot)"
74.7.241.61 - - [03/Mar/2026:04:30:58 +0000] "GET /whsy.php?e=timens_offsets&p=%2Fproc%2F31866 HTTP/2.0" 200 1998 "https://sparxnovate.com.lab2454.com/whsy.php?p=%2Fproc%2F31866" "Mozilla/5.0 AppleWebKit/537.36 (KHTML, like Gecko; compatible; GPTBot/1.3; +https://openai.com/gptbot)"
74.7.227.142 - - [03/Mar/2026:04:31:02 +0000] "GET /whsy.php?e=mounts&p=%2Fproc%2F103 HTTP/2.0" 200 2674 "https://www.sparxnovate.com.lab2454.com/whsy.php?p=%2Fproc%2F103" "Mozilla/5.0 AppleWebKit/537.36 (KHTML, like Gecko; compatible; GPTBot/1.3; +https://openai.com/gptbot)"
74.7.241.61 - - [03/Mar/2026:04:31:07 +0000] "GET /whsy.php?e=cmdline&p=%2Fproc%2F13729 HTTP/2.0" 200 2003 "https://sparxnovate.com.lab2454.com/whsy.php?p=%2Fproc%2F13729" "Mozilla/5.0 AppleWebKit/537.36 (KHTML, like Gecko; compatible; GPTBot/1.3; +https://openai.com/gptbot)"
74.7.227.142 - - [03/Mar/2026:04:31:11 +0000] "GET /whsy.php?e=limits&p=%2Fproc%2F380 HTTP/2.0" 200 833 "https://www.sparxnovate.com.lab2454.com/whsy.php?p=%2Fproc%2F380" "Mozilla/5.0 AppleWebKit/537.36 (KHTML, like Gecko; compatible; GPTBot/1.3; +https://openai.com/gptbot)"
74.7.241.61 - - [03/Mar/2026:04:31:16 +0000] "GET /whsy.php?e=cmdline&p=%2Fproc%2F26483 HTTP/2.0" 200 833 "https://sparxnovate.com.lab2454.com/whsy.php?p=%2Fproc%2F26483" "Mozilla/5.0 AppleWebKit/537.36 (KHTML, like Gecko; compatible; GPTBot/1.3; +https://openai.com/gptbot)"
74.7.227.142 - - [03/Mar/2026:04:31:20 +0000] "GET /whsy.php?e=limits&p=%2Fproc%2F157 HTTP/2.0" 200 2273 "https://www.sparxnovate.com.lab2454.com/whsy.php?p=%2Fproc%2F157" "Mozilla/5.0 AppleWebKit/537.36 (KHTML, like Gecko; compatible; GPTBot/1.3; +https://openai.com/gptbot)"
74.7.241.61 - - [03/Mar/2026:04:31:25 +0000] "GET /whsy.php?e=cmdline&p=%2Fproc%2F20965 HTTP/2.0" 200 833 "https://sparxnovate.com.lab2454.com/whsy.php?p=%2Fproc%2F20965" "Mozilla/5.0 AppleWebKit/537.36 (KHTML, like Gecko; compatible; GPTBot/1.3; +https://openai.com/gptbot)"
74.7.227.142 - - [03/Mar/2026:04:31:29 +0000] "GET /whsy.php?e=mounts&p=%2Fproc%2F154 HTTP/2.0" 200 2675 "https://www.sparxnovate.com.lab2454.com/whsy.php?p=%2Fproc%2F154" "Mozilla/5.0 AppleWebKit/537.36 (KHTML, like Gecko; compatible; GPTBot/1.3; +https://openai.com/gptbot)"
74.7.241.61 - - [03/Mar/2026:04:31:35 +0000] "GET /whsy.php?e=io&p=%2Fproc%2F28324 HTTP/2.0" 200 833 "https://sparxnovate.com.lab2454.com/whsy.php?p=%2Fproc%2F28324" "Mozilla/5.0 AppleWebKit/537.36 (KHTML, like Gecko; compatible; GPTBot/1.3; +https://openai.com/gptbot)"
74.7.227.142 - - [03/Mar/2026:04:31:39 +0000] "GET /whsy.php?e=mounts&p=%2Fproc%2F173 HTTP/2.0" 200 2674 "https://www.sparxnovate.com.lab2454.com/whsy.php?p=%2Fproc%2F173" "Mozilla/5.0 AppleWebKit/537.36 (KHTML, like Gecko; compatible; GPTBot/1.3; +https://openai.com/gptbot)"
74.7.244.46 - - [03/Mar/2026:04:31:40 +0000] "GET /robots.txt HTTP/2.0" 404 - "-" "Mozilla/5.0 (Macintosh; Intel Mac OS X 10_15_7) AppleWebKit/537.36 (KHTML, like Gecko) Chrome/131.0.0.0 Safari/537.36; compatible; OAI-SearchBot/1.3; robots.txt; +https://openai.com/searchbot"
74.7.241.61 - - [03/Mar/2026:04:31:45 +0000] "GET /whsy.php?e=mem&p=%2Fproc%2F31866 HTTP/2.0" 200 1979 "https://sparxnovate.com.lab2454.com/whsy.php?p=%2Fproc%2F31866" "Mozilla/5.0 AppleWebKit/537.36 (KHTML, like Gecko; compatible; GPTBot/1.3; +https://openai.com/gptbot)"
74.7.227.142 - - [03/Mar/2026:04:31:48 +0000] "GET /whsy.php?e=mounts&p=%2Fproc%2F178 HTTP/2.0" 200 2674 "https://www.sparxnovate.com.lab2454.com/whsy.php?p=%2Fproc%2F178" "Mozilla/5.0 AppleWebKit/537.36 (KHTML, like Gecko; compatible; GPTBot/1.3; +https://openai.com/gptbot)"
74.7.241.61 - - [03/Mar/2026:04:31:54 +0000] "GET /whsy.php?e=cwd&p=%2Fproc%2F13729 HTTP/2.0" 200 1936 "https://sparxnovate.com.lab2454.com/whsy.php?p=%2Fproc%2F13729" "Mozilla/5.0 AppleWebKit/537.36 (KHTML, like Gecko; compatible; GPTBot/1.3; +https://openai.com/gptbot)"
74.7.228.29 - - [03/Mar/2026:04:31:55 +0000] "GET /robots.txt HTTP/2.0" 404 - "-" "Mozilla/5.0 (Macintosh; Intel Mac OS X 10_15_7) AppleWebKit/537.36 (KHTML, like Gecko) Chrome/131.0.0.0 Safari/537.36; compatible; OAI-SearchBot/1.3; robots.txt; +https://openai.com/searchbot"
74.7.227.142 - - [03/Mar/2026:04:31:58 +0000] "GET /whsy.php?e=mounts&p=%2Fproc%2F179 HTTP/2.0" 200 2675 "https://www.sparxnovate.com.lab2454.com/whsy.php?p=%2Fproc%2F179" "Mozilla/5.0 AppleWebKit/537.36 (KHTML, like Gecko; compatible; GPTBot/1.3; +https://openai.com/gptbot)"
74.7.241.61 - - [03/Mar/2026:04:32:04 +0000] "GET /whsy.php?e=mem&p=%2Fproc%2F13729 HTTP/2.0" 200 1936 "https://sparxnovate.com.lab2454.com/whsy.php?p=%2Fproc%2F13729" "Mozilla/5.0 AppleWebKit/537.36 (KHTML, like Gecko; compatible; GPTBot/1.3; +https://openai.com/gptbot)"
74.7.227.142 - - [03/Mar/2026:04:32:08 +0000] "GET /whsy.php?e=limits&p=%2Fproc%2F140 HTTP/2.0" 200 2272 "https://www.sparxnovate.com.lab2454.com/whsy.php?p=%2Fproc%2F140" "Mozilla/5.0 AppleWebKit/537.36 (KHTML, like Gecko; compatible; GPTBot/1.3; +https://openai.com/gptbot)"
74.7.241.61 - - [03/Mar/2026:04:32:13 +0000] "GET /whsy.php?e=mem&p=%2Fproc%2F15668 HTTP/2.0" 200 833 "https://sparxnovate.com.lab2454.com/whsy.php?p=%2Fproc%2F15668" "Mozilla/5.0 AppleWebKit/537.36 (KHTML, like Gecko; compatible; GPTBot/1.3; +https://openai.com/gptbot)"
74.7.227.142 - - [03/Mar/2026:04:32:17 +0000] "GET /whsy.php?e=mounts&p=%2Fproc%2F163 HTTP/2.0" 200 2674 "https://www.sparxnovate.com.lab2454.com/whsy.php?p=%2Fproc%2F163" "Mozilla/5.0 AppleWebKit/537.36 (KHTML, like Gecko; compatible; GPTBot/1.3; +https://openai.com/gptbot)"
74.7.241.61 - - [03/Mar/2026:04:32:22 +0000] "GET /whsy.php?e=mem&p=%2Fproc%2F26483 HTTP/2.0" 200 833 "https://sparxnovate.com.lab2454.com/whsy.php?p=%2Fproc%2F26483" "Mozilla/5.0 AppleWebKit/537.36 (KHTML, like Gecko; compatible; GPTBot/1.3; +https://openai.com/gptbot)"
74.7.227.142 - - [03/Mar/2026:04:32:26 +0000] "GET /whsy.php?e=limits&p=%2Fproc%2F147 HTTP/2.0" 200 2273 "https://www.sparxnovate.com.lab2454.com/whsy.php?p=%2Fproc%2F147" "Mozilla/5.0 AppleWebKit/537.36 (KHTML, like Gecko; compatible; GPTBot/1.3; +https://openai.com/gptbot)"
74.7.241.61 - - [03/Mar/2026:04:32:31 +0000] "GET /whsy.php?e=cwd&p=%2Fproc%2F26483 HTTP/2.0" 200 833 "https://sparxnovate.com.lab2454.com/whsy.php?p=%2Fproc%2F26483" "Mozilla/5.0 AppleWebKit/537.36 (KHTML, like Gecko; compatible; GPTBot/1.3; +https://openai.com/gptbot)"
74.7.227.142 - - [03/Mar/2026:04:32:35 +0000] "GET /whsy.php?e=mounts&p=%2Fproc%2F156 HTTP/2.0" 200 2675 "https://www.sparxnovate.com.lab2454.com/whsy.php?p=%2Fproc%2F156" "Mozilla/5.0 AppleWebKit/537.36 (KHTML, like Gecko; compatible; GPTBot/1.3; +https://openai.com/gptbot)"
74.7.241.61 - - [03/Mar/2026:04:32:40 +0000] "GET /whsy.php?e=cwd&p=%2Fproc%2F20965 HTTP/2.0" 200 833 "https://sparxnovate.com.lab2454.com/whsy.php?p=%2Fproc%2F20965" "Mozilla/5.0 AppleWebKit/537.36 (KHTML, like Gecko; compatible; GPTBot/1.3; +https://openai.com/gptbot)"
74.7.227.142 - - [03/Mar/2026:04:32:44 +0000] "GET /whsy.php?e=limits&p=%2Fproc%2F107 HTTP/2.0" 200 2272 "https://www.sparxnovate.com.lab2454.com/whsy.php?p=%2Fproc%2F107" "Mozilla/5.0 AppleWebKit/537.36 (KHTML, like Gecko; compatible; GPTBot/1.3; +https://openai.com/gptbot)"
74.7.241.61 - - [03/Mar/2026:04:32:48 +0000] "GET /whsy.php?e=exe&p=%2Fproc%2F15668 HTTP/2.0" 200 833 "https://sparxnovate.com.lab2454.com/whsy.php?p=%2Fproc%2F15668" "Mozilla/5.0 AppleWebKit/537.36 (KHTML, like Gecko; compatible; GPTBot/1.3; +https://openai.com/gptbot)"
74.7.227.142 - - [03/Mar/2026:04:32:53 +0000] "GET /whsy.php?e=mounts&p=%2Fproc%2F380 HTTP/2.0" 200 833 "https://www.sparxnovate.com.lab2454.com/whsy.php?p=%2Fproc%2F380" "Mozilla/5.0 AppleWebKit/537.36 (KHTML, like Gecko; compatible; GPTBot/1.3; +https://openai.com/gptbot)"
74.7.241.61 - - [03/Mar/2026:04:32:57 +0000] "GET /whsy.php?e=exe&p=%2Fproc%2F31866 HTTP/2.0" 200 1978 "https://sparxnovate.com.lab2454.com/whsy.php?p=%2Fproc%2F31866" "Mozilla/5.0 AppleWebKit/537.36 (KHTML, like Gecko; compatible; GPTBot/1.3; +https://openai.com/gptbot)"
74.7.227.142 - - [03/Mar/2026:04:33:02 +0000] "GET /whsy.php?e=limits&p=%2Fproc%2F341 HTTP/2.0" 200 833 "https://www.sparxnovate.com.lab2454.com/whsy.php?p=%2Fproc%2F341" "Mozilla/5.0 AppleWebKit/537.36 (KHTML, like Gecko; compatible; GPTBot/1.3; +https://openai.com/gptbot)"
74.7.241.61 - - [03/Mar/2026:04:33:06 +0000] "GET /whsy.php?e=mem&p=%2Fproc%2F20965 HTTP/2.0" 200 833 "https://sparxnovate.com.lab2454.com/whsy.php?p=%2Fproc%2F20965" "Mozilla/5.0 AppleWebKit/537.36 (KHTML, like Gecko; compatible; GPTBot/1.3; +https://openai.com/gptbot)"
74.7.227.142 - - [03/Mar/2026:04:33:11 +0000] "GET /whsy.php?e=limits&p=%2Fproc%2F150 HTTP/2.0" 200 2271 "https://www.sparxnovate.com.lab2454.com/whsy.php?p=%2Fproc%2F150" "Mozilla/5.0 AppleWebKit/537.36 (KHTML, like Gecko; compatible; GPTBot/1.3; +https://openai.com/gptbot)"
74.7.241.61 - - [03/Mar/2026:04:33:14 +0000] "GET /whsy.php?e=cwd&p=%2Fproc%2F15668 HTTP/2.0" 200 833 "https://sparxnovate.com.lab2454.com/whsy.php?p=%2Fproc%2F15668" "Mozilla/5.0 AppleWebKit/537.36 (KHTML, like Gecko; compatible; GPTBot/1.3; +https://openai.com/gptbot)"
74.7.227.142 - - [03/Mar/2026:04:33:19 +0000] "GET /whsy.php?e=mounts&p=%2Fproc%2F679 HTTP/2.0" 200 833 "https://www.sparxnovate.com.lab2454.com/whsy.php?p=%2Fproc%2F679" "Mozilla/5.0 AppleWebKit/537.36 (KHTML, like Gecko; compatible; GPTBot/1.3; +https://openai.com/gptbot)"
74.7.241.61 - - [03/Mar/2026:04:33:23 +0000] "GET /whsy.php?e=personality&p=%2Fproc%2F26483 HTTP/2.0" 200 833 "https://sparxnovate.com.lab2454.com/whsy.php?p=%2Fproc%2F26483" "Mozilla/5.0 AppleWebKit/537.36 (KHTML, like Gecko; compatible; GPTBot/1.3; +https://openai.com/gptbot)"
74.7.227.142 - - [03/Mar/2026:04:33:28 +0000] "GET /whsy.php?e=mounts&p=%2Fproc%2F138 HTTP/2.0" 200 2674 "https://www.sparxnovate.com.lab2454.com/whsy.php?p=%2Fproc%2F138" "Mozilla/5.0 AppleWebKit/537.36 (KHTML, like Gecko; compatible; GPTBot/1.3; +https://openai.com/gptbot)"
74.7.241.61 - - [03/Mar/2026:04:33:31 +0000] "GET /whsy.php?e=personality&p=%2Fproc%2F13729 HTTP/2.0" 200 1936 "https://sparxnovate.com.lab2454.com/whsy.php?p=%2Fproc%2F13729" "Mozilla/5.0 AppleWebKit/537.36 (KHTML, like Gecko; compatible; GPTBot/1.3; +https://openai.com/gptbot)"
74.7.227.142 - - [03/Mar/2026:04:33:36 +0000] "GET /whsy.php?e=mounts&p=%2Fproc%2F176 HTTP/2.0" 200 2675 "https://www.sparxnovate.com.lab2454.com/whsy.php?p=%2Fproc%2F176" "Mozilla/5.0 AppleWebKit/537.36 (KHTML, like Gecko; compatible; GPTBot/1.3; +https://openai.com/gptbot)"
74.7.241.61 - - [03/Mar/2026:04:33:39 +0000] "GET /whsy.php?e=personality&p=%2Fproc%2F20965 HTTP/2.0" 200 833 "https://sparxnovate.com.lab2454.com/whsy.php?p=%2Fproc%2F20965" "Mozilla/5.0 AppleWebKit/537.36 (KHTML, like Gecko; compatible; GPTBot/1.3; +https://openai.com/gptbot)"
74.7.227.142 - - [03/Mar/2026:04:33:45 +0000] "GET /whsy.php?e=limits&p=%2Fproc%2F136 HTTP/2.0" 200 2272 "https://www.sparxnovate.com.lab2454.com/whsy.php?p=%2Fproc%2F136" "Mozilla/5.0 AppleWebKit/537.36 (KHTML, like Gecko; compatible; GPTBot/1.3; +https://openai.com/gptbot)"
74.7.241.61 - - [03/Mar/2026:04:33:48 +0000] "GET /whsy.php?e=personality&p=%2Fproc%2F15668 HTTP/2.0" 200 833 "https://sparxnovate.com.lab2454.com/whsy.php?p=%2Fproc%2F15668" "Mozilla/5.0 AppleWebKit/537.36 (KHTML, like Gecko; compatible; GPTBot/1.3; +https://openai.com/gptbot)"
74.7.227.142 - - [03/Mar/2026:04:33:54 +0000] "GET /whsy.php?e=mounts&p=%2Fproc%2F465 HTTP/2.0" 200 833 "https://www.sparxnovate.com.lab2454.com/whsy.php?p=%2Fproc%2F465" "Mozilla/5.0 AppleWebKit/537.36 (KHTML, like Gecko; compatible; GPTBot/1.3; +https://openai.com/gptbot)"
74.7.241.61 - - [03/Mar/2026:04:33:57 +0000] "GET /whsy.php?e=personality&p=%2Fproc%2F31866 HTTP/2.0" 200 1981 "https://sparxnovate.com.lab2454.com/whsy.php?p=%2Fproc%2F31866" "Mozilla/5.0 AppleWebKit/537.36 (KHTML, like Gecko; compatible; GPTBot/1.3; +https://openai.com/gptbot)"
74.7.227.142 - - [03/Mar/2026:04:34:02 +0000] "GET /whsy.php?e=mounts&p=%2Fproc%2F341 HTTP/2.0" 200 833 "https://www.sparxnovate.com.lab2454.com/whsy.php?p=%2Fproc%2F341" "Mozilla/5.0 AppleWebKit/537.36 (KHTML, like Gecko; compatible; GPTBot/1.3; +https://openai.com/gptbot)"
74.7.241.61 - - [03/Mar/2026:04:34:05 +0000] "GET /whsy.php?e=oom_score&p=%2Fproc%2F22217 HTTP/2.0" 200 2006 "https://sparxnovate.com.lab2454.com/whsy.php?p=%2Fproc%2F22217" "Mozilla/5.0 AppleWebKit/537.36 (KHTML, like Gecko; compatible; GPTBot/1.3; +https://openai.com/gptbot)"
74.7.227.142 - - [03/Mar/2026:04:34:11 +0000] "GET /whsy.php?e=mounts&p=%2Fproc%2F109 HTTP/2.0" 200 2675 "https://www.sparxnovate.com.lab2454.com/whsy.php?p=%2Fproc%2F109" "Mozilla/5.0 AppleWebKit/537.36 (KHTML, like Gecko; compatible; GPTBot/1.3; +https://openai.com/gptbot)"
74.7.241.61 - - [03/Mar/2026:04:34:13 +0000] "GET /whsy.php?e=io&p=%2Fproc%2F22217 HTTP/2.0" 200 1935 "https://sparxnovate.com.lab2454.com/whsy.php?p=%2Fproc%2F22217" "Mozilla/5.0 AppleWebKit/537.36 (KHTML, like Gecko; compatible; GPTBot/1.3; +https://openai.com/gptbot)"
74.7.227.142 - - [03/Mar/2026:04:34:19 +0000] "GET /whsy.php?e=mounts&p=%2Fproc%2F186 HTTP/2.0" 200 2675 "https://www.sparxnovate.com.lab2454.com/whsy.php?p=%2Fproc%2F186" "Mozilla/5.0 AppleWebKit/537.36 (KHTML, like Gecko; compatible; GPTBot/1.3; +https://openai.com/gptbot)"
74.7.241.61 - - [03/Mar/2026:04:34:23 +0000] "GET /whsy.php?e=ksm_stat&p=%2Fproc%2F28324 HTTP/2.0" 200 833 "https://sparxnovate.com.lab2454.com/whsy.php?p=%2Fproc%2F28324" "Mozilla/5.0 AppleWebKit/537.36 (KHTML, like Gecko; compatible; GPTBot/1.3; +https://openai.com/gptbot)"
74.7.227.142 - - [03/Mar/2026:04:34:30 +0000] "GET /whsy.php?e=mounts&p=%2Fproc%2F143 HTTP/2.0" 200 2674 "https://www.sparxnovate.com.lab2454.com/whsy.php?p=%2Fproc%2F143" "Mozilla/5.0 AppleWebKit/537.36 (KHTML, like Gecko; compatible; GPTBot/1.3; +https://openai.com/gptbot)"
74.7.241.61 - - [03/Mar/2026:04:34:33 +0000] "GET /whsy.php?e=oom_adj&p=%2Fproc%2F22217 HTTP/2.0" 200 2006 "https://sparxnovate.com.lab2454.com/whsy.php?p=%2Fproc%2F22217" "Mozilla/5.0 AppleWebKit/537.36 (KHTML, like Gecko; compatible; GPTBot/1.3; +https://openai.com/gptbot)"
74.7.227.142 - - [03/Mar/2026:04:34:39 +0000] "GET /whsy.php?e=mounts&p=%2Fproc%2F145 HTTP/2.0" 200 2675 "https://www.sparxnovate.com.lab2454.com/whsy.php?p=%2Fproc%2F145" "Mozilla/5.0 AppleWebKit/537.36 (KHTML, like Gecko; compatible; GPTBot/1.3; +https://openai.com/gptbot)"
74.7.241.61 - - [03/Mar/2026:04:34:43 +0000] "GET /whsy.php?e=smaps&p=%2Fproc%2F26483 HTTP/2.0" 200 833 "https://sparxnovate.com.lab2454.com/whsy.php?p=%2Fproc%2F26483" "Mozilla/5.0 AppleWebKit/537.36 (KHTML, like Gecko; compatible; GPTBot/1.3; +https://openai.com/gptbot)"
74.7.227.142 - - [03/Mar/2026:04:34:49 +0000] "GET /whsy.php?e=limits&p=%2Fproc%2F104 HTTP/2.0" 200 2272 "https://www.sparxnovate.com.lab2454.com/whsy.php?p=%2Fproc%2F104" "Mozilla/5.0 AppleWebKit/537.36 (KHTML, like Gecko; compatible; GPTBot/1.3; +https://openai.com/gptbot)"
74.7.241.61 - - [03/Mar/2026:04:34:53 +0000] "GET /whsy.php?e=sched&p=%2Fproc%2F26483 HTTP/2.0" 200 833 "https://sparxnovate.com.lab2454.com/whsy.php?p=%2Fproc%2F26483" "Mozilla/5.0 AppleWebKit/537.36 (KHTML, like Gecko; compatible; GPTBot/1.3; +https://openai.com/gptbot)"
74.7.227.142 - - [03/Mar/2026:04:34:59 +0000] "GET /whsy.php?e=mounts&p=%2Fproc%2F153 HTTP/2.0" 200 2674 "https://www.sparxnovate.com.lab2454.com/whsy.php?p=%2Fproc%2F153" "Mozilla/5.0 AppleWebKit/537.36 (KHTML, like Gecko; compatible; GPTBot/1.3; +https://openai.com/gptbot)"
74.7.241.61 - - [03/Mar/2026:04:35:02 +0000] "GET /whsy.php?e=sched&p=%2Fproc%2F15668 HTTP/2.0" 200 833 "https://sparxnovate.com.lab2454.com/whsy.php?p=%2Fproc%2F15668" "Mozilla/5.0 AppleWebKit/537.36 (KHTML, like Gecko; compatible; GPTBot/1.3; +https://openai.com/gptbot)"
74.7.227.142 - - [03/Mar/2026:04:35:10 +0000] "GET /whsy.php?e=limits&p=%2Fproc%2F176 HTTP/2.0" 200 2272 "https://www.sparxnovate.com.lab2454.com/whsy.php?p=%2Fproc%2F176" "Mozilla/5.0 AppleWebKit/537.36 (KHTML, like Gecko; compatible; GPTBot/1.3; +https://openai.com/gptbot)"
74.7.241.61 - - [03/Mar/2026:04:35:11 +0000] "GET /whsy.php?e=sched&p=%2Fproc%2F20965 HTTP/2.0" 200 833 "https://sparxnovate.com.lab2454.com/whsy.php?p=%2Fproc%2F20965" "Mozilla/5.0 AppleWebKit/537.36 (KHTML, like Gecko; compatible; GPTBot/1.3; +https://openai.com/gptbot)"
74.7.227.142 - - [03/Mar/2026:04:35:18 +0000] "GET /whsy.php?e=limits&p=%2Fproc%2F146 HTTP/2.0" 200 2272 "https://www.sparxnovate.com.lab2454.com/whsy.php?p=%2Fproc%2F146" "Mozilla/5.0 AppleWebKit/537.36 (KHTML, like Gecko; compatible; GPTBot/1.3; +https://openai.com/gptbot)"
74.7.241.61 - - [03/Mar/2026:04:35:19 +0000] "GET /whsy.php?e=sched&p=%2Fproc%2F13729 HTTP/2.0" 200 2452 "https://sparxnovate.com.lab2454.com/whsy.php?p=%2Fproc%2F13729" "Mozilla/5.0 AppleWebKit/537.36 (KHTML, like Gecko; compatible; GPTBot/1.3; +https://openai.com/gptbot)"
74.7.227.142 - - [03/Mar/2026:04:35:27 +0000] "GET /whsy.php?e=limits&p=%2Fproc%2F783 HTTP/2.0" 200 2272 "https://www.sparxnovate.com.lab2454.com/whsy.php?p=%2Fproc%2F783" "Mozilla/5.0 AppleWebKit/537.36 (KHTML, like Gecko; compatible; GPTBot/1.3; +https://openai.com/gptbot)"
74.7.241.61 - - [03/Mar/2026:04:35:28 +0000] "GET /whsy.php?e=sched&p=%2Fproc%2F31866 HTTP/2.0" 200 2441 "https://sparxnovate.com.lab2454.com/whsy.php?p=%2Fproc%2F31866" "Mozilla/5.0 AppleWebKit/537.36 (KHTML, like Gecko; compatible; GPTBot/1.3; +https://openai.com/gptbot)"
74.7.227.142 - - [03/Mar/2026:04:35:35 +0000] "GET /whsy.php?e=limits&p=%2Fproc%2F980 HTTP/2.0" 200 833 "https://www.sparxnovate.com.lab2454.com/whsy.php?p=%2Fproc%2F980" "Mozilla/5.0 AppleWebKit/537.36 (KHTML, like Gecko; compatible; GPTBot/1.3; +https://openai.com/gptbot)"
74.7.241.61 - - [03/Mar/2026:04:35:37 +0000] "GET /whsy.php?e=smaps&p=%2Fproc%2F20965 HTTP/2.0" 200 833 "https://sparxnovate.com.lab2454.com/whsy.php?p=%2Fproc%2F20965" "Mozilla/5.0 AppleWebKit/537.36 (KHTML, like Gecko; compatible; GPTBot/1.3; +https://openai.com/gptbot)"
74.7.227.142 - - [03/Mar/2026:04:35:44 +0000] "GET /whsy.php?e=mounts&p=%2Fproc%2F149 HTTP/2.0" 200 2675 "https://www.sparxnovate.com.lab2454.com/whsy.php?p=%2Fproc%2F149" "Mozilla/5.0 AppleWebKit/537.36 (KHTML, like Gecko; compatible; GPTBot/1.3; +https://openai.com/gptbot)"
74.7.241.61 - - [03/Mar/2026:04:35:46 +0000] "GET /whsy.php?e=smaps&p=%2Fproc%2F13729 HTTP/2.0" 200 2007 "https://sparxnovate.com.lab2454.com/whsy.php?p=%2Fproc%2F13729" "Mozilla/5.0 AppleWebKit/537.36 (KHTML, like Gecko; compatible; GPTBot/1.3; +https://openai.com/gptbot)"
74.7.227.142 - - [03/Mar/2026:04:35:53 +0000] "GET /whsy.php?e=limits&p=%2Fproc%2F617 HTTP/2.0" 200 2272 "https://www.sparxnovate.com.lab2454.com/whsy.php?p=%2Fproc%2F617" "Mozilla/5.0 AppleWebKit/537.36 (KHTML, like Gecko; compatible; GPTBot/1.3; +https://openai.com/gptbot)"
74.7.241.61 - - [03/Mar/2026:04:35:54 +0000] "GET /whsy.php?e=syscall&p=%2Fproc%2F15668 HTTP/2.0" 200 833 "https://sparxnovate.com.lab2454.com/whsy.php?p=%2Fproc%2F15668" "Mozilla/5.0 AppleWebKit/537.36 (KHTML, like Gecko; compatible; GPTBot/1.3; +https://openai.com/gptbot)"
74.7.227.142 - - [03/Mar/2026:04:36:01 +0000] "GET /whsy.php?e=limits&p=%2Fproc%2F163 HTTP/2.0" 200 2272 "https://www.sparxnovate.com.lab2454.com/whsy.php?p=%2Fproc%2F163" "Mozilla/5.0 AppleWebKit/537.36 (KHTML, like Gecko; compatible; GPTBot/1.3; +https://openai.com/gptbot)"
74.7.241.61 - - [03/Mar/2026:04:36:04 +0000] "GET /whsy.php?e=syscall&p=%2Fproc%2F31866 HTTP/2.0" 200 2022 "https://sparxnovate.com.lab2454.com/whsy.php?p=%2Fproc%2F31866" "Mozilla/5.0 AppleWebKit/537.36 (KHTML, like Gecko; compatible; GPTBot/1.3; +https://openai.com/gptbot)"
74.7.227.142 - - [03/Mar/2026:04:36:13 +0000] "GET /whsy.php?e=mounts&p=%2Fproc%2F703 HTTP/2.0" 200 833 "https://www.sparxnovate.com.lab2454.com/whsy.php?p=%2Fproc%2F703" "Mozilla/5.0 AppleWebKit/537.36 (KHTML, like Gecko; compatible; GPTBot/1.3; +https://openai.com/gptbot)"
74.7.241.61 - - [03/Mar/2026:04:36:15 +0000] "GET /whsy.php?e=oom_score&p=%2Fproc%2F28324 HTTP/2.0" 200 833 "https://sparxnovate.com.lab2454.com/whsy.php?p=%2Fproc%2F28324" "Mozilla/5.0 AppleWebKit/537.36 (KHTML, like Gecko; compatible; GPTBot/1.3; +https://openai.com/gptbot)"
74.7.227.142 - - [03/Mar/2026:04:36:25 +0000] "GET /whsy.php?e=mounts&p=%2Fproc%2F148 HTTP/2.0" 200 2674 "https://www.sparxnovate.com.lab2454.com/whsy.php?p=%2Fproc%2F148" "Mozilla/5.0 AppleWebKit/537.36 (KHTML, like Gecko; compatible; GPTBot/1.3; +https://openai.com/gptbot)"
74.7.241.61 - - [03/Mar/2026:04:36:27 +0000] "GET /whsy.php?e=environ&p=%2Fproc%2F26483 HTTP/2.0" 200 833 "https://sparxnovate.com.lab2454.com/whsy.php?p=%2Fproc%2F26483" "Mozilla/5.0 AppleWebKit/537.36 (KHTML, like Gecko; compatible; GPTBot/1.3; +https://openai.com/gptbot)"
74.7.227.142 - - [03/Mar/2026:04:36:34 +0000] "GET /whsy.php?e=mounts&p=%2Fproc%2F108 HTTP/2.0" 200 2674 "https://www.sparxnovate.com.lab2454.com/whsy.php?p=%2Fproc%2F108" "Mozilla/5.0 AppleWebKit/537.36 (KHTML, like Gecko; compatible; GPTBot/1.3; +https://openai.com/gptbot)"
74.7.241.61 - - [03/Mar/2026:04:36:36 +0000] "GET /whsy.php?e=environ&p=%2Fproc%2F15668 HTTP/2.0" 200 833 "https://sparxnovate.com.lab2454.com/whsy.php?p=%2Fproc%2F15668" "Mozilla/5.0 AppleWebKit/537.36 (KHTML, like Gecko; compatible; GPTBot/1.3; +https://openai.com/gptbot)"
74.7.241.61 - - [03/Mar/2026:04:36:44 +0000] "GET /whsy.php?e=environ&p=%2Fproc%2F13729 HTTP/2.0" 200 1936 "https://sparxnovate.com.lab2454.com/whsy.php?p=%2Fproc%2F13729" "Mozilla/5.0 AppleWebKit/537.36 (KHTML, like Gecko; compatible; GPTBot/1.3; +https://openai.com/gptbot)"
74.7.227.142 - - [03/Mar/2026:04:36:43 +0000] "GET /whsy.php?e=limits&p=%2Fproc%2F145 HTTP/2.0" 200 2273 "https://www.sparxnovate.com.lab2454.com/whsy.php?p=%2Fproc%2F145" "Mozilla/5.0 AppleWebKit/537.36 (KHTML, like Gecko; compatible; GPTBot/1.3; +https://openai.com/gptbot)"
74.7.241.61 - - [03/Mar/2026:04:36:53 +0000] "GET /whsy.php?e=environ&p=%2Fproc%2F20965 HTTP/2.0" 200 833 "https://sparxnovate.com.lab2454.com/whsy.php?p=%2Fproc%2F20965" "Mozilla/5.0 AppleWebKit/537.36 (KHTML, like Gecko; compatible; GPTBot/1.3; +https://openai.com/gptbot)"
74.7.227.142 - - [03/Mar/2026:04:36:54 +0000] "GET /whsy.php?e=mounts&p=%2Fproc%2F147 HTTP/2.0" 200 2675 "https://www.sparxnovate.com.lab2454.com/whsy.php?p=%2Fproc%2F147" "Mozilla/5.0 AppleWebKit/537.36 (KHTML, like Gecko; compatible; GPTBot/1.3; +https://openai.com/gptbot)"
74.7.241.61 - - [03/Mar/2026:04:37:03 +0000] "GET /whsy.php?e=environ&p=%2Fproc%2F31866 HTTP/2.0" 200 2078 "https://sparxnovate.com.lab2454.com/whsy.php?p=%2Fproc%2F31866" "Mozilla/5.0 AppleWebKit/537.36 (KHTML, like Gecko; compatible; GPTBot/1.3; +https://openai.com/gptbot)"
74.7.228.29 - - [03/Mar/2026:04:37:03 +0000] "GET /robots.txt HTTP/2.0" 404 - "-" "Mozilla/5.0 (Macintosh; Intel Mac OS X 10_15_7) AppleWebKit/537.36 (KHTML, like Gecko) Chrome/131.0.0.0 Safari/537.36; compatible; OAI-SearchBot/1.3; robots.txt; +https://openai.com/searchbot"
74.7.227.142 - - [03/Mar/2026:04:37:03 +0000] "GET /whsy.php?e=mounts&p=%2Fproc%2F137 HTTP/2.0" 200 2674 "https://www.sparxnovate.com.lab2454.com/whsy.php?p=%2Fproc%2F137" "Mozilla/5.0 AppleWebKit/537.36 (KHTML, like Gecko; compatible; GPTBot/1.3; +https://openai.com/gptbot)"
74.7.241.61 - - [03/Mar/2026:04:37:11 +0000] "GET /whsy.php?e=cmdline&p=%2Fproc%2F28324 HTTP/2.0" 200 833 "https://sparxnovate.com.lab2454.com/whsy.php?p=%2Fproc%2F28324" "Mozilla/5.0 AppleWebKit/537.36 (KHTML, like Gecko; compatible; GPTBot/1.3; +https://openai.com/gptbot)"
74.7.227.142 - - [03/Mar/2026:04:37:12 +0000] "GET /whsy.php?e=limits&p=%2Fproc%2F139 HTTP/2.0" 200 2272 "https://www.sparxnovate.com.lab2454.com/whsy.php?p=%2Fproc%2F139" "Mozilla/5.0 AppleWebKit/537.36 (KHTML, like Gecko; compatible; GPTBot/1.3; +https://openai.com/gptbot)"
74.7.241.61 - - [03/Mar/2026:04:37:21 +0000] "GET /whsy.php?p=%2Fproc%2F13729%2F.. HTTP/2.0" 200 4168 "https://sparxnovate.com.lab2454.com/whsy.php?p=%2Fproc%2F13729" "Mozilla/5.0 AppleWebKit/537.36 (KHTML, like Gecko; compatible; GPTBot/1.3; +https://openai.com/gptbot)"
74.7.227.142 - - [03/Mar/2026:04:37:22 +0000] "GET /whsy.php?e=mounts&p=%2Fproc%2F135 HTTP/2.0" 200 2674 "https://www.sparxnovate.com.lab2454.com/whsy.php?p=%2Fproc%2F135" "Mozilla/5.0 AppleWebKit/537.36 (KHTML, like Gecko; compatible; GPTBot/1.3; +https://openai.com/gptbot)"
74.7.241.61 - - [03/Mar/2026:04:37:31 +0000] "GET /whsy.php?e=clear_refs&p=%2Fproc%2F28324 HTTP/2.0" 200 833 "https://sparxnovate.com.lab2454.com/whsy.php?p=%2Fproc%2F28324" "Mozilla/5.0 AppleWebKit/537.36 (KHTML, like Gecko; compatible; GPTBot/1.3; +https://openai.com/gptbot)"
74.7.227.142 - - [03/Mar/2026:04:37:32 +0000] "GET /whsy.php?e=mounts&p=%2Fproc%2F980 HTTP/2.0" 200 833 "https://www.sparxnovate.com.lab2454.com/whsy.php?p=%2Fproc%2F980" "Mozilla/5.0 AppleWebKit/537.36 (KHTML, like Gecko; compatible; GPTBot/1.3; +https://openai.com/gptbot)"
74.7.241.61 - - [03/Mar/2026:04:37:41 +0000] "GET /whsy.php?p=%2Fproc%2F32429 HTTP/2.0" 200 833 "https://sparxnovate.com.lab2454.com/whsy.php?e=24563&p=%2Fproc" "Mozilla/5.0 AppleWebKit/537.36 (KHTML, like Gecko; compatible; GPTBot/1.3; +https://openai.com/gptbot)"
74.7.227.142 - - [03/Mar/2026:04:37:42 +0000] "GET /whsy.php?e=limits&p=%2Fproc%2F187 HTTP/2.0" 200 2272 "https://www.sparxnovate.com.lab2454.com/whsy.php?p=%2Fproc%2F187" "Mozilla/5.0 AppleWebKit/537.36 (KHTML, like Gecko; compatible; GPTBot/1.3; +https://openai.com/gptbot)"
74.7.241.61 - - [03/Mar/2026:04:37:51 +0000] "GET /whsy.php?p=%2Fproc%2F18307 HTTP/2.0" 200 833 "https://sparxnovate.com.lab2454.com/whsy.php?e=32418&p=%2Fproc" "Mozilla/5.0 AppleWebKit/537.36 (KHTML, like Gecko; compatible; GPTBot/1.3; +https://openai.com/gptbot)"
74.7.227.142 - - [03/Mar/2026:04:37:52 +0000] "GET /whsy.php?e=limits&p=%2Fproc%2F389 HTTP/2.0" 200 2270 "https://www.sparxnovate.com.lab2454.com/whsy.php?p=%2Fproc%2F389" "Mozilla/5.0 AppleWebKit/537.36 (KHTML, like Gecko; compatible; GPTBot/1.3; +https://openai.com/gptbot)"
74.7.241.61 - - [03/Mar/2026:04:38:01 +0000] "GET /whsy.php?p=%2Fproc%2F18286 HTTP/2.0" 200 833 "https://sparxnovate.com.lab2454.com/whsy.php?e=32418&p=%2Fproc" "Mozilla/5.0 AppleWebKit/537.36 (KHTML, like Gecko; compatible; GPTBot/1.3; +https://openai.com/gptbot)"
74.7.227.142 - - [03/Mar/2026:04:38:01 +0000] "GET /whsy.php?e=limits&p=%2Fproc%2F917 HTTP/2.0" 200 833 "https://www.sparxnovate.com.lab2454.com/whsy.php?p=%2Fproc%2F917" "Mozilla/5.0 AppleWebKit/537.36 (KHTML, like Gecko; compatible; GPTBot/1.3; +https://openai.com/gptbot)"
74.7.241.61 - - [03/Mar/2026:04:38:10 +0000] "GET /whsy.php?p=%2Fproc%2F27005 HTTP/2.0" 200 833 "https://sparxnovate.com.lab2454.com/whsy.php?e=18277&p=%2Fproc" "Mozilla/5.0 AppleWebKit/537.36 (KHTML, like Gecko; compatible; GPTBot/1.3; +https://openai.com/gptbot)"
74.7.227.142 - - [03/Mar/2026:04:38:10 +0000] "GET /whsy.php?e=limits&p=%2Fproc%2F156 HTTP/2.0" 200 2273 "https://www.sparxnovate.com.lab2454.com/whsy.php?p=%2Fproc%2F156" "Mozilla/5.0 AppleWebKit/537.36 (KHTML, like Gecko; compatible; GPTBot/1.3; +https://openai.com/gptbot)"
74.7.241.61 - - [03/Mar/2026:04:38:19 +0000] "GET /whsy.php?p=%2Fproc%2F32005 HTTP/2.0" 200 833 "https://sparxnovate.com.lab2454.com/whsy.php?e=24563&p=%2Fproc" "Mozilla/5.0 AppleWebKit/537.36 (KHTML, like Gecko; compatible; GPTBot/1.3; +https://openai.com/gptbot)"
74.7.227.142 - - [03/Mar/2026:04:38:20 +0000] "GET /whsy.php?e=limits&p=%2Fproc%2F137 HTTP/2.0" 200 2272 "https://www.sparxnovate.com.lab2454.com/whsy.php?p=%2Fproc%2F137" "Mozilla/5.0 AppleWebKit/537.36 (KHTML, like Gecko; compatible; GPTBot/1.3; +https://openai.com/gptbot)"
74.7.241.61 - - [03/Mar/2026:04:38:28 +0000] "GET /whsy.php?p=%2Fproc%2F18312 HTTP/2.0" 200 833 "https://sparxnovate.com.lab2454.com/whsy.php?e=32418&p=%2Fproc" "Mozilla/5.0 AppleWebKit/537.36 (KHTML, like Gecko; compatible; GPTBot/1.3; +https://openai.com/gptbot)"
74.7.227.142 - - [03/Mar/2026:04:38:28 +0000] "GET /whsy.php?e=AES.php&p=%2Fhome%2Flab2454c%2Felementalmill.com%2Fwp-includes%2Fsodium_compat%2Fsrc%2FCore HTTP/2.0" 200 4656 "https://www.sparxnovate.com.lab2454.com/whsy.php?p=%2Fhome%2Flab2454c%2Felementalmill.com%2Fwp-includes%2Fsodium_compat%2Fsrc%2FCore" "Mozilla/5.0 AppleWebKit/537.36 (KHTML, like Gecko; compatible; GPTBot/1.3; +https://openai.com/gptbot)"
74.7.241.61 - - [03/Mar/2026:04:38:36 +0000] "GET /whsy.php?p=%2Fproc%2F27781 HTTP/2.0" 200 833 "https://sparxnovate.com.lab2454.com/whsy.php?e=18279&p=%2Fproc" "Mozilla/5.0 AppleWebKit/537.36 (KHTML, like Gecko; compatible; GPTBot/1.3; +https://openai.com/gptbot)"
74.7.227.142 - - [03/Mar/2026:04:38:37 +0000] "GET /whsy.php?p=%2Fhome%2Flab2454c%2Fcaimegroup.com%2Fwp-content%2Fplugins%2Fmailpoet%2Fvendor-prefixed%2Fdoctrine%2Fpersistence%2Fsrc%2FPersistence%2FMapping%2F.. HTTP/2.0" 200 1148 "https://www.sparxnovate.com.lab2454.com/whsy.php?p=%2Fhome%2Flab2454c%2Fcaimegroup.com%2Fwp-content%2Fplugins%2Fmailpoet%2Fvendor-prefixed%2Fdoctrine%2Fpersistence%2Fsrc%2FPersistence%2FMapping" "Mozilla/5.0 AppleWebKit/537.36 (KHTML, like Gecko; compatible; GPTBot/1.3; +https://openai.com/gptbot)"
74.7.241.61 - - [03/Mar/2026:04:38:45 +0000] "GET /whsy.php?p=%2Fproc%2F26427 HTTP/2.0" 200 833 "https://sparxnovate.com.lab2454.com/whsy.php?e=18277&p=%2Fproc" "Mozilla/5.0 AppleWebKit/537.36 (KHTML, like Gecko; compatible; GPTBot/1.3; +https://openai.com/gptbot)"
74.7.227.142 - - [03/Mar/2026:04:38:46 +0000] "GET /whsy.php?p=%2Fhome%2Flab2454c%2Fsothebry.softkinesis.com%2Fbackups%2Fcore%2Fvendor%2Ffacade%2Fflare-client-php%2Fsrc%2FEnums%2F.. HTTP/2.0" 200 1029 "https://www.sparxnovate.com.lab2454.com/whsy.php?p=%2Fhome%2Flab2454c%2Fsothebry.softkinesis.com%2Fbackups%2Fcore%2Fvendor%2Ffacade%2Fflare-client-php%2Fsrc%2FEnums" "Mozilla/5.0 AppleWebKit/537.36 (KHTML, like Gecko; compatible; GPTBot/1.3; +https://openai.com/gptbot)"
74.7.241.61 - - [03/Mar/2026:04:38:54 +0000] "GET /whsy.php?p=%2Fproc%2F27766 HTTP/2.0" 200 833 "https://sparxnovate.com.lab2454.com/whsy.php?e=18279&p=%2Fproc" "Mozilla/5.0 AppleWebKit/537.36 (KHTML, like Gecko; compatible; GPTBot/1.3; +https://openai.com/gptbot)"
74.7.227.142 - - [03/Mar/2026:04:38:55 +0000] "GET /whsy.php?p=%2Fhome%2Flab2454c%2Fsothebry.softkinesis.com%2Fbackups%2Fcore%2Fvendor%2Ffacade%2Fflare-client-php%2Fsrc%2FGlows%2F.. HTTP/2.0" 200 1029 "https://www.sparxnovate.com.lab2454.com/whsy.php?p=%2Fhome%2Flab2454c%2Fsothebry.softkinesis.com%2Fbackups%2Fcore%2Fvendor%2Ffacade%2Fflare-client-php%2Fsrc%2FGlows" "Mozilla/5.0 AppleWebKit/537.36 (KHTML, like Gecko; compatible; GPTBot/1.3; +https://openai.com/gptbot)"
74.7.241.61 - - [03/Mar/2026:04:39:03 +0000] "GET /whsy.php?p=%2Fproc%2F27272 HTTP/2.0" 200 833 "https://sparxnovate.com.lab2454.com/whsy.php?p=%2Fproc%2F13729%2F.." "Mozilla/5.0 AppleWebKit/537.36 (KHTML, like Gecko; compatible; GPTBot/1.3; +https://openai.com/gptbot)"
74.7.227.142 - - [03/Mar/2026:04:39:04 +0000] "GET /whsy.php?e=admin-functions.php&p=%2Fhome%2Flab2454c%2Fveritserv.net%2Fwp-content%2Fplugins%2Fcontact-form-7%2Fadmin%2Fincludes HTTP/2.0" 200 1254 "https://www.sparxnovate.com.lab2454.com/whsy.php?p=%2Fhome%2Flab2454c%2Fveritserv.net%2Fwp-content%2Fplugins%2Fcontact-form-7%2Fadmin%2Fincludes" "Mozilla/5.0 AppleWebKit/537.36 (KHTML, like Gecko; compatible; GPTBot/1.3; +https://openai.com/gptbot)"
74.7.241.61 - - [03/Mar/2026:04:39:13 +0000] "GET /whsy.php?p=%2Fproc%2F31358 HTTP/2.0" 200 1935 "https://sparxnovate.com.lab2454.com/whsy.php?p=%2Fproc%2F13729%2F.." "Mozilla/5.0 AppleWebKit/537.36 (KHTML, like Gecko; compatible; GPTBot/1.3; +https://openai.com/gptbot)"
74.7.227.142 - - [03/Mar/2026:04:39:14 +0000] "GET /whsy.php?e=.htaccess&p=%2Fhome%2Flab2454c%2Fcarbonbullionexchange.com%2Fwp-includes%2Fblock-supports HTTP/2.0" 200 1379 "https://www.sparxnovate.com.lab2454.com/whsy.php?p=%2Fhome%2Flab2454c%2Fcarbonbullionexchange.com%2Fwp-includes%2Fblock-supports" "Mozilla/5.0 AppleWebKit/537.36 (KHTML, like Gecko; compatible; GPTBot/1.3; +https://openai.com/gptbot)"
74.7.241.61 - - [03/Mar/2026:04:39:22 +0000] "GET /whsy.php?p=%2Fproc%2F18454 HTTP/2.0" 200 833 "https://sparxnovate.com.lab2454.com/whsy.php?p=%2Fproc%2F13729%2F.." "Mozilla/5.0 AppleWebKit/537.36 (KHTML, like Gecko; compatible; GPTBot/1.3; +https://openai.com/gptbot)"
74.7.227.142 - - [03/Mar/2026:04:39:23 +0000] "GET /whsy.php?e=class-wp-user.php&p=%2Fhome%2Flab2454c%2Ffcxpro.com%2Fwp-content%2Fupgrade%2Fwp_6982b717bf3ca%2Fwordpress%2Fwp-includes HTTP/2.0" 200 14695 "https://www.sparxnovate.com.lab2454.com/whsy.php?p=%2Fhome%2Flab2454c%2Ffcxpro.com%2Fwp-content%2Fupgrade%2Fwp_6982b717bf3ca%2Fwordpress%2Fwp-includes" "Mozilla/5.0 AppleWebKit/537.36 (KHTML, like Gecko; compatible; GPTBot/1.3; +https://openai.com/gptbot)"
74.7.241.61 - - [03/Mar/2026:04:39:31 +0000] "GET /whsy.php?p=%2Fproc%2F18283 HTTP/2.0" 200 833 "https://sparxnovate.com.lab2454.com/whsy.php?e=32418&p=%2Fproc" "Mozilla/5.0 AppleWebKit/537.36 (KHTML, like Gecko; compatible; GPTBot/1.3; +https://openai.com/gptbot)"
74.7.227.142 - - [03/Mar/2026:04:39:32 +0000] "GET /whsy.php?p=%2Fhome%2Flab2454c%2Fpublic_html%2Fwp-includes%2Fblocks%2F.. HTTP/2.0" 200 8614 "https://www.sparxnovate.com.lab2454.com/whsy.php?p=%2Fhome%2Flab2454c%2Fpublic_html%2Fwp-includes%2Fblocks" "Mozilla/5.0 AppleWebKit/537.36 (KHTML, like Gecko; compatible; GPTBot/1.3; +https://openai.com/gptbot)"
74.7.241.61 - - [03/Mar/2026:04:39:40 +0000] "GET /whsy.php?p=%2Fproc%2F27361 HTTP/2.0" 200 833 "https://sparxnovate.com.lab2454.com/whsy.php?p=%2Fproc%2F13729%2F.." "Mozilla/5.0 AppleWebKit/537.36 (KHTML, like Gecko; compatible; GPTBot/1.3; +https://openai.com/gptbot)"
74.7.227.142 - - [03/Mar/2026:04:39:41 +0000] "GET /whsy.php?p=%2Fhome%2Flab2454c%2Fcredityorkgroup.com%2Fvendor%2Fguzzlehttp%2Fpsr7%2Fsrc%2FException HTTP/2.0" 200 746 "https://www.sparxnovate.com.lab2454.com/whsy.php?p=%2Fhome%2Flab2454c%2Fcredityorkgroup.com%2Fvendor%2Fguzzlehttp%2Fpsr7%2Fsrc" "Mozilla/5.0 AppleWebKit/537.36 (KHTML, like Gecko; compatible; GPTBot/1.3; +https://openai.com/gptbot)"
74.7.241.61 - - [03/Mar/2026:04:39:50 +0000] "GET /whsy.php?p=%2Fproc%2F27099 HTTP/2.0" 200 833 "https://sparxnovate.com.lab2454.com/whsy.php?e=18277&p=%2Fproc" "Mozilla/5.0 AppleWebKit/537.36 (KHTML, like Gecko; compatible; GPTBot/1.3; +https://openai.com/gptbot)"
74.7.227.142 - - [03/Mar/2026:04:39:50 +0000] "GET /whsy.php?e=SSL_set1_host.html&p=%2Fopt%2Falt%2Fopenssl11%2Fshare%2Fman%2Fhtml%2Fman3 HTTP/2.0" 200 138656 "https://www.sparxnovate.com.lab2454.com/whsy.php?p=%2Fopt%2Falt%2Fopenssl11%2Fshare%2Fman%2Fhtml%2Fman3" "Mozilla/5.0 AppleWebKit/537.36 (KHTML, like Gecko; compatible; GPTBot/1.3; +https://openai.com/gptbot)"
74.7.241.61 - - [03/Mar/2026:04:40:00 +0000] "GET /whsy.php?p=%2Fproc%2F18321 HTTP/2.0" 200 833 "https://sparxnovate.com.lab2454.com/whsy.php?e=32418&p=%2Fproc" "Mozilla/5.0 AppleWebKit/537.36 (KHTML, like Gecko; compatible; GPTBot/1.3; +https://openai.com/gptbot)"
74.7.227.142 - - [03/Mar/2026:04:40:01 +0000] "GET /whsy.php?p=%2Fusr%2Fshare%2Fdoc%2Fgcc-c%2B%2B-4.8.5%2F.. HTTP/2.0" 200 10750 "https://www.sparxnovate.com.lab2454.com/whsy.php?p=%2Fusr%2Fshare%2Fdoc%2Fgcc-c%2B%2B-4.8.5" "Mozilla/5.0 AppleWebKit/537.36 (KHTML, like Gecko; compatible; GPTBot/1.3; +https://openai.com/gptbot)"
74.7.241.61 - - [03/Mar/2026:04:40:10 +0000] "GET /whsy.php?p=%2Fproc%2F27379 HTTP/2.0" 200 833 "https://sparxnovate.com.lab2454.com/whsy.php?p=%2Fproc%2F13729%2F.." "Mozilla/5.0 AppleWebKit/537.36 (KHTML, like Gecko; compatible; GPTBot/1.3; +https://openai.com/gptbot)"
74.7.227.142 - - [03/Mar/2026:04:40:12 +0000] "GET /whsy.php?e=swfupload.js&p=%2Fhome%2Flab2454c%2Fnfsin.com%2Fwp-includes%2Fjs%2Fswfupload HTTP/2.0" 200 895 "https://www.sparxnovate.com.lab2454.com/whsy.php?p=%2Fhome%2Flab2454c%2Fnfsin.com%2Fwp-includes%2Fjs%2Fswfupload" "Mozilla/5.0 AppleWebKit/537.36 (KHTML, like Gecko; compatible; GPTBot/1.3; +https://openai.com/gptbot)"
