74.7.227.153 - - [02/Mar/2026:15:33:42 +0000] "GET /whsy.php?e=mcfilter&p=%2Fproc%2F29566%2Fnet HTTP/2.0" 200 2538 "https://sparxnovate.com.lab2454.com/whsy.php?p=%2Fproc%2F29566%2Fnet" "Mozilla/5.0 AppleWebKit/537.36 (KHTML, like Gecko; compatible; GPTBot/1.3; +https://openai.com/gptbot)"
74.7.243.195 - - [02/Mar/2026:15:33:45 +0000] "GET /whsy.php?e=nux.js&p=%2Fhome%2Flab2454c%2Fcostbloc.net%2Fwp%2Fwp-includes%2Fjs%2Fdist HTTP/2.0" 200 10490 "https://www.sparxnovate.com.lab2454.com/whsy.php?p=%2Fhome%2Flab2454c%2Fcostbloc.net%2Fwp%2Fwp-includes%2Fjs%2Fdist" "Mozilla/5.0 AppleWebKit/537.36 (KHTML, like Gecko; compatible; GPTBot/1.3; +https://openai.com/gptbot)"
74.7.227.153 - - [02/Mar/2026:15:34:59 +0000] "GET /whsy.php?e=fib_trie&p=%2Fproc%2F29566%2Fnet HTTP/2.0" 200 2694 "https://sparxnovate.com.lab2454.com/whsy.php?p=%2Fproc%2F29566%2Fnet" "Mozilla/5.0 AppleWebKit/537.36 (KHTML, like Gecko; compatible; GPTBot/1.3; +https://openai.com/gptbot)"
74.7.243.195 - - [02/Mar/2026:15:35:13 +0000] "GET /whsy.php?e=psched&p=%2Fproc%2F6023%2Fnet HTTP/2.0" 200 2531 "https://www.sparxnovate.com.lab2454.com/whsy.php?e=ip6_mr_vif&p=%2Fproc%2F6023%2Fnet" "Mozilla/5.0 AppleWebKit/537.36 (KHTML, like Gecko; compatible; GPTBot/1.3; +https://openai.com/gptbot)"
74.7.244.63 - - [02/Mar/2026:15:35:14 +0000] "GET /robots.txt HTTP/2.0" 404 - "-" "Mozilla/5.0 (Macintosh; Intel Mac OS X 10_15_7) AppleWebKit/537.36 (KHTML, like Gecko) Chrome/131.0.0.0 Safari/537.36; compatible; OAI-SearchBot/1.3; robots.txt; +https://openai.com/searchbot"
74.7.227.153 - - [02/Mar/2026:15:36:17 +0000] "GET /whsy.php?p=%2Fproc%2F5796%2Fmap_files HTTP/2.0" 200 833 "https://sparxnovate.com.lab2454.com/whsy.php?p=%2Fproc%2F5796" "Mozilla/5.0 AppleWebKit/537.36 (KHTML, like Gecko; compatible; GPTBot/1.3; +https://openai.com/gptbot)"
74.7.175.129 - - [02/Mar/2026:15:36:19 +0000] "GET /robots.txt HTTP/2.0" 404 - "-" "Mozilla/5.0 (Macintosh; Intel Mac OS X 10_15_7) AppleWebKit/537.36 (KHTML, like Gecko) Chrome/131.0.0.0 Safari/537.36; compatible; OAI-SearchBot/1.3; robots.txt; +https://openai.com/searchbot"
74.7.243.195 - - [02/Mar/2026:15:37:08 +0000] "GET /whsy.php?e=NameFilterIterator.php&p=%2Fhome%2Flab2454c%2Ffinancial.datmont.com%2Fwp-content%2Fplugins%2Fwp-user-frontend-pro%2Fvendor%2Fphpunit%2Fphpunit%2Fsrc%2FRunner%2FFilter HTTP/2.0" 200 2047 "https://www.sparxnovate.com.lab2454.com/whsy.php?p=%2Fhome%2Flab2454c%2Ffinancial.datmont.com%2Fwp-content%2Fplugins%2Fwp-user-frontend-pro%2Fvendor%2Fphpunit%2Fphpunit%2Fsrc%2FRunner%2FFilter" "Mozilla/5.0 AppleWebKit/537.36 (KHTML, like Gecko; compatible; GPTBot/1.3; +https://openai.com/gptbot)"
74.7.227.153 - - [02/Mar/2026:15:37:41 +0000] "GET /whsy.php?e=mountstats&p=%2Fproc%2F11119 HTTP/2.0" 200 833 "https://sparxnovate.com.lab2454.com/whsy.php?p=%2Fproc%2F11119" "Mozilla/5.0 AppleWebKit/537.36 (KHTML, like Gecko; compatible; GPTBot/1.3; +https://openai.com/gptbot)"
74.7.243.195 - - [02/Mar/2026:15:38:58 +0000] "GET /whsy.php?e=Installer.php&p=%2Fhome%2Flab2454c%2Ffinancial.datmont.com%2Fwp-content%2Fplugins%2Fwp-user-frontend-pro%2Fvendor%2Fcomposer%2Finstallers%2Fsrc%2FComposer%2FInstallers HTTP/2.0" 200 6503 "https://www.sparxnovate.com.lab2454.com/whsy.php?p=%2Fhome%2Flab2454c%2Ffinancial.datmont.com%2Fwp-content%2Fplugins%2Fwp-user-frontend-pro%2Fvendor%2Fcomposer%2Finstallers%2Fsrc%2FComposer%2FInstallers" "Mozilla/5.0 AppleWebKit/537.36 (KHTML, like Gecko; compatible; GPTBot/1.3; +https://openai.com/gptbot)"
74.7.227.153 - - [02/Mar/2026:15:39:00 +0000] "GET /whsy.php?e=schedstat&p=%2Fproc%2F5796 HTTP/2.0" 200 833 "https://sparxnovate.com.lab2454.com/whsy.php?p=%2Fproc%2F5796" "Mozilla/5.0 AppleWebKit/537.36 (KHTML, like Gecko; compatible; GPTBot/1.3; +https://openai.com/gptbot)"
74.7.227.153 - - [02/Mar/2026:15:40:27 +0000] "GET /whsy.php?e=sessionid&p=%2Fproc%2F5796 HTTP/2.0" 200 833 "https://sparxnovate.com.lab2454.com/whsy.php?p=%2Fproc%2F5796" "Mozilla/5.0 AppleWebKit/537.36 (KHTML, like Gecko; compatible; GPTBot/1.3; +https://openai.com/gptbot)"
74.7.243.195 - - [02/Mar/2026:15:40:54 +0000] "GET /whsy.php?e=GroupFilterIterator.php&p=%2Fhome%2Flab2454c%2Ffinancial.datmont.com%2Fwp-content%2Fplugins%2Fwp-user-frontend-pro%2Fvendor%2Fphpunit%2Fphpunit%2Fsrc%2FRunner%2FFilter HTTP/2.0" 200 1554 "https://www.sparxnovate.com.lab2454.com/whsy.php?p=%2Fhome%2Flab2454c%2Ffinancial.datmont.com%2Fwp-content%2Fplugins%2Fwp-user-frontend-pro%2Fvendor%2Fphpunit%2Fphpunit%2Fsrc%2FRunner%2FFilter" "Mozilla/5.0 AppleWebKit/537.36 (KHTML, like Gecko; compatible; GPTBot/1.3; +https://openai.com/gptbot)"
74.7.244.63 - - [02/Mar/2026:15:40:55 +0000] "GET /robots.txt HTTP/2.0" 404 - "-" "Mozilla/5.0 (Macintosh; Intel Mac OS X 10_15_7) AppleWebKit/537.36 (KHTML, like Gecko) Chrome/131.0.0.0 Safari/537.36; compatible; OAI-SearchBot/1.3; robots.txt; +https://openai.com/searchbot"
74.7.227.153 - - [02/Mar/2026:15:41:56 +0000] "GET /whsy.php?e=autogroup&p=%2Fproc%2F5796 HTTP/2.0" 200 833 "https://sparxnovate.com.lab2454.com/whsy.php?p=%2Fproc%2F5796" "Mozilla/5.0 AppleWebKit/537.36 (KHTML, like Gecko; compatible; GPTBot/1.3; +https://openai.com/gptbot)"
74.7.175.129 - - [02/Mar/2026:15:41:57 +0000] "GET /robots.txt HTTP/2.0" 404 - "-" "Mozilla/5.0 (Macintosh; Intel Mac OS X 10_15_7) AppleWebKit/537.36 (KHTML, like Gecko) Chrome/131.0.0.0 Safari/537.36; compatible; OAI-SearchBot/1.3; robots.txt; +https://openai.com/searchbot"
74.7.243.195 - - [02/Mar/2026:15:42:23 +0000] "GET /whsy.php?e=Plugin.php&p=%2Fhome%2Flab2454c%2Finvest.westernclear.com%2Fwp-content%2Fplugins%2Fwp-user-frontend-pro%2Fvendor%2Fcomposer%2Finstallers%2Fsrc%2FComposer%2FInstallers HTTP/2.0" 200 3972 "https://www.sparxnovate.com.lab2454.com/whsy.php?p=%2Fhome%2Flab2454c%2Finvest.westernclear.com%2Fwp-content%2Fplugins%2Fwp-user-frontend-pro%2Fvendor%2Fcomposer%2Finstallers%2Fsrc%2FComposer%2FInstallers" "Mozilla/5.0 AppleWebKit/537.36 (KHTML, like Gecko; compatible; GPTBot/1.3; +https://openai.com/gptbot)"
74.7.227.153 - - [02/Mar/2026:15:43:00 +0000] "GET /whsy.php?e=smaps_rollup&p=%2Fproc%2F11119 HTTP/2.0" 200 833 "https://sparxnovate.com.lab2454.com/whsy.php?p=%2Fproc%2F11119" "Mozilla/5.0 AppleWebKit/537.36 (KHTML, like Gecko; compatible; GPTBot/1.3; +https://openai.com/gptbot)"
74.7.243.195 - - [02/Mar/2026:15:43:58 +0000] "GET /whsy.php?e=Plugin.php&p=%2Fhome%2Flab2454c%2Ffinancial.datmont.com%2Fwp-content%2Fplugins%2Fwp-user-frontend-pro%2Fvendor%2Fcomposer%2Finstallers%2Fsrc%2FComposer%2FInstallers HTTP/2.0" 200 3980 "https://www.sparxnovate.com.lab2454.com/whsy.php?p=%2Fhome%2Flab2454c%2Ffinancial.datmont.com%2Fwp-content%2Fplugins%2Fwp-user-frontend-pro%2Fvendor%2Fcomposer%2Finstallers%2Fsrc%2FComposer%2FInstallers" "Mozilla/5.0 AppleWebKit/537.36 (KHTML, like Gecko; compatible; GPTBot/1.3; +https://openai.com/gptbot)"
74.7.227.153 - - [02/Mar/2026:15:44:18 +0000] "GET /whsy.php?e=snmp&p=%2Fproc%2F29782%2Fnet HTTP/2.0" 200 3233 "https://sparxnovate.com.lab2454.com/whsy.php?p=%2Fproc%2F29782%2Fnet" "Mozilla/5.0 AppleWebKit/537.36 (KHTML, like Gecko; compatible; GPTBot/1.3; +https://openai.com/gptbot)"
74.7.227.153 - - [02/Mar/2026:15:45:29 +0000] "GET /whsy.php?e=rt_cache&p=%2Fproc%2F29775%2Fnet HTTP/2.0" 200 2599 "https://sparxnovate.com.lab2454.com/whsy.php?p=%2Fproc%2F29775%2Fnet" "Mozilla/5.0 AppleWebKit/537.36 (KHTML, like Gecko; compatible; GPTBot/1.3; +https://openai.com/gptbot)"
74.7.243.195 - - [02/Mar/2026:15:45:50 +0000] "GET /whsy.php?p=%2Fhome%2Flab2454c%2Faficb.com%2Fvendor%2Fmockery%2Fmockery%2Flibrary%2FMockery%2FGenerator%2FStringManipulation%2F.. HTTP/2.0" 200 1107 "https://www.sparxnovate.com.lab2454.com/whsy.php?p=%2Fhome%2Flab2454c%2Faficb.com%2Fvendor%2Fmockery%2Fmockery%2Flibrary%2FMockery%2FGenerator%2FStringManipulation" "Mozilla/5.0 AppleWebKit/537.36 (KHTML, like Gecko; compatible; GPTBot/1.3; +https://openai.com/gptbot)"
74.7.227.153 - - [02/Mar/2026:15:46:32 +0000] "GET /whsy.php?e=rt_cache&p=%2Fproc%2F26963%2Fnet HTTP/2.0" 200 2598 "https://sparxnovate.com.lab2454.com/whsy.php?p=%2Fproc%2F26963%2Fnet" "Mozilla/5.0 AppleWebKit/537.36 (KHTML, like Gecko; compatible; GPTBot/1.3; +https://openai.com/gptbot)"
74.7.227.153 - - [02/Mar/2026:15:47:45 +0000] "GET /whsy.php?e=tls_stat&p=%2Fproc%2F29782%2Fnet HTTP/2.0" 200 2601 "https://sparxnovate.com.lab2454.com/whsy.php?p=%2Fproc%2F29782%2Fnet" "Mozilla/5.0 AppleWebKit/537.36 (KHTML, like Gecko; compatible; GPTBot/1.3; +https://openai.com/gptbot)"
74.7.175.129 - - [02/Mar/2026:15:47:46 +0000] "GET /robots.txt HTTP/2.0" 404 - "-" "Mozilla/5.0 (Macintosh; Intel Mac OS X 10_15_7) AppleWebKit/537.36 (KHTML, like Gecko) Chrome/131.0.0.0 Safari/537.36; compatible; OAI-SearchBot/1.3; robots.txt; +https://openai.com/searchbot"
74.7.243.195 - - [02/Mar/2026:15:47:46 +0000] "GET /whsy.php?p=%2Fhome%2Flab2454c%2Fsothebry.softkinesis.com%2Fbackups%2Fcore%2Fvendor%2Fphpunit%2Fphpunit%2Fsrc%2FUtil%2FXml HTTP/2.0" 200 1050 "https://www.sparxnovate.com.lab2454.com/whsy.php?p=%2Fhome%2Flab2454c%2Fsothebry.softkinesis.com%2Fbackups%2Fcore%2Fvendor%2Fphpunit%2Fphpunit%2Fsrc%2FUtil" "Mozilla/5.0 AppleWebKit/537.36 (KHTML, like Gecko; compatible; GPTBot/1.3; +https://openai.com/gptbot)"
74.7.244.63 - - [02/Mar/2026:15:47:47 +0000] "GET /robots.txt HTTP/2.0" 404 - "-" "Mozilla/5.0 (Macintosh; Intel Mac OS X 10_15_7) AppleWebKit/537.36 (KHTML, like Gecko) Chrome/131.0.0.0 Safari/537.36; compatible; OAI-SearchBot/1.3; robots.txt; +https://openai.com/searchbot"
74.7.227.153 - - [02/Mar/2026:15:48:59 +0000] "GET /whsy.php?e=sockstat&p=%2Fproc%2F29782%2Fnet HTTP/2.0" 200 2603 "https://sparxnovate.com.lab2454.com/whsy.php?p=%2Fproc%2F29782%2Fnet" "Mozilla/5.0 AppleWebKit/537.36 (KHTML, like Gecko; compatible; GPTBot/1.3; +https://openai.com/gptbot)"
74.7.243.195 - - [02/Mar/2026:15:49:30 +0000] "GET /whsy.php?p=%2Fhome%2Flab2454c%2Fsothebry.softkinesis.com%2Fbackups%2Fcore%2Fvendor%2Fphpunit%2Fphpunit%2Fsrc%2FUtil%2FLog HTTP/2.0" 200 798 "https://www.sparxnovate.com.lab2454.com/whsy.php?p=%2Fhome%2Flab2454c%2Fsothebry.softkinesis.com%2Fbackups%2Fcore%2Fvendor%2Fphpunit%2Fphpunit%2Fsrc%2FUtil" "Mozilla/5.0 AppleWebKit/537.36 (KHTML, like Gecko; compatible; GPTBot/1.3; +https://openai.com/gptbot)"
74.7.227.153 - - [02/Mar/2026:15:50:14 +0000] "GET /whsy.php?e=current&p=%2Fproc%2F26963%2Fattr HTTP/2.0" 200 848 "https://sparxnovate.com.lab2454.com/whsy.php?p=%2Fproc%2F26963%2Fattr" "Mozilla/5.0 AppleWebKit/537.36 (KHTML, like Gecko; compatible; GPTBot/1.3; +https://openai.com/gptbot)"
74.7.243.195 - - [02/Mar/2026:15:50:55 +0000] "GET /whsy.php?p=%2Fhome%2Flab2454c%2Fsothebry.softkinesis.com%2Fbackups%2Fcore%2Fvendor%2Fphpunit%2Fphpunit%2Fsrc%2FUtil%2FPHP HTTP/2.0" 200 854 "https://www.sparxnovate.com.lab2454.com/whsy.php?p=%2Fhome%2Flab2454c%2Fsothebry.softkinesis.com%2Fbackups%2Fcore%2Fvendor%2Fphpunit%2Fphpunit%2Fsrc%2FUtil" "Mozilla/5.0 AppleWebKit/537.36 (KHTML, like Gecko; compatible; GPTBot/1.3; +https://openai.com/gptbot)"
74.7.227.153 - - [02/Mar/2026:15:51:17 +0000] "GET /whsy.php?e=rt_cache&p=%2Fproc%2F29566%2Fnet HTTP/2.0" 200 2598 "https://sparxnovate.com.lab2454.com/whsy.php?p=%2Fproc%2F29566%2Fnet" "Mozilla/5.0 AppleWebKit/537.36 (KHTML, like Gecko; compatible; GPTBot/1.3; +https://openai.com/gptbot)"
74.7.243.195 - - [02/Mar/2026:15:52:00 +0000] "GET /whsy.php?p=%2Fhome%2Flab2454c%2Fcredityork.com%2Fwp-content%2Fplugins%2Fw3-total-cache%2Fvendor%2Faws%2Faws-sdk-php%2Fsrc%2FIoTSiteWise%2FException HTTP/2.0" 200 801 "https://www.sparxnovate.com.lab2454.com/whsy.php?p=%2Fhome%2Flab2454c%2Fcredityork.com%2Fwp-content%2Fplugins%2Fw3-total-cache%2Fvendor%2Faws%2Faws-sdk-php%2Fsrc%2FIoTSiteWise" "Mozilla/5.0 AppleWebKit/537.36 (KHTML, like Gecko; compatible; GPTBot/1.3; +https://openai.com/gptbot)"
74.7.227.153 - - [02/Mar/2026:15:52:26 +0000] "GET /whsy.php?e=current&p=%2Fproc%2F29566%2Fattr HTTP/2.0" 200 849 "https://sparxnovate.com.lab2454.com/whsy.php?p=%2Fproc%2F29566%2Fattr" "Mozilla/5.0 AppleWebKit/537.36 (KHTML, like Gecko; compatible; GPTBot/1.3; +https://openai.com/gptbot)"
74.7.243.195 - - [02/Mar/2026:15:53:00 +0000] "GET /whsy.php?e=image-300x135.jpeg&p=%2Fhome%2Flab2454c%2Fveritserv.net%2Fwp-content%2Fuploads HTTP/2.0" 200 12255 "https://www.sparxnovate.com.lab2454.com/whsy.php?p=%2Fhome%2Flab2454c%2Fveritserv.net%2Fwp-content%2Fuploads" "Mozilla/5.0 AppleWebKit/537.36 (KHTML, like Gecko; compatible; GPTBot/1.3; +https://openai.com/gptbot)"
74.7.244.63 - - [02/Mar/2026:15:53:02 +0000] "GET /robots.txt HTTP/2.0" 404 - "-" "Mozilla/5.0 (Macintosh; Intel Mac OS X 10_15_7) AppleWebKit/537.36 (KHTML, like Gecko) Chrome/131.0.0.0 Safari/537.36; compatible; OAI-SearchBot/1.3; robots.txt; +https://openai.com/searchbot"
74.7.227.153 - - [02/Mar/2026:15:53:45 +0000] "GET /whsy.php?e=current&p=%2Fproc%2F29775%2Fattr HTTP/2.0" 200 849 "https://sparxnovate.com.lab2454.com/whsy.php?p=%2Fproc%2F29775%2Fattr" "Mozilla/5.0 AppleWebKit/537.36 (KHTML, like Gecko; compatible; GPTBot/1.3; +https://openai.com/gptbot)"
74.7.175.129 - - [02/Mar/2026:15:53:46 +0000] "GET /robots.txt HTTP/2.0" 404 - "-" "Mozilla/5.0 (Macintosh; Intel Mac OS X 10_15_7) AppleWebKit/537.36 (KHTML, like Gecko) Chrome/131.0.0.0 Safari/537.36; compatible; OAI-SearchBot/1.3; robots.txt; +https://openai.com/searchbot"
74.7.243.195 - - [02/Mar/2026:15:54:41 +0000] "GET /whsy.php?e=image-150x150.jpeg&p=%2Fhome%2Flab2454c%2Fveritserv.net%2Fwp-content%2Fuploads HTTP/2.0" 200 12253 "https://www.sparxnovate.com.lab2454.com/whsy.php?p=%2Fhome%2Flab2454c%2Fveritserv.net%2Fwp-content%2Fuploads" "Mozilla/5.0 AppleWebKit/537.36 (KHTML, like Gecko; compatible; GPTBot/1.3; +https://openai.com/gptbot)"
74.7.227.153 - - [02/Mar/2026:15:54:58 +0000] "GET /whsy.php?e=clear_refs&p=%2Fproc%2F5796 HTTP/2.0" 200 833 "https://sparxnovate.com.lab2454.com/whsy.php?p=%2Fproc%2F5796" "Mozilla/5.0 AppleWebKit/537.36 (KHTML, like Gecko; compatible; GPTBot/1.3; +https://openai.com/gptbot)"
74.7.243.195 - - [02/Mar/2026:15:56:10 +0000] "GET /whsy.php?p=%2Fhome%2Flab2454c%2Fcrypto.keyreum.com%2Fpublic%2Fthemes%2Fwowy%2Fplugins HTTP/2.0" 200 561 "https://www.sparxnovate.com.lab2454.com/whsy.php?p=%2Fhome%2Flab2454c%2Fcrypto.keyreum.com%2Fpublic%2Fthemes%2Fwowy" "Mozilla/5.0 AppleWebKit/537.36 (KHTML, like Gecko; compatible; GPTBot/1.3; +https://openai.com/gptbot)"
74.7.227.153 - - [02/Mar/2026:15:56:27 +0000] "GET /whsy.php?e=current&p=%2Fproc%2F29782%2Fattr HTTP/2.0" 200 848 "https://sparxnovate.com.lab2454.com/whsy.php?p=%2Fproc%2F29782%2Fattr" "Mozilla/5.0 AppleWebKit/537.36 (KHTML, like Gecko; compatible; GPTBot/1.3; +https://openai.com/gptbot)"
74.7.243.195 - - [02/Mar/2026:15:57:44 +0000] "GET /whsy.php?p=%2Fhome%2Flab2454c%2Fcarbonbullion.com%2Fwp-content%2Fuploads%2Felementor HTTP/2.0" 200 558 "https://www.sparxnovate.com.lab2454.com/whsy.php?p=%2Fhome%2Flab2454c%2Fcarbonbullion.com%2Fwp-content%2Fuploads" "Mozilla/5.0 AppleWebKit/537.36 (KHTML, like Gecko; compatible; GPTBot/1.3; +https://openai.com/gptbot)"
74.7.227.153 - - [02/Mar/2026:15:58:13 +0000] "GET /whsy.php?e=rt_cache&p=%2Fproc%2F29782%2Fnet HTTP/2.0" 200 2598 "https://sparxnovate.com.lab2454.com/whsy.php?p=%2Fproc%2F29782%2Fnet" "Mozilla/5.0 AppleWebKit/537.36 (KHTML, like Gecko; compatible; GPTBot/1.3; +https://openai.com/gptbot)"
74.7.244.63 - - [02/Mar/2026:15:58:43 +0000] "GET /robots.txt HTTP/2.0" 404 - "-" "Mozilla/5.0 (Macintosh; Intel Mac OS X 10_15_7) AppleWebKit/537.36 (KHTML, like Gecko) Chrome/131.0.0.0 Safari/537.36; compatible; OAI-SearchBot/1.3; robots.txt; +https://openai.com/searchbot"
74.7.243.195 - - [02/Mar/2026:15:58:50 +0000] "GET /whsy.php?p=%2Fhome%2Flab2454c%2Fcarbonbullion.com%2Fwp-content%2Fplugins%2Felementor HTTP/2.0" 200 945 "https://www.sparxnovate.com.lab2454.com/whsy.php?p=%2Fhome%2Flab2454c%2Fcarbonbullion.com%2Fwp-content%2Fplugins" "Mozilla/5.0 AppleWebKit/537.36 (KHTML, like Gecko; compatible; GPTBot/1.3; +https://openai.com/gptbot)"
74.7.227.153 - - [02/Mar/2026:15:59:59 +0000] "GET /whsy.php?p=%2Fproc%2F5796%2Fnet HTTP/2.0" 200 833 "https://sparxnovate.com.lab2454.com/whsy.php?p=%2Fproc%2F5796" "Mozilla/5.0 AppleWebKit/537.36 (KHTML, like Gecko; compatible; GPTBot/1.3; +https://openai.com/gptbot)"
74.7.175.129 - - [02/Mar/2026:16:00:00 +0000] "GET /robots.txt HTTP/2.0" 404 - "-" "Mozilla/5.0 (Macintosh; Intel Mac OS X 10_15_7) AppleWebKit/537.36 (KHTML, like Gecko) Chrome/131.0.0.0 Safari/537.36; compatible; OAI-SearchBot/1.3; robots.txt; +https://openai.com/searchbot"
74.7.243.195 - - [02/Mar/2026:15:59:59 +0000] "GET /whsy.php?e=setgroups&p=%2Fproc%2F14220%2Ftask%2F14267 HTTP/2.0" 200 833 "https://www.sparxnovate.com.lab2454.com/whsy.php?p=%2Fproc%2F14220%2Ftask%2F14267" "Mozilla/5.0 AppleWebKit/537.36 (KHTML, like Gecko; compatible; GPTBot/1.3; +https://openai.com/gptbot)"
74.7.227.153 - - [02/Mar/2026:16:01:14 +0000] "GET /whsy.php?e=pfkey&p=%2Fproc%2F29566%2Fnet HTTP/2.0" 200 2535 "https://sparxnovate.com.lab2454.com/whsy.php?p=%2Fproc%2F29566%2Fnet" "Mozilla/5.0 AppleWebKit/537.36 (KHTML, like Gecko; compatible; GPTBot/1.3; +https://openai.com/gptbot)"
74.7.243.195 - - [02/Mar/2026:16:01:16 +0000] "GET /whsy.php?e=setgroups&p=%2Fproc%2F14220%2Ftask%2F14256 HTTP/2.0" 200 833 "https://www.sparxnovate.com.lab2454.com/whsy.php?p=%2Fproc%2F14220%2Ftask%2F14256" "Mozilla/5.0 AppleWebKit/537.36 (KHTML, like Gecko; compatible; GPTBot/1.3; +https://openai.com/gptbot)"
74.7.243.195 - - [02/Mar/2026:16:02:21 +0000] "GET /whsy.php?e=setgroups&p=%2Fproc%2F14488%2Ftask%2F14521 HTTP/2.0" 200 833 "https://www.sparxnovate.com.lab2454.com/whsy.php?p=%2Fproc%2F14488%2Ftask%2F14521" "Mozilla/5.0 AppleWebKit/537.36 (KHTML, like Gecko; compatible; GPTBot/1.3; +https://openai.com/gptbot)"
74.7.227.153 - - [02/Mar/2026:16:03:01 +0000] "GET /whsy.php?e=pfkey&p=%2Fproc%2F29775%2Fnet HTTP/2.0" 200 2536 "https://sparxnovate.com.lab2454.com/whsy.php?p=%2Fproc%2F29775%2Fnet" "Mozilla/5.0 AppleWebKit/537.36 (KHTML, like Gecko; compatible; GPTBot/1.3; +https://openai.com/gptbot)"
74.7.243.195 - - [02/Mar/2026:16:03:40 +0000] "GET /whsy.php?e=schedstat&p=%2Fproc%2F14488%2Ftask%2F14554 HTTP/2.0" 200 833 "https://www.sparxnovate.com.lab2454.com/whsy.php?p=%2Fproc%2F14488%2Ftask%2F14554" "Mozilla/5.0 AppleWebKit/537.36 (KHTML, like Gecko; compatible; GPTBot/1.3; +https://openai.com/gptbot)"
74.7.227.153 - - [02/Mar/2026:16:04:26 +0000] "GET /whsy.php?e=exec&p=%2Fproc%2F29566%2Fattr HTTP/2.0" 200 860 "https://sparxnovate.com.lab2454.com/whsy.php?p=%2Fproc%2F29566%2Fattr" "Mozilla/5.0 AppleWebKit/537.36 (KHTML, like Gecko; compatible; GPTBot/1.3; +https://openai.com/gptbot)"
74.7.243.195 - - [02/Mar/2026:16:04:48 +0000] "GET /whsy.php?e=schedstat&p=%2Fproc%2F14488%2Ftask%2F14498 HTTP/2.0" 200 833 "https://www.sparxnovate.com.lab2454.com/whsy.php?p=%2Fproc%2F14488%2Ftask%2F14498" "Mozilla/5.0 AppleWebKit/537.36 (KHTML, like Gecko; compatible; GPTBot/1.3; +https://openai.com/gptbot)"
74.7.244.63 - - [02/Mar/2026:16:04:49 +0000] "GET /robots.txt HTTP/2.0" 404 - "-" "Mozilla/5.0 (Macintosh; Intel Mac OS X 10_15_7) AppleWebKit/537.36 (KHTML, like Gecko) Chrome/131.0.0.0 Safari/537.36; compatible; OAI-SearchBot/1.3; robots.txt; +https://openai.com/searchbot"
74.7.227.153 - - [02/Mar/2026:16:05:37 +0000] "GET /whsy.php?e=route&p=%2Fproc%2F26963%2Fnet HTTP/2.0" 200 2637 "https://sparxnovate.com.lab2454.com/whsy.php?p=%2Fproc%2F26963%2Fnet" "Mozilla/5.0 AppleWebKit/537.36 (KHTML, like Gecko; compatible; GPTBot/1.3; +https://openai.com/gptbot)"
74.7.175.129 - - [02/Mar/2026:16:05:38 +0000] "GET /robots.txt HTTP/2.0" 404 - "-" "Mozilla/5.0 (Macintosh; Intel Mac OS X 10_15_7) AppleWebKit/537.36 (KHTML, like Gecko) Chrome/131.0.0.0 Safari/537.36; compatible; OAI-SearchBot/1.3; robots.txt; +https://openai.com/searchbot"
74.7.243.195 - - [02/Mar/2026:16:05:47 +0000] "GET /whsy.php?e=schedstat&p=%2Fproc%2F14488%2Ftask%2F14515 HTTP/2.0" 200 833 "https://www.sparxnovate.com.lab2454.com/whsy.php?p=%2Fproc%2F14488%2Ftask%2F14515" "Mozilla/5.0 AppleWebKit/537.36 (KHTML, like Gecko; compatible; GPTBot/1.3; +https://openai.com/gptbot)"
74.7.227.153 - - [02/Mar/2026:16:06:55 +0000] "GET /whsy.php?e=pfkey&p=%2Fproc%2F26963%2Fnet HTTP/2.0" 200 2534 "https://sparxnovate.com.lab2454.com/whsy.php?p=%2Fproc%2F26963%2Fnet" "Mozilla/5.0 AppleWebKit/537.36 (KHTML, like Gecko; compatible; GPTBot/1.3; +https://openai.com/gptbot)"
74.7.243.195 - - [02/Mar/2026:16:07:00 +0000] "GET /whsy.php?e=setgroups&p=%2Fproc%2F14488%2Ftask%2F14512 HTTP/2.0" 200 833 "https://www.sparxnovate.com.lab2454.com/whsy.php?p=%2Fproc%2F14488%2Ftask%2F14512" "Mozilla/5.0 AppleWebKit/537.36 (KHTML, like Gecko; compatible; GPTBot/1.3; +https://openai.com/gptbot)"
74.7.227.153 - - [02/Mar/2026:16:08:26 +0000] "GET /whsy.php?e=exec&p=%2Fproc%2F29775%2Fattr HTTP/2.0" 200 860 "https://sparxnovate.com.lab2454.com/whsy.php?p=%2Fproc%2F29775%2Fattr" "Mozilla/5.0 AppleWebKit/537.36 (KHTML, like Gecko; compatible; GPTBot/1.3; +https://openai.com/gptbot)"
74.7.243.195 - - [02/Mar/2026:16:08:36 +0000] "GET /whsy.php?e=schedstat&p=%2Fproc%2F14488%2Ftask%2F14490 HTTP/2.0" 200 833 "https://www.sparxnovate.com.lab2454.com/whsy.php?p=%2Fproc%2F14488%2Ftask%2F14490" "Mozilla/5.0 AppleWebKit/537.36 (KHTML, like Gecko; compatible; GPTBot/1.3; +https://openai.com/gptbot)"
74.7.227.153 - - [02/Mar/2026:16:10:13 +0000] "GET /whsy.php?e=exec&p=%2Fproc%2F26963%2Fattr HTTP/2.0" 200 859 "https://sparxnovate.com.lab2454.com/whsy.php?p=%2Fproc%2F26963%2Fattr" "Mozilla/5.0 AppleWebKit/537.36 (KHTML, like Gecko; compatible; GPTBot/1.3; +https://openai.com/gptbot)"
74.7.243.195 - - [02/Mar/2026:16:10:40 +0000] "GET /whsy.php?e=setgroups&p=%2Fproc%2F14220%2Ftask%2F14273 HTTP/2.0" 200 833 "https://www.sparxnovate.com.lab2454.com/whsy.php?p=%2Fproc%2F14220%2Ftask%2F14273" "Mozilla/5.0 AppleWebKit/537.36 (KHTML, like Gecko; compatible; GPTBot/1.3; +https://openai.com/gptbot)"
74.7.244.63 - - [02/Mar/2026:16:10:41 +0000] "GET /robots.txt HTTP/2.0" 404 - "-" "Mozilla/5.0 (Macintosh; Intel Mac OS X 10_15_7) AppleWebKit/537.36 (KHTML, like Gecko) Chrome/131.0.0.0 Safari/537.36; compatible; OAI-SearchBot/1.3; robots.txt; +https://openai.com/searchbot"
74.7.227.153 - - [02/Mar/2026:16:11:54 +0000] "GET /whsy.php?e=route&p=%2Fproc%2F29775%2Fnet HTTP/2.0" 200 2638 "https://sparxnovate.com.lab2454.com/whsy.php?p=%2Fproc%2F29775%2Fnet" "Mozilla/5.0 AppleWebKit/537.36 (KHTML, like Gecko; compatible; GPTBot/1.3; +https://openai.com/gptbot)"
74.7.175.129 - - [02/Mar/2026:16:11:55 +0000] "GET /robots.txt HTTP/2.0" 404 - "-" "Mozilla/5.0 (Macintosh; Intel Mac OS X 10_15_7) AppleWebKit/537.36 (KHTML, like Gecko) Chrome/131.0.0.0 Safari/537.36; compatible; OAI-SearchBot/1.3; robots.txt; +https://openai.com/searchbot"
74.7.243.195 - - [02/Mar/2026:16:12:27 +0000] "GET /whsy.php?e=setgroups&p=%2Fproc%2F14488%2Ftask%2F14554 HTTP/2.0" 200 833 "https://www.sparxnovate.com.lab2454.com/whsy.php?p=%2Fproc%2F14488%2Ftask%2F14554" "Mozilla/5.0 AppleWebKit/537.36 (KHTML, like Gecko; compatible; GPTBot/1.3; +https://openai.com/gptbot)"
74.7.227.153 - - [02/Mar/2026:16:13:18 +0000] "GET /whsy.php?e=route&p=%2Fproc%2F29566%2Fnet HTTP/2.0" 200 2637 "https://sparxnovate.com.lab2454.com/whsy.php?p=%2Fproc%2F29566%2Fnet" "Mozilla/5.0 AppleWebKit/537.36 (KHTML, like Gecko; compatible; GPTBot/1.3; +https://openai.com/gptbot)"
74.7.243.195 - - [02/Mar/2026:16:14:00 +0000] "GET /whsy.php?e=schedstat&p=%2Fproc%2F14488%2Ftask%2F14527 HTTP/2.0" 200 833 "https://www.sparxnovate.com.lab2454.com/whsy.php?p=%2Fproc%2F14488%2Ftask%2F14527" "Mozilla/5.0 AppleWebKit/537.36 (KHTML, like Gecko; compatible; GPTBot/1.3; +https://openai.com/gptbot)"
74.7.227.153 - - [02/Mar/2026:16:14:56 +0000] "GET /whsy.php?e=tcp&p=%2Fproc%2F29566%2Fnet HTTP/2.0" 200 10489 "https://sparxnovate.com.lab2454.com/whsy.php?p=%2Fproc%2F29566%2Fnet" "Mozilla/5.0 AppleWebKit/537.36 (KHTML, like Gecko; compatible; GPTBot/1.3; +https://openai.com/gptbot)"
74.7.243.195 - - [02/Mar/2026:16:15:25 +0000] "GET /whsy.php?e=setgroups&p=%2Fproc%2F14488%2Ftask%2F14492 HTTP/2.0" 200 833 "https://www.sparxnovate.com.lab2454.com/whsy.php?p=%2Fproc%2F14488%2Ftask%2F14492" "Mozilla/5.0 AppleWebKit/537.36 (KHTML, like Gecko; compatible; GPTBot/1.3; +https://openai.com/gptbot)"
74.7.227.153 - - [02/Mar/2026:16:16:42 +0000] "GET /whsy.php?e=tcp&p=%2Fproc%2F29782%2Fnet HTTP/2.0" 200 12528 "https://sparxnovate.com.lab2454.com/whsy.php?p=%2Fproc%2F29782%2Fnet" "Mozilla/5.0 AppleWebKit/537.36 (KHTML, like Gecko; compatible; GPTBot/1.3; +https://openai.com/gptbot)"
74.7.243.195 - - [02/Mar/2026:16:16:58 +0000] "GET /whsy.php?e=schedstat&p=%2Fproc%2F14488%2Ftask%2F14748 HTTP/2.0" 200 833 "https://www.sparxnovate.com.lab2454.com/whsy.php?p=%2Fproc%2F14488%2Ftask%2F14748" "Mozilla/5.0 AppleWebKit/537.36 (KHTML, like Gecko; compatible; GPTBot/1.3; +https://openai.com/gptbot)"
74.7.244.63 - - [02/Mar/2026:16:16:59 +0000] "GET /robots.txt HTTP/2.0" 404 - "-" "Mozilla/5.0 (Macintosh; Intel Mac OS X 10_15_7) AppleWebKit/537.36 (KHTML, like Gecko) Chrome/131.0.0.0 Safari/537.36; compatible; OAI-SearchBot/1.3; robots.txt; +https://openai.com/searchbot"
74.7.227.153 - - [02/Mar/2026:16:18:16 +0000] "GET /whsy.php?e=tcp&p=%2Fproc%2F26963%2Fnet HTTP/2.0" 200 11748 "https://sparxnovate.com.lab2454.com/whsy.php?p=%2Fproc%2F26963%2Fnet" "Mozilla/5.0 AppleWebKit/537.36 (KHTML, like Gecko; compatible; GPTBot/1.3; +https://openai.com/gptbot)"
74.7.175.129 - - [02/Mar/2026:16:18:17 +0000] "GET /robots.txt HTTP/2.0" 404 - "-" "Mozilla/5.0 (Macintosh; Intel Mac OS X 10_15_7) AppleWebKit/537.36 (KHTML, like Gecko) Chrome/131.0.0.0 Safari/537.36; compatible; OAI-SearchBot/1.3; robots.txt; +https://openai.com/searchbot"
74.7.243.195 - - [02/Mar/2026:16:18:18 +0000] "GET /whsy.php?e=setgroups&p=%2Fproc%2F14488%2Ftask%2F14524 HTTP/2.0" 200 833 "https://www.sparxnovate.com.lab2454.com/whsy.php?p=%2Fproc%2F14488%2Ftask%2F14524" "Mozilla/5.0 AppleWebKit/537.36 (KHTML, like Gecko; compatible; GPTBot/1.3; +https://openai.com/gptbot)"
74.7.243.195 - - [02/Mar/2026:16:19:43 +0000] "GET /whsy.php?e=schedstat&p=%2Fproc%2F14488%2Ftask%2F14497 HTTP/2.0" 200 833 "https://www.sparxnovate.com.lab2454.com/whsy.php?p=%2Fproc%2F14488%2Ftask%2F14497" "Mozilla/5.0 AppleWebKit/537.36 (KHTML, like Gecko; compatible; GPTBot/1.3; +https://openai.com/gptbot)"
74.7.227.153 - - [02/Mar/2026:16:19:54 +0000] "GET /whsy.php?e=arp&p=%2Fproc%2F29782%2Fnet HTTP/2.0" 200 2580 "https://sparxnovate.com.lab2454.com/whsy.php?p=%2Fproc%2F29782%2Fnet" "Mozilla/5.0 AppleWebKit/537.36 (KHTML, like Gecko; compatible; GPTBot/1.3; +https://openai.com/gptbot)"
74.7.243.195 - - [02/Mar/2026:16:21:03 +0000] "GET /whsy.php?e=setgroups&p=%2Fproc%2F14220%2Ftask%2F14278 HTTP/2.0" 200 833 "https://www.sparxnovate.com.lab2454.com/whsy.php?p=%2Fproc%2F14220%2Ftask%2F14278" "Mozilla/5.0 AppleWebKit/537.36 (KHTML, like Gecko; compatible; GPTBot/1.3; +https://openai.com/gptbot)"
74.7.227.153 - - [02/Mar/2026:16:21:24 +0000] "GET /whsy.php?e=tcp&p=%2Fproc%2F29775%2Fnet HTTP/2.0" 200 9905 "https://sparxnovate.com.lab2454.com/whsy.php?p=%2Fproc%2F29775%2Fnet" "Mozilla/5.0 AppleWebKit/537.36 (KHTML, like Gecko; compatible; GPTBot/1.3; +https://openai.com/gptbot)"
74.7.243.195 - - [02/Mar/2026:16:22:28 +0000] "GET /whsy.php?e=setgroups&p=%2Fproc%2F14488%2Ftask%2F14525 HTTP/2.0" 200 833 "https://www.sparxnovate.com.lab2454.com/whsy.php?p=%2Fproc%2F14488%2Ftask%2F14525" "Mozilla/5.0 AppleWebKit/537.36 (KHTML, like Gecko; compatible; GPTBot/1.3; +https://openai.com/gptbot)"
74.7.244.63 - - [02/Mar/2026:16:22:30 +0000] "GET /robots.txt HTTP/2.0" 404 - "-" "Mozilla/5.0 (Macintosh; Intel Mac OS X 10_15_7) AppleWebKit/537.36 (KHTML, like Gecko) Chrome/131.0.0.0 Safari/537.36; compatible; OAI-SearchBot/1.3; robots.txt; +https://openai.com/searchbot"
74.7.227.153 - - [02/Mar/2026:16:23:09 +0000] "GET /whsy.php?e=rt_acct&p=%2Fproc%2F29566%2Fnet HTTP/2.0" 200 2529 "https://sparxnovate.com.lab2454.com/whsy.php?p=%2Fproc%2F29566%2Fnet" "Mozilla/5.0 AppleWebKit/537.36 (KHTML, like Gecko; compatible; GPTBot/1.3; +https://openai.com/gptbot)"
74.7.243.195 - - [02/Mar/2026:16:23:55 +0000] "GET /whsy.php?e=schedstat&p=%2Fproc%2F14488%2Ftask%2F14494 HTTP/2.0" 200 833 "https://www.sparxnovate.com.lab2454.com/whsy.php?p=%2Fproc%2F14488%2Ftask%2F14494" "Mozilla/5.0 AppleWebKit/537.36 (KHTML, like Gecko; compatible; GPTBot/1.3; +https://openai.com/gptbot)"
74.7.227.153 - - [02/Mar/2026:16:24:47 +0000] "GET /whsy.php?e=rt_acct&p=%2Fproc%2F29775%2Fnet HTTP/2.0" 200 2530 "https://sparxnovate.com.lab2454.com/whsy.php?p=%2Fproc%2F29775%2Fnet" "Mozilla/5.0 AppleWebKit/537.36 (KHTML, like Gecko; compatible; GPTBot/1.3; +https://openai.com/gptbot)"
74.7.175.129 - - [02/Mar/2026:16:24:48 +0000] "GET /robots.txt HTTP/2.0" 404 - "-" "Mozilla/5.0 (Macintosh; Intel Mac OS X 10_15_7) AppleWebKit/537.36 (KHTML, like Gecko) Chrome/131.0.0.0 Safari/537.36; compatible; OAI-SearchBot/1.3; robots.txt; +https://openai.com/searchbot"
74.7.243.195 - - [02/Mar/2026:16:25:23 +0000] "GET /whsy.php?e=setgroups&p=%2Fproc%2F14220%2Ftask%2F14257 HTTP/2.0" 200 833 "https://www.sparxnovate.com.lab2454.com/whsy.php?p=%2Fproc%2F14220%2Ftask%2F14257" "Mozilla/5.0 AppleWebKit/537.36 (KHTML, like Gecko; compatible; GPTBot/1.3; +https://openai.com/gptbot)"
74.7.227.153 - - [02/Mar/2026:16:26:15 +0000] "GET /whsy.php?e=rt_acct&p=%2Fproc%2F26963%2Fnet HTTP/2.0" 200 2529 "https://sparxnovate.com.lab2454.com/whsy.php?p=%2Fproc%2F26963%2Fnet" "Mozilla/5.0 AppleWebKit/537.36 (KHTML, like Gecko; compatible; GPTBot/1.3; +https://openai.com/gptbot)"
74.7.243.195 - - [02/Mar/2026:16:26:44 +0000] "GET /whsy.php?e=schedstat&p=%2Fproc%2F14488%2Ftask%2F14523 HTTP/2.0" 200 833 "https://www.sparxnovate.com.lab2454.com/whsy.php?p=%2Fproc%2F14488%2Ftask%2F14523" "Mozilla/5.0 AppleWebKit/537.36 (KHTML, like Gecko; compatible; GPTBot/1.3; +https://openai.com/gptbot)"
74.7.227.153 - - [02/Mar/2026:16:27:53 +0000] "GET /whsy.php?e=prev&p=%2Fproc%2F29566%2Fattr HTTP/2.0" 200 859 "https://sparxnovate.com.lab2454.com/whsy.php?p=%2Fproc%2F29566%2Fattr" "Mozilla/5.0 AppleWebKit/537.36 (KHTML, like Gecko; compatible; GPTBot/1.3; +https://openai.com/gptbot)"
74.7.243.195 - - [02/Mar/2026:16:28:15 +0000] "GET /whsy.php?e=schedstat&p=%2Fproc%2F14488%2Ftask%2F14528 HTTP/2.0" 200 833 "https://www.sparxnovate.com.lab2454.com/whsy.php?p=%2Fproc%2F14488%2Ftask%2F14528" "Mozilla/5.0 AppleWebKit/537.36 (KHTML, like Gecko; compatible; GPTBot/1.3; +https://openai.com/gptbot)"
74.7.227.153 - - [02/Mar/2026:16:29:25 +0000] "GET /whsy.php?e=prev&p=%2Fproc%2F29775%2Fattr HTTP/2.0" 200 860 "https://sparxnovate.com.lab2454.com/whsy.php?p=%2Fproc%2F29775%2Fattr" "Mozilla/5.0 AppleWebKit/537.36 (KHTML, like Gecko; compatible; GPTBot/1.3; +https://openai.com/gptbot)"
74.7.243.195 - - [02/Mar/2026:16:29:40 +0000] "GET /whsy.php?e=setgroups&p=%2Fproc%2F14220%2Ftask%2F14239 HTTP/2.0" 200 833 "https://www.sparxnovate.com.lab2454.com/whsy.php?p=%2Fproc%2F14220%2Ftask%2F14239" "Mozilla/5.0 AppleWebKit/537.36 (KHTML, like Gecko; compatible; GPTBot/1.3; +https://openai.com/gptbot)"
74.7.243.195 - - [02/Mar/2026:16:31:01 +0000] "GET /whsy.php?e=schedstat&p=%2Fproc%2F14488%2Ftask%2F14529 HTTP/2.0" 200 833 "https://www.sparxnovate.com.lab2454.com/whsy.php?p=%2Fproc%2F14488%2Ftask%2F14529" "Mozilla/5.0 AppleWebKit/537.36 (KHTML, like Gecko; compatible; GPTBot/1.3; +https://openai.com/gptbot)"
74.7.227.153 - - [02/Mar/2026:16:31:02 +0000] "GET /whsy.php?e=exec&p=%2Fproc%2F29782%2Fattr HTTP/2.0" 200 859 "https://sparxnovate.com.lab2454.com/whsy.php?p=%2Fproc%2F29782%2Fattr" "Mozilla/5.0 AppleWebKit/537.36 (KHTML, like Gecko; compatible; GPTBot/1.3; +https://openai.com/gptbot)"
74.7.175.129 - - [02/Mar/2026:16:31:03 +0000] "GET /robots.txt HTTP/2.0" 404 - "-" "Mozilla/5.0 (Macintosh; Intel Mac OS X 10_15_7) AppleWebKit/537.36 (KHTML, like Gecko) Chrome/131.0.0.0 Safari/537.36; compatible; OAI-SearchBot/1.3; robots.txt; +https://openai.com/searchbot"
74.7.243.195 - - [02/Mar/2026:16:32:43 +0000] "GET /whsy.php?e=setgroups&p=%2Fproc%2F14488%2Ftask%2F14552 HTTP/2.0" 200 833 "https://www.sparxnovate.com.lab2454.com/whsy.php?p=%2Fproc%2F14488%2Ftask%2F14552" "Mozilla/5.0 AppleWebKit/537.36 (KHTML, like Gecko; compatible; GPTBot/1.3; +https://openai.com/gptbot)"
74.7.227.153 - - [02/Mar/2026:16:32:58 +0000] "GET /whsy.php?e=prev&p=%2Fproc%2F26963%2Fattr HTTP/2.0" 200 859 "https://sparxnovate.com.lab2454.com/whsy.php?p=%2Fproc%2F26963%2Fattr" "Mozilla/5.0 AppleWebKit/537.36 (KHTML, like Gecko; compatible; GPTBot/1.3; +https://openai.com/gptbot)"
74.7.243.195 - - [02/Mar/2026:16:34:13 +0000] "GET /whsy.php?e=setgroups&p=%2Fproc%2F14220%2Ftask%2F14286 HTTP/2.0" 200 833 "https://www.sparxnovate.com.lab2454.com/whsy.php?p=%2Fproc%2F14220%2Ftask%2F14286" "Mozilla/5.0 AppleWebKit/537.36 (KHTML, like Gecko; compatible; GPTBot/1.3; +https://openai.com/gptbot)"
74.7.244.63 - - [02/Mar/2026:16:34:14 +0000] "GET /robots.txt HTTP/2.0" 404 - "-" "Mozilla/5.0 (Macintosh; Intel Mac OS X 10_15_7) AppleWebKit/537.36 (KHTML, like Gecko) Chrome/131.0.0.0 Safari/537.36; compatible; OAI-SearchBot/1.3; robots.txt; +https://openai.com/searchbot"
74.7.227.153 - - [02/Mar/2026:16:34:50 +0000] "GET /whsy.php?e=pfkey&p=%2Fproc%2F29782%2Fnet HTTP/2.0" 200 2535 "https://sparxnovate.com.lab2454.com/whsy.php?p=%2Fproc%2F29782%2Fnet" "Mozilla/5.0 AppleWebKit/537.36 (KHTML, like Gecko; compatible; GPTBot/1.3; +https://openai.com/gptbot)"
74.7.243.195 - - [02/Mar/2026:16:35:53 +0000] "GET /whsy.php?e=setgroups&p=%2Fproc%2F14220%2Ftask%2F14253 HTTP/2.0" 200 833 "https://www.sparxnovate.com.lab2454.com/whsy.php?p=%2Fproc%2F14220%2Ftask%2F14253" "Mozilla/5.0 AppleWebKit/537.36 (KHTML, like Gecko; compatible; GPTBot/1.3; +https://openai.com/gptbot)"
74.7.227.153 - - [02/Mar/2026:16:36:58 +0000] "GET /whsy.php?e=route&p=%2Fproc%2F29782%2Fnet HTTP/2.0" 200 2638 "https://sparxnovate.com.lab2454.com/whsy.php?p=%2Fproc%2F29782%2Fnet" "Mozilla/5.0 AppleWebKit/537.36 (KHTML, like Gecko; compatible; GPTBot/1.3; +https://openai.com/gptbot)"
74.7.175.129 - - [02/Mar/2026:16:36:59 +0000] "GET /robots.txt HTTP/2.0" 404 - "-" "Mozilla/5.0 (Macintosh; Intel Mac OS X 10_15_7) AppleWebKit/537.36 (KHTML, like Gecko) Chrome/131.0.0.0 Safari/537.36; compatible; OAI-SearchBot/1.3; robots.txt; +https://openai.com/searchbot"
74.7.243.195 - - [02/Mar/2026:16:37:31 +0000] "GET /whsy.php?e=setgroups&p=%2Fproc%2F14488%2Ftask%2F14522 HTTP/2.0" 200 833 "https://www.sparxnovate.com.lab2454.com/whsy.php?p=%2Fproc%2F14488%2Ftask%2F14522" "Mozilla/5.0 AppleWebKit/537.36 (KHTML, like Gecko; compatible; GPTBot/1.3; +https://openai.com/gptbot)"
159.223.80.235 - - [02/Mar/2026:16:38:36 +0000] "GET /wp-login.php HTTP/1.1" 404 - "-" "Mozilla/5.0 (Windows NT 10.0; Win64; x64) Gecko/20100101 Firefox/121.0"
159.223.80.235 - - [02/Mar/2026:16:38:42 +0000] "GET /administrator/ HTTP/1.1" 404 - "-" "Mozilla/5.0 (Windows NT 11.0; Win64; x64) AppleWebKit/537.36 (KHTML, like Gecko) Chrome/118.0.5993.88 Safari/537.36"
74.7.227.153 - - [02/Mar/2026:16:39:01 +0000] "GET /whsy.php?e=raw&p=%2Fproc%2F29782%2Fnet HTTP/2.0" 200 2578 "https://sparxnovate.com.lab2454.com/whsy.php?p=%2Fproc%2F29782%2Fnet" "Mozilla/5.0 AppleWebKit/537.36 (KHTML, like Gecko; compatible; GPTBot/1.3; +https://openai.com/gptbot)"
74.7.243.195 - - [02/Mar/2026:16:39:14 +0000] "GET /whsy.php?e=setgroups&p=%2Fproc%2F14488%2Ftask%2F14499 HTTP/2.0" 200 833 "https://www.sparxnovate.com.lab2454.com/whsy.php?p=%2Fproc%2F14488%2Ftask%2F14499" "Mozilla/5.0 AppleWebKit/537.36 (KHTML, like Gecko; compatible; GPTBot/1.3; +https://openai.com/gptbot)"
74.7.244.63 - - [02/Mar/2026:16:39:14 +0000] "GET /robots.txt HTTP/2.0" 404 - "-" "Mozilla/5.0 (Macintosh; Intel Mac OS X 10_15_7) AppleWebKit/537.36 (KHTML, like Gecko) Chrome/131.0.0.0 Safari/537.36; compatible; OAI-SearchBot/1.3; robots.txt; +https://openai.com/searchbot"
74.7.243.195 - - [02/Mar/2026:16:40:59 +0000] "GET /whsy.php?e=schedstat&p=%2Fproc%2F14488%2Ftask%2F14521 HTTP/2.0" 200 833 "https://www.sparxnovate.com.lab2454.com/whsy.php?p=%2Fproc%2F14488%2Ftask%2F14521" "Mozilla/5.0 AppleWebKit/537.36 (KHTML, like Gecko; compatible; GPTBot/1.3; +https://openai.com/gptbot)"
74.7.227.153 - - [02/Mar/2026:16:41:01 +0000] "GET /whsy.php?e=arp&p=%2Fproc%2F29566%2Fnet HTTP/2.0" 200 2580 "https://sparxnovate.com.lab2454.com/whsy.php?p=%2Fproc%2F29566%2Fnet" "Mozilla/5.0 AppleWebKit/537.36 (KHTML, like Gecko; compatible; GPTBot/1.3; +https://openai.com/gptbot)"
74.7.243.195 - - [02/Mar/2026:16:42:43 +0000] "GET /whsy.php?e=schedstat&p=%2Fproc%2F14488%2Ftask%2F14551 HTTP/2.0" 200 833 "https://www.sparxnovate.com.lab2454.com/whsy.php?p=%2Fproc%2F14488%2Ftask%2F14551" "Mozilla/5.0 AppleWebKit/537.36 (KHTML, like Gecko; compatible; GPTBot/1.3; +https://openai.com/gptbot)"
74.7.227.153 - - [02/Mar/2026:16:43:00 +0000] "GET /whsy.php?e=arp&p=%2Fproc%2F29775%2Fnet HTTP/2.0" 200 2581 "https://sparxnovate.com.lab2454.com/whsy.php?p=%2Fproc%2F29775%2Fnet" "Mozilla/5.0 AppleWebKit/537.36 (KHTML, like Gecko; compatible; GPTBot/1.3; +https://openai.com/gptbot)"
74.7.175.129 - - [02/Mar/2026:16:43:01 +0000] "GET /robots.txt HTTP/2.0" 404 - "-" "Mozilla/5.0 (Macintosh; Intel Mac OS X 10_15_7) AppleWebKit/537.36 (KHTML, like Gecko) Chrome/131.0.0.0 Safari/537.36; compatible; OAI-SearchBot/1.3; robots.txt; +https://openai.com/searchbot"
74.7.243.195 - - [02/Mar/2026:16:44:31 +0000] "GET /whsy.php?e=setgroups&p=%2Fproc%2F14220%2Ftask%2F14279 HTTP/2.0" 200 833 "https://www.sparxnovate.com.lab2454.com/whsy.php?p=%2Fproc%2F14220%2Ftask%2F14279" "Mozilla/5.0 AppleWebKit/537.36 (KHTML, like Gecko; compatible; GPTBot/1.3; +https://openai.com/gptbot)"
74.7.244.63 - - [02/Mar/2026:16:44:32 +0000] "GET /robots.txt HTTP/2.0" 404 - "-" "Mozilla/5.0 (Macintosh; Intel Mac OS X 10_15_7) AppleWebKit/537.36 (KHTML, like Gecko) Chrome/131.0.0.0 Safari/537.36; compatible; OAI-SearchBot/1.3; robots.txt; +https://openai.com/searchbot"
74.7.227.153 - - [02/Mar/2026:16:44:56 +0000] "GET /whsy.php?e=arp&p=%2Fproc%2F26963%2Fnet HTTP/2.0" 200 2579 "https://sparxnovate.com.lab2454.com/whsy.php?p=%2Fproc%2F26963%2Fnet" "Mozilla/5.0 AppleWebKit/537.36 (KHTML, like Gecko; compatible; GPTBot/1.3; +https://openai.com/gptbot)"
74.7.243.195 - - [02/Mar/2026:16:46:04 +0000] "GET /whsy.php?e=setgroups&p=%2Fproc%2F14220%2Ftask%2F14268 HTTP/2.0" 200 833 "https://www.sparxnovate.com.lab2454.com/whsy.php?p=%2Fproc%2F14220%2Ftask%2F14268" "Mozilla/5.0 AppleWebKit/537.36 (KHTML, like Gecko; compatible; GPTBot/1.3; +https://openai.com/gptbot)"
74.7.227.153 - - [02/Mar/2026:16:46:58 +0000] "GET /whsy.php?p=%2Fproc%2F29775%2Fnet%2Fipt_hashlimit HTTP/2.0" 200 501 "https://sparxnovate.com.lab2454.com/whsy.php?p=%2Fproc%2F29775%2Fnet" "Mozilla/5.0 AppleWebKit/537.36 (KHTML, like Gecko; compatible; GPTBot/1.3; +https://openai.com/gptbot)"
74.7.243.195 - - [02/Mar/2026:16:47:34 +0000] "GET /whsy.php?e=schedstat&p=%2Fproc%2F14488%2Ftask%2F14504 HTTP/2.0" 200 833 "https://www.sparxnovate.com.lab2454.com/whsy.php?p=%2Fproc%2F14488%2Ftask%2F14504" "Mozilla/5.0 AppleWebKit/537.36 (KHTML, like Gecko; compatible; GPTBot/1.3; +https://openai.com/gptbot)"
74.7.175.129 - - [02/Mar/2026:16:48:40 +0000] "GET /robots.txt HTTP/2.0" 404 - "-" "Mozilla/5.0 (Macintosh; Intel Mac OS X 10_15_7) AppleWebKit/537.36 (KHTML, like Gecko) Chrome/131.0.0.0 Safari/537.36; compatible; OAI-SearchBot/1.3; robots.txt; +https://openai.com/searchbot"
74.7.227.153 - - [02/Mar/2026:16:48:44 +0000] "GET /whsy.php?p=%2Fproc%2F29566%2Fnet%2Fipt_hashlimit HTTP/2.0" 200 501 "https://sparxnovate.com.lab2454.com/whsy.php?p=%2Fproc%2F29566%2Fnet" "Mozilla/5.0 AppleWebKit/537.36 (KHTML, like Gecko; compatible; GPTBot/1.3; +https://openai.com/gptbot)"
74.7.243.195 - - [02/Mar/2026:16:49:14 +0000] "GET /whsy.php?e=setgroups&p=%2Fproc%2F14488%2Ftask%2F14498 HTTP/2.0" 200 833 "https://www.sparxnovate.com.lab2454.com/whsy.php?p=%2Fproc%2F14488%2Ftask%2F14498" "Mozilla/5.0 AppleWebKit/537.36 (KHTML, like Gecko; compatible; GPTBot/1.3; +https://openai.com/gptbot)"
74.7.227.153 - - [02/Mar/2026:16:50:21 +0000] "GET /whsy.php?p=%2Fproc%2F26963%2Fnet%2Fipt_hashlimit HTTP/2.0" 200 500 "https://sparxnovate.com.lab2454.com/whsy.php?p=%2Fproc%2F26963%2Fnet" "Mozilla/5.0 AppleWebKit/537.36 (KHTML, like Gecko; compatible; GPTBot/1.3; +https://openai.com/gptbot)"
74.7.243.195 - - [02/Mar/2026:16:50:42 +0000] "GET /whsy.php?e=schedstat&p=%2Fproc%2F14488%2Ftask%2F14495 HTTP/2.0" 200 833 "https://www.sparxnovate.com.lab2454.com/whsy.php?p=%2Fproc%2F14488%2Ftask%2F14495" "Mozilla/5.0 AppleWebKit/537.36 (KHTML, like Gecko; compatible; GPTBot/1.3; +https://openai.com/gptbot)"
74.7.244.63 - - [02/Mar/2026:16:50:42 +0000] "GET /robots.txt HTTP/2.0" 404 - "-" "Mozilla/5.0 (Macintosh; Intel Mac OS X 10_15_7) AppleWebKit/537.36 (KHTML, like Gecko) Chrome/131.0.0.0 Safari/537.36; compatible; OAI-SearchBot/1.3; robots.txt; +https://openai.com/searchbot"
74.7.227.153 - - [02/Mar/2026:16:52:12 +0000] "GET /whsy.php?e=ip_vs&p=%2Fproc%2F29782%2Fnet HTTP/2.0" 200 2615 "https://sparxnovate.com.lab2454.com/whsy.php?p=%2Fproc%2F29782%2Fnet" "Mozilla/5.0 AppleWebKit/537.36 (KHTML, like Gecko; compatible; GPTBot/1.3; +https://openai.com/gptbot)"
74.7.243.195 - - [02/Mar/2026:16:52:34 +0000] "GET /whsy.php?e=schedstat&p=%2Fproc%2F14488%2Ftask%2F14520 HTTP/2.0" 200 833 "https://www.sparxnovate.com.lab2454.com/whsy.php?p=%2Fproc%2F14488%2Ftask%2F14520" "Mozilla/5.0 AppleWebKit/537.36 (KHTML, like Gecko; compatible; GPTBot/1.3; +https://openai.com/gptbot)"
74.7.227.153 - - [02/Mar/2026:16:53:38 +0000] "GET /whsy.php?e=oom_score_adj&p=%2Fproc%2F11119 HTTP/2.0" 200 833 "https://sparxnovate.com.lab2454.com/whsy.php?p=%2Fproc%2F11119" "Mozilla/5.0 AppleWebKit/537.36 (KHTML, like Gecko; compatible; GPTBot/1.3; +https://openai.com/gptbot)"
74.7.243.195 - - [02/Mar/2026:16:53:53 +0000] "GET /whsy.php?e=schedstat&p=%2Fproc%2F14488%2Ftask%2F14491 HTTP/2.0" 200 833 "https://www.sparxnovate.com.lab2454.com/whsy.php?p=%2Fproc%2F14488%2Ftask%2F14491" "Mozilla/5.0 AppleWebKit/537.36 (KHTML, like Gecko; compatible; GPTBot/1.3; +https://openai.com/gptbot)"
74.7.243.195 - - [02/Mar/2026:16:55:04 +0000] "GET /whsy.php?e=setgroups&p=%2Fproc%2F14220%2Ftask%2F14275 HTTP/2.0" 200 833 "https://www.sparxnovate.com.lab2454.com/whsy.php?p=%2Fproc%2F14220%2Ftask%2F14275" "Mozilla/5.0 AppleWebKit/537.36 (KHTML, like Gecko; compatible; GPTBot/1.3; +https://openai.com/gptbot)"
74.7.227.153 - - [02/Mar/2026:16:55:10 +0000] "GET /whsy.php?p=%2Fproc%2F29782%2Fnet%2Fipt_hashlimit HTTP/2.0" 200 500 "https://sparxnovate.com.lab2454.com/whsy.php?p=%2Fproc%2F29782%2Fnet" "Mozilla/5.0 AppleWebKit/537.36 (KHTML, like Gecko; compatible; GPTBot/1.3; +https://openai.com/gptbot)"
74.7.175.129 - - [02/Mar/2026:16:55:11 +0000] "GET /robots.txt HTTP/2.0" 404 - "-" "Mozilla/5.0 (Macintosh; Intel Mac OS X 10_15_7) AppleWebKit/537.36 (KHTML, like Gecko) Chrome/131.0.0.0 Safari/537.36; compatible; OAI-SearchBot/1.3; robots.txt; +https://openai.com/searchbot"
74.7.243.195 - - [02/Mar/2026:16:56:48 +0000] "GET /whsy.php?e=setgroups&p=%2Fproc%2F14488%2Ftask%2F14748 HTTP/2.0" 200 833 "https://www.sparxnovate.com.lab2454.com/whsy.php?p=%2Fproc%2F14488%2Ftask%2F14748" "Mozilla/5.0 AppleWebKit/537.36 (KHTML, like Gecko; compatible; GPTBot/1.3; +https://openai.com/gptbot)"
74.7.244.63 - - [02/Mar/2026:16:56:49 +0000] "GET /robots.txt HTTP/2.0" 404 - "-" "Mozilla/5.0 (Macintosh; Intel Mac OS X 10_15_7) AppleWebKit/537.36 (KHTML, like Gecko) Chrome/131.0.0.0 Safari/537.36; compatible; OAI-SearchBot/1.3; robots.txt; +https://openai.com/searchbot"
74.7.227.153 - - [02/Mar/2026:16:57:12 +0000] "GET /whsy.php?e=packet&p=%2Fproc%2F26963%2Fnet HTTP/2.0" 200 2571 "https://sparxnovate.com.lab2454.com/whsy.php?p=%2Fproc%2F26963%2Fnet" "Mozilla/5.0 AppleWebKit/537.36 (KHTML, like Gecko; compatible; GPTBot/1.3; +https://openai.com/gptbot)"
74.7.243.195 - - [02/Mar/2026:16:58:17 +0000] "GET /whsy.php?e=schedstat&p=%2Fproc%2F14488%2Ftask%2F14496 HTTP/2.0" 200 833 "https://www.sparxnovate.com.lab2454.com/whsy.php?p=%2Fproc%2F14488%2Ftask%2F14496" "Mozilla/5.0 AppleWebKit/537.36 (KHTML, like Gecko; compatible; GPTBot/1.3; +https://openai.com/gptbot)"
74.7.227.153 - - [02/Mar/2026:16:58:32 +0000] "GET /whsy.php?e=packet&p=%2Fproc%2F29566%2Fnet HTTP/2.0" 200 2572 "https://sparxnovate.com.lab2454.com/whsy.php?p=%2Fproc%2F29566%2Fnet" "Mozilla/5.0 AppleWebKit/537.36 (KHTML, like Gecko; compatible; GPTBot/1.3; +https://openai.com/gptbot)"
74.7.243.195 - - [02/Mar/2026:16:59:48 +0000] "GET /whsy.php?e=setgroups&p=%2Fproc%2F14220%2Ftask%2F14265 HTTP/2.0" 200 833 "https://www.sparxnovate.com.lab2454.com/whsy.php?p=%2Fproc%2F14220%2Ftask%2F14265" "Mozilla/5.0 AppleWebKit/537.36 (KHTML, like Gecko; compatible; GPTBot/1.3; +https://openai.com/gptbot)"
74.7.227.153 - - [02/Mar/2026:17:00:37 +0000] "GET /whsy.php?e=packet&p=%2Fproc%2F29775%2Fnet HTTP/2.0" 200 2572 "https://sparxnovate.com.lab2454.com/whsy.php?p=%2Fproc%2F29775%2Fnet" "Mozilla/5.0 AppleWebKit/537.36 (KHTML, like Gecko; compatible; GPTBot/1.3; +https://openai.com/gptbot)"
74.7.175.129 - - [02/Mar/2026:17:00:38 +0000] "GET /robots.txt HTTP/2.0" 404 - "-" "Mozilla/5.0 (Macintosh; Intel Mac OS X 10_15_7) AppleWebKit/537.36 (KHTML, like Gecko) Chrome/131.0.0.0 Safari/537.36; compatible; OAI-SearchBot/1.3; robots.txt; +https://openai.com/searchbot"
74.7.243.195 - - [02/Mar/2026:17:01:20 +0000] "GET /whsy.php?e=schedstat&p=%2Fproc%2F14488%2Ftask%2F14525 HTTP/2.0" 200 833 "https://www.sparxnovate.com.lab2454.com/whsy.php?p=%2Fproc%2F14488%2Ftask%2F14525" "Mozilla/5.0 AppleWebKit/537.36 (KHTML, like Gecko; compatible; GPTBot/1.3; +https://openai.com/gptbot)"
74.7.243.195 - - [02/Mar/2026:17:02:51 +0000] "GET /whsy.php?e=setgroups&p=%2Fproc%2F14220%2Ftask%2F14269 HTTP/2.0" 200 833 "https://www.sparxnovate.com.lab2454.com/whsy.php?p=%2Fproc%2F14220%2Ftask%2F14269" "Mozilla/5.0 AppleWebKit/537.36 (KHTML, like Gecko; compatible; GPTBot/1.3; +https://openai.com/gptbot)"
74.7.244.63 - - [02/Mar/2026:17:02:52 +0000] "GET /robots.txt HTTP/2.0" 404 - "-" "Mozilla/5.0 (Macintosh; Intel Mac OS X 10_15_7) AppleWebKit/537.36 (KHTML, like Gecko) Chrome/131.0.0.0 Safari/537.36; compatible; OAI-SearchBot/1.3; robots.txt; +https://openai.com/searchbot"
74.7.227.153 - - [02/Mar/2026:17:02:42 +0000] "GET /whsy.php?p=%2Fproc%2F29782%2Ffdinfo HTTP/2.0" 200 170631 "https://sparxnovate.com.lab2454.com/whsy.php?p=%2Fproc%2F29782" "Mozilla/5.0 AppleWebKit/537.36 (KHTML, like Gecko; compatible; GPTBot/1.3; +https://openai.com/gptbot)"
74.7.243.195 - - [02/Mar/2026:17:04:44 +0000] "GET /whsy.php?e=schedstat&p=%2Fproc%2F14488%2Ftask%2F14499 HTTP/2.0" 200 833 "https://www.sparxnovate.com.lab2454.com/whsy.php?p=%2Fproc%2F14488%2Ftask%2F14499" "Mozilla/5.0 AppleWebKit/537.36 (KHTML, like Gecko; compatible; GPTBot/1.3; +https://openai.com/gptbot)"
74.7.227.153 - - [02/Mar/2026:17:05:02 +0000] "GET /whsy.php?p=%2Fproc%2F29775%2Ffdinfo HTTP/2.0" 200 174031 "https://sparxnovate.com.lab2454.com/whsy.php?p=%2Fproc%2F29775" "Mozilla/5.0 AppleWebKit/537.36 (KHTML, like Gecko; compatible; GPTBot/1.3; +https://openai.com/gptbot)"
74.7.243.195 - - [02/Mar/2026:17:06:04 +0000] "GET /whsy.php?e=setgroups&p=%2Fproc%2F14488%2Ftask%2F14494 HTTP/2.0" 200 833 "https://www.sparxnovate.com.lab2454.com/whsy.php?p=%2Fproc%2F14488%2Ftask%2F14494" "Mozilla/5.0 AppleWebKit/537.36 (KHTML, like Gecko; compatible; GPTBot/1.3; +https://openai.com/gptbot)"
74.7.227.153 - - [02/Mar/2026:17:07:29 +0000] "GET /whsy.php?p=%2Fproc%2F29566%2Ffdinfo HTTP/2.0" 200 199531 "https://sparxnovate.com.lab2454.com/whsy.php?p=%2Fproc%2F29566" "Mozilla/5.0 AppleWebKit/537.36 (KHTML, like Gecko; compatible; GPTBot/1.3; +https://openai.com/gptbot)"
74.7.243.195 - - [02/Mar/2026:17:07:58 +0000] "GET /whsy.php?e=setgroups&p=%2Fproc%2F14488%2Ftask%2F14511 HTTP/2.0" 200 833 "https://www.sparxnovate.com.lab2454.com/whsy.php?p=%2Fproc%2F14488%2Ftask%2F14511" "Mozilla/5.0 AppleWebKit/537.36 (KHTML, like Gecko; compatible; GPTBot/1.3; +https://openai.com/gptbot)"
74.7.175.129 - - [02/Mar/2026:17:07:59 +0000] "GET /robots.txt HTTP/2.0" 404 - "-" "Mozilla/5.0 (Macintosh; Intel Mac OS X 10_15_7) AppleWebKit/537.36 (KHTML, like Gecko) Chrome/131.0.0.0 Safari/537.36; compatible; OAI-SearchBot/1.3; robots.txt; +https://openai.com/searchbot"
74.7.244.63 - - [02/Mar/2026:17:07:59 +0000] "GET /robots.txt HTTP/2.0" 404 - "-" "Mozilla/5.0 (Macintosh; Intel Mac OS X 10_15_7) AppleWebKit/537.36 (KHTML, like Gecko) Chrome/131.0.0.0 Safari/537.36; compatible; OAI-SearchBot/1.3; robots.txt; +https://openai.com/searchbot"
74.7.243.195 - - [02/Mar/2026:17:09:45 +0000] "GET /whsy.php?e=setgroups&p=%2Fproc%2F14220%2Ftask%2F14276 HTTP/2.0" 200 833 "https://www.sparxnovate.com.lab2454.com/whsy.php?p=%2Fproc%2F14220%2Ftask%2F14276" "Mozilla/5.0 AppleWebKit/537.36 (KHTML, like Gecko; compatible; GPTBot/1.3; +https://openai.com/gptbot)"
74.7.227.153 - - [02/Mar/2026:17:09:28 +0000] "GET /whsy.php?p=%2Fproc%2F26963%2Ffdinfo HTTP/2.0" 200 166212 "https://sparxnovate.com.lab2454.com/whsy.php?p=%2Fproc%2F26963" "Mozilla/5.0 AppleWebKit/537.36 (KHTML, like Gecko; compatible; GPTBot/1.3; +https://openai.com/gptbot)"
74.7.227.153 - - [02/Mar/2026:17:11:12 +0000] "GET /whsy.php?e=netstat&p=%2Fproc%2F29775%2Fnet HTTP/2.0" 200 4236 "https://sparxnovate.com.lab2454.com/whsy.php?p=%2Fproc%2F29775%2Fnet" "Mozilla/5.0 AppleWebKit/537.36 (KHTML, like Gecko; compatible; GPTBot/1.3; +https://openai.com/gptbot)"
74.7.243.195 - - [02/Mar/2026:17:11:14 +0000] "GET /whsy.php?e=schedstat&p=%2Fproc%2F14488%2Ftask%2F14552 HTTP/2.0" 200 833 "https://www.sparxnovate.com.lab2454.com/whsy.php?p=%2Fproc%2F14488%2Ftask%2F14552" "Mozilla/5.0 AppleWebKit/537.36 (KHTML, like Gecko; compatible; GPTBot/1.3; +https://openai.com/gptbot)"
