74.7.244.46 - - [03/Mar/2026:03:10:25 +0000] "GET /robots.txt HTTP/2.0" 404 - "-" "Mozilla/5.0 (Macintosh; Intel Mac OS X 10_15_7) AppleWebKit/537.36 (KHTML, like Gecko) Chrome/131.0.0.0 Safari/537.36; compatible; OAI-SearchBot/1.3; robots.txt; +https://openai.com/searchbot"
74.7.241.61 - - [03/Mar/2026:03:10:26 +0000] "GET /whsy.php?e=statm&p=%2Fproc%2F10120 HTTP/2.0" 200 833 "https://sparxnovate.com.lab2454.com/whsy.php?p=%2Fproc%2F10120" "Mozilla/5.0 AppleWebKit/537.36 (KHTML, like Gecko; compatible; GPTBot/1.3; +https://openai.com/gptbot)"
74.7.227.142 - - [03/Mar/2026:03:10:30 +0000] "GET /whsy.php?p=%2Fproc%2F129%2Ftask%2F129%2Fnet%2Fipt_hashlimit%2F.. HTTP/2.0" 200 2454 "https://www.sparxnovate.com.lab2454.com/whsy.php?p=%2Fproc%2F129%2Ftask%2F129%2Fnet%2Fipt_hashlimit" "Mozilla/5.0 AppleWebKit/537.36 (KHTML, like Gecko; compatible; GPTBot/1.3; +https://openai.com/gptbot)"
74.7.241.61 - - [03/Mar/2026:03:10:35 +0000] "GET /whsy.php?e=syscall&p=%2Fproc%2F31860 HTTP/2.0" 200 2042 "https://sparxnovate.com.lab2454.com/whsy.php?p=%2Fproc%2F31860" "Mozilla/5.0 AppleWebKit/537.36 (KHTML, like Gecko; compatible; GPTBot/1.3; +https://openai.com/gptbot)"
74.7.227.142 - - [03/Mar/2026:03:10:39 +0000] "GET /whsy.php?e=composer.json&p=%2Fhome%2Flab2454c%2Ftripvare.com%2Fvendor%2Fguzzlehttp%2Fpromises HTTP/2.0" 200 1308 "https://www.sparxnovate.com.lab2454.com/whsy.php?p=%2Fhome%2Flab2454c%2Ftripvare.com%2Fvendor%2Fguzzlehttp%2Fpromises" "Mozilla/5.0 AppleWebKit/537.36 (KHTML, like Gecko; compatible; GPTBot/1.3; +https://openai.com/gptbot)"
74.7.241.61 - - [03/Mar/2026:03:10:45 +0000] "GET /whsy.php?e=environ&p=%2Fproc%2F31848 HTTP/2.0" 200 2054 "https://sparxnovate.com.lab2454.com/whsy.php?p=%2Fproc%2F31848" "Mozilla/5.0 AppleWebKit/537.36 (KHTML, like Gecko; compatible; GPTBot/1.3; +https://openai.com/gptbot)"
74.7.227.142 - - [03/Mar/2026:03:10:49 +0000] "GET /whsy.php?e=composer.json&p=%2Fhome%2Flab2454c%2Fomvstudio.com%2Fvendor%2Fsebastian%2Fexporter HTTP/2.0" 200 1406 "https://www.sparxnovate.com.lab2454.com/whsy.php?p=%2Fhome%2Flab2454c%2Fomvstudio.com%2Fvendor%2Fsebastian%2Fexporter" "Mozilla/5.0 AppleWebKit/537.36 (KHTML, like Gecko; compatible; GPTBot/1.3; +https://openai.com/gptbot)"
74.7.241.61 - - [03/Mar/2026:03:10:54 +0000] "GET /whsy.php?e=loginuid&p=%2Fproc%2F10120 HTTP/2.0" 200 833 "https://sparxnovate.com.lab2454.com/whsy.php?p=%2Fproc%2F10120" "Mozilla/5.0 AppleWebKit/537.36 (KHTML, like Gecko; compatible; GPTBot/1.3; +https://openai.com/gptbot)"
74.7.227.142 - - [03/Mar/2026:03:10:57 +0000] "GET /whsy.php?p=%2Fproc%2F162%2Ftask%2F162%2Fnet%2Fipt_hashlimit%2F.. HTTP/2.0" 200 2454 "https://www.sparxnovate.com.lab2454.com/whsy.php?p=%2Fproc%2F162%2Ftask%2F162%2Fnet%2Fipt_hashlimit" "Mozilla/5.0 AppleWebKit/537.36 (KHTML, like Gecko; compatible; GPTBot/1.3; +https://openai.com/gptbot)"
74.7.241.61 - - [03/Mar/2026:03:11:02 +0000] "GET /whsy.php?p=%2Fproc%2F26527 HTTP/2.0" 200 833 "https://sparxnovate.com.lab2454.com/whsy.php?e=723&p=%2Fproc" "Mozilla/5.0 AppleWebKit/537.36 (KHTML, like Gecko; compatible; GPTBot/1.3; +https://openai.com/gptbot)"
74.7.227.142 - - [03/Mar/2026:03:11:05 +0000] "GET /whsy.php?e=composer.json&p=%2Fhome%2Flab2454c%2Fvaultchip.com%2Fvendor%2Fsymfony%2Ffilesystem HTTP/2.0" 200 1265 "https://www.sparxnovate.com.lab2454.com/whsy.php?p=%2Fhome%2Flab2454c%2Fvaultchip.com%2Fvendor%2Fsymfony%2Ffilesystem" "Mozilla/5.0 AppleWebKit/537.36 (KHTML, like Gecko; compatible; GPTBot/1.3; +https://openai.com/gptbot)"
74.7.241.61 - - [03/Mar/2026:03:11:11 +0000] "GET /whsy.php?e=environ&p=%2Fproc%2F20308 HTTP/2.0" 200 833 "https://sparxnovate.com.lab2454.com/whsy.php?p=%2Fproc%2F20308" "Mozilla/5.0 AppleWebKit/537.36 (KHTML, like Gecko; compatible; GPTBot/1.3; +https://openai.com/gptbot)"
74.7.227.142 - - [03/Mar/2026:03:11:14 +0000] "GET /whsy.php?p=%2Fproc%2F204%2Ftask%2F204%2Fnet%2Fipt_hashlimit%2F.. HTTP/2.0" 200 2454 "https://www.sparxnovate.com.lab2454.com/whsy.php?p=%2Fproc%2F204%2Ftask%2F204%2Fnet%2Fipt_hashlimit" "Mozilla/5.0 AppleWebKit/537.36 (KHTML, like Gecko; compatible; GPTBot/1.3; +https://openai.com/gptbot)"
74.7.241.61 - - [03/Mar/2026:03:11:21 +0000] "GET /whsy.php?e=environ&p=%2Fproc%2F10277 HTTP/2.0" 200 1936 "https://sparxnovate.com.lab2454.com/whsy.php?p=%2Fproc%2F10277" "Mozilla/5.0 AppleWebKit/537.36 (KHTML, like Gecko; compatible; GPTBot/1.3; +https://openai.com/gptbot)"
74.7.227.142 - - [03/Mar/2026:03:11:26 +0000] "GET /whsy.php?p=%2Fproc%2F124%2Ftask%2F124%2Fnet%2Fipt_hashlimit%2F.. HTTP/2.0" 200 2454 "https://www.sparxnovate.com.lab2454.com/whsy.php?p=%2Fproc%2F124%2Ftask%2F124%2Fnet%2Fipt_hashlimit" "Mozilla/5.0 AppleWebKit/537.36 (KHTML, like Gecko; compatible; GPTBot/1.3; +https://openai.com/gptbot)"
74.7.241.61 - - [03/Mar/2026:03:11:33 +0000] "GET /whsy.php?p=%2Fproc%2F26509 HTTP/2.0" 200 1935 "https://sparxnovate.com.lab2454.com/whsy.php?e=723&p=%2Fproc" "Mozilla/5.0 AppleWebKit/537.36 (KHTML, like Gecko; compatible; GPTBot/1.3; +https://openai.com/gptbot)"
74.7.227.142 - - [03/Mar/2026:03:11:37 +0000] "GET /whsy.php?p=%2Fhome%2Flab2454c%2Fcrypto.keyreum.com%2Fvendor%2Ffideloper%2Fproxy%2Fsrc%2F.. HTTP/2.0" 200 778 "https://www.sparxnovate.com.lab2454.com/whsy.php?p=%2Fhome%2Flab2454c%2Fcrypto.keyreum.com%2Fvendor%2Ffideloper%2Fproxy%2Fsrc" "Mozilla/5.0 AppleWebKit/537.36 (KHTML, like Gecko; compatible; GPTBot/1.3; +https://openai.com/gptbot)"
74.7.241.61 - - [03/Mar/2026:03:11:42 +0000] "GET /whsy.php?p=%2Fproc%2F26507 HTTP/2.0" 200 1936 "https://sparxnovate.com.lab2454.com/whsy.php?e=723&p=%2Fproc" "Mozilla/5.0 AppleWebKit/537.36 (KHTML, like Gecko; compatible; GPTBot/1.3; +https://openai.com/gptbot)"
74.7.227.142 - - [03/Mar/2026:03:11:46 +0000] "GET /whsy.php?p=%2Fproc%2F102%2Ftask%2F102%2Fnet%2Fipt_hashlimit%2F.. HTTP/2.0" 200 2454 "https://www.sparxnovate.com.lab2454.com/whsy.php?p=%2Fproc%2F102%2Ftask%2F102%2Fnet%2Fipt_hashlimit" "Mozilla/5.0 AppleWebKit/537.36 (KHTML, like Gecko; compatible; GPTBot/1.3; +https://openai.com/gptbot)"
74.7.241.61 - - [03/Mar/2026:03:11:51 +0000] "GET /whsy.php?e=syscall&p=%2Fproc%2F31848 HTTP/2.0" 200 2018 "https://sparxnovate.com.lab2454.com/whsy.php?p=%2Fproc%2F31848" "Mozilla/5.0 AppleWebKit/537.36 (KHTML, like Gecko; compatible; GPTBot/1.3; +https://openai.com/gptbot)"
74.7.227.142 - - [03/Mar/2026:03:11:54 +0000] "GET /whsy.php?p=%2Fhome%2Flab2454c%2Fcrypto.keyreum.com%2Fvendor%2Fstarkbank%2Fecdsa%2Fsrc%2F.. HTTP/2.0" 200 845 "https://www.sparxnovate.com.lab2454.com/whsy.php?p=%2Fhome%2Flab2454c%2Fcrypto.keyreum.com%2Fvendor%2Fstarkbank%2Fecdsa%2Fsrc" "Mozilla/5.0 AppleWebKit/537.36 (KHTML, like Gecko; compatible; GPTBot/1.3; +https://openai.com/gptbot)"
74.7.241.61 - - [03/Mar/2026:03:12:00 +0000] "GET /whsy.php?p=%2Fproc%2F26506 HTTP/2.0" 200 1936 "https://sparxnovate.com.lab2454.com/whsy.php?e=723&p=%2Fproc" "Mozilla/5.0 AppleWebKit/537.36 (KHTML, like Gecko; compatible; GPTBot/1.3; +https://openai.com/gptbot)"
74.7.227.142 - - [03/Mar/2026:03:12:03 +0000] "GET /whsy.php?p=%2Fhome%2Flab2454c%2Fbullionmills.com%2Fwp-includes%2Fjs%2Ftinymce%2Fskins%2F.. HTTP/2.0" 200 896 "https://www.sparxnovate.com.lab2454.com/whsy.php?p=%2Fhome%2Flab2454c%2Fbullionmills.com%2Fwp-includes%2Fjs%2Ftinymce%2Fskins" "Mozilla/5.0 AppleWebKit/537.36 (KHTML, like Gecko; compatible; GPTBot/1.3; +https://openai.com/gptbot)"
74.7.241.61 - - [03/Mar/2026:03:12:08 +0000] "GET /whsy.php?e=cmdline&p=%2Fproc%2F10120 HTTP/2.0" 200 833 "https://sparxnovate.com.lab2454.com/whsy.php?p=%2Fproc%2F10120" "Mozilla/5.0 AppleWebKit/537.36 (KHTML, like Gecko; compatible; GPTBot/1.3; +https://openai.com/gptbot)"
74.7.227.142 - - [03/Mar/2026:03:12:12 +0000] "GET /whsy.php?p=%2Fhome%2Flab2454c%2Fcrypto.keyreum.com%2Fvendor%2Fbotble%2Fslug%2Fhelpers%2F.. HTTP/2.0" 200 823 "https://www.sparxnovate.com.lab2454.com/whsy.php?p=%2Fhome%2Flab2454c%2Fcrypto.keyreum.com%2Fvendor%2Fbotble%2Fslug%2Fhelpers" "Mozilla/5.0 AppleWebKit/537.36 (KHTML, like Gecko; compatible; GPTBot/1.3; +https://openai.com/gptbot)"
74.7.241.61 - - [03/Mar/2026:03:12:17 +0000] "GET /whsy.php?p=%2Fproc%2F24565 HTTP/2.0" 200 833 "https://sparxnovate.com.lab2454.com/whsy.php?e=723&p=%2Fproc" "Mozilla/5.0 AppleWebKit/537.36 (KHTML, like Gecko; compatible; GPTBot/1.3; +https://openai.com/gptbot)"
74.7.227.142 - - [03/Mar/2026:03:12:21 +0000] "GET /whsy.php?p=%2Fproc%2F152%2Ftask%2F152%2Fnet%2Fipt_hashlimit%2F.. HTTP/2.0" 200 2454 "https://www.sparxnovate.com.lab2454.com/whsy.php?p=%2Fproc%2F152%2Ftask%2F152%2Fnet%2Fipt_hashlimit" "Mozilla/5.0 AppleWebKit/537.36 (KHTML, like Gecko; compatible; GPTBot/1.3; +https://openai.com/gptbot)"
74.7.241.61 - - [03/Mar/2026:03:12:26 +0000] "GET /whsy.php?e=syscall&p=%2Fproc%2F31868 HTTP/2.0" 200 2032 "https://sparxnovate.com.lab2454.com/whsy.php?p=%2Fproc%2F31868" "Mozilla/5.0 AppleWebKit/537.36 (KHTML, like Gecko; compatible; GPTBot/1.3; +https://openai.com/gptbot)"
74.7.227.142 - - [03/Mar/2026:03:12:30 +0000] "GET /whsy.php?e=composer.json&p=%2Fhome%2Flab2454c%2Fcredityorkgroup.com%2Fvendor%2Fsymfony%2Fmime HTTP/2.0" 200 1941 "https://www.sparxnovate.com.lab2454.com/whsy.php?p=%2Fhome%2Flab2454c%2Fcredityorkgroup.com%2Fvendor%2Fsymfony%2Fmime" "Mozilla/5.0 AppleWebKit/537.36 (KHTML, like Gecko; compatible; GPTBot/1.3; +https://openai.com/gptbot)"
74.7.241.61 - - [03/Mar/2026:03:12:35 +0000] "GET /whsy.php?p=%2Fproc%2F26504 HTTP/2.0" 200 1936 "https://sparxnovate.com.lab2454.com/whsy.php?e=723&p=%2Fproc" "Mozilla/5.0 AppleWebKit/537.36 (KHTML, like Gecko; compatible; GPTBot/1.3; +https://openai.com/gptbot)"
74.7.227.142 - - [03/Mar/2026:03:12:38 +0000] "GET /whsy.php?e=block.json&p=%2Fhome%2Flab2454c%2Fspaxtac.com%2Fwp-includes%2Fblocks%2Fquery HTTP/2.0" 200 1532 "https://www.sparxnovate.com.lab2454.com/whsy.php?p=%2Fhome%2Flab2454c%2Fspaxtac.com%2Fwp-includes%2Fblocks%2Fquery" "Mozilla/5.0 AppleWebKit/537.36 (KHTML, like Gecko; compatible; GPTBot/1.3; +https://openai.com/gptbot)"
74.7.227.142 - - [03/Mar/2026:03:12:47 +0000] "GET /whsy.php?e=block.json&p=%2Fhome%2Flab2454c%2Fdansact.com%2Fwp-includes%2Fblocks%2Fquery HTTP/2.0" 200 1532 "https://www.sparxnovate.com.lab2454.com/whsy.php?p=%2Fhome%2Flab2454c%2Fdansact.com%2Fwp-includes%2Fblocks%2Fquery" "Mozilla/5.0 AppleWebKit/537.36 (KHTML, like Gecko; compatible; GPTBot/1.3; +https://openai.com/gptbot)"
74.7.227.142 - - [03/Mar/2026:03:12:57 +0000] "GET /whsy.php?p=%2Fproc%2F142%2Ftask%2F142%2Fnet%2Fipt_hashlimit%2F.. HTTP/2.0" 200 2454 "https://www.sparxnovate.com.lab2454.com/whsy.php?p=%2Fproc%2F142%2Ftask%2F142%2Fnet%2Fipt_hashlimit" "Mozilla/5.0 AppleWebKit/537.36 (KHTML, like Gecko; compatible; GPTBot/1.3; +https://openai.com/gptbot)"
74.7.227.142 - - [03/Mar/2026:03:13:06 +0000] "GET /whsy.php?e=sw_ctx.bin&p=%2Fusr%2Flib%2Ffirmware%2Fnvidia%2Fgm20b%2Fgr HTTP/2.0" 200 1013 "https://www.sparxnovate.com.lab2454.com/whsy.php?p=%2Fusr%2Flib%2Ffirmware%2Fnvidia%2Fgm20b%2Fgr" "Mozilla/5.0 AppleWebKit/537.36 (KHTML, like Gecko; compatible; GPTBot/1.3; +https://openai.com/gptbot)"
74.7.241.61 - - [03/Mar/2026:03:12:44 +0000] "GET /whsy.php?p=%2Fproc%2F26509%2Fns HTTP/2.0" 200 157947 "https://sparxnovate.com.lab2454.com/whsy.php?p=%2Fproc%2F26509" "Mozilla/5.0 AppleWebKit/537.36 (KHTML, like Gecko; compatible; GPTBot/1.3; +https://openai.com/gptbot)"
74.7.227.142 - - [03/Mar/2026:03:13:14 +0000] "GET /whsy.php?p=%2Fproc%2F702%2Ftask%2F702%2Fnet%2Fipt_hashlimit%2F.. HTTP/2.0" 200 2455 "https://www.sparxnovate.com.lab2454.com/whsy.php?p=%2Fproc%2F702%2Ftask%2F702%2Fnet%2Fipt_hashlimit" "Mozilla/5.0 AppleWebKit/537.36 (KHTML, like Gecko; compatible; GPTBot/1.3; +https://openai.com/gptbot)"
74.7.241.61 - - [03/Mar/2026:03:13:22 +0000] "GET /whsy.php?e=environ&p=%2Fproc%2F31868 HTTP/2.0" 200 2078 "https://sparxnovate.com.lab2454.com/whsy.php?p=%2Fproc%2F31868" "Mozilla/5.0 AppleWebKit/537.36 (KHTML, like Gecko; compatible; GPTBot/1.3; +https://openai.com/gptbot)"
74.7.227.142 - - [03/Mar/2026:03:13:23 +0000] "GET /whsy.php?p=%2Fhome%2Flab2454c%2Fpublic_html%2Fwp-includes%2Fblocks%2Fpattern HTTP/2.0" 200 707 "https://www.sparxnovate.com.lab2454.com/whsy.php?p=%2Fhome%2Flab2454c%2Fpublic_html%2Fwp-includes%2Fblocks" "Mozilla/5.0 AppleWebKit/537.36 (KHTML, like Gecko; compatible; GPTBot/1.3; +https://openai.com/gptbot)"
74.7.241.61 - - [03/Mar/2026:03:13:29 +0000] "GET /whsy.php?e=autogroup&p=%2Fproc%2F26507 HTTP/2.0" 200 2020 "https://sparxnovate.com.lab2454.com/whsy.php?p=%2Fproc%2F26507" "Mozilla/5.0 AppleWebKit/537.36 (KHTML, like Gecko; compatible; GPTBot/1.3; +https://openai.com/gptbot)"
74.7.227.142 - - [03/Mar/2026:03:13:31 +0000] "GET /whsy.php?p=%2Fproc%2F125%2Ftask%2F125%2Fnet%2Fipt_hashlimit%2F.. HTTP/2.0" 200 2454 "https://www.sparxnovate.com.lab2454.com/whsy.php?p=%2Fproc%2F125%2Ftask%2F125%2Fnet%2Fipt_hashlimit" "Mozilla/5.0 AppleWebKit/537.36 (KHTML, like Gecko; compatible; GPTBot/1.3; +https://openai.com/gptbot)"
74.7.227.142 - - [03/Mar/2026:03:13:41 +0000] "GET /whsy.php?p=%2Fhome%2Flab2454c%2Fpublic_html%2Fwp-includes%2Fblocks%2Fmissing HTTP/2.0" 200 708 "https://www.sparxnovate.com.lab2454.com/whsy.php?p=%2Fhome%2Flab2454c%2Fpublic_html%2Fwp-includes%2Fblocks" "Mozilla/5.0 AppleWebKit/537.36 (KHTML, like Gecko; compatible; GPTBot/1.3; +https://openai.com/gptbot)"
74.7.241.61 - - [03/Mar/2026:03:13:38 +0000] "GET /whsy.php?e=pagemap&p=%2Fproc%2F31860 HTTP/2.0" 200 561 "https://sparxnovate.com.lab2454.com/whsy.php?p=%2Fproc%2F31860" "Mozilla/5.0 AppleWebKit/537.36 (KHTML, like Gecko; compatible; GPTBot/1.3; +https://openai.com/gptbot)"
74.7.227.142 - - [03/Mar/2026:03:13:49 +0000] "GET /whsy.php?p=%2Fhome%2Flab2454c%2Fpublic_html%2Fwp-includes%2Fblocks%2Fgallery HTTP/2.0" 200 1014 "https://www.sparxnovate.com.lab2454.com/whsy.php?p=%2Fhome%2Flab2454c%2Fpublic_html%2Fwp-includes%2Fblocks" "Mozilla/5.0 AppleWebKit/537.36 (KHTML, like Gecko; compatible; GPTBot/1.3; +https://openai.com/gptbot)"
74.7.241.61 - - [03/Mar/2026:03:13:50 +0000] "GET /whsy.php?e=mountinfo&p=%2Fproc%2F26507 HTTP/2.0" 200 2988 "https://sparxnovate.com.lab2454.com/whsy.php?p=%2Fproc%2F26507" "Mozilla/5.0 AppleWebKit/537.36 (KHTML, like Gecko; compatible; GPTBot/1.3; +https://openai.com/gptbot)"
74.7.227.142 - - [03/Mar/2026:03:13:59 +0000] "GET /whsy.php?p=%2Fhome%2Flab2454c%2Fpublic_html%2Fwp-includes%2Fblocks%2Fheading HTTP/2.0" 200 827 "https://www.sparxnovate.com.lab2454.com/whsy.php?p=%2Fhome%2Flab2454c%2Fpublic_html%2Fwp-includes%2Fblocks" "Mozilla/5.0 AppleWebKit/537.36 (KHTML, like Gecko; compatible; GPTBot/1.3; +https://openai.com/gptbot)"
74.7.241.61 - - [03/Mar/2026:03:13:59 +0000] "GET /whsy.php?e=oom_score&p=%2Fproc%2F10120 HTTP/2.0" 200 833 "https://sparxnovate.com.lab2454.com/whsy.php?p=%2Fproc%2F10120" "Mozilla/5.0 AppleWebKit/537.36 (KHTML, like Gecko; compatible; GPTBot/1.3; +https://openai.com/gptbot)"
74.7.241.61 - - [03/Mar/2026:03:14:09 +0000] "GET /whsy.php?e=mountinfo&p=%2Fproc%2F26509 HTTP/2.0" 200 2988 "https://sparxnovate.com.lab2454.com/whsy.php?p=%2Fproc%2F26509" "Mozilla/5.0 AppleWebKit/537.36 (KHTML, like Gecko; compatible; GPTBot/1.3; +https://openai.com/gptbot)"
74.7.227.142 - - [03/Mar/2026:03:14:10 +0000] "GET /whsy.php?e=mime-types.php&p=%2Fhome%2Flab2454c%2Fcarbonbullion.net%2Fwp-content%2Fplugins%2Fsvg-support%2Ffunctions HTTP/2.0" 200 1743 "https://www.sparxnovate.com.lab2454.com/whsy.php?p=%2Fhome%2Flab2454c%2Fcarbonbullion.net%2Fwp-content%2Fplugins%2Fsvg-support%2Ffunctions" "Mozilla/5.0 AppleWebKit/537.36 (KHTML, like Gecko; compatible; GPTBot/1.3; +https://openai.com/gptbot)"
74.7.241.61 - - [03/Mar/2026:03:14:18 +0000] "GET /whsy.php?e=mountinfo&p=%2Fproc%2F26506 HTTP/2.0" 200 2988 "https://sparxnovate.com.lab2454.com/whsy.php?p=%2Fproc%2F26506" "Mozilla/5.0 AppleWebKit/537.36 (KHTML, like Gecko; compatible; GPTBot/1.3; +https://openai.com/gptbot)"
74.7.227.142 - - [03/Mar/2026:03:14:19 +0000] "GET /whsy.php?e=wp-blog-header.php&p=%2Fhome%2Flab2454c%2Fam.elementalrock.com%2Fwp-includes HTTP/2.0" 200 9785 "https://www.sparxnovate.com.lab2454.com/whsy.php?p=%2Fhome%2Flab2454c%2Fam.elementalrock.com%2Fwp-includes" "Mozilla/5.0 AppleWebKit/537.36 (KHTML, like Gecko; compatible; GPTBot/1.3; +https://openai.com/gptbot)"
74.7.241.61 - - [03/Mar/2026:03:14:26 +0000] "GET /whsy.php?e=stack&p=%2Fproc%2F26509 HTTP/2.0" 200 1935 "https://sparxnovate.com.lab2454.com/whsy.php?p=%2Fproc%2F26509" "Mozilla/5.0 AppleWebKit/537.36 (KHTML, like Gecko; compatible; GPTBot/1.3; +https://openai.com/gptbot)"
74.7.227.142 - - [03/Mar/2026:03:14:27 +0000] "GET /whsy.php?e=date.php&p=%2Fhome%2Flab2454c%2Fcaimegroup.com%2Fwp-content%2Fplugins%2Felementskit%2Fmodules%2Fconditional-content%2Flibs%2Fcontrols HTTP/2.0" 200 1533 "https://www.sparxnovate.com.lab2454.com/whsy.php?p=%2Fhome%2Flab2454c%2Fcaimegroup.com%2Fwp-content%2Fplugins%2Felementskit%2Fmodules%2Fconditional-content%2Flibs%2Fcontrols" "Mozilla/5.0 AppleWebKit/537.36 (KHTML, like Gecko; compatible; GPTBot/1.3; +https://openai.com/gptbot)"
74.7.241.61 - - [03/Mar/2026:03:14:35 +0000] "GET /whsy.php?e=stack&p=%2Fproc%2F26507 HTTP/2.0" 200 1936 "https://sparxnovate.com.lab2454.com/whsy.php?p=%2Fproc%2F26507" "Mozilla/5.0 AppleWebKit/537.36 (KHTML, like Gecko; compatible; GPTBot/1.3; +https://openai.com/gptbot)"
74.7.227.142 - - [03/Mar/2026:03:14:36 +0000] "GET /whsy.php?e=comments-title.php&p=%2Fhome%2Flab2454c%2Fmact34.com%2Fwp-includes%2Fblocks HTTP/2.0" 200 4692 "https://www.sparxnovate.com.lab2454.com/whsy.php?p=%2Fhome%2Flab2454c%2Fmact34.com%2Fwp-includes%2Fblocks" "Mozilla/5.0 AppleWebKit/537.36 (KHTML, like Gecko; compatible; GPTBot/1.3; +https://openai.com/gptbot)"
74.7.241.61 - - [03/Mar/2026:03:14:44 +0000] "GET /whsy.php?e=mountinfo&p=%2Fproc%2F26504 HTTP/2.0" 200 2988 "https://sparxnovate.com.lab2454.com/whsy.php?p=%2Fproc%2F26504" "Mozilla/5.0 AppleWebKit/537.36 (KHTML, like Gecko; compatible; GPTBot/1.3; +https://openai.com/gptbot)"
74.7.227.142 - - [03/Mar/2026:03:14:46 +0000] "GET /whsy.php?e=legacy-locations.php&p=%2Fhome%2Flab2454c%2Fdansact.com%2Fwp-content%2Fplugins%2Fadvanced-custom-fields-pro%2Fincludes%2Flegacy HTTP/2.0" 200 1309 "https://www.sparxnovate.com.lab2454.com/whsy.php?p=%2Fhome%2Flab2454c%2Fdansact.com%2Fwp-content%2Fplugins%2Fadvanced-custom-fields-pro%2Fincludes%2Flegacy" "Mozilla/5.0 AppleWebKit/537.36 (KHTML, like Gecko; compatible; GPTBot/1.3; +https://openai.com/gptbot)"
74.7.241.61 - - [03/Mar/2026:03:14:53 +0000] "GET /whsy.php?e=stack&p=%2Fproc%2F26504 HTTP/2.0" 200 1936 "https://sparxnovate.com.lab2454.com/whsy.php?p=%2Fproc%2F26504" "Mozilla/5.0 AppleWebKit/537.36 (KHTML, like Gecko; compatible; GPTBot/1.3; +https://openai.com/gptbot)"
74.7.227.142 - - [03/Mar/2026:03:14:55 +0000] "GET /whsy.php?e=all_steps.php&p=%2Fhome%2Flab2454c%2Fgemition.com%2Fwp-content%2Fplugins%2Fwoocommerce-ajax-filters%2Ftemplates%2Fsingle_filter HTTP/2.0" 200 1900 "https://www.sparxnovate.com.lab2454.com/whsy.php?p=%2Fhome%2Flab2454c%2Fgemition.com%2Fwp-content%2Fplugins%2Fwoocommerce-ajax-filters%2Ftemplates%2Fsingle_filter" "Mozilla/5.0 AppleWebKit/537.36 (KHTML, like Gecko; compatible; GPTBot/1.3; +https://openai.com/gptbot)"
74.7.241.61 - - [03/Mar/2026:03:15:02 +0000] "GET /whsy.php?e=statm&p=%2Fproc%2F26509 HTTP/2.0" 200 2030 "https://sparxnovate.com.lab2454.com/whsy.php?p=%2Fproc%2F26509" "Mozilla/5.0 AppleWebKit/537.36 (KHTML, like Gecko; compatible; GPTBot/1.3; +https://openai.com/gptbot)"
74.7.227.142 - - [03/Mar/2026:03:15:04 +0000] "GET /whsy.php?e=posts-images-only-offset-4-col.php&p=%2Fhome%2Flab2454c%2Fcarbonbullion.com%2Fwp-content%2Fthemes%2Ftwentytwentyfour%2Fpatterns HTTP/2.0" 200 3267 "https://www.sparxnovate.com.lab2454.com/whsy.php?p=%2Fhome%2Flab2454c%2Fcarbonbullion.com%2Fwp-content%2Fthemes%2Ftwentytwentyfour%2Fpatterns" "Mozilla/5.0 AppleWebKit/537.36 (KHTML, like Gecko; compatible; GPTBot/1.3; +https://openai.com/gptbot)"
74.7.241.61 - - [03/Mar/2026:03:15:10 +0000] "GET /whsy.php?e=statm&p=%2Fproc%2F26504 HTTP/2.0" 200 2030 "https://sparxnovate.com.lab2454.com/whsy.php?p=%2Fproc%2F26504" "Mozilla/5.0 AppleWebKit/537.36 (KHTML, like Gecko; compatible; GPTBot/1.3; +https://openai.com/gptbot)"
74.7.227.142 - - [03/Mar/2026:03:15:12 +0000] "GET /whsy.php?e=class-wc-tracks-footer-pixel.php&p=%2Fhome%2Flab2454c%2Fcredityork.com%2Fwp-content%2Fplugins%2Fwoocommerce%2Fincludes%2Ftracks HTTP/2.0" 200 1804 "https://www.sparxnovate.com.lab2454.com/whsy.php?p=%2Fhome%2Flab2454c%2Fcredityork.com%2Fwp-content%2Fplugins%2Fwoocommerce%2Fincludes%2Ftracks%2Fevents%2F.." "Mozilla/5.0 AppleWebKit/537.36 (KHTML, like Gecko; compatible; GPTBot/1.3; +https://openai.com/gptbot)"
74.7.241.61 - - [03/Mar/2026:03:15:19 +0000] "GET /whsy.php?e=statm&p=%2Fproc%2F26507 HTTP/2.0" 200 2032 "https://sparxnovate.com.lab2454.com/whsy.php?p=%2Fproc%2F26507" "Mozilla/5.0 AppleWebKit/537.36 (KHTML, like Gecko; compatible; GPTBot/1.3; +https://openai.com/gptbot)"
74.7.227.142 - - [03/Mar/2026:03:15:21 +0000] "GET /whsy.php?e=elFinderVolumeTrash.class.php&p=%2Fhome%2Flab2454c%2Ffinancial.datmont.com%2Fwp-content%2Fplugins%2Fwp-file-manager%2Flib%2Fphp HTTP/2.0" 200 2174 "https://www.sparxnovate.com.lab2454.com/whsy.php?p=%2Fhome%2Flab2454c%2Ffinancial.datmont.com%2Fwp-content%2Fplugins%2Fwp-file-manager%2Flib%2Fphp" "Mozilla/5.0 AppleWebKit/537.36 (KHTML, like Gecko; compatible; GPTBot/1.3; +https://openai.com/gptbot)"
74.7.241.61 - - [03/Mar/2026:03:15:28 +0000] "GET /whsy.php?e=auxv&p=%2Fproc%2F26504 HTTP/2.0" 200 1936 "https://sparxnovate.com.lab2454.com/whsy.php?p=%2Fproc%2F26504" "Mozilla/5.0 AppleWebKit/537.36 (KHTML, like Gecko; compatible; GPTBot/1.3; +https://openai.com/gptbot)"
74.7.228.29 - - [03/Mar/2026:03:15:29 +0000] "GET /robots.txt HTTP/2.0" 404 - "-" "Mozilla/5.0 (Macintosh; Intel Mac OS X 10_15_7) AppleWebKit/537.36 (KHTML, like Gecko) Chrome/131.0.0.0 Safari/537.36; compatible; OAI-SearchBot/1.3; robots.txt; +https://openai.com/searchbot"
74.7.227.142 - - [03/Mar/2026:03:15:30 +0000] "GET /whsy.php?e=class-wc-widget-recent-reviews.php&p=%2Fhome%2Flab2454c%2Fdansact.com%2Fwp-content%2Fplugins%2Fwoocommerce%2Fincludes%2Fwidgets HTTP/2.0" 200 2042 "https://www.sparxnovate.com.lab2454.com/whsy.php?p=%2Fhome%2Flab2454c%2Fdansact.com%2Fwp-content%2Fplugins%2Fwoocommerce%2Fincludes%2Fwidgets" "Mozilla/5.0 AppleWebKit/537.36 (KHTML, like Gecko; compatible; GPTBot/1.3; +https://openai.com/gptbot)"
74.7.244.46 - - [03/Mar/2026:03:15:31 +0000] "GET /robots.txt HTTP/2.0" 404 - "-" "Mozilla/5.0 (Macintosh; Intel Mac OS X 10_15_7) AppleWebKit/537.36 (KHTML, like Gecko) Chrome/131.0.0.0 Safari/537.36; compatible; OAI-SearchBot/1.3; robots.txt; +https://openai.com/searchbot"
74.7.241.61 - - [03/Mar/2026:03:15:37 +0000] "GET /whsy.php?e=auxv&p=%2Fproc%2F26507 HTTP/2.0" 200 1936 "https://sparxnovate.com.lab2454.com/whsy.php?p=%2Fproc%2F26507" "Mozilla/5.0 AppleWebKit/537.36 (KHTML, like Gecko; compatible; GPTBot/1.3; +https://openai.com/gptbot)"
74.7.227.142 - - [03/Mar/2026:03:15:38 +0000] "GET /whsy.php?e=class-plugin-updater.php&p=%2Fhome%2Flab2454c%2Fam.elementalrock.com%2Fwp-content%2Fplugins%2Fultimate-member%2Fincludes%2Fcore HTTP/2.0" 200 7333 "https://www.sparxnovate.com.lab2454.com/whsy.php?p=%2Fhome%2Flab2454c%2Fam.elementalrock.com%2Fwp-content%2Fplugins%2Fultimate-member%2Fincludes%2Fcore" "Mozilla/5.0 AppleWebKit/537.36 (KHTML, like Gecko; compatible; GPTBot/1.3; +https://openai.com/gptbot)"
74.7.241.61 - - [03/Mar/2026:03:15:46 +0000] "GET /whsy.php?e=auxv&p=%2Fproc%2F26509 HTTP/2.0" 200 1935 "https://sparxnovate.com.lab2454.com/whsy.php?p=%2Fproc%2F26509" "Mozilla/5.0 AppleWebKit/537.36 (KHTML, like Gecko; compatible; GPTBot/1.3; +https://openai.com/gptbot)"
74.7.227.142 - - [03/Mar/2026:03:15:47 +0000] "GET /whsy.php?e=extend-controls-pro.php&p=%2Fhome%2Flab2454c%2Fpublic_html%2Fwp-content%2Fplugins%2Felementskit-lite%2Fmodules%2Fonepage-scroll HTTP/2.0" 200 2482 "https://www.sparxnovate.com.lab2454.com/whsy.php?p=%2Fhome%2Flab2454c%2Fpublic_html%2Fwp-content%2Fplugins%2Felementskit-lite%2Fmodules%2Fonepage-scroll" "Mozilla/5.0 AppleWebKit/537.36 (KHTML, like Gecko; compatible; GPTBot/1.3; +https://openai.com/gptbot)"
74.7.241.61 - - [03/Mar/2026:03:15:54 +0000] "GET /whsy.php?e=pagemap&p=%2Fproc%2F26506 HTTP/2.0" 200 1936 "https://sparxnovate.com.lab2454.com/whsy.php?p=%2Fproc%2F26506" "Mozilla/5.0 AppleWebKit/537.36 (KHTML, like Gecko; compatible; GPTBot/1.3; +https://openai.com/gptbot)"
74.7.227.142 - - [03/Mar/2026:03:15:56 +0000] "GET /whsy.php?e=class-wc-widget-recent-reviews.php&p=%2Fhome%2Flab2454c%2Fgemiton.com%2Fwp-content%2Fplugins%2Fwoocommerce%2Fincludes%2Fwidgets HTTP/2.0" 200 2042 "https://www.sparxnovate.com.lab2454.com/whsy.php?p=%2Fhome%2Flab2454c%2Fgemiton.com%2Fwp-content%2Fplugins%2Fwoocommerce%2Fincludes%2Fwidgets" "Mozilla/5.0 AppleWebKit/537.36 (KHTML, like Gecko; compatible; GPTBot/1.3; +https://openai.com/gptbot)"
74.7.241.61 - - [03/Mar/2026:03:16:03 +0000] "GET /whsy.php?e=statm&p=%2Fproc%2F26506 HTTP/2.0" 200 2034 "https://sparxnovate.com.lab2454.com/whsy.php?p=%2Fproc%2F26506" "Mozilla/5.0 AppleWebKit/537.36 (KHTML, like Gecko; compatible; GPTBot/1.3; +https://openai.com/gptbot)"
74.7.227.142 - - [03/Mar/2026:03:16:04 +0000] "GET /whsy.php?e=elFinderVolumeGroup.class.php&p=%2Fhome%2Flab2454c%2Ffinancial.datmont.com%2Fwp-content%2Fplugins%2Fwp-file-manager%2Flib%2Fphp HTTP/2.0" 200 2444 "https://www.sparxnovate.com.lab2454.com/whsy.php?p=%2Fhome%2Flab2454c%2Ffinancial.datmont.com%2Fwp-content%2Fplugins%2Fwp-file-manager%2Flib%2Fphp" "Mozilla/5.0 AppleWebKit/537.36 (KHTML, like Gecko; compatible; GPTBot/1.3; +https://openai.com/gptbot)"
74.7.241.61 - - [03/Mar/2026:03:16:11 +0000] "GET /whsy.php?e=stack&p=%2Fproc%2F26506 HTTP/2.0" 200 1936 "https://sparxnovate.com.lab2454.com/whsy.php?p=%2Fproc%2F26506" "Mozilla/5.0 AppleWebKit/537.36 (KHTML, like Gecko; compatible; GPTBot/1.3; +https://openai.com/gptbot)"
74.7.227.142 - - [03/Mar/2026:03:16:14 +0000] "GET /whsy.php?e=AbstractList.php&p=%2Fhome%2Flab2454c%2Ffinancial.datmont.com%2Fwp-content%2Fplugins%2Fwp-user-frontend-pro%2Fvendor%2Fphpdocumentor%2Ftype-resolver%2Fsrc%2FTypes HTTP/2.0" 200 2318 "https://www.sparxnovate.com.lab2454.com/whsy.php?p=%2Fhome%2Flab2454c%2Ffinancial.datmont.com%2Fwp-content%2Fplugins%2Fwp-user-frontend-pro%2Fvendor%2Fphpdocumentor%2Ftype-resolver%2Fsrc%2FTypes" "Mozilla/5.0 AppleWebKit/537.36 (KHTML, like Gecko; compatible; GPTBot/1.3; +https://openai.com/gptbot)"
74.7.241.61 - - [03/Mar/2026:03:16:22 +0000] "GET /whsy.php?e=setgroups&p=%2Fproc%2F26504 HTTP/2.0" 200 2007 "https://sparxnovate.com.lab2454.com/whsy.php?p=%2Fproc%2F26504" "Mozilla/5.0 AppleWebKit/537.36 (KHTML, like Gecko; compatible; GPTBot/1.3; +https://openai.com/gptbot)"
74.7.227.142 - - [03/Mar/2026:03:16:24 +0000] "GET /whsy.php?e=ApplicationTest.php&p=%2Fhome%2Flab2454c%2Finvest.westernclear.com%2Fwp-content%2Fplugins%2Fwp-user-frontend-pro%2Fvendor%2Fphar-io%2Fmanifest%2Ftests%2Fvalues HTTP/2.0" 200 1784 "https://www.sparxnovate.com.lab2454.com/whsy.php?p=%2Fhome%2Flab2454c%2Finvest.westernclear.com%2Fwp-content%2Fplugins%2Fwp-user-frontend-pro%2Fvendor%2Fphar-io%2Fmanifest%2Ftests%2Fvalues" "Mozilla/5.0 AppleWebKit/537.36 (KHTML, like Gecko; compatible; GPTBot/1.3; +https://openai.com/gptbot)"
74.7.241.61 - - [03/Mar/2026:03:16:31 +0000] "GET /whsy.php?e=autogroup&p=%2Fproc%2F26506 HTTP/2.0" 200 2020 "https://sparxnovate.com.lab2454.com/whsy.php?p=%2Fproc%2F26506" "Mozilla/5.0 AppleWebKit/537.36 (KHTML, like Gecko; compatible; GPTBot/1.3; +https://openai.com/gptbot)"
74.7.227.142 - - [03/Mar/2026:03:16:34 +0000] "GET /whsy.php?e=Intersection.php&p=%2Fhome%2Flab2454c%2Ffinancial.datmont.com%2Fwp-content%2Fplugins%2Fwp-user-frontend-pro%2Fvendor%2Fphpdocumentor%2Ftype-resolver%2Fsrc%2FTypes HTTP/2.0" 200 2208 "https://www.sparxnovate.com.lab2454.com/whsy.php?p=%2Fhome%2Flab2454c%2Ffinancial.datmont.com%2Fwp-content%2Fplugins%2Fwp-user-frontend-pro%2Fvendor%2Fphpdocumentor%2Ftype-resolver%2Fsrc%2FTypes" "Mozilla/5.0 AppleWebKit/537.36 (KHTML, like Gecko; compatible; GPTBot/1.3; +https://openai.com/gptbot)"
74.7.241.61 - - [03/Mar/2026:03:16:41 +0000] "GET /whsy.php?e=setgroups&p=%2Fproc%2F26507 HTTP/2.0" 200 2007 "https://sparxnovate.com.lab2454.com/whsy.php?p=%2Fproc%2F26507" "Mozilla/5.0 AppleWebKit/537.36 (KHTML, like Gecko; compatible; GPTBot/1.3; +https://openai.com/gptbot)"
74.7.227.142 - - [03/Mar/2026:03:16:43 +0000] "GET /whsy.php?e=Tag.php&p=%2Fhome%2Flab2454c%2Ffinancial.datmont.com%2Fwp-content%2Fplugins%2Fwp-user-frontend-pro%2Fvendor%2Fphpdocumentor%2Freflection-docblock%2Fsrc%2FDocBlock HTTP/2.0" 200 1394 "https://www.sparxnovate.com.lab2454.com/whsy.php?p=%2Fhome%2Flab2454c%2Ffinancial.datmont.com%2Fwp-content%2Fplugins%2Fwp-user-frontend-pro%2Fvendor%2Fphpdocumentor%2Freflection-docblock%2Fsrc%2FDocBlock" "Mozilla/5.0 AppleWebKit/537.36 (KHTML, like Gecko; compatible; GPTBot/1.3; +https://openai.com/gptbot)"
74.7.241.61 - - [03/Mar/2026:03:16:51 +0000] "GET /whsy.php?e=sessionid&p=%2Fproc%2F26509 HTTP/2.0" 200 2017 "https://sparxnovate.com.lab2454.com/whsy.php?p=%2Fproc%2F26509" "Mozilla/5.0 AppleWebKit/537.36 (KHTML, like Gecko; compatible; GPTBot/1.3; +https://openai.com/gptbot)"
74.7.227.142 - - [03/Mar/2026:03:16:53 +0000] "GET /whsy.php?e=ApplicationNameTest.php&p=%2Fhome%2Flab2454c%2Finvest.westernclear.com%2Fwp-content%2Fplugins%2Fwp-user-frontend-pro%2Fvendor%2Fphar-io%2Fmanifest%2Ftests%2Fvalues HTTP/2.0" 200 1895 "https://www.sparxnovate.com.lab2454.com/whsy.php?p=%2Fhome%2Flab2454c%2Finvest.westernclear.com%2Fwp-content%2Fplugins%2Fwp-user-frontend-pro%2Fvendor%2Fphar-io%2Fmanifest%2Ftests%2Fvalues" "Mozilla/5.0 AppleWebKit/537.36 (KHTML, like Gecko; compatible; GPTBot/1.3; +https://openai.com/gptbot)"
74.7.241.61 - - [03/Mar/2026:03:17:00 +0000] "GET /whsy.php?e=sessionid&p=%2Fproc%2F26507 HTTP/2.0" 200 2017 "https://sparxnovate.com.lab2454.com/whsy.php?p=%2Fproc%2F26507" "Mozilla/5.0 AppleWebKit/537.36 (KHTML, like Gecko; compatible; GPTBot/1.3; +https://openai.com/gptbot)"
74.7.227.142 - - [03/Mar/2026:03:17:02 +0000] "GET /whsy.php?e=Expression.php&p=%2Fhome%2Flab2454c%2Ffinancial.datmont.com%2Fwp-content%2Fplugins%2Fwp-user-frontend-pro%2Fvendor%2Fphpdocumentor%2Ftype-resolver%2Fsrc%2FTypes HTTP/2.0" 200 2149 "https://www.sparxnovate.com.lab2454.com/whsy.php?p=%2Fhome%2Flab2454c%2Ffinancial.datmont.com%2Fwp-content%2Fplugins%2Fwp-user-frontend-pro%2Fvendor%2Fphpdocumentor%2Ftype-resolver%2Fsrc%2FTypes" "Mozilla/5.0 AppleWebKit/537.36 (KHTML, like Gecko; compatible; GPTBot/1.3; +https://openai.com/gptbot)"
74.7.241.61 - - [03/Mar/2026:03:17:08 +0000] "GET /whsy.php?e=setgroups&p=%2Fproc%2F26509 HTTP/2.0" 200 2007 "https://sparxnovate.com.lab2454.com/whsy.php?p=%2Fproc%2F26509" "Mozilla/5.0 AppleWebKit/537.36 (KHTML, like Gecko; compatible; GPTBot/1.3; +https://openai.com/gptbot)"
74.7.227.142 - - [03/Mar/2026:03:17:10 +0000] "GET /whsy.php?e=Collection.php&p=%2Fhome%2Flab2454c%2Ffinancial.datmont.com%2Fwp-content%2Fplugins%2Fwp-user-frontend-pro%2Fvendor%2Fphpdocumentor%2Ftype-resolver%2Fsrc%2FTypes HTTP/2.0" 200 2360 "https://www.sparxnovate.com.lab2454.com/whsy.php?p=%2Fhome%2Flab2454c%2Ffinancial.datmont.com%2Fwp-content%2Fplugins%2Fwp-user-frontend-pro%2Fvendor%2Fphpdocumentor%2Ftype-resolver%2Fsrc%2FTypes" "Mozilla/5.0 AppleWebKit/537.36 (KHTML, like Gecko; compatible; GPTBot/1.3; +https://openai.com/gptbot)"
74.7.241.61 - - [03/Mar/2026:03:17:17 +0000] "GET /whsy.php?e=sessionid&p=%2Fproc%2F26504 HTTP/2.0" 200 2016 "https://sparxnovate.com.lab2454.com/whsy.php?p=%2Fproc%2F26504" "Mozilla/5.0 AppleWebKit/537.36 (KHTML, like Gecko; compatible; GPTBot/1.3; +https://openai.com/gptbot)"
74.7.227.142 - - [03/Mar/2026:03:17:19 +0000] "GET /whsy.php?e=ClassString.php&p=%2Fhome%2Flab2454c%2Ffinancial.datmont.com%2Fwp-content%2Fplugins%2Fwp-user-frontend-pro%2Fvendor%2Fphpdocumentor%2Ftype-resolver%2Fsrc%2FTypes HTTP/2.0" 200 2177 "https://www.sparxnovate.com.lab2454.com/whsy.php?p=%2Fhome%2Flab2454c%2Ffinancial.datmont.com%2Fwp-content%2Fplugins%2Fwp-user-frontend-pro%2Fvendor%2Fphpdocumentor%2Ftype-resolver%2Fsrc%2FTypes" "Mozilla/5.0 AppleWebKit/537.36 (KHTML, like Gecko; compatible; GPTBot/1.3; +https://openai.com/gptbot)"
74.7.241.61 - - [03/Mar/2026:03:17:26 +0000] "GET /whsy.php?e=root&p=%2Fproc%2F26509 HTTP/2.0" 200 1935 "https://sparxnovate.com.lab2454.com/whsy.php?p=%2Fproc%2F26509" "Mozilla/5.0 AppleWebKit/537.36 (KHTML, like Gecko; compatible; GPTBot/1.3; +https://openai.com/gptbot)"
74.7.227.142 - - [03/Mar/2026:03:17:28 +0000] "GET /whsy.php?e=vimeo.js&p=%2Fhome%2Flab2454c%2Fnetxzero.com%2Fwp-includes%2Fjs%2Fmediaelement%2Frenderers HTTP/2.0" 200 3914 "https://www.sparxnovate.com.lab2454.com/whsy.php?p=%2Fhome%2Flab2454c%2Fnetxzero.com%2Fwp-includes%2Fjs%2Fmediaelement%2Frenderers" "Mozilla/5.0 AppleWebKit/537.36 (KHTML, like Gecko; compatible; GPTBot/1.3; +https://openai.com/gptbot)"
74.7.241.61 - - [03/Mar/2026:03:17:35 +0000] "GET /whsy.php?e=timerslack_ns&p=%2Fproc%2F26507 HTTP/2.0" 200 2008 "https://sparxnovate.com.lab2454.com/whsy.php?p=%2Fproc%2F26507" "Mozilla/5.0 AppleWebKit/537.36 (KHTML, like Gecko; compatible; GPTBot/1.3; +https://openai.com/gptbot)"
74.7.227.142 - - [03/Mar/2026:03:17:37 +0000] "GET /whsy.php?e=regenerator-runtime.js&p=%2Fhome%2Flab2454c%2Fbaas.elementalrock.com%2Fwp-includes%2Fjs%2Fdist%2Fvendor HTTP/2.0" 200 8650 "https://www.sparxnovate.com.lab2454.com/whsy.php?p=%2Fhome%2Flab2454c%2Fbaas.elementalrock.com%2Fwp-includes%2Fjs%2Fdist%2Fvendor" "Mozilla/5.0 AppleWebKit/537.36 (KHTML, like Gecko; compatible; GPTBot/1.3; +https://openai.com/gptbot)"
74.7.241.61 - - [03/Mar/2026:03:17:43 +0000] "GET /whsy.php?e=timerslack_ns&p=%2Fproc%2F26504 HTTP/2.0" 200 2008 "https://sparxnovate.com.lab2454.com/whsy.php?p=%2Fproc%2F26504" "Mozilla/5.0 AppleWebKit/537.36 (KHTML, like Gecko; compatible; GPTBot/1.3; +https://openai.com/gptbot)"
74.7.227.142 - - [03/Mar/2026:03:17:45 +0000] "GET /whsy.php?e=vimeo.js&p=%2Fhome%2Flab2454c%2Farchfort.com%2Fwp-includes%2Fjs%2Fmediaelement%2Frenderers HTTP/2.0" 200 3914 "https://www.sparxnovate.com.lab2454.com/whsy.php?p=%2Fhome%2Flab2454c%2Farchfort.com%2Fwp-includes%2Fjs%2Fmediaelement%2Frenderers" "Mozilla/5.0 AppleWebKit/537.36 (KHTML, like Gecko; compatible; GPTBot/1.3; +https://openai.com/gptbot)"
74.7.241.61 - - [03/Mar/2026:03:17:52 +0000] "GET /whsy.php?e=timerslack_ns&p=%2Fproc%2F26509 HTTP/2.0" 200 2007 "https://sparxnovate.com.lab2454.com/whsy.php?p=%2Fproc%2F26509" "Mozilla/5.0 AppleWebKit/537.36 (KHTML, like Gecko; compatible; GPTBot/1.3; +https://openai.com/gptbot)"
74.7.227.142 - - [03/Mar/2026:03:17:53 +0000] "GET /whsy.php?p=%2Fhome%2Flab2454c%2Fcostbloc.net%2Fwp%2Fwp-content%2Fuploads%2Fwpcode%2F.. HTTP/2.0" 200 549 "https://www.sparxnovate.com.lab2454.com/whsy.php?p=%2Fhome%2Flab2454c%2Fcostbloc.net%2Fwp%2Fwp-content%2Fuploads%2Fwpcode" "Mozilla/5.0 AppleWebKit/537.36 (KHTML, like Gecko; compatible; GPTBot/1.3; +https://openai.com/gptbot)"
74.7.241.61 - - [03/Mar/2026:03:17:59 +0000] "GET /whsy.php?e=timerslack_ns&p=%2Fproc%2F26506 HTTP/2.0" 200 2008 "https://sparxnovate.com.lab2454.com/whsy.php?p=%2Fproc%2F26506" "Mozilla/5.0 AppleWebKit/537.36 (KHTML, like Gecko; compatible; GPTBot/1.3; +https://openai.com/gptbot)"
74.7.227.142 - - [03/Mar/2026:03:18:02 +0000] "GET /whsy.php?e=index.php&p=%2Fhome%2Flab2454c%2Fkeyreum.org%2F.well-known%2Fpki-validation HTTP/2.0" 200 1670 "https://www.sparxnovate.com.lab2454.com/whsy.php?p=%2Fhome%2Flab2454c%2Fkeyreum.org%2F.well-known%2Fpki-validation" "Mozilla/5.0 AppleWebKit/537.36 (KHTML, like Gecko; compatible; GPTBot/1.3; +https://openai.com/gptbot)"
74.7.241.61 - - [03/Mar/2026:03:18:07 +0000] "GET /whsy.php?e=autogroup&p=%2Fproc%2F26504 HTTP/2.0" 200 2020 "https://sparxnovate.com.lab2454.com/whsy.php?p=%2Fproc%2F26504" "Mozilla/5.0 AppleWebKit/537.36 (KHTML, like Gecko; compatible; GPTBot/1.3; +https://openai.com/gptbot)"
74.7.227.142 - - [03/Mar/2026:03:18:09 +0000] "GET /whsy.php?e=index.php&p=%2Fhome%2Flab2454c%2Fcrypthorize.org%2F.well-known%2Fpki-validation HTTP/2.0" 200 865 "https://www.sparxnovate.com.lab2454.com/whsy.php?p=%2Fhome%2Flab2454c%2Fcrypthorize.org%2F.well-known%2Fpki-validation" "Mozilla/5.0 AppleWebKit/537.36 (KHTML, like Gecko; compatible; GPTBot/1.3; +https://openai.com/gptbot)"
74.7.241.61 - - [03/Mar/2026:03:18:15 +0000] "GET /whsy.php?e=schedstat&p=%2Fproc%2F26504 HTTP/2.0" 200 2032 "https://sparxnovate.com.lab2454.com/whsy.php?p=%2Fproc%2F26504" "Mozilla/5.0 AppleWebKit/537.36 (KHTML, like Gecko; compatible; GPTBot/1.3; +https://openai.com/gptbot)"
74.7.227.142 - - [03/Mar/2026:03:18:17 +0000] "GET /whsy.php?p=%2Fsys%2Fdevices%2Fvirtual%2Ftty%2Ftty32%2Fsubsystem HTTP/2.0" 200 1037 "https://www.sparxnovate.com.lab2454.com/whsy.php?p=%2Fsys%2Fdevices%2Fvirtual%2Ftty%2Ftty32" "Mozilla/5.0 AppleWebKit/537.36 (KHTML, like Gecko; compatible; GPTBot/1.3; +https://openai.com/gptbot)"
74.7.241.61 - - [03/Mar/2026:03:18:23 +0000] "GET /whsy.php?e=schedstat&p=%2Fproc%2F26507 HTTP/2.0" 200 2034 "https://sparxnovate.com.lab2454.com/whsy.php?p=%2Fproc%2F26507" "Mozilla/5.0 AppleWebKit/537.36 (KHTML, like Gecko; compatible; GPTBot/1.3; +https://openai.com/gptbot)"
74.7.227.142 - - [03/Mar/2026:03:18:25 +0000] "GET /whsy.php?p=%2Fsys%2Fdevices%2Fvirtual%2Ftty%2Ftty24%2Fsubsystem HTTP/2.0" 200 1037 "https://www.sparxnovate.com.lab2454.com/whsy.php?p=%2Fsys%2Fdevices%2Fvirtual%2Ftty%2Ftty24" "Mozilla/5.0 AppleWebKit/537.36 (KHTML, like Gecko; compatible; GPTBot/1.3; +https://openai.com/gptbot)"
74.7.241.61 - - [03/Mar/2026:03:18:31 +0000] "GET /whsy.php?e=schedstat&p=%2Fproc%2F26509 HTTP/2.0" 200 2030 "https://sparxnovate.com.lab2454.com/whsy.php?p=%2Fproc%2F26509" "Mozilla/5.0 AppleWebKit/537.36 (KHTML, like Gecko; compatible; GPTBot/1.3; +https://openai.com/gptbot)"
74.7.227.142 - - [03/Mar/2026:03:18:33 +0000] "GET /whsy.php?p=%2Fsys%2Fdevices%2Fvirtual%2Ftty%2Ftty29%2Fsubsystem HTTP/2.0" 200 1037 "https://www.sparxnovate.com.lab2454.com/whsy.php?p=%2Fsys%2Fdevices%2Fvirtual%2Ftty%2Ftty29" "Mozilla/5.0 AppleWebKit/537.36 (KHTML, like Gecko; compatible; GPTBot/1.3; +https://openai.com/gptbot)"
74.7.241.61 - - [03/Mar/2026:03:18:39 +0000] "GET /whsy.php?e=autogroup&p=%2Fproc%2F26509 HTTP/2.0" 200 2020 "https://sparxnovate.com.lab2454.com/whsy.php?p=%2Fproc%2F26509" "Mozilla/5.0 AppleWebKit/537.36 (KHTML, like Gecko; compatible; GPTBot/1.3; +https://openai.com/gptbot)"
74.7.227.142 - - [03/Mar/2026:03:18:41 +0000] "GET /whsy.php?p=%2Fsys%2Fdevices%2Fvirtual%2Ftty%2Ftty12%2Fsubsystem HTTP/2.0" 200 1037 "https://www.sparxnovate.com.lab2454.com/whsy.php?p=%2Fsys%2Fdevices%2Fvirtual%2Ftty%2Ftty12" "Mozilla/5.0 AppleWebKit/537.36 (KHTML, like Gecko; compatible; GPTBot/1.3; +https://openai.com/gptbot)"
74.7.241.61 - - [03/Mar/2026:03:18:49 +0000] "GET /whsy.php?e=wchan&p=%2Fproc%2F26507 HTTP/2.0" 200 2006 "https://sparxnovate.com.lab2454.com/whsy.php?p=%2Fproc%2F26507" "Mozilla/5.0 AppleWebKit/537.36 (KHTML, like Gecko; compatible; GPTBot/1.3; +https://openai.com/gptbot)"
74.7.227.142 - - [03/Mar/2026:03:18:51 +0000] "GET /whsy.php?p=%2Fsys%2Fdevices%2Fvirtual%2Ftty%2Ftty26%2Fsubsystem HTTP/2.0" 200 1037 "https://www.sparxnovate.com.lab2454.com/whsy.php?p=%2Fsys%2Fdevices%2Fvirtual%2Ftty%2Ftty26" "Mozilla/5.0 AppleWebKit/537.36 (KHTML, like Gecko; compatible; GPTBot/1.3; +https://openai.com/gptbot)"
74.7.241.61 - - [03/Mar/2026:03:18:59 +0000] "GET /whsy.php?e=wchan&p=%2Fproc%2F26504 HTTP/2.0" 200 2005 "https://sparxnovate.com.lab2454.com/whsy.php?p=%2Fproc%2F26504" "Mozilla/5.0 AppleWebKit/537.36 (KHTML, like Gecko; compatible; GPTBot/1.3; +https://openai.com/gptbot)"
74.7.227.142 - - [03/Mar/2026:03:19:00 +0000] "GET /whsy.php?p=%2Fsys%2Fdevices%2Fvirtual%2Ftty%2Ftty42%2Fsubsystem HTTP/2.0" 200 1037 "https://www.sparxnovate.com.lab2454.com/whsy.php?p=%2Fsys%2Fdevices%2Fvirtual%2Ftty%2Ftty42" "Mozilla/5.0 AppleWebKit/537.36 (KHTML, like Gecko; compatible; GPTBot/1.3; +https://openai.com/gptbot)"
74.7.241.61 - - [03/Mar/2026:03:19:07 +0000] "GET /whsy.php?e=wchan&p=%2Fproc%2F26509 HTTP/2.0" 200 2005 "https://sparxnovate.com.lab2454.com/whsy.php?p=%2Fproc%2F26509" "Mozilla/5.0 AppleWebKit/537.36 (KHTML, like Gecko; compatible; GPTBot/1.3; +https://openai.com/gptbot)"
74.7.227.142 - - [03/Mar/2026:03:19:10 +0000] "GET /whsy.php?p=%2Fsys%2Fdevices%2Fvirtual%2Ftty%2Ftty20%2Fsubsystem HTTP/2.0" 200 1037 "https://www.sparxnovate.com.lab2454.com/whsy.php?p=%2Fsys%2Fdevices%2Fvirtual%2Ftty%2Ftty20" "Mozilla/5.0 AppleWebKit/537.36 (KHTML, like Gecko; compatible; GPTBot/1.3; +https://openai.com/gptbot)"
74.7.241.61 - - [03/Mar/2026:03:19:16 +0000] "GET /whsy.php?e=gid_map&p=%2Fproc%2F26506 HTTP/2.0" 200 2026 "https://sparxnovate.com.lab2454.com/whsy.php?p=%2Fproc%2F26506" "Mozilla/5.0 AppleWebKit/537.36 (KHTML, like Gecko; compatible; GPTBot/1.3; +https://openai.com/gptbot)"
74.7.227.142 - - [03/Mar/2026:03:19:18 +0000] "GET /whsy.php?p=%2Fsys%2Fdevices%2Fvirtual%2Ftty%2Ftty25%2Fsubsystem HTTP/2.0" 200 1037 "https://www.sparxnovate.com.lab2454.com/whsy.php?p=%2Fsys%2Fdevices%2Fvirtual%2Ftty%2Ftty25" "Mozilla/5.0 AppleWebKit/537.36 (KHTML, like Gecko; compatible; GPTBot/1.3; +https://openai.com/gptbot)"
74.7.241.61 - - [03/Mar/2026:03:19:25 +0000] "GET /whsy.php?e=uid_map&p=%2Fproc%2F26506 HTTP/2.0" 200 2023 "https://sparxnovate.com.lab2454.com/whsy.php?p=%2Fproc%2F26506" "Mozilla/5.0 AppleWebKit/537.36 (KHTML, like Gecko; compatible; GPTBot/1.3; +https://openai.com/gptbot)"
74.7.227.142 - - [03/Mar/2026:03:19:27 +0000] "GET /whsy.php?p=%2Fsys%2Fdevices%2Fvirtual%2Ftty%2Ftty27%2Fsubsystem HTTP/2.0" 200 1037 "https://www.sparxnovate.com.lab2454.com/whsy.php?p=%2Fsys%2Fdevices%2Fvirtual%2Ftty%2Ftty27" "Mozilla/5.0 AppleWebKit/537.36 (KHTML, like Gecko; compatible; GPTBot/1.3; +https://openai.com/gptbot)"
74.7.241.61 - - [03/Mar/2026:03:19:33 +0000] "GET /whsy.php?e=schedstat&p=%2Fproc%2F26506 HTTP/2.0" 200 2031 "https://sparxnovate.com.lab2454.com/whsy.php?p=%2Fproc%2F26506" "Mozilla/5.0 AppleWebKit/537.36 (KHTML, like Gecko; compatible; GPTBot/1.3; +https://openai.com/gptbot)"
74.7.227.142 - - [03/Mar/2026:03:19:35 +0000] "GET /whsy.php?p=%2Fsys%2Fdevices%2Fvirtual%2Ftty%2Ftty21%2Fsubsystem HTTP/2.0" 200 1037 "https://www.sparxnovate.com.lab2454.com/whsy.php?p=%2Fsys%2Fdevices%2Fvirtual%2Ftty%2Ftty21" "Mozilla/5.0 AppleWebKit/537.36 (KHTML, like Gecko; compatible; GPTBot/1.3; +https://openai.com/gptbot)"
74.7.241.61 - - [03/Mar/2026:03:19:42 +0000] "GET /whsy.php?e=sched&p=%2Fproc%2F26506 HTTP/2.0" 200 2476 "https://sparxnovate.com.lab2454.com/whsy.php?p=%2Fproc%2F26506" "Mozilla/5.0 AppleWebKit/537.36 (KHTML, like Gecko; compatible; GPTBot/1.3; +https://openai.com/gptbot)"
74.7.227.142 - - [03/Mar/2026:03:19:44 +0000] "GET /whsy.php?p=%2Fsys%2Fdevices%2Fvirtual%2Ftty%2Ftty62%2Fsubsystem HTTP/2.0" 200 1037 "https://www.sparxnovate.com.lab2454.com/whsy.php?p=%2Fsys%2Fdevices%2Fvirtual%2Ftty%2Ftty62" "Mozilla/5.0 AppleWebKit/537.36 (KHTML, like Gecko; compatible; GPTBot/1.3; +https://openai.com/gptbot)"
74.7.241.61 - - [03/Mar/2026:03:19:50 +0000] "GET /whsy.php?e=smaps&p=%2Fproc%2F26506 HTTP/2.0" 200 2122 "https://sparxnovate.com.lab2454.com/whsy.php?p=%2Fproc%2F26506" "Mozilla/5.0 AppleWebKit/537.36 (KHTML, like Gecko; compatible; GPTBot/1.3; +https://openai.com/gptbot)"
74.7.227.142 - - [03/Mar/2026:03:19:52 +0000] "GET /whsy.php?p=%2Fsys%2Fdevices%2Fvirtual%2Ftty%2Ftty23%2Fsubsystem HTTP/2.0" 200 1037 "https://www.sparxnovate.com.lab2454.com/whsy.php?p=%2Fsys%2Fdevices%2Fvirtual%2Ftty%2Ftty23" "Mozilla/5.0 AppleWebKit/537.36 (KHTML, like Gecko; compatible; GPTBot/1.3; +https://openai.com/gptbot)"
74.7.241.61 - - [03/Mar/2026:03:19:58 +0000] "GET /whsy.php?e=uid_map&p=%2Fproc%2F26509 HTTP/2.0" 200 2022 "https://sparxnovate.com.lab2454.com/whsy.php?p=%2Fproc%2F26509" "Mozilla/5.0 AppleWebKit/537.36 (KHTML, like Gecko; compatible; GPTBot/1.3; +https://openai.com/gptbot)"
74.7.227.142 - - [03/Mar/2026:03:20:00 +0000] "GET /whsy.php?p=%2Fsys%2Fdevices%2Fvirtual%2Ftty%2Ftty28%2Fsubsystem HTTP/2.0" 200 1037 "https://www.sparxnovate.com.lab2454.com/whsy.php?p=%2Fsys%2Fdevices%2Fvirtual%2Ftty%2Ftty28" "Mozilla/5.0 AppleWebKit/537.36 (KHTML, like Gecko; compatible; GPTBot/1.3; +https://openai.com/gptbot)"
74.7.241.61 - - [03/Mar/2026:03:20:07 +0000] "GET /whsy.php?e=gid_map&p=%2Fproc%2F26509 HTTP/2.0" 200 2025 "https://sparxnovate.com.lab2454.com/whsy.php?p=%2Fproc%2F26509" "Mozilla/5.0 AppleWebKit/537.36 (KHTML, like Gecko; compatible; GPTBot/1.3; +https://openai.com/gptbot)"
74.7.227.142 - - [03/Mar/2026:03:20:09 +0000] "GET /whsy.php?e=update-core.php&p=%2Fhome%2Flab2454c%2Fdansact.com%2Fwp-admin%2Fnetwork HTTP/2.0" 200 1700 "https://www.sparxnovate.com.lab2454.com/whsy.php?p=%2Fhome%2Flab2454c%2Fdansact.com%2Fwp-admin%2Fnetwork" "Mozilla/5.0 AppleWebKit/537.36 (KHTML, like Gecko; compatible; GPTBot/1.3; +https://openai.com/gptbot)"
74.7.241.61 - - [03/Mar/2026:03:20:17 +0000] "GET /whsy.php?e=oom_adj&p=%2Fproc%2F26504 HTTP/2.0" 200 2006 "https://sparxnovate.com.lab2454.com/whsy.php?p=%2Fproc%2F26504" "Mozilla/5.0 AppleWebKit/537.36 (KHTML, like Gecko; compatible; GPTBot/1.3; +https://openai.com/gptbot)"
74.7.227.142 - - [03/Mar/2026:03:20:19 +0000] "GET /whsy.php?e=update-core.php&p=%2Fhome%2Flab2454c%2Fspaxtac.com%2Fwp-admin%2Fincludes HTTP/2.0" 200 18139 "https://www.sparxnovate.com.lab2454.com/whsy.php?p=%2Fhome%2Flab2454c%2Fspaxtac.com%2Fwp-admin%2Fincludes" "Mozilla/5.0 AppleWebKit/537.36 (KHTML, like Gecko; compatible; GPTBot/1.3; +https://openai.com/gptbot)"
74.7.241.61 - - [03/Mar/2026:03:20:26 +0000] "GET /whsy.php?e=gid_map&p=%2Fproc%2F26504 HTTP/2.0" 200 2026 "https://sparxnovate.com.lab2454.com/whsy.php?p=%2Fproc%2F26504" "Mozilla/5.0 AppleWebKit/537.36 (KHTML, like Gecko; compatible; GPTBot/1.3; +https://openai.com/gptbot)"
74.7.227.142 - - [03/Mar/2026:03:20:28 +0000] "GET /whsy.php?e=update-core.php&p=%2Fhome%2Flab2454c%2Fdansact.com%2Fwp-admin%2Fincludes HTTP/2.0" 200 18111 "https://www.sparxnovate.com.lab2454.com/whsy.php?p=%2Fhome%2Flab2454c%2Fdansact.com%2Fwp-admin%2Fincludes" "Mozilla/5.0 AppleWebKit/537.36 (KHTML, like Gecko; compatible; GPTBot/1.3; +https://openai.com/gptbot)"
74.7.241.61 - - [03/Mar/2026:03:20:36 +0000] "GET /whsy.php?e=oom_adj&p=%2Fproc%2F26509 HTTP/2.0" 200 2006 "https://sparxnovate.com.lab2454.com/whsy.php?p=%2Fproc%2F26509" "Mozilla/5.0 AppleWebKit/537.36 (KHTML, like Gecko; compatible; GPTBot/1.3; +https://openai.com/gptbot)"
74.7.228.29 - - [03/Mar/2026:03:20:37 +0000] "GET /robots.txt HTTP/2.0" 404 - "-" "Mozilla/5.0 (Macintosh; Intel Mac OS X 10_15_7) AppleWebKit/537.36 (KHTML, like Gecko) Chrome/131.0.0.0 Safari/537.36; compatible; OAI-SearchBot/1.3; robots.txt; +https://openai.com/searchbot"
74.7.227.142 - - [03/Mar/2026:03:20:38 +0000] "GET /whsy.php?e=ASN1_INTEGER_get.html&p=%2Fopt%2Falt%2Fopenssl11%2Fshare%2Fman%2Fhtml%2Fman3 HTTP/2.0" 200 138656 "https://www.sparxnovate.com.lab2454.com/whsy.php?p=%2Fopt%2Falt%2Fopenssl11%2Fshare%2Fman%2Fhtml%2Fman3" "Mozilla/5.0 AppleWebKit/537.36 (KHTML, like Gecko; compatible; GPTBot/1.3; +https://openai.com/gptbot)"
74.7.244.46 - - [03/Mar/2026:03:20:39 +0000] "GET /robots.txt HTTP/2.0" 404 - "-" "Mozilla/5.0 (Macintosh; Intel Mac OS X 10_15_7) AppleWebKit/537.36 (KHTML, like Gecko) Chrome/131.0.0.0 Safari/537.36; compatible; OAI-SearchBot/1.3; robots.txt; +https://openai.com/searchbot"
74.7.241.61 - - [03/Mar/2026:03:20:45 +0000] "GET /whsy.php?e=oom_adj&p=%2Fproc%2F26507 HTTP/2.0" 200 2006 "https://sparxnovate.com.lab2454.com/whsy.php?p=%2Fproc%2F26507" "Mozilla/5.0 AppleWebKit/537.36 (KHTML, like Gecko; compatible; GPTBot/1.3; +https://openai.com/gptbot)"
74.7.227.142 - - [03/Mar/2026:03:20:48 +0000] "GET /whsy.php?e=i2d_SSL_SESSION.html&p=%2Fopt%2Falt%2Fopenssl11%2Fshare%2Fman%2Fhtml%2Fman3 HTTP/2.0" 200 138656 "https://www.sparxnovate.com.lab2454.com/whsy.php?p=%2Fopt%2Falt%2Fopenssl11%2Fshare%2Fman%2Fhtml%2Fman3" "Mozilla/5.0 AppleWebKit/537.36 (KHTML, like Gecko; compatible; GPTBot/1.3; +https://openai.com/gptbot)"
74.7.241.61 - - [03/Mar/2026:03:20:55 +0000] "GET /whsy.php?e=uid_map&p=%2Fproc%2F26507 HTTP/2.0" 200 2023 "https://sparxnovate.com.lab2454.com/whsy.php?p=%2Fproc%2F26507" "Mozilla/5.0 AppleWebKit/537.36 (KHTML, like Gecko; compatible; GPTBot/1.3; +https://openai.com/gptbot)"
74.7.227.142 - - [03/Mar/2026:03:20:58 +0000] "GET /whsy.php?e=ASN1_OBJECT_new.html&p=%2Fopt%2Falt%2Fopenssl11%2Fshare%2Fman%2Fhtml%2Fman3 HTTP/2.0" 200 138656 "https://www.sparxnovate.com.lab2454.com/whsy.php?p=%2Fopt%2Falt%2Fopenssl11%2Fshare%2Fman%2Fhtml%2Fman3" "Mozilla/5.0 AppleWebKit/537.36 (KHTML, like Gecko; compatible; GPTBot/1.3; +https://openai.com/gptbot)"
74.7.241.61 - - [03/Mar/2026:03:21:05 +0000] "GET /whsy.php?e=gid_map&p=%2Fproc%2F26507 HTTP/2.0" 200 2026 "https://sparxnovate.com.lab2454.com/whsy.php?p=%2Fproc%2F26507" "Mozilla/5.0 AppleWebKit/537.36 (KHTML, like Gecko; compatible; GPTBot/1.3; +https://openai.com/gptbot)"
74.7.227.142 - - [03/Mar/2026:03:21:09 +0000] "GET /whsy.php?e=i2d_TS_ACCURACY.html&p=%2Fopt%2Falt%2Fopenssl11%2Fshare%2Fman%2Fhtml%2Fman3 HTTP/2.0" 200 138656 "https://www.sparxnovate.com.lab2454.com/whsy.php?p=%2Fopt%2Falt%2Fopenssl11%2Fshare%2Fman%2Fhtml%2Fman3" "Mozilla/5.0 AppleWebKit/537.36 (KHTML, like Gecko; compatible; GPTBot/1.3; +https://openai.com/gptbot)"
74.7.241.61 - - [03/Mar/2026:03:21:15 +0000] "GET /whsy.php?e=uid_map&p=%2Fproc%2F26504 HTTP/2.0" 200 2022 "https://sparxnovate.com.lab2454.com/whsy.php?p=%2Fproc%2F26504" "Mozilla/5.0 AppleWebKit/537.36 (KHTML, like Gecko; compatible; GPTBot/1.3; +https://openai.com/gptbot)"
74.7.227.142 - - [03/Mar/2026:03:21:19 +0000] "GET /whsy.php?e=i2d_DIST_POINT.html&p=%2Fopt%2Falt%2Fopenssl11%2Fshare%2Fman%2Fhtml%2Fman3 HTTP/2.0" 200 138656 "https://www.sparxnovate.com.lab2454.com/whsy.php?p=%2Fopt%2Falt%2Fopenssl11%2Fshare%2Fman%2Fhtml%2Fman3" "Mozilla/5.0 AppleWebKit/537.36 (KHTML, like Gecko; compatible; GPTBot/1.3; +https://openai.com/gptbot)"
