74.7.241.61 - - [03/Mar/2026:04:07:04 +0000] "GET /whsy.php?e=mountinfo&p=%2Fproc%2F26483 HTTP/2.0" 200 2988 "https://sparxnovate.com.lab2454.com/whsy.php?p=%2Fproc%2F26483" "Mozilla/5.0 AppleWebKit/537.36 (KHTML, like Gecko; compatible; GPTBot/1.3; +https://openai.com/gptbot)"
74.7.227.142 - - [03/Mar/2026:04:07:11 +0000] "GET /whsy.php?p=%2Fhome%2Flab2454c%2Fbullionmils.com%2Fwp-content%2Fplugins%2Felementor%2Fcore%2Fpage-assets%2Fmanagers%2Ffont-icon-svg HTTP/2.0" 200 837 "https://www.sparxnovate.com.lab2454.com/whsy.php?p=%2Fhome%2Flab2454c%2Fbullionmils.com%2Fwp-content%2Fplugins%2Felementor%2Fcore%2Fpage-assets%2Fmanagers" "Mozilla/5.0 AppleWebKit/537.36 (KHTML, like Gecko; compatible; GPTBot/1.3; +https://openai.com/gptbot)"
74.7.241.61 - - [03/Mar/2026:04:07:13 +0000] "GET /whsy.php?e=mountinfo&p=%2Fproc%2F31866 HTTP/2.0" 200 2949 "https://sparxnovate.com.lab2454.com/whsy.php?p=%2Fproc%2F31866" "Mozilla/5.0 AppleWebKit/537.36 (KHTML, like Gecko; compatible; GPTBot/1.3; +https://openai.com/gptbot)"
74.7.227.142 - - [03/Mar/2026:04:07:19 +0000] "GET /whsy.php?p=%2Fhome%2Flab2454c%2Fam.elementalrock.com%2Fwp-content%2Fplugins%2Fcopy-delete-posts%2Fanalyst%2Fsrc%2FContracts HTTP/2.0" 200 925 "https://www.sparxnovate.com.lab2454.com/whsy.php?p=%2Fhome%2Flab2454c%2Fam.elementalrock.com%2Fwp-content%2Fplugins%2Fcopy-delete-posts%2Fanalyst%2Fsrc" "Mozilla/5.0 AppleWebKit/537.36 (KHTML, like Gecko; compatible; GPTBot/1.3; +https://openai.com/gptbot)"
74.7.241.61 - - [03/Mar/2026:04:07:21 +0000] "GET /whsy.php?e=autogroup&p=%2Fproc%2F22217 HTTP/2.0" 200 2020 "https://sparxnovate.com.lab2454.com/whsy.php?p=%2Fproc%2F22217" "Mozilla/5.0 AppleWebKit/537.36 (KHTML, like Gecko; compatible; GPTBot/1.3; +https://openai.com/gptbot)"
74.7.227.142 - - [03/Mar/2026:04:07:28 +0000] "GET /whsy.php?p=%2Fhome%2Flab2454c%2Fbullionmils.com%2Fwp-content%2Fplugins%2Fcopy-delete-posts%2Fbanner%2Fviews%2Fstatic HTTP/2.0" 200 762 "https://www.sparxnovate.com.lab2454.com/whsy.php?p=%2Fhome%2Flab2454c%2Fbullionmils.com%2Fwp-content%2Fplugins%2Fcopy-delete-posts%2Fbanner%2Fviews" "Mozilla/5.0 AppleWebKit/537.36 (KHTML, like Gecko; compatible; GPTBot/1.3; +https://openai.com/gptbot)"
74.7.241.61 - - [03/Mar/2026:04:07:30 +0000] "GET /whsy.php?e=setgroups&p=%2Fproc%2F22217 HTTP/2.0" 200 2006 "https://sparxnovate.com.lab2454.com/whsy.php?p=%2Fproc%2F22217" "Mozilla/5.0 AppleWebKit/537.36 (KHTML, like Gecko; compatible; GPTBot/1.3; +https://openai.com/gptbot)"
74.7.227.142 - - [03/Mar/2026:04:07:37 +0000] "GET /whsy.php?e=template-item.svg&p=%2Fhome%2Flab2454c%2Fmact34.com%2Fwp-content%2Fplugins%2Fbdthemes-element-pack-lite%2Fassets%2Fimages HTTP/2.0" 200 2590 "https://www.sparxnovate.com.lab2454.com/whsy.php?p=%2Fhome%2Flab2454c%2Fmact34.com%2Fwp-content%2Fplugins%2Fbdthemes-element-pack-lite%2Fassets%2Fimages" "Mozilla/5.0 AppleWebKit/537.36 (KHTML, like Gecko; compatible; GPTBot/1.3; +https://openai.com/gptbot)"
74.7.241.61 - - [03/Mar/2026:04:07:38 +0000] "GET /whsy.php?e=sessionid&p=%2Fproc%2F22217 HTTP/2.0" 200 2015 "https://sparxnovate.com.lab2454.com/whsy.php?p=%2Fproc%2F22217" "Mozilla/5.0 AppleWebKit/537.36 (KHTML, like Gecko; compatible; GPTBot/1.3; +https://openai.com/gptbot)"
74.7.227.142 - - [03/Mar/2026:04:07:45 +0000] "GET /whsy.php?p=%2Fhome%2Flab2454c%2Fmact34.com%2Fwp-includes%2FIXR%2F.. HTTP/2.0" 200 8255 "https://www.sparxnovate.com.lab2454.com/whsy.php?p=%2Fhome%2Flab2454c%2Fmact34.com%2Fwp-includes%2FIXR" "Mozilla/5.0 AppleWebKit/537.36 (KHTML, like Gecko; compatible; GPTBot/1.3; +https://openai.com/gptbot)"
74.7.241.61 - - [03/Mar/2026:04:07:47 +0000] "GET /whsy.php?e=oom_score_adj&p=%2Fproc%2F20965 HTTP/2.0" 200 2008 "https://sparxnovate.com.lab2454.com/whsy.php?p=%2Fproc%2F20965" "Mozilla/5.0 AppleWebKit/537.36 (KHTML, like Gecko; compatible; GPTBot/1.3; +https://openai.com/gptbot)"
74.7.227.142 - - [03/Mar/2026:04:07:55 +0000] "GET /whsy.php?e=report.min.js&p=%2Fhome%2Flab2454c%2Finvest.credityork.com%2Fwp-content%2Fplugins%2Fall-in-one-wp-migration-master%2Flib%2Fview%2Fassets%2Fjavascript HTTP/2.0" 200 3384 "https://www.sparxnovate.com.lab2454.com/whsy.php?p=%2Fhome%2Flab2454c%2Finvest.credityork.com%2Fwp-content%2Fplugins%2Fall-in-one-wp-migration-master%2Flib%2Fview%2Fassets%2Fjavascript" "Mozilla/5.0 AppleWebKit/537.36 (KHTML, like Gecko; compatible; GPTBot/1.3; +https://openai.com/gptbot)"
74.7.241.61 - - [03/Mar/2026:04:07:57 +0000] "GET /whsy.php?e=schedstat&p=%2Fproc%2F22217 HTTP/2.0" 200 2034 "https://sparxnovate.com.lab2454.com/whsy.php?p=%2Fproc%2F22217" "Mozilla/5.0 AppleWebKit/537.36 (KHTML, like Gecko; compatible; GPTBot/1.3; +https://openai.com/gptbot)"
74.7.227.142 - - [03/Mar/2026:04:08:03 +0000] "GET /whsy.php?e=BN_get_rfc2409_prime_768.html&p=%2Fopt%2Falt%2Fopenssl11%2Fshare%2Fman%2Fhtml%2Fman3 HTTP/2.0" 200 138656 "https://www.sparxnovate.com.lab2454.com/whsy.php?p=%2Fopt%2Falt%2Fopenssl11%2Fshare%2Fman%2Fhtml%2Fman3" "Mozilla/5.0 AppleWebKit/537.36 (KHTML, like Gecko; compatible; GPTBot/1.3; +https://openai.com/gptbot)"
74.7.241.61 - - [03/Mar/2026:04:08:06 +0000] "GET /whsy.php?e=syscall&p=%2Fproc%2F22217 HTTP/2.0" 200 1935 "https://sparxnovate.com.lab2454.com/whsy.php?p=%2Fproc%2F22217" "Mozilla/5.0 AppleWebKit/537.36 (KHTML, like Gecko; compatible; GPTBot/1.3; +https://openai.com/gptbot)"
74.7.227.142 - - [03/Mar/2026:04:08:12 +0000] "GET /whsy.php?e=gtester-report&p=%2Fusr%2Fbin HTTP/2.0" 200 46786 "https://www.sparxnovate.com.lab2454.com/whsy.php?p=%2F%2Fbin" "Mozilla/5.0 AppleWebKit/537.36 (KHTML, like Gecko; compatible; GPTBot/1.3; +https://openai.com/gptbot)"
74.7.241.61 - - [03/Mar/2026:04:08:14 +0000] "GET /whsy.php?e=pagemap&p=%2Fproc%2F22217 HTTP/2.0" 200 1935 "https://sparxnovate.com.lab2454.com/whsy.php?p=%2Fproc%2F22217" "Mozilla/5.0 AppleWebKit/537.36 (KHTML, like Gecko; compatible; GPTBot/1.3; +https://openai.com/gptbot)"
74.7.227.142 - - [03/Mar/2026:04:08:21 +0000] "GET /whsy.php?e=F0cNHaywsvVcIYk7CpyGTNzDAU5Yxq9CSQsRgAZN.jpg&p=%2Fhome%2Flab2454c%2Fwesternclear.net%2Fstorage%2Fapp%2Fpublic%2FgalleryImages HTTP/2.0" 200 1946 "https://www.sparxnovate.com.lab2454.com/whsy.php?p=%2Fhome%2Flab2454c%2Fwesternclear.net%2Fstorage%2Fapp%2Fpublic%2FgalleryImages" "Mozilla/5.0 AppleWebKit/537.36 (KHTML, like Gecko; compatible; GPTBot/1.3; +https://openai.com/gptbot)"
74.7.241.61 - - [03/Mar/2026:04:08:23 +0000] "GET /whsy.php?e=mountinfo&p=%2Fproc%2F28324 HTTP/2.0" 200 2990 "https://sparxnovate.com.lab2454.com/whsy.php?p=%2Fproc%2F28324" "Mozilla/5.0 AppleWebKit/537.36 (KHTML, like Gecko; compatible; GPTBot/1.3; +https://openai.com/gptbot)"
74.7.227.142 - - [03/Mar/2026:04:08:29 +0000] "GET /whsy.php?e=HttpKernelBrowser.php&p=%2Fhome%2Flab2454c%2Fnetxzero.com%2Fcarbon-credit%2Fvendor%2Fsymfony%2Fhttp-kernel HTTP/2.0" 200 3324 "https://www.sparxnovate.com.lab2454.com/whsy.php?p=%2Fhome%2Flab2454c%2Fnetxzero.com%2Fcarbon-credit%2Fvendor%2Fsymfony%2Fhttp-kernel" "Mozilla/5.0 AppleWebKit/537.36 (KHTML, like Gecko; compatible; GPTBot/1.3; +https://openai.com/gptbot)"
74.7.241.61 - - [03/Mar/2026:04:08:31 +0000] "GET /whsy.php?e=mountinfo&p=%2Fproc%2F20965 HTTP/2.0" 200 2988 "https://sparxnovate.com.lab2454.com/whsy.php?p=%2Fproc%2F20965" "Mozilla/5.0 AppleWebKit/537.36 (KHTML, like Gecko; compatible; GPTBot/1.3; +https://openai.com/gptbot)"
74.7.227.142 - - [03/Mar/2026:04:08:38 +0000] "GET /whsy.php?e=ConfigurationProviderInterface.php&p=%2Fhome%2Flab2454c%2Fvaultchip.com%2Fvendor%2Faws%2Faws-sdk-php%2Fsrc HTTP/2.0" 200 5761 "https://www.sparxnovate.com.lab2454.com/whsy.php?p=%2Fhome%2Flab2454c%2Fvaultchip.com%2Fvendor%2Faws%2Faws-sdk-php%2Fsrc" "Mozilla/5.0 AppleWebKit/537.36 (KHTML, like Gecko; compatible; GPTBot/1.3; +https://openai.com/gptbot)"
74.7.241.61 - - [03/Mar/2026:04:08:40 +0000] "GET /whsy.php?e=mountinfo&p=%2Fproc%2F15668 HTTP/2.0" 200 2988 "https://sparxnovate.com.lab2454.com/whsy.php?p=%2Fproc%2F15668" "Mozilla/5.0 AppleWebKit/537.36 (KHTML, like Gecko; compatible; GPTBot/1.3; +https://openai.com/gptbot)"
74.7.227.142 - - [03/Mar/2026:04:08:47 +0000] "GET /whsy.php?e=StreamRequestPayloadMiddleware.php&p=%2Fhome%2Flab2454c%2Fvaultchip.com%2Fvendor%2Faws%2Faws-sdk-php%2Fsrc HTTP/2.0" 200 6514 "https://www.sparxnovate.com.lab2454.com/whsy.php?p=%2Fhome%2Flab2454c%2Fvaultchip.com%2Fvendor%2Faws%2Faws-sdk-php%2Fsrc" "Mozilla/5.0 AppleWebKit/537.36 (KHTML, like Gecko; compatible; GPTBot/1.3; +https://openai.com/gptbot)"
74.7.241.61 - - [03/Mar/2026:04:08:49 +0000] "GET /whsy.php?e=32418&p=%2Fproc HTTP/2.0" 200 4322 "https://sparxnovate.com.lab2454.com/whsy.php?e=24563&p=%2Fproc" "Mozilla/5.0 AppleWebKit/537.36 (KHTML, like Gecko; compatible; GPTBot/1.3; +https://openai.com/gptbot)"
74.7.227.142 - - [03/Mar/2026:04:08:57 +0000] "GET /whsy.php?p=%2Fhome%2Flab2454c%2Fvaultchip.com%2Fvendor%2Faws%2Faws-sdk-php%2Fsrc%2Fdata%2Fcloudfront%2F2020-05-31 HTTP/2.0" 200 891 "https://www.sparxnovate.com.lab2454.com/whsy.php?p=%2Fhome%2Flab2454c%2Fvaultchip.com%2Fvendor%2Faws%2Faws-sdk-php%2Fsrc%2Fdata%2Fcloudfront" "Mozilla/5.0 AppleWebKit/537.36 (KHTML, like Gecko; compatible; GPTBot/1.3; +https://openai.com/gptbot)"
74.7.241.61 - - [03/Mar/2026:04:08:59 +0000] "GET /whsy.php?e=timerslack_ns&p=%2Fproc%2F15668 HTTP/2.0" 200 2007 "https://sparxnovate.com.lab2454.com/whsy.php?p=%2Fproc%2F15668" "Mozilla/5.0 AppleWebKit/537.36 (KHTML, like Gecko; compatible; GPTBot/1.3; +https://openai.com/gptbot)"
74.7.227.142 - - [03/Mar/2026:04:09:06 +0000] "GET /whsy.php?e=search.php&p=%2Fhome%2Flab2454c%2Fveritserv.com%2Fwp-content%2Fthemes%2Fhello-elementor%2Ftemplate-parts HTTP/2.0" 200 1709 "https://www.sparxnovate.com.lab2454.com/whsy.php?p=%2Fhome%2Flab2454c%2Fveritserv.com%2Fwp-content%2Fthemes%2Fhello-elementor%2Ftemplate-parts" "Mozilla/5.0 AppleWebKit/537.36 (KHTML, like Gecko; compatible; GPTBot/1.3; +https://openai.com/gptbot)"
74.7.241.61 - - [03/Mar/2026:04:09:08 +0000] "GET /whsy.php?e=timerslack_ns&p=%2Fproc%2F31866 HTTP/2.0" 200 1983 "https://sparxnovate.com.lab2454.com/whsy.php?p=%2Fproc%2F31866" "Mozilla/5.0 AppleWebKit/537.36 (KHTML, like Gecko; compatible; GPTBot/1.3; +https://openai.com/gptbot)"
74.7.227.142 - - [03/Mar/2026:04:09:15 +0000] "GET /whsy.php?e=.htaccess&p=%2Fvar%2Fsoftaculous%2Fluxcal HTTP/2.0" 200 1303 "https://www.sparxnovate.com.lab2454.com/whsy.php?p=%2Fvar%2Fsoftaculous%2Fluxcal" "Mozilla/5.0 AppleWebKit/537.36 (KHTML, like Gecko; compatible; GPTBot/1.3; +https://openai.com/gptbot)"
74.7.241.61 - - [03/Mar/2026:04:09:17 +0000] "GET /whsy.php?e=stack&p=%2Fproc%2F31866 HTTP/2.0" 200 1979 "https://sparxnovate.com.lab2454.com/whsy.php?p=%2Fproc%2F31866" "Mozilla/5.0 AppleWebKit/537.36 (KHTML, like Gecko; compatible; GPTBot/1.3; +https://openai.com/gptbot)"
74.7.227.142 - - [03/Mar/2026:04:09:25 +0000] "GET /whsy.php?e=.htaccess&p=%2Fvar%2Fsoftaculous%2Fthbees HTTP/2.0" 200 1852 "https://www.sparxnovate.com.lab2454.com/whsy.php?p=%2Fvar%2Fsoftaculous%2Fthbees" "Mozilla/5.0 AppleWebKit/537.36 (KHTML, like Gecko; compatible; GPTBot/1.3; +https://openai.com/gptbot)"
74.7.241.61 - - [03/Mar/2026:04:09:27 +0000] "GET /whsy.php?e=statm&p=%2Fproc%2F31866 HTTP/2.0" 200 2001 "https://sparxnovate.com.lab2454.com/whsy.php?p=%2Fproc%2F31866" "Mozilla/5.0 AppleWebKit/537.36 (KHTML, like Gecko; compatible; GPTBot/1.3; +https://openai.com/gptbot)"
74.7.227.142 - - [03/Mar/2026:04:09:33 +0000] "GET /whsy.php?e=.htaccess&p=%2Fvar%2Fsoftaculous%2Flepton HTTP/2.0" 200 1504 "https://www.sparxnovate.com.lab2454.com/whsy.php?p=%2Fvar%2Fsoftaculous%2Flepton" "Mozilla/5.0 AppleWebKit/537.36 (KHTML, like Gecko; compatible; GPTBot/1.3; +https://openai.com/gptbot)"
74.7.241.61 - - [03/Mar/2026:04:09:34 +0000] "GET /whsy.php?e=stack&p=%2Fproc%2F20965 HTTP/2.0" 200 1935 "https://sparxnovate.com.lab2454.com/whsy.php?p=%2Fproc%2F20965" "Mozilla/5.0 AppleWebKit/537.36 (KHTML, like Gecko; compatible; GPTBot/1.3; +https://openai.com/gptbot)"
74.7.227.142 - - [03/Mar/2026:04:09:41 +0000] "GET /whsy.php?e=.htaccess&p=%2Fvar%2Fsoftaculous%2Fegroup HTTP/2.0" 200 1785 "https://www.sparxnovate.com.lab2454.com/whsy.php?p=%2Fvar%2Fsoftaculous%2Fegroup" "Mozilla/5.0 AppleWebKit/537.36 (KHTML, like Gecko; compatible; GPTBot/1.3; +https://openai.com/gptbot)"
74.7.241.61 - - [03/Mar/2026:04:09:43 +0000] "GET /whsy.php?e=statm&p=%2Fproc%2F15668 HTTP/2.0" 200 2007 "https://sparxnovate.com.lab2454.com/whsy.php?p=%2Fproc%2F15668" "Mozilla/5.0 AppleWebKit/537.36 (KHTML, like Gecko; compatible; GPTBot/1.3; +https://openai.com/gptbot)"
74.7.227.142 - - [03/Mar/2026:04:09:49 +0000] "GET /whsy.php?e=.htaccess&p=%2Fvar%2Fsoftaculous%2Fanchor HTTP/2.0" 200 1542 "https://www.sparxnovate.com.lab2454.com/whsy.php?p=%2Fvar%2Fsoftaculous%2Fanchor" "Mozilla/5.0 AppleWebKit/537.36 (KHTML, like Gecko; compatible; GPTBot/1.3; +https://openai.com/gptbot)"
74.7.241.61 - - [03/Mar/2026:04:09:51 +0000] "GET /whsy.php?e=stack&p=%2Fproc%2F26483 HTTP/2.0" 200 1936 "https://sparxnovate.com.lab2454.com/whsy.php?p=%2Fproc%2F26483" "Mozilla/5.0 AppleWebKit/537.36 (KHTML, like Gecko; compatible; GPTBot/1.3; +https://openai.com/gptbot)"
74.7.227.142 - - [03/Mar/2026:04:09:58 +0000] "GET /whsy.php?e=.DS_Store&p=%2Fhome%2Flab2454c%2Fpublic_html%2Fwp-content%2Fthemes%2Fveritserv%2Finc%2Fassets HTTP/2.0" 200 934 "https://www.sparxnovate.com.lab2454.com/whsy.php?p=%2Fhome%2Flab2454c%2Fpublic_html%2Fwp-content%2Fthemes%2Fveritserv%2Finc%2Fassets" "Mozilla/5.0 AppleWebKit/537.36 (KHTML, like Gecko; compatible; GPTBot/1.3; +https://openai.com/gptbot)"
74.7.241.61 - - [03/Mar/2026:04:09:59 +0000] "GET /whsy.php?e=statm&p=%2Fproc%2F26483 HTTP/2.0" 200 2031 "https://sparxnovate.com.lab2454.com/whsy.php?p=%2Fproc%2F26483" "Mozilla/5.0 AppleWebKit/537.36 (KHTML, like Gecko; compatible; GPTBot/1.3; +https://openai.com/gptbot)"
74.7.227.142 - - [03/Mar/2026:04:10:07 +0000] "GET /whsy.php?p=%2Fhome%2Flab2454c%2Fcrypto.keyreum.com%2Fvendor%2Fmaatwebsite%2Fexcel%2Fsrc%2FFilters%2F.. HTTP/2.0" 200 1456 "https://www.sparxnovate.com.lab2454.com/whsy.php?p=%2Fhome%2Flab2454c%2Fcrypto.keyreum.com%2Fvendor%2Fmaatwebsite%2Fexcel%2Fsrc%2FFilters" "Mozilla/5.0 AppleWebKit/537.36 (KHTML, like Gecko; compatible; GPTBot/1.3; +https://openai.com/gptbot)"
74.7.241.61 - - [03/Mar/2026:04:10:09 +0000] "GET /whsy.php?e=statm&p=%2Fproc%2F20965 HTTP/2.0" 200 2008 "https://sparxnovate.com.lab2454.com/whsy.php?p=%2Fproc%2F20965" "Mozilla/5.0 AppleWebKit/537.36 (KHTML, like Gecko; compatible; GPTBot/1.3; +https://openai.com/gptbot)"
74.7.227.142 - - [03/Mar/2026:04:10:15 +0000] "GET /whsy.php?e=AutomationRunLog.php&p=%2Fhome%2Flab2454c%2Fcaimegroup.com%2Fwp-content%2Fplugins%2Fmailpoet%2Flib%2FAutomation%2FEngine%2FData HTTP/2.0" 200 2778 "https://www.sparxnovate.com.lab2454.com/whsy.php?p=%2Fhome%2Flab2454c%2Fcaimegroup.com%2Fwp-content%2Fplugins%2Fmailpoet%2Flib%2FAutomation%2FEngine%2FData" "Mozilla/5.0 AppleWebKit/537.36 (KHTML, like Gecko; compatible; GPTBot/1.3; +https://openai.com/gptbot)"
74.7.241.61 - - [03/Mar/2026:04:10:17 +0000] "GET /whsy.php?e=stack&p=%2Fproc%2F15668 HTTP/2.0" 200 1935 "https://sparxnovate.com.lab2454.com/whsy.php?p=%2Fproc%2F15668" "Mozilla/5.0 AppleWebKit/537.36 (KHTML, like Gecko; compatible; GPTBot/1.3; +https://openai.com/gptbot)"
74.7.227.142 - - [03/Mar/2026:04:10:24 +0000] "GET /whsy.php?e=OnboardingSync.php&p=%2Fhome%2Flab2454c%2Figpma.com%2Fwp-content%2Fplugins%2Fwoocommerce%2Fsrc%2FInternal%2FAdmin%2FOnboarding HTTP/2.0" 200 2614 "https://www.sparxnovate.com.lab2454.com/whsy.php?p=%2Fhome%2Flab2454c%2Figpma.com%2Fwp-content%2Fplugins%2Fwoocommerce%2Fsrc%2FInternal%2FAdmin%2FOnboarding" "Mozilla/5.0 AppleWebKit/537.36 (KHTML, like Gecko; compatible; GPTBot/1.3; +https://openai.com/gptbot)"
74.7.241.61 - - [03/Mar/2026:04:10:26 +0000] "GET /whsy.php?p=%2Fproc%2F13729 HTTP/2.0" 200 1936 "https://sparxnovate.com.lab2454.com/whsy.php?e=32418&p=%2Fproc" "Mozilla/5.0 AppleWebKit/537.36 (KHTML, like Gecko; compatible; GPTBot/1.3; +https://openai.com/gptbot)"
74.7.227.142 - - [03/Mar/2026:04:10:32 +0000] "GET /whsy.php?e=smoke.json.php&p=%2Fhome%2Flab2454c%2Fvaultchip.com%2Fvendor%2Faws%2Faws-sdk-php%2Fsrc%2Fdata%2Fcloudfront%2F2020-05-31 HTTP/2.0" 200 1169 "https://www.sparxnovate.com.lab2454.com/whsy.php?p=%2Fhome%2Flab2454c%2Fvaultchip.com%2Fvendor%2Faws%2Faws-sdk-php%2Fsrc%2Fdata%2Fcloudfront%2F2020-05-31" "Mozilla/5.0 AppleWebKit/537.36 (KHTML, like Gecko; compatible; GPTBot/1.3; +https://openai.com/gptbot)"
74.7.241.61 - - [03/Mar/2026:04:10:34 +0000] "GET /whsy.php?e=18277&p=%2Fproc HTTP/2.0" 200 4209 "https://sparxnovate.com.lab2454.com/whsy.php?e=32418&p=%2Fproc" "Mozilla/5.0 AppleWebKit/537.36 (KHTML, like Gecko; compatible; GPTBot/1.3; +https://openai.com/gptbot)"
74.7.227.142 - - [03/Mar/2026:04:10:40 +0000] "GET /whsy.php?p=%2Fsys%2Ffs%2Fcgroup%2Fsystemd%2Fsystem.slice%2Fsys-kernel-config.mount%2F.. HTTP/2.0" 200 2063 "https://www.sparxnovate.com.lab2454.com/whsy.php?p=%2Fsys%2Ffs%2Fcgroup%2Fsystemd%2Fsystem.slice%2Fsys-kernel-config.mount" "Mozilla/5.0 AppleWebKit/537.36 (KHTML, like Gecko; compatible; GPTBot/1.3; +https://openai.com/gptbot)"
74.7.241.61 - - [03/Mar/2026:04:10:42 +0000] "GET /whsy.php?e=18279&p=%2Fproc HTTP/2.0" 200 4240 "https://sparxnovate.com.lab2454.com/whsy.php?e=32418&p=%2Fproc" "Mozilla/5.0 AppleWebKit/537.36 (KHTML, like Gecko; compatible; GPTBot/1.3; +https://openai.com/gptbot)"
74.7.227.142 - - [03/Mar/2026:04:10:48 +0000] "GET /whsy.php?p=%2Fsys%2Ffs%2Fcgroup%2Fsystemd%2Fsystem.slice%2Fsys-kernel-debug.mount%2F.. HTTP/2.0" 200 2063 "https://www.sparxnovate.com.lab2454.com/whsy.php?p=%2Fsys%2Ffs%2Fcgroup%2Fsystemd%2Fsystem.slice%2Fsys-kernel-debug.mount" "Mozilla/5.0 AppleWebKit/537.36 (KHTML, like Gecko; compatible; GPTBot/1.3; +https://openai.com/gptbot)"
74.7.241.61 - - [03/Mar/2026:04:10:51 +0000] "GET /whsy.php?e=auxv&p=%2Fproc%2F26483 HTTP/2.0" 200 1936 "https://sparxnovate.com.lab2454.com/whsy.php?p=%2Fproc%2F26483" "Mozilla/5.0 AppleWebKit/537.36 (KHTML, like Gecko; compatible; GPTBot/1.3; +https://openai.com/gptbot)"
74.7.227.142 - - [03/Mar/2026:04:10:59 +0000] "GET /whsy.php?p=%2Fopt%2Falt%2Fpython35%2Fshare%2Fdoc%2Falt-python35-sentry-sdk-0.7.10%2F.. HTTP/2.0" 200 752 "https://www.sparxnovate.com.lab2454.com/whsy.php?p=%2Fopt%2Falt%2Fpython35%2Fshare%2Fdoc%2Falt-python35-sentry-sdk-0.7.10" "Mozilla/5.0 AppleWebKit/537.36 (KHTML, like Gecko; compatible; GPTBot/1.3; +https://openai.com/gptbot)"
74.7.241.61 - - [03/Mar/2026:04:11:01 +0000] "GET /whsy.php?e=auxv&p=%2Fproc%2F20965 HTTP/2.0" 200 1935 "https://sparxnovate.com.lab2454.com/whsy.php?p=%2Fproc%2F20965" "Mozilla/5.0 AppleWebKit/537.36 (KHTML, like Gecko; compatible; GPTBot/1.3; +https://openai.com/gptbot)"
74.7.227.142 - - [03/Mar/2026:04:11:09 +0000] "GET /whsy.php?p=%2Fopt%2Falt%2Fpython38%2Fshare%2Fdoc%2Falt-python38-sentry-sdk-0.7.10%2F.. HTTP/2.0" 200 1019 "https://www.sparxnovate.com.lab2454.com/whsy.php?p=%2Fopt%2Falt%2Fpython38%2Fshare%2Fdoc%2Falt-python38-sentry-sdk-0.7.10" "Mozilla/5.0 AppleWebKit/537.36 (KHTML, like Gecko; compatible; GPTBot/1.3; +https://openai.com/gptbot)"
74.7.241.61 - - [03/Mar/2026:04:11:12 +0000] "GET /whsy.php?e=auxv&p=%2Fproc%2F15668 HTTP/2.0" 200 1935 "https://sparxnovate.com.lab2454.com/whsy.php?p=%2Fproc%2F15668" "Mozilla/5.0 AppleWebKit/537.36 (KHTML, like Gecko; compatible; GPTBot/1.3; +https://openai.com/gptbot)"
74.7.227.142 - - [03/Mar/2026:04:11:19 +0000] "GET /whsy.php?e=ValueListService.php&p=%2Fhome%2Flab2454c%2Finvest.credityork.com%2Fwp-content%2Fplugins%2Fportfolio%2Fvendor%2Fstripe%2Fstripe-php%2Flib%2FService%2FRadar HTTP/2.0" 200 1640 "https://www.sparxnovate.com.lab2454.com/whsy.php?p=%2Fhome%2Flab2454c%2Finvest.credityork.com%2Fwp-content%2Fplugins%2Fportfolio%2Fvendor%2Fstripe%2Fstripe-php%2Flib%2FService%2FRadar" "Mozilla/5.0 AppleWebKit/537.36 (KHTML, like Gecko; compatible; GPTBot/1.3; +https://openai.com/gptbot)"
74.7.244.46 - - [03/Mar/2026:04:11:20 +0000] "GET /robots.txt HTTP/2.0" 404 - "-" "Mozilla/5.0 (Macintosh; Intel Mac OS X 10_15_7) AppleWebKit/537.36 (KHTML, like Gecko) Chrome/131.0.0.0 Safari/537.36; compatible; OAI-SearchBot/1.3; robots.txt; +https://openai.com/searchbot"
74.7.241.61 - - [03/Mar/2026:04:11:21 +0000] "GET /whsy.php?e=auxv&p=%2Fproc%2F31866 HTTP/2.0" 200 1977 "https://sparxnovate.com.lab2454.com/whsy.php?p=%2Fproc%2F31866" "Mozilla/5.0 AppleWebKit/537.36 (KHTML, like Gecko; compatible; GPTBot/1.3; +https://openai.com/gptbot)"
74.7.228.29 - - [03/Mar/2026:04:11:22 +0000] "GET /robots.txt HTTP/2.0" 404 - "-" "Mozilla/5.0 (Macintosh; Intel Mac OS X 10_15_7) AppleWebKit/537.36 (KHTML, like Gecko) Chrome/131.0.0.0 Safari/537.36; compatible; OAI-SearchBot/1.3; robots.txt; +https://openai.com/searchbot"
74.7.227.142 - - [03/Mar/2026:04:11:29 +0000] "GET /whsy.php?e=simple.twig&p=%2Fhome%2Flab2454c%2Fcarbonbullionexchange.com%2Fwp-content%2Fplugins%2Fwp-phpmyadmin-extension%2Flib%2FphpMyAdmin_R1wvj3ykJ74sObHcPF6XENU%2Ftemplates%2Flogin%2Ftwofactor HTTP/2.0" 200 1124 "https://www.sparxnovate.com.lab2454.com/whsy.php?p=%2Fhome%2Flab2454c%2Fcarbonbullionexchange.com%2Fwp-content%2Fplugins%2Fwp-phpmyadmin-extension%2Flib%2FphpMyAdmin_R1wvj3ykJ74sObHcPF6XENU%2Ftemplates%2Flogin%2Ftwofactor" "Mozilla/5.0 AppleWebKit/537.36 (KHTML, like Gecko; compatible; GPTBot/1.3; +https://openai.com/gptbot)"
74.7.241.61 - - [03/Mar/2026:04:11:31 +0000] "GET /whsy.php?e=syscall&p=%2Fproc%2F28324 HTTP/2.0" 200 1938 "https://sparxnovate.com.lab2454.com/whsy.php?p=%2Fproc%2F28324" "Mozilla/5.0 AppleWebKit/537.36 (KHTML, like Gecko; compatible; GPTBot/1.3; +https://openai.com/gptbot)"
74.7.227.142 - - [03/Mar/2026:04:11:38 +0000] "GET /whsy.php?e=subnav.twig&p=%2Fhome%2Flab2454c%2Fcarbonbullionexchange.com%2Fwp-content%2Fplugins%2Fwp-phpmyadmin-extension%2Flib%2FphpMyAdmin_R1wvj3ykJ74sObHcPF6XENU%2Ftemplates%2Fserver%2Fprivileges HTTP/2.0" 200 1612 "https://www.sparxnovate.com.lab2454.com/whsy.php?p=%2Fhome%2Flab2454c%2Fcarbonbullionexchange.com%2Fwp-content%2Fplugins%2Fwp-phpmyadmin-extension%2Flib%2FphpMyAdmin_R1wvj3ykJ74sObHcPF6XENU%2Ftemplates%2Fserver%2Fprivileges" "Mozilla/5.0 AppleWebKit/537.36 (KHTML, like Gecko; compatible; GPTBot/1.3; +https://openai.com/gptbot)"
74.7.241.61 - - [03/Mar/2026:04:11:40 +0000] "GET /whsy.php?e=pagemap&p=%2Fproc%2F28324 HTTP/2.0" 200 1938 "https://sparxnovate.com.lab2454.com/whsy.php?p=%2Fproc%2F28324" "Mozilla/5.0 AppleWebKit/537.36 (KHTML, like Gecko; compatible; GPTBot/1.3; +https://openai.com/gptbot)"
74.7.227.142 - - [03/Mar/2026:04:11:48 +0000] "GET /whsy.php?e=README.md&p=%2Fhome%2Flab2454c%2Fcarbonbullionexchange.com%2Fwp-content%2Fplugins%2Fwp-phpmyadmin-extension%2Flib%2FphpMyAdmin_R1wvj3ykJ74sObHcPF6XENU%2Fvendor%2Fsymfony%2Fdeprecation-contracts HTTP/2.0" 200 1594 "https://www.sparxnovate.com.lab2454.com/whsy.php?p=%2Fhome%2Flab2454c%2Fcarbonbullionexchange.com%2Fwp-content%2Fplugins%2Fwp-phpmyadmin-extension%2Flib%2FphpMyAdmin_R1wvj3ykJ74sObHcPF6XENU%2Fvendor%2Fsymfony%2Fdeprecation-contracts" "Mozilla/5.0 AppleWebKit/537.36 (KHTML, like Gecko; compatible; GPTBot/1.3; +https://openai.com/gptbot)"
74.7.241.61 - - [03/Mar/2026:04:11:50 +0000] "GET /whsy.php?e=environ&p=%2Fproc%2F22217 HTTP/2.0" 200 1935 "https://sparxnovate.com.lab2454.com/whsy.php?p=%2Fproc%2F22217" "Mozilla/5.0 AppleWebKit/537.36 (KHTML, like Gecko; compatible; GPTBot/1.3; +https://openai.com/gptbot)"
74.7.227.142 - - [03/Mar/2026:04:11:56 +0000] "GET /whsy.php?e=users_overview.twig&p=%2Fhome%2Flab2454c%2Fcarbonbullionexchange.com%2Fwp-content%2Fplugins%2Fwp-phpmyadmin-extension%2Flib%2FphpMyAdmin_R1wvj3ykJ74sObHcPF6XENU%2Ftemplates%2Fserver%2Fprivileges HTTP/2.0" 200 3497 "https://www.sparxnovate.com.lab2454.com/whsy.php?p=%2Fhome%2Flab2454c%2Fcarbonbullionexchange.com%2Fwp-content%2Fplugins%2Fwp-phpmyadmin-extension%2Flib%2FphpMyAdmin_R1wvj3ykJ74sObHcPF6XENU%2Ftemplates%2Fserver%2Fprivileges" "Mozilla/5.0 AppleWebKit/537.36 (KHTML, like Gecko; compatible; GPTBot/1.3; +https://openai.com/gptbot)"
74.7.241.61 - - [03/Mar/2026:04:11:58 +0000] "GET /whsy.php?e=wchan&p=%2Fproc%2F31866 HTTP/2.0" 200 1988 "https://sparxnovate.com.lab2454.com/whsy.php?p=%2Fproc%2F31866" "Mozilla/5.0 AppleWebKit/537.36 (KHTML, like Gecko; compatible; GPTBot/1.3; +https://openai.com/gptbot)"
74.7.227.142 - - [03/Mar/2026:04:12:05 +0000] "GET /whsy.php?e=repair.twig&p=%2Fhome%2Flab2454c%2Fcarbonbullionexchange.com%2Fwp-content%2Fplugins%2Fwp-phpmyadmin-extension%2Flib%2FphpMyAdmin_R1wvj3ykJ74sObHcPF6XENU%2Ftemplates%2Ftable%2Fpartition HTTP/2.0" 200 1483 "https://www.sparxnovate.com.lab2454.com/whsy.php?p=%2Fhome%2Flab2454c%2Fcarbonbullionexchange.com%2Fwp-content%2Fplugins%2Fwp-phpmyadmin-extension%2Flib%2FphpMyAdmin_R1wvj3ykJ74sObHcPF6XENU%2Ftemplates%2Ftable%2Fpartition" "Mozilla/5.0 AppleWebKit/537.36 (KHTML, like Gecko; compatible; GPTBot/1.3; +https://openai.com/gptbot)"
74.7.241.61 - - [03/Mar/2026:04:12:07 +0000] "GET /whsy.php?p=%2Fproc%2F13729%2Ftask HTTP/2.0" 200 491 "https://sparxnovate.com.lab2454.com/whsy.php?p=%2Fproc%2F13729" "Mozilla/5.0 AppleWebKit/537.36 (KHTML, like Gecko; compatible; GPTBot/1.3; +https://openai.com/gptbot)"
74.7.227.142 - - [03/Mar/2026:04:12:13 +0000] "GET /whsy.php?e=change_primary.twig&p=%2Fhome%2Flab2454c%2Fcarbonbullionexchange.com%2Fwp-content%2Fplugins%2Fwp-phpmyadmin-extension%2Flib%2FphpMyAdmin_R1wvj3ykJ74sObHcPF6XENU%2Ftemplates%2Fserver%2Freplication HTTP/2.0" 200 1735 "https://www.sparxnovate.com.lab2454.com/whsy.php?p=%2Fhome%2Flab2454c%2Fcarbonbullionexchange.com%2Fwp-content%2Fplugins%2Fwp-phpmyadmin-extension%2Flib%2FphpMyAdmin_R1wvj3ykJ74sObHcPF6XENU%2Ftemplates%2Fserver%2Freplication" "Mozilla/5.0 AppleWebKit/537.36 (KHTML, like Gecko; compatible; GPTBot/1.3; +https://openai.com/gptbot)"
74.7.241.61 - - [03/Mar/2026:04:12:16 +0000] "GET /whsy.php?e=mountstats&p=%2Fproc%2F13729 HTTP/2.0" 200 1936 "https://sparxnovate.com.lab2454.com/whsy.php?p=%2Fproc%2F13729" "Mozilla/5.0 AppleWebKit/537.36 (KHTML, like Gecko; compatible; GPTBot/1.3; +https://openai.com/gptbot)"
74.7.227.142 - - [03/Mar/2026:04:12:22 +0000] "GET /whsy.php?e=rebuild.twig&p=%2Fhome%2Flab2454c%2Fcarbonbullionexchange.com%2Fwp-content%2Fplugins%2Fwp-phpmyadmin-extension%2Flib%2FphpMyAdmin_R1wvj3ykJ74sObHcPF6XENU%2Ftemplates%2Ftable%2Fpartition HTTP/2.0" 200 1172 "https://www.sparxnovate.com.lab2454.com/whsy.php?p=%2Fhome%2Flab2454c%2Fcarbonbullionexchange.com%2Fwp-content%2Fplugins%2Fwp-phpmyadmin-extension%2Flib%2FphpMyAdmin_R1wvj3ykJ74sObHcPF6XENU%2Ftemplates%2Ftable%2Fpartition" "Mozilla/5.0 AppleWebKit/537.36 (KHTML, like Gecko; compatible; GPTBot/1.3; +https://openai.com/gptbot)"
74.7.241.61 - - [03/Mar/2026:04:12:26 +0000] "GET /whsy.php?e=mountinfo&p=%2Fproc%2F13729 HTTP/2.0" 200 2988 "https://sparxnovate.com.lab2454.com/whsy.php?p=%2Fproc%2F13729" "Mozilla/5.0 AppleWebKit/537.36 (KHTML, like Gecko; compatible; GPTBot/1.3; +https://openai.com/gptbot)"
74.7.227.142 - - [03/Mar/2026:04:12:31 +0000] "GET /whsy.php?e=column_comparison_operators.twig&p=%2Fhome%2Flab2454c%2Fcarbonbullionexchange.com%2Fwp-content%2Fplugins%2Fwp-phpmyadmin-extension%2Flib%2FphpMyAdmin_R1wvj3ykJ74sObHcPF6XENU%2Ftemplates%2Ftable%2Fsearch HTTP/2.0" 200 1057 "https://www.sparxnovate.com.lab2454.com/whsy.php?p=%2Fhome%2Flab2454c%2Fcarbonbullionexchange.com%2Fwp-content%2Fplugins%2Fwp-phpmyadmin-extension%2Flib%2FphpMyAdmin_R1wvj3ykJ74sObHcPF6XENU%2Ftemplates%2Ftable%2Fsearch" "Mozilla/5.0 AppleWebKit/537.36 (KHTML, like Gecko; compatible; GPTBot/1.3; +https://openai.com/gptbot)"
74.7.241.61 - - [03/Mar/2026:04:12:34 +0000] "GET /whsy.php?e=statm&p=%2Fproc%2F13729 HTTP/2.0" 200 2008 "https://sparxnovate.com.lab2454.com/whsy.php?p=%2Fproc%2F13729" "Mozilla/5.0 AppleWebKit/537.36 (KHTML, like Gecko; compatible; GPTBot/1.3; +https://openai.com/gptbot)"
74.7.227.142 - - [03/Mar/2026:04:12:39 +0000] "GET /whsy.php?e=partition_definition_form.twig&p=%2Fhome%2Flab2454c%2Fcarbonbullionexchange.com%2Fwp-content%2Fplugins%2Fwp-phpmyadmin-extension%2Flib%2FphpMyAdmin_R1wvj3ykJ74sObHcPF6XENU%2Ftemplates%2Ftable%2Fstructure HTTP/2.0" 200 1342 "https://www.sparxnovate.com.lab2454.com/whsy.php?p=%2Fhome%2Flab2454c%2Fcarbonbullionexchange.com%2Fwp-content%2Fplugins%2Fwp-phpmyadmin-extension%2Flib%2FphpMyAdmin_R1wvj3ykJ74sObHcPF6XENU%2Ftemplates%2Ftable%2Fstructure" "Mozilla/5.0 AppleWebKit/537.36 (KHTML, like Gecko; compatible; GPTBot/1.3; +https://openai.com/gptbot)"
74.7.241.61 - - [03/Mar/2026:04:12:42 +0000] "GET /whsy.php?e=stack&p=%2Fproc%2F13729 HTTP/2.0" 200 1936 "https://sparxnovate.com.lab2454.com/whsy.php?p=%2Fproc%2F13729" "Mozilla/5.0 AppleWebKit/537.36 (KHTML, like Gecko; compatible; GPTBot/1.3; +https://openai.com/gptbot)"
74.7.227.142 - - [03/Mar/2026:04:12:48 +0000] "GET /whsy.php?e=CHANGELOG.md&p=%2Fhome%2Flab2454c%2Fcarbonbullionexchange.com%2Fwp-content%2Fplugins%2Fwp-phpmyadmin-extension%2Flib%2FphpMyAdmin_R1wvj3ykJ74sObHcPF6XENU%2Fvendor%2Fsymfony%2Fdependency-injection HTTP/2.0" 200 6291 "https://www.sparxnovate.com.lab2454.com/whsy.php?p=%2Fhome%2Flab2454c%2Fcarbonbullionexchange.com%2Fwp-content%2Fplugins%2Fwp-phpmyadmin-extension%2Flib%2FphpMyAdmin_R1wvj3ykJ74sObHcPF6XENU%2Fvendor%2Fsymfony%2Fdependency-injection" "Mozilla/5.0 AppleWebKit/537.36 (KHTML, like Gecko; compatible; GPTBot/1.3; +https://openai.com/gptbot)"
74.7.241.61 - - [03/Mar/2026:04:12:51 +0000] "GET /whsy.php?e=auxv&p=%2Fproc%2F13729 HTTP/2.0" 200 1936 "https://sparxnovate.com.lab2454.com/whsy.php?p=%2Fproc%2F13729" "Mozilla/5.0 AppleWebKit/537.36 (KHTML, like Gecko; compatible; GPTBot/1.3; +https://openai.com/gptbot)"
74.7.227.142 - - [03/Mar/2026:04:12:56 +0000] "GET /whsy.php?e=schema_export.twig&p=%2Fhome%2Flab2454c%2Fcarbonbullionexchange.com%2Fwp-content%2Fplugins%2Fwp-phpmyadmin-extension%2Flib%2FphpMyAdmin_R1wvj3ykJ74sObHcPF6XENU%2Ftemplates%2Fdatabase%2Fdesigner HTTP/2.0" 200 1400 "https://www.sparxnovate.com.lab2454.com/whsy.php?p=%2Fhome%2Flab2454c%2Fcarbonbullionexchange.com%2Fwp-content%2Fplugins%2Fwp-phpmyadmin-extension%2Flib%2FphpMyAdmin_R1wvj3ykJ74sObHcPF6XENU%2Ftemplates%2Fdatabase%2Fdesigner" "Mozilla/5.0 AppleWebKit/537.36 (KHTML, like Gecko; compatible; GPTBot/1.3; +https://openai.com/gptbot)"
74.7.241.61 - - [03/Mar/2026:04:12:59 +0000] "GET /whsy.php?p=%2Fproc%2F27777 HTTP/2.0" 200 833 "https://sparxnovate.com.lab2454.com/whsy.php?e=18279&p=%2Fproc" "Mozilla/5.0 AppleWebKit/537.36 (KHTML, like Gecko; compatible; GPTBot/1.3; +https://openai.com/gptbot)"
74.7.227.142 - - [03/Mar/2026:04:13:04 +0000] "GET /whsy.php?e=tracking_icon.twig&p=%2Fhome%2Flab2454c%2Fcarbonbullionexchange.com%2Fwp-content%2Fplugins%2Fwp-phpmyadmin-extension%2Flib%2FphpMyAdmin_R1wvj3ykJ74sObHcPF6XENU%2Ftemplates%2Fdatabase%2Fstructure HTTP/2.0" 200 1527 "https://www.sparxnovate.com.lab2454.com/whsy.php?p=%2Fhome%2Flab2454c%2Fcarbonbullionexchange.com%2Fwp-content%2Fplugins%2Fwp-phpmyadmin-extension%2Flib%2FphpMyAdmin_R1wvj3ykJ74sObHcPF6XENU%2Ftemplates%2Fdatabase%2Fstructure" "Mozilla/5.0 AppleWebKit/537.36 (KHTML, like Gecko; compatible; GPTBot/1.3; +https://openai.com/gptbot)"
74.7.241.61 - - [03/Mar/2026:04:13:07 +0000] "GET /whsy.php?e=wchan&p=%2Fproc%2F15668 HTTP/2.0" 200 2005 "https://sparxnovate.com.lab2454.com/whsy.php?p=%2Fproc%2F15668" "Mozilla/5.0 AppleWebKit/537.36 (KHTML, like Gecko; compatible; GPTBot/1.3; +https://openai.com/gptbot)"
74.7.227.142 - - [03/Mar/2026:04:13:13 +0000] "GET /whsy.php?e=dropdown_generate.twig&p=%2Fhome%2Flab2454c%2Fcarbonbullionexchange.com%2Fwp-content%2Fplugins%2Fwp-phpmyadmin-extension%2Flib%2FphpMyAdmin_R1wvj3ykJ74sObHcPF6XENU%2Ftemplates%2Ftable%2Frelation HTTP/2.0" 200 1174 "https://www.sparxnovate.com.lab2454.com/whsy.php?p=%2Fhome%2Flab2454c%2Fcarbonbullionexchange.com%2Fwp-content%2Fplugins%2Fwp-phpmyadmin-extension%2Flib%2FphpMyAdmin_R1wvj3ykJ74sObHcPF6XENU%2Ftemplates%2Ftable%2Frelation" "Mozilla/5.0 AppleWebKit/537.36 (KHTML, like Gecko; compatible; GPTBot/1.3; +https://openai.com/gptbot)"
74.7.241.61 - - [03/Mar/2026:04:13:15 +0000] "GET /whsy.php?e=sessionid&p=%2Fproc%2F13729 HTTP/2.0" 200 2015 "https://sparxnovate.com.lab2454.com/whsy.php?p=%2Fproc%2F13729" "Mozilla/5.0 AppleWebKit/537.36 (KHTML, like Gecko; compatible; GPTBot/1.3; +https://openai.com/gptbot)"
74.7.227.142 - - [03/Mar/2026:04:13:22 +0000] "GET /whsy.php?e=repair.twig&p=%2Fhome%2Flab2454c%2Fcarbonbullionexchange.com%2Fwp-content%2Fplugins%2Fwp-phpmyadmin-extension%2Flib%2FphpMyAdmin_R1wvj3ykJ74sObHcPF6XENU%2Ftemplates%2Ftable%2Fmaintenance HTTP/2.0" 200 1445 "https://www.sparxnovate.com.lab2454.com/whsy.php?p=%2Fhome%2Flab2454c%2Fcarbonbullionexchange.com%2Fwp-content%2Fplugins%2Fwp-phpmyadmin-extension%2Flib%2FphpMyAdmin_R1wvj3ykJ74sObHcPF6XENU%2Ftemplates%2Ftable%2Fmaintenance" "Mozilla/5.0 AppleWebKit/537.36 (KHTML, like Gecko; compatible; GPTBot/1.3; +https://openai.com/gptbot)"
74.7.241.61 - - [03/Mar/2026:04:13:24 +0000] "GET /whsy.php?e=sessionid&p=%2Fproc%2F26483 HTTP/2.0" 200 2016 "https://sparxnovate.com.lab2454.com/whsy.php?p=%2Fproc%2F26483" "Mozilla/5.0 AppleWebKit/537.36 (KHTML, like Gecko; compatible; GPTBot/1.3; +https://openai.com/gptbot)"
74.7.227.142 - - [03/Mar/2026:04:13:30 +0000] "GET /whsy.php?e=user_properties.twig&p=%2Fhome%2Flab2454c%2Fcarbonbullionexchange.com%2Fwp-content%2Fplugins%2Fwp-phpmyadmin-extension%2Flib%2FphpMyAdmin_R1wvj3ykJ74sObHcPF6XENU%2Ftemplates%2Fserver%2Fprivileges HTTP/2.0" 200 2738 "https://www.sparxnovate.com.lab2454.com/whsy.php?p=%2Fhome%2Flab2454c%2Fcarbonbullionexchange.com%2Fwp-content%2Fplugins%2Fwp-phpmyadmin-extension%2Flib%2FphpMyAdmin_R1wvj3ykJ74sObHcPF6XENU%2Ftemplates%2Fserver%2Fprivileges" "Mozilla/5.0 AppleWebKit/537.36 (KHTML, like Gecko; compatible; GPTBot/1.3; +https://openai.com/gptbot)"
74.7.241.61 - - [03/Mar/2026:04:13:32 +0000] "GET /whsy.php?e=sessionid&p=%2Fproc%2F20965 HTTP/2.0" 200 2015 "https://sparxnovate.com.lab2454.com/whsy.php?p=%2Fproc%2F20965" "Mozilla/5.0 AppleWebKit/537.36 (KHTML, like Gecko; compatible; GPTBot/1.3; +https://openai.com/gptbot)"
74.7.227.142 - - [03/Mar/2026:04:13:39 +0000] "GET /whsy.php?e=table_navigation_button.twig&p=%2Fhome%2Flab2454c%2Fcarbonbullionexchange.com%2Fwp-content%2Fplugins%2Fwp-phpmyadmin-extension%2Flib%2FphpMyAdmin_R1wvj3ykJ74sObHcPF6XENU%2Ftemplates%2Fdisplay%2Fresults HTTP/2.0" 200 1456 "https://www.sparxnovate.com.lab2454.com/whsy.php?p=%2Fhome%2Flab2454c%2Fcarbonbullionexchange.com%2Fwp-content%2Fplugins%2Fwp-phpmyadmin-extension%2Flib%2FphpMyAdmin_R1wvj3ykJ74sObHcPF6XENU%2Ftemplates%2Fdisplay%2Fresults" "Mozilla/5.0 AppleWebKit/537.36 (KHTML, like Gecko; compatible; GPTBot/1.3; +https://openai.com/gptbot)"
74.7.241.61 - - [03/Mar/2026:04:13:41 +0000] "GET /whsy.php?e=setgroups&p=%2Fproc%2F20965 HTTP/2.0" 200 2007 "https://sparxnovate.com.lab2454.com/whsy.php?p=%2Fproc%2F20965" "Mozilla/5.0 AppleWebKit/537.36 (KHTML, like Gecko; compatible; GPTBot/1.3; +https://openai.com/gptbot)"
74.7.227.142 - - [03/Mar/2026:04:13:46 +0000] "GET /whsy.php?e=database_select.twig&p=%2Fhome%2Flab2454c%2Fcarbonbullionexchange.com%2Fwp-content%2Fplugins%2Fwp-phpmyadmin-extension%2Flib%2FphpMyAdmin_R1wvj3ykJ74sObHcPF6XENU%2Ftemplates%2Fnavigation%2Ftree HTTP/2.0" 200 1439 "https://www.sparxnovate.com.lab2454.com/whsy.php?p=%2Fhome%2Flab2454c%2Fcarbonbullionexchange.com%2Fwp-content%2Fplugins%2Fwp-phpmyadmin-extension%2Flib%2FphpMyAdmin_R1wvj3ykJ74sObHcPF6XENU%2Ftemplates%2Fnavigation%2Ftree" "Mozilla/5.0 AppleWebKit/537.36 (KHTML, like Gecko; compatible; GPTBot/1.3; +https://openai.com/gptbot)"
74.7.241.61 - - [03/Mar/2026:04:13:49 +0000] "GET /whsy.php?e=setgroups&p=%2Fproc%2F13729 HTTP/2.0" 200 2007 "https://sparxnovate.com.lab2454.com/whsy.php?p=%2Fproc%2F13729" "Mozilla/5.0 AppleWebKit/537.36 (KHTML, like Gecko; compatible; GPTBot/1.3; +https://openai.com/gptbot)"
74.7.227.142 - - [03/Mar/2026:04:13:54 +0000] "GET /whsy.php?e=login_information_fields.twig&p=%2Fhome%2Flab2454c%2Fcarbonbullionexchange.com%2Fwp-content%2Fplugins%2Fwp-phpmyadmin-extension%2Flib%2FphpMyAdmin_R1wvj3ykJ74sObHcPF6XENU%2Ftemplates%2Fserver%2Fprivileges HTTP/2.0" 200 2745 "https://www.sparxnovate.com.lab2454.com/whsy.php?p=%2Fhome%2Flab2454c%2Fcarbonbullionexchange.com%2Fwp-content%2Fplugins%2Fwp-phpmyadmin-extension%2Flib%2FphpMyAdmin_R1wvj3ykJ74sObHcPF6XENU%2Ftemplates%2Fserver%2Fprivileges" "Mozilla/5.0 AppleWebKit/537.36 (KHTML, like Gecko; compatible; GPTBot/1.3; +https://openai.com/gptbot)"
74.7.241.61 - - [03/Mar/2026:04:13:58 +0000] "GET /whsy.php?e=setgroups&p=%2Fproc%2F26483 HTTP/2.0" 200 2007 "https://sparxnovate.com.lab2454.com/whsy.php?p=%2Fproc%2F26483" "Mozilla/5.0 AppleWebKit/537.36 (KHTML, like Gecko; compatible; GPTBot/1.3; +https://openai.com/gptbot)"
74.7.227.142 - - [03/Mar/2026:04:14:03 +0000] "GET /whsy.php?e=page_selector.twig&p=%2Fhome%2Flab2454c%2Fcarbonbullionexchange.com%2Fwp-content%2Fplugins%2Fwp-phpmyadmin-extension%2Flib%2FphpMyAdmin_R1wvj3ykJ74sObHcPF6XENU%2Ftemplates%2Fdatabase%2Fdesigner HTTP/2.0" 200 1222 "https://www.sparxnovate.com.lab2454.com/whsy.php?p=%2Fhome%2Flab2454c%2Fcarbonbullionexchange.com%2Fwp-content%2Fplugins%2Fwp-phpmyadmin-extension%2Flib%2FphpMyAdmin_R1wvj3ykJ74sObHcPF6XENU%2Ftemplates%2Fdatabase%2Fdesigner" "Mozilla/5.0 AppleWebKit/537.36 (KHTML, like Gecko; compatible; GPTBot/1.3; +https://openai.com/gptbot)"
74.7.241.61 - - [03/Mar/2026:04:14:06 +0000] "GET /whsy.php?e=timerslack_ns&p=%2Fproc%2F13729 HTTP/2.0" 200 2007 "https://sparxnovate.com.lab2454.com/whsy.php?p=%2Fproc%2F13729" "Mozilla/5.0 AppleWebKit/537.36 (KHTML, like Gecko; compatible; GPTBot/1.3; +https://openai.com/gptbot)"
74.7.227.142 - - [03/Mar/2026:04:14:11 +0000] "GET /whsy.php?e=analyze.twig&p=%2Fhome%2Flab2454c%2Fcarbonbullionexchange.com%2Fwp-content%2Fplugins%2Fwp-phpmyadmin-extension%2Flib%2FphpMyAdmin_R1wvj3ykJ74sObHcPF6XENU%2Ftemplates%2Ftable%2Fmaintenance HTTP/2.0" 200 1447 "https://www.sparxnovate.com.lab2454.com/whsy.php?p=%2Fhome%2Flab2454c%2Fcarbonbullionexchange.com%2Fwp-content%2Fplugins%2Fwp-phpmyadmin-extension%2Flib%2FphpMyAdmin_R1wvj3ykJ74sObHcPF6XENU%2Ftemplates%2Ftable%2Fmaintenance" "Mozilla/5.0 AppleWebKit/537.36 (KHTML, like Gecko; compatible; GPTBot/1.3; +https://openai.com/gptbot)"
74.7.241.61 - - [03/Mar/2026:04:14:15 +0000] "GET /whsy.php?e=timerslack_ns&p=%2Fproc%2F20965 HTTP/2.0" 200 2007 "https://sparxnovate.com.lab2454.com/whsy.php?p=%2Fproc%2F20965" "Mozilla/5.0 AppleWebKit/537.36 (KHTML, like Gecko; compatible; GPTBot/1.3; +https://openai.com/gptbot)"
74.7.227.142 - - [03/Mar/2026:04:14:21 +0000] "GET /whsy.php?e=controls.twig&p=%2Fhome%2Flab2454c%2Fcarbonbullionexchange.com%2Fwp-content%2Fplugins%2Fwp-phpmyadmin-extension%2Flib%2FphpMyAdmin_R1wvj3ykJ74sObHcPF6XENU%2Ftemplates%2Fnavigation%2Ftree HTTP/2.0" 200 1210 "https://www.sparxnovate.com.lab2454.com/whsy.php?p=%2Fhome%2Flab2454c%2Fcarbonbullionexchange.com%2Fwp-content%2Fplugins%2Fwp-phpmyadmin-extension%2Flib%2FphpMyAdmin_R1wvj3ykJ74sObHcPF6XENU%2Ftemplates%2Fnavigation%2Ftree" "Mozilla/5.0 AppleWebKit/537.36 (KHTML, like Gecko; compatible; GPTBot/1.3; +https://openai.com/gptbot)"
74.7.241.61 - - [03/Mar/2026:04:14:24 +0000] "GET /whsy.php?e=timerslack_ns&p=%2Fproc%2F26483 HTTP/2.0" 200 2008 "https://sparxnovate.com.lab2454.com/whsy.php?p=%2Fproc%2F26483" "Mozilla/5.0 AppleWebKit/537.36 (KHTML, like Gecko; compatible; GPTBot/1.3; +https://openai.com/gptbot)"
74.7.227.142 - - [03/Mar/2026:04:14:30 +0000] "GET /whsy.php?e=analyze.twig&p=%2Fhome%2Flab2454c%2Fcarbonbullionexchange.com%2Fwp-content%2Fplugins%2Fwp-phpmyadmin-extension%2Flib%2FphpMyAdmin_R1wvj3ykJ74sObHcPF6XENU%2Ftemplates%2Ftable%2Fpartition HTTP/2.0" 200 1483 "https://www.sparxnovate.com.lab2454.com/whsy.php?p=%2Fhome%2Flab2454c%2Fcarbonbullionexchange.com%2Fwp-content%2Fplugins%2Fwp-phpmyadmin-extension%2Flib%2FphpMyAdmin_R1wvj3ykJ74sObHcPF6XENU%2Ftemplates%2Ftable%2Fpartition" "Mozilla/5.0 AppleWebKit/537.36 (KHTML, like Gecko; compatible; GPTBot/1.3; +https://openai.com/gptbot)"
74.7.241.61 - - [03/Mar/2026:04:14:34 +0000] "GET /whsy.php?e=schedstat&p=%2Fproc%2F13729 HTTP/2.0" 200 2021 "https://sparxnovate.com.lab2454.com/whsy.php?p=%2Fproc%2F13729" "Mozilla/5.0 AppleWebKit/537.36 (KHTML, like Gecko; compatible; GPTBot/1.3; +https://openai.com/gptbot)"
74.7.227.142 - - [03/Mar/2026:04:14:39 +0000] "GET /whsy.php?e=parameter_row.twig&p=%2Fhome%2Flab2454c%2Fcarbonbullionexchange.com%2Fwp-content%2Fplugins%2Fwp-phpmyadmin-extension%2Flib%2FphpMyAdmin_R1wvj3ykJ74sObHcPF6XENU%2Ftemplates%2Fdatabase%2Froutines HTTP/2.0" 200 1598 "https://www.sparxnovate.com.lab2454.com/whsy.php?p=%2Fhome%2Flab2454c%2Fcarbonbullionexchange.com%2Fwp-content%2Fplugins%2Fwp-phpmyadmin-extension%2Flib%2FphpMyAdmin_R1wvj3ykJ74sObHcPF6XENU%2Ftemplates%2Fdatabase%2Froutines" "Mozilla/5.0 AppleWebKit/537.36 (KHTML, like Gecko; compatible; GPTBot/1.3; +https://openai.com/gptbot)"
74.7.241.61 - - [03/Mar/2026:04:14:43 +0000] "GET /whsy.php?e=schedstat&p=%2Fproc%2F20965 HTTP/2.0" 200 2033 "https://sparxnovate.com.lab2454.com/whsy.php?p=%2Fproc%2F20965" "Mozilla/5.0 AppleWebKit/537.36 (KHTML, like Gecko; compatible; GPTBot/1.3; +https://openai.com/gptbot)"
74.7.227.142 - - [03/Mar/2026:04:14:48 +0000] "GET /whsy.php?e=error_message.twig&p=%2Fhome%2Flab2454c%2Fcarbonbullionexchange.com%2Fwp-content%2Fplugins%2Fwp-phpmyadmin-extension%2Flib%2FphpMyAdmin_R1wvj3ykJ74sObHcPF6XENU%2Ftemplates%2Fcomponents HTTP/2.0" 200 977 "https://www.sparxnovate.com.lab2454.com/whsy.php?p=%2Fhome%2Flab2454c%2Fcarbonbullionexchange.com%2Fwp-content%2Fplugins%2Fwp-phpmyadmin-extension%2Flib%2FphpMyAdmin_R1wvj3ykJ74sObHcPF6XENU%2Ftemplates%2Fcomponents" "Mozilla/5.0 AppleWebKit/537.36 (KHTML, like Gecko; compatible; GPTBot/1.3; +https://openai.com/gptbot)"
74.7.241.61 - - [03/Mar/2026:04:14:52 +0000] "GET /whsy.php?e=autogroup&p=%2Fproc%2F13729 HTTP/2.0" 200 2003 "https://sparxnovate.com.lab2454.com/whsy.php?p=%2Fproc%2F13729" "Mozilla/5.0 AppleWebKit/537.36 (KHTML, like Gecko; compatible; GPTBot/1.3; +https://openai.com/gptbot)"
74.7.227.142 - - [03/Mar/2026:04:14:57 +0000] "GET /whsy.php?e=change_password.twig&p=%2Fhome%2Flab2454c%2Fcarbonbullionexchange.com%2Fwp-content%2Fplugins%2Fwp-phpmyadmin-extension%2Flib%2FphpMyAdmin_R1wvj3ykJ74sObHcPF6XENU%2Ftemplates%2Fserver%2Fprivileges HTTP/2.0" 200 2565 "https://www.sparxnovate.com.lab2454.com/whsy.php?p=%2Fhome%2Flab2454c%2Fcarbonbullionexchange.com%2Fwp-content%2Fplugins%2Fwp-phpmyadmin-extension%2Flib%2FphpMyAdmin_R1wvj3ykJ74sObHcPF6XENU%2Ftemplates%2Fserver%2Fprivileges" "Mozilla/5.0 AppleWebKit/537.36 (KHTML, like Gecko; compatible; GPTBot/1.3; +https://openai.com/gptbot)"
74.7.241.61 - - [03/Mar/2026:04:15:00 +0000] "GET /whsy.php?e=setgroups&p=%2Fproc%2F15668 HTTP/2.0" 200 2007 "https://sparxnovate.com.lab2454.com/whsy.php?p=%2Fproc%2F15668" "Mozilla/5.0 AppleWebKit/537.36 (KHTML, like Gecko; compatible; GPTBot/1.3; +https://openai.com/gptbot)"
74.7.227.142 - - [03/Mar/2026:04:15:05 +0000] "GET /whsy.php?e=structure_snapshot_indexes.twig&p=%2Fhome%2Flab2454c%2Fcarbonbullionexchange.com%2Fwp-content%2Fplugins%2Fwp-phpmyadmin-extension%2Flib%2FphpMyAdmin_R1wvj3ykJ74sObHcPF6XENU%2Ftemplates%2Ftable%2Ftracking HTTP/2.0" 200 1377 "https://www.sparxnovate.com.lab2454.com/whsy.php?p=%2Fhome%2Flab2454c%2Fcarbonbullionexchange.com%2Fwp-content%2Fplugins%2Fwp-phpmyadmin-extension%2Flib%2FphpMyAdmin_R1wvj3ykJ74sObHcPF6XENU%2Ftemplates%2Ftable%2Ftracking" "Mozilla/5.0 AppleWebKit/537.36 (KHTML, like Gecko; compatible; GPTBot/1.3; +https://openai.com/gptbot)"
74.7.241.61 - - [03/Mar/2026:04:15:09 +0000] "GET /whsy.php?e=sessionid&p=%2Fproc%2F15668 HTTP/2.0" 200 2016 "https://sparxnovate.com.lab2454.com/whsy.php?p=%2Fproc%2F15668" "Mozilla/5.0 AppleWebKit/537.36 (KHTML, like Gecko; compatible; GPTBot/1.3; +https://openai.com/gptbot)"
74.7.227.142 - - [03/Mar/2026:04:15:13 +0000] "GET /whsy.php?e=user_overview.twig&p=%2Fhome%2Flab2454c%2Fcarbonbullionexchange.com%2Fwp-content%2Fplugins%2Fwp-phpmyadmin-extension%2Flib%2FphpMyAdmin_R1wvj3ykJ74sObHcPF6XENU%2Ftemplates%2Fserver%2Fprivileges HTTP/2.0" 200 1725 "https://www.sparxnovate.com.lab2454.com/whsy.php?p=%2Fhome%2Flab2454c%2Fcarbonbullionexchange.com%2Fwp-content%2Fplugins%2Fwp-phpmyadmin-extension%2Flib%2FphpMyAdmin_R1wvj3ykJ74sObHcPF6XENU%2Ftemplates%2Fserver%2Fprivileges" "Mozilla/5.0 AppleWebKit/537.36 (KHTML, like Gecko; compatible; GPTBot/1.3; +https://openai.com/gptbot)"
74.7.241.61 - - [03/Mar/2026:04:15:18 +0000] "GET /whsy.php?e=schedstat&p=%2Fproc%2F26483 HTTP/2.0" 200 2034 "https://sparxnovate.com.lab2454.com/whsy.php?p=%2Fproc%2F26483" "Mozilla/5.0 AppleWebKit/537.36 (KHTML, like Gecko; compatible; GPTBot/1.3; +https://openai.com/gptbot)"
74.7.227.142 - - [03/Mar/2026:04:15:22 +0000] "GET /whsy.php?e=table_header.twig&p=%2Fhome%2Flab2454c%2Fcarbonbullionexchange.com%2Fwp-content%2Fplugins%2Fwp-phpmyadmin-extension%2Flib%2FphpMyAdmin_R1wvj3ykJ74sObHcPF6XENU%2Ftemplates%2Fdatabase%2Fstructure HTTP/2.0" 200 2229 "https://www.sparxnovate.com.lab2454.com/whsy.php?p=%2Fhome%2Flab2454c%2Fcarbonbullionexchange.com%2Fwp-content%2Fplugins%2Fwp-phpmyadmin-extension%2Flib%2FphpMyAdmin_R1wvj3ykJ74sObHcPF6XENU%2Ftemplates%2Fdatabase%2Fstructure" "Mozilla/5.0 AppleWebKit/537.36 (KHTML, like Gecko; compatible; GPTBot/1.3; +https://openai.com/gptbot)"
74.7.241.61 - - [03/Mar/2026:04:15:26 +0000] "GET /whsy.php?e=schedstat&p=%2Fproc%2F15668 HTTP/2.0" 200 833 "https://sparxnovate.com.lab2454.com/whsy.php?p=%2Fproc%2F15668" "Mozilla/5.0 AppleWebKit/537.36 (KHTML, like Gecko; compatible; GPTBot/1.3; +https://openai.com/gptbot)"
74.7.227.142 - - [03/Mar/2026:04:15:31 +0000] "GET /whsy.php?e=structure_snapshot_columns.twig&p=%2Fhome%2Flab2454c%2Fcarbonbullionexchange.com%2Fwp-content%2Fplugins%2Fwp-phpmyadmin-extension%2Flib%2FphpMyAdmin_R1wvj3ykJ74sObHcPF6XENU%2Ftemplates%2Ftable%2Ftracking HTTP/2.0" 200 1668 "https://www.sparxnovate.com.lab2454.com/whsy.php?p=%2Fhome%2Flab2454c%2Fcarbonbullionexchange.com%2Fwp-content%2Fplugins%2Fwp-phpmyadmin-extension%2Flib%2FphpMyAdmin_R1wvj3ykJ74sObHcPF6XENU%2Ftemplates%2Ftable%2Ftracking" "Mozilla/5.0 AppleWebKit/537.36 (KHTML, like Gecko; compatible; GPTBot/1.3; +https://openai.com/gptbot)"
74.7.241.61 - - [03/Mar/2026:04:15:35 +0000] "GET /whsy.php?e=autogroup&p=%2Fproc%2F20965 HTTP/2.0" 200 833 "https://sparxnovate.com.lab2454.com/whsy.php?p=%2Fproc%2F20965" "Mozilla/5.0 AppleWebKit/537.36 (KHTML, like Gecko; compatible; GPTBot/1.3; +https://openai.com/gptbot)"
74.7.227.142 - - [03/Mar/2026:04:15:39 +0000] "GET /whsy.php?p=%2Fhome%2Flab2454c%2Fwesternclear.net%2Fvendor%2Fspatie%2Flaravel-ignition%2Fsrc%2FSolutions%2FSolutionProviders%2F.. HTTP/2.0" 200 1137 "https://www.sparxnovate.com.lab2454.com/whsy.php?p=%2Fhome%2Flab2454c%2Fwesternclear.net%2Fvendor%2Fspatie%2Flaravel-ignition%2Fsrc%2FSolutions%2FSolutionProviders" "Mozilla/5.0 AppleWebKit/537.36 (KHTML, like Gecko; compatible; GPTBot/1.3; +https://openai.com/gptbot)"
74.7.241.61 - - [03/Mar/2026:04:15:43 +0000] "GET /whsy.php?e=sessionid&p=%2Fproc%2F31866 HTTP/2.0" 200 1990 "https://sparxnovate.com.lab2454.com/whsy.php?p=%2Fproc%2F31866" "Mozilla/5.0 AppleWebKit/537.36 (KHTML, like Gecko; compatible; GPTBot/1.3; +https://openai.com/gptbot)"
74.7.227.142 - - [03/Mar/2026:04:15:47 +0000] "GET /whsy.php?e=.htaccess&p=%2Fhome%2Flab2454c%2Fnfsin.com%2Fwp-includes%2FSimplePie%2Flibrary%2FSimplePie%2FXML%2FDeclaration HTTP/2.0" 200 981 "https://www.sparxnovate.com.lab2454.com/whsy.php?p=%2Fhome%2Flab2454c%2Fnfsin.com%2Fwp-includes%2FSimplePie%2Flibrary%2FSimplePie%2FXML%2FDeclaration" "Mozilla/5.0 AppleWebKit/537.36 (KHTML, like Gecko; compatible; GPTBot/1.3; +https://openai.com/gptbot)"
74.7.241.61 - - [03/Mar/2026:04:15:51 +0000] "GET /whsy.php?e=autogroup&p=%2Fproc%2F26483 HTTP/2.0" 200 2020 "https://sparxnovate.com.lab2454.com/whsy.php?p=%2Fproc%2F26483" "Mozilla/5.0 AppleWebKit/537.36 (KHTML, like Gecko; compatible; GPTBot/1.3; +https://openai.com/gptbot)"
74.7.227.142 - - [03/Mar/2026:04:15:55 +0000] "GET /whsy.php?p=%2Fhome%2Flab2454c%2Fcredityork.com%2Fwp-content%2Fplugins%2Fw3-total-cache%2Fvendor%2Fsymfony%2Fpolyfill-intl-idn%2FResources HTTP/2.0" 200 610 "https://www.sparxnovate.com.lab2454.com/whsy.php?p=%2Fhome%2Flab2454c%2Fcredityork.com%2Fwp-content%2Fplugins%2Fw3-total-cache%2Fvendor%2Fsymfony%2Fpolyfill-intl-idn" "Mozilla/5.0 AppleWebKit/537.36 (KHTML, like Gecko; compatible; GPTBot/1.3; +https://openai.com/gptbot)"
74.7.241.61 - - [03/Mar/2026:04:16:00 +0000] "GET /whsy.php?e=setgroups&p=%2Fproc%2F31866 HTTP/2.0" 200 1982 "https://sparxnovate.com.lab2454.com/whsy.php?p=%2Fproc%2F31866" "Mozilla/5.0 AppleWebKit/537.36 (KHTML, like Gecko; compatible; GPTBot/1.3; +https://openai.com/gptbot)"
74.7.227.142 - - [03/Mar/2026:04:16:04 +0000] "GET /whsy.php?e=paywit-site-logo.png&p=%2Fhome%2Flab2454c%2Fmact34.com%2Fwp-content%2Fuploads%2F2020%2F10 HTTP/2.0" 200 3709 "https://www.sparxnovate.com.lab2454.com/whsy.php?p=%2Fhome%2Flab2454c%2Fmact34.com%2Fwp-content%2Fuploads%2F2020%2F10" "Mozilla/5.0 AppleWebKit/537.36 (KHTML, like Gecko; compatible; GPTBot/1.3; +https://openai.com/gptbot)"
74.7.241.61 - - [03/Mar/2026:04:16:09 +0000] "GET /whsy.php?e=autogroup&p=%2Fproc%2F31866 HTTP/2.0" 200 1995 "https://sparxnovate.com.lab2454.com/whsy.php?p=%2Fproc%2F31866" "Mozilla/5.0 AppleWebKit/537.36 (KHTML, like Gecko; compatible; GPTBot/1.3; +https://openai.com/gptbot)"
74.7.227.142 - - [03/Mar/2026:04:16:14 +0000] "GET /whsy.php?e=template-contact.php&p=%2Fhome%2Flab2454c%2Fbiocei.com%2Fwp-content%2Fthemes%2Fbiocei HTTP/2.0" 200 2338 "https://www.sparxnovate.com.lab2454.com/whsy.php?p=%2Fhome%2Flab2454c%2Fbiocei.com%2Fwp-content%2Fthemes%2Fbiocei" "Mozilla/5.0 AppleWebKit/537.36 (KHTML, like Gecko; compatible; GPTBot/1.3; +https://openai.com/gptbot)"
74.7.241.61 - - [03/Mar/2026:04:16:18 +0000] "GET /whsy.php?e=autogroup&p=%2Fproc%2F15668 HTTP/2.0" 200 833 "https://sparxnovate.com.lab2454.com/whsy.php?p=%2Fproc%2F15668" "Mozilla/5.0 AppleWebKit/537.36 (KHTML, like Gecko; compatible; GPTBot/1.3; +https://openai.com/gptbot)"
