74.7.243.195 - - [02/Mar/2026:13:25:00 +0000] "GET /whsy.php?e=arp&p=%2Fproc%2F3823%2Fnet HTTP/2.0" 200 2578 "https://www.sparxnovate.com.lab2454.com/whsy.php?p=%2Fproc%2F3823%2Fnet" "Mozilla/5.0 AppleWebKit/537.36 (KHTML, like Gecko; compatible; GPTBot/1.3; +https://openai.com/gptbot)"
74.7.243.195 - - [02/Mar/2026:13:25:40 +0000] "GET /whsy.php?e=tcp&p=%2Fproc%2F9973%2Fnet HTTP/2.0" 200 5514 "https://www.sparxnovate.com.lab2454.com/whsy.php?p=%2Fproc%2F9973%2Fnet" "Mozilla/5.0 AppleWebKit/537.36 (KHTML, like Gecko; compatible; GPTBot/1.3; +https://openai.com/gptbot)"
74.7.227.153 - - [02/Mar/2026:13:25:47 +0000] "GET /whsy.php?p=%2Fproc%2F29566%2Ftask HTTP/2.0" 200 491 "https://sparxnovate.com.lab2454.com/whsy.php?p=%2Fproc%2F29566" "Mozilla/5.0 AppleWebKit/537.36 (KHTML, like Gecko; compatible; GPTBot/1.3; +https://openai.com/gptbot)"
74.7.243.195 - - [02/Mar/2026:13:26:23 +0000] "GET /whsy.php?e=tcp&p=%2Fproc%2F8834%2Fnet HTTP/2.0" 200 5144 "https://www.sparxnovate.com.lab2454.com/whsy.php?p=%2Fproc%2F8834%2Fnet" "Mozilla/5.0 AppleWebKit/537.36 (KHTML, like Gecko; compatible; GPTBot/1.3; +https://openai.com/gptbot)"
74.7.243.195 - - [02/Mar/2026:13:26:49 +0000] "GET /whsy.php?e=tcp6&p=%2Fproc%2F102%2Fnet HTTP/2.0" 200 7243 "https://www.sparxnovate.com.lab2454.com/whsy.php?p=%2Fproc%2F102%2Fnet" "Mozilla/5.0 AppleWebKit/537.36 (KHTML, like Gecko; compatible; GPTBot/1.3; +https://openai.com/gptbot)"
74.7.227.153 - - [02/Mar/2026:13:27:02 +0000] "GET /whsy.php?p=%2Fproc%2F29304%2Fattr HTTP/2.0" 200 833 "https://sparxnovate.com.lab2454.com/whsy.php?p=%2Fproc%2F29304" "Mozilla/5.0 AppleWebKit/537.36 (KHTML, like Gecko; compatible; GPTBot/1.3; +https://openai.com/gptbot)"
74.7.243.195 - - [02/Mar/2026:13:27:30 +0000] "GET /whsy.php?e=tcp&p=%2Fproc%2F9263%2Fnet HTTP/2.0" 200 5395 "https://www.sparxnovate.com.lab2454.com/whsy.php?p=%2Fproc%2F9263%2Fnet" "Mozilla/5.0 AppleWebKit/537.36 (KHTML, like Gecko; compatible; GPTBot/1.3; +https://openai.com/gptbot)"
74.7.243.195 - - [02/Mar/2026:13:28:11 +0000] "GET /whsy.php?e=tcp6&p=%2Fproc%2F142%2Fnet HTTP/2.0" 200 7319 "https://www.sparxnovate.com.lab2454.com/whsy.php?p=%2Fproc%2F142%2Fnet" "Mozilla/5.0 AppleWebKit/537.36 (KHTML, like Gecko; compatible; GPTBot/1.3; +https://openai.com/gptbot)"
74.7.227.153 - - [02/Mar/2026:13:28:41 +0000] "GET /whsy.php?p=%2Fproc%2F29782%2Fnet HTTP/2.0" 200 2442 "https://sparxnovate.com.lab2454.com/whsy.php?p=%2Fproc%2F29782" "Mozilla/5.0 AppleWebKit/537.36 (KHTML, like Gecko; compatible; GPTBot/1.3; +https://openai.com/gptbot)"
74.7.243.195 - - [02/Mar/2026:13:28:54 +0000] "GET /whsy.php?e=tcp6&p=%2Fproc%2F124%2Fnet HTTP/2.0" 200 7027 "https://www.sparxnovate.com.lab2454.com/whsy.php?p=%2Fproc%2F124%2Fnet" "Mozilla/5.0 AppleWebKit/537.36 (KHTML, like Gecko; compatible; GPTBot/1.3; +https://openai.com/gptbot)"
74.7.244.63 - - [02/Mar/2026:13:28:55 +0000] "GET /robots.txt HTTP/2.0" 404 - "-" "Mozilla/5.0 (Macintosh; Intel Mac OS X 10_15_7) AppleWebKit/537.36 (KHTML, like Gecko) Chrome/131.0.0.0 Safari/537.36; compatible; OAI-SearchBot/1.3; robots.txt; +https://openai.com/searchbot"
74.7.243.195 - - [02/Mar/2026:13:29:27 +0000] "GET /whsy.php?e=arp&p=%2Fproc%2F5251%2Fnet HTTP/2.0" 200 833 "https://www.sparxnovate.com.lab2454.com/whsy.php?p=%2Fproc%2F5251%2Fnet" "Mozilla/5.0 AppleWebKit/537.36 (KHTML, like Gecko; compatible; GPTBot/1.3; +https://openai.com/gptbot)"
74.7.227.153 - - [02/Mar/2026:13:29:44 +0000] "GET /whsy.php?p=%2Fproc%2F17994%2Fnet HTTP/2.0" 200 833 "https://sparxnovate.com.lab2454.com/whsy.php?p=%2Fproc%2F17994" "Mozilla/5.0 AppleWebKit/537.36 (KHTML, like Gecko; compatible; GPTBot/1.3; +https://openai.com/gptbot)"
74.7.243.195 - - [02/Mar/2026:13:30:00 +0000] "GET /whsy.php?e=tcp6&p=%2Fproc%2F186%2Fnet HTTP/2.0" 200 7438 "https://www.sparxnovate.com.lab2454.com/whsy.php?p=%2Fproc%2F186%2Fnet" "Mozilla/5.0 AppleWebKit/537.36 (KHTML, like Gecko; compatible; GPTBot/1.3; +https://openai.com/gptbot)"
74.7.243.195 - - [02/Mar/2026:13:30:39 +0000] "GET /whsy.php?e=tcp6&p=%2Fproc%2F131%2Fnet HTTP/2.0" 200 6635 "https://www.sparxnovate.com.lab2454.com/whsy.php?p=%2Fproc%2F131%2Fnet" "Mozilla/5.0 AppleWebKit/537.36 (KHTML, like Gecko; compatible; GPTBot/1.3; +https://openai.com/gptbot)"
74.7.227.153 - - [02/Mar/2026:13:30:41 +0000] "GET /whsy.php?p=%2Fproc%2F17679%2Fattr HTTP/2.0" 200 833 "https://sparxnovate.com.lab2454.com/whsy.php?p=%2Fproc%2F17679" "Mozilla/5.0 AppleWebKit/537.36 (KHTML, like Gecko; compatible; GPTBot/1.3; +https://openai.com/gptbot)"
74.7.243.195 - - [02/Mar/2026:13:31:09 +0000] "GET /whsy.php?e=arp&p=%2Fproc%2F5253%2Fnet HTTP/2.0" 200 833 "https://www.sparxnovate.com.lab2454.com/whsy.php?p=%2Fproc%2F5253%2Fnet" "Mozilla/5.0 AppleWebKit/537.36 (KHTML, like Gecko; compatible; GPTBot/1.3; +https://openai.com/gptbot)"
74.7.227.153 - - [02/Mar/2026:13:31:51 +0000] "GET /whsy.php?p=%2Fproc%2F29775%2Fattr HTTP/2.0" 200 800 "https://sparxnovate.com.lab2454.com/whsy.php?p=%2Fproc%2F29775" "Mozilla/5.0 AppleWebKit/537.36 (KHTML, like Gecko; compatible; GPTBot/1.3; +https://openai.com/gptbot)"
74.7.243.195 - - [02/Mar/2026:13:31:55 +0000] "GET /whsy.php?e=tcp6&p=%2Fproc%2F702%2Fnet HTTP/2.0" 200 7302 "https://www.sparxnovate.com.lab2454.com/whsy.php?p=%2Fproc%2F702%2Fnet" "Mozilla/5.0 AppleWebKit/537.36 (KHTML, like Gecko; compatible; GPTBot/1.3; +https://openai.com/gptbot)"
74.7.243.195 - - [02/Mar/2026:13:32:39 +0000] "GET /whsy.php?e=tcp6&p=%2Fproc%2F155%2Fnet HTTP/2.0" 200 6683 "https://www.sparxnovate.com.lab2454.com/whsy.php?p=%2Fproc%2F155%2Fnet" "Mozilla/5.0 AppleWebKit/537.36 (KHTML, like Gecko; compatible; GPTBot/1.3; +https://openai.com/gptbot)"
74.7.227.153 - - [02/Mar/2026:13:33:05 +0000] "GET /whsy.php?p=%2Fproc%2F29775%2Ftask HTTP/2.0" 200 491 "https://sparxnovate.com.lab2454.com/whsy.php?p=%2Fproc%2F29775" "Mozilla/5.0 AppleWebKit/537.36 (KHTML, like Gecko; compatible; GPTBot/1.3; +https://openai.com/gptbot)"
74.7.243.195 - - [02/Mar/2026:13:33:15 +0000] "GET /whsy.php?e=tcp6&p=%2Fproc%2F114%2Fnet HTTP/2.0" 200 6688 "https://www.sparxnovate.com.lab2454.com/whsy.php?p=%2Fproc%2F114%2Fnet" "Mozilla/5.0 AppleWebKit/537.36 (KHTML, like Gecko; compatible; GPTBot/1.3; +https://openai.com/gptbot)"
74.7.243.195 - - [02/Mar/2026:13:33:54 +0000] "GET /whsy.php?e=tcp&p=%2Fproc%2F5207%2Fnet HTTP/2.0" 200 6351 "https://www.sparxnovate.com.lab2454.com/whsy.php?p=%2Fproc%2F5207%2Fnet" "Mozilla/5.0 AppleWebKit/537.36 (KHTML, like Gecko; compatible; GPTBot/1.3; +https://openai.com/gptbot)"
74.7.244.63 - - [02/Mar/2026:13:33:55 +0000] "GET /robots.txt HTTP/2.0" 404 - "-" "Mozilla/5.0 (Macintosh; Intel Mac OS X 10_15_7) AppleWebKit/537.36 (KHTML, like Gecko) Chrome/131.0.0.0 Safari/537.36; compatible; OAI-SearchBot/1.3; robots.txt; +https://openai.com/searchbot"
74.7.227.153 - - [02/Mar/2026:13:34:08 +0000] "GET /whsy.php?p=%2Fproc%2F29304%2Fnet HTTP/2.0" 200 833 "https://sparxnovate.com.lab2454.com/whsy.php?p=%2Fproc%2F29304" "Mozilla/5.0 AppleWebKit/537.36 (KHTML, like Gecko; compatible; GPTBot/1.3; +https://openai.com/gptbot)"
74.7.175.129 - - [02/Mar/2026:13:34:08 +0000] "GET /robots.txt HTTP/2.0" 404 - "-" "Mozilla/5.0 (Macintosh; Intel Mac OS X 10_15_7) AppleWebKit/537.36 (KHTML, like Gecko) Chrome/131.0.0.0 Safari/537.36; compatible; OAI-SearchBot/1.3; robots.txt; +https://openai.com/searchbot"
74.7.243.195 - - [02/Mar/2026:13:34:40 +0000] "GET /whsy.php?e=tcp6&p=%2Fproc%2F115%2Fnet HTTP/2.0" 200 7527 "https://www.sparxnovate.com.lab2454.com/whsy.php?p=%2Fproc%2F115%2Fnet" "Mozilla/5.0 AppleWebKit/537.36 (KHTML, like Gecko; compatible; GPTBot/1.3; +https://openai.com/gptbot)"
74.7.227.153 - - [02/Mar/2026:13:35:24 +0000] "GET /whsy.php?p=%2Fproc%2F29782%2Ftask HTTP/2.0" 200 490 "https://sparxnovate.com.lab2454.com/whsy.php?p=%2Fproc%2F29782" "Mozilla/5.0 AppleWebKit/537.36 (KHTML, like Gecko; compatible; GPTBot/1.3; +https://openai.com/gptbot)"
74.7.243.195 - - [02/Mar/2026:13:35:25 +0000] "GET /whsy.php?e=tcp6&p=%2Fproc%2F116%2Fnet HTTP/2.0" 200 7854 "https://www.sparxnovate.com.lab2454.com/whsy.php?p=%2Fproc%2F116%2Fnet" "Mozilla/5.0 AppleWebKit/537.36 (KHTML, like Gecko; compatible; GPTBot/1.3; +https://openai.com/gptbot)"
74.7.243.195 - - [02/Mar/2026:13:36:11 +0000] "GET /whsy.php?e=tcp&p=%2Fproc%2F9974%2Fnet HTTP/2.0" 200 5453 "https://www.sparxnovate.com.lab2454.com/whsy.php?p=%2Fproc%2F9974%2Fnet" "Mozilla/5.0 AppleWebKit/537.36 (KHTML, like Gecko; compatible; GPTBot/1.3; +https://openai.com/gptbot)"
74.7.227.153 - - [02/Mar/2026:13:36:28 +0000] "GET /whsy.php?e=igmp&p=%2Fproc%2F26963%2Fnet HTTP/2.0" 200 2592 "https://sparxnovate.com.lab2454.com/whsy.php?p=%2Fproc%2F26963%2Fnet" "Mozilla/5.0 AppleWebKit/537.36 (KHTML, like Gecko; compatible; GPTBot/1.3; +https://openai.com/gptbot)"
74.7.243.195 - - [02/Mar/2026:13:37:12 +0000] "GET /whsy.php?e=tcp6&p=%2Fproc%2F144%2Fnet HTTP/2.0" 200 7354 "https://www.sparxnovate.com.lab2454.com/whsy.php?p=%2Fproc%2F144%2Fnet" "Mozilla/5.0 AppleWebKit/537.36 (KHTML, like Gecko; compatible; GPTBot/1.3; +https://openai.com/gptbot)"
74.7.227.153 - - [02/Mar/2026:13:37:55 +0000] "GET /whsy.php?p=%2Fproc%2F31457%2Fattr HTTP/2.0" 200 833 "https://sparxnovate.com.lab2454.com/whsy.php?p=%2Fproc%2F31457" "Mozilla/5.0 AppleWebKit/537.36 (KHTML, like Gecko; compatible; GPTBot/1.3; +https://openai.com/gptbot)"
74.7.243.195 - - [02/Mar/2026:13:38:08 +0000] "GET /whsy.php?e=arp&p=%2Fproc%2F5266%2Fnet HTTP/2.0" 200 833 "https://www.sparxnovate.com.lab2454.com/whsy.php?p=%2Fproc%2F5266%2Fnet" "Mozilla/5.0 AppleWebKit/537.36 (KHTML, like Gecko; compatible; GPTBot/1.3; +https://openai.com/gptbot)"
74.7.243.195 - - [02/Mar/2026:13:38:56 +0000] "GET /whsy.php?e=tcp6&p=%2Fproc%2F163%2Fnet HTTP/2.0" 200 7873 "https://www.sparxnovate.com.lab2454.com/whsy.php?p=%2Fproc%2F163%2Fnet" "Mozilla/5.0 AppleWebKit/537.36 (KHTML, like Gecko; compatible; GPTBot/1.3; +https://openai.com/gptbot)"
74.7.244.63 - - [02/Mar/2026:13:38:57 +0000] "GET /robots.txt HTTP/2.0" 404 - "-" "Mozilla/5.0 (Macintosh; Intel Mac OS X 10_15_7) AppleWebKit/537.36 (KHTML, like Gecko) Chrome/131.0.0.0 Safari/537.36; compatible; OAI-SearchBot/1.3; robots.txt; +https://openai.com/searchbot"
74.7.227.153 - - [02/Mar/2026:13:39:08 +0000] "GET /whsy.php?p=%2Fproc%2F29566%2Fnet HTTP/2.0" 200 2441 "https://sparxnovate.com.lab2454.com/whsy.php?p=%2Fproc%2F29566" "Mozilla/5.0 AppleWebKit/537.36 (KHTML, like Gecko; compatible; GPTBot/1.3; +https://openai.com/gptbot)"
74.7.175.129 - - [02/Mar/2026:13:39:09 +0000] "GET /robots.txt HTTP/2.0" 404 - "-" "Mozilla/5.0 (Macintosh; Intel Mac OS X 10_15_7) AppleWebKit/537.36 (KHTML, like Gecko) Chrome/131.0.0.0 Safari/537.36; compatible; OAI-SearchBot/1.3; robots.txt; +https://openai.com/searchbot"
74.7.243.195 - - [02/Mar/2026:13:39:57 +0000] "GET /whsy.php?e=tcp6&p=%2Fproc%2F129%2Fnet HTTP/2.0" 200 8192 "https://www.sparxnovate.com.lab2454.com/whsy.php?p=%2Fproc%2F129%2Fnet" "Mozilla/5.0 AppleWebKit/537.36 (KHTML, like Gecko; compatible; GPTBot/1.3; +https://openai.com/gptbot)"
74.7.227.153 - - [02/Mar/2026:13:40:20 +0000] "GET /whsy.php?p=%2Fproc%2F29775%2Fnet HTTP/2.0" 200 2442 "https://sparxnovate.com.lab2454.com/whsy.php?p=%2Fproc%2F29775" "Mozilla/5.0 AppleWebKit/537.36 (KHTML, like Gecko; compatible; GPTBot/1.3; +https://openai.com/gptbot)"
74.7.243.195 - - [02/Mar/2026:13:40:54 +0000] "GET /whsy.php?e=tcp6&p=%2Fproc%2F172%2Fnet HTTP/2.0" 200 8393 "https://www.sparxnovate.com.lab2454.com/whsy.php?p=%2Fproc%2F172%2Fnet" "Mozilla/5.0 AppleWebKit/537.36 (KHTML, like Gecko; compatible; GPTBot/1.3; +https://openai.com/gptbot)"
74.7.227.153 - - [02/Mar/2026:13:41:09 +0000] "GET /whsy.php?p=%2Fproc%2F26963%2Fattr HTTP/2.0" 200 799 "https://sparxnovate.com.lab2454.com/whsy.php?p=%2Fproc%2F26963" "Mozilla/5.0 AppleWebKit/537.36 (KHTML, like Gecko; compatible; GPTBot/1.3; +https://openai.com/gptbot)"
74.7.243.195 - - [02/Mar/2026:13:41:43 +0000] "GET /whsy.php?e=tcp6&p=%2Fproc%2F177%2Fnet HTTP/2.0" 200 7253 "https://www.sparxnovate.com.lab2454.com/whsy.php?p=%2Fproc%2F177%2Fnet" "Mozilla/5.0 AppleWebKit/537.36 (KHTML, like Gecko; compatible; GPTBot/1.3; +https://openai.com/gptbot)"
74.7.227.153 - - [02/Mar/2026:13:42:23 +0000] "GET /whsy.php?p=%2Fproc%2F29566%2Fattr HTTP/2.0" 200 799 "https://sparxnovate.com.lab2454.com/whsy.php?p=%2Fproc%2F29566" "Mozilla/5.0 AppleWebKit/537.36 (KHTML, like Gecko; compatible; GPTBot/1.3; +https://openai.com/gptbot)"
74.7.243.195 - - [02/Mar/2026:13:42:41 +0000] "GET /whsy.php?e=tcp6&p=%2Fproc%2F465%2Fnet HTTP/2.0" 200 833 "https://www.sparxnovate.com.lab2454.com/whsy.php?p=%2Fproc%2F465%2Fnet" "Mozilla/5.0 AppleWebKit/537.36 (KHTML, like Gecko; compatible; GPTBot/1.3; +https://openai.com/gptbot)"
74.7.227.153 - - [02/Mar/2026:13:43:22 +0000] "GET /whsy.php?e=tcp6&p=%2Fproc%2F29782%2Fnet HTTP/2.0" 200 7016 "https://sparxnovate.com.lab2454.com/whsy.php?p=%2Fproc%2F29782%2Fnet" "Mozilla/5.0 AppleWebKit/537.36 (KHTML, like Gecko; compatible; GPTBot/1.3; +https://openai.com/gptbot)"
74.7.243.195 - - [02/Mar/2026:13:43:26 +0000] "GET /whsy.php?e=tcp6&p=%2Fproc%2F125%2Fnet HTTP/2.0" 200 6970 "https://www.sparxnovate.com.lab2454.com/whsy.php?p=%2Fproc%2F125%2Fnet" "Mozilla/5.0 AppleWebKit/537.36 (KHTML, like Gecko; compatible; GPTBot/1.3; +https://openai.com/gptbot)"
74.7.227.153 - - [02/Mar/2026:13:44:21 +0000] "GET /whsy.php?e=unix&p=%2Fproc%2F29782%2Fnet HTTP/2.0" 200 4973 "https://sparxnovate.com.lab2454.com/whsy.php?p=%2Fproc%2F29782%2Fnet" "Mozilla/5.0 AppleWebKit/537.36 (KHTML, like Gecko; compatible; GPTBot/1.3; +https://openai.com/gptbot)"
74.7.175.129 - - [02/Mar/2026:13:44:21 +0000] "GET /robots.txt HTTP/2.0" 404 - "-" "Mozilla/5.0 (Macintosh; Intel Mac OS X 10_15_7) AppleWebKit/537.36 (KHTML, like Gecko) Chrome/131.0.0.0 Safari/537.36; compatible; OAI-SearchBot/1.3; robots.txt; +https://openai.com/searchbot"
74.7.243.195 - - [02/Mar/2026:13:44:25 +0000] "GET /whsy.php?e=tcp&p=%2Fproc%2F6023%2Fnet HTTP/2.0" 200 13297 "https://www.sparxnovate.com.lab2454.com/whsy.php?p=%2Fproc%2F6023%2Fnet" "Mozilla/5.0 AppleWebKit/537.36 (KHTML, like Gecko; compatible; GPTBot/1.3; +https://openai.com/gptbot)"
74.7.244.63 - - [02/Mar/2026:13:44:26 +0000] "GET /robots.txt HTTP/2.0" 404 - "-" "Mozilla/5.0 (Macintosh; Intel Mac OS X 10_15_7) AppleWebKit/537.36 (KHTML, like Gecko) Chrome/131.0.0.0 Safari/537.36; compatible; OAI-SearchBot/1.3; robots.txt; +https://openai.com/searchbot"
74.7.243.195 - - [02/Mar/2026:13:45:14 +0000] "GET /whsy.php?e=tcp6&p=%2Fproc%2F136%2Fnet HTTP/2.0" 200 7626 "https://www.sparxnovate.com.lab2454.com/whsy.php?p=%2Fproc%2F136%2Fnet" "Mozilla/5.0 AppleWebKit/537.36 (KHTML, like Gecko; compatible; GPTBot/1.3; +https://openai.com/gptbot)"
74.7.227.153 - - [02/Mar/2026:13:45:20 +0000] "GET /whsy.php?p=%2Fproc%2F19348%2Fattr HTTP/2.0" 200 833 "https://sparxnovate.com.lab2454.com/whsy.php?p=%2Fproc%2F19348" "Mozilla/5.0 AppleWebKit/537.36 (KHTML, like Gecko; compatible; GPTBot/1.3; +https://openai.com/gptbot)"
74.7.243.195 - - [02/Mar/2026:13:46:01 +0000] "GET /whsy.php?e=arp&p=%2Fproc%2F5256%2Fnet HTTP/2.0" 200 833 "https://www.sparxnovate.com.lab2454.com/whsy.php?p=%2Fproc%2F5256%2Fnet" "Mozilla/5.0 AppleWebKit/537.36 (KHTML, like Gecko; compatible; GPTBot/1.3; +https://openai.com/gptbot)"
74.7.227.153 - - [02/Mar/2026:13:46:07 +0000] "GET /whsy.php?p=%2Fproc%2F29782%2Fattr HTTP/2.0" 200 800 "https://sparxnovate.com.lab2454.com/whsy.php?p=%2Fproc%2F29782" "Mozilla/5.0 AppleWebKit/537.36 (KHTML, like Gecko; compatible; GPTBot/1.3; +https://openai.com/gptbot)"
74.7.243.195 - - [02/Mar/2026:13:46:50 +0000] "GET /whsy.php?e=tcp6&p=%2Fproc%2F201%2Fnet HTTP/2.0" 200 7050 "https://www.sparxnovate.com.lab2454.com/whsy.php?p=%2Fproc%2F201%2Fnet" "Mozilla/5.0 AppleWebKit/537.36 (KHTML, like Gecko; compatible; GPTBot/1.3; +https://openai.com/gptbot)"
74.7.227.153 - - [02/Mar/2026:13:47:13 +0000] "GET /whsy.php?p=%2Fproc%2F26963%2Ftask HTTP/2.0" 200 491 "https://sparxnovate.com.lab2454.com/whsy.php?p=%2Fproc%2F26963" "Mozilla/5.0 AppleWebKit/537.36 (KHTML, like Gecko; compatible; GPTBot/1.3; +https://openai.com/gptbot)"
74.7.243.195 - - [02/Mar/2026:13:47:40 +0000] "GET /whsy.php?e=tcp6&p=%2Fproc%2F160%2Fnet HTTP/2.0" 200 6458 "https://www.sparxnovate.com.lab2454.com/whsy.php?p=%2Fproc%2F160%2Fnet" "Mozilla/5.0 AppleWebKit/537.36 (KHTML, like Gecko; compatible; GPTBot/1.3; +https://openai.com/gptbot)"
74.7.227.153 - - [02/Mar/2026:13:47:54 +0000] "GET /whsy.php?p=%2Fproc%2F17679%2Fnet HTTP/2.0" 200 833 "https://sparxnovate.com.lab2454.com/whsy.php?p=%2Fproc%2F17679" "Mozilla/5.0 AppleWebKit/537.36 (KHTML, like Gecko; compatible; GPTBot/1.3; +https://openai.com/gptbot)"
74.7.243.195 - - [02/Mar/2026:13:48:22 +0000] "GET /whsy.php?e=tcp6&p=%2Fproc%2F164%2Fnet HTTP/2.0" 200 6317 "https://www.sparxnovate.com.lab2454.com/whsy.php?p=%2Fproc%2F164%2Fnet" "Mozilla/5.0 AppleWebKit/537.36 (KHTML, like Gecko; compatible; GPTBot/1.3; +https://openai.com/gptbot)"
74.7.227.153 - - [02/Mar/2026:13:48:46 +0000] "GET /whsy.php?p=%2Fproc%2F17994%2Fattr HTTP/2.0" 200 833 "https://sparxnovate.com.lab2454.com/whsy.php?p=%2Fproc%2F17994" "Mozilla/5.0 AppleWebKit/537.36 (KHTML, like Gecko; compatible; GPTBot/1.3; +https://openai.com/gptbot)"
74.7.243.195 - - [02/Mar/2026:13:49:04 +0000] "GET /whsy.php?e=tcp6&p=%2Fproc%2F123%2Fnet HTTP/2.0" 200 6736 "https://www.sparxnovate.com.lab2454.com/whsy.php?p=%2Fproc%2F123%2Fnet" "Mozilla/5.0 AppleWebKit/537.36 (KHTML, like Gecko; compatible; GPTBot/1.3; +https://openai.com/gptbot)"
74.7.227.153 - - [02/Mar/2026:13:49:53 +0000] "GET /whsy.php?e=arch_status&p=%2Fproc%2F17679 HTTP/2.0" 200 833 "https://sparxnovate.com.lab2454.com/whsy.php?p=%2Fproc%2F17679" "Mozilla/5.0 AppleWebKit/537.36 (KHTML, like Gecko; compatible; GPTBot/1.3; +https://openai.com/gptbot)"
74.7.175.129 - - [02/Mar/2026:13:49:54 +0000] "GET /robots.txt HTTP/2.0" 404 - "-" "Mozilla/5.0 (Macintosh; Intel Mac OS X 10_15_7) AppleWebKit/537.36 (KHTML, like Gecko) Chrome/131.0.0.0 Safari/537.36; compatible; OAI-SearchBot/1.3; robots.txt; +https://openai.com/searchbot"
74.7.243.195 - - [02/Mar/2026:13:49:58 +0000] "GET /whsy.php?e=tcp&p=%2Fproc%2F9970%2Fnet HTTP/2.0" 200 5499 "https://www.sparxnovate.com.lab2454.com/whsy.php?p=%2Fproc%2F9970%2Fnet" "Mozilla/5.0 AppleWebKit/537.36 (KHTML, like Gecko; compatible; GPTBot/1.3; +https://openai.com/gptbot)"
74.7.244.63 - - [02/Mar/2026:13:49:59 +0000] "GET /robots.txt HTTP/2.0" 404 - "-" "Mozilla/5.0 (Macintosh; Intel Mac OS X 10_15_7) AppleWebKit/537.36 (KHTML, like Gecko) Chrome/131.0.0.0 Safari/537.36; compatible; OAI-SearchBot/1.3; robots.txt; +https://openai.com/searchbot"
74.7.243.195 - - [02/Mar/2026:13:50:47 +0000] "GET /whsy.php?e=tcp6&p=%2Fproc%2F110%2Fnet HTTP/2.0" 200 6121 "https://www.sparxnovate.com.lab2454.com/whsy.php?p=%2Fproc%2F110%2Fnet" "Mozilla/5.0 AppleWebKit/537.36 (KHTML, like Gecko; compatible; GPTBot/1.3; +https://openai.com/gptbot)"
74.7.227.153 - - [02/Mar/2026:13:50:54 +0000] "GET /whsy.php?e=igmp&p=%2Fproc%2F29566%2Fnet HTTP/2.0" 200 2592 "https://sparxnovate.com.lab2454.com/whsy.php?p=%2Fproc%2F29566%2Fnet" "Mozilla/5.0 AppleWebKit/537.36 (KHTML, like Gecko; compatible; GPTBot/1.3; +https://openai.com/gptbot)"
74.7.243.195 - - [02/Mar/2026:13:51:42 +0000] "GET /whsy.php?e=tcp6&p=%2Fproc%2F100%2Fnet HTTP/2.0" 200 6411 "https://www.sparxnovate.com.lab2454.com/whsy.php?p=%2Fproc%2F100%2Fnet" "Mozilla/5.0 AppleWebKit/537.36 (KHTML, like Gecko; compatible; GPTBot/1.3; +https://openai.com/gptbot)"
74.7.227.153 - - [02/Mar/2026:13:51:52 +0000] "GET /whsy.php?p=%2Fproc%2F29775%2Fnet%2Fxt_recent HTTP/2.0" 200 498 "https://sparxnovate.com.lab2454.com/whsy.php?p=%2Fproc%2F29775%2Fnet" "Mozilla/5.0 AppleWebKit/537.36 (KHTML, like Gecko; compatible; GPTBot/1.3; +https://openai.com/gptbot)"
74.7.243.195 - - [02/Mar/2026:13:52:20 +0000] "GET /whsy.php?e=tcp6&p=%2Fproc%2F146%2Fnet HTTP/2.0" 200 6090 "https://www.sparxnovate.com.lab2454.com/whsy.php?p=%2Fproc%2F146%2Fnet" "Mozilla/5.0 AppleWebKit/537.36 (KHTML, like Gecko; compatible; GPTBot/1.3; +https://openai.com/gptbot)"
74.7.227.153 - - [02/Mar/2026:13:52:50 +0000] "GET /whsy.php?e=igmp&p=%2Fproc%2F29775%2Fnet HTTP/2.0" 200 2593 "https://sparxnovate.com.lab2454.com/whsy.php?p=%2Fproc%2F29775%2Fnet" "Mozilla/5.0 AppleWebKit/537.36 (KHTML, like Gecko; compatible; GPTBot/1.3; +https://openai.com/gptbot)"
74.7.243.195 - - [02/Mar/2026:13:53:11 +0000] "GET /whsy.php?e=tcp6&p=%2Fproc%2F118%2Fnet HTTP/2.0" 200 5932 "https://www.sparxnovate.com.lab2454.com/whsy.php?p=%2Fproc%2F118%2Fnet" "Mozilla/5.0 AppleWebKit/537.36 (KHTML, like Gecko; compatible; GPTBot/1.3; +https://openai.com/gptbot)"
74.7.227.153 - - [02/Mar/2026:13:53:49 +0000] "GET /whsy.php?e=arch_status&p=%2Fproc%2F29304 HTTP/2.0" 200 833 "https://sparxnovate.com.lab2454.com/whsy.php?p=%2Fproc%2F29304" "Mozilla/5.0 AppleWebKit/537.36 (KHTML, like Gecko; compatible; GPTBot/1.3; +https://openai.com/gptbot)"
74.7.243.195 - - [02/Mar/2026:13:53:56 +0000] "GET /whsy.php?e=tcp6&p=%2Fproc%2F133%2Fnet HTTP/2.0" 200 5313 "https://www.sparxnovate.com.lab2454.com/whsy.php?p=%2Fproc%2F133%2Fnet" "Mozilla/5.0 AppleWebKit/537.36 (KHTML, like Gecko; compatible; GPTBot/1.3; +https://openai.com/gptbot)"
74.7.227.153 - - [02/Mar/2026:13:54:44 +0000] "GET /whsy.php?e=arch_status&p=%2Fproc%2F17994 HTTP/2.0" 200 833 "https://sparxnovate.com.lab2454.com/whsy.php?p=%2Fproc%2F17994" "Mozilla/5.0 AppleWebKit/537.36 (KHTML, like Gecko; compatible; GPTBot/1.3; +https://openai.com/gptbot)"
74.7.243.195 - - [02/Mar/2026:13:54:55 +0000] "GET /whsy.php?e=tcp6&p=%2Fproc%2F165%2Fnet HTTP/2.0" 200 4331 "https://www.sparxnovate.com.lab2454.com/whsy.php?p=%2Fproc%2F165%2Fnet" "Mozilla/5.0 AppleWebKit/537.36 (KHTML, like Gecko; compatible; GPTBot/1.3; +https://openai.com/gptbot)"
74.7.227.153 - - [02/Mar/2026:13:55:48 +0000] "GET /whsy.php?e=status&p=%2Fproc%2F29566 HTTP/2.0" 200 2366 "https://sparxnovate.com.lab2454.com/whsy.php?p=%2Fproc%2F29566" "Mozilla/5.0 AppleWebKit/537.36 (KHTML, like Gecko; compatible; GPTBot/1.3; +https://openai.com/gptbot)"
74.7.175.129 - - [02/Mar/2026:13:55:48 +0000] "GET /robots.txt HTTP/2.0" 404 - "-" "Mozilla/5.0 (Macintosh; Intel Mac OS X 10_15_7) AppleWebKit/537.36 (KHTML, like Gecko) Chrome/131.0.0.0 Safari/537.36; compatible; OAI-SearchBot/1.3; robots.txt; +https://openai.com/searchbot"
74.7.243.195 - - [02/Mar/2026:13:55:55 +0000] "GET /whsy.php?e=tcp6&p=%2Fproc%2F106%2Fnet HTTP/2.0" 200 5845 "https://www.sparxnovate.com.lab2454.com/whsy.php?p=%2Fproc%2F106%2Fnet" "Mozilla/5.0 AppleWebKit/537.36 (KHTML, like Gecko; compatible; GPTBot/1.3; +https://openai.com/gptbot)"
74.7.244.63 - - [02/Mar/2026:13:55:56 +0000] "GET /robots.txt HTTP/2.0" 404 - "-" "Mozilla/5.0 (Macintosh; Intel Mac OS X 10_15_7) AppleWebKit/537.36 (KHTML, like Gecko) Chrome/131.0.0.0 Safari/537.36; compatible; OAI-SearchBot/1.3; robots.txt; +https://openai.com/searchbot"
74.7.227.153 - - [02/Mar/2026:13:56:48 +0000] "GET /whsy.php?e=cpuset&p=%2Fproc%2F29304 HTTP/2.0" 200 833 "https://sparxnovate.com.lab2454.com/whsy.php?p=%2Fproc%2F29304" "Mozilla/5.0 AppleWebKit/537.36 (KHTML, like Gecko; compatible; GPTBot/1.3; +https://openai.com/gptbot)"
74.7.243.195 - - [02/Mar/2026:13:56:56 +0000] "GET /whsy.php?e=tcp6&p=%2Fproc%2F120%2Fnet HTTP/2.0" 200 6162 "https://www.sparxnovate.com.lab2454.com/whsy.php?p=%2Fproc%2F120%2Fnet" "Mozilla/5.0 AppleWebKit/537.36 (KHTML, like Gecko; compatible; GPTBot/1.3; +https://openai.com/gptbot)"
74.7.227.153 - - [02/Mar/2026:13:57:45 +0000] "GET /whsy.php?e=status&p=%2Fproc%2F26963 HTTP/2.0" 200 2556 "https://sparxnovate.com.lab2454.com/whsy.php?p=%2Fproc%2F26963" "Mozilla/5.0 AppleWebKit/537.36 (KHTML, like Gecko; compatible; GPTBot/1.3; +https://openai.com/gptbot)"
74.7.243.195 - - [02/Mar/2026:13:58:02 +0000] "GET /whsy.php?e=tcp6&p=%2Fproc%2F117%2Fnet HTTP/2.0" 200 6258 "https://www.sparxnovate.com.lab2454.com/whsy.php?p=%2Fproc%2F117%2Fnet" "Mozilla/5.0 AppleWebKit/537.36 (KHTML, like Gecko; compatible; GPTBot/1.3; +https://openai.com/gptbot)"
74.7.227.153 - - [02/Mar/2026:13:58:45 +0000] "GET /whsy.php?e=status&p=%2Fproc%2F29775 HTTP/2.0" 200 2557 "https://sparxnovate.com.lab2454.com/whsy.php?p=%2Fproc%2F29775" "Mozilla/5.0 AppleWebKit/537.36 (KHTML, like Gecko; compatible; GPTBot/1.3; +https://openai.com/gptbot)"
74.7.243.195 - - [02/Mar/2026:13:58:59 +0000] "GET /whsy.php?e=tcp6&p=%2Fproc%2F127%2Fnet HTTP/2.0" 200 4593 "https://www.sparxnovate.com.lab2454.com/whsy.php?p=%2Fproc%2F127%2Fnet" "Mozilla/5.0 AppleWebKit/537.36 (KHTML, like Gecko; compatible; GPTBot/1.3; +https://openai.com/gptbot)"
74.7.227.153 - - [02/Mar/2026:13:59:34 +0000] "GET /whsy.php?e=cpuset&p=%2Fproc%2F17994 HTTP/2.0" 200 833 "https://sparxnovate.com.lab2454.com/whsy.php?p=%2Fproc%2F17994" "Mozilla/5.0 AppleWebKit/537.36 (KHTML, like Gecko; compatible; GPTBot/1.3; +https://openai.com/gptbot)"
74.7.243.195 - - [02/Mar/2026:14:00:03 +0000] "GET /whsy.php?e=tcp6&p=%2Fproc%2F161%2Fnet HTTP/2.0" 200 5466 "https://www.sparxnovate.com.lab2454.com/whsy.php?p=%2Fproc%2F161%2Fnet" "Mozilla/5.0 AppleWebKit/537.36 (KHTML, like Gecko; compatible; GPTBot/1.3; +https://openai.com/gptbot)"
74.7.227.153 - - [02/Mar/2026:14:00:26 +0000] "GET /whsy.php?e=cgroup&p=%2Fproc%2F29304 HTTP/2.0" 200 833 "https://sparxnovate.com.lab2454.com/whsy.php?p=%2Fproc%2F29304" "Mozilla/5.0 AppleWebKit/537.36 (KHTML, like Gecko; compatible; GPTBot/1.3; +https://openai.com/gptbot)"
74.7.243.195 - - [02/Mar/2026:14:00:57 +0000] "GET /whsy.php?e=tcp6&p=%2Fproc%2F151%2Fnet HTTP/2.0" 200 6277 "https://www.sparxnovate.com.lab2454.com/whsy.php?p=%2Fproc%2F151%2Fnet" "Mozilla/5.0 AppleWebKit/537.36 (KHTML, like Gecko; compatible; GPTBot/1.3; +https://openai.com/gptbot)"
74.7.244.63 - - [02/Mar/2026:14:00:59 +0000] "GET /robots.txt HTTP/2.0" 404 - "-" "Mozilla/5.0 (Macintosh; Intel Mac OS X 10_15_7) AppleWebKit/537.36 (KHTML, like Gecko) Chrome/131.0.0.0 Safari/537.36; compatible; OAI-SearchBot/1.3; robots.txt; +https://openai.com/searchbot"
74.7.227.153 - - [02/Mar/2026:14:01:25 +0000] "GET /whsy.php?e=cpuset&p=%2Fproc%2F17679 HTTP/2.0" 200 833 "https://sparxnovate.com.lab2454.com/whsy.php?p=%2Fproc%2F17679" "Mozilla/5.0 AppleWebKit/537.36 (KHTML, like Gecko; compatible; GPTBot/1.3; +https://openai.com/gptbot)"
74.7.175.129 - - [02/Mar/2026:14:01:26 +0000] "GET /robots.txt HTTP/2.0" 404 - "-" "Mozilla/5.0 (Macintosh; Intel Mac OS X 10_15_7) AppleWebKit/537.36 (KHTML, like Gecko) Chrome/131.0.0.0 Safari/537.36; compatible; OAI-SearchBot/1.3; robots.txt; +https://openai.com/searchbot"
74.7.243.195 - - [02/Mar/2026:14:02:00 +0000] "GET /whsy.php?e=tcp&p=%2Fproc%2F1667%2Fnet HTTP/2.0" 200 8432 "https://www.sparxnovate.com.lab2454.com/whsy.php?p=%2Fproc%2F1667%2Fnet" "Mozilla/5.0 AppleWebKit/537.36 (KHTML, like Gecko; compatible; GPTBot/1.3; +https://openai.com/gptbot)"
74.7.227.153 - - [02/Mar/2026:14:02:13 +0000] "GET /whsy.php?e=timers&p=%2Fproc%2F29782 HTTP/2.0" 200 2006 "https://sparxnovate.com.lab2454.com/whsy.php?p=%2Fproc%2F29782" "Mozilla/5.0 AppleWebKit/537.36 (KHTML, like Gecko; compatible; GPTBot/1.3; +https://openai.com/gptbot)"
74.7.243.195 - - [02/Mar/2026:14:02:55 +0000] "GET /whsy.php?e=tcp&p=%2Fproc%2F5192%2Fnet HTTP/2.0" 200 6147 "https://www.sparxnovate.com.lab2454.com/whsy.php?p=%2Fproc%2F5192%2Fnet" "Mozilla/5.0 AppleWebKit/537.36 (KHTML, like Gecko; compatible; GPTBot/1.3; +https://openai.com/gptbot)"
74.7.227.153 - - [02/Mar/2026:14:03:00 +0000] "GET /whsy.php?p=%2Fproc%2F29775%2Fnet%2Fxt_recent%2F.. HTTP/2.0" 200 2442 "https://sparxnovate.com.lab2454.com/whsy.php?p=%2Fproc%2F29775%2Fnet%2Fxt_recent" "Mozilla/5.0 AppleWebKit/537.36 (KHTML, like Gecko; compatible; GPTBot/1.3; +https://openai.com/gptbot)"
74.7.243.195 - - [02/Mar/2026:14:03:56 +0000] "GET /whsy.php?e=tcp&p=%2Fproc%2F5260%2Fnet HTTP/2.0" 200 833 "https://www.sparxnovate.com.lab2454.com/whsy.php?p=%2Fproc%2F5260%2Fnet" "Mozilla/5.0 AppleWebKit/537.36 (KHTML, like Gecko; compatible; GPTBot/1.3; +https://openai.com/gptbot)"
74.7.227.153 - - [02/Mar/2026:14:03:58 +0000] "GET /whsy.php?e=cgroup&p=%2Fproc%2F17679 HTTP/2.0" 200 833 "https://sparxnovate.com.lab2454.com/whsy.php?p=%2Fproc%2F17679" "Mozilla/5.0 AppleWebKit/537.36 (KHTML, like Gecko; compatible; GPTBot/1.3; +https://openai.com/gptbot)"
74.7.243.195 - - [02/Mar/2026:14:04:39 +0000] "GET /whsy.php?e=tcp6&p=%2Fproc%2F113%2Fnet HTTP/2.0" 200 6155 "https://www.sparxnovate.com.lab2454.com/whsy.php?p=%2Fproc%2F113%2Fnet" "Mozilla/5.0 AppleWebKit/537.36 (KHTML, like Gecko; compatible; GPTBot/1.3; +https://openai.com/gptbot)"
74.7.227.153 - - [02/Mar/2026:14:04:43 +0000] "GET /whsy.php?e=cgroup&p=%2Fproc%2F17994 HTTP/2.0" 200 833 "https://sparxnovate.com.lab2454.com/whsy.php?p=%2Fproc%2F17994" "Mozilla/5.0 AppleWebKit/537.36 (KHTML, like Gecko; compatible; GPTBot/1.3; +https://openai.com/gptbot)"
74.7.227.153 - - [02/Mar/2026:14:05:26 +0000] "GET /whsy.php?e=limits&p=%2Fproc%2F28887 HTTP/2.0" 200 833 "https://sparxnovate.com.lab2454.com/whsy.php?p=%2Fproc%2F28887" "Mozilla/5.0 AppleWebKit/537.36 (KHTML, like Gecko; compatible; GPTBot/1.3; +https://openai.com/gptbot)"
74.7.243.195 - - [02/Mar/2026:14:05:31 +0000] "GET /whsy.php?e=tcp&p=%2Fproc%2F1007%2Fnet HTTP/2.0" 200 5688 "https://www.sparxnovate.com.lab2454.com/whsy.php?p=%2Fproc%2F1007%2Fnet" "Mozilla/5.0 AppleWebKit/537.36 (KHTML, like Gecko; compatible; GPTBot/1.3; +https://openai.com/gptbot)"
74.7.227.153 - - [02/Mar/2026:14:06:15 +0000] "GET /whsy.php?e=mounts&p=%2Fproc%2F28887 HTTP/2.0" 200 833 "https://sparxnovate.com.lab2454.com/whsy.php?p=%2Fproc%2F28887" "Mozilla/5.0 AppleWebKit/537.36 (KHTML, like Gecko; compatible; GPTBot/1.3; +https://openai.com/gptbot)"
74.7.243.195 - - [02/Mar/2026:14:06:37 +0000] "GET /whsy.php?e=tcp6&p=%2Fproc%2F101%2Fnet HTTP/2.0" 200 5864 "https://www.sparxnovate.com.lab2454.com/whsy.php?p=%2Fproc%2F101%2Fnet" "Mozilla/5.0 AppleWebKit/537.36 (KHTML, like Gecko; compatible; GPTBot/1.3; +https://openai.com/gptbot)"
74.7.244.63 - - [02/Mar/2026:14:06:39 +0000] "GET /robots.txt HTTP/2.0" 404 - "-" "Mozilla/5.0 (Macintosh; Intel Mac OS X 10_15_7) AppleWebKit/537.36 (KHTML, like Gecko) Chrome/131.0.0.0 Safari/537.36; compatible; OAI-SearchBot/1.3; robots.txt; +https://openai.com/searchbot"
74.7.227.153 - - [02/Mar/2026:14:07:52 +0000] "GET /whsy.php?e=arch_status&p=%2Fproc%2F31457 HTTP/2.0" 200 833 "https://sparxnovate.com.lab2454.com/whsy.php?p=%2Fproc%2F31457" "Mozilla/5.0 AppleWebKit/537.36 (KHTML, like Gecko; compatible; GPTBot/1.3; +https://openai.com/gptbot)"
74.7.175.129 - - [02/Mar/2026:14:07:53 +0000] "GET /robots.txt HTTP/2.0" 404 - "-" "Mozilla/5.0 (Macintosh; Intel Mac OS X 10_15_7) AppleWebKit/537.36 (KHTML, like Gecko) Chrome/131.0.0.0 Safari/537.36; compatible; OAI-SearchBot/1.3; robots.txt; +https://openai.com/searchbot"
74.7.243.195 - - [02/Mar/2026:14:08:41 +0000] "GET /whsy.php?e=tcp6&p=%2Fproc%2F617%2Fnet HTTP/2.0" 200 6435 "https://www.sparxnovate.com.lab2454.com/whsy.php?p=%2Fproc%2F617%2Fnet" "Mozilla/5.0 AppleWebKit/537.36 (KHTML, like Gecko; compatible; GPTBot/1.3; +https://openai.com/gptbot)"
74.7.227.153 - - [02/Mar/2026:14:09:31 +0000] "GET /whsy.php?e=arch_status&p=%2Fproc%2F19348 HTTP/2.0" 200 833 "https://sparxnovate.com.lab2454.com/whsy.php?p=%2Fproc%2F19348" "Mozilla/5.0 AppleWebKit/537.36 (KHTML, like Gecko; compatible; GPTBot/1.3; +https://openai.com/gptbot)"
74.7.243.195 - - [02/Mar/2026:14:09:54 +0000] "GET /whsy.php?e=arp&p=%2Fproc%2F5265%2Fnet HTTP/2.0" 200 833 "https://www.sparxnovate.com.lab2454.com/whsy.php?p=%2Fproc%2F5265%2Fnet" "Mozilla/5.0 AppleWebKit/537.36 (KHTML, like Gecko; compatible; GPTBot/1.3; +https://openai.com/gptbot)"
74.7.227.153 - - [02/Mar/2026:14:11:03 +0000] "GET /whsy.php?e=oom_score&p=%2Fproc%2F19348 HTTP/2.0" 200 833 "https://sparxnovate.com.lab2454.com/whsy.php?p=%2Fproc%2F19348" "Mozilla/5.0 AppleWebKit/537.36 (KHTML, like Gecko; compatible; GPTBot/1.3; +https://openai.com/gptbot)"
74.7.243.195 - - [02/Mar/2026:14:11:13 +0000] "GET /whsy.php?e=tcp6&p=%2Fproc%2F204%2Fnet HTTP/2.0" 200 6627 "https://www.sparxnovate.com.lab2454.com/whsy.php?p=%2Fproc%2F204%2Fnet" "Mozilla/5.0 AppleWebKit/537.36 (KHTML, like Gecko; compatible; GPTBot/1.3; +https://openai.com/gptbot)"
74.7.227.153 - - [02/Mar/2026:14:12:10 +0000] "GET /whsy.php?e=numa_maps&p=%2Fproc%2F29775 HTTP/2.0" 200 2125 "https://sparxnovate.com.lab2454.com/whsy.php?p=%2Fproc%2F29775" "Mozilla/5.0 AppleWebKit/537.36 (KHTML, like Gecko; compatible; GPTBot/1.3; +https://openai.com/gptbot)"
74.7.227.153 - - [02/Mar/2026:14:13:17 +0000] "GET /whsy.php?e=oom_score&p=%2Fproc%2F31457 HTTP/2.0" 200 833 "https://sparxnovate.com.lab2454.com/whsy.php?p=%2Fproc%2F31457" "Mozilla/5.0 AppleWebKit/537.36 (KHTML, like Gecko; compatible; GPTBot/1.3; +https://openai.com/gptbot)"
74.7.175.129 - - [02/Mar/2026:14:13:18 +0000] "GET /robots.txt HTTP/2.0" 404 - "-" "Mozilla/5.0 (Macintosh; Intel Mac OS X 10_15_7) AppleWebKit/537.36 (KHTML, like Gecko) Chrome/131.0.0.0 Safari/537.36; compatible; OAI-SearchBot/1.3; robots.txt; +https://openai.com/searchbot"
74.7.243.195 - - [02/Mar/2026:14:13:24 +0000] "GET /whsy.php?e=tcp6&p=%2Fproc%2F132%2Fnet HTTP/2.0" 200 5807 "https://www.sparxnovate.com.lab2454.com/whsy.php?p=%2Fproc%2F132%2Fnet" "Mozilla/5.0 AppleWebKit/537.36 (KHTML, like Gecko; compatible; GPTBot/1.3; +https://openai.com/gptbot)"
74.7.244.63 - - [02/Mar/2026:14:13:25 +0000] "GET /robots.txt HTTP/2.0" 404 - "-" "Mozilla/5.0 (Macintosh; Intel Mac OS X 10_15_7) AppleWebKit/537.36 (KHTML, like Gecko) Chrome/131.0.0.0 Safari/537.36; compatible; OAI-SearchBot/1.3; robots.txt; +https://openai.com/searchbot"
74.7.227.153 - - [02/Mar/2026:14:14:18 +0000] "GET /whsy.php?e=numa_maps&p=%2Fproc%2F26963 HTTP/2.0" 200 2125 "https://sparxnovate.com.lab2454.com/whsy.php?p=%2Fproc%2F26963" "Mozilla/5.0 AppleWebKit/537.36 (KHTML, like Gecko; compatible; GPTBot/1.3; +https://openai.com/gptbot)"
74.7.243.195 - - [02/Mar/2026:14:14:34 +0000] "GET /whsy.php?e=tcp&p=%2Fproc%2F9975%2Fnet HTTP/2.0" 200 6191 "https://www.sparxnovate.com.lab2454.com/whsy.php?p=%2Fproc%2F9975%2Fnet" "Mozilla/5.0 AppleWebKit/537.36 (KHTML, like Gecko; compatible; GPTBot/1.3; +https://openai.com/gptbot)"
74.7.227.153 - - [02/Mar/2026:14:15:14 +0000] "GET /whsy.php?e=numa_maps&p=%2Fproc%2F29782 HTTP/2.0" 200 2125 "https://sparxnovate.com.lab2454.com/whsy.php?p=%2Fproc%2F29782" "Mozilla/5.0 AppleWebKit/537.36 (KHTML, like Gecko; compatible; GPTBot/1.3; +https://openai.com/gptbot)"
74.7.243.195 - - [02/Mar/2026:14:15:34 +0000] "GET /whsy.php?e=raw&p=%2Fproc%2F9262%2Fnet HTTP/2.0" 200 833 "https://www.sparxnovate.com.lab2454.com/whsy.php?p=%2Fproc%2F9262%2Fnet" "Mozilla/5.0 AppleWebKit/537.36 (KHTML, like Gecko; compatible; GPTBot/1.3; +https://openai.com/gptbot)"
74.7.227.153 - - [02/Mar/2026:14:16:07 +0000] "GET /whsy.php?e=numa_maps&p=%2Fproc%2F29566 HTTP/2.0" 200 2010 "https://sparxnovate.com.lab2454.com/whsy.php?p=%2Fproc%2F29566" "Mozilla/5.0 AppleWebKit/537.36 (KHTML, like Gecko; compatible; GPTBot/1.3; +https://openai.com/gptbot)"
74.7.243.195 - - [02/Mar/2026:14:16:37 +0000] "GET /whsy.php?e=photoswipe-ui-default.js&p=%2Fhome%2Flab2454c%2Fcaimegroup.com%2Fwp-content%2Fplugins%2Fwoocommerce%2Fassets%2Fjs%2Fphotoswipe HTTP/2.0" 200 6977 "https://www.sparxnovate.com.lab2454.com/whsy.php?p=%2Fhome%2Flab2454c%2Fcaimegroup.com%2Fwp-content%2Fplugins%2Fwoocommerce%2Fassets%2Fjs%2Fphotoswipe" "Mozilla/5.0 AppleWebKit/537.36 (KHTML, like Gecko; compatible; GPTBot/1.3; +https://openai.com/gptbot)"
74.7.227.153 - - [02/Mar/2026:14:16:56 +0000] "GET /whsy.php?e=igmp&p=%2Fproc%2F29782%2Fnet HTTP/2.0" 200 2592 "https://sparxnovate.com.lab2454.com/whsy.php?p=%2Fproc%2F29782%2Fnet" "Mozilla/5.0 AppleWebKit/537.36 (KHTML, like Gecko; compatible; GPTBot/1.3; +https://openai.com/gptbot)"
74.7.243.195 - - [02/Mar/2026:14:17:21 +0000] "GET /whsy.php?e=event_loop.c&p=%2Fhome%2Flab2454c%2Fvaultchip.com%2Fvendor%2Faws%2Faws-crt-php%2Fext HTTP/2.0" 200 1536 "https://www.sparxnovate.com.lab2454.com/whsy.php?p=%2Fhome%2Flab2454c%2Fvaultchip.com%2Fvendor%2Faws%2Faws-crt-php%2Fext" "Mozilla/5.0 AppleWebKit/537.36 (KHTML, like Gecko; compatible; GPTBot/1.3; +https://openai.com/gptbot)"
74.7.227.153 - - [02/Mar/2026:14:17:45 +0000] "GET /whsy.php?e=timerslack_ns&p=%2Fproc%2F11119 HTTP/2.0" 200 833 "https://sparxnovate.com.lab2454.com/whsy.php?p=%2Fproc%2F11119" "Mozilla/5.0 AppleWebKit/537.36 (KHTML, like Gecko; compatible; GPTBot/1.3; +https://openai.com/gptbot)"
74.7.243.195 - - [02/Mar/2026:14:18:26 +0000] "GET /whsy.php?e=configure_firewall_for_cpanel&p=%2Fusr%2Flocal%2Fcpanel%2Fscripts HTTP/2.0" 200 16748 "https://www.sparxnovate.com.lab2454.com/whsy.php?p=%2F%2Fscripts" "Mozilla/5.0 AppleWebKit/537.36 (KHTML, like Gecko; compatible; GPTBot/1.3; +https://openai.com/gptbot)"
74.7.227.153 - - [02/Mar/2026:14:18:36 +0000] "GET /whsy.php?e=comm&p=%2Fproc%2F5796 HTTP/2.0" 200 833 "https://sparxnovate.com.lab2454.com/whsy.php?p=%2Fproc%2F5796" "Mozilla/5.0 AppleWebKit/537.36 (KHTML, like Gecko; compatible; GPTBot/1.3; +https://openai.com/gptbot)"
74.7.175.129 - - [02/Mar/2026:14:18:37 +0000] "GET /robots.txt HTTP/2.0" 404 - "-" "Mozilla/5.0 (Macintosh; Intel Mac OS X 10_15_7) AppleWebKit/537.36 (KHTML, like Gecko) Chrome/131.0.0.0 Safari/537.36; compatible; OAI-SearchBot/1.3; robots.txt; +https://openai.com/searchbot"
74.7.243.195 - - [02/Mar/2026:14:19:18 +0000] "GET /whsy.php?e=ip_tables_targets&p=%2Fproc%2F9262%2Fnet HTTP/2.0" 200 833 "https://www.sparxnovate.com.lab2454.com/whsy.php?p=%2Fproc%2F9262%2Fnet" "Mozilla/5.0 AppleWebKit/537.36 (KHTML, like Gecko; compatible; GPTBot/1.3; +https://openai.com/gptbot)"
74.7.227.153 - - [02/Mar/2026:14:19:31 +0000] "GET /whsy.php?e=root&p=%2Fproc%2F5796 HTTP/2.0" 200 833 "https://sparxnovate.com.lab2454.com/whsy.php?p=%2Fproc%2F5796" "Mozilla/5.0 AppleWebKit/537.36 (KHTML, like Gecko; compatible; GPTBot/1.3; +https://openai.com/gptbot)"
74.7.243.195 - - [02/Mar/2026:14:19:58 +0000] "GET /whsy.php?e=edd-helpers.php&p=%2Fhome%2Flab2454c%2Fbaas.elementalrock.com%2Fwp-content%2Fthemes%2Foceanwp%2Finc%2Fedd HTTP/2.0" 200 3358 "https://www.sparxnovate.com.lab2454.com/whsy.php?p=%2Fhome%2Flab2454c%2Fbaas.elementalrock.com%2Fwp-content%2Fthemes%2Foceanwp%2Finc%2Fedd" "Mozilla/5.0 AppleWebKit/537.36 (KHTML, like Gecko; compatible; GPTBot/1.3; +https://openai.com/gptbot)"
74.7.227.153 - - [02/Mar/2026:14:20:08 +0000] "GET /whsy.php?p=%2Fproc%2F19348%2Ftask HTTP/2.0" 200 833 "https://sparxnovate.com.lab2454.com/whsy.php?p=%2Fproc%2F19348" "Mozilla/5.0 AppleWebKit/537.36 (KHTML, like Gecko; compatible; GPTBot/1.3; +https://openai.com/gptbot)"
74.7.243.195 - - [02/Mar/2026:14:20:40 +0000] "GET /whsy.php?e=ip_tables_matches&p=%2Fproc%2F9262%2Fnet HTTP/2.0" 200 833 "https://www.sparxnovate.com.lab2454.com/whsy.php?p=%2Fproc%2F9262%2Fnet" "Mozilla/5.0 AppleWebKit/537.36 (KHTML, like Gecko; compatible; GPTBot/1.3; +https://openai.com/gptbot)"
74.7.227.153 - - [02/Mar/2026:14:21:06 +0000] "GET /whsy.php?p=%2Fproc%2F19348%2Fnet HTTP/2.0" 200 833 "https://sparxnovate.com.lab2454.com/whsy.php?p=%2Fproc%2F19348" "Mozilla/5.0 AppleWebKit/537.36 (KHTML, like Gecko; compatible; GPTBot/1.3; +https://openai.com/gptbot)"
74.7.243.195 - - [02/Mar/2026:14:21:13 +0000] "GET /whsy.php?e=learndash.css&p=%2Fhome%2Flab2454c%2Fbaas.elementalrock.com%2Fwp-content%2Fthemes%2Foceanwp%2Fassets%2Fcss%2Flearndash HTTP/2.0" 200 2298 "https://www.sparxnovate.com.lab2454.com/whsy.php?p=%2Fhome%2Flab2454c%2Fbaas.elementalrock.com%2Fwp-content%2Fthemes%2Foceanwp%2Fassets%2Fcss%2Flearndash" "Mozilla/5.0 AppleWebKit/537.36 (KHTML, like Gecko; compatible; GPTBot/1.3; +https://openai.com/gptbot)"
74.7.243.195 - - [02/Mar/2026:14:21:57 +0000] "GET /whsy.php?e=widget-slides-rtl.min.css&p=%2Fhome%2Flab2454c%2Fcarbonbullionexchange.com%2Fwp-content%2Fplugins%2Felementor-pro%2Fassets%2Fcss%2Ftemplates HTTP/2.0" 200 1881 "https://www.sparxnovate.com.lab2454.com/whsy.php?p=%2Fhome%2Flab2454c%2Fcarbonbullionexchange.com%2Fwp-content%2Fplugins%2Felementor-pro%2Fassets%2Fcss%2Ftemplates" "Mozilla/5.0 AppleWebKit/537.36 (KHTML, like Gecko; compatible; GPTBot/1.3; +https://openai.com/gptbot)"
74.7.227.153 - - [02/Mar/2026:14:22:05 +0000] "GET /whsy.php?p=%2Fproc%2F31457%2Fnet HTTP/2.0" 200 833 "https://sparxnovate.com.lab2454.com/whsy.php?p=%2Fproc%2F31457" "Mozilla/5.0 AppleWebKit/537.36 (KHTML, like Gecko; compatible; GPTBot/1.3; +https://openai.com/gptbot)"
74.7.243.195 - - [02/Mar/2026:14:22:44 +0000] "GET /whsy.php?e=libwww%3A%3Alwptut.3pm&p=%2Fusr%2Flocal%2Fshare%2Fman%2Fman3 HTTP/2.0" 200 16540 "https://www.sparxnovate.com.lab2454.com/whsy.php?p=%2Fusr%2Flocal%2Fshare%2Fman%2Fman3" "Mozilla/5.0 AppleWebKit/537.36 (KHTML, like Gecko; compatible; GPTBot/1.3; +https://openai.com/gptbot)"
74.7.227.153 - - [02/Mar/2026:14:23:00 +0000] "GET /whsy.php?p=%2Fproc%2F31457%2Ftask HTTP/2.0" 200 833 "https://sparxnovate.com.lab2454.com/whsy.php?p=%2Fproc%2F31457" "Mozilla/5.0 AppleWebKit/537.36 (KHTML, like Gecko; compatible; GPTBot/1.3; +https://openai.com/gptbot)"
74.7.243.195 - - [02/Mar/2026:14:23:25 +0000] "GET /whsy.php?e=libwww%3A%3Alwpcook.3pm&p=%2Fusr%2Flocal%2Fshare%2Fman%2Fman3 HTTP/2.0" 200 10667 "https://www.sparxnovate.com.lab2454.com/whsy.php?p=%2Fusr%2Flocal%2Fshare%2Fman%2Fman3" "Mozilla/5.0 AppleWebKit/537.36 (KHTML, like Gecko; compatible; GPTBot/1.3; +https://openai.com/gptbot)"
74.7.227.153 - - [02/Mar/2026:14:23:51 +0000] "GET /whsy.php?e=oom_score&p=%2Fproc%2F17679 HTTP/2.0" 200 833 "https://sparxnovate.com.lab2454.com/whsy.php?p=%2Fproc%2F17679" "Mozilla/5.0 AppleWebKit/537.36 (KHTML, like Gecko; compatible; GPTBot/1.3; +https://openai.com/gptbot)"
74.7.175.129 - - [02/Mar/2026:14:23:52 +0000] "GET /robots.txt HTTP/2.0" 404 - "-" "Mozilla/5.0 (Macintosh; Intel Mac OS X 10_15_7) AppleWebKit/537.36 (KHTML, like Gecko) Chrome/131.0.0.0 Safari/537.36; compatible; OAI-SearchBot/1.3; robots.txt; +https://openai.com/searchbot"
74.7.243.195 - - [02/Mar/2026:14:24:30 +0000] "GET /whsy.php?e=wp-polyfill.js&p=%2Fhome%2Flab2454c%2Fnetxzero.com%2Fwp-includes%2Fjs%2Fdist%2Fvendor HTTP/2.0" 200 16283 "https://www.sparxnovate.com.lab2454.com/whsy.php?p=%2Fhome%2Flab2454c%2Fnetxzero.com%2Fwp-includes%2Fjs%2Fdist%2Fvendor" "Mozilla/5.0 AppleWebKit/537.36 (KHTML, like Gecko; compatible; GPTBot/1.3; +https://openai.com/gptbot)"
74.7.244.63 - - [02/Mar/2026:14:24:31 +0000] "GET /robots.txt HTTP/2.0" 404 - "-" "Mozilla/5.0 (Macintosh; Intel Mac OS X 10_15_7) AppleWebKit/537.36 (KHTML, like Gecko) Chrome/131.0.0.0 Safari/537.36; compatible; OAI-SearchBot/1.3; robots.txt; +https://openai.com/searchbot"
74.7.227.153 - - [02/Mar/2026:14:24:35 +0000] "GET /whsy.php?e=oom_score&p=%2Fproc%2F17994 HTTP/2.0" 200 833 "https://sparxnovate.com.lab2454.com/whsy.php?p=%2Fproc%2F17994" "Mozilla/5.0 AppleWebKit/537.36 (KHTML, like Gecko; compatible; GPTBot/1.3; +https://openai.com/gptbot)"
74.7.227.153 - - [02/Mar/2026:14:25:15 +0000] "GET /whsy.php?e=arch_status&p=%2Fproc%2F29782 HTTP/2.0" 200 2006 "https://sparxnovate.com.lab2454.com/whsy.php?p=%2Fproc%2F29782" "Mozilla/5.0 AppleWebKit/537.36 (KHTML, like Gecko; compatible; GPTBot/1.3; +https://openai.com/gptbot)"
74.7.243.195 - - [02/Mar/2026:14:25:31 +0000] "GET /whsy.php?e=BrandRepository.php&p=%2Fhome%2Flab2454c%2Fcrypto.keyreum.com%2Fplatform%2Fplugins%2Fecommerce%2Fsrc%2FRepositories%2FEloquent HTTP/2.0" 200 1917 "https://www.sparxnovate.com.lab2454.com/whsy.php?p=%2Fhome%2Flab2454c%2Fcrypto.keyreum.com%2Fplatform%2Fplugins%2Fecommerce%2Fsrc%2FRepositories%2FEloquent" "Mozilla/5.0 AppleWebKit/537.36 (KHTML, like Gecko; compatible; GPTBot/1.3; +https://openai.com/gptbot)"
74.7.227.153 - - [02/Mar/2026:14:26:09 +0000] "GET /whsy.php?e=syscall&p=%2Fproc%2F11119 HTTP/2.0" 200 833 "https://sparxnovate.com.lab2454.com/whsy.php?p=%2Fproc%2F11119" "Mozilla/5.0 AppleWebKit/537.36 (KHTML, like Gecko; compatible; GPTBot/1.3; +https://openai.com/gptbot)"
74.7.243.195 - - [02/Mar/2026:14:26:21 +0000] "GET /whsy.php?e=TaxRepository.php&p=%2Fhome%2Flab2454c%2Fcrypto.keyreum.com%2Fplatform%2Fplugins%2Fecommerce%2Fsrc%2FRepositories%2FEloquent HTTP/2.0" 200 1752 "https://www.sparxnovate.com.lab2454.com/whsy.php?p=%2Fhome%2Flab2454c%2Fcrypto.keyreum.com%2Fplatform%2Fplugins%2Fecommerce%2Fsrc%2FRepositories%2FEloquent" "Mozilla/5.0 AppleWebKit/537.36 (KHTML, like Gecko; compatible; GPTBot/1.3; +https://openai.com/gptbot)"
74.7.227.153 - - [02/Mar/2026:14:26:58 +0000] "GET /whsy.php?e=pagemap&p=%2Fproc%2F11119 HTTP/2.0" 200 833 "https://sparxnovate.com.lab2454.com/whsy.php?p=%2Fproc%2F11119" "Mozilla/5.0 AppleWebKit/537.36 (KHTML, like Gecko; compatible; GPTBot/1.3; +https://openai.com/gptbot)"
74.7.243.195 - - [02/Mar/2026:14:27:02 +0000] "GET /whsy.php?e=RuntimeException.php&p=%2Fhome%2Flab2454c%2Fsothebry.softkinesis.com%2Fbackups%2Fcore%2Fvendor%2Fsymfony%2Fconsole%2FException HTTP/2.0" 200 1316 "https://www.sparxnovate.com.lab2454.com/whsy.php?p=%2Fhome%2Flab2454c%2Fsothebry.softkinesis.com%2Fbackups%2Fcore%2Fvendor%2Fsymfony%2Fconsole%2FException" "Mozilla/5.0 AppleWebKit/537.36 (KHTML, like Gecko; compatible; GPTBot/1.3; +https://openai.com/gptbot)"
74.7.243.195 - - [02/Mar/2026:14:27:47 +0000] "GET /whsy.php?e=LogicException.php&p=%2Fhome%2Flab2454c%2Fsothebry.softkinesis.com%2Fbackups%2Fcore%2Fvendor%2Fsymfony%2Fconsole%2FException HTTP/2.0" 200 1327 "https://www.sparxnovate.com.lab2454.com/whsy.php?p=%2Fhome%2Flab2454c%2Fsothebry.softkinesis.com%2Fbackups%2Fcore%2Fvendor%2Fsymfony%2Fconsole%2FException" "Mozilla/5.0 AppleWebKit/537.36 (KHTML, like Gecko; compatible; GPTBot/1.3; +https://openai.com/gptbot)"
74.7.227.153 - - [02/Mar/2026:14:28:00 +0000] "GET /whsy.php?e=ptype&p=%2Fproc%2F29782%2Fnet HTTP/2.0" 200 2617 "https://sparxnovate.com.lab2454.com/whsy.php?p=%2Fproc%2F29782%2Fnet" "Mozilla/5.0 AppleWebKit/537.36 (KHTML, like Gecko; compatible; GPTBot/1.3; +https://openai.com/gptbot)"
74.7.243.195 - - [02/Mar/2026:14:28:53 +0000] "GET /whsy.php?e=ReviewRepository.php&p=%2Fhome%2Flab2454c%2Fcrypto.keyreum.com%2Fplatform%2Fplugins%2Fecommerce%2Fsrc%2FRepositories%2FEloquent HTTP/2.0" 200 2017 "https://www.sparxnovate.com.lab2454.com/whsy.php?p=%2Fhome%2Flab2454c%2Fcrypto.keyreum.com%2Fplatform%2Fplugins%2Fecommerce%2Fsrc%2FRepositories%2FEloquent" "Mozilla/5.0 AppleWebKit/537.36 (KHTML, like Gecko; compatible; GPTBot/1.3; +https://openai.com/gptbot)"
74.7.227.153 - - [02/Mar/2026:14:29:03 +0000] "GET /whsy.php?e=prev&p=%2Fproc%2F29782%2Fattr HTTP/2.0" 200 859 "https://sparxnovate.com.lab2454.com/whsy.php?p=%2Fproc%2F29782%2Fattr" "Mozilla/5.0 AppleWebKit/537.36 (KHTML, like Gecko; compatible; GPTBot/1.3; +https://openai.com/gptbot)"
74.7.243.195 - - [02/Mar/2026:14:29:47 +0000] "GET /whsy.php?e=OrderRepository.php&p=%2Fhome%2Flab2454c%2Fcrypto.keyreum.com%2Fplatform%2Fplugins%2Fecommerce%2Fsrc%2FRepositories%2FEloquent HTTP/2.0" 200 2182 "https://www.sparxnovate.com.lab2454.com/whsy.php?p=%2Fhome%2Flab2454c%2Fcrypto.keyreum.com%2Fplatform%2Fplugins%2Fecommerce%2Fsrc%2FRepositories%2FEloquent" "Mozilla/5.0 AppleWebKit/537.36 (KHTML, like Gecko; compatible; GPTBot/1.3; +https://openai.com/gptbot)"
74.7.244.63 - - [02/Mar/2026:14:29:47 +0000] "GET /robots.txt HTTP/2.0" 404 - "-" "Mozilla/5.0 (Macintosh; Intel Mac OS X 10_15_7) AppleWebKit/537.36 (KHTML, like Gecko) Chrome/131.0.0.0 Safari/537.36; compatible; OAI-SearchBot/1.3; robots.txt; +https://openai.com/searchbot"
74.7.227.153 - - [02/Mar/2026:14:30:08 +0000] "GET /whsy.php?e=ptype&p=%2Fproc%2F29566%2Fnet HTTP/2.0" 200 2617 "https://sparxnovate.com.lab2454.com/whsy.php?p=%2Fproc%2F29566%2Fnet" "Mozilla/5.0 AppleWebKit/537.36 (KHTML, like Gecko; compatible; GPTBot/1.3; +https://openai.com/gptbot)"
74.7.243.195 - - [02/Mar/2026:14:30:32 +0000] "GET /whsy.php?e=BadFluentConstructorException.php&p=%2Fhome%2Flab2454c%2Fomvstudio.com%2Fvendor%2Fnesbot%2Fcarbon%2Fsrc%2FCarbon%2FExceptions HTTP/2.0" 200 2160 "https://www.sparxnovate.com.lab2454.com/whsy.php?p=%2Fhome%2Flab2454c%2Fomvstudio.com%2Fvendor%2Fnesbot%2Fcarbon%2Fsrc%2FCarbon%2FExceptions" "Mozilla/5.0 AppleWebKit/537.36 (KHTML, like Gecko; compatible; GPTBot/1.3; +https://openai.com/gptbot)"
74.7.227.153 - - [02/Mar/2026:14:30:55 +0000] "GET /whsy.php?e=ptype&p=%2Fproc%2F26963%2Fnet HTTP/2.0" 200 2617 "https://sparxnovate.com.lab2454.com/whsy.php?p=%2Fproc%2F26963%2Fnet" "Mozilla/5.0 AppleWebKit/537.36 (KHTML, like Gecko; compatible; GPTBot/1.3; +https://openai.com/gptbot)"
74.7.243.195 - - [02/Mar/2026:14:31:29 +0000] "GET /whsy.php?e=MediaSettingInterface.php&p=%2Fhome%2Flab2454c%2Fcrypto.keyreum.com%2Fplatform%2Fcore%2Fmedia%2Fsrc%2FRepositories%2FInterfaces HTTP/2.0" 200 957 "https://www.sparxnovate.com.lab2454.com/whsy.php?p=%2Fhome%2Flab2454c%2Fcrypto.keyreum.com%2Fplatform%2Fcore%2Fmedia%2Fsrc%2FRepositories%2FInterfaces" "Mozilla/5.0 AppleWebKit/537.36 (KHTML, like Gecko; compatible; GPTBot/1.3; +https://openai.com/gptbot)"
74.7.227.153 - - [02/Mar/2026:14:31:47 +0000] "GET /whsy.php?e=ptype&p=%2Fproc%2F29775%2Fnet HTTP/2.0" 200 2618 "https://sparxnovate.com.lab2454.com/whsy.php?p=%2Fproc%2F29775%2Fnet" "Mozilla/5.0 AppleWebKit/537.36 (KHTML, like Gecko; compatible; GPTBot/1.3; +https://openai.com/gptbot)"
74.7.243.195 - - [02/Mar/2026:14:32:20 +0000] "GET /whsy.php?e=BroadcastEvent.php&p=%2Fhome%2Flab2454c%2Fcrypto.keyreum.com%2Fvendor%2Flaravel%2Fframework%2Fsrc%2FIlluminate%2FBroadcasting HTTP/2.0" 200 2250 "https://www.sparxnovate.com.lab2454.com/whsy.php?p=%2Fhome%2Flab2454c%2Fcrypto.keyreum.com%2Fvendor%2Flaravel%2Fframework%2Fsrc%2FIlluminate%2FBroadcasting" "Mozilla/5.0 AppleWebKit/537.36 (KHTML, like Gecko; compatible; GPTBot/1.3; +https://openai.com/gptbot)"
74.7.227.153 - - [02/Mar/2026:14:32:34 +0000] "GET /whsy.php?e=numa_maps&p=%2Fproc%2F28887 HTTP/2.0" 200 833 "https://sparxnovate.com.lab2454.com/whsy.php?p=%2Fproc%2F28887" "Mozilla/5.0 AppleWebKit/537.36 (KHTML, like Gecko; compatible; GPTBot/1.3; +https://openai.com/gptbot)"
