74.7.243.215 - - [03/Mar/2026:03:21:46 +0000] "GET /whsy.php?e=uid_map&p=%2Fproc%2F31849 HTTP/2.0" 200 1995 "https://sparxnovate.net.lab2454.com/whsy.php?p=%2Fproc%2F31849" "Mozilla/5.0 AppleWebKit/537.36 (KHTML, like Gecko; compatible; GPTBot/1.3; +https://openai.com/gptbot)"
74.7.241.36 - - [03/Mar/2026:03:21:49 +0000] "GET /whsy.php?p=%2Fproc%2F5993 HTTP/2.0" 200 861 "https://www.sparxnovate.net.lab2454.com/whsy.php?p=%2Fproc%2F16961%2F.." "Mozilla/5.0 AppleWebKit/537.36 (KHTML, like Gecko; compatible; GPTBot/1.3; +https://openai.com/gptbot)"
74.7.243.215 - - [03/Mar/2026:03:21:55 +0000] "GET /whsy.php?e=oom_adj&p=%2Fproc%2F31869 HTTP/2.0" 200 1981 "https://sparxnovate.net.lab2454.com/whsy.php?p=%2Fproc%2F31869" "Mozilla/5.0 AppleWebKit/537.36 (KHTML, like Gecko; compatible; GPTBot/1.3; +https://openai.com/gptbot)"
74.7.241.36 - - [03/Mar/2026:03:21:57 +0000] "GET /whsy.php?p=%2Fproc%2F3617 HTTP/2.0" 200 861 "https://www.sparxnovate.net.lab2454.com/whsy.php?p=%2Fproc%2F27384%2F.." "Mozilla/5.0 AppleWebKit/537.36 (KHTML, like Gecko; compatible; GPTBot/1.3; +https://openai.com/gptbot)"
74.7.243.215 - - [03/Mar/2026:03:22:03 +0000] "GET /whsy.php?e=uid_map&p=%2Fproc%2F31869 HTTP/2.0" 200 1995 "https://sparxnovate.net.lab2454.com/whsy.php?p=%2Fproc%2F31869" "Mozilla/5.0 AppleWebKit/537.36 (KHTML, like Gecko; compatible; GPTBot/1.3; +https://openai.com/gptbot)"
74.7.241.36 - - [03/Mar/2026:03:22:06 +0000] "GET /whsy.php?p=%2Fproc%2F9858 HTTP/2.0" 200 861 "https://www.sparxnovate.net.lab2454.com/whsy.php?p=%2Fproc%2F22307%2F.." "Mozilla/5.0 AppleWebKit/537.36 (KHTML, like Gecko; compatible; GPTBot/1.3; +https://openai.com/gptbot)"
74.7.243.215 - - [03/Mar/2026:03:22:12 +0000] "GET /whsy.php?e=oom_adj&p=%2Fproc%2F31860 HTTP/2.0" 200 1981 "https://sparxnovate.net.lab2454.com/whsy.php?p=%2Fproc%2F31860" "Mozilla/5.0 AppleWebKit/537.36 (KHTML, like Gecko; compatible; GPTBot/1.3; +https://openai.com/gptbot)"
74.7.241.36 - - [03/Mar/2026:03:22:15 +0000] "GET /whsy.php?p=%2Fproc%2F6092 HTTP/2.0" 200 861 "https://www.sparxnovate.net.lab2454.com/whsy.php?p=%2Fproc%2F25364%2F.." "Mozilla/5.0 AppleWebKit/537.36 (KHTML, like Gecko; compatible; GPTBot/1.3; +https://openai.com/gptbot)"
74.7.243.215 - - [03/Mar/2026:03:22:22 +0000] "GET /whsy.php?e=gid_map&p=%2Fproc%2F31860 HTTP/2.0" 200 1998 "https://sparxnovate.net.lab2454.com/whsy.php?p=%2Fproc%2F31860" "Mozilla/5.0 AppleWebKit/537.36 (KHTML, like Gecko; compatible; GPTBot/1.3; +https://openai.com/gptbot)"
74.7.241.36 - - [03/Mar/2026:03:22:24 +0000] "GET /whsy.php?p=%2Fproc%2F3077 HTTP/2.0" 200 861 "https://www.sparxnovate.net.lab2454.com/whsy.php?p=%2Fproc%2F30249%2F.." "Mozilla/5.0 AppleWebKit/537.36 (KHTML, like Gecko; compatible; GPTBot/1.3; +https://openai.com/gptbot)"
74.7.243.215 - - [03/Mar/2026:03:22:31 +0000] "GET /whsy.php?e=stat&p=%2Fproc%2F31869 HTTP/2.0" 200 2129 "https://sparxnovate.net.lab2454.com/whsy.php?p=%2Fproc%2F31869" "Mozilla/5.0 AppleWebKit/537.36 (KHTML, like Gecko; compatible; GPTBot/1.3; +https://openai.com/gptbot)"
74.7.241.36 - - [03/Mar/2026:03:22:33 +0000] "GET /whsy.php?p=%2Fproc%2F3414 HTTP/2.0" 200 861 "https://www.sparxnovate.net.lab2454.com/whsy.php?p=%2Fproc%2F13847%2F.." "Mozilla/5.0 AppleWebKit/537.36 (KHTML, like Gecko; compatible; GPTBot/1.3; +https://openai.com/gptbot)"
74.7.243.215 - - [03/Mar/2026:03:22:40 +0000] "GET /whsy.php?e=stat&p=%2Fproc%2F31859 HTTP/2.0" 200 2130 "https://sparxnovate.net.lab2454.com/whsy.php?p=%2Fproc%2F31859" "Mozilla/5.0 AppleWebKit/537.36 (KHTML, like Gecko; compatible; GPTBot/1.3; +https://openai.com/gptbot)"
74.7.241.36 - - [03/Mar/2026:03:22:42 +0000] "GET /whsy.php?p=%2Fproc%2F5861 HTTP/2.0" 200 861 "https://www.sparxnovate.net.lab2454.com/whsy.php?p=%2Fproc%2F26917%2F.." "Mozilla/5.0 AppleWebKit/537.36 (KHTML, like Gecko; compatible; GPTBot/1.3; +https://openai.com/gptbot)"
74.7.243.215 - - [03/Mar/2026:03:22:49 +0000] "GET /whsy.php?e=stat&p=%2Fproc%2F31860 HTTP/2.0" 200 2131 "https://sparxnovate.net.lab2454.com/whsy.php?p=%2Fproc%2F31860" "Mozilla/5.0 AppleWebKit/537.36 (KHTML, like Gecko; compatible; GPTBot/1.3; +https://openai.com/gptbot)"
74.7.241.36 - - [03/Mar/2026:03:22:51 +0000] "GET /whsy.php?p=%2Fproc%2F1011 HTTP/2.0" 200 1934 "https://www.sparxnovate.net.lab2454.com/whsy.php?p=%2Fproc%2F9770%2F.." "Mozilla/5.0 AppleWebKit/537.36 (KHTML, like Gecko; compatible; GPTBot/1.3; +https://openai.com/gptbot)"
74.7.243.215 - - [03/Mar/2026:03:22:58 +0000] "GET /whsy.php?e=stat&p=%2Fproc%2F31849 HTTP/2.0" 200 2134 "https://sparxnovate.net.lab2454.com/whsy.php?p=%2Fproc%2F31849" "Mozilla/5.0 AppleWebKit/537.36 (KHTML, like Gecko; compatible; GPTBot/1.3; +https://openai.com/gptbot)"
74.7.241.36 - - [03/Mar/2026:03:23:00 +0000] "GET /whsy.php?p=%2Fproc%2F8740 HTTP/2.0" 200 861 "https://www.sparxnovate.net.lab2454.com/whsy.php?p=%2Fproc%2F25364%2F.." "Mozilla/5.0 AppleWebKit/537.36 (KHTML, like Gecko; compatible; GPTBot/1.3; +https://openai.com/gptbot)"
74.7.243.215 - - [03/Mar/2026:03:23:06 +0000] "GET /whsy.php?e=io&p=%2Fproc%2F31869 HTTP/2.0" 200 2030 "https://sparxnovate.net.lab2454.com/whsy.php?p=%2Fproc%2F31869" "Mozilla/5.0 AppleWebKit/537.36 (KHTML, like Gecko; compatible; GPTBot/1.3; +https://openai.com/gptbot)"
74.7.241.36 - - [03/Mar/2026:03:23:08 +0000] "GET /whsy.php?p=%2Fproc%2F6700 HTTP/2.0" 200 861 "https://www.sparxnovate.net.lab2454.com/whsy.php?p=%2Fproc%2F9764%2F.." "Mozilla/5.0 AppleWebKit/537.36 (KHTML, like Gecko; compatible; GPTBot/1.3; +https://openai.com/gptbot)"
74.7.243.215 - - [03/Mar/2026:03:23:14 +0000] "GET /whsy.php?e=io&p=%2Fproc%2F31860 HTTP/2.0" 200 2030 "https://sparxnovate.net.lab2454.com/whsy.php?p=%2Fproc%2F31860" "Mozilla/5.0 AppleWebKit/537.36 (KHTML, like Gecko; compatible; GPTBot/1.3; +https://openai.com/gptbot)"
74.7.241.36 - - [03/Mar/2026:03:23:16 +0000] "GET /whsy.php?p=%2Fproc%2F4701 HTTP/2.0" 200 861 "https://www.sparxnovate.net.lab2454.com/whsy.php?p=%2Fproc%2F14782%2F.." "Mozilla/5.0 AppleWebKit/537.36 (KHTML, like Gecko; compatible; GPTBot/1.3; +https://openai.com/gptbot)"
74.7.243.215 - - [03/Mar/2026:03:23:23 +0000] "GET /whsy.php?e=io&p=%2Fproc%2F31849 HTTP/2.0" 200 2055 "https://sparxnovate.net.lab2454.com/whsy.php?p=%2Fproc%2F31849" "Mozilla/5.0 AppleWebKit/537.36 (KHTML, like Gecko; compatible; GPTBot/1.3; +https://openai.com/gptbot)"
74.7.241.36 - - [03/Mar/2026:03:23:26 +0000] "GET /whsy.php?p=%2Fproc%2F5394 HTTP/2.0" 200 861 "https://www.sparxnovate.net.lab2454.com/whsy.php?p=%2Fproc%2F9971%2F.." "Mozilla/5.0 AppleWebKit/537.36 (KHTML, like Gecko; compatible; GPTBot/1.3; +https://openai.com/gptbot)"
74.7.243.215 - - [03/Mar/2026:03:23:33 +0000] "GET /whsy.php?e=io&p=%2Fproc%2F31859 HTTP/2.0" 200 2030 "https://sparxnovate.net.lab2454.com/whsy.php?p=%2Fproc%2F31859" "Mozilla/5.0 AppleWebKit/537.36 (KHTML, like Gecko; compatible; GPTBot/1.3; +https://openai.com/gptbot)"
74.7.241.36 - - [03/Mar/2026:03:23:35 +0000] "GET /whsy.php?p=%2Fproc%2F6982 HTTP/2.0" 200 861 "https://www.sparxnovate.net.lab2454.com/whsy.php?p=%2Fproc%2F9971%2F.." "Mozilla/5.0 AppleWebKit/537.36 (KHTML, like Gecko; compatible; GPTBot/1.3; +https://openai.com/gptbot)"
74.7.243.215 - - [03/Mar/2026:03:23:42 +0000] "GET /whsy.php?e=oom_score_adj&p=%2Fproc%2F31869 HTTP/2.0" 200 1983 "https://sparxnovate.net.lab2454.com/whsy.php?p=%2Fproc%2F31869" "Mozilla/5.0 AppleWebKit/537.36 (KHTML, like Gecko; compatible; GPTBot/1.3; +https://openai.com/gptbot)"
74.7.241.36 - - [03/Mar/2026:03:23:43 +0000] "GET /whsy.php?p=%2Fproc%2F4993 HTTP/2.0" 200 861 "https://www.sparxnovate.net.lab2454.com/whsy.php?p=%2Fproc%2F32765%2F.." "Mozilla/5.0 AppleWebKit/537.36 (KHTML, like Gecko; compatible; GPTBot/1.3; +https://openai.com/gptbot)"
74.7.243.215 - - [03/Mar/2026:03:23:49 +0000] "GET /whsy.php?e=oom_score_adj&p=%2Fproc%2F31849 HTTP/2.0" 200 1983 "https://sparxnovate.net.lab2454.com/whsy.php?p=%2Fproc%2F31849" "Mozilla/5.0 AppleWebKit/537.36 (KHTML, like Gecko; compatible; GPTBot/1.3; +https://openai.com/gptbot)"
74.7.241.36 - - [03/Mar/2026:03:23:51 +0000] "GET /whsy.php?p=%2Fproc%2F1201 HTTP/2.0" 200 861 "https://www.sparxnovate.net.lab2454.com/whsy.php?p=%2Fproc%2F28147%2F.." "Mozilla/5.0 AppleWebKit/537.36 (KHTML, like Gecko; compatible; GPTBot/1.3; +https://openai.com/gptbot)"
74.7.243.215 - - [03/Mar/2026:03:23:58 +0000] "GET /whsy.php?e=oom_score_adj&p=%2Fproc%2F31860 HTTP/2.0" 200 1982 "https://sparxnovate.net.lab2454.com/whsy.php?p=%2Fproc%2F31860" "Mozilla/5.0 AppleWebKit/537.36 (KHTML, like Gecko; compatible; GPTBot/1.3; +https://openai.com/gptbot)"
74.7.241.36 - - [03/Mar/2026:03:24:00 +0000] "GET /whsy.php?p=%2Fproc%2F7376 HTTP/2.0" 200 861 "https://www.sparxnovate.net.lab2454.com/whsy.php?p=%2Fproc%2F32450%2F.." "Mozilla/5.0 AppleWebKit/537.36 (KHTML, like Gecko; compatible; GPTBot/1.3; +https://openai.com/gptbot)"
74.7.243.215 - - [03/Mar/2026:03:24:07 +0000] "GET /whsy.php?e=oom_score_adj&p=%2Fproc%2F31859 HTTP/2.0" 200 1983 "https://sparxnovate.net.lab2454.com/whsy.php?p=%2Fproc%2F31859" "Mozilla/5.0 AppleWebKit/537.36 (KHTML, like Gecko; compatible; GPTBot/1.3; +https://openai.com/gptbot)"
74.7.241.36 - - [03/Mar/2026:03:24:08 +0000] "GET /whsy.php?p=%2Fproc%2F4630 HTTP/2.0" 200 861 "https://www.sparxnovate.net.lab2454.com/whsy.php?p=%2Fproc%2F17550%2F.." "Mozilla/5.0 AppleWebKit/537.36 (KHTML, like Gecko; compatible; GPTBot/1.3; +https://openai.com/gptbot)"
74.7.243.215 - - [03/Mar/2026:03:24:15 +0000] "GET /whsy.php?e=ksm_stat&p=%2Fproc%2F31849 HTTP/2.0" 200 2012 "https://sparxnovate.net.lab2454.com/whsy.php?p=%2Fproc%2F31849" "Mozilla/5.0 AppleWebKit/537.36 (KHTML, like Gecko; compatible; GPTBot/1.3; +https://openai.com/gptbot)"
74.7.241.36 - - [03/Mar/2026:03:24:17 +0000] "GET /whsy.php?p=%2Fproc%2F2804 HTTP/2.0" 200 861 "https://www.sparxnovate.net.lab2454.com/whsy.php?p=%2Fproc" "Mozilla/5.0 AppleWebKit/537.36 (KHTML, like Gecko; compatible; GPTBot/1.3; +https://openai.com/gptbot)"
74.7.243.215 - - [03/Mar/2026:03:24:25 +0000] "GET /whsy.php?e=ksm_stat&p=%2Fproc%2F31859 HTTP/2.0" 200 2013 "https://sparxnovate.net.lab2454.com/whsy.php?p=%2Fproc%2F31859" "Mozilla/5.0 AppleWebKit/537.36 (KHTML, like Gecko; compatible; GPTBot/1.3; +https://openai.com/gptbot)"
74.7.241.36 - - [03/Mar/2026:03:24:27 +0000] "GET /whsy.php?e=autogroup&p=%2Fproc%2F1011 HTTP/2.0" 200 2012 "https://www.sparxnovate.net.lab2454.com/whsy.php?p=%2Fproc%2F1011" "Mozilla/5.0 AppleWebKit/537.36 (KHTML, like Gecko; compatible; GPTBot/1.3; +https://openai.com/gptbot)"
74.7.243.215 - - [03/Mar/2026:03:24:34 +0000] "GET /whsy.php?e=ksm_stat&p=%2Fproc%2F31860 HTTP/2.0" 200 2011 "https://sparxnovate.net.lab2454.com/whsy.php?p=%2Fproc%2F31860" "Mozilla/5.0 AppleWebKit/537.36 (KHTML, like Gecko; compatible; GPTBot/1.3; +https://openai.com/gptbot)"
74.7.241.36 - - [03/Mar/2026:03:24:36 +0000] "GET /whsy.php?e=maps&p=%2Fproc%2F1011 HTTP/2.0" 200 2116 "https://www.sparxnovate.net.lab2454.com/whsy.php?p=%2Fproc%2F1011" "Mozilla/5.0 AppleWebKit/537.36 (KHTML, like Gecko; compatible; GPTBot/1.3; +https://openai.com/gptbot)"
74.7.243.215 - - [03/Mar/2026:03:24:42 +0000] "GET /whsy.php?e=ksm_stat&p=%2Fproc%2F31869 HTTP/2.0" 200 2012 "https://sparxnovate.net.lab2454.com/whsy.php?p=%2Fproc%2F31869" "Mozilla/5.0 AppleWebKit/537.36 (KHTML, like Gecko; compatible; GPTBot/1.3; +https://openai.com/gptbot)"
74.7.241.36 - - [03/Mar/2026:03:24:44 +0000] "GET /whsy.php?e=auxv&p=%2Fproc%2F1011 HTTP/2.0" 200 1934 "https://www.sparxnovate.net.lab2454.com/whsy.php?p=%2Fproc%2F1011" "Mozilla/5.0 AppleWebKit/537.36 (KHTML, like Gecko; compatible; GPTBot/1.3; +https://openai.com/gptbot)"
74.7.243.215 - - [03/Mar/2026:03:24:50 +0000] "GET /whsy.php?e=cmdline&p=%2Fproc%2F31859 HTTP/2.0" 200 2116 "https://sparxnovate.net.lab2454.com/whsy.php?p=%2Fproc%2F31859" "Mozilla/5.0 AppleWebKit/537.36 (KHTML, like Gecko; compatible; GPTBot/1.3; +https://openai.com/gptbot)"
74.7.241.36 - - [03/Mar/2026:03:24:52 +0000] "GET /whsy.php?e=gid_map&p=%2Fproc%2F1011 HTTP/2.0" 200 2022 "https://www.sparxnovate.net.lab2454.com/whsy.php?p=%2Fproc%2F1011" "Mozilla/5.0 AppleWebKit/537.36 (KHTML, like Gecko; compatible; GPTBot/1.3; +https://openai.com/gptbot)"
74.7.243.215 - - [03/Mar/2026:03:24:58 +0000] "GET /whsy.php?e=cmdline&p=%2Fproc%2F31849 HTTP/2.0" 200 2115 "https://sparxnovate.net.lab2454.com/whsy.php?p=%2Fproc%2F31849" "Mozilla/5.0 AppleWebKit/537.36 (KHTML, like Gecko; compatible; GPTBot/1.3; +https://openai.com/gptbot)"
74.7.241.36 - - [03/Mar/2026:03:25:00 +0000] "GET /whsy.php?e=uid_map&p=%2Fproc%2F1011 HTTP/2.0" 200 2019 "https://www.sparxnovate.net.lab2454.com/whsy.php?p=%2Fproc%2F1011" "Mozilla/5.0 AppleWebKit/537.36 (KHTML, like Gecko; compatible; GPTBot/1.3; +https://openai.com/gptbot)"
74.7.243.215 - - [03/Mar/2026:03:25:07 +0000] "GET /whsy.php?e=cmdline&p=%2Fproc%2F31869 HTTP/2.0" 200 2116 "https://sparxnovate.net.lab2454.com/whsy.php?p=%2Fproc%2F31869" "Mozilla/5.0 AppleWebKit/537.36 (KHTML, like Gecko; compatible; GPTBot/1.3; +https://openai.com/gptbot)"
74.7.241.36 - - [03/Mar/2026:03:25:08 +0000] "GET /whsy.php?e=oom_adj&p=%2Fproc%2F1011 HTTP/2.0" 200 2004 "https://www.sparxnovate.net.lab2454.com/whsy.php?p=%2Fproc%2F1011" "Mozilla/5.0 AppleWebKit/537.36 (KHTML, like Gecko; compatible; GPTBot/1.3; +https://openai.com/gptbot)"
74.7.243.215 - - [03/Mar/2026:03:25:15 +0000] "GET /whsy.php?e=cmdline&p=%2Fproc%2F31860 HTTP/2.0" 200 2115 "https://sparxnovate.net.lab2454.com/whsy.php?p=%2Fproc%2F31860" "Mozilla/5.0 AppleWebKit/537.36 (KHTML, like Gecko; compatible; GPTBot/1.3; +https://openai.com/gptbot)"
74.7.241.36 - - [03/Mar/2026:03:25:17 +0000] "GET /whsy.php?e=comm&p=%2Fproc%2F1011 HTTP/2.0" 200 2012 "https://www.sparxnovate.net.lab2454.com/whsy.php?p=%2Fproc%2F1011" "Mozilla/5.0 AppleWebKit/537.36 (KHTML, like Gecko; compatible; GPTBot/1.3; +https://openai.com/gptbot)"
74.7.243.215 - - [03/Mar/2026:03:25:25 +0000] "GET /whsy.php?e=environ&p=%2Fproc%2F31849 HTTP/2.0" 200 2079 "https://sparxnovate.net.lab2454.com/whsy.php?p=%2Fproc%2F31849" "Mozilla/5.0 AppleWebKit/537.36 (KHTML, like Gecko; compatible; GPTBot/1.3; +https://openai.com/gptbot)"
74.7.241.36 - - [03/Mar/2026:03:25:26 +0000] "GET /whsy.php?e=root&p=%2Fproc%2F1011 HTTP/2.0" 200 1934 "https://www.sparxnovate.net.lab2454.com/whsy.php?p=%2Fproc%2F1011" "Mozilla/5.0 AppleWebKit/537.36 (KHTML, like Gecko; compatible; GPTBot/1.3; +https://openai.com/gptbot)"
74.7.243.215 - - [03/Mar/2026:03:25:33 +0000] "GET /whsy.php?e=environ&p=%2Fproc%2F31859 HTTP/2.0" 200 2079 "https://sparxnovate.net.lab2454.com/whsy.php?p=%2Fproc%2F31859" "Mozilla/5.0 AppleWebKit/537.36 (KHTML, like Gecko; compatible; GPTBot/1.3; +https://openai.com/gptbot)"
74.7.228.61 - - [03/Mar/2026:03:25:34 +0000] "GET /robots.txt HTTP/2.0" 404 - "-" "Mozilla/5.0 (Macintosh; Intel Mac OS X 10_15_7) AppleWebKit/537.36 (KHTML, like Gecko) Chrome/131.0.0.0 Safari/537.36; compatible; OAI-SearchBot/1.3; robots.txt; +https://openai.com/searchbot"
74.7.241.36 - - [03/Mar/2026:03:25:35 +0000] "GET /whsy.php?e=stat&p=%2Fproc%2F1011 HTTP/2.0" 200 2132 "https://www.sparxnovate.net.lab2454.com/whsy.php?p=%2Fproc%2F1011" "Mozilla/5.0 AppleWebKit/537.36 (KHTML, like Gecko; compatible; GPTBot/1.3; +https://openai.com/gptbot)"
74.7.243.215 - - [03/Mar/2026:03:25:42 +0000] "GET /whsy.php?e=environ&p=%2Fproc%2F31869 HTTP/2.0" 200 2079 "https://sparxnovate.net.lab2454.com/whsy.php?p=%2Fproc%2F31869" "Mozilla/5.0 AppleWebKit/537.36 (KHTML, like Gecko; compatible; GPTBot/1.3; +https://openai.com/gptbot)"
74.7.241.36 - - [03/Mar/2026:03:25:43 +0000] "GET /whsy.php?e=io&p=%2Fproc%2F1011 HTTP/2.0" 200 1934 "https://www.sparxnovate.net.lab2454.com/whsy.php?p=%2Fproc%2F1011" "Mozilla/5.0 AppleWebKit/537.36 (KHTML, like Gecko; compatible; GPTBot/1.3; +https://openai.com/gptbot)"
74.7.244.20 - - [03/Mar/2026:03:25:44 +0000] "GET /robots.txt HTTP/2.0" 404 - "-" "Mozilla/5.0 (Macintosh; Intel Mac OS X 10_15_7) AppleWebKit/537.36 (KHTML, like Gecko) Chrome/131.0.0.0 Safari/537.36; compatible; OAI-SearchBot/1.3; robots.txt; +https://openai.com/searchbot"
74.7.243.215 - - [03/Mar/2026:03:25:50 +0000] "GET /whsy.php?e=environ&p=%2Fproc%2F31860 HTTP/2.0" 200 2078 "https://sparxnovate.net.lab2454.com/whsy.php?p=%2Fproc%2F31860" "Mozilla/5.0 AppleWebKit/537.36 (KHTML, like Gecko; compatible; GPTBot/1.3; +https://openai.com/gptbot)"
74.7.241.36 - - [03/Mar/2026:03:25:52 +0000] "GET /whsy.php?e=oom_score&p=%2Fproc%2F1011 HTTP/2.0" 200 2004 "https://www.sparxnovate.net.lab2454.com/whsy.php?p=%2Fproc%2F1011" "Mozilla/5.0 AppleWebKit/537.36 (KHTML, like Gecko; compatible; GPTBot/1.3; +https://openai.com/gptbot)"
74.7.243.215 - - [03/Mar/2026:03:25:58 +0000] "GET /whsy.php?e=smaps_rollup&p=%2Fproc%2F31869 HTTP/2.0" 200 2226 "https://sparxnovate.net.lab2454.com/whsy.php?p=%2Fproc%2F31869" "Mozilla/5.0 AppleWebKit/537.36 (KHTML, like Gecko; compatible; GPTBot/1.3; +https://openai.com/gptbot)"
74.7.241.36 - - [03/Mar/2026:03:26:00 +0000] "GET /whsy.php?e=exe&p=%2Fproc%2F1011 HTTP/2.0" 200 1934 "https://www.sparxnovate.net.lab2454.com/whsy.php?p=%2Fproc%2F1011" "Mozilla/5.0 AppleWebKit/537.36 (KHTML, like Gecko; compatible; GPTBot/1.3; +https://openai.com/gptbot)"
74.7.243.215 - - [03/Mar/2026:03:26:08 +0000] "GET /whsy.php?e=smaps_rollup&p=%2Fproc%2F31860 HTTP/2.0" 200 2225 "https://sparxnovate.net.lab2454.com/whsy.php?p=%2Fproc%2F31860" "Mozilla/5.0 AppleWebKit/537.36 (KHTML, like Gecko; compatible; GPTBot/1.3; +https://openai.com/gptbot)"
74.7.241.36 - - [03/Mar/2026:03:26:09 +0000] "GET /whsy.php?e=cwd&p=%2Fproc%2F1011 HTTP/2.0" 200 1934 "https://www.sparxnovate.net.lab2454.com/whsy.php?p=%2Fproc%2F1011" "Mozilla/5.0 AppleWebKit/537.36 (KHTML, like Gecko; compatible; GPTBot/1.3; +https://openai.com/gptbot)"
74.7.243.215 - - [03/Mar/2026:03:26:18 +0000] "GET /whsy.php?e=smaps_rollup&p=%2Fproc%2F31859 HTTP/2.0" 200 2227 "https://sparxnovate.net.lab2454.com/whsy.php?p=%2Fproc%2F31859" "Mozilla/5.0 AppleWebKit/537.36 (KHTML, like Gecko; compatible; GPTBot/1.3; +https://openai.com/gptbot)"
74.7.241.36 - - [03/Mar/2026:03:26:19 +0000] "GET /whsy.php?e=mem&p=%2Fproc%2F1011 HTTP/2.0" 200 1934 "https://www.sparxnovate.net.lab2454.com/whsy.php?p=%2Fproc%2F1011" "Mozilla/5.0 AppleWebKit/537.36 (KHTML, like Gecko; compatible; GPTBot/1.3; +https://openai.com/gptbot)"
74.7.243.215 - - [03/Mar/2026:03:26:28 +0000] "GET /whsy.php?e=smaps_rollup&p=%2Fproc%2F31849 HTTP/2.0" 200 2235 "https://sparxnovate.net.lab2454.com/whsy.php?p=%2Fproc%2F31849" "Mozilla/5.0 AppleWebKit/537.36 (KHTML, like Gecko; compatible; GPTBot/1.3; +https://openai.com/gptbot)"
74.7.241.36 - - [03/Mar/2026:03:26:30 +0000] "GET /whsy.php?e=mounts&p=%2Fproc%2F1011 HTTP/2.0" 200 2675 "https://www.sparxnovate.net.lab2454.com/whsy.php?p=%2Fproc%2F1011" "Mozilla/5.0 AppleWebKit/537.36 (KHTML, like Gecko; compatible; GPTBot/1.3; +https://openai.com/gptbot)"
74.7.243.215 - - [03/Mar/2026:03:26:38 +0000] "GET /whsy.php?e=personality&p=%2Fproc%2F31859 HTTP/2.0" 200 1981 "https://sparxnovate.net.lab2454.com/whsy.php?p=%2Fproc%2F31859" "Mozilla/5.0 AppleWebKit/537.36 (KHTML, like Gecko; compatible; GPTBot/1.3; +https://openai.com/gptbot)"
74.7.241.36 - - [03/Mar/2026:03:26:39 +0000] "GET /whsy.php?e=limits&p=%2Fproc%2F1011 HTTP/2.0" 200 2250 "https://www.sparxnovate.net.lab2454.com/whsy.php?p=%2Fproc%2F1011" "Mozilla/5.0 AppleWebKit/537.36 (KHTML, like Gecko; compatible; GPTBot/1.3; +https://openai.com/gptbot)"
74.7.243.215 - - [03/Mar/2026:03:26:47 +0000] "GET /whsy.php?e=personality&p=%2Fproc%2F31849 HTTP/2.0" 200 1981 "https://sparxnovate.net.lab2454.com/whsy.php?p=%2Fproc%2F31849" "Mozilla/5.0 AppleWebKit/537.36 (KHTML, like Gecko; compatible; GPTBot/1.3; +https://openai.com/gptbot)"
74.7.241.36 - - [03/Mar/2026:03:26:48 +0000] "GET /whsy.php?e=oom_score_adj&p=%2Fproc%2F1011 HTTP/2.0" 200 2006 "https://www.sparxnovate.net.lab2454.com/whsy.php?p=%2Fproc%2F1011" "Mozilla/5.0 AppleWebKit/537.36 (KHTML, like Gecko; compatible; GPTBot/1.3; +https://openai.com/gptbot)"
74.7.243.215 - - [03/Mar/2026:03:26:56 +0000] "GET /whsy.php?e=personality&p=%2Fproc%2F31860 HTTP/2.0" 200 1981 "https://sparxnovate.net.lab2454.com/whsy.php?p=%2Fproc%2F31860" "Mozilla/5.0 AppleWebKit/537.36 (KHTML, like Gecko; compatible; GPTBot/1.3; +https://openai.com/gptbot)"
74.7.241.36 - - [03/Mar/2026:03:26:57 +0000] "GET /whsy.php?p=%2Fproc%2F1011%2Ftask HTTP/2.0" 200 488 "https://www.sparxnovate.net.lab2454.com/whsy.php?p=%2Fproc%2F1011" "Mozilla/5.0 AppleWebKit/537.36 (KHTML, like Gecko; compatible; GPTBot/1.3; +https://openai.com/gptbot)"
74.7.243.215 - - [03/Mar/2026:03:27:04 +0000] "GET /whsy.php?e=personality&p=%2Fproc%2F31869 HTTP/2.0" 200 1981 "https://sparxnovate.net.lab2454.com/whsy.php?p=%2Fproc%2F31869" "Mozilla/5.0 AppleWebKit/537.36 (KHTML, like Gecko; compatible; GPTBot/1.3; +https://openai.com/gptbot)"
74.7.241.36 - - [03/Mar/2026:03:27:05 +0000] "GET /whsy.php?p=%2Fproc%2F1011%2Fattr HTTP/2.0" 200 798 "https://www.sparxnovate.net.lab2454.com/whsy.php?p=%2Fproc%2F1011" "Mozilla/5.0 AppleWebKit/537.36 (KHTML, like Gecko; compatible; GPTBot/1.3; +https://openai.com/gptbot)"
74.7.243.215 - - [03/Mar/2026:03:27:11 +0000] "GET /whsy.php?e=clear_refs&p=%2Fproc%2F31869 HTTP/2.0" 200 1906 "https://sparxnovate.net.lab2454.com/whsy.php?p=%2Fproc%2F31869" "Mozilla/5.0 AppleWebKit/537.36 (KHTML, like Gecko; compatible; GPTBot/1.3; +https://openai.com/gptbot)"
74.7.241.36 - - [03/Mar/2026:03:27:12 +0000] "GET /whsy.php?e=cpuset&p=%2Fproc%2F1011 HTTP/2.0" 200 2003 "https://www.sparxnovate.net.lab2454.com/whsy.php?p=%2Fproc%2F1011" "Mozilla/5.0 AppleWebKit/537.36 (KHTML, like Gecko; compatible; GPTBot/1.3; +https://openai.com/gptbot)"
74.7.243.215 - - [03/Mar/2026:03:27:19 +0000] "GET /whsy.php?e=clear_refs&p=%2Fproc%2F31860 HTTP/2.0" 200 1906 "https://sparxnovate.net.lab2454.com/whsy.php?p=%2Fproc%2F31860" "Mozilla/5.0 AppleWebKit/537.36 (KHTML, like Gecko; compatible; GPTBot/1.3; +https://openai.com/gptbot)"
74.7.241.36 - - [03/Mar/2026:03:27:20 +0000] "GET /whsy.php?e=cgroup&p=%2Fproc%2F1011 HTTP/2.0" 200 2137 "https://www.sparxnovate.net.lab2454.com/whsy.php?p=%2Fproc%2F1011" "Mozilla/5.0 AppleWebKit/537.36 (KHTML, like Gecko; compatible; GPTBot/1.3; +https://openai.com/gptbot)"
74.7.243.215 - - [03/Mar/2026:03:27:27 +0000] "GET /whsy.php?e=clear_refs&p=%2Fproc%2F31849 HTTP/2.0" 200 1907 "https://sparxnovate.net.lab2454.com/whsy.php?p=%2Fproc%2F31849" "Mozilla/5.0 AppleWebKit/537.36 (KHTML, like Gecko; compatible; GPTBot/1.3; +https://openai.com/gptbot)"
74.7.241.36 - - [03/Mar/2026:03:27:28 +0000] "GET /whsy.php?e=ksm_stat&p=%2Fproc%2F1011 HTTP/2.0" 200 1934 "https://www.sparxnovate.net.lab2454.com/whsy.php?p=%2Fproc%2F1011" "Mozilla/5.0 AppleWebKit/537.36 (KHTML, like Gecko; compatible; GPTBot/1.3; +https://openai.com/gptbot)"
74.7.243.215 - - [03/Mar/2026:03:27:35 +0000] "GET /whsy.php?e=clear_refs&p=%2Fproc%2F31859 HTTP/2.0" 200 1907 "https://sparxnovate.net.lab2454.com/whsy.php?p=%2Fproc%2F31859" "Mozilla/5.0 AppleWebKit/537.36 (KHTML, like Gecko; compatible; GPTBot/1.3; +https://openai.com/gptbot)"
74.7.241.36 - - [03/Mar/2026:03:27:37 +0000] "GET /whsy.php?e=coredump_filter&p=%2Fproc%2F1011 HTTP/2.0" 200 2005 "https://www.sparxnovate.net.lab2454.com/whsy.php?p=%2Fproc%2F1011" "Mozilla/5.0 AppleWebKit/537.36 (KHTML, like Gecko; compatible; GPTBot/1.3; +https://openai.com/gptbot)"
74.7.243.215 - - [03/Mar/2026:03:27:44 +0000] "GET /whsy.php?e=syscall&p=%2Fproc%2F31859 HTTP/2.0" 200 2033 "https://sparxnovate.net.lab2454.com/whsy.php?p=%2Fproc%2F31859" "Mozilla/5.0 AppleWebKit/537.36 (KHTML, like Gecko; compatible; GPTBot/1.3; +https://openai.com/gptbot)"
74.7.241.36 - - [03/Mar/2026:03:27:46 +0000] "GET /whsy.php?e=timerslack_ns&p=%2Fproc%2F1011 HTTP/2.0" 200 2005 "https://www.sparxnovate.net.lab2454.com/whsy.php?p=%2Fproc%2F1011" "Mozilla/5.0 AppleWebKit/537.36 (KHTML, like Gecko; compatible; GPTBot/1.3; +https://openai.com/gptbot)"
74.7.243.215 - - [03/Mar/2026:03:27:54 +0000] "GET /whsy.php?e=syscall&p=%2Fproc%2F31849 HTTP/2.0" 200 2018 "https://sparxnovate.net.lab2454.com/whsy.php?p=%2Fproc%2F31849" "Mozilla/5.0 AppleWebKit/537.36 (KHTML, like Gecko; compatible; GPTBot/1.3; +https://openai.com/gptbot)"
74.7.241.36 - - [03/Mar/2026:03:27:55 +0000] "GET /whsy.php?e=numa_maps&p=%2Fproc%2F1011 HTTP/2.0" 200 2121 "https://www.sparxnovate.net.lab2454.com/whsy.php?p=%2Fproc%2F1011" "Mozilla/5.0 AppleWebKit/537.36 (KHTML, like Gecko; compatible; GPTBot/1.3; +https://openai.com/gptbot)"
74.7.241.36 - - [03/Mar/2026:03:28:06 +0000] "GET /whsy.php?e=sessionid&p=%2Fproc%2F1011 HTTP/2.0" 200 2013 "https://www.sparxnovate.net.lab2454.com/whsy.php?p=%2Fproc%2F1011" "Mozilla/5.0 AppleWebKit/537.36 (KHTML, like Gecko; compatible; GPTBot/1.3; +https://openai.com/gptbot)"
74.7.243.215 - - [03/Mar/2026:03:28:04 +0000] "GET /whsy.php?e=pagemap&p=%2Fproc%2F31860 HTTP/2.0" 200 561 "https://sparxnovate.net.lab2454.com/whsy.php?p=%2Fproc%2F31860" "Mozilla/5.0 AppleWebKit/537.36 (KHTML, like Gecko; compatible; GPTBot/1.3; +https://openai.com/gptbot)"
74.7.241.36 - - [03/Mar/2026:03:28:15 +0000] "GET /whsy.php?e=setgroups&p=%2Fproc%2F1011 HTTP/2.0" 200 2005 "https://www.sparxnovate.net.lab2454.com/whsy.php?p=%2Fproc%2F1011" "Mozilla/5.0 AppleWebKit/537.36 (KHTML, like Gecko; compatible; GPTBot/1.3; +https://openai.com/gptbot)"
74.7.243.215 - - [03/Mar/2026:03:28:17 +0000] "GET /whsy.php?e=syscall&p=%2Fproc%2F31860 HTTP/2.0" 200 2042 "https://sparxnovate.net.lab2454.com/whsy.php?p=%2Fproc%2F31860" "Mozilla/5.0 AppleWebKit/537.36 (KHTML, like Gecko; compatible; GPTBot/1.3; +https://openai.com/gptbot)"
74.7.241.36 - - [03/Mar/2026:03:28:24 +0000] "GET /whsy.php?e=loginuid&p=%2Fproc%2F1011 HTTP/2.0" 200 2011 "https://www.sparxnovate.net.lab2454.com/whsy.php?p=%2Fproc%2F1011" "Mozilla/5.0 AppleWebKit/537.36 (KHTML, like Gecko; compatible; GPTBot/1.3; +https://openai.com/gptbot)"
74.7.243.215 - - [03/Mar/2026:03:28:26 +0000] "GET /whsy.php?e=pagemap&p=%2Fproc%2F31869 HTTP/2.0" 200 561 "https://sparxnovate.net.lab2454.com/whsy.php?p=%2Fproc%2F31869" "Mozilla/5.0 AppleWebKit/537.36 (KHTML, like Gecko; compatible; GPTBot/1.3; +https://openai.com/gptbot)"
74.7.241.36 - - [03/Mar/2026:03:28:34 +0000] "GET /whsy.php?e=timens_offsets&p=%2Fproc%2F1011 HTTP/2.0" 200 2022 "https://www.sparxnovate.net.lab2454.com/whsy.php?p=%2Fproc%2F1011" "Mozilla/5.0 AppleWebKit/537.36 (KHTML, like Gecko; compatible; GPTBot/1.3; +https://openai.com/gptbot)"
74.7.243.215 - - [03/Mar/2026:03:28:38 +0000] "GET /whsy.php?e=pagemap&p=%2Fproc%2F31859 HTTP/2.0" 200 561 "https://sparxnovate.net.lab2454.com/whsy.php?p=%2Fproc%2F31859" "Mozilla/5.0 AppleWebKit/537.36 (KHTML, like Gecko; compatible; GPTBot/1.3; +https://openai.com/gptbot)"
74.7.241.36 - - [03/Mar/2026:03:28:42 +0000] "GET /whsy.php?e=smaps&p=%2Fproc%2F1011 HTTP/2.0" 200 2119 "https://www.sparxnovate.net.lab2454.com/whsy.php?p=%2Fproc%2F1011" "Mozilla/5.0 AppleWebKit/537.36 (KHTML, like Gecko; compatible; GPTBot/1.3; +https://openai.com/gptbot)"
74.7.243.215 - - [03/Mar/2026:03:28:49 +0000] "GET /whsy.php?e=syscall&p=%2Fproc%2F31869 HTTP/2.0" 200 2042 "https://sparxnovate.net.lab2454.com/whsy.php?p=%2Fproc%2F31869" "Mozilla/5.0 AppleWebKit/537.36 (KHTML, like Gecko; compatible; GPTBot/1.3; +https://openai.com/gptbot)"
74.7.241.36 - - [03/Mar/2026:03:28:50 +0000] "GET /whsy.php?e=sched&p=%2Fproc%2F1011 HTTP/2.0" 200 2495 "https://www.sparxnovate.net.lab2454.com/whsy.php?p=%2Fproc%2F1011" "Mozilla/5.0 AppleWebKit/537.36 (KHTML, like Gecko; compatible; GPTBot/1.3; +https://openai.com/gptbot)"
74.7.243.215 - - [03/Mar/2026:03:28:57 +0000] "GET /whsy.php?p=%2Fproc%2F31761 HTTP/2.0" 200 861 "https://sparxnovate.net.lab2454.com/whsy.php?p=%2Fproc%2F9975%2F.." "Mozilla/5.0 AppleWebKit/537.36 (KHTML, like Gecko; compatible; GPTBot/1.3; +https://openai.com/gptbot)"
74.7.241.36 - - [03/Mar/2026:03:28:58 +0000] "GET /whsy.php?e=wchan&p=%2Fproc%2F1011 HTTP/2.0" 200 2002 "https://www.sparxnovate.net.lab2454.com/whsy.php?p=%2Fproc%2F1011" "Mozilla/5.0 AppleWebKit/537.36 (KHTML, like Gecko; compatible; GPTBot/1.3; +https://openai.com/gptbot)"
74.7.243.215 - - [03/Mar/2026:03:29:05 +0000] "GET /whsy.php?p=%2Fproc%2F29038 HTTP/2.0" 200 861 "https://sparxnovate.net.lab2454.com/whsy.php?p=%2Fproc%2F9975%2F.." "Mozilla/5.0 AppleWebKit/537.36 (KHTML, like Gecko; compatible; GPTBot/1.3; +https://openai.com/gptbot)"
74.7.241.36 - - [03/Mar/2026:03:29:07 +0000] "GET /whsy.php?e=mountinfo&p=%2Fproc%2F1011 HTTP/2.0" 200 2987 "https://www.sparxnovate.net.lab2454.com/whsy.php?p=%2Fproc%2F1011" "Mozilla/5.0 AppleWebKit/537.36 (KHTML, like Gecko; compatible; GPTBot/1.3; +https://openai.com/gptbot)"
74.7.243.215 - - [03/Mar/2026:03:29:15 +0000] "GET /whsy.php?p=%2Fproc%2F29598 HTTP/2.0" 200 861 "https://sparxnovate.net.lab2454.com/whsy.php?p=%2Fproc%2F9975%2F.." "Mozilla/5.0 AppleWebKit/537.36 (KHTML, like Gecko; compatible; GPTBot/1.3; +https://openai.com/gptbot)"
74.7.243.215 - - [03/Mar/2026:03:29:24 +0000] "GET /whsy.php?p=%2Fproc%2F30551 HTTP/2.0" 200 861 "https://sparxnovate.net.lab2454.com/whsy.php?p=%2Fproc%2F9975%2F.." "Mozilla/5.0 AppleWebKit/537.36 (KHTML, like Gecko; compatible; GPTBot/1.3; +https://openai.com/gptbot)"
74.7.243.215 - - [03/Mar/2026:03:29:34 +0000] "GET /whsy.php?p=%2Fproc%2F31865 HTTP/2.0" 200 1907 "https://sparxnovate.net.lab2454.com/whsy.php?p=%2Fproc%2F9975%2F.." "Mozilla/5.0 AppleWebKit/537.36 (KHTML, like Gecko; compatible; GPTBot/1.3; +https://openai.com/gptbot)"
74.7.241.36 - - [03/Mar/2026:03:29:16 +0000] "GET /whsy.php?p=%2Fproc%2F1011%2Ffdinfo HTTP/2.0" 200 148953 "https://www.sparxnovate.net.lab2454.com/whsy.php?p=%2Fproc%2F1011" "Mozilla/5.0 AppleWebKit/537.36 (KHTML, like Gecko; compatible; GPTBot/1.3; +https://openai.com/gptbot)"
74.7.243.215 - - [03/Mar/2026:03:29:46 +0000] "GET /whsy.php?p=%2Fproc%2F31861 HTTP/2.0" 200 1907 "https://sparxnovate.net.lab2454.com/whsy.php?p=%2Fproc%2F9975%2F.." "Mozilla/5.0 AppleWebKit/537.36 (KHTML, like Gecko; compatible; GPTBot/1.3; +https://openai.com/gptbot)"
74.7.243.215 - - [03/Mar/2026:03:29:56 +0000] "GET /whsy.php?p=%2Fproc%2F19332 HTTP/2.0" 200 1936 "https://sparxnovate.net.lab2454.com/whsy.php?p=%2Fproc%2F9975%2F.." "Mozilla/5.0 AppleWebKit/537.36 (KHTML, like Gecko; compatible; GPTBot/1.3; +https://openai.com/gptbot)"
74.7.243.215 - - [03/Mar/2026:03:30:07 +0000] "GET /whsy.php?p=%2Fproc%2F29566 HTTP/2.0" 200 1936 "https://sparxnovate.net.lab2454.com/whsy.php?p=%2Fproc%2F9975%2F.." "Mozilla/5.0 AppleWebKit/537.36 (KHTML, like Gecko; compatible; GPTBot/1.3; +https://openai.com/gptbot)"
74.7.243.215 - - [03/Mar/2026:03:30:18 +0000] "GET /whsy.php?p=%2Fproc%2F10120 HTTP/2.0" 200 861 "https://sparxnovate.net.lab2454.com/whsy.php?p=%2Fproc%2F9975%2F.." "Mozilla/5.0 AppleWebKit/537.36 (KHTML, like Gecko; compatible; GPTBot/1.3; +https://openai.com/gptbot)"
74.7.241.36 - - [03/Mar/2026:03:29:56 +0000] "GET /whsy.php?p=%2Fproc%2F1011%2Ffd HTTP/2.0" 200 141916 "https://www.sparxnovate.net.lab2454.com/whsy.php?p=%2Fproc%2F1011" "Mozilla/5.0 AppleWebKit/537.36 (KHTML, like Gecko; compatible; GPTBot/1.3; +https://openai.com/gptbot)"
74.7.243.215 - - [03/Mar/2026:03:30:29 +0000] "GET /whsy.php?p=%2Fproc%2F31868 HTTP/2.0" 200 1907 "https://sparxnovate.net.lab2454.com/whsy.php?p=%2Fproc%2F9975%2F.." "Mozilla/5.0 AppleWebKit/537.36 (KHTML, like Gecko; compatible; GPTBot/1.3; +https://openai.com/gptbot)"
74.7.243.215 - - [03/Mar/2026:03:30:38 +0000] "GET /whsy.php?e=mountstats&p=%2Fproc%2F31849 HTTP/2.0" 200 2388 "https://sparxnovate.net.lab2454.com/whsy.php?p=%2Fproc%2F31849" "Mozilla/5.0 AppleWebKit/537.36 (KHTML, like Gecko; compatible; GPTBot/1.3; +https://openai.com/gptbot)"
74.7.228.61 - - [03/Mar/2026:03:30:39 +0000] "GET /robots.txt HTTP/2.0" 404 - "-" "Mozilla/5.0 (Macintosh; Intel Mac OS X 10_15_7) AppleWebKit/537.36 (KHTML, like Gecko) Chrome/131.0.0.0 Safari/537.36; compatible; OAI-SearchBot/1.3; robots.txt; +https://openai.com/searchbot"
74.7.243.215 - - [03/Mar/2026:03:30:46 +0000] "GET /whsy.php?e=mountstats&p=%2Fproc%2F31859 HTTP/2.0" 200 2389 "https://sparxnovate.net.lab2454.com/whsy.php?p=%2Fproc%2F31859" "Mozilla/5.0 AppleWebKit/537.36 (KHTML, like Gecko; compatible; GPTBot/1.3; +https://openai.com/gptbot)"
74.7.243.215 - - [03/Mar/2026:03:30:55 +0000] "GET /whsy.php?e=mountstats&p=%2Fproc%2F31869 HTTP/2.0" 200 2388 "https://sparxnovate.net.lab2454.com/whsy.php?p=%2Fproc%2F31869" "Mozilla/5.0 AppleWebKit/537.36 (KHTML, like Gecko; compatible; GPTBot/1.3; +https://openai.com/gptbot)"
74.7.241.36 - - [03/Mar/2026:03:30:34 +0000] "GET /whsy.php?p=%2Fproc%2F1011%2Fns HTTP/2.0" 200 157204 "https://www.sparxnovate.net.lab2454.com/whsy.php?p=%2Fproc%2F1011" "Mozilla/5.0 AppleWebKit/537.36 (KHTML, like Gecko; compatible; GPTBot/1.3; +https://openai.com/gptbot)"
74.7.243.215 - - [03/Mar/2026:03:31:06 +0000] "GET /whsy.php?e=mountstats&p=%2Fproc%2F31860 HTTP/2.0" 200 2388 "https://sparxnovate.net.lab2454.com/whsy.php?p=%2Fproc%2F31860" "Mozilla/5.0 AppleWebKit/537.36 (KHTML, like Gecko; compatible; GPTBot/1.3; +https://openai.com/gptbot)"
74.7.243.215 - - [03/Mar/2026:03:31:15 +0000] "GET /whsy.php?e=oom_score_adj&p=%2Fproc%2F29782 HTTP/2.0" 200 861 "https://sparxnovate.net.lab2454.com/whsy.php?p=%2Fproc%2F29782" "Mozilla/5.0 AppleWebKit/537.36 (KHTML, like Gecko; compatible; GPTBot/1.3; +https://openai.com/gptbot)"
74.7.243.215 - - [03/Mar/2026:03:31:24 +0000] "GET /whsy.php?p=%2Fproc%2F31865%2Fmap_files HTTP/2.0" 200 2818 "https://sparxnovate.net.lab2454.com/whsy.php?p=%2Fproc%2F31865" "Mozilla/5.0 AppleWebKit/537.36 (KHTML, like Gecko; compatible; GPTBot/1.3; +https://openai.com/gptbot)"
74.7.243.215 - - [03/Mar/2026:03:31:33 +0000] "GET /whsy.php?e=timerslack_ns&p=%2Fproc%2F31865 HTTP/2.0" 200 1983 "https://sparxnovate.net.lab2454.com/whsy.php?p=%2Fproc%2F31865" "Mozilla/5.0 AppleWebKit/537.36 (KHTML, like Gecko; compatible; GPTBot/1.3; +https://openai.com/gptbot)"
74.7.241.36 - - [03/Mar/2026:03:31:11 +0000] "GET /whsy.php?p=%2Fproc%2F1011%2Fmap_files HTTP/2.0" 200 155586 "https://www.sparxnovate.net.lab2454.com/whsy.php?p=%2Fproc%2F1011" "Mozilla/5.0 AppleWebKit/537.36 (KHTML, like Gecko; compatible; GPTBot/1.3; +https://openai.com/gptbot)"
74.7.243.215 - - [03/Mar/2026:03:31:42 +0000] "GET /whsy.php?e=stack&p=%2Fproc%2F31865 HTTP/2.0" 200 1979 "https://sparxnovate.net.lab2454.com/whsy.php?p=%2Fproc%2F31865" "Mozilla/5.0 AppleWebKit/537.36 (KHTML, like Gecko; compatible; GPTBot/1.3; +https://openai.com/gptbot)"
74.7.241.36 - - [03/Mar/2026:03:31:49 +0000] "GET /whsy.php?e=personality&p=%2Fproc%2F1011 HTTP/2.0" 200 1934 "https://www.sparxnovate.net.lab2454.com/whsy.php?p=%2Fproc%2F1011" "Mozilla/5.0 AppleWebKit/537.36 (KHTML, like Gecko; compatible; GPTBot/1.3; +https://openai.com/gptbot)"
74.7.243.215 - - [03/Mar/2026:03:31:51 +0000] "GET /whsy.php?p=%2Fproc%2F29566%2Fns HTTP/2.0" 200 167009 "https://sparxnovate.net.lab2454.com/whsy.php?p=%2Fproc%2F29566" "Mozilla/5.0 AppleWebKit/537.36 (KHTML, like Gecko; compatible; GPTBot/1.3; +https://openai.com/gptbot)"
74.7.243.215 - - [03/Mar/2026:03:32:27 +0000] "GET /whsy.php?e=statm&p=%2Fproc%2F31865 HTTP/2.0" 200 2001 "https://sparxnovate.net.lab2454.com/whsy.php?p=%2Fproc%2F31865" "Mozilla/5.0 AppleWebKit/537.36 (KHTML, like Gecko; compatible; GPTBot/1.3; +https://openai.com/gptbot)"
74.7.241.36 - - [03/Mar/2026:03:32:30 +0000] "GET /whsy.php?e=mountstats&p=%2Fproc%2F1011 HTTP/2.0" 200 1934 "https://www.sparxnovate.net.lab2454.com/whsy.php?p=%2Fproc%2F1011" "Mozilla/5.0 AppleWebKit/537.36 (KHTML, like Gecko; compatible; GPTBot/1.3; +https://openai.com/gptbot)"
74.7.243.215 - - [03/Mar/2026:03:32:35 +0000] "GET /whsy.php?e=clear_refs&p=%2Fproc%2F31868 HTTP/2.0" 200 1907 "https://sparxnovate.net.lab2454.com/whsy.php?p=%2Fproc%2F31868" "Mozilla/5.0 AppleWebKit/537.36 (KHTML, like Gecko; compatible; GPTBot/1.3; +https://openai.com/gptbot)"
74.7.243.215 - - [03/Mar/2026:03:32:42 +0000] "GET /whsy.php?e=schedstat&p=%2Fproc%2F31865 HTTP/2.0" 200 2002 "https://sparxnovate.net.lab2454.com/whsy.php?p=%2Fproc%2F31865" "Mozilla/5.0 AppleWebKit/537.36 (KHTML, like Gecko; compatible; GPTBot/1.3; +https://openai.com/gptbot)"
74.7.243.215 - - [03/Mar/2026:03:32:51 +0000] "GET /whsy.php?e=mem&p=%2Fproc%2F31865 HTTP/2.0" 200 1979 "https://sparxnovate.net.lab2454.com/whsy.php?p=%2Fproc%2F31865" "Mozilla/5.0 AppleWebKit/537.36 (KHTML, like Gecko; compatible; GPTBot/1.3; +https://openai.com/gptbot)"
74.7.243.215 - - [03/Mar/2026:03:32:58 +0000] "GET /whsy.php?e=smaps&p=%2Fproc%2F31865 HTTP/2.0" 200 5082 "https://sparxnovate.net.lab2454.com/whsy.php?p=%2Fproc%2F31865" "Mozilla/5.0 AppleWebKit/537.36 (KHTML, like Gecko; compatible; GPTBot/1.3; +https://openai.com/gptbot)"
74.7.243.215 - - [03/Mar/2026:03:33:06 +0000] "GET /whsy.php?e=mountinfo&p=%2Fproc%2F31865 HTTP/2.0" 200 2949 "https://sparxnovate.net.lab2454.com/whsy.php?p=%2Fproc%2F31865" "Mozilla/5.0 AppleWebKit/537.36 (KHTML, like Gecko; compatible; GPTBot/1.3; +https://openai.com/gptbot)"
74.7.241.36 - - [03/Mar/2026:03:33:07 +0000] "GET /whsy.php?p=%2Fproc%2F1011%2Fnet HTTP/2.0" 200 2440 "https://www.sparxnovate.net.lab2454.com/whsy.php?p=%2Fproc%2F1011" "Mozilla/5.0 AppleWebKit/537.36 (KHTML, like Gecko; compatible; GPTBot/1.3; +https://openai.com/gptbot)"
74.7.243.215 - - [03/Mar/2026:03:33:13 +0000] "GET /whsy.php?e=mountinfo&p=%2Fproc%2F31861 HTTP/2.0" 200 2949 "https://sparxnovate.net.lab2454.com/whsy.php?p=%2Fproc%2F31861" "Mozilla/5.0 AppleWebKit/537.36 (KHTML, like Gecko; compatible; GPTBot/1.3; +https://openai.com/gptbot)"
74.7.243.215 - - [03/Mar/2026:03:33:21 +0000] "GET /whsy.php?e=7121f6800000-7121f6822000&p=%2Fproc%2F31865%2Fmap_files HTTP/2.0" 200 2818 "https://sparxnovate.net.lab2454.com/whsy.php?p=%2Fproc%2F31865%2Fmap_files" "Mozilla/5.0 AppleWebKit/537.36 (KHTML, like Gecko; compatible; GPTBot/1.3; +https://openai.com/gptbot)"
74.7.243.215 - - [03/Mar/2026:03:33:29 +0000] "GET /whsy.php?e=mountinfo&p=%2Fproc%2F31868 HTTP/2.0" 200 2948 "https://sparxnovate.net.lab2454.com/whsy.php?p=%2Fproc%2F31868" "Mozilla/5.0 AppleWebKit/537.36 (KHTML, like Gecko; compatible; GPTBot/1.3; +https://openai.com/gptbot)"
74.7.243.215 - - [03/Mar/2026:03:33:38 +0000] "GET /whsy.php?e=timerslack_ns&p=%2Fproc%2F31868 HTTP/2.0" 200 1982 "https://sparxnovate.net.lab2454.com/whsy.php?p=%2Fproc%2F31868" "Mozilla/5.0 AppleWebKit/537.36 (KHTML, like Gecko; compatible; GPTBot/1.3; +https://openai.com/gptbot)"
74.7.241.36 - - [03/Mar/2026:03:33:45 +0000] "GET /whsy.php?e=smaps_rollup&p=%2Fproc%2F1011 HTTP/2.0" 200 2118 "https://www.sparxnovate.net.lab2454.com/whsy.php?p=%2Fproc%2F1011" "Mozilla/5.0 AppleWebKit/537.36 (KHTML, like Gecko; compatible; GPTBot/1.3; +https://openai.com/gptbot)"
74.7.243.215 - - [03/Mar/2026:03:33:47 +0000] "GET /whsy.php?e=timerslack_ns&p=%2Fproc%2F31861 HTTP/2.0" 200 1983 "https://sparxnovate.net.lab2454.com/whsy.php?p=%2Fproc%2F31861" "Mozilla/5.0 AppleWebKit/537.36 (KHTML, like Gecko; compatible; GPTBot/1.3; +https://openai.com/gptbot)"
74.7.243.215 - - [03/Mar/2026:03:33:57 +0000] "GET /whsy.php?e=mountinfo&p=%2Fproc%2F29566 HTTP/2.0" 200 2988 "https://sparxnovate.net.lab2454.com/whsy.php?p=%2Fproc%2F29566" "Mozilla/5.0 AppleWebKit/537.36 (KHTML, like Gecko; compatible; GPTBot/1.3; +https://openai.com/gptbot)"
74.7.243.215 - - [03/Mar/2026:03:34:05 +0000] "GET /whsy.php?e=autogroup&p=%2Fproc%2F31865 HTTP/2.0" 200 1996 "https://sparxnovate.net.lab2454.com/whsy.php?p=%2Fproc%2F31865" "Mozilla/5.0 AppleWebKit/537.36 (KHTML, like Gecko; compatible; GPTBot/1.3; +https://openai.com/gptbot)"
74.7.243.215 - - [03/Mar/2026:03:34:13 +0000] "GET /whsy.php?e=mountinfo&p=%2Fproc%2F19332 HTTP/2.0" 200 2988 "https://sparxnovate.net.lab2454.com/whsy.php?p=%2Fproc%2F19332" "Mozilla/5.0 AppleWebKit/537.36 (KHTML, like Gecko; compatible; GPTBot/1.3; +https://openai.com/gptbot)"
74.7.241.36 - - [03/Mar/2026:03:34:14 +0000] "GET /whsy.php?e=status&p=%2Fproc%2F1011 HTTP/2.0" 200 2561 "https://www.sparxnovate.net.lab2454.com/whsy.php?p=%2Fproc%2F1011" "Mozilla/5.0 AppleWebKit/537.36 (KHTML, like Gecko; compatible; GPTBot/1.3; +https://openai.com/gptbot)"
74.7.243.215 - - [03/Mar/2026:03:34:20 +0000] "GET /whsy.php?e=statm&p=%2Fproc%2F31868 HTTP/2.0" 200 2002 "https://sparxnovate.net.lab2454.com/whsy.php?p=%2Fproc%2F31868" "Mozilla/5.0 AppleWebKit/537.36 (KHTML, like Gecko; compatible; GPTBot/1.3; +https://openai.com/gptbot)"
74.7.243.215 - - [03/Mar/2026:03:34:28 +0000] "GET /whsy.php?e=stack&p=%2Fproc%2F31868 HTTP/2.0" 200 1978 "https://sparxnovate.net.lab2454.com/whsy.php?p=%2Fproc%2F31868" "Mozilla/5.0 AppleWebKit/537.36 (KHTML, like Gecko; compatible; GPTBot/1.3; +https://openai.com/gptbot)"
74.7.243.215 - - [03/Mar/2026:03:34:36 +0000] "GET /whsy.php?e=stack&p=%2Fproc%2F31861 HTTP/2.0" 200 1979 "https://sparxnovate.net.lab2454.com/whsy.php?p=%2Fproc%2F31861" "Mozilla/5.0 AppleWebKit/537.36 (KHTML, like Gecko; compatible; GPTBot/1.3; +https://openai.com/gptbot)"
74.7.241.36 - - [03/Mar/2026:03:34:41 +0000] "GET /whsy.php?e=timers&p=%2Fproc%2F1011 HTTP/2.0" 200 2002 "https://www.sparxnovate.net.lab2454.com/whsy.php?p=%2Fproc%2F1011" "Mozilla/5.0 AppleWebKit/537.36 (KHTML, like Gecko; compatible; GPTBot/1.3; +https://openai.com/gptbot)"
74.7.243.215 - - [03/Mar/2026:03:34:45 +0000] "GET /whsy.php?e=statm&p=%2Fproc%2F31861 HTTP/2.0" 200 2001 "https://sparxnovate.net.lab2454.com/whsy.php?p=%2Fproc%2F31861" "Mozilla/5.0 AppleWebKit/537.36 (KHTML, like Gecko; compatible; GPTBot/1.3; +https://openai.com/gptbot)"
74.7.243.215 - - [03/Mar/2026:03:34:54 +0000] "GET /whsy.php?e=wchan&p=%2Fproc%2F31865 HTTP/2.0" 200 1989 "https://sparxnovate.net.lab2454.com/whsy.php?p=%2Fproc%2F31865" "Mozilla/5.0 AppleWebKit/537.36 (KHTML, like Gecko; compatible; GPTBot/1.3; +https://openai.com/gptbot)"
74.7.243.215 - - [03/Mar/2026:03:35:02 +0000] "GET /whsy.php?e=auxv&p=%2Fproc%2F31868 HTTP/2.0" 200 1976 "https://sparxnovate.net.lab2454.com/whsy.php?p=%2Fproc%2F31868" "Mozilla/5.0 AppleWebKit/537.36 (KHTML, like Gecko; compatible; GPTBot/1.3; +https://openai.com/gptbot)"
74.7.241.36 - - [03/Mar/2026:03:35:06 +0000] "GET /whsy.php?e=pagemap&p=%2Fproc%2F1011 HTTP/2.0" 200 1934 "https://www.sparxnovate.net.lab2454.com/whsy.php?p=%2Fproc%2F1011" "Mozilla/5.0 AppleWebKit/537.36 (KHTML, like Gecko; compatible; GPTBot/1.3; +https://openai.com/gptbot)"
74.7.243.215 - - [03/Mar/2026:03:35:09 +0000] "GET /whsy.php?e=auxv&p=%2Fproc%2F31861 HTTP/2.0" 200 1977 "https://sparxnovate.net.lab2454.com/whsy.php?p=%2Fproc%2F31861" "Mozilla/5.0 AppleWebKit/537.36 (KHTML, like Gecko; compatible; GPTBot/1.3; +https://openai.com/gptbot)"
74.7.243.215 - - [03/Mar/2026:03:35:18 +0000] "GET /whsy.php?e=pagemap&p=%2Fproc%2F29566 HTTP/2.0" 200 1936 "https://sparxnovate.net.lab2454.com/whsy.php?p=%2Fproc%2F29566" "Mozilla/5.0 AppleWebKit/537.36 (KHTML, like Gecko; compatible; GPTBot/1.3; +https://openai.com/gptbot)"
74.7.243.215 - - [03/Mar/2026:03:35:26 +0000] "GET /whsy.php?e=pagemap&p=%2Fproc%2F19332 HTTP/2.0" 200 1936 "https://sparxnovate.net.lab2454.com/whsy.php?p=%2Fproc%2F19332" "Mozilla/5.0 AppleWebKit/537.36 (KHTML, like Gecko; compatible; GPTBot/1.3; +https://openai.com/gptbot)"
74.7.241.36 - - [03/Mar/2026:03:35:29 +0000] "GET /whsy.php?e=syscall&p=%2Fproc%2F1011 HTTP/2.0" 200 1934 "https://www.sparxnovate.net.lab2454.com/whsy.php?p=%2Fproc%2F1011" "Mozilla/5.0 AppleWebKit/537.36 (KHTML, like Gecko; compatible; GPTBot/1.3; +https://openai.com/gptbot)"
74.7.243.215 - - [03/Mar/2026:03:35:34 +0000] "GET /whsy.php?e=auxv&p=%2Fproc%2F31865 HTTP/2.0" 200 1977 "https://sparxnovate.net.lab2454.com/whsy.php?p=%2Fproc%2F31865" "Mozilla/5.0 AppleWebKit/537.36 (KHTML, like Gecko; compatible; GPTBot/1.3; +https://openai.com/gptbot)"
74.7.243.215 - - [03/Mar/2026:03:35:42 +0000] "GET /whsy.php?e=exe&p=%2Fproc%2F31865 HTTP/2.0" 200 1978 "https://sparxnovate.net.lab2454.com/whsy.php?p=%2Fproc%2F31865" "Mozilla/5.0 AppleWebKit/537.36 (KHTML, like Gecko; compatible; GPTBot/1.3; +https://openai.com/gptbot)"
74.7.228.61 - - [03/Mar/2026:03:35:43 +0000] "GET /robots.txt HTTP/2.0" 404 - "-" "Mozilla/5.0 (Macintosh; Intel Mac OS X 10_15_7) AppleWebKit/537.36 (KHTML, like Gecko) Chrome/131.0.0.0 Safari/537.36; compatible; OAI-SearchBot/1.3; robots.txt; +https://openai.com/searchbot"
74.7.241.36 - - [03/Mar/2026:03:35:48 +0000] "GET /whsy.php?e=prev&p=%2Fproc%2F1011%2Fattr HTTP/2.0" 200 857 "https://www.sparxnovate.net.lab2454.com/whsy.php?p=%2Fproc%2F1011%2Fattr" "Mozilla/5.0 AppleWebKit/537.36 (KHTML, like Gecko; compatible; GPTBot/1.3; +https://openai.com/gptbot)"
74.7.243.215 - - [03/Mar/2026:03:35:49 +0000] "GET /whsy.php?e=statm&p=%2Fproc%2F29566 HTTP/2.0" 200 2008 "https://sparxnovate.net.lab2454.com/whsy.php?p=%2Fproc%2F29566" "Mozilla/5.0 AppleWebKit/537.36 (KHTML, like Gecko; compatible; GPTBot/1.3; +https://openai.com/gptbot)"
74.7.243.215 - - [03/Mar/2026:03:35:57 +0000] "GET /whsy.php?e=wchan&p=%2Fproc%2F31861 HTTP/2.0" 200 1988 "https://sparxnovate.net.lab2454.com/whsy.php?p=%2Fproc%2F31861" "Mozilla/5.0 AppleWebKit/537.36 (KHTML, like Gecko; compatible; GPTBot/1.3; +https://openai.com/gptbot)"
74.7.243.215 - - [03/Mar/2026:03:36:04 +0000] "GET /whsy.php?e=stack&p=%2Fproc%2F19332 HTTP/2.0" 200 1936 "https://sparxnovate.net.lab2454.com/whsy.php?p=%2Fproc%2F19332" "Mozilla/5.0 AppleWebKit/537.36 (KHTML, like Gecko; compatible; GPTBot/1.3; +https://openai.com/gptbot)"
74.7.241.36 - - [03/Mar/2026:03:36:06 +0000] "GET /whsy.php?e=clear_refs&p=%2Fproc%2F1011 HTTP/2.0" 200 1934 "https://www.sparxnovate.net.lab2454.com/whsy.php?p=%2Fproc%2F1011" "Mozilla/5.0 AppleWebKit/537.36 (KHTML, like Gecko; compatible; GPTBot/1.3; +https://openai.com/gptbot)"
74.7.244.20 - - [03/Mar/2026:03:36:07 +0000] "GET /robots.txt HTTP/2.0" 404 - "-" "Mozilla/5.0 (Macintosh; Intel Mac OS X 10_15_7) AppleWebKit/537.36 (KHTML, like Gecko) Chrome/131.0.0.0 Safari/537.36; compatible; OAI-SearchBot/1.3; robots.txt; +https://openai.com/searchbot"
74.7.243.215 - - [03/Mar/2026:03:36:12 +0000] "GET /whsy.php?e=wchan&p=%2Fproc%2F31868 HTTP/2.0" 200 1988 "https://sparxnovate.net.lab2454.com/whsy.php?p=%2Fproc%2F31868" "Mozilla/5.0 AppleWebKit/537.36 (KHTML, like Gecko; compatible; GPTBot/1.3; +https://openai.com/gptbot)"
74.7.243.215 - - [03/Mar/2026:03:36:21 +0000] "GET /whsy.php?e=stack&p=%2Fproc%2F29566 HTTP/2.0" 200 1936 "https://sparxnovate.net.lab2454.com/whsy.php?p=%2Fproc%2F29566" "Mozilla/5.0 AppleWebKit/537.36 (KHTML, like Gecko; compatible; GPTBot/1.3; +https://openai.com/gptbot)"
74.7.241.36 - - [03/Mar/2026:03:36:22 +0000] "GET /whsy.php?e=exec&p=%2Fproc%2F1011%2Fattr HTTP/2.0" 200 857 "https://www.sparxnovate.net.lab2454.com/whsy.php?p=%2Fproc%2F1011%2Fattr" "Mozilla/5.0 AppleWebKit/537.36 (KHTML, like Gecko; compatible; GPTBot/1.3; +https://openai.com/gptbot)"
74.7.243.215 - - [03/Mar/2026:03:36:29 +0000] "GET /whsy.php?e=statm&p=%2Fproc%2F19332 HTTP/2.0" 200 2030 "https://sparxnovate.net.lab2454.com/whsy.php?p=%2Fproc%2F19332" "Mozilla/5.0 AppleWebKit/537.36 (KHTML, like Gecko; compatible; GPTBot/1.3; +https://openai.com/gptbot)"
74.7.243.215 - - [03/Mar/2026:03:36:37 +0000] "GET /whsy.php?e=sched&p=%2Fproc%2F31865 HTTP/2.0" 200 2440 "https://sparxnovate.net.lab2454.com/whsy.php?p=%2Fproc%2F31865" "Mozilla/5.0 AppleWebKit/537.36 (KHTML, like Gecko; compatible; GPTBot/1.3; +https://openai.com/gptbot)"
74.7.243.215 - - [03/Mar/2026:03:36:46 +0000] "GET /whsy.php?e=autogroup&p=%2Fproc%2F29566 HTTP/2.0" 200 2003 "https://sparxnovate.net.lab2454.com/whsy.php?p=%2Fproc%2F29566" "Mozilla/5.0 AppleWebKit/537.36 (KHTML, like Gecko; compatible; GPTBot/1.3; +https://openai.com/gptbot)"
74.7.243.215 - - [03/Mar/2026:03:36:56 +0000] "GET /whsy.php?e=autogroup&p=%2Fproc%2F19332 HTTP/2.0" 200 2020 "https://sparxnovate.net.lab2454.com/whsy.php?p=%2Fproc%2F19332" "Mozilla/5.0 AppleWebKit/537.36 (KHTML, like Gecko; compatible; GPTBot/1.3; +https://openai.com/gptbot)"
74.7.241.36 - - [03/Mar/2026:03:36:38 +0000] "GET /whsy.php?p=%2Fproc%2F1011%2Ffdinfo HTTP/2.0" 200 172583 "https://www.sparxnovate.net.lab2454.com/whsy.php?e=personality&p=%2Fproc%2F1011" "Mozilla/5.0 AppleWebKit/537.36 (KHTML, like Gecko; compatible; GPTBot/1.3; +https://openai.com/gptbot)"
74.7.243.215 - - [03/Mar/2026:03:37:08 +0000] "GET /whsy.php?e=timerslack_ns&p=%2Fproc%2F19332 HTTP/2.0" 200 2007 "https://sparxnovate.net.lab2454.com/whsy.php?p=%2Fproc%2F19332" "Mozilla/5.0 AppleWebKit/537.36 (KHTML, like Gecko; compatible; GPTBot/1.3; +https://openai.com/gptbot)"
74.7.241.36 - - [03/Mar/2026:03:37:16 +0000] "GET /whsy.php?e=fscreate&p=%2Fproc%2F1011%2Fattr HTTP/2.0" 200 856 "https://www.sparxnovate.net.lab2454.com/whsy.php?p=%2Fproc%2F1011%2Fattr" "Mozilla/5.0 AppleWebKit/537.36 (KHTML, like Gecko; compatible; GPTBot/1.3; +https://openai.com/gptbot)"
74.7.243.215 - - [03/Mar/2026:03:37:16 +0000] "GET /whsy.php?e=timerslack_ns&p=%2Fproc%2F29566 HTTP/2.0" 200 2008 "https://sparxnovate.net.lab2454.com/whsy.php?p=%2Fproc%2F29566" "Mozilla/5.0 AppleWebKit/537.36 (KHTML, like Gecko; compatible; GPTBot/1.3; +https://openai.com/gptbot)"
74.7.243.215 - - [03/Mar/2026:03:37:26 +0000] "GET /whsy.php?e=timens_offsets&p=%2Fproc%2F31865 HTTP/2.0" 200 1998 "https://sparxnovate.net.lab2454.com/whsy.php?p=%2Fproc%2F31865" "Mozilla/5.0 AppleWebKit/537.36 (KHTML, like Gecko; compatible; GPTBot/1.3; +https://openai.com/gptbot)"
74.7.243.215 - - [03/Mar/2026:03:37:37 +0000] "GET /whsy.php?e=setgroups&p=%2Fproc%2F31865 HTTP/2.0" 200 1982 "https://sparxnovate.net.lab2454.com/whsy.php?p=%2Fproc%2F31865" "Mozilla/5.0 AppleWebKit/537.36 (KHTML, like Gecko; compatible; GPTBot/1.3; +https://openai.com/gptbot)"
74.7.243.215 - - [03/Mar/2026:03:37:47 +0000] "GET /whsy.php?e=setgroups&p=%2Fproc%2F31861 HTTP/2.0" 200 1982 "https://sparxnovate.net.lab2454.com/whsy.php?p=%2Fproc%2F31861" "Mozilla/5.0 AppleWebKit/537.36 (KHTML, like Gecko; compatible; GPTBot/1.3; +https://openai.com/gptbot)"
