74.7.241.190 - - [02/Mar/2026:13:25:08 +0000] "GET /robots.txt HTTP/2.0" 404 - "-" "Mozilla/5.0 (Macintosh; Intel Mac OS X 10_15_7) AppleWebKit/537.36 (KHTML, like Gecko) Chrome/131.0.0.0 Safari/537.36; compatible; OAI-SearchBot/1.3; robots.txt; +https://openai.com/searchbot"
74.7.242.16 - - [02/Mar/2026:13:25:31 +0000] "GET /whsy.php?p=%2Fproc%2F6816 HTTP/2.0" 200 861 "https://sparxnovate.net.lab2454.com/whsy.php?p=%2Fproc%2F17913%2F.." "Mozilla/5.0 AppleWebKit/537.36 (KHTML, like Gecko; compatible; GPTBot/1.3; +https://openai.com/gptbot)"
74.7.241.12 - - [02/Mar/2026:13:25:56 +0000] "GET /whsy.php?e=sessionid&p=%2Fproc%2F21184 HTTP/2.0" 200 861 "https://www.sparxnovate.net.lab2454.com/whsy.php?p=%2Fproc%2F21184" "Mozilla/5.0 AppleWebKit/537.36 (KHTML, like Gecko; compatible; GPTBot/1.3; +https://openai.com/gptbot)"
74.7.242.16 - - [02/Mar/2026:13:26:07 +0000] "GET /whsy.php?p=%2Fproc%2F5306 HTTP/2.0" 200 861 "https://sparxnovate.net.lab2454.com/whsy.php?p=%2Fproc%2F4318%2F.." "Mozilla/5.0 AppleWebKit/537.36 (KHTML, like Gecko; compatible; GPTBot/1.3; +https://openai.com/gptbot)"
74.7.242.16 - - [02/Mar/2026:13:26:43 +0000] "GET /whsy.php?p=%2Fproc%2F3657 HTTP/2.0" 200 861 "https://sparxnovate.net.lab2454.com/whsy.php?p=%2Fproc%2F31038%2F.." "Mozilla/5.0 AppleWebKit/537.36 (KHTML, like Gecko; compatible; GPTBot/1.3; +https://openai.com/gptbot)"
74.7.241.12 - - [02/Mar/2026:13:26:52 +0000] "GET /whsy.php?e=sessionid&p=%2Fproc%2F10213 HTTP/2.0" 200 2016 "https://www.sparxnovate.net.lab2454.com/whsy.php?p=%2Fproc%2F10213" "Mozilla/5.0 AppleWebKit/537.36 (KHTML, like Gecko; compatible; GPTBot/1.3; +https://openai.com/gptbot)"
74.7.242.16 - - [02/Mar/2026:13:27:23 +0000] "GET /whsy.php?p=%2Fproc%2F2943 HTTP/2.0" 200 861 "https://sparxnovate.net.lab2454.com/whsy.php?p=%2Fproc%2F28349%2F.." "Mozilla/5.0 AppleWebKit/537.36 (KHTML, like Gecko; compatible; GPTBot/1.3; +https://openai.com/gptbot)"
74.7.241.12 - - [02/Mar/2026:13:27:40 +0000] "GET /whsy.php?e=setgroups&p=%2Fproc%2F10213 HTTP/2.0" 200 2006 "https://www.sparxnovate.net.lab2454.com/whsy.php?p=%2Fproc%2F10213" "Mozilla/5.0 AppleWebKit/537.36 (KHTML, like Gecko; compatible; GPTBot/1.3; +https://openai.com/gptbot)"
74.7.242.16 - - [02/Mar/2026:13:28:04 +0000] "GET /whsy.php?p=%2Fproc%2F4374 HTTP/2.0" 200 861 "https://sparxnovate.net.lab2454.com/whsy.php?p=%2Fproc%2F32640%2F.." "Mozilla/5.0 AppleWebKit/537.36 (KHTML, like Gecko; compatible; GPTBot/1.3; +https://openai.com/gptbot)"
74.7.175.150 - - [02/Mar/2026:13:28:05 +0000] "GET /robots.txt HTTP/2.0" 404 - "-" "Mozilla/5.0 (Macintosh; Intel Mac OS X 10_15_7) AppleWebKit/537.36 (KHTML, like Gecko) Chrome/131.0.0.0 Safari/537.36; compatible; OAI-SearchBot/1.3; robots.txt; +https://openai.com/searchbot"
74.7.241.12 - - [02/Mar/2026:13:28:20 +0000] "GET /whsy.php?e=setgroups&p=%2Fproc%2F21184 HTTP/2.0" 200 861 "https://www.sparxnovate.net.lab2454.com/whsy.php?p=%2Fproc%2F21184" "Mozilla/5.0 AppleWebKit/537.36 (KHTML, like Gecko; compatible; GPTBot/1.3; +https://openai.com/gptbot)"
74.7.242.16 - - [02/Mar/2026:13:28:45 +0000] "GET /whsy.php?p=%2Fproc%2F9429 HTTP/2.0" 200 861 "https://sparxnovate.net.lab2454.com/whsy.php?p=%2Fproc%2F11320%2F.." "Mozilla/5.0 AppleWebKit/537.36 (KHTML, like Gecko; compatible; GPTBot/1.3; +https://openai.com/gptbot)"
74.7.241.12 - - [02/Mar/2026:13:29:02 +0000] "GET /whsy.php?e=sessionid&p=%2Fproc%2F10333 HTTP/2.0" 200 861 "https://www.sparxnovate.net.lab2454.com/whsy.php?p=%2Fproc%2F10333" "Mozilla/5.0 AppleWebKit/537.36 (KHTML, like Gecko; compatible; GPTBot/1.3; +https://openai.com/gptbot)"
74.7.242.16 - - [02/Mar/2026:13:29:17 +0000] "GET /whsy.php?p=%2Fproc%2F6619 HTTP/2.0" 200 861 "https://sparxnovate.net.lab2454.com/whsy.php?p=%2Fproc%2F23378%2F.." "Mozilla/5.0 AppleWebKit/537.36 (KHTML, like Gecko; compatible; GPTBot/1.3; +https://openai.com/gptbot)"
74.7.241.12 - - [02/Mar/2026:13:29:50 +0000] "GET /whsy.php?e=setgroups&p=%2Fproc%2F10333 HTTP/2.0" 200 861 "https://www.sparxnovate.net.lab2454.com/whsy.php?p=%2Fproc%2F10333" "Mozilla/5.0 AppleWebKit/537.36 (KHTML, like Gecko; compatible; GPTBot/1.3; +https://openai.com/gptbot)"
74.7.242.16 - - [02/Mar/2026:13:29:55 +0000] "GET /whsy.php?p=%2Fproc%2F1867 HTTP/2.0" 200 861 "https://sparxnovate.net.lab2454.com/whsy.php?p=%2Fproc%2F27100%2F.." "Mozilla/5.0 AppleWebKit/537.36 (KHTML, like Gecko; compatible; GPTBot/1.3; +https://openai.com/gptbot)"
74.7.241.12 - - [02/Mar/2026:13:30:17 +0000] "GET /whsy.php?e=exe&p=%2Fproc%2F10213 HTTP/2.0" 200 1936 "https://www.sparxnovate.net.lab2454.com/whsy.php?p=%2Fproc%2F10213" "Mozilla/5.0 AppleWebKit/537.36 (KHTML, like Gecko; compatible; GPTBot/1.3; +https://openai.com/gptbot)"
74.7.241.190 - - [02/Mar/2026:13:30:18 +0000] "GET /robots.txt HTTP/2.0" 404 - "-" "Mozilla/5.0 (Macintosh; Intel Mac OS X 10_15_7) AppleWebKit/537.36 (KHTML, like Gecko) Chrome/131.0.0.0 Safari/537.36; compatible; OAI-SearchBot/1.3; robots.txt; +https://openai.com/searchbot"
74.7.242.16 - - [02/Mar/2026:13:30:21 +0000] "GET /whsy.php?p=%2Fproc%2F4207 HTTP/2.0" 200 861 "https://sparxnovate.net.lab2454.com/whsy.php?e=consoles&p=%2Fproc" "Mozilla/5.0 AppleWebKit/537.36 (KHTML, like Gecko; compatible; GPTBot/1.3; +https://openai.com/gptbot)"
74.7.242.16 - - [02/Mar/2026:13:30:54 +0000] "GET /whsy.php?p=%2Fproc%2F8947 HTTP/2.0" 200 861 "https://sparxnovate.net.lab2454.com/whsy.php?p=%2Fproc%2F11597%2F.." "Mozilla/5.0 AppleWebKit/537.36 (KHTML, like Gecko; compatible; GPTBot/1.3; +https://openai.com/gptbot)"
74.7.241.12 - - [02/Mar/2026:13:30:58 +0000] "GET /whsy.php?e=mem&p=%2Fproc%2F21184 HTTP/2.0" 200 861 "https://www.sparxnovate.net.lab2454.com/whsy.php?p=%2Fproc%2F21184" "Mozilla/5.0 AppleWebKit/537.36 (KHTML, like Gecko; compatible; GPTBot/1.3; +https://openai.com/gptbot)"
74.7.242.16 - - [02/Mar/2026:13:31:34 +0000] "GET /whsy.php?p=%2Fproc%2F7933 HTTP/2.0" 200 861 "https://sparxnovate.net.lab2454.com/whsy.php?p=%2Fproc%2F31023%2F.." "Mozilla/5.0 AppleWebKit/537.36 (KHTML, like Gecko; compatible; GPTBot/1.3; +https://openai.com/gptbot)"
74.7.241.12 - - [02/Mar/2026:13:31:54 +0000] "GET /whsy.php?e=cwd&p=%2Fproc%2F21184 HTTP/2.0" 200 861 "https://www.sparxnovate.net.lab2454.com/whsy.php?p=%2Fproc%2F21184" "Mozilla/5.0 AppleWebKit/537.36 (KHTML, like Gecko; compatible; GPTBot/1.3; +https://openai.com/gptbot)"
74.7.242.16 - - [02/Mar/2026:13:32:10 +0000] "GET /whsy.php?p=%2Fproc%2F5452 HTTP/2.0" 200 861 "https://sparxnovate.net.lab2454.com/whsy.php?p=%2Fproc%2F14931%2F.." "Mozilla/5.0 AppleWebKit/537.36 (KHTML, like Gecko; compatible; GPTBot/1.3; +https://openai.com/gptbot)"
74.7.241.12 - - [02/Mar/2026:13:32:29 +0000] "GET /whsy.php?e=mem&p=%2Fproc%2F10213 HTTP/2.0" 200 1936 "https://www.sparxnovate.net.lab2454.com/whsy.php?p=%2Fproc%2F10213" "Mozilla/5.0 AppleWebKit/537.36 (KHTML, like Gecko; compatible; GPTBot/1.3; +https://openai.com/gptbot)"
74.7.242.16 - - [02/Mar/2026:13:32:50 +0000] "GET /whsy.php?p=%2Fproc%2F9935 HTTP/2.0" 200 861 "https://sparxnovate.net.lab2454.com/whsy.php?p=%2Fproc%2F32462%2F.." "Mozilla/5.0 AppleWebKit/537.36 (KHTML, like Gecko; compatible; GPTBot/1.3; +https://openai.com/gptbot)"
74.7.241.12 - - [02/Mar/2026:13:33:23 +0000] "GET /whsy.php?e=exe&p=%2Fproc%2F21184 HTTP/2.0" 200 861 "https://www.sparxnovate.net.lab2454.com/whsy.php?p=%2Fproc%2F21184" "Mozilla/5.0 AppleWebKit/537.36 (KHTML, like Gecko; compatible; GPTBot/1.3; +https://openai.com/gptbot)"
74.7.242.16 - - [02/Mar/2026:13:33:39 +0000] "GET /whsy.php?p=%2Fproc%2F4126 HTTP/2.0" 200 861 "https://sparxnovate.net.lab2454.com/whsy.php?e=config.gz&p=%2Fproc" "Mozilla/5.0 AppleWebKit/537.36 (KHTML, like Gecko; compatible; GPTBot/1.3; +https://openai.com/gptbot)"
74.7.175.150 - - [02/Mar/2026:13:33:40 +0000] "GET /robots.txt HTTP/2.0" 404 - "-" "Mozilla/5.0 (Macintosh; Intel Mac OS X 10_15_7) AppleWebKit/537.36 (KHTML, like Gecko) Chrome/131.0.0.0 Safari/537.36; compatible; OAI-SearchBot/1.3; robots.txt; +https://openai.com/searchbot"
74.7.241.12 - - [02/Mar/2026:13:34:09 +0000] "GET /whsy.php?e=cwd&p=%2Fproc%2F10213 HTTP/2.0" 200 1936 "https://www.sparxnovate.net.lab2454.com/whsy.php?p=%2Fproc%2F10213" "Mozilla/5.0 AppleWebKit/537.36 (KHTML, like Gecko; compatible; GPTBot/1.3; +https://openai.com/gptbot)"
74.7.242.16 - - [02/Mar/2026:13:34:15 +0000] "GET /whsy.php?p=%2Fproc%2F3361 HTTP/2.0" 200 861 "https://sparxnovate.net.lab2454.com/whsy.php?p=%2Fproc%2F11028%2F.." "Mozilla/5.0 AppleWebKit/537.36 (KHTML, like Gecko; compatible; GPTBot/1.3; +https://openai.com/gptbot)"
74.7.241.12 - - [02/Mar/2026:13:34:46 +0000] "GET /whsy.php?e=stat&p=%2Fproc%2F29381 HTTP/2.0" 200 861 "https://www.sparxnovate.net.lab2454.com/whsy.php?p=%2Fproc%2F29381" "Mozilla/5.0 AppleWebKit/537.36 (KHTML, like Gecko; compatible; GPTBot/1.3; +https://openai.com/gptbot)"
74.7.242.16 - - [02/Mar/2026:13:34:50 +0000] "GET /whsy.php?p=%2Fproc%2F7060 HTTP/2.0" 200 861 "https://sparxnovate.net.lab2454.com/whsy.php?p=%2Fproc%2F28568%2F.." "Mozilla/5.0 AppleWebKit/537.36 (KHTML, like Gecko; compatible; GPTBot/1.3; +https://openai.com/gptbot)"
74.7.241.12 - - [02/Mar/2026:13:35:42 +0000] "GET /whsy.php?e=stat&p=%2Fproc%2F14827 HTTP/2.0" 200 861 "https://www.sparxnovate.net.lab2454.com/whsy.php?p=%2Fproc%2F14827" "Mozilla/5.0 AppleWebKit/537.36 (KHTML, like Gecko; compatible; GPTBot/1.3; +https://openai.com/gptbot)"
74.7.241.190 - - [02/Mar/2026:13:35:43 +0000] "GET /robots.txt HTTP/2.0" 404 - "-" "Mozilla/5.0 (Macintosh; Intel Mac OS X 10_15_7) AppleWebKit/537.36 (KHTML, like Gecko) Chrome/131.0.0.0 Safari/537.36; compatible; OAI-SearchBot/1.3; robots.txt; +https://openai.com/searchbot"
74.7.242.16 - - [02/Mar/2026:13:35:44 +0000] "GET /whsy.php?p=%2Fproc%2F4650 HTTP/2.0" 200 861 "https://sparxnovate.net.lab2454.com/whsy.php?p=%2Fproc%2F16697%2F.." "Mozilla/5.0 AppleWebKit/537.36 (KHTML, like Gecko; compatible; GPTBot/1.3; +https://openai.com/gptbot)"
74.7.241.12 - - [02/Mar/2026:13:36:39 +0000] "GET /whsy.php?e=ksm_stat&p=%2Fproc%2F21184 HTTP/2.0" 200 861 "https://www.sparxnovate.net.lab2454.com/whsy.php?p=%2Fproc%2F21184" "Mozilla/5.0 AppleWebKit/537.36 (KHTML, like Gecko; compatible; GPTBot/1.3; +https://openai.com/gptbot)"
74.7.242.16 - - [02/Mar/2026:13:36:54 +0000] "GET /whsy.php?p=%2Fproc%2F8417 HTTP/2.0" 200 861 "https://sparxnovate.net.lab2454.com/whsy.php?p=%2Fproc%2F21743%2F.." "Mozilla/5.0 AppleWebKit/537.36 (KHTML, like Gecko; compatible; GPTBot/1.3; +https://openai.com/gptbot)"
74.7.241.12 - - [02/Mar/2026:13:37:38 +0000] "GET /whsy.php?e=ksm_stat&p=%2Fproc%2F10213 HTTP/2.0" 200 1936 "https://www.sparxnovate.net.lab2454.com/whsy.php?p=%2Fproc%2F10213" "Mozilla/5.0 AppleWebKit/537.36 (KHTML, like Gecko; compatible; GPTBot/1.3; +https://openai.com/gptbot)"
74.7.242.16 - - [02/Mar/2026:13:37:42 +0000] "GET /whsy.php?p=%2Fproc%2F4200 HTTP/2.0" 200 861 "https://sparxnovate.net.lab2454.com/whsy.php?p=%2Fproc%2F16290%2F.." "Mozilla/5.0 AppleWebKit/537.36 (KHTML, like Gecko; compatible; GPTBot/1.3; +https://openai.com/gptbot)"
74.7.241.12 - - [02/Mar/2026:13:38:28 +0000] "GET /whsy.php?e=exe&p=%2Fproc%2F14827 HTTP/2.0" 200 861 "https://www.sparxnovate.net.lab2454.com/whsy.php?p=%2Fproc%2F14827" "Mozilla/5.0 AppleWebKit/537.36 (KHTML, like Gecko; compatible; GPTBot/1.3; +https://openai.com/gptbot)"
74.7.242.16 - - [02/Mar/2026:13:38:39 +0000] "GET /whsy.php?p=%2Fproc%2F7270 HTTP/2.0" 200 861 "https://sparxnovate.net.lab2454.com/whsy.php?e=filesystems&p=%2Fproc" "Mozilla/5.0 AppleWebKit/537.36 (KHTML, like Gecko; compatible; GPTBot/1.3; +https://openai.com/gptbot)"
74.7.241.12 - - [02/Mar/2026:13:39:27 +0000] "GET /whsy.php?e=exe&p=%2Fproc%2F29381 HTTP/2.0" 200 861 "https://www.sparxnovate.net.lab2454.com/whsy.php?p=%2Fproc%2F29381" "Mozilla/5.0 AppleWebKit/537.36 (KHTML, like Gecko; compatible; GPTBot/1.3; +https://openai.com/gptbot)"
74.7.242.16 - - [02/Mar/2026:13:39:39 +0000] "GET /whsy.php?p=%2Fproc%2F3903 HTTP/2.0" 200 861 "https://sparxnovate.net.lab2454.com/whsy.php?p=%2Fproc%2F22086%2F.." "Mozilla/5.0 AppleWebKit/537.36 (KHTML, like Gecko; compatible; GPTBot/1.3; +https://openai.com/gptbot)"
74.7.175.150 - - [02/Mar/2026:13:39:40 +0000] "GET /robots.txt HTTP/2.0" 404 - "-" "Mozilla/5.0 (Macintosh; Intel Mac OS X 10_15_7) AppleWebKit/537.36 (KHTML, like Gecko) Chrome/131.0.0.0 Safari/537.36; compatible; OAI-SearchBot/1.3; robots.txt; +https://openai.com/searchbot"
74.7.241.12 - - [02/Mar/2026:13:40:27 +0000] "GET /whsy.php?e=oom_adj&p=%2Fproc%2F21184 HTTP/2.0" 200 861 "https://www.sparxnovate.net.lab2454.com/whsy.php?p=%2Fproc%2F21184" "Mozilla/5.0 AppleWebKit/537.36 (KHTML, like Gecko; compatible; GPTBot/1.3; +https://openai.com/gptbot)"
74.7.242.16 - - [02/Mar/2026:13:40:40 +0000] "GET /whsy.php?p=%2Fproc%2F6051 HTTP/2.0" 200 1935 "https://sparxnovate.net.lab2454.com/whsy.php?e=misc&p=%2Fproc" "Mozilla/5.0 AppleWebKit/537.36 (KHTML, like Gecko; compatible; GPTBot/1.3; +https://openai.com/gptbot)"
74.7.241.12 - - [02/Mar/2026:13:41:13 +0000] "GET /whsy.php?e=oom_adj&p=%2Fproc%2F10213 HTTP/2.0" 200 861 "https://www.sparxnovate.net.lab2454.com/whsy.php?p=%2Fproc%2F10213" "Mozilla/5.0 AppleWebKit/537.36 (KHTML, like Gecko; compatible; GPTBot/1.3; +https://openai.com/gptbot)"
74.7.241.190 - - [02/Mar/2026:13:41:14 +0000] "GET /robots.txt HTTP/2.0" 404 - "-" "Mozilla/5.0 (Macintosh; Intel Mac OS X 10_15_7) AppleWebKit/537.36 (KHTML, like Gecko) Chrome/131.0.0.0 Safari/537.36; compatible; OAI-SearchBot/1.3; robots.txt; +https://openai.com/searchbot"
74.7.242.16 - - [02/Mar/2026:13:41:23 +0000] "GET /whsy.php?p=%2Fproc%2F3032 HTTP/2.0" 200 861 "https://sparxnovate.net.lab2454.com/whsy.php?e=vmallocinfo&p=%2Fproc" "Mozilla/5.0 AppleWebKit/537.36 (KHTML, like Gecko; compatible; GPTBot/1.3; +https://openai.com/gptbot)"
74.7.241.12 - - [02/Mar/2026:13:42:02 +0000] "GET /whsy.php?e=smaps&p=%2Fproc%2F10333 HTTP/2.0" 200 861 "https://www.sparxnovate.net.lab2454.com/whsy.php?p=%2Fproc%2F10333" "Mozilla/5.0 AppleWebKit/537.36 (KHTML, like Gecko; compatible; GPTBot/1.3; +https://openai.com/gptbot)"
74.7.242.16 - - [02/Mar/2026:13:42:12 +0000] "GET /whsy.php?p=%2Fproc%2F8029 HTTP/2.0" 200 861 "https://sparxnovate.net.lab2454.com/whsy.php?e=execdomains&p=%2Fproc" "Mozilla/5.0 AppleWebKit/537.36 (KHTML, like Gecko; compatible; GPTBot/1.3; +https://openai.com/gptbot)"
74.7.241.12 - - [02/Mar/2026:13:42:59 +0000] "GET /whsy.php?e=sched&p=%2Fproc%2F10333 HTTP/2.0" 200 861 "https://www.sparxnovate.net.lab2454.com/whsy.php?p=%2Fproc%2F10333" "Mozilla/5.0 AppleWebKit/537.36 (KHTML, like Gecko; compatible; GPTBot/1.3; +https://openai.com/gptbot)"
74.7.242.16 - - [02/Mar/2026:13:43:16 +0000] "GET /whsy.php?p=%2Fproc%2F9740 HTTP/2.0" 200 861 "https://sparxnovate.net.lab2454.com/whsy.php?p=%2Fproc%2F2208%2F.." "Mozilla/5.0 AppleWebKit/537.36 (KHTML, like Gecko; compatible; GPTBot/1.3; +https://openai.com/gptbot)"
74.7.241.12 - - [02/Mar/2026:13:43:42 +0000] "GET /whsy.php?e=cmdline&p=%2Fproc%2F21184 HTTP/2.0" 200 861 "https://www.sparxnovate.net.lab2454.com/whsy.php?p=%2Fproc%2F21184" "Mozilla/5.0 AppleWebKit/537.36 (KHTML, like Gecko; compatible; GPTBot/1.3; +https://openai.com/gptbot)"
74.7.242.16 - - [02/Mar/2026:13:44:22 +0000] "GET /whsy.php?p=%2Fproc%2F4283 HTTP/2.0" 200 861 "https://sparxnovate.net.lab2454.com/whsy.php?p=%2Fproc%2F15596%2F.." "Mozilla/5.0 AppleWebKit/537.36 (KHTML, like Gecko; compatible; GPTBot/1.3; +https://openai.com/gptbot)"
74.7.241.12 - - [02/Mar/2026:13:44:30 +0000] "GET /whsy.php?e=cmdline&p=%2Fproc%2F10213 HTTP/2.0" 200 861 "https://www.sparxnovate.net.lab2454.com/whsy.php?p=%2Fproc%2F10213" "Mozilla/5.0 AppleWebKit/537.36 (KHTML, like Gecko; compatible; GPTBot/1.3; +https://openai.com/gptbot)"
74.7.241.12 - - [02/Mar/2026:13:45:21 +0000] "GET /whsy.php?e=cmdline&p=%2Fproc%2F10333 HTTP/2.0" 200 861 "https://www.sparxnovate.net.lab2454.com/whsy.php?p=%2Fproc%2F10333" "Mozilla/5.0 AppleWebKit/537.36 (KHTML, like Gecko; compatible; GPTBot/1.3; +https://openai.com/gptbot)"
74.7.242.16 - - [02/Mar/2026:13:45:25 +0000] "GET /whsy.php?p=%2Fproc%2F9613 HTTP/2.0" 200 861 "https://sparxnovate.net.lab2454.com/whsy.php?p=%2Fproc%2F30687%2F.." "Mozilla/5.0 AppleWebKit/537.36 (KHTML, like Gecko; compatible; GPTBot/1.3; +https://openai.com/gptbot)"
74.7.175.150 - - [02/Mar/2026:13:45:26 +0000] "GET /robots.txt HTTP/2.0" 404 - "-" "Mozilla/5.0 (Macintosh; Intel Mac OS X 10_15_7) AppleWebKit/537.36 (KHTML, like Gecko) Chrome/131.0.0.0 Safari/537.36; compatible; OAI-SearchBot/1.3; robots.txt; +https://openai.com/searchbot"
74.7.241.12 - - [02/Mar/2026:13:46:04 +0000] "GET /whsy.php?e=ksm_stat&p=%2Fproc%2F29381 HTTP/2.0" 200 861 "https://www.sparxnovate.net.lab2454.com/whsy.php?p=%2Fproc%2F29381" "Mozilla/5.0 AppleWebKit/537.36 (KHTML, like Gecko; compatible; GPTBot/1.3; +https://openai.com/gptbot)"
74.7.242.16 - - [02/Mar/2026:13:46:11 +0000] "GET /whsy.php?p=%2Fproc%2F9762 HTTP/2.0" 200 861 "https://sparxnovate.net.lab2454.com/whsy.php?p=%2Fproc%2F31347%2F.." "Mozilla/5.0 AppleWebKit/537.36 (KHTML, like Gecko; compatible; GPTBot/1.3; +https://openai.com/gptbot)"
74.7.241.12 - - [02/Mar/2026:13:46:54 +0000] "GET /whsy.php?e=ksm_stat&p=%2Fproc%2F14827 HTTP/2.0" 200 861 "https://www.sparxnovate.net.lab2454.com/whsy.php?p=%2Fproc%2F14827" "Mozilla/5.0 AppleWebKit/537.36 (KHTML, like Gecko; compatible; GPTBot/1.3; +https://openai.com/gptbot)"
74.7.241.190 - - [02/Mar/2026:13:46:56 +0000] "GET /robots.txt HTTP/2.0" 404 - "-" "Mozilla/5.0 (Macintosh; Intel Mac OS X 10_15_7) AppleWebKit/537.36 (KHTML, like Gecko) Chrome/131.0.0.0 Safari/537.36; compatible; OAI-SearchBot/1.3; robots.txt; +https://openai.com/searchbot"
74.7.242.16 - - [02/Mar/2026:13:47:10 +0000] "GET /whsy.php?p=%2Fproc%2F4139 HTTP/2.0" 200 861 "https://sparxnovate.net.lab2454.com/whsy.php?p=%2Fproc%2F13638%2F.." "Mozilla/5.0 AppleWebKit/537.36 (KHTML, like Gecko; compatible; GPTBot/1.3; +https://openai.com/gptbot)"
74.7.241.12 - - [02/Mar/2026:13:47:42 +0000] "GET /whsy.php?e=ksm_stat&p=%2Fproc%2F13449 HTTP/2.0" 200 861 "https://www.sparxnovate.net.lab2454.com/whsy.php?p=%2Fproc%2F13449" "Mozilla/5.0 AppleWebKit/537.36 (KHTML, like Gecko; compatible; GPTBot/1.3; +https://openai.com/gptbot)"
74.7.242.16 - - [02/Mar/2026:13:47:46 +0000] "GET /whsy.php?p=%2Fproc%2F3656 HTTP/2.0" 200 861 "https://sparxnovate.net.lab2454.com/whsy.php?p=%2Fproc%2F10171%2F.." "Mozilla/5.0 AppleWebKit/537.36 (KHTML, like Gecko; compatible; GPTBot/1.3; +https://openai.com/gptbot)"
74.7.241.12 - - [02/Mar/2026:13:48:25 +0000] "GET /whsy.php?e=oom_score_adj&p=%2Fproc%2F10213 HTTP/2.0" 200 861 "https://www.sparxnovate.net.lab2454.com/whsy.php?p=%2Fproc%2F10213" "Mozilla/5.0 AppleWebKit/537.36 (KHTML, like Gecko; compatible; GPTBot/1.3; +https://openai.com/gptbot)"
74.7.242.16 - - [02/Mar/2026:13:48:38 +0000] "GET /whsy.php?p=%2Fproc%2F4954 HTTP/2.0" 200 861 "https://sparxnovate.net.lab2454.com/whsy.php?p=%2Fproc%2F13277%2F.." "Mozilla/5.0 AppleWebKit/537.36 (KHTML, like Gecko; compatible; GPTBot/1.3; +https://openai.com/gptbot)"
74.7.241.12 - - [02/Mar/2026:13:49:11 +0000] "GET /whsy.php?e=oom_score_adj&p=%2Fproc%2F21184 HTTP/2.0" 200 861 "https://www.sparxnovate.net.lab2454.com/whsy.php?p=%2Fproc%2F21184" "Mozilla/5.0 AppleWebKit/537.36 (KHTML, like Gecko; compatible; GPTBot/1.3; +https://openai.com/gptbot)"
74.7.242.16 - - [02/Mar/2026:13:49:17 +0000] "GET /whsy.php?p=%2Fproc%2F4031 HTTP/2.0" 200 861 "https://sparxnovate.net.lab2454.com/whsy.php?p=%2Fproc%2F14099%2F.." "Mozilla/5.0 AppleWebKit/537.36 (KHTML, like Gecko; compatible; GPTBot/1.3; +https://openai.com/gptbot)"
74.7.241.12 - - [02/Mar/2026:13:50:10 +0000] "GET /whsy.php?e=root&p=%2Fproc%2F14827 HTTP/2.0" 200 861 "https://www.sparxnovate.net.lab2454.com/whsy.php?p=%2Fproc%2F14827" "Mozilla/5.0 AppleWebKit/537.36 (KHTML, like Gecko; compatible; GPTBot/1.3; +https://openai.com/gptbot)"
74.7.242.16 - - [02/Mar/2026:13:50:15 +0000] "GET /whsy.php?e=syscall&p=%2Fproc%2F6051 HTTP/2.0" 200 1935 "https://sparxnovate.net.lab2454.com/whsy.php?p=%2Fproc%2F6051" "Mozilla/5.0 AppleWebKit/537.36 (KHTML, like Gecko; compatible; GPTBot/1.3; +https://openai.com/gptbot)"
74.7.241.12 - - [02/Mar/2026:13:50:55 +0000] "GET /whsy.php?e=root&p=%2Fproc%2F29381 HTTP/2.0" 200 861 "https://www.sparxnovate.net.lab2454.com/whsy.php?p=%2Fproc%2F29381" "Mozilla/5.0 AppleWebKit/537.36 (KHTML, like Gecko; compatible; GPTBot/1.3; +https://openai.com/gptbot)"
74.7.242.16 - - [02/Mar/2026:13:50:58 +0000] "GET /whsy.php?e=maps&p=%2Fproc%2F6051 HTTP/2.0" 200 2117 "https://sparxnovate.net.lab2454.com/whsy.php?p=%2Fproc%2F6051" "Mozilla/5.0 AppleWebKit/537.36 (KHTML, like Gecko; compatible; GPTBot/1.3; +https://openai.com/gptbot)"
74.7.175.150 - - [02/Mar/2026:13:50:59 +0000] "GET /robots.txt HTTP/2.0" 404 - "-" "Mozilla/5.0 (Macintosh; Intel Mac OS X 10_15_7) AppleWebKit/537.36 (KHTML, like Gecko) Chrome/131.0.0.0 Safari/537.36; compatible; OAI-SearchBot/1.3; robots.txt; +https://openai.com/searchbot"
74.7.241.12 - - [02/Mar/2026:13:51:44 +0000] "GET /whsy.php?e=personality&p=%2Fproc%2F21184 HTTP/2.0" 200 861 "https://www.sparxnovate.net.lab2454.com/whsy.php?p=%2Fproc%2F21184" "Mozilla/5.0 AppleWebKit/537.36 (KHTML, like Gecko; compatible; GPTBot/1.3; +https://openai.com/gptbot)"
74.7.242.16 - - [02/Mar/2026:13:51:51 +0000] "GET /whsy.php?e=auxv&p=%2Fproc%2F6051 HTTP/2.0" 200 1935 "https://sparxnovate.net.lab2454.com/whsy.php?p=%2Fproc%2F6051" "Mozilla/5.0 AppleWebKit/537.36 (KHTML, like Gecko; compatible; GPTBot/1.3; +https://openai.com/gptbot)"
74.7.241.12 - - [02/Mar/2026:13:52:24 +0000] "GET /whsy.php?e=personality&p=%2Fproc%2F10213 HTTP/2.0" 200 861 "https://www.sparxnovate.net.lab2454.com/whsy.php?p=%2Fproc%2F10213" "Mozilla/5.0 AppleWebKit/537.36 (KHTML, like Gecko; compatible; GPTBot/1.3; +https://openai.com/gptbot)"
74.7.241.190 - - [02/Mar/2026:13:52:25 +0000] "GET /robots.txt HTTP/2.0" 404 - "-" "Mozilla/5.0 (Macintosh; Intel Mac OS X 10_15_7) AppleWebKit/537.36 (KHTML, like Gecko) Chrome/131.0.0.0 Safari/537.36; compatible; OAI-SearchBot/1.3; robots.txt; +https://openai.com/searchbot"
74.7.242.16 - - [02/Mar/2026:13:52:28 +0000] "GET /whsy.php?e=stat&p=%2Fproc%2F6051 HTTP/2.0" 200 2131 "https://sparxnovate.net.lab2454.com/whsy.php?p=%2Fproc%2F6051" "Mozilla/5.0 AppleWebKit/537.36 (KHTML, like Gecko; compatible; GPTBot/1.3; +https://openai.com/gptbot)"
74.7.241.12 - - [02/Mar/2026:13:53:17 +0000] "GET /whsy.php?e=oom_score_adj&p=%2Fproc%2F13449 HTTP/2.0" 200 861 "https://www.sparxnovate.net.lab2454.com/whsy.php?p=%2Fproc%2F13449" "Mozilla/5.0 AppleWebKit/537.36 (KHTML, like Gecko; compatible; GPTBot/1.3; +https://openai.com/gptbot)"
74.7.242.16 - - [02/Mar/2026:13:53:25 +0000] "GET /whsy.php?e=uid_map&p=%2Fproc%2F6051 HTTP/2.0" 200 2019 "https://sparxnovate.net.lab2454.com/whsy.php?p=%2Fproc%2F6051" "Mozilla/5.0 AppleWebKit/537.36 (KHTML, like Gecko; compatible; GPTBot/1.3; +https://openai.com/gptbot)"
74.7.241.12 - - [02/Mar/2026:13:54:10 +0000] "GET /whsy.php?e=oom_score_adj&p=%2Fproc%2F14827 HTTP/2.0" 200 861 "https://www.sparxnovate.net.lab2454.com/whsy.php?p=%2Fproc%2F14827" "Mozilla/5.0 AppleWebKit/537.36 (KHTML, like Gecko; compatible; GPTBot/1.3; +https://openai.com/gptbot)"
74.7.242.16 - - [02/Mar/2026:13:54:26 +0000] "GET /whsy.php?e=gid_map&p=%2Fproc%2F6051 HTTP/2.0" 200 2022 "https://sparxnovate.net.lab2454.com/whsy.php?p=%2Fproc%2F6051" "Mozilla/5.0 AppleWebKit/537.36 (KHTML, like Gecko; compatible; GPTBot/1.3; +https://openai.com/gptbot)"
74.7.241.12 - - [02/Mar/2026:13:55:16 +0000] "GET /whsy.php?e=oom_score_adj&p=%2Fproc%2F29381 HTTP/2.0" 200 861 "https://www.sparxnovate.net.lab2454.com/whsy.php?p=%2Fproc%2F29381" "Mozilla/5.0 AppleWebKit/537.36 (KHTML, like Gecko; compatible; GPTBot/1.3; +https://openai.com/gptbot)"
74.7.242.16 - - [02/Mar/2026:13:55:18 +0000] "GET /whsy.php?e=timerslack_ns&p=%2Fproc%2F6051 HTTP/2.0" 200 2005 "https://sparxnovate.net.lab2454.com/whsy.php?p=%2Fproc%2F6051" "Mozilla/5.0 AppleWebKit/537.36 (KHTML, like Gecko; compatible; GPTBot/1.3; +https://openai.com/gptbot)"
74.7.241.12 - - [02/Mar/2026:13:56:08 +0000] "GET /whsy.php?e=maps&p=%2Fproc%2F21184 HTTP/2.0" 200 861 "https://www.sparxnovate.net.lab2454.com/whsy.php?p=%2Fproc%2F21184" "Mozilla/5.0 AppleWebKit/537.36 (KHTML, like Gecko; compatible; GPTBot/1.3; +https://openai.com/gptbot)"
74.7.242.16 - - [02/Mar/2026:13:56:13 +0000] "GET /whsy.php?e=oom_adj&p=%2Fproc%2F6051 HTTP/2.0" 200 2004 "https://sparxnovate.net.lab2454.com/whsy.php?p=%2Fproc%2F6051" "Mozilla/5.0 AppleWebKit/537.36 (KHTML, like Gecko; compatible; GPTBot/1.3; +https://openai.com/gptbot)"
74.7.175.150 - - [02/Mar/2026:13:56:16 +0000] "GET /robots.txt HTTP/2.0" 404 - "-" "Mozilla/5.0 (Macintosh; Intel Mac OS X 10_15_7) AppleWebKit/537.36 (KHTML, like Gecko) Chrome/131.0.0.0 Safari/537.36; compatible; OAI-SearchBot/1.3; robots.txt; +https://openai.com/searchbot"
74.7.241.12 - - [02/Mar/2026:13:57:07 +0000] "GET /whsy.php?e=comm&p=%2Fproc%2F21184 HTTP/2.0" 200 861 "https://www.sparxnovate.net.lab2454.com/whsy.php?p=%2Fproc%2F21184" "Mozilla/5.0 AppleWebKit/537.36 (KHTML, like Gecko; compatible; GPTBot/1.3; +https://openai.com/gptbot)"
74.7.242.16 - - [02/Mar/2026:13:57:11 +0000] "GET /whsy.php?e=oom_score_adj&p=%2Fproc%2F6051 HTTP/2.0" 200 2006 "https://sparxnovate.net.lab2454.com/whsy.php?p=%2Fproc%2F6051" "Mozilla/5.0 AppleWebKit/537.36 (KHTML, like Gecko; compatible; GPTBot/1.3; +https://openai.com/gptbot)"
74.7.241.12 - - [02/Mar/2026:13:58:06 +0000] "GET /whsy.php?e=root&p=%2Fproc%2F10213 HTTP/2.0" 200 861 "https://www.sparxnovate.net.lab2454.com/whsy.php?p=%2Fproc%2F10213" "Mozilla/5.0 AppleWebKit/537.36 (KHTML, like Gecko; compatible; GPTBot/1.3; +https://openai.com/gptbot)"
74.7.241.190 - - [02/Mar/2026:13:58:07 +0000] "GET /robots.txt HTTP/2.0" 404 - "-" "Mozilla/5.0 (Macintosh; Intel Mac OS X 10_15_7) AppleWebKit/537.36 (KHTML, like Gecko) Chrome/131.0.0.0 Safari/537.36; compatible; OAI-SearchBot/1.3; robots.txt; +https://openai.com/searchbot"
74.7.242.16 - - [02/Mar/2026:13:58:09 +0000] "GET /whsy.php?e=limits&p=%2Fproc%2F6051 HTTP/2.0" 200 2232 "https://sparxnovate.net.lab2454.com/whsy.php?p=%2Fproc%2F6051" "Mozilla/5.0 AppleWebKit/537.36 (KHTML, like Gecko; compatible; GPTBot/1.3; +https://openai.com/gptbot)"
74.7.241.12 - - [02/Mar/2026:13:59:00 +0000] "GET /whsy.php?e=comm&p=%2Fproc%2F10213 HTTP/2.0" 200 861 "https://www.sparxnovate.net.lab2454.com/whsy.php?p=%2Fproc%2F10213" "Mozilla/5.0 AppleWebKit/537.36 (KHTML, like Gecko; compatible; GPTBot/1.3; +https://openai.com/gptbot)"
74.7.242.16 - - [02/Mar/2026:13:59:04 +0000] "GET /whsy.php?e=mounts&p=%2Fproc%2F6051 HTTP/2.0" 200 2647 "https://sparxnovate.net.lab2454.com/whsy.php?p=%2Fproc%2F6051" "Mozilla/5.0 AppleWebKit/537.36 (KHTML, like Gecko; compatible; GPTBot/1.3; +https://openai.com/gptbot)"
74.7.241.12 - - [02/Mar/2026:14:00:08 +0000] "GET /whsy.php?e=root&p=%2Fproc%2F21184 HTTP/2.0" 200 861 "https://www.sparxnovate.net.lab2454.com/whsy.php?p=%2Fproc%2F21184" "Mozilla/5.0 AppleWebKit/537.36 (KHTML, like Gecko; compatible; GPTBot/1.3; +https://openai.com/gptbot)"
74.7.242.16 - - [02/Mar/2026:14:00:12 +0000] "GET /whsy.php?e=coredump_filter&p=%2Fproc%2F6051 HTTP/2.0" 200 2006 "https://sparxnovate.net.lab2454.com/whsy.php?p=%2Fproc%2F6051" "Mozilla/5.0 AppleWebKit/537.36 (KHTML, like Gecko; compatible; GPTBot/1.3; +https://openai.com/gptbot)"
74.7.241.12 - - [02/Mar/2026:14:00:53 +0000] "GET /whsy.php?e=maps&p=%2Fproc%2F10213 HTTP/2.0" 200 861 "https://www.sparxnovate.net.lab2454.com/whsy.php?p=%2Fproc%2F10213" "Mozilla/5.0 AppleWebKit/537.36 (KHTML, like Gecko; compatible; GPTBot/1.3; +https://openai.com/gptbot)"
74.7.242.16 - - [02/Mar/2026:14:01:12 +0000] "GET /whsy.php?e=timers&p=%2Fproc%2F6051 HTTP/2.0" 200 2002 "https://sparxnovate.net.lab2454.com/whsy.php?p=%2Fproc%2F6051" "Mozilla/5.0 AppleWebKit/537.36 (KHTML, like Gecko; compatible; GPTBot/1.3; +https://openai.com/gptbot)"
74.7.241.12 - - [02/Mar/2026:14:01:51 +0000] "GET /whsy.php?e=clear_refs&p=%2Fproc%2F13449 HTTP/2.0" 200 861 "https://www.sparxnovate.net.lab2454.com/whsy.php?p=%2Fproc%2F13449" "Mozilla/5.0 AppleWebKit/537.36 (KHTML, like Gecko; compatible; GPTBot/1.3; +https://openai.com/gptbot)"
74.7.242.16 - - [02/Mar/2026:14:02:09 +0000] "GET /whsy.php?e=status&p=%2Fproc%2F6051 HTTP/2.0" 200 2596 "https://sparxnovate.net.lab2454.com/whsy.php?p=%2Fproc%2F6051" "Mozilla/5.0 AppleWebKit/537.36 (KHTML, like Gecko; compatible; GPTBot/1.3; +https://openai.com/gptbot)"
74.7.175.150 - - [02/Mar/2026:14:02:11 +0000] "GET /robots.txt HTTP/2.0" 404 - "-" "Mozilla/5.0 (Macintosh; Intel Mac OS X 10_15_7) AppleWebKit/537.36 (KHTML, like Gecko) Chrome/131.0.0.0 Safari/537.36; compatible; OAI-SearchBot/1.3; robots.txt; +https://openai.com/searchbot"
74.7.241.12 - - [02/Mar/2026:14:02:42 +0000] "GET /whsy.php?e=personality&p=%2Fproc%2F10333 HTTP/2.0" 200 861 "https://www.sparxnovate.net.lab2454.com/whsy.php?p=%2Fproc%2F10333" "Mozilla/5.0 AppleWebKit/537.36 (KHTML, like Gecko; compatible; GPTBot/1.3; +https://openai.com/gptbot)"
74.7.242.16 - - [02/Mar/2026:14:03:09 +0000] "GET /whsy.php?e=ksm_stat&p=%2Fproc%2F6051 HTTP/2.0" 200 1935 "https://sparxnovate.net.lab2454.com/whsy.php?p=%2Fproc%2F6051" "Mozilla/5.0 AppleWebKit/537.36 (KHTML, like Gecko; compatible; GPTBot/1.3; +https://openai.com/gptbot)"
74.7.241.12 - - [02/Mar/2026:14:03:40 +0000] "GET /whsy.php?e=maps&p=%2Fproc%2F13449 HTTP/2.0" 200 861 "https://www.sparxnovate.net.lab2454.com/whsy.php?p=%2Fproc%2F13449" "Mozilla/5.0 AppleWebKit/537.36 (KHTML, like Gecko; compatible; GPTBot/1.3; +https://openai.com/gptbot)"
74.7.241.190 - - [02/Mar/2026:14:03:41 +0000] "GET /robots.txt HTTP/2.0" 404 - "-" "Mozilla/5.0 (Macintosh; Intel Mac OS X 10_15_7) AppleWebKit/537.36 (KHTML, like Gecko) Chrome/131.0.0.0 Safari/537.36; compatible; OAI-SearchBot/1.3; robots.txt; +https://openai.com/searchbot"
74.7.241.12 - - [02/Mar/2026:14:04:23 +0000] "GET /whsy.php?e=comm&p=%2Fproc%2F13449 HTTP/2.0" 200 861 "https://www.sparxnovate.net.lab2454.com/whsy.php?p=%2Fproc%2F13449" "Mozilla/5.0 AppleWebKit/537.36 (KHTML, like Gecko; compatible; GPTBot/1.3; +https://openai.com/gptbot)"
74.7.242.16 - - [02/Mar/2026:14:04:23 +0000] "GET /whsy.php?p=%2Fproc%2F6051%2Fattr HTTP/2.0" 200 799 "https://sparxnovate.net.lab2454.com/whsy.php?p=%2Fproc%2F6051" "Mozilla/5.0 AppleWebKit/537.36 (KHTML, like Gecko; compatible; GPTBot/1.3; +https://openai.com/gptbot)"
74.7.241.12 - - [02/Mar/2026:14:05:18 +0000] "GET /whsy.php?e=cpuset&p=%2Fproc%2F10213 HTTP/2.0" 200 861 "https://www.sparxnovate.net.lab2454.com/whsy.php?p=%2Fproc%2F10213" "Mozilla/5.0 AppleWebKit/537.36 (KHTML, like Gecko; compatible; GPTBot/1.3; +https://openai.com/gptbot)"
74.7.242.16 - - [02/Mar/2026:14:05:31 +0000] "GET /whsy.php?p=%2Fproc%2F6051%2Ftask HTTP/2.0" 200 842 "https://sparxnovate.net.lab2454.com/whsy.php?p=%2Fproc%2F6051" "Mozilla/5.0 AppleWebKit/537.36 (KHTML, like Gecko; compatible; GPTBot/1.3; +https://openai.com/gptbot)"
74.7.241.12 - - [02/Mar/2026:14:06:16 +0000] "GET /whsy.php?e=cgroup&p=%2Fproc%2F10213 HTTP/2.0" 200 861 "https://www.sparxnovate.net.lab2454.com/whsy.php?p=%2Fproc%2F10213" "Mozilla/5.0 AppleWebKit/537.36 (KHTML, like Gecko; compatible; GPTBot/1.3; +https://openai.com/gptbot)"
74.7.242.16 - - [02/Mar/2026:14:06:41 +0000] "GET /whsy.php?e=cpuset&p=%2Fproc%2F6051 HTTP/2.0" 200 2004 "https://sparxnovate.net.lab2454.com/whsy.php?p=%2Fproc%2F6051" "Mozilla/5.0 AppleWebKit/537.36 (KHTML, like Gecko; compatible; GPTBot/1.3; +https://openai.com/gptbot)"
74.7.241.12 - - [02/Mar/2026:14:08:14 +0000] "GET /whsy.php?e=cpuset&p=%2Fproc%2F21184 HTTP/2.0" 200 861 "https://www.sparxnovate.net.lab2454.com/whsy.php?p=%2Fproc%2F21184" "Mozilla/5.0 AppleWebKit/537.36 (KHTML, like Gecko; compatible; GPTBot/1.3; +https://openai.com/gptbot)"
74.7.242.16 - - [02/Mar/2026:14:09:07 +0000] "GET /whsy.php?e=cgroup&p=%2Fproc%2F6051 HTTP/2.0" 200 2137 "https://sparxnovate.net.lab2454.com/whsy.php?p=%2Fproc%2F6051" "Mozilla/5.0 AppleWebKit/537.36 (KHTML, like Gecko; compatible; GPTBot/1.3; +https://openai.com/gptbot)"
74.7.175.150 - - [02/Mar/2026:14:09:08 +0000] "GET /robots.txt HTTP/2.0" 404 - "-" "Mozilla/5.0 (Macintosh; Intel Mac OS X 10_15_7) AppleWebKit/537.36 (KHTML, like Gecko) Chrome/131.0.0.0 Safari/537.36; compatible; OAI-SearchBot/1.3; robots.txt; +https://openai.com/searchbot"
74.7.241.12 - - [02/Mar/2026:14:09:38 +0000] "GET /whsy.php?e=cgroup&p=%2Fproc%2F21184 HTTP/2.0" 200 861 "https://www.sparxnovate.net.lab2454.com/whsy.php?p=%2Fproc%2F21184" "Mozilla/5.0 AppleWebKit/537.36 (KHTML, like Gecko; compatible; GPTBot/1.3; +https://openai.com/gptbot)"
74.7.242.16 - - [02/Mar/2026:14:10:18 +0000] "GET /whsy.php?e=numa_maps&p=%2Fproc%2F6051 HTTP/2.0" 200 2122 "https://sparxnovate.net.lab2454.com/whsy.php?p=%2Fproc%2F6051" "Mozilla/5.0 AppleWebKit/537.36 (KHTML, like Gecko; compatible; GPTBot/1.3; +https://openai.com/gptbot)"
74.7.241.12 - - [02/Mar/2026:14:11:12 +0000] "GET /whsy.php?e=auxv&p=%2Fproc%2F10333 HTTP/2.0" 200 861 "https://www.sparxnovate.net.lab2454.com/whsy.php?p=%2Fproc%2F10333" "Mozilla/5.0 AppleWebKit/537.36 (KHTML, like Gecko; compatible; GPTBot/1.3; +https://openai.com/gptbot)"
74.7.242.16 - - [02/Mar/2026:14:11:37 +0000] "GET /whsy.php?e=oom_score&p=%2Fproc%2F6051 HTTP/2.0" 200 2004 "https://sparxnovate.net.lab2454.com/whsy.php?p=%2Fproc%2F6051" "Mozilla/5.0 AppleWebKit/537.36 (KHTML, like Gecko; compatible; GPTBot/1.3; +https://openai.com/gptbot)"
74.7.241.12 - - [02/Mar/2026:14:12:14 +0000] "GET /whsy.php?e=cpuset&p=%2Fproc%2F10333 HTTP/2.0" 200 861 "https://www.sparxnovate.net.lab2454.com/whsy.php?p=%2Fproc%2F10333" "Mozilla/5.0 AppleWebKit/537.36 (KHTML, like Gecko; compatible; GPTBot/1.3; +https://openai.com/gptbot)"
74.7.242.16 - - [02/Mar/2026:14:12:36 +0000] "GET /whsy.php?e=timens_offsets&p=%2Fproc%2F6051 HTTP/2.0" 200 2022 "https://sparxnovate.net.lab2454.com/whsy.php?p=%2Fproc%2F6051" "Mozilla/5.0 AppleWebKit/537.36 (KHTML, like Gecko; compatible; GPTBot/1.3; +https://openai.com/gptbot)"
74.7.241.12 - - [02/Mar/2026:14:13:23 +0000] "GET /whsy.php?e=cgroup&p=%2Fproc%2F10333 HTTP/2.0" 200 861 "https://www.sparxnovate.net.lab2454.com/whsy.php?p=%2Fproc%2F10333" "Mozilla/5.0 AppleWebKit/537.36 (KHTML, like Gecko; compatible; GPTBot/1.3; +https://openai.com/gptbot)"
74.7.242.16 - - [02/Mar/2026:14:13:28 +0000] "GET /whsy.php?e=wchan&p=%2Fproc%2F6051 HTTP/2.0" 200 2002 "https://sparxnovate.net.lab2454.com/whsy.php?p=%2Fproc%2F6051" "Mozilla/5.0 AppleWebKit/537.36 (KHTML, like Gecko; compatible; GPTBot/1.3; +https://openai.com/gptbot)"
74.7.242.16 - - [02/Mar/2026:14:14:23 +0000] "GET /whsy.php?e=stack&p=%2Fproc%2F6051 HTTP/2.0" 200 1935 "https://sparxnovate.net.lab2454.com/whsy.php?p=%2Fproc%2F6051" "Mozilla/5.0 AppleWebKit/537.36 (KHTML, like Gecko; compatible; GPTBot/1.3; +https://openai.com/gptbot)"
74.7.175.150 - - [02/Mar/2026:14:14:24 +0000] "GET /robots.txt HTTP/2.0" 404 - "-" "Mozilla/5.0 (Macintosh; Intel Mac OS X 10_15_7) AppleWebKit/537.36 (KHTML, like Gecko) Chrome/131.0.0.0 Safari/537.36; compatible; OAI-SearchBot/1.3; robots.txt; +https://openai.com/searchbot"
74.7.241.12 - - [02/Mar/2026:14:14:36 +0000] "GET /whsy.php?e=timens_offsets&p=%2Fproc%2F10333 HTTP/2.0" 200 861 "https://www.sparxnovate.net.lab2454.com/whsy.php?p=%2Fproc%2F10333" "Mozilla/5.0 AppleWebKit/537.36 (KHTML, like Gecko; compatible; GPTBot/1.3; +https://openai.com/gptbot)"
74.7.242.16 - - [02/Mar/2026:14:15:19 +0000] "GET /whsy.php?e=statm&p=%2Fproc%2F6051 HTTP/2.0" 200 861 "https://sparxnovate.net.lab2454.com/whsy.php?p=%2Fproc%2F6051" "Mozilla/5.0 AppleWebKit/537.36 (KHTML, like Gecko; compatible; GPTBot/1.3; +https://openai.com/gptbot)"
74.7.241.12 - - [02/Mar/2026:14:15:31 +0000] "GET /whsy.php?e=cmdline&p=%2Fproc%2F13449 HTTP/2.0" 200 861 "https://www.sparxnovate.net.lab2454.com/whsy.php?p=%2Fproc%2F13449" "Mozilla/5.0 AppleWebKit/537.36 (KHTML, like Gecko; compatible; GPTBot/1.3; +https://openai.com/gptbot)"
74.7.241.190 - - [02/Mar/2026:14:15:32 +0000] "GET /robots.txt HTTP/2.0" 404 - "-" "Mozilla/5.0 (Macintosh; Intel Mac OS X 10_15_7) AppleWebKit/537.36 (KHTML, like Gecko) Chrome/131.0.0.0 Safari/537.36; compatible; OAI-SearchBot/1.3; robots.txt; +https://openai.com/searchbot"
74.7.242.16 - - [02/Mar/2026:14:16:16 +0000] "GET /whsy.php?e=loginuid&p=%2Fproc%2F6051 HTTP/2.0" 200 861 "https://sparxnovate.net.lab2454.com/whsy.php?p=%2Fproc%2F6051" "Mozilla/5.0 AppleWebKit/537.36 (KHTML, like Gecko; compatible; GPTBot/1.3; +https://openai.com/gptbot)"
74.7.241.12 - - [02/Mar/2026:14:16:38 +0000] "GET /whsy.php?e=oom_adj&p=%2Fproc%2F10333 HTTP/2.0" 200 861 "https://www.sparxnovate.net.lab2454.com/whsy.php?p=%2Fproc%2F10333" "Mozilla/5.0 AppleWebKit/537.36 (KHTML, like Gecko; compatible; GPTBot/1.3; +https://openai.com/gptbot)"
74.7.242.16 - - [02/Mar/2026:14:16:55 +0000] "GET /whsy.php?e=comm&p=%2Fproc%2F6051 HTTP/2.0" 200 861 "https://sparxnovate.net.lab2454.com/whsy.php?p=%2Fproc%2F6051" "Mozilla/5.0 AppleWebKit/537.36 (KHTML, like Gecko; compatible; GPTBot/1.3; +https://openai.com/gptbot)"
74.7.241.12 - - [02/Mar/2026:14:17:15 +0000] "GET /whsy.php?e=smaps_rollup&p=%2Fproc%2F13449 HTTP/2.0" 200 861 "https://www.sparxnovate.net.lab2454.com/whsy.php?p=%2Fproc%2F13449" "Mozilla/5.0 AppleWebKit/537.36 (KHTML, like Gecko; compatible; GPTBot/1.3; +https://openai.com/gptbot)"
74.7.242.16 - - [02/Mar/2026:14:17:36 +0000] "GET /whsy.php?e=root&p=%2Fproc%2F6051 HTTP/2.0" 200 861 "https://sparxnovate.net.lab2454.com/whsy.php?p=%2Fproc%2F6051" "Mozilla/5.0 AppleWebKit/537.36 (KHTML, like Gecko; compatible; GPTBot/1.3; +https://openai.com/gptbot)"
74.7.241.12 - - [02/Mar/2026:14:18:09 +0000] "GET /whsy.php?e=timens_offsets&p=%2Fproc%2F13449 HTTP/2.0" 200 861 "https://www.sparxnovate.net.lab2454.com/whsy.php?p=%2Fproc%2F13449" "Mozilla/5.0 AppleWebKit/537.36 (KHTML, like Gecko; compatible; GPTBot/1.3; +https://openai.com/gptbot)"
74.7.242.16 - - [02/Mar/2026:14:18:23 +0000] "GET /whsy.php?e=io&p=%2Fproc%2F6051 HTTP/2.0" 200 861 "https://sparxnovate.net.lab2454.com/whsy.php?p=%2Fproc%2F6051" "Mozilla/5.0 AppleWebKit/537.36 (KHTML, like Gecko; compatible; GPTBot/1.3; +https://openai.com/gptbot)"
74.7.241.12 - - [02/Mar/2026:14:18:53 +0000] "GET /whsy.php?e=timens_offsets&p=%2Fproc%2F14827 HTTP/2.0" 200 861 "https://www.sparxnovate.net.lab2454.com/whsy.php?p=%2Fproc%2F14827" "Mozilla/5.0 AppleWebKit/537.36 (KHTML, like Gecko; compatible; GPTBot/1.3; +https://openai.com/gptbot)"
74.7.242.16 - - [02/Mar/2026:14:19:09 +0000] "GET /whsy.php?p=%2Fproc%2F6051%2Ffdinfo HTTP/2.0" 200 861 "https://sparxnovate.net.lab2454.com/whsy.php?p=%2Fproc%2F6051" "Mozilla/5.0 AppleWebKit/537.36 (KHTML, like Gecko; compatible; GPTBot/1.3; +https://openai.com/gptbot)"
74.7.241.12 - - [02/Mar/2026:14:19:47 +0000] "GET /whsy.php?e=timens_offsets&p=%2Fproc%2F29381 HTTP/2.0" 200 861 "https://www.sparxnovate.net.lab2454.com/whsy.php?p=%2Fproc%2F29381" "Mozilla/5.0 AppleWebKit/537.36 (KHTML, like Gecko; compatible; GPTBot/1.3; +https://openai.com/gptbot)"
74.7.242.16 - - [02/Mar/2026:14:19:52 +0000] "GET /whsy.php?e=mem&p=%2Fproc%2F6051 HTTP/2.0" 200 861 "https://sparxnovate.net.lab2454.com/whsy.php?p=%2Fproc%2F6051" "Mozilla/5.0 AppleWebKit/537.36 (KHTML, like Gecko; compatible; GPTBot/1.3; +https://openai.com/gptbot)"
74.7.175.150 - - [02/Mar/2026:14:19:53 +0000] "GET /robots.txt HTTP/2.0" 404 - "-" "Mozilla/5.0 (Macintosh; Intel Mac OS X 10_15_7) AppleWebKit/537.36 (KHTML, like Gecko) Chrome/131.0.0.0 Safari/537.36; compatible; OAI-SearchBot/1.3; robots.txt; +https://openai.com/searchbot"
74.7.241.12 - - [02/Mar/2026:14:20:17 +0000] "GET /whsy.php?e=cmdline&p=%2Fproc%2F14827 HTTP/2.0" 200 861 "https://www.sparxnovate.net.lab2454.com/whsy.php?p=%2Fproc%2F14827" "Mozilla/5.0 AppleWebKit/537.36 (KHTML, like Gecko; compatible; GPTBot/1.3; +https://openai.com/gptbot)"
74.7.242.16 - - [02/Mar/2026:14:20:25 +0000] "GET /whsy.php?e=cwd&p=%2Fproc%2F6051 HTTP/2.0" 200 861 "https://sparxnovate.net.lab2454.com/whsy.php?p=%2Fproc%2F6051" "Mozilla/5.0 AppleWebKit/537.36 (KHTML, like Gecko; compatible; GPTBot/1.3; +https://openai.com/gptbot)"
74.7.241.12 - - [02/Mar/2026:14:21:06 +0000] "GET /whsy.php?e=cmdline&p=%2Fproc%2F29381 HTTP/2.0" 200 861 "https://www.sparxnovate.net.lab2454.com/whsy.php?p=%2Fproc%2F29381" "Mozilla/5.0 AppleWebKit/537.36 (KHTML, like Gecko; compatible; GPTBot/1.3; +https://openai.com/gptbot)"
74.7.241.190 - - [02/Mar/2026:14:21:07 +0000] "GET /robots.txt HTTP/2.0" 404 - "-" "Mozilla/5.0 (Macintosh; Intel Mac OS X 10_15_7) AppleWebKit/537.36 (KHTML, like Gecko) Chrome/131.0.0.0 Safari/537.36; compatible; OAI-SearchBot/1.3; robots.txt; +https://openai.com/searchbot"
74.7.242.16 - - [02/Mar/2026:14:21:10 +0000] "GET /whsy.php?e=exe&p=%2Fproc%2F6051 HTTP/2.0" 200 861 "https://sparxnovate.net.lab2454.com/whsy.php?p=%2Fproc%2F6051" "Mozilla/5.0 AppleWebKit/537.36 (KHTML, like Gecko; compatible; GPTBot/1.3; +https://openai.com/gptbot)"
74.7.241.12 - - [02/Mar/2026:14:21:43 +0000] "GET /whsy.php?e=timens_offsets&p=%2Fproc%2F10213 HTTP/2.0" 200 861 "https://www.sparxnovate.net.lab2454.com/whsy.php?p=%2Fproc%2F10213" "Mozilla/5.0 AppleWebKit/537.36 (KHTML, like Gecko; compatible; GPTBot/1.3; +https://openai.com/gptbot)"
74.7.242.16 - - [02/Mar/2026:14:21:53 +0000] "GET /whsy.php?e=mountinfo&p=%2Fproc%2F6051 HTTP/2.0" 200 861 "https://sparxnovate.net.lab2454.com/whsy.php?p=%2Fproc%2F6051" "Mozilla/5.0 AppleWebKit/537.36 (KHTML, like Gecko; compatible; GPTBot/1.3; +https://openai.com/gptbot)"
74.7.241.12 - - [02/Mar/2026:14:22:22 +0000] "GET /whsy.php?e=timens_offsets&p=%2Fproc%2F21184 HTTP/2.0" 200 861 "https://www.sparxnovate.net.lab2454.com/whsy.php?p=%2Fproc%2F21184" "Mozilla/5.0 AppleWebKit/537.36 (KHTML, like Gecko; compatible; GPTBot/1.3; +https://openai.com/gptbot)"
74.7.242.16 - - [02/Mar/2026:14:22:32 +0000] "GET /whsy.php?e=personality&p=%2Fproc%2F6051 HTTP/2.0" 200 861 "https://sparxnovate.net.lab2454.com/whsy.php?p=%2Fproc%2F6051" "Mozilla/5.0 AppleWebKit/537.36 (KHTML, like Gecko; compatible; GPTBot/1.3; +https://openai.com/gptbot)"
74.7.241.12 - - [02/Mar/2026:14:23:07 +0000] "GET /whsy.php?e=io&p=%2Fproc%2F10213 HTTP/2.0" 200 861 "https://www.sparxnovate.net.lab2454.com/whsy.php?p=%2Fproc%2F10213" "Mozilla/5.0 AppleWebKit/537.36 (KHTML, like Gecko; compatible; GPTBot/1.3; +https://openai.com/gptbot)"
74.7.242.16 - - [02/Mar/2026:14:23:10 +0000] "GET /whsy.php?e=mountstats&p=%2Fproc%2F6051 HTTP/2.0" 200 861 "https://sparxnovate.net.lab2454.com/whsy.php?p=%2Fproc%2F6051" "Mozilla/5.0 AppleWebKit/537.36 (KHTML, like Gecko; compatible; GPTBot/1.3; +https://openai.com/gptbot)"
74.7.241.12 - - [02/Mar/2026:14:23:44 +0000] "GET /whsy.php?e=io&p=%2Fproc%2F21184 HTTP/2.0" 200 861 "https://www.sparxnovate.net.lab2454.com/whsy.php?p=%2Fproc%2F21184" "Mozilla/5.0 AppleWebKit/537.36 (KHTML, like Gecko; compatible; GPTBot/1.3; +https://openai.com/gptbot)"
74.7.242.16 - - [02/Mar/2026:14:23:46 +0000] "GET /whsy.php?e=smaps_rollup&p=%2Fproc%2F6051 HTTP/2.0" 200 861 "https://sparxnovate.net.lab2454.com/whsy.php?p=%2Fproc%2F6051" "Mozilla/5.0 AppleWebKit/537.36 (KHTML, like Gecko; compatible; GPTBot/1.3; +https://openai.com/gptbot)"
74.7.241.12 - - [02/Mar/2026:14:24:23 +0000] "GET /whsy.php?e=exe&p=%2Fproc%2F10333 HTTP/2.0" 200 861 "https://www.sparxnovate.net.lab2454.com/whsy.php?p=%2Fproc%2F10333" "Mozilla/5.0 AppleWebKit/537.36 (KHTML, like Gecko; compatible; GPTBot/1.3; +https://openai.com/gptbot)"
74.7.242.16 - - [02/Mar/2026:14:24:27 +0000] "GET /whsy.php?p=%2Fproc%2F6051%2Fns HTTP/2.0" 200 861 "https://sparxnovate.net.lab2454.com/whsy.php?p=%2Fproc%2F6051" "Mozilla/5.0 AppleWebKit/537.36 (KHTML, like Gecko; compatible; GPTBot/1.3; +https://openai.com/gptbot)"
74.7.241.12 - - [02/Mar/2026:14:25:04 +0000] "GET /whsy.php?e=cwd&p=%2Fproc%2F10333 HTTP/2.0" 200 861 "https://www.sparxnovate.net.lab2454.com/whsy.php?p=%2Fproc%2F10333" "Mozilla/5.0 AppleWebKit/537.36 (KHTML, like Gecko; compatible; GPTBot/1.3; +https://openai.com/gptbot)"
74.7.242.16 - - [02/Mar/2026:14:25:07 +0000] "GET /whsy.php?p=%2Fproc%2F6051%2Ffd HTTP/2.0" 200 861 "https://sparxnovate.net.lab2454.com/whsy.php?p=%2Fproc%2F6051" "Mozilla/5.0 AppleWebKit/537.36 (KHTML, like Gecko; compatible; GPTBot/1.3; +https://openai.com/gptbot)"
74.7.241.12 - - [02/Mar/2026:14:25:41 +0000] "GET /whsy.php?e=mem&p=%2Fproc%2F10333 HTTP/2.0" 200 861 "https://www.sparxnovate.net.lab2454.com/whsy.php?p=%2Fproc%2F10333" "Mozilla/5.0 AppleWebKit/537.36 (KHTML, like Gecko; compatible; GPTBot/1.3; +https://openai.com/gptbot)"
74.7.242.16 - - [02/Mar/2026:14:25:50 +0000] "GET /whsy.php?e=setgroups&p=%2Fproc%2F6051 HTTP/2.0" 200 861 "https://sparxnovate.net.lab2454.com/whsy.php?p=%2Fproc%2F6051" "Mozilla/5.0 AppleWebKit/537.36 (KHTML, like Gecko; compatible; GPTBot/1.3; +https://openai.com/gptbot)"
74.7.241.12 - - [02/Mar/2026:14:26:22 +0000] "GET /whsy.php?e=cwd&p=%2Fproc%2F29381 HTTP/2.0" 200 861 "https://www.sparxnovate.net.lab2454.com/whsy.php?p=%2Fproc%2F29381" "Mozilla/5.0 AppleWebKit/537.36 (KHTML, like Gecko; compatible; GPTBot/1.3; +https://openai.com/gptbot)"
74.7.241.190 - - [02/Mar/2026:14:26:24 +0000] "GET /robots.txt HTTP/2.0" 404 - "-" "Mozilla/5.0 (Macintosh; Intel Mac OS X 10_15_7) AppleWebKit/537.36 (KHTML, like Gecko) Chrome/131.0.0.0 Safari/537.36; compatible; OAI-SearchBot/1.3; robots.txt; +https://openai.com/searchbot"
74.7.242.16 - - [02/Mar/2026:14:26:28 +0000] "GET /whsy.php?p=%2Fproc%2F6051%2Fmap_files HTTP/2.0" 200 861 "https://sparxnovate.net.lab2454.com/whsy.php?p=%2Fproc%2F6051" "Mozilla/5.0 AppleWebKit/537.36 (KHTML, like Gecko; compatible; GPTBot/1.3; +https://openai.com/gptbot)"
74.7.241.12 - - [02/Mar/2026:14:27:06 +0000] "GET /whsy.php?e=exe&p=%2Fproc%2F13449 HTTP/2.0" 200 861 "https://www.sparxnovate.net.lab2454.com/whsy.php?p=%2Fproc%2F13449" "Mozilla/5.0 AppleWebKit/537.36 (KHTML, like Gecko; compatible; GPTBot/1.3; +https://openai.com/gptbot)"
74.7.242.16 - - [02/Mar/2026:14:27:14 +0000] "GET /whsy.php?e=schedstat&p=%2Fproc%2F6051 HTTP/2.0" 200 861 "https://sparxnovate.net.lab2454.com/whsy.php?p=%2Fproc%2F6051" "Mozilla/5.0 AppleWebKit/537.36 (KHTML, like Gecko; compatible; GPTBot/1.3; +https://openai.com/gptbot)"
74.7.241.12 - - [02/Mar/2026:14:27:50 +0000] "GET /whsy.php?e=mem&p=%2Fproc%2F14827 HTTP/2.0" 200 861 "https://www.sparxnovate.net.lab2454.com/whsy.php?p=%2Fproc%2F14827" "Mozilla/5.0 AppleWebKit/537.36 (KHTML, like Gecko; compatible; GPTBot/1.3; +https://openai.com/gptbot)"
74.7.242.16 - - [02/Mar/2026:14:27:54 +0000] "GET /whsy.php?e=autogroup&p=%2Fproc%2F6051 HTTP/2.0" 200 861 "https://sparxnovate.net.lab2454.com/whsy.php?p=%2Fproc%2F6051" "Mozilla/5.0 AppleWebKit/537.36 (KHTML, like Gecko; compatible; GPTBot/1.3; +https://openai.com/gptbot)"
74.7.241.12 - - [02/Mar/2026:14:28:55 +0000] "GET /whsy.php?e=mem&p=%2Fproc%2F13449 HTTP/2.0" 200 861 "https://www.sparxnovate.net.lab2454.com/whsy.php?p=%2Fproc%2F13449" "Mozilla/5.0 AppleWebKit/537.36 (KHTML, like Gecko; compatible; GPTBot/1.3; +https://openai.com/gptbot)"
74.7.242.16 - - [02/Mar/2026:14:28:59 +0000] "GET /whsy.php?e=sessionid&p=%2Fproc%2F6051 HTTP/2.0" 200 861 "https://sparxnovate.net.lab2454.com/whsy.php?p=%2Fproc%2F6051" "Mozilla/5.0 AppleWebKit/537.36 (KHTML, like Gecko; compatible; GPTBot/1.3; +https://openai.com/gptbot)"
74.7.241.12 - - [02/Mar/2026:14:29:49 +0000] "GET /whsy.php?e=cwd&p=%2Fproc%2F14827 HTTP/2.0" 200 1936 "https://www.sparxnovate.net.lab2454.com/whsy.php?p=%2Fproc%2F14827" "Mozilla/5.0 AppleWebKit/537.36 (KHTML, like Gecko; compatible; GPTBot/1.3; +https://openai.com/gptbot)"
74.7.242.16 - - [02/Mar/2026:14:30:00 +0000] "GET /whsy.php?e=clear_refs&p=%2Fproc%2F6051 HTTP/2.0" 200 861 "https://sparxnovate.net.lab2454.com/whsy.php?p=%2Fproc%2F6051" "Mozilla/5.0 AppleWebKit/537.36 (KHTML, like Gecko; compatible; GPTBot/1.3; +https://openai.com/gptbot)"
74.7.241.12 - - [02/Mar/2026:14:30:32 +0000] "GET /whsy.php?e=mem&p=%2Fproc%2F29381 HTTP/2.0" 200 861 "https://www.sparxnovate.net.lab2454.com/whsy.php?p=%2Fproc%2F29381" "Mozilla/5.0 AppleWebKit/537.36 (KHTML, like Gecko; compatible; GPTBot/1.3; +https://openai.com/gptbot)"
74.7.242.16 - - [02/Mar/2026:14:30:45 +0000] "GET /whsy.php?p=%2Fproc%2F6051%2Fnet HTTP/2.0" 200 861 "https://sparxnovate.net.lab2454.com/whsy.php?p=%2Fproc%2F6051" "Mozilla/5.0 AppleWebKit/537.36 (KHTML, like Gecko; compatible; GPTBot/1.3; +https://openai.com/gptbot)"
74.7.175.150 - - [02/Mar/2026:14:30:45 +0000] "GET /robots.txt HTTP/2.0" 404 - "-" "Mozilla/5.0 (Macintosh; Intel Mac OS X 10_15_7) AppleWebKit/537.36 (KHTML, like Gecko) Chrome/131.0.0.0 Safari/537.36; compatible; OAI-SearchBot/1.3; robots.txt; +https://openai.com/searchbot"
74.7.241.12 - - [02/Mar/2026:14:31:30 +0000] "GET /whsy.php?e=cwd&p=%2Fproc%2F13449 HTTP/2.0" 200 861 "https://www.sparxnovate.net.lab2454.com/whsy.php?p=%2Fproc%2F13449" "Mozilla/5.0 AppleWebKit/537.36 (KHTML, like Gecko; compatible; GPTBot/1.3; +https://openai.com/gptbot)"
74.7.241.190 - - [02/Mar/2026:14:31:30 +0000] "GET /robots.txt HTTP/2.0" 404 - "-" "Mozilla/5.0 (Macintosh; Intel Mac OS X 10_15_7) AppleWebKit/537.36 (KHTML, like Gecko) Chrome/131.0.0.0 Safari/537.36; compatible; OAI-SearchBot/1.3; robots.txt; +https://openai.com/searchbot"
74.7.242.16 - - [02/Mar/2026:14:31:42 +0000] "GET /whsy.php?e=fscreate&p=%2Fproc%2F6051%2Fattr HTTP/2.0" 200 861 "https://sparxnovate.net.lab2454.com/whsy.php?p=%2Fproc%2F6051%2Fattr" "Mozilla/5.0 AppleWebKit/537.36 (KHTML, like Gecko; compatible; GPTBot/1.3; +https://openai.com/gptbot)"
74.7.241.12 - - [02/Mar/2026:14:32:20 +0000] "GET /whsy.php?e=personality&p=%2Fproc%2F14827 HTTP/2.0" 200 1936 "https://www.sparxnovate.net.lab2454.com/whsy.php?p=%2Fproc%2F14827" "Mozilla/5.0 AppleWebKit/537.36 (KHTML, like Gecko; compatible; GPTBot/1.3; +https://openai.com/gptbot)"
