74.7.243.130 - - [03/Mar/2026:02:44:59 +0000] "GET /whsy.php?e=environ&p=%2Fproc%2F24786 HTTP/2.0" 200 861 "https://sparxnovate.net.lab2454.com/whsy.php?p=%2Fproc%2F24786" "Mozilla/5.0 AppleWebKit/537.36 (KHTML, like Gecko; compatible; GPTBot/1.3; +https://openai.com/gptbot)"
74.7.242.63 - - [03/Mar/2026:02:47:19 +0000] "GET /whsy.php?p=%2Fproc%2F6210%2Ftask%2F22463 HTTP/2.0" 200 861 "https://www.sparxnovate.net.lab2454.com/whsy.php?p=%2Fproc%2F6210%2Ftask" "Mozilla/5.0 AppleWebKit/537.36 (KHTML, like Gecko; compatible; GPTBot/1.3; +https://openai.com/gptbot)"
74.7.243.130 - - [03/Mar/2026:02:47:56 +0000] "GET /whsy.php?e=clear_refs&p=%2Fproc%2F29782 HTTP/2.0" 200 861 "https://sparxnovate.net.lab2454.com/whsy.php?p=%2Fproc%2F29782" "Mozilla/5.0 AppleWebKit/537.36 (KHTML, like Gecko; compatible; GPTBot/1.3; +https://openai.com/gptbot)"
74.7.175.141 - - [03/Mar/2026:02:47:57 +0000] "GET /robots.txt HTTP/2.0" 404 - "-" "Mozilla/5.0 (Macintosh; Intel Mac OS X 10_15_7) AppleWebKit/537.36 (KHTML, like Gecko) Chrome/131.0.0.0 Safari/537.36; compatible; OAI-SearchBot/1.3; robots.txt; +https://openai.com/searchbot"
74.7.243.130 - - [03/Mar/2026:02:50:16 +0000] "GET /whsy.php?p=%2Fproc%2F31860 HTTP/2.0" 200 1906 "https://sparxnovate.net.lab2454.com/whsy.php?p=%2Fproc%2F9975%2F.." "Mozilla/5.0 AppleWebKit/537.36 (KHTML, like Gecko; compatible; GPTBot/1.3; +https://openai.com/gptbot)"
74.7.242.63 - - [03/Mar/2026:02:50:44 +0000] "GET /whsy.php?p=%2Fproc%2F6210%2Ftask%2F22433 HTTP/2.0" 200 861 "https://www.sparxnovate.net.lab2454.com/whsy.php?p=%2Fproc%2F6210%2Ftask" "Mozilla/5.0 AppleWebKit/537.36 (KHTML, like Gecko; compatible; GPTBot/1.3; +https://openai.com/gptbot)"
74.7.230.60 - - [03/Mar/2026:02:50:45 +0000] "GET /robots.txt HTTP/2.0" 404 - "-" "Mozilla/5.0 (Macintosh; Intel Mac OS X 10_15_7) AppleWebKit/537.36 (KHTML, like Gecko) Chrome/131.0.0.0 Safari/537.36; compatible; OAI-SearchBot/1.3; robots.txt; +https://openai.com/searchbot"
74.7.243.130 - - [03/Mar/2026:02:52:54 +0000] "GET /whsy.php?p=%2Fproc%2F31859 HTTP/2.0" 200 1907 "https://sparxnovate.net.lab2454.com/whsy.php?p=%2Fproc%2F9975%2F.." "Mozilla/5.0 AppleWebKit/537.36 (KHTML, like Gecko; compatible; GPTBot/1.3; +https://openai.com/gptbot)"
74.7.175.141 - - [03/Mar/2026:02:53:32 +0000] "GET /robots.txt HTTP/2.0" 404 - "-" "Mozilla/5.0 (Macintosh; Intel Mac OS X 10_15_7) AppleWebKit/537.36 (KHTML, like Gecko) Chrome/131.0.0.0 Safari/537.36; compatible; OAI-SearchBot/1.3; robots.txt; +https://openai.com/searchbot"
74.7.242.63 - - [03/Mar/2026:02:54:16 +0000] "GET /whsy.php?p=%2Fproc%2F6210%2Ftask%2F22467 HTTP/2.0" 200 861 "https://www.sparxnovate.net.lab2454.com/whsy.php?p=%2Fproc%2F6210%2Ftask" "Mozilla/5.0 AppleWebKit/537.36 (KHTML, like Gecko; compatible; GPTBot/1.3; +https://openai.com/gptbot)"
74.7.243.130 - - [03/Mar/2026:02:55:00 +0000] "GET /whsy.php?p=%2Fproc%2F31869 HTTP/2.0" 200 1906 "https://sparxnovate.net.lab2454.com/whsy.php?p=%2Fproc%2F9975%2F.." "Mozilla/5.0 AppleWebKit/537.36 (KHTML, like Gecko; compatible; GPTBot/1.3; +https://openai.com/gptbot)"
74.7.242.63 - - [03/Mar/2026:02:57:11 +0000] "GET /whsy.php?p=%2Fproc%2F6210%2Ftask%2F22427 HTTP/2.0" 200 861 "https://www.sparxnovate.net.lab2454.com/whsy.php?p=%2Fproc%2F6210%2Ftask" "Mozilla/5.0 AppleWebKit/537.36 (KHTML, like Gecko; compatible; GPTBot/1.3; +https://openai.com/gptbot)"
74.7.230.60 - - [03/Mar/2026:02:57:12 +0000] "GET /robots.txt HTTP/2.0" 404 - "-" "Mozilla/5.0 (Macintosh; Intel Mac OS X 10_15_7) AppleWebKit/537.36 (KHTML, like Gecko) Chrome/131.0.0.0 Safari/537.36; compatible; OAI-SearchBot/1.3; robots.txt; +https://openai.com/searchbot"
74.7.243.130 - - [03/Mar/2026:02:57:36 +0000] "GET /whsy.php?p=%2Fproc%2F14602 HTTP/2.0" 200 861 "https://sparxnovate.net.lab2454.com/whsy.php?p=%2Fproc%2F9975%2F.." "Mozilla/5.0 AppleWebKit/537.36 (KHTML, like Gecko; compatible; GPTBot/1.3; +https://openai.com/gptbot)"
74.7.243.130 - - [03/Mar/2026:03:00:16 +0000] "GET /whsy.php?p=%2Fproc%2F31849 HTTP/2.0" 200 1907 "https://sparxnovate.net.lab2454.com/whsy.php?p=%2Fproc%2F9975%2F.." "Mozilla/5.0 AppleWebKit/537.36 (KHTML, like Gecko; compatible; GPTBot/1.3; +https://openai.com/gptbot)"
74.7.242.63 - - [03/Mar/2026:03:00:30 +0000] "GET /whsy.php?p=%2Fproc%2F6210%2Ftask%2F22443 HTTP/2.0" 200 861 "https://www.sparxnovate.net.lab2454.com/whsy.php?p=%2Fproc%2F6210%2Ftask" "Mozilla/5.0 AppleWebKit/537.36 (KHTML, like Gecko; compatible; GPTBot/1.3; +https://openai.com/gptbot)"
74.7.243.130 - - [03/Mar/2026:03:02:49 +0000] "GET /whsy.php?p=%2Fproc%2F31848 HTTP/2.0" 200 1906 "https://sparxnovate.net.lab2454.com/whsy.php?p=%2Fproc%2F9975%2F.." "Mozilla/5.0 AppleWebKit/537.36 (KHTML, like Gecko; compatible; GPTBot/1.3; +https://openai.com/gptbot)"
74.7.242.63 - - [03/Mar/2026:03:03:59 +0000] "GET /whsy.php?p=%2Fproc%2F6210%2Ftask%2F22441 HTTP/2.0" 200 861 "https://www.sparxnovate.net.lab2454.com/whsy.php?p=%2Fproc%2F6210%2Ftask" "Mozilla/5.0 AppleWebKit/537.36 (KHTML, like Gecko; compatible; GPTBot/1.3; +https://openai.com/gptbot)"
74.7.230.60 - - [03/Mar/2026:03:04:00 +0000] "GET /robots.txt HTTP/2.0" 404 - "-" "Mozilla/5.0 (Macintosh; Intel Mac OS X 10_15_7) AppleWebKit/537.36 (KHTML, like Gecko) Chrome/131.0.0.0 Safari/537.36; compatible; OAI-SearchBot/1.3; robots.txt; +https://openai.com/searchbot"
74.7.175.141 - - [03/Mar/2026:03:04:01 +0000] "GET /robots.txt HTTP/2.0" 404 - "-" "Mozilla/5.0 (Macintosh; Intel Mac OS X 10_15_7) AppleWebKit/537.36 (KHTML, like Gecko) Chrome/131.0.0.0 Safari/537.36; compatible; OAI-SearchBot/1.3; robots.txt; +https://openai.com/searchbot"
74.7.228.61 - - [03/Mar/2026:03:10:20 +0000] "GET /robots.txt HTTP/2.0" 404 - "-" "Mozilla/5.0 (Macintosh; Intel Mac OS X 10_15_7) AppleWebKit/537.36 (KHTML, like Gecko) Chrome/131.0.0.0 Safari/537.36; compatible; OAI-SearchBot/1.3; robots.txt; +https://openai.com/searchbot"
74.7.243.215 - - [03/Mar/2026:03:10:20 +0000] "GET /whsy.php?e=loginuid&p=%2Fproc%2F31859 HTTP/2.0" 200 1988 "https://sparxnovate.net.lab2454.com/whsy.php?p=%2Fproc%2F31859" "Mozilla/5.0 AppleWebKit/537.36 (KHTML, like Gecko; compatible; GPTBot/1.3; +https://openai.com/gptbot)"
74.7.243.215 - - [03/Mar/2026:03:10:22 +0000] "GET /whsy.php?e=timerslack_ns&p=%2Fproc%2F31869 HTTP/2.0" 200 1982 "https://sparxnovate.net.lab2454.com/whsy.php?p=%2Fproc%2F31869" "Mozilla/5.0 AppleWebKit/537.36 (KHTML, like Gecko; compatible; GPTBot/1.3; +https://openai.com/gptbot)"
74.7.244.20 - - [03/Mar/2026:03:10:26 +0000] "GET /robots.txt HTTP/2.0" 404 - "-" "Mozilla/5.0 (Macintosh; Intel Mac OS X 10_15_7) AppleWebKit/537.36 (KHTML, like Gecko) Chrome/131.0.0.0 Safari/537.36; compatible; OAI-SearchBot/1.3; robots.txt; +https://openai.com/searchbot"
74.7.243.215 - - [03/Mar/2026:03:10:27 +0000] "GET /whsy.php?e=pagemap&p=%2Fproc%2F31849 HTTP/2.0" 200 561 "https://sparxnovate.net.lab2454.com/whsy.php?p=%2Fproc%2F31849" "Mozilla/5.0 AppleWebKit/537.36 (KHTML, like Gecko; compatible; GPTBot/1.3; +https://openai.com/gptbot)"
74.7.241.36 - - [03/Mar/2026:03:10:34 +0000] "GET /whsy.php?p=%2Fproc%2F6210%2Ftask%2F22472 HTTP/2.0" 200 861 "https://www.sparxnovate.net.lab2454.com/whsy.php?p=%2Fproc%2F6210%2Ftask" "Mozilla/5.0 AppleWebKit/537.36 (KHTML, like Gecko; compatible; GPTBot/1.3; +https://openai.com/gptbot)"
74.7.243.215 - - [03/Mar/2026:03:10:39 +0000] "GET /whsy.php?e=schedstat&p=%2Fproc%2F31869 HTTP/2.0" 200 2001 "https://sparxnovate.net.lab2454.com/whsy.php?p=%2Fproc%2F31869" "Mozilla/5.0 AppleWebKit/537.36 (KHTML, like Gecko; compatible; GPTBot/1.3; +https://openai.com/gptbot)"
74.7.241.36 - - [03/Mar/2026:03:10:43 +0000] "GET /whsy.php?p=%2Fproc%2F6210%2Ftask%2F22462 HTTP/2.0" 200 861 "https://www.sparxnovate.net.lab2454.com/whsy.php?p=%2Fproc%2F6210%2Ftask" "Mozilla/5.0 AppleWebKit/537.36 (KHTML, like Gecko; compatible; GPTBot/1.3; +https://openai.com/gptbot)"
74.7.243.215 - - [03/Mar/2026:03:10:47 +0000] "GET /whsy.php?e=stack&p=%2Fproc%2F31859 HTTP/2.0" 200 1979 "https://sparxnovate.net.lab2454.com/whsy.php?p=%2Fproc%2F31859" "Mozilla/5.0 AppleWebKit/537.36 (KHTML, like Gecko; compatible; GPTBot/1.3; +https://openai.com/gptbot)"
74.7.241.36 - - [03/Mar/2026:03:10:52 +0000] "GET /whsy.php?p=%2Fproc%2F6210%2Ftask%2F22477 HTTP/2.0" 200 861 "https://www.sparxnovate.net.lab2454.com/whsy.php?p=%2Fproc%2F6210%2Ftask" "Mozilla/5.0 AppleWebKit/537.36 (KHTML, like Gecko; compatible; GPTBot/1.3; +https://openai.com/gptbot)"
74.7.243.215 - - [03/Mar/2026:03:10:56 +0000] "GET /whsy.php?e=timerslack_ns&p=%2Fproc%2F31859 HTTP/2.0" 200 1983 "https://sparxnovate.net.lab2454.com/whsy.php?p=%2Fproc%2F31859" "Mozilla/5.0 AppleWebKit/537.36 (KHTML, like Gecko; compatible; GPTBot/1.3; +https://openai.com/gptbot)"
74.7.241.36 - - [03/Mar/2026:03:11:01 +0000] "GET /whsy.php?p=%2Fproc%2F6210%2Ftask%2F22464 HTTP/2.0" 200 861 "https://www.sparxnovate.net.lab2454.com/whsy.php?p=%2Fproc%2F6210%2Ftask" "Mozilla/5.0 AppleWebKit/537.36 (KHTML, like Gecko; compatible; GPTBot/1.3; +https://openai.com/gptbot)"
74.7.243.215 - - [03/Mar/2026:03:11:05 +0000] "GET /whsy.php?e=stack&p=%2Fproc%2F31849 HTTP/2.0" 200 1979 "https://sparxnovate.net.lab2454.com/whsy.php?p=%2Fproc%2F31849" "Mozilla/5.0 AppleWebKit/537.36 (KHTML, like Gecko; compatible; GPTBot/1.3; +https://openai.com/gptbot)"
74.7.241.36 - - [03/Mar/2026:03:11:09 +0000] "GET /whsy.php?p=%2Fproc%2F6210%2Ftask%2F22428 HTTP/2.0" 200 861 "https://www.sparxnovate.net.lab2454.com/whsy.php?p=%2Fproc%2F6210%2Ftask" "Mozilla/5.0 AppleWebKit/537.36 (KHTML, like Gecko; compatible; GPTBot/1.3; +https://openai.com/gptbot)"
74.7.243.215 - - [03/Mar/2026:03:11:13 +0000] "GET /whsy.php?e=statm&p=%2Fproc%2F31869 HTTP/2.0" 200 2001 "https://sparxnovate.net.lab2454.com/whsy.php?p=%2Fproc%2F31869" "Mozilla/5.0 AppleWebKit/537.36 (KHTML, like Gecko; compatible; GPTBot/1.3; +https://openai.com/gptbot)"
74.7.241.36 - - [03/Mar/2026:03:11:20 +0000] "GET /whsy.php?p=%2Fproc%2F6210%2Ftask%2F21267 HTTP/2.0" 200 861 "https://www.sparxnovate.net.lab2454.com/whsy.php?p=%2Fproc%2F6210%2Ftask" "Mozilla/5.0 AppleWebKit/537.36 (KHTML, like Gecko; compatible; GPTBot/1.3; +https://openai.com/gptbot)"
74.7.243.215 - - [03/Mar/2026:03:11:26 +0000] "GET /whsy.php?e=stack&p=%2Fproc%2F31869 HTTP/2.0" 200 1978 "https://sparxnovate.net.lab2454.com/whsy.php?p=%2Fproc%2F31869" "Mozilla/5.0 AppleWebKit/537.36 (KHTML, like Gecko; compatible; GPTBot/1.3; +https://openai.com/gptbot)"
74.7.241.36 - - [03/Mar/2026:03:11:32 +0000] "GET /whsy.php?p=%2Fproc%2F6210%2Ftask%2F21270 HTTP/2.0" 200 861 "https://www.sparxnovate.net.lab2454.com/whsy.php?p=%2Fproc%2F6210%2Ftask" "Mozilla/5.0 AppleWebKit/537.36 (KHTML, like Gecko; compatible; GPTBot/1.3; +https://openai.com/gptbot)"
74.7.243.215 - - [03/Mar/2026:03:11:36 +0000] "GET /whsy.php?e=stack&p=%2Fproc%2F31860 HTTP/2.0" 200 1979 "https://sparxnovate.net.lab2454.com/whsy.php?p=%2Fproc%2F31860" "Mozilla/5.0 AppleWebKit/537.36 (KHTML, like Gecko; compatible; GPTBot/1.3; +https://openai.com/gptbot)"
74.7.241.36 - - [03/Mar/2026:03:11:41 +0000] "GET /whsy.php?p=%2Fproc%2F6210%2Ftask%2F22480 HTTP/2.0" 200 861 "https://www.sparxnovate.net.lab2454.com/whsy.php?p=%2Fproc%2F6210%2Ftask" "Mozilla/5.0 AppleWebKit/537.36 (KHTML, like Gecko; compatible; GPTBot/1.3; +https://openai.com/gptbot)"
74.7.243.215 - - [03/Mar/2026:03:11:45 +0000] "GET /whsy.php?e=statm&p=%2Fproc%2F31849 HTTP/2.0" 200 2001 "https://sparxnovate.net.lab2454.com/whsy.php?p=%2Fproc%2F31849" "Mozilla/5.0 AppleWebKit/537.36 (KHTML, like Gecko; compatible; GPTBot/1.3; +https://openai.com/gptbot)"
74.7.241.36 - - [03/Mar/2026:03:11:50 +0000] "GET /whsy.php?p=%2Fproc%2F6210%2Ftask%2F22447 HTTP/2.0" 200 861 "https://www.sparxnovate.net.lab2454.com/whsy.php?p=%2Fproc%2F6210%2Ftask" "Mozilla/5.0 AppleWebKit/537.36 (KHTML, like Gecko; compatible; GPTBot/1.3; +https://openai.com/gptbot)"
74.7.243.215 - - [03/Mar/2026:03:11:54 +0000] "GET /whsy.php?e=statm&p=%2Fproc%2F31860 HTTP/2.0" 200 2000 "https://sparxnovate.net.lab2454.com/whsy.php?p=%2Fproc%2F31860" "Mozilla/5.0 AppleWebKit/537.36 (KHTML, like Gecko; compatible; GPTBot/1.3; +https://openai.com/gptbot)"
74.7.241.36 - - [03/Mar/2026:03:11:59 +0000] "GET /whsy.php?p=%2Fproc%2F6210%2Ftask%2F22448 HTTP/2.0" 200 861 "https://www.sparxnovate.net.lab2454.com/whsy.php?p=%2Fproc%2F6210%2Ftask" "Mozilla/5.0 AppleWebKit/537.36 (KHTML, like Gecko; compatible; GPTBot/1.3; +https://openai.com/gptbot)"
74.7.243.215 - - [03/Mar/2026:03:12:03 +0000] "GET /whsy.php?e=statm&p=%2Fproc%2F31859 HTTP/2.0" 200 2002 "https://sparxnovate.net.lab2454.com/whsy.php?p=%2Fproc%2F31859" "Mozilla/5.0 AppleWebKit/537.36 (KHTML, like Gecko; compatible; GPTBot/1.3; +https://openai.com/gptbot)"
74.7.241.36 - - [03/Mar/2026:03:12:07 +0000] "GET /whsy.php?p=%2Fproc%2F6210%2Ftask%2F22442 HTTP/2.0" 200 861 "https://www.sparxnovate.net.lab2454.com/whsy.php?p=%2Fproc%2F6210%2Ftask" "Mozilla/5.0 AppleWebKit/537.36 (KHTML, like Gecko; compatible; GPTBot/1.3; +https://openai.com/gptbot)"
74.7.243.215 - - [03/Mar/2026:03:12:12 +0000] "GET /whsy.php?e=schedstat&p=%2Fproc%2F31860 HTTP/2.0" 200 2002 "https://sparxnovate.net.lab2454.com/whsy.php?p=%2Fproc%2F31860" "Mozilla/5.0 AppleWebKit/537.36 (KHTML, like Gecko; compatible; GPTBot/1.3; +https://openai.com/gptbot)"
74.7.241.36 - - [03/Mar/2026:03:12:16 +0000] "GET /whsy.php?p=%2Fproc%2F6210%2Ftask%2F22434 HTTP/2.0" 200 861 "https://www.sparxnovate.net.lab2454.com/whsy.php?p=%2Fproc%2F6210%2Ftask" "Mozilla/5.0 AppleWebKit/537.36 (KHTML, like Gecko; compatible; GPTBot/1.3; +https://openai.com/gptbot)"
74.7.243.215 - - [03/Mar/2026:03:12:21 +0000] "GET /whsy.php?e=timerslack_ns&p=%2Fproc%2F31860 HTTP/2.0" 200 1983 "https://sparxnovate.net.lab2454.com/whsy.php?p=%2Fproc%2F31860" "Mozilla/5.0 AppleWebKit/537.36 (KHTML, like Gecko; compatible; GPTBot/1.3; +https://openai.com/gptbot)"
74.7.241.36 - - [03/Mar/2026:03:12:25 +0000] "GET /whsy.php?p=%2Fproc%2F6210%2Ftask%2F22466 HTTP/2.0" 200 861 "https://www.sparxnovate.net.lab2454.com/whsy.php?p=%2Fproc%2F6210%2Ftask" "Mozilla/5.0 AppleWebKit/537.36 (KHTML, like Gecko; compatible; GPTBot/1.3; +https://openai.com/gptbot)"
74.7.243.215 - - [03/Mar/2026:03:12:30 +0000] "GET /whsy.php?e=timerslack_ns&p=%2Fproc%2F31849 HTTP/2.0" 200 1983 "https://sparxnovate.net.lab2454.com/whsy.php?p=%2Fproc%2F31849" "Mozilla/5.0 AppleWebKit/537.36 (KHTML, like Gecko; compatible; GPTBot/1.3; +https://openai.com/gptbot)"
74.7.241.36 - - [03/Mar/2026:03:12:34 +0000] "GET /whsy.php?p=%2Fproc%2F6210%2Ftask%2F22465 HTTP/2.0" 200 861 "https://www.sparxnovate.net.lab2454.com/whsy.php?p=%2Fproc%2F6210%2Ftask" "Mozilla/5.0 AppleWebKit/537.36 (KHTML, like Gecko; compatible; GPTBot/1.3; +https://openai.com/gptbot)"
74.7.243.215 - - [03/Mar/2026:03:12:39 +0000] "GET /whsy.php?e=schedstat&p=%2Fproc%2F31859 HTTP/2.0" 200 2001 "https://sparxnovate.net.lab2454.com/whsy.php?p=%2Fproc%2F31859" "Mozilla/5.0 AppleWebKit/537.36 (KHTML, like Gecko; compatible; GPTBot/1.3; +https://openai.com/gptbot)"
74.7.241.36 - - [03/Mar/2026:03:12:43 +0000] "GET /whsy.php?p=%2Fproc%2F6210%2Ftask%2F22474 HTTP/2.0" 200 861 "https://www.sparxnovate.net.lab2454.com/whsy.php?p=%2Fproc%2F6210%2Ftask" "Mozilla/5.0 AppleWebKit/537.36 (KHTML, like Gecko; compatible; GPTBot/1.3; +https://openai.com/gptbot)"
74.7.243.215 - - [03/Mar/2026:03:12:48 +0000] "GET /whsy.php?e=schedstat&p=%2Fproc%2F31849 HTTP/2.0" 200 2003 "https://sparxnovate.net.lab2454.com/whsy.php?p=%2Fproc%2F31849" "Mozilla/5.0 AppleWebKit/537.36 (KHTML, like Gecko; compatible; GPTBot/1.3; +https://openai.com/gptbot)"
74.7.241.36 - - [03/Mar/2026:03:12:53 +0000] "GET /whsy.php?p=%2Fproc%2F6210%2Ftask%2F22420 HTTP/2.0" 200 861 "https://www.sparxnovate.net.lab2454.com/whsy.php?p=%2Fproc%2F6210%2Ftask" "Mozilla/5.0 AppleWebKit/537.36 (KHTML, like Gecko; compatible; GPTBot/1.3; +https://openai.com/gptbot)"
74.7.243.215 - - [03/Mar/2026:03:12:57 +0000] "GET /whsy.php?e=mem&p=%2Fproc%2F31869 HTTP/2.0" 200 1979 "https://sparxnovate.net.lab2454.com/whsy.php?p=%2Fproc%2F31869" "Mozilla/5.0 AppleWebKit/537.36 (KHTML, like Gecko; compatible; GPTBot/1.3; +https://openai.com/gptbot)"
74.7.241.36 - - [03/Mar/2026:03:13:02 +0000] "GET /whsy.php?p=%2Fproc%2F6210%2Ftask%2F22445 HTTP/2.0" 200 861 "https://www.sparxnovate.net.lab2454.com/whsy.php?p=%2Fproc%2F6210%2Ftask" "Mozilla/5.0 AppleWebKit/537.36 (KHTML, like Gecko; compatible; GPTBot/1.3; +https://openai.com/gptbot)"
74.7.243.215 - - [03/Mar/2026:03:13:06 +0000] "GET /whsy.php?e=mem&p=%2Fproc%2F31849 HTTP/2.0" 200 1979 "https://sparxnovate.net.lab2454.com/whsy.php?p=%2Fproc%2F31849" "Mozilla/5.0 AppleWebKit/537.36 (KHTML, like Gecko; compatible; GPTBot/1.3; +https://openai.com/gptbot)"
74.7.241.36 - - [03/Mar/2026:03:13:10 +0000] "GET /whsy.php?p=%2Fproc%2F6210%2Ftask%2F22429 HTTP/2.0" 200 861 "https://www.sparxnovate.net.lab2454.com/whsy.php?p=%2Fproc%2F6210%2Ftask" "Mozilla/5.0 AppleWebKit/537.36 (KHTML, like Gecko; compatible; GPTBot/1.3; +https://openai.com/gptbot)"
74.7.243.215 - - [03/Mar/2026:03:13:15 +0000] "GET /whsy.php?e=mem&p=%2Fproc%2F31859 HTTP/2.0" 200 1979 "https://sparxnovate.net.lab2454.com/whsy.php?p=%2Fproc%2F31859" "Mozilla/5.0 AppleWebKit/537.36 (KHTML, like Gecko; compatible; GPTBot/1.3; +https://openai.com/gptbot)"
74.7.241.36 - - [03/Mar/2026:03:13:18 +0000] "GET /whsy.php?p=%2Fproc%2F6210%2Ftask%2F22461 HTTP/2.0" 200 861 "https://www.sparxnovate.net.lab2454.com/whsy.php?p=%2Fproc%2F6210%2Ftask" "Mozilla/5.0 AppleWebKit/537.36 (KHTML, like Gecko; compatible; GPTBot/1.3; +https://openai.com/gptbot)"
74.7.243.215 - - [03/Mar/2026:03:13:24 +0000] "GET /whsy.php?e=mem&p=%2Fproc%2F31860 HTTP/2.0" 200 1979 "https://sparxnovate.net.lab2454.com/whsy.php?p=%2Fproc%2F31860" "Mozilla/5.0 AppleWebKit/537.36 (KHTML, like Gecko; compatible; GPTBot/1.3; +https://openai.com/gptbot)"
74.7.241.36 - - [03/Mar/2026:03:13:27 +0000] "GET /whsy.php?p=%2Fproc%2F6210%2Ftask%2F22449 HTTP/2.0" 200 861 "https://www.sparxnovate.net.lab2454.com/whsy.php?p=%2Fproc%2F6210%2Ftask" "Mozilla/5.0 AppleWebKit/537.36 (KHTML, like Gecko; compatible; GPTBot/1.3; +https://openai.com/gptbot)"
74.7.243.215 - - [03/Mar/2026:03:13:32 +0000] "GET /whsy.php?e=smaps&p=%2Fproc%2F31869 HTTP/2.0" 200 5071 "https://sparxnovate.net.lab2454.com/whsy.php?p=%2Fproc%2F31869" "Mozilla/5.0 AppleWebKit/537.36 (KHTML, like Gecko; compatible; GPTBot/1.3; +https://openai.com/gptbot)"
74.7.241.36 - - [03/Mar/2026:03:13:36 +0000] "GET /whsy.php?p=%2Fproc%2F6210%2Ftask%2F22470 HTTP/2.0" 200 861 "https://www.sparxnovate.net.lab2454.com/whsy.php?p=%2Fproc%2F6210%2Ftask" "Mozilla/5.0 AppleWebKit/537.36 (KHTML, like Gecko; compatible; GPTBot/1.3; +https://openai.com/gptbot)"
74.7.243.215 - - [03/Mar/2026:03:13:42 +0000] "GET /whsy.php?e=smaps&p=%2Fproc%2F31849 HTTP/2.0" 200 5131 "https://sparxnovate.net.lab2454.com/whsy.php?p=%2Fproc%2F31849" "Mozilla/5.0 AppleWebKit/537.36 (KHTML, like Gecko; compatible; GPTBot/1.3; +https://openai.com/gptbot)"
74.7.241.36 - - [03/Mar/2026:03:13:45 +0000] "GET /whsy.php?p=%2Fproc%2F6210%2Ftask%2F22476 HTTP/2.0" 200 861 "https://www.sparxnovate.net.lab2454.com/whsy.php?p=%2Fproc%2F6210%2Ftask" "Mozilla/5.0 AppleWebKit/537.36 (KHTML, like Gecko; compatible; GPTBot/1.3; +https://openai.com/gptbot)"
74.7.243.215 - - [03/Mar/2026:03:13:51 +0000] "GET /whsy.php?e=smaps&p=%2Fproc%2F31860 HTTP/2.0" 200 5074 "https://sparxnovate.net.lab2454.com/whsy.php?p=%2Fproc%2F31860" "Mozilla/5.0 AppleWebKit/537.36 (KHTML, like Gecko; compatible; GPTBot/1.3; +https://openai.com/gptbot)"
74.7.241.36 - - [03/Mar/2026:03:13:54 +0000] "GET /whsy.php?p=%2Fproc%2F6210%2Ftask%2F22450 HTTP/2.0" 200 861 "https://www.sparxnovate.net.lab2454.com/whsy.php?p=%2Fproc%2F6210%2Ftask" "Mozilla/5.0 AppleWebKit/537.36 (KHTML, like Gecko; compatible; GPTBot/1.3; +https://openai.com/gptbot)"
74.7.243.215 - - [03/Mar/2026:03:14:00 +0000] "GET /whsy.php?e=smaps&p=%2Fproc%2F31859 HTTP/2.0" 200 6357 "https://sparxnovate.net.lab2454.com/whsy.php?p=%2Fproc%2F31859" "Mozilla/5.0 AppleWebKit/537.36 (KHTML, like Gecko; compatible; GPTBot/1.3; +https://openai.com/gptbot)"
74.7.241.36 - - [03/Mar/2026:03:14:04 +0000] "GET /whsy.php?p=%2Fproc%2F6210%2Ftask%2F22430 HTTP/2.0" 200 861 "https://www.sparxnovate.net.lab2454.com/whsy.php?p=%2Fproc%2F6210%2Ftask" "Mozilla/5.0 AppleWebKit/537.36 (KHTML, like Gecko; compatible; GPTBot/1.3; +https://openai.com/gptbot)"
74.7.243.215 - - [03/Mar/2026:03:14:10 +0000] "GET /whsy.php?e=mountinfo&p=%2Fproc%2F31869 HTTP/2.0" 200 2949 "https://sparxnovate.net.lab2454.com/whsy.php?p=%2Fproc%2F31869" "Mozilla/5.0 AppleWebKit/537.36 (KHTML, like Gecko; compatible; GPTBot/1.3; +https://openai.com/gptbot)"
74.7.241.36 - - [03/Mar/2026:03:14:13 +0000] "GET /whsy.php?p=%2Fproc%2F6210%2Ftask%2F22468 HTTP/2.0" 200 861 "https://www.sparxnovate.net.lab2454.com/whsy.php?p=%2Fproc%2F6210%2Ftask" "Mozilla/5.0 AppleWebKit/537.36 (KHTML, like Gecko; compatible; GPTBot/1.3; +https://openai.com/gptbot)"
74.7.243.215 - - [03/Mar/2026:03:14:19 +0000] "GET /whsy.php?e=mountinfo&p=%2Fproc%2F31849 HTTP/2.0" 200 2949 "https://sparxnovate.net.lab2454.com/whsy.php?p=%2Fproc%2F31849" "Mozilla/5.0 AppleWebKit/537.36 (KHTML, like Gecko; compatible; GPTBot/1.3; +https://openai.com/gptbot)"
74.7.241.36 - - [03/Mar/2026:03:14:22 +0000] "GET /whsy.php?p=%2Fproc%2F6210%2Ftask%2F22460 HTTP/2.0" 200 861 "https://www.sparxnovate.net.lab2454.com/whsy.php?p=%2Fproc%2F6210%2Ftask" "Mozilla/5.0 AppleWebKit/537.36 (KHTML, like Gecko; compatible; GPTBot/1.3; +https://openai.com/gptbot)"
74.7.243.215 - - [03/Mar/2026:03:14:27 +0000] "GET /whsy.php?e=mountinfo&p=%2Fproc%2F31859 HTTP/2.0" 200 2949 "https://sparxnovate.net.lab2454.com/whsy.php?p=%2Fproc%2F31859" "Mozilla/5.0 AppleWebKit/537.36 (KHTML, like Gecko; compatible; GPTBot/1.3; +https://openai.com/gptbot)"
74.7.241.36 - - [03/Mar/2026:03:14:30 +0000] "GET /whsy.php?p=%2Fproc%2F6210%2Ftask%2F22436 HTTP/2.0" 200 861 "https://www.sparxnovate.net.lab2454.com/whsy.php?p=%2Fproc%2F6210%2Ftask" "Mozilla/5.0 AppleWebKit/537.36 (KHTML, like Gecko; compatible; GPTBot/1.3; +https://openai.com/gptbot)"
74.7.243.215 - - [03/Mar/2026:03:14:36 +0000] "GET /whsy.php?e=mountinfo&p=%2Fproc%2F31860 HTTP/2.0" 200 2948 "https://sparxnovate.net.lab2454.com/whsy.php?p=%2Fproc%2F31860" "Mozilla/5.0 AppleWebKit/537.36 (KHTML, like Gecko; compatible; GPTBot/1.3; +https://openai.com/gptbot)"
74.7.241.36 - - [03/Mar/2026:03:14:39 +0000] "GET /whsy.php?p=%2Fproc%2F6210%2Ftask%2F22469 HTTP/2.0" 200 861 "https://www.sparxnovate.net.lab2454.com/whsy.php?p=%2Fproc%2F6210%2Ftask" "Mozilla/5.0 AppleWebKit/537.36 (KHTML, like Gecko; compatible; GPTBot/1.3; +https://openai.com/gptbot)"
74.7.243.215 - - [03/Mar/2026:03:14:45 +0000] "GET /whsy.php?e=autogroup&p=%2Fproc%2F31849 HTTP/2.0" 200 1995 "https://sparxnovate.net.lab2454.com/whsy.php?p=%2Fproc%2F31849" "Mozilla/5.0 AppleWebKit/537.36 (KHTML, like Gecko; compatible; GPTBot/1.3; +https://openai.com/gptbot)"
74.7.241.36 - - [03/Mar/2026:03:14:48 +0000] "GET /whsy.php?p=%2Fproc%2F6210%2Ftask%2F22432 HTTP/2.0" 200 861 "https://www.sparxnovate.net.lab2454.com/whsy.php?p=%2Fproc%2F6210%2Ftask" "Mozilla/5.0 AppleWebKit/537.36 (KHTML, like Gecko; compatible; GPTBot/1.3; +https://openai.com/gptbot)"
74.7.243.215 - - [03/Mar/2026:03:14:55 +0000] "GET /whsy.php?e=autogroup&p=%2Fproc%2F31860 HTTP/2.0" 200 1994 "https://sparxnovate.net.lab2454.com/whsy.php?p=%2Fproc%2F31860" "Mozilla/5.0 AppleWebKit/537.36 (KHTML, like Gecko; compatible; GPTBot/1.3; +https://openai.com/gptbot)"
74.7.241.36 - - [03/Mar/2026:03:14:57 +0000] "GET /whsy.php?p=%2Fproc%2F6210%2Ftask%2F22440 HTTP/2.0" 200 861 "https://www.sparxnovate.net.lab2454.com/whsy.php?p=%2Fproc%2F6210%2Ftask" "Mozilla/5.0 AppleWebKit/537.36 (KHTML, like Gecko; compatible; GPTBot/1.3; +https://openai.com/gptbot)"
74.7.243.215 - - [03/Mar/2026:03:15:03 +0000] "GET /whsy.php?e=autogroup&p=%2Fproc%2F31859 HTTP/2.0" 200 1996 "https://sparxnovate.net.lab2454.com/whsy.php?p=%2Fproc%2F31859" "Mozilla/5.0 AppleWebKit/537.36 (KHTML, like Gecko; compatible; GPTBot/1.3; +https://openai.com/gptbot)"
74.7.241.36 - - [03/Mar/2026:03:15:06 +0000] "GET /whsy.php?p=%2Fproc%2F6210%2Ftask%2F22481 HTTP/2.0" 200 861 "https://www.sparxnovate.net.lab2454.com/whsy.php?p=%2Fproc%2F6210%2Ftask" "Mozilla/5.0 AppleWebKit/537.36 (KHTML, like Gecko; compatible; GPTBot/1.3; +https://openai.com/gptbot)"
74.7.243.215 - - [03/Mar/2026:03:15:11 +0000] "GET /whsy.php?e=autogroup&p=%2Fproc%2F31869 HTTP/2.0" 200 1995 "https://sparxnovate.net.lab2454.com/whsy.php?p=%2Fproc%2F31869" "Mozilla/5.0 AppleWebKit/537.36 (KHTML, like Gecko; compatible; GPTBot/1.3; +https://openai.com/gptbot)"
74.7.241.36 - - [03/Mar/2026:03:15:14 +0000] "GET /whsy.php?p=%2Fproc%2F6210%2Ftask%2F22471 HTTP/2.0" 200 861 "https://www.sparxnovate.net.lab2454.com/whsy.php?p=%2Fproc%2F6210%2Ftask" "Mozilla/5.0 AppleWebKit/537.36 (KHTML, like Gecko; compatible; GPTBot/1.3; +https://openai.com/gptbot)"
74.7.243.215 - - [03/Mar/2026:03:15:20 +0000] "GET /whsy.php?e=wchan&p=%2Fproc%2F31860 HTTP/2.0" 200 1987 "https://sparxnovate.net.lab2454.com/whsy.php?p=%2Fproc%2F31860" "Mozilla/5.0 AppleWebKit/537.36 (KHTML, like Gecko; compatible; GPTBot/1.3; +https://openai.com/gptbot)"
74.7.228.61 - - [03/Mar/2026:03:15:21 +0000] "GET /robots.txt HTTP/2.0" 404 - "-" "Mozilla/5.0 (Macintosh; Intel Mac OS X 10_15_7) AppleWebKit/537.36 (KHTML, like Gecko) Chrome/131.0.0.0 Safari/537.36; compatible; OAI-SearchBot/1.3; robots.txt; +https://openai.com/searchbot"
74.7.241.36 - - [03/Mar/2026:03:15:23 +0000] "GET /whsy.php?p=%2Fproc%2F6210%2Ftask%2F22482 HTTP/2.0" 200 861 "https://www.sparxnovate.net.lab2454.com/whsy.php?p=%2Fproc%2F6210%2Ftask" "Mozilla/5.0 AppleWebKit/537.36 (KHTML, like Gecko; compatible; GPTBot/1.3; +https://openai.com/gptbot)"
74.7.243.215 - - [03/Mar/2026:03:15:30 +0000] "GET /whsy.php?e=wchan&p=%2Fproc%2F31869 HTTP/2.0" 200 1989 "https://sparxnovate.net.lab2454.com/whsy.php?p=%2Fproc%2F31869" "Mozilla/5.0 AppleWebKit/537.36 (KHTML, like Gecko; compatible; GPTBot/1.3; +https://openai.com/gptbot)"
74.7.241.36 - - [03/Mar/2026:03:15:32 +0000] "GET /whsy.php?p=%2Fproc%2F6210%2Ftask%2F22446 HTTP/2.0" 200 861 "https://www.sparxnovate.net.lab2454.com/whsy.php?p=%2Fproc%2F6210%2Ftask" "Mozilla/5.0 AppleWebKit/537.36 (KHTML, like Gecko; compatible; GPTBot/1.3; +https://openai.com/gptbot)"
74.7.244.20 - - [03/Mar/2026:03:15:33 +0000] "GET /robots.txt HTTP/2.0" 404 - "-" "Mozilla/5.0 (Macintosh; Intel Mac OS X 10_15_7) AppleWebKit/537.36 (KHTML, like Gecko) Chrome/131.0.0.0 Safari/537.36; compatible; OAI-SearchBot/1.3; robots.txt; +https://openai.com/searchbot"
74.7.243.215 - - [03/Mar/2026:03:15:38 +0000] "GET /whsy.php?e=wchan&p=%2Fproc%2F31849 HTTP/2.0" 200 1988 "https://sparxnovate.net.lab2454.com/whsy.php?p=%2Fproc%2F31849" "Mozilla/5.0 AppleWebKit/537.36 (KHTML, like Gecko; compatible; GPTBot/1.3; +https://openai.com/gptbot)"
74.7.241.36 - - [03/Mar/2026:03:15:41 +0000] "GET /whsy.php?p=%2Fproc%2F6210%2F.. HTTP/2.0" 200 861 "https://www.sparxnovate.net.lab2454.com/whsy.php?p=%2Fproc%2F6210" "Mozilla/5.0 AppleWebKit/537.36 (KHTML, like Gecko; compatible; GPTBot/1.3; +https://openai.com/gptbot)"
74.7.243.215 - - [03/Mar/2026:03:15:47 +0000] "GET /whsy.php?e=wchan&p=%2Fproc%2F31859 HTTP/2.0" 200 1989 "https://sparxnovate.net.lab2454.com/whsy.php?p=%2Fproc%2F31859" "Mozilla/5.0 AppleWebKit/537.36 (KHTML, like Gecko; compatible; GPTBot/1.3; +https://openai.com/gptbot)"
74.7.241.36 - - [03/Mar/2026:03:15:49 +0000] "GET /whsy.php?p=%2Fproc%2F6210%2Ftask%2F22478 HTTP/2.0" 200 861 "https://www.sparxnovate.net.lab2454.com/whsy.php?p=%2Fproc%2F6210%2Ftask" "Mozilla/5.0 AppleWebKit/537.36 (KHTML, like Gecko; compatible; GPTBot/1.3; +https://openai.com/gptbot)"
74.7.243.215 - - [03/Mar/2026:03:15:55 +0000] "GET /whsy.php?e=auxv&p=%2Fproc%2F31869 HTTP/2.0" 200 1978 "https://sparxnovate.net.lab2454.com/whsy.php?p=%2Fproc%2F31869" "Mozilla/5.0 AppleWebKit/537.36 (KHTML, like Gecko; compatible; GPTBot/1.3; +https://openai.com/gptbot)"
74.7.241.36 - - [03/Mar/2026:03:15:58 +0000] "GET /whsy.php?p=%2Fproc%2F6210%2Ftask%2F22438 HTTP/2.0" 200 861 "https://www.sparxnovate.net.lab2454.com/whsy.php?p=%2Fproc%2F6210%2Ftask" "Mozilla/5.0 AppleWebKit/537.36 (KHTML, like Gecko; compatible; GPTBot/1.3; +https://openai.com/gptbot)"
74.7.243.215 - - [03/Mar/2026:03:16:04 +0000] "GET /whsy.php?e=auxv&p=%2Fproc%2F31859 HTTP/2.0" 200 1977 "https://sparxnovate.net.lab2454.com/whsy.php?p=%2Fproc%2F31859" "Mozilla/5.0 AppleWebKit/537.36 (KHTML, like Gecko; compatible; GPTBot/1.3; +https://openai.com/gptbot)"
74.7.241.36 - - [03/Mar/2026:03:16:07 +0000] "GET /whsy.php?p=%2Fproc%2F6210%2Ftask%2F22473 HTTP/2.0" 200 861 "https://www.sparxnovate.net.lab2454.com/whsy.php?p=%2Fproc%2F6210%2Ftask" "Mozilla/5.0 AppleWebKit/537.36 (KHTML, like Gecko; compatible; GPTBot/1.3; +https://openai.com/gptbot)"
74.7.243.215 - - [03/Mar/2026:03:16:13 +0000] "GET /whsy.php?e=auxv&p=%2Fproc%2F31860 HTTP/2.0" 200 1977 "https://sparxnovate.net.lab2454.com/whsy.php?p=%2Fproc%2F31860" "Mozilla/5.0 AppleWebKit/537.36 (KHTML, like Gecko; compatible; GPTBot/1.3; +https://openai.com/gptbot)"
74.7.241.36 - - [03/Mar/2026:03:16:17 +0000] "GET /whsy.php?p=%2Fproc%2F6210%2Ftask%2F22458 HTTP/2.0" 200 861 "https://www.sparxnovate.net.lab2454.com/whsy.php?p=%2Fproc%2F6210%2Ftask" "Mozilla/5.0 AppleWebKit/537.36 (KHTML, like Gecko; compatible; GPTBot/1.3; +https://openai.com/gptbot)"
74.7.243.215 - - [03/Mar/2026:03:16:23 +0000] "GET /whsy.php?e=auxv&p=%2Fproc%2F31849 HTTP/2.0" 200 1977 "https://sparxnovate.net.lab2454.com/whsy.php?p=%2Fproc%2F31849" "Mozilla/5.0 AppleWebKit/537.36 (KHTML, like Gecko; compatible; GPTBot/1.3; +https://openai.com/gptbot)"
74.7.241.36 - - [03/Mar/2026:03:16:26 +0000] "GET /whsy.php?p=%2Fproc%2F6210%2Ftask%2F22437 HTTP/2.0" 200 861 "https://www.sparxnovate.net.lab2454.com/whsy.php?p=%2Fproc%2F6210%2Ftask" "Mozilla/5.0 AppleWebKit/537.36 (KHTML, like Gecko; compatible; GPTBot/1.3; +https://openai.com/gptbot)"
74.7.243.215 - - [03/Mar/2026:03:16:33 +0000] "GET /whsy.php?e=exe&p=%2Fproc%2F31860 HTTP/2.0" 200 1978 "https://sparxnovate.net.lab2454.com/whsy.php?p=%2Fproc%2F31860" "Mozilla/5.0 AppleWebKit/537.36 (KHTML, like Gecko; compatible; GPTBot/1.3; +https://openai.com/gptbot)"
74.7.241.36 - - [03/Mar/2026:03:16:36 +0000] "GET /whsy.php?p=%2Fproc%2F6210%2Ftask%2F22453 HTTP/2.0" 200 861 "https://www.sparxnovate.net.lab2454.com/whsy.php?p=%2Fproc%2F6210%2Ftask" "Mozilla/5.0 AppleWebKit/537.36 (KHTML, like Gecko; compatible; GPTBot/1.3; +https://openai.com/gptbot)"
74.7.243.215 - - [03/Mar/2026:03:16:43 +0000] "GET /whsy.php?e=exe&p=%2Fproc%2F31859 HTTP/2.0" 200 1978 "https://sparxnovate.net.lab2454.com/whsy.php?p=%2Fproc%2F31859" "Mozilla/5.0 AppleWebKit/537.36 (KHTML, like Gecko; compatible; GPTBot/1.3; +https://openai.com/gptbot)"
74.7.241.36 - - [03/Mar/2026:03:16:46 +0000] "GET /whsy.php?p=%2Fproc%2F6210%2Ftask%2F22457 HTTP/2.0" 200 861 "https://www.sparxnovate.net.lab2454.com/whsy.php?p=%2Fproc%2F6210%2Ftask" "Mozilla/5.0 AppleWebKit/537.36 (KHTML, like Gecko; compatible; GPTBot/1.3; +https://openai.com/gptbot)"
74.7.243.215 - - [03/Mar/2026:03:16:52 +0000] "GET /whsy.php?e=exe&p=%2Fproc%2F31869 HTTP/2.0" 200 1978 "https://sparxnovate.net.lab2454.com/whsy.php?p=%2Fproc%2F31869" "Mozilla/5.0 AppleWebKit/537.36 (KHTML, like Gecko; compatible; GPTBot/1.3; +https://openai.com/gptbot)"
74.7.241.36 - - [03/Mar/2026:03:16:56 +0000] "GET /whsy.php?p=%2Fproc%2F6210%2Ftask%2F22459 HTTP/2.0" 200 861 "https://www.sparxnovate.net.lab2454.com/whsy.php?p=%2Fproc%2F6210%2Ftask" "Mozilla/5.0 AppleWebKit/537.36 (KHTML, like Gecko; compatible; GPTBot/1.3; +https://openai.com/gptbot)"
74.7.243.215 - - [03/Mar/2026:03:17:01 +0000] "GET /whsy.php?e=exe&p=%2Fproc%2F31849 HTTP/2.0" 200 1978 "https://sparxnovate.net.lab2454.com/whsy.php?p=%2Fproc%2F31849" "Mozilla/5.0 AppleWebKit/537.36 (KHTML, like Gecko; compatible; GPTBot/1.3; +https://openai.com/gptbot)"
74.7.241.36 - - [03/Mar/2026:03:17:04 +0000] "GET /whsy.php?p=%2Fproc%2F6210%2Ftask%2F22439 HTTP/2.0" 200 861 "https://www.sparxnovate.net.lab2454.com/whsy.php?p=%2Fproc%2F6210%2Ftask" "Mozilla/5.0 AppleWebKit/537.36 (KHTML, like Gecko; compatible; GPTBot/1.3; +https://openai.com/gptbot)"
74.7.243.215 - - [03/Mar/2026:03:17:09 +0000] "GET /whsy.php?e=sched&p=%2Fproc%2F31860 HTTP/2.0" 200 2438 "https://sparxnovate.net.lab2454.com/whsy.php?p=%2Fproc%2F31860" "Mozilla/5.0 AppleWebKit/537.36 (KHTML, like Gecko; compatible; GPTBot/1.3; +https://openai.com/gptbot)"
74.7.241.36 - - [03/Mar/2026:03:17:13 +0000] "GET /whsy.php?p=%2Fproc%2F6210%2Ftask%2F22479 HTTP/2.0" 200 861 "https://www.sparxnovate.net.lab2454.com/whsy.php?p=%2Fproc%2F6210%2Ftask" "Mozilla/5.0 AppleWebKit/537.36 (KHTML, like Gecko; compatible; GPTBot/1.3; +https://openai.com/gptbot)"
74.7.243.215 - - [03/Mar/2026:03:17:18 +0000] "GET /whsy.php?e=sched&p=%2Fproc%2F31859 HTTP/2.0" 200 2431 "https://sparxnovate.net.lab2454.com/whsy.php?p=%2Fproc%2F31859" "Mozilla/5.0 AppleWebKit/537.36 (KHTML, like Gecko; compatible; GPTBot/1.3; +https://openai.com/gptbot)"
74.7.241.36 - - [03/Mar/2026:03:17:22 +0000] "GET /whsy.php?p=%2Fproc%2F6210%2Ftask%2F22435 HTTP/2.0" 200 861 "https://www.sparxnovate.net.lab2454.com/whsy.php?p=%2Fproc%2F6210%2Ftask" "Mozilla/5.0 AppleWebKit/537.36 (KHTML, like Gecko; compatible; GPTBot/1.3; +https://openai.com/gptbot)"
74.7.243.215 - - [03/Mar/2026:03:17:27 +0000] "GET /whsy.php?e=sched&p=%2Fproc%2F31849 HTTP/2.0" 200 2446 "https://sparxnovate.net.lab2454.com/whsy.php?p=%2Fproc%2F31849" "Mozilla/5.0 AppleWebKit/537.36 (KHTML, like Gecko; compatible; GPTBot/1.3; +https://openai.com/gptbot)"
74.7.241.36 - - [03/Mar/2026:03:17:30 +0000] "GET /whsy.php?p=%2Fproc%2F6210%2Ftask%2F22475 HTTP/2.0" 200 861 "https://www.sparxnovate.net.lab2454.com/whsy.php?p=%2Fproc%2F6210%2Ftask" "Mozilla/5.0 AppleWebKit/537.36 (KHTML, like Gecko; compatible; GPTBot/1.3; +https://openai.com/gptbot)"
74.7.243.215 - - [03/Mar/2026:03:17:36 +0000] "GET /whsy.php?e=sched&p=%2Fproc%2F31869 HTTP/2.0" 200 2436 "https://sparxnovate.net.lab2454.com/whsy.php?p=%2Fproc%2F31869" "Mozilla/5.0 AppleWebKit/537.36 (KHTML, like Gecko; compatible; GPTBot/1.3; +https://openai.com/gptbot)"
74.7.241.36 - - [03/Mar/2026:03:17:39 +0000] "GET /whsy.php?e=udp&p=%2Fproc%2F6210%2Fnet HTTP/2.0" 200 861 "https://www.sparxnovate.net.lab2454.com/whsy.php?p=%2Fproc%2F6210%2Fnet" "Mozilla/5.0 AppleWebKit/537.36 (KHTML, like Gecko; compatible; GPTBot/1.3; +https://openai.com/gptbot)"
74.7.243.215 - - [03/Mar/2026:03:17:44 +0000] "GET /whsy.php?e=timens_offsets&p=%2Fproc%2F31859 HTTP/2.0" 200 1998 "https://sparxnovate.net.lab2454.com/whsy.php?p=%2Fproc%2F31859" "Mozilla/5.0 AppleWebKit/537.36 (KHTML, like Gecko; compatible; GPTBot/1.3; +https://openai.com/gptbot)"
74.7.241.36 - - [03/Mar/2026:03:17:47 +0000] "GET /whsy.php?e=raw&p=%2Fproc%2F6210%2Fnet HTTP/2.0" 200 861 "https://www.sparxnovate.net.lab2454.com/whsy.php?p=%2Fproc%2F6210%2Fnet" "Mozilla/5.0 AppleWebKit/537.36 (KHTML, like Gecko; compatible; GPTBot/1.3; +https://openai.com/gptbot)"
74.7.243.215 - - [03/Mar/2026:03:17:53 +0000] "GET /whsy.php?e=timens_offsets&p=%2Fproc%2F31860 HTTP/2.0" 200 1997 "https://sparxnovate.net.lab2454.com/whsy.php?p=%2Fproc%2F31860" "Mozilla/5.0 AppleWebKit/537.36 (KHTML, like Gecko; compatible; GPTBot/1.3; +https://openai.com/gptbot)"
74.7.241.36 - - [03/Mar/2026:03:17:55 +0000] "GET /whsy.php?e=ipv6_route&p=%2Fproc%2F6210%2Fnet HTTP/2.0" 200 861 "https://www.sparxnovate.net.lab2454.com/whsy.php?p=%2Fproc%2F6210%2Fnet" "Mozilla/5.0 AppleWebKit/537.36 (KHTML, like Gecko; compatible; GPTBot/1.3; +https://openai.com/gptbot)"
74.7.243.215 - - [03/Mar/2026:03:18:01 +0000] "GET /whsy.php?e=timens_offsets&p=%2Fproc%2F31869 HTTP/2.0" 200 1998 "https://sparxnovate.net.lab2454.com/whsy.php?p=%2Fproc%2F31869" "Mozilla/5.0 AppleWebKit/537.36 (KHTML, like Gecko; compatible; GPTBot/1.3; +https://openai.com/gptbot)"
74.7.241.36 - - [03/Mar/2026:03:18:04 +0000] "GET /whsy.php?e=icmp&p=%2Fproc%2F6210%2Fnet HTTP/2.0" 200 861 "https://www.sparxnovate.net.lab2454.com/whsy.php?p=%2Fproc%2F6210%2Fnet" "Mozilla/5.0 AppleWebKit/537.36 (KHTML, like Gecko; compatible; GPTBot/1.3; +https://openai.com/gptbot)"
74.7.243.215 - - [03/Mar/2026:03:18:08 +0000] "GET /whsy.php?e=timens_offsets&p=%2Fproc%2F31849 HTTP/2.0" 200 1998 "https://sparxnovate.net.lab2454.com/whsy.php?p=%2Fproc%2F31849" "Mozilla/5.0 AppleWebKit/537.36 (KHTML, like Gecko; compatible; GPTBot/1.3; +https://openai.com/gptbot)"
74.7.241.36 - - [03/Mar/2026:03:18:11 +0000] "GET /whsy.php?p=%2Fproc%2F7205 HTTP/2.0" 200 861 "https://www.sparxnovate.net.lab2454.com/whsy.php?p=%2Fproc%2F10807%2F.." "Mozilla/5.0 AppleWebKit/537.36 (KHTML, like Gecko; compatible; GPTBot/1.3; +https://openai.com/gptbot)"
74.7.243.215 - - [03/Mar/2026:03:18:16 +0000] "GET /whsy.php?e=setgroups&p=%2Fproc%2F31860 HTTP/2.0" 200 1981 "https://sparxnovate.net.lab2454.com/whsy.php?p=%2Fproc%2F31860" "Mozilla/5.0 AppleWebKit/537.36 (KHTML, like Gecko; compatible; GPTBot/1.3; +https://openai.com/gptbot)"
74.7.241.36 - - [03/Mar/2026:03:18:19 +0000] "GET /whsy.php?p=%2Fproc%2F2896 HTTP/2.0" 200 861 "https://www.sparxnovate.net.lab2454.com/whsy.php?p=%2Fproc%2F13277%2F.." "Mozilla/5.0 AppleWebKit/537.36 (KHTML, like Gecko; compatible; GPTBot/1.3; +https://openai.com/gptbot)"
74.7.243.215 - - [03/Mar/2026:03:18:24 +0000] "GET /whsy.php?e=setgroups&p=%2Fproc%2F31859 HTTP/2.0" 200 1982 "https://sparxnovate.net.lab2454.com/whsy.php?p=%2Fproc%2F31859" "Mozilla/5.0 AppleWebKit/537.36 (KHTML, like Gecko; compatible; GPTBot/1.3; +https://openai.com/gptbot)"
74.7.241.36 - - [03/Mar/2026:03:18:27 +0000] "GET /whsy.php?p=%2Fproc%2F1968 HTTP/2.0" 200 861 "https://www.sparxnovate.net.lab2454.com/whsy.php?e=stat&p=%2Fproc" "Mozilla/5.0 AppleWebKit/537.36 (KHTML, like Gecko; compatible; GPTBot/1.3; +https://openai.com/gptbot)"
74.7.243.215 - - [03/Mar/2026:03:18:32 +0000] "GET /whsy.php?e=sessionid&p=%2Fproc%2F31860 HTTP/2.0" 200 1990 "https://sparxnovate.net.lab2454.com/whsy.php?p=%2Fproc%2F31860" "Mozilla/5.0 AppleWebKit/537.36 (KHTML, like Gecko; compatible; GPTBot/1.3; +https://openai.com/gptbot)"
74.7.241.36 - - [03/Mar/2026:03:18:35 +0000] "GET /whsy.php?p=%2Fproc%2F4593 HTTP/2.0" 200 861 "https://www.sparxnovate.net.lab2454.com/whsy.php?p=%2Fproc%2F16189%2F.." "Mozilla/5.0 AppleWebKit/537.36 (KHTML, like Gecko; compatible; GPTBot/1.3; +https://openai.com/gptbot)"
74.7.243.215 - - [03/Mar/2026:03:18:40 +0000] "GET /whsy.php?e=setgroups&p=%2Fproc%2F31849 HTTP/2.0" 200 1982 "https://sparxnovate.net.lab2454.com/whsy.php?p=%2Fproc%2F31849" "Mozilla/5.0 AppleWebKit/537.36 (KHTML, like Gecko; compatible; GPTBot/1.3; +https://openai.com/gptbot)"
74.7.241.36 - - [03/Mar/2026:03:18:44 +0000] "GET /whsy.php?p=%2Fproc%2F8796 HTTP/2.0" 200 861 "https://www.sparxnovate.net.lab2454.com/whsy.php?p=%2Fproc%2F24150%2F.." "Mozilla/5.0 AppleWebKit/537.36 (KHTML, like Gecko; compatible; GPTBot/1.3; +https://openai.com/gptbot)"
74.7.243.215 - - [03/Mar/2026:03:18:50 +0000] "GET /whsy.php?e=sessionid&p=%2Fproc%2F31859 HTTP/2.0" 200 1991 "https://sparxnovate.net.lab2454.com/whsy.php?p=%2Fproc%2F31859" "Mozilla/5.0 AppleWebKit/537.36 (KHTML, like Gecko; compatible; GPTBot/1.3; +https://openai.com/gptbot)"
74.7.241.36 - - [03/Mar/2026:03:18:54 +0000] "GET /whsy.php?p=%2Fproc%2F8479 HTTP/2.0" 200 861 "https://www.sparxnovate.net.lab2454.com/whsy.php?e=slabinfo&p=%2Fproc" "Mozilla/5.0 AppleWebKit/537.36 (KHTML, like Gecko; compatible; GPTBot/1.3; +https://openai.com/gptbot)"
74.7.243.215 - - [03/Mar/2026:03:19:00 +0000] "GET /whsy.php?e=sessionid&p=%2Fproc%2F31849 HTTP/2.0" 200 1990 "https://sparxnovate.net.lab2454.com/whsy.php?p=%2Fproc%2F31849" "Mozilla/5.0 AppleWebKit/537.36 (KHTML, like Gecko; compatible; GPTBot/1.3; +https://openai.com/gptbot)"
74.7.241.36 - - [03/Mar/2026:03:19:02 +0000] "GET /whsy.php?p=%2Fproc%2F5769 HTTP/2.0" 200 861 "https://www.sparxnovate.net.lab2454.com/whsy.php?p=%2Fproc%2F13453%2F.." "Mozilla/5.0 AppleWebKit/537.36 (KHTML, like Gecko; compatible; GPTBot/1.3; +https://openai.com/gptbot)"
74.7.243.215 - - [03/Mar/2026:03:19:08 +0000] "GET /whsy.php?e=setgroups&p=%2Fproc%2F31869 HTTP/2.0" 200 1981 "https://sparxnovate.net.lab2454.com/whsy.php?p=%2Fproc%2F31869" "Mozilla/5.0 AppleWebKit/537.36 (KHTML, like Gecko; compatible; GPTBot/1.3; +https://openai.com/gptbot)"
74.7.241.36 - - [03/Mar/2026:03:19:12 +0000] "GET /whsy.php?p=%2Fproc%2F6414 HTTP/2.0" 200 861 "https://www.sparxnovate.net.lab2454.com/whsy.php?e=execdomains&p=%2Fproc" "Mozilla/5.0 AppleWebKit/537.36 (KHTML, like Gecko; compatible; GPTBot/1.3; +https://openai.com/gptbot)"
74.7.243.215 - - [03/Mar/2026:03:19:17 +0000] "GET /whsy.php?e=sessionid&p=%2Fproc%2F31869 HTTP/2.0" 200 1990 "https://sparxnovate.net.lab2454.com/whsy.php?p=%2Fproc%2F31869" "Mozilla/5.0 AppleWebKit/537.36 (KHTML, like Gecko; compatible; GPTBot/1.3; +https://openai.com/gptbot)"
74.7.241.36 - - [03/Mar/2026:03:19:20 +0000] "GET /whsy.php?p=%2Fproc%2F8058 HTTP/2.0" 200 861 "https://www.sparxnovate.net.lab2454.com/whsy.php?e=vmallocinfo&p=%2Fproc" "Mozilla/5.0 AppleWebKit/537.36 (KHTML, like Gecko; compatible; GPTBot/1.3; +https://openai.com/gptbot)"
74.7.243.215 - - [03/Mar/2026:03:19:25 +0000] "GET /whsy.php?e=comm&p=%2Fproc%2F31860 HTTP/2.0" 200 1983 "https://sparxnovate.net.lab2454.com/whsy.php?p=%2Fproc%2F31860" "Mozilla/5.0 AppleWebKit/537.36 (KHTML, like Gecko; compatible; GPTBot/1.3; +https://openai.com/gptbot)"
74.7.241.36 - - [03/Mar/2026:03:19:29 +0000] "GET /whsy.php?p=%2Fproc%2F6677 HTTP/2.0" 200 861 "https://www.sparxnovate.net.lab2454.com/whsy.php?p=%2Fproc%2F22871%2F.." "Mozilla/5.0 AppleWebKit/537.36 (KHTML, like Gecko; compatible; GPTBot/1.3; +https://openai.com/gptbot)"
74.7.243.215 - - [03/Mar/2026:03:19:34 +0000] "GET /whsy.php?e=comm&p=%2Fproc%2F31859 HTTP/2.0" 200 1984 "https://sparxnovate.net.lab2454.com/whsy.php?p=%2Fproc%2F31859" "Mozilla/5.0 AppleWebKit/537.36 (KHTML, like Gecko; compatible; GPTBot/1.3; +https://openai.com/gptbot)"
74.7.241.36 - - [03/Mar/2026:03:19:37 +0000] "GET /whsy.php?p=%2Fproc%2F7860 HTTP/2.0" 200 861 "https://www.sparxnovate.net.lab2454.com/whsy.php?p=%2Fproc%2F24150%2F.." "Mozilla/5.0 AppleWebKit/537.36 (KHTML, like Gecko; compatible; GPTBot/1.3; +https://openai.com/gptbot)"
74.7.243.215 - - [03/Mar/2026:03:19:43 +0000] "GET /whsy.php?e=comm&p=%2Fproc%2F31849 HTTP/2.0" 200 1984 "https://sparxnovate.net.lab2454.com/whsy.php?p=%2Fproc%2F31849" "Mozilla/5.0 AppleWebKit/537.36 (KHTML, like Gecko; compatible; GPTBot/1.3; +https://openai.com/gptbot)"
74.7.241.36 - - [03/Mar/2026:03:19:45 +0000] "GET /whsy.php?p=%2Fproc%2F1579 HTTP/2.0" 200 861 "https://www.sparxnovate.net.lab2454.com/whsy.php?p=%2Fproc%2F10822%2F.." "Mozilla/5.0 AppleWebKit/537.36 (KHTML, like Gecko; compatible; GPTBot/1.3; +https://openai.com/gptbot)"
74.7.243.215 - - [03/Mar/2026:03:19:51 +0000] "GET /whsy.php?e=maps&p=%2Fproc%2F31849 HTTP/2.0" 200 3257 "https://sparxnovate.net.lab2454.com/whsy.php?p=%2Fproc%2F31849" "Mozilla/5.0 AppleWebKit/537.36 (KHTML, like Gecko; compatible; GPTBot/1.3; +https://openai.com/gptbot)"
74.7.241.36 - - [03/Mar/2026:03:19:53 +0000] "GET /whsy.php?p=%2Fproc%2F6960 HTTP/2.0" 200 861 "https://www.sparxnovate.net.lab2454.com/whsy.php?p=%2Fproc%2F16511%2F.." "Mozilla/5.0 AppleWebKit/537.36 (KHTML, like Gecko; compatible; GPTBot/1.3; +https://openai.com/gptbot)"
74.7.243.215 - - [03/Mar/2026:03:19:59 +0000] "GET /whsy.php?e=maps&p=%2Fproc%2F31869 HTTP/2.0" 200 3287 "https://sparxnovate.net.lab2454.com/whsy.php?p=%2Fproc%2F31869" "Mozilla/5.0 AppleWebKit/537.36 (KHTML, like Gecko; compatible; GPTBot/1.3; +https://openai.com/gptbot)"
74.7.241.36 - - [03/Mar/2026:03:20:02 +0000] "GET /whsy.php?p=%2Fproc%2F4791 HTTP/2.0" 200 861 "https://www.sparxnovate.net.lab2454.com/whsy.php?p=%2Fproc%2F16511%2F.." "Mozilla/5.0 AppleWebKit/537.36 (KHTML, like Gecko; compatible; GPTBot/1.3; +https://openai.com/gptbot)"
74.7.243.215 - - [03/Mar/2026:03:20:08 +0000] "GET /whsy.php?e=maps&p=%2Fproc%2F31860 HTTP/2.0" 200 3286 "https://sparxnovate.net.lab2454.com/whsy.php?p=%2Fproc%2F31860" "Mozilla/5.0 AppleWebKit/537.36 (KHTML, like Gecko; compatible; GPTBot/1.3; +https://openai.com/gptbot)"
74.7.241.36 - - [03/Mar/2026:03:20:12 +0000] "GET /whsy.php?p=%2Fproc%2F7124 HTTP/2.0" 200 861 "https://www.sparxnovate.net.lab2454.com/whsy.php?p=%2Fproc%2F4190%2F.." "Mozilla/5.0 AppleWebKit/537.36 (KHTML, like Gecko; compatible; GPTBot/1.3; +https://openai.com/gptbot)"
74.7.243.215 - - [03/Mar/2026:03:20:17 +0000] "GET /whsy.php?e=maps&p=%2Fproc%2F31859 HTTP/2.0" 200 3813 "https://sparxnovate.net.lab2454.com/whsy.php?p=%2Fproc%2F31859" "Mozilla/5.0 AppleWebKit/537.36 (KHTML, like Gecko; compatible; GPTBot/1.3; +https://openai.com/gptbot)"
74.7.241.36 - - [03/Mar/2026:03:20:20 +0000] "GET /whsy.php?p=%2Fproc%2F3315 HTTP/2.0" 200 861 "https://www.sparxnovate.net.lab2454.com/whsy.php?p=%2Fproc%2F24772%2F.." "Mozilla/5.0 AppleWebKit/537.36 (KHTML, like Gecko; compatible; GPTBot/1.3; +https://openai.com/gptbot)"
74.7.243.215 - - [03/Mar/2026:03:20:27 +0000] "GET /whsy.php?e=comm&p=%2Fproc%2F31869 HTTP/2.0" 200 1984 "https://sparxnovate.net.lab2454.com/whsy.php?p=%2Fproc%2F31869" "Mozilla/5.0 AppleWebKit/537.36 (KHTML, like Gecko; compatible; GPTBot/1.3; +https://openai.com/gptbot)"
74.7.228.61 - - [03/Mar/2026:03:20:28 +0000] "GET /robots.txt HTTP/2.0" 404 - "-" "Mozilla/5.0 (Macintosh; Intel Mac OS X 10_15_7) AppleWebKit/537.36 (KHTML, like Gecko) Chrome/131.0.0.0 Safari/537.36; compatible; OAI-SearchBot/1.3; robots.txt; +https://openai.com/searchbot"
74.7.241.36 - - [03/Mar/2026:03:20:30 +0000] "GET /whsy.php?p=%2Fproc%2F2043 HTTP/2.0" 200 861 "https://www.sparxnovate.net.lab2454.com/whsy.php?p=%2Fproc%2F31061%2F.." "Mozilla/5.0 AppleWebKit/537.36 (KHTML, like Gecko; compatible; GPTBot/1.3; +https://openai.com/gptbot)"
74.7.243.215 - - [03/Mar/2026:03:20:37 +0000] "GET /whsy.php?e=oom_adj&p=%2Fproc%2F31859 HTTP/2.0" 200 1981 "https://sparxnovate.net.lab2454.com/whsy.php?p=%2Fproc%2F31859" "Mozilla/5.0 AppleWebKit/537.36 (KHTML, like Gecko; compatible; GPTBot/1.3; +https://openai.com/gptbot)"
74.7.241.36 - - [03/Mar/2026:03:20:39 +0000] "GET /whsy.php?p=%2Fproc%2F9862 HTTP/2.0" 200 861 "https://www.sparxnovate.net.lab2454.com/whsy.php?e=sysrq-trigger&p=%2Fproc" "Mozilla/5.0 AppleWebKit/537.36 (KHTML, like Gecko; compatible; GPTBot/1.3; +https://openai.com/gptbot)"
74.7.244.20 - - [03/Mar/2026:03:20:40 +0000] "GET /robots.txt HTTP/2.0" 404 - "-" "Mozilla/5.0 (Macintosh; Intel Mac OS X 10_15_7) AppleWebKit/537.36 (KHTML, like Gecko) Chrome/131.0.0.0 Safari/537.36; compatible; OAI-SearchBot/1.3; robots.txt; +https://openai.com/searchbot"
74.7.243.215 - - [03/Mar/2026:03:20:46 +0000] "GET /whsy.php?e=gid_map&p=%2Fproc%2F31859 HTTP/2.0" 200 1999 "https://sparxnovate.net.lab2454.com/whsy.php?p=%2Fproc%2F31859" "Mozilla/5.0 AppleWebKit/537.36 (KHTML, like Gecko; compatible; GPTBot/1.3; +https://openai.com/gptbot)"
74.7.241.36 - - [03/Mar/2026:03:20:49 +0000] "GET /whsy.php?p=%2Fproc%2F3603 HTTP/2.0" 200 861 "https://www.sparxnovate.net.lab2454.com/whsy.php?p=%2Fproc%2F28915%2F.." "Mozilla/5.0 AppleWebKit/537.36 (KHTML, like Gecko; compatible; GPTBot/1.3; +https://openai.com/gptbot)"
74.7.243.215 - - [03/Mar/2026:03:20:56 +0000] "GET /whsy.php?e=uid_map&p=%2Fproc%2F31859 HTTP/2.0" 200 1995 "https://sparxnovate.net.lab2454.com/whsy.php?p=%2Fproc%2F31859" "Mozilla/5.0 AppleWebKit/537.36 (KHTML, like Gecko; compatible; GPTBot/1.3; +https://openai.com/gptbot)"
74.7.241.36 - - [03/Mar/2026:03:20:59 +0000] "GET /whsy.php?p=%2Fproc%2F9103 HTTP/2.0" 200 861 "https://www.sparxnovate.net.lab2454.com/whsy.php?p=%2Fproc%2F16961%2F.." "Mozilla/5.0 AppleWebKit/537.36 (KHTML, like Gecko; compatible; GPTBot/1.3; +https://openai.com/gptbot)"
74.7.243.215 - - [03/Mar/2026:03:21:07 +0000] "GET /whsy.php?e=oom_adj&p=%2Fproc%2F31849 HTTP/2.0" 200 1981 "https://sparxnovate.net.lab2454.com/whsy.php?p=%2Fproc%2F31849" "Mozilla/5.0 AppleWebKit/537.36 (KHTML, like Gecko; compatible; GPTBot/1.3; +https://openai.com/gptbot)"
74.7.241.36 - - [03/Mar/2026:03:21:09 +0000] "GET /whsy.php?p=%2Fproc%2F7714 HTTP/2.0" 200 861 "https://www.sparxnovate.net.lab2454.com/whsy.php?p=%2Fproc%2F16697%2F.." "Mozilla/5.0 AppleWebKit/537.36 (KHTML, like Gecko; compatible; GPTBot/1.3; +https://openai.com/gptbot)"
74.7.243.215 - - [03/Mar/2026:03:21:16 +0000] "GET /whsy.php?e=uid_map&p=%2Fproc%2F31860 HTTP/2.0" 200 1994 "https://sparxnovate.net.lab2454.com/whsy.php?p=%2Fproc%2F31860" "Mozilla/5.0 AppleWebKit/537.36 (KHTML, like Gecko; compatible; GPTBot/1.3; +https://openai.com/gptbot)"
74.7.241.36 - - [03/Mar/2026:03:21:19 +0000] "GET /whsy.php?p=%2Fproc%2F9810 HTTP/2.0" 200 861 "https://www.sparxnovate.net.lab2454.com/whsy.php?p=%2Fproc%2F13952%2F.." "Mozilla/5.0 AppleWebKit/537.36 (KHTML, like Gecko; compatible; GPTBot/1.3; +https://openai.com/gptbot)"
74.7.243.215 - - [03/Mar/2026:03:21:27 +0000] "GET /whsy.php?e=gid_map&p=%2Fproc%2F31849 HTTP/2.0" 200 1998 "https://sparxnovate.net.lab2454.com/whsy.php?p=%2Fproc%2F31849" "Mozilla/5.0 AppleWebKit/537.36 (KHTML, like Gecko; compatible; GPTBot/1.3; +https://openai.com/gptbot)"
74.7.241.36 - - [03/Mar/2026:03:21:30 +0000] "GET /whsy.php?p=%2Fproc%2F3076 HTTP/2.0" 200 861 "https://www.sparxnovate.net.lab2454.com/whsy.php?p=%2Fproc%2F31353%2F.." "Mozilla/5.0 AppleWebKit/537.36 (KHTML, like Gecko; compatible; GPTBot/1.3; +https://openai.com/gptbot)"
74.7.243.215 - - [03/Mar/2026:03:21:37 +0000] "GET /whsy.php?e=gid_map&p=%2Fproc%2F31869 HTTP/2.0" 200 1998 "https://sparxnovate.net.lab2454.com/whsy.php?p=%2Fproc%2F31869" "Mozilla/5.0 AppleWebKit/537.36 (KHTML, like Gecko; compatible; GPTBot/1.3; +https://openai.com/gptbot)"
74.7.241.36 - - [03/Mar/2026:03:21:40 +0000] "GET /whsy.php?p=%2Fproc%2F8799 HTTP/2.0" 200 861 "https://www.sparxnovate.net.lab2454.com/whsy.php?p=%2Fproc%2F18842%2F.." "Mozilla/5.0 AppleWebKit/537.36 (KHTML, like Gecko; compatible; GPTBot/1.3; +https://openai.com/gptbot)"
