74.7.243.215 - - [03/Mar/2026:04:18:47 +0000] "GET /whsy.php?p=%2Fproc%2F31859%2Froot HTTP/2.0" 200 1003 "https://sparxnovate.net.lab2454.com/whsy.php?p=%2Fproc%2F31859" "Mozilla/5.0 AppleWebKit/537.36 (KHTML, like Gecko; compatible; GPTBot/1.3; +https://openai.com/gptbot)"
74.7.241.36 - - [03/Mar/2026:04:18:54 +0000] "GET /whsy.php?e=exe&p=%2Fproc%2F22217 HTTP/2.0" 200 1935 "https://www.sparxnovate.net.lab2454.com/whsy.php?p=%2Fproc%2F22217" "Mozilla/5.0 AppleWebKit/537.36 (KHTML, like Gecko; compatible; GPTBot/1.3; +https://openai.com/gptbot)"
74.7.243.215 - - [03/Mar/2026:04:18:56 +0000] "GET /whsy.php?p=%2Fproc%2F31859%2Fcwd HTTP/2.0" 200 5164 "https://sparxnovate.net.lab2454.com/whsy.php?p=%2Fproc%2F31859" "Mozilla/5.0 AppleWebKit/537.36 (KHTML, like Gecko; compatible; GPTBot/1.3; +https://openai.com/gptbot)"
74.7.241.36 - - [03/Mar/2026:04:19:02 +0000] "GET /whsy.php?e=mem&p=%2Fproc%2F22217 HTTP/2.0" 200 1935 "https://www.sparxnovate.net.lab2454.com/whsy.php?p=%2Fproc%2F22217" "Mozilla/5.0 AppleWebKit/537.36 (KHTML, like Gecko; compatible; GPTBot/1.3; +https://openai.com/gptbot)"
74.7.243.215 - - [03/Mar/2026:04:19:04 +0000] "GET /whsy.php?e=ctry_usage_202503.png&p=%2Fhome%2Flab2454c%2Ftmp%2Fwebalizer%2Fssl%2Fveritserv.com.lab2454.com HTTP/2.0" 200 5233 "https://sparxnovate.net.lab2454.com/whsy.php?p=%2Fproc%2F31849%2Fcwd" "Mozilla/5.0 AppleWebKit/537.36 (KHTML, like Gecko; compatible; GPTBot/1.3; +https://openai.com/gptbot)"
74.7.241.36 - - [03/Mar/2026:04:19:11 +0000] "GET /whsy.php?e=cwd&p=%2Fproc%2F22217 HTTP/2.0" 200 1935 "https://www.sparxnovate.net.lab2454.com/whsy.php?p=%2Fproc%2F22217" "Mozilla/5.0 AppleWebKit/537.36 (KHTML, like Gecko; compatible; GPTBot/1.3; +https://openai.com/gptbot)"
74.7.243.215 - - [03/Mar/2026:04:19:12 +0000] "GET /whsy.php?p=%2Fproc%2F31862%2Fnet%2Fxt_recent HTTP/2.0" 200 497 "https://sparxnovate.net.lab2454.com/whsy.php?p=%2Fproc%2F31862%2Fnet" "Mozilla/5.0 AppleWebKit/537.36 (KHTML, like Gecko; compatible; GPTBot/1.3; +https://openai.com/gptbot)"
74.7.241.36 - - [03/Mar/2026:04:19:19 +0000] "GET /whsy.php?e=timerslack_ns&p=%2Fproc%2F22217 HTTP/2.0" 200 2006 "https://www.sparxnovate.net.lab2454.com/whsy.php?p=%2Fproc%2F22217" "Mozilla/5.0 AppleWebKit/537.36 (KHTML, like Gecko; compatible; GPTBot/1.3; +https://openai.com/gptbot)"
74.7.243.215 - - [03/Mar/2026:04:19:20 +0000] "GET /whsy.php?e=ctry_usage_202508.png&p=%2Fhome%2Flab2454c%2Ftmp%2Fwebalizer%2Fssl%2Fveritserv.com.lab2454.com HTTP/2.0" 200 5231 "https://sparxnovate.net.lab2454.com/whsy.php?p=%2Fproc%2F31849%2Fcwd" "Mozilla/5.0 AppleWebKit/537.36 (KHTML, like Gecko; compatible; GPTBot/1.3; +https://openai.com/gptbot)"
74.7.241.36 - - [03/Mar/2026:04:19:28 +0000] "GET /whsy.php?e=cmdline&p=%2Fproc%2F16480 HTTP/2.0" 200 2011 "https://www.sparxnovate.net.lab2454.com/whsy.php?p=%2Fproc%2F16480" "Mozilla/5.0 AppleWebKit/537.36 (KHTML, like Gecko; compatible; GPTBot/1.3; +https://openai.com/gptbot)"
74.7.243.215 - - [03/Mar/2026:04:19:30 +0000] "GET /whsy.php?e=hourly_usage_202405.png&p=%2Fhome%2Flab2454c%2Ftmp%2Fwebalizer%2Fssl%2Fveritserv.com.lab2454.com HTTP/2.0" 200 5230 "https://sparxnovate.net.lab2454.com/whsy.php?p=%2Fproc%2F31849%2Fcwd" "Mozilla/5.0 AppleWebKit/537.36 (KHTML, like Gecko; compatible; GPTBot/1.3; +https://openai.com/gptbot)"
74.7.241.36 - - [03/Mar/2026:04:19:37 +0000] "GET /whsy.php?e=cmdline&p=%2Fproc%2F16478 HTTP/2.0" 200 2011 "https://www.sparxnovate.net.lab2454.com/whsy.php?p=%2Fproc%2F16478" "Mozilla/5.0 AppleWebKit/537.36 (KHTML, like Gecko; compatible; GPTBot/1.3; +https://openai.com/gptbot)"
74.7.243.215 - - [03/Mar/2026:04:19:39 +0000] "GET /whsy.php?e=pfkey&p=%2Fproc%2F31862%2Fnet HTTP/2.0" 200 2535 "https://sparxnovate.net.lab2454.com/whsy.php?p=%2Fproc%2F31862%2Fnet" "Mozilla/5.0 AppleWebKit/537.36 (KHTML, like Gecko; compatible; GPTBot/1.3; +https://openai.com/gptbot)"
74.7.241.36 - - [03/Mar/2026:04:19:48 +0000] "GET /whsy.php?e=timers&p=%2Fproc%2F22217 HTTP/2.0" 200 2004 "https://www.sparxnovate.net.lab2454.com/whsy.php?p=%2Fproc%2F22217" "Mozilla/5.0 AppleWebKit/537.36 (KHTML, like Gecko; compatible; GPTBot/1.3; +https://openai.com/gptbot)"
74.7.243.215 - - [03/Mar/2026:04:19:50 +0000] "GET /whsy.php?e=route&p=%2Fproc%2F31862%2Fnet HTTP/2.0" 200 2637 "https://sparxnovate.net.lab2454.com/whsy.php?p=%2Fproc%2F31862%2Fnet" "Mozilla/5.0 AppleWebKit/537.36 (KHTML, like Gecko; compatible; GPTBot/1.3; +https://openai.com/gptbot)"
74.7.241.36 - - [03/Mar/2026:04:19:57 +0000] "GET /whsy.php?e=status&p=%2Fproc%2F22217 HTTP/2.0" 200 2536 "https://www.sparxnovate.net.lab2454.com/whsy.php?p=%2Fproc%2F22217" "Mozilla/5.0 AppleWebKit/537.36 (KHTML, like Gecko; compatible; GPTBot/1.3; +https://openai.com/gptbot)"
74.7.243.215 - - [03/Mar/2026:04:19:58 +0000] "GET /whsy.php?e=igmp&p=%2Fproc%2F29566%2Fnet HTTP/2.0" 200 2592 "https://sparxnovate.net.lab2454.com/whsy.php?p=%2Fproc%2F29566%2Fnet" "Mozilla/5.0 AppleWebKit/537.36 (KHTML, like Gecko; compatible; GPTBot/1.3; +https://openai.com/gptbot)"
74.7.241.36 - - [03/Mar/2026:04:20:06 +0000] "GET /whsy.php?e=cpuset&p=%2Fproc%2F22217 HTTP/2.0" 200 2004 "https://www.sparxnovate.net.lab2454.com/whsy.php?p=%2Fproc%2F22217" "Mozilla/5.0 AppleWebKit/537.36 (KHTML, like Gecko; compatible; GPTBot/1.3; +https://openai.com/gptbot)"
74.7.243.215 - - [03/Mar/2026:04:20:08 +0000] "GET /whsy.php?e=prev&p=%2Fproc%2F31868%2Fattr HTTP/2.0" 200 859 "https://sparxnovate.net.lab2454.com/whsy.php?p=%2Fproc%2F31868%2Fattr" "Mozilla/5.0 AppleWebKit/537.36 (KHTML, like Gecko; compatible; GPTBot/1.3; +https://openai.com/gptbot)"
74.7.241.36 - - [03/Mar/2026:04:20:16 +0000] "GET /whsy.php?e=cgroup&p=%2Fproc%2F22217 HTTP/2.0" 200 2137 "https://www.sparxnovate.net.lab2454.com/whsy.php?p=%2Fproc%2F22217" "Mozilla/5.0 AppleWebKit/537.36 (KHTML, like Gecko; compatible; GPTBot/1.3; +https://openai.com/gptbot)"
74.7.243.215 - - [03/Mar/2026:04:20:18 +0000] "GET /whsy.php?e=exec&p=%2Fproc%2F31868%2Fattr HTTP/2.0" 200 859 "https://sparxnovate.net.lab2454.com/whsy.php?p=%2Fproc%2F31868%2Fattr" "Mozilla/5.0 AppleWebKit/537.36 (KHTML, like Gecko; compatible; GPTBot/1.3; +https://openai.com/gptbot)"
74.7.241.36 - - [03/Mar/2026:04:20:26 +0000] "GET /whsy.php?e=timens_offsets&p=%2Fproc%2F24961 HTTP/2.0" 200 861 "https://www.sparxnovate.net.lab2454.com/whsy.php?p=%2Fproc%2F24961" "Mozilla/5.0 AppleWebKit/537.36 (KHTML, like Gecko; compatible; GPTBot/1.3; +https://openai.com/gptbot)"
74.7.243.215 - - [03/Mar/2026:04:20:27 +0000] "GET /whsy.php?e=icmp&p=%2Fproc%2F31862%2Fnet HTTP/2.0" 200 2581 "https://sparxnovate.net.lab2454.com/whsy.php?p=%2Fproc%2F31862%2Fnet" "Mozilla/5.0 AppleWebKit/537.36 (KHTML, like Gecko; compatible; GPTBot/1.3; +https://openai.com/gptbot)"
74.7.241.36 - - [03/Mar/2026:04:20:34 +0000] "GET /whsy.php?e=environ&p=%2Fproc%2F16478 HTTP/2.0" 200 1935 "https://www.sparxnovate.net.lab2454.com/whsy.php?p=%2Fproc%2F16478" "Mozilla/5.0 AppleWebKit/537.36 (KHTML, like Gecko; compatible; GPTBot/1.3; +https://openai.com/gptbot)"
74.7.243.215 - - [03/Mar/2026:04:20:36 +0000] "GET /whsy.php?p=%2Fproc%2F31862%2Fattr HTTP/2.0" 200 799 "https://sparxnovate.net.lab2454.com/whsy.php?p=%2Fproc%2F31862" "Mozilla/5.0 AppleWebKit/537.36 (KHTML, like Gecko; compatible; GPTBot/1.3; +https://openai.com/gptbot)"
74.7.241.36 - - [03/Mar/2026:04:20:43 +0000] "GET /whsy.php?e=cmdline&p=%2Fproc%2F24961 HTTP/2.0" 200 861 "https://www.sparxnovate.net.lab2454.com/whsy.php?p=%2Fproc%2F24961" "Mozilla/5.0 AppleWebKit/537.36 (KHTML, like Gecko; compatible; GPTBot/1.3; +https://openai.com/gptbot)"
74.7.243.215 - - [03/Mar/2026:04:20:44 +0000] "GET /whsy.php?p=%2Fproc%2F31849%2Froot HTTP/2.0" 200 1003 "https://sparxnovate.net.lab2454.com/whsy.php?p=%2Fproc%2F31849" "Mozilla/5.0 AppleWebKit/537.36 (KHTML, like Gecko; compatible; GPTBot/1.3; +https://openai.com/gptbot)"
74.7.241.36 - - [03/Mar/2026:04:20:53 +0000] "GET /whsy.php?e=environ&p=%2Fproc%2F16480 HTTP/2.0" 200 1936 "https://www.sparxnovate.net.lab2454.com/whsy.php?p=%2Fproc%2F16480" "Mozilla/5.0 AppleWebKit/537.36 (KHTML, like Gecko; compatible; GPTBot/1.3; +https://openai.com/gptbot)"
74.7.243.215 - - [03/Mar/2026:04:20:57 +0000] "GET /whsy.php?p=%2Fproc%2F24786%2Ftask HTTP/2.0" 200 861 "https://sparxnovate.net.lab2454.com/whsy.php?p=%2Fproc%2F24786" "Mozilla/5.0 AppleWebKit/537.36 (KHTML, like Gecko; compatible; GPTBot/1.3; +https://openai.com/gptbot)"
74.7.241.36 - - [03/Mar/2026:04:21:03 +0000] "GET /whsy.php?e=timens_offsets&p=%2Fproc%2F25850 HTTP/2.0" 200 861 "https://www.sparxnovate.net.lab2454.com/whsy.php?p=%2Fproc%2F25850" "Mozilla/5.0 AppleWebKit/537.36 (KHTML, like Gecko; compatible; GPTBot/1.3; +https://openai.com/gptbot)"
74.7.243.215 - - [03/Mar/2026:04:21:06 +0000] "GET /whsy.php?p=%2Fproc%2F19892%2Fnet HTTP/2.0" 200 861 "https://sparxnovate.net.lab2454.com/whsy.php?p=%2Fproc%2F19892" "Mozilla/5.0 AppleWebKit/537.36 (KHTML, like Gecko; compatible; GPTBot/1.3; +https://openai.com/gptbot)"
74.7.241.36 - - [03/Mar/2026:04:21:14 +0000] "GET /whsy.php?e=smaps_rollup&p=%2Fproc%2F16478 HTTP/2.0" 200 2120 "https://www.sparxnovate.net.lab2454.com/whsy.php?p=%2Fproc%2F16478" "Mozilla/5.0 AppleWebKit/537.36 (KHTML, like Gecko; compatible; GPTBot/1.3; +https://openai.com/gptbot)"
74.7.243.215 - - [03/Mar/2026:04:21:16 +0000] "GET /whsy.php?p=%2Fproc%2F14645%2Fnet HTTP/2.0" 200 861 "https://sparxnovate.net.lab2454.com/whsy.php?p=%2Fproc%2F14645" "Mozilla/5.0 AppleWebKit/537.36 (KHTML, like Gecko; compatible; GPTBot/1.3; +https://openai.com/gptbot)"
74.7.241.36 - - [03/Mar/2026:04:21:23 +0000] "GET /whsy.php?e=timens_offsets&p=%2Fproc%2F20305 HTTP/2.0" 200 861 "https://www.sparxnovate.net.lab2454.com/whsy.php?p=%2Fproc%2F20305" "Mozilla/5.0 AppleWebKit/537.36 (KHTML, like Gecko; compatible; GPTBot/1.3; +https://openai.com/gptbot)"
74.7.243.215 - - [03/Mar/2026:04:21:26 +0000] "GET /whsy.php?p=%2Fproc%2F26963%2Ftask HTTP/2.0" 200 861 "https://sparxnovate.net.lab2454.com/whsy.php?p=%2Fproc%2F26963" "Mozilla/5.0 AppleWebKit/537.36 (KHTML, like Gecko; compatible; GPTBot/1.3; +https://openai.com/gptbot)"
74.7.241.36 - - [03/Mar/2026:04:21:33 +0000] "GET /whsy.php?e=smaps_rollup&p=%2Fproc%2F16480 HTTP/2.0" 200 2121 "https://www.sparxnovate.net.lab2454.com/whsy.php?p=%2Fproc%2F16480" "Mozilla/5.0 AppleWebKit/537.36 (KHTML, like Gecko; compatible; GPTBot/1.3; +https://openai.com/gptbot)"
74.7.243.215 - - [03/Mar/2026:04:21:35 +0000] "GET /whsy.php?p=%2Fproc%2F14645%2Fattr HTTP/2.0" 200 861 "https://sparxnovate.net.lab2454.com/whsy.php?p=%2Fproc%2F14645" "Mozilla/5.0 AppleWebKit/537.36 (KHTML, like Gecko; compatible; GPTBot/1.3; +https://openai.com/gptbot)"
74.7.228.61 - - [03/Mar/2026:04:21:36 +0000] "GET /robots.txt HTTP/2.0" 404 - "-" "Mozilla/5.0 (Macintosh; Intel Mac OS X 10_15_7) AppleWebKit/537.36 (KHTML, like Gecko) Chrome/131.0.0.0 Safari/537.36; compatible; OAI-SearchBot/1.3; robots.txt; +https://openai.com/searchbot"
74.7.241.36 - - [03/Mar/2026:04:21:41 +0000] "GET /whsy.php?e=io&p=%2Fproc%2F25850 HTTP/2.0" 200 861 "https://www.sparxnovate.net.lab2454.com/whsy.php?p=%2Fproc%2F25850" "Mozilla/5.0 AppleWebKit/537.36 (KHTML, like Gecko; compatible; GPTBot/1.3; +https://openai.com/gptbot)"
74.7.243.215 - - [03/Mar/2026:04:21:44 +0000] "GET /whsy.php?p=%2Fproc%2F31869%2Fattr HTTP/2.0" 200 799 "https://sparxnovate.net.lab2454.com/whsy.php?p=%2Fproc%2F31869" "Mozilla/5.0 AppleWebKit/537.36 (KHTML, like Gecko; compatible; GPTBot/1.3; +https://openai.com/gptbot)"
74.7.241.36 - - [03/Mar/2026:04:21:49 +0000] "GET /whsy.php?e=io&p=%2Fproc%2F20305 HTTP/2.0" 200 861 "https://www.sparxnovate.net.lab2454.com/whsy.php?p=%2Fproc%2F20305" "Mozilla/5.0 AppleWebKit/537.36 (KHTML, like Gecko; compatible; GPTBot/1.3; +https://openai.com/gptbot)"
74.7.243.215 - - [03/Mar/2026:04:21:51 +0000] "GET /whsy.php?p=%2Fproc%2F31861%2Fattr HTTP/2.0" 200 799 "https://sparxnovate.net.lab2454.com/whsy.php?p=%2Fproc%2F31861" "Mozilla/5.0 AppleWebKit/537.36 (KHTML, like Gecko; compatible; GPTBot/1.3; +https://openai.com/gptbot)"
74.7.241.36 - - [03/Mar/2026:04:21:57 +0000] "GET /whsy.php?e=status&p=%2Fproc%2F9438 HTTP/2.0" 200 2590 "https://www.sparxnovate.net.lab2454.com/whsy.php?p=%2Fproc%2F9438" "Mozilla/5.0 AppleWebKit/537.36 (KHTML, like Gecko; compatible; GPTBot/1.3; +https://openai.com/gptbot)"
74.7.243.215 - - [03/Mar/2026:04:21:59 +0000] "GET /whsy.php?p=%2Fproc%2F31868%2Fnet HTTP/2.0" 200 2441 "https://sparxnovate.net.lab2454.com/whsy.php?p=%2Fproc%2F31868" "Mozilla/5.0 AppleWebKit/537.36 (KHTML, like Gecko; compatible; GPTBot/1.3; +https://openai.com/gptbot)"
74.7.241.36 - - [03/Mar/2026:04:22:06 +0000] "GET /whsy.php?e=timers&p=%2Fproc%2F9438 HTTP/2.0" 200 2002 "https://www.sparxnovate.net.lab2454.com/whsy.php?p=%2Fproc%2F9438" "Mozilla/5.0 AppleWebKit/537.36 (KHTML, like Gecko; compatible; GPTBot/1.3; +https://openai.com/gptbot)"
74.7.244.20 - - [03/Mar/2026:04:22:07 +0000] "GET /robots.txt HTTP/2.0" 404 - "-" "Mozilla/5.0 (Macintosh; Intel Mac OS X 10_15_7) AppleWebKit/537.36 (KHTML, like Gecko) Chrome/131.0.0.0 Safari/537.36; compatible; OAI-SearchBot/1.3; robots.txt; +https://openai.com/searchbot"
74.7.243.215 - - [03/Mar/2026:04:22:08 +0000] "GET /whsy.php?p=%2Fproc%2F31869%2Froot HTTP/2.0" 200 1003 "https://sparxnovate.net.lab2454.com/whsy.php?p=%2Fproc%2F31869" "Mozilla/5.0 AppleWebKit/537.36 (KHTML, like Gecko; compatible; GPTBot/1.3; +https://openai.com/gptbot)"
74.7.241.36 - - [03/Mar/2026:04:22:14 +0000] "GET /whsy.php?e=ksm_stat&p=%2Fproc%2F9438 HTTP/2.0" 200 1934 "https://www.sparxnovate.net.lab2454.com/whsy.php?p=%2Fproc%2F9438" "Mozilla/5.0 AppleWebKit/537.36 (KHTML, like Gecko; compatible; GPTBot/1.3; +https://openai.com/gptbot)"
74.7.243.215 - - [03/Mar/2026:04:22:16 +0000] "GET /whsy.php?e=exec&p=%2Fproc%2F31862%2Fattr HTTP/2.0" 200 859 "https://sparxnovate.net.lab2454.com/whsy.php?p=%2Fproc%2F31862%2Fattr" "Mozilla/5.0 AppleWebKit/537.36 (KHTML, like Gecko; compatible; GPTBot/1.3; +https://openai.com/gptbot)"
74.7.241.36 - - [03/Mar/2026:04:22:22 +0000] "GET /whsy.php?e=personality&p=%2Fproc%2F16480 HTTP/2.0" 200 1936 "https://www.sparxnovate.net.lab2454.com/whsy.php?p=%2Fproc%2F16480" "Mozilla/5.0 AppleWebKit/537.36 (KHTML, like Gecko; compatible; GPTBot/1.3; +https://openai.com/gptbot)"
74.7.243.215 - - [03/Mar/2026:04:22:24 +0000] "GET /whsy.php?p=%2Fproc%2F31860%2Fattr HTTP/2.0" 200 799 "https://sparxnovate.net.lab2454.com/whsy.php?p=%2Fproc%2F31860" "Mozilla/5.0 AppleWebKit/537.36 (KHTML, like Gecko; compatible; GPTBot/1.3; +https://openai.com/gptbot)"
74.7.241.36 - - [03/Mar/2026:04:22:30 +0000] "GET /whsy.php?e=personality&p=%2Fproc%2F16478 HTTP/2.0" 200 1935 "https://www.sparxnovate.net.lab2454.com/whsy.php?p=%2Fproc%2F16478" "Mozilla/5.0 AppleWebKit/537.36 (KHTML, like Gecko; compatible; GPTBot/1.3; +https://openai.com/gptbot)"
74.7.243.215 - - [03/Mar/2026:04:22:32 +0000] "GET /whsy.php?p=%2Fproc%2F31865%2Fattr HTTP/2.0" 200 800 "https://sparxnovate.net.lab2454.com/whsy.php?p=%2Fproc%2F31865" "Mozilla/5.0 AppleWebKit/537.36 (KHTML, like Gecko; compatible; GPTBot/1.3; +https://openai.com/gptbot)"
74.7.241.36 - - [03/Mar/2026:04:22:39 +0000] "GET /whsy.php?e=mem&p=%2Fproc%2F24961 HTTP/2.0" 200 861 "https://www.sparxnovate.net.lab2454.com/whsy.php?p=%2Fproc%2F24961" "Mozilla/5.0 AppleWebKit/537.36 (KHTML, like Gecko; compatible; GPTBot/1.3; +https://openai.com/gptbot)"
74.7.243.215 - - [03/Mar/2026:04:22:41 +0000] "GET /whsy.php?p=%2Fproc%2F29782%2Fnet HTTP/2.0" 200 861 "https://sparxnovate.net.lab2454.com/whsy.php?p=%2Fproc%2F29782" "Mozilla/5.0 AppleWebKit/537.36 (KHTML, like Gecko; compatible; GPTBot/1.3; +https://openai.com/gptbot)"
74.7.241.36 - - [03/Mar/2026:04:22:47 +0000] "GET /whsy.php?e=cwd&p=%2Fproc%2F24961 HTTP/2.0" 200 861 "https://www.sparxnovate.net.lab2454.com/whsy.php?p=%2Fproc%2F24961" "Mozilla/5.0 AppleWebKit/537.36 (KHTML, like Gecko; compatible; GPTBot/1.3; +https://openai.com/gptbot)"
74.7.243.215 - - [03/Mar/2026:04:22:49 +0000] "GET /whsy.php?p=%2Fproc%2F26963%2Fnet HTTP/2.0" 200 861 "https://sparxnovate.net.lab2454.com/whsy.php?p=%2Fproc%2F26963" "Mozilla/5.0 AppleWebKit/537.36 (KHTML, like Gecko; compatible; GPTBot/1.3; +https://openai.com/gptbot)"
74.7.241.36 - - [03/Mar/2026:04:22:54 +0000] "GET /whsy.php?e=personality&p=%2Fproc%2F24961 HTTP/2.0" 200 861 "https://www.sparxnovate.net.lab2454.com/whsy.php?p=%2Fproc%2F24961" "Mozilla/5.0 AppleWebKit/537.36 (KHTML, like Gecko; compatible; GPTBot/1.3; +https://openai.com/gptbot)"
74.7.243.215 - - [03/Mar/2026:04:22:56 +0000] "GET /whsy.php?p=%2Fproc%2F31868%2Froot HTTP/2.0" 200 1003 "https://sparxnovate.net.lab2454.com/whsy.php?p=%2Fproc%2F31868" "Mozilla/5.0 AppleWebKit/537.36 (KHTML, like Gecko; compatible; GPTBot/1.3; +https://openai.com/gptbot)"
74.7.241.36 - - [03/Mar/2026:04:23:02 +0000] "GET /whsy.php?e=clear_refs&p=%2Fproc%2F16480 HTTP/2.0" 200 1936 "https://www.sparxnovate.net.lab2454.com/whsy.php?p=%2Fproc%2F16480" "Mozilla/5.0 AppleWebKit/537.36 (KHTML, like Gecko; compatible; GPTBot/1.3; +https://openai.com/gptbot)"
74.7.243.215 - - [03/Mar/2026:04:23:03 +0000] "GET /whsy.php?p=%2Fproc%2F31860%2Fcwd HTTP/2.0" 200 5164 "https://sparxnovate.net.lab2454.com/whsy.php?p=%2Fproc%2F31860" "Mozilla/5.0 AppleWebKit/537.36 (KHTML, like Gecko; compatible; GPTBot/1.3; +https://openai.com/gptbot)"
74.7.241.36 - - [03/Mar/2026:04:23:10 +0000] "GET /whsy.php?e=clear_refs&p=%2Fproc%2F16478 HTTP/2.0" 200 1935 "https://www.sparxnovate.net.lab2454.com/whsy.php?p=%2Fproc%2F16478" "Mozilla/5.0 AppleWebKit/537.36 (KHTML, like Gecko; compatible; GPTBot/1.3; +https://openai.com/gptbot)"
74.7.243.215 - - [03/Mar/2026:04:23:12 +0000] "GET /whsy.php?e=prev&p=%2Fproc%2F31869%2Fattr HTTP/2.0" 200 859 "https://sparxnovate.net.lab2454.com/whsy.php?p=%2Fproc%2F31869%2Fattr" "Mozilla/5.0 AppleWebKit/537.36 (KHTML, like Gecko; compatible; GPTBot/1.3; +https://openai.com/gptbot)"
74.7.241.36 - - [03/Mar/2026:04:23:19 +0000] "GET /whsy.php?e=oom_score&p=%2Fproc%2F22217 HTTP/2.0" 200 2006 "https://www.sparxnovate.net.lab2454.com/whsy.php?p=%2Fproc%2F22217" "Mozilla/5.0 AppleWebKit/537.36 (KHTML, like Gecko; compatible; GPTBot/1.3; +https://openai.com/gptbot)"
74.7.243.215 - - [03/Mar/2026:04:23:21 +0000] "GET /whsy.php?e=prev&p=%2Fproc%2F31861%2Fattr HTTP/2.0" 200 859 "https://sparxnovate.net.lab2454.com/whsy.php?p=%2Fproc%2F31861%2Fattr" "Mozilla/5.0 AppleWebKit/537.36 (KHTML, like Gecko; compatible; GPTBot/1.3; +https://openai.com/gptbot)"
74.7.241.36 - - [03/Mar/2026:04:23:27 +0000] "GET /whsy.php?e=io&p=%2Fproc%2F22217 HTTP/2.0" 200 1935 "https://www.sparxnovate.net.lab2454.com/whsy.php?p=%2Fproc%2F22217" "Mozilla/5.0 AppleWebKit/537.36 (KHTML, like Gecko; compatible; GPTBot/1.3; +https://openai.com/gptbot)"
74.7.243.215 - - [03/Mar/2026:04:23:30 +0000] "GET /whsy.php?e=pfkey&p=%2Fproc%2F31868%2Fnet HTTP/2.0" 200 2535 "https://sparxnovate.net.lab2454.com/whsy.php?p=%2Fproc%2F31868%2Fnet" "Mozilla/5.0 AppleWebKit/537.36 (KHTML, like Gecko; compatible; GPTBot/1.3; +https://openai.com/gptbot)"
74.7.241.36 - - [03/Mar/2026:04:23:37 +0000] "GET /whsy.php?e=oom_adj&p=%2Fproc%2F22217 HTTP/2.0" 200 2006 "https://www.sparxnovate.net.lab2454.com/whsy.php?p=%2Fproc%2F22217" "Mozilla/5.0 AppleWebKit/537.36 (KHTML, like Gecko; compatible; GPTBot/1.3; +https://openai.com/gptbot)"
74.7.243.215 - - [03/Mar/2026:04:23:40 +0000] "GET /whsy.php?e=exec&p=%2Fproc%2F31861%2Fattr HTTP/2.0" 200 859 "https://sparxnovate.net.lab2454.com/whsy.php?p=%2Fproc%2F31861%2Fattr" "Mozilla/5.0 AppleWebKit/537.36 (KHTML, like Gecko; compatible; GPTBot/1.3; +https://openai.com/gptbot)"
74.7.241.36 - - [03/Mar/2026:04:23:46 +0000] "GET /whsy.php?e=wchan&p=%2Fproc%2F20305 HTTP/2.0" 200 861 "https://www.sparxnovate.net.lab2454.com/whsy.php?p=%2Fproc%2F20305" "Mozilla/5.0 AppleWebKit/537.36 (KHTML, like Gecko; compatible; GPTBot/1.3; +https://openai.com/gptbot)"
74.7.243.215 - - [03/Mar/2026:04:23:49 +0000] "GET /whsy.php?e=exec&p=%2Fproc%2F31869%2Fattr HTTP/2.0" 200 860 "https://sparxnovate.net.lab2454.com/whsy.php?p=%2Fproc%2F31869%2Fattr" "Mozilla/5.0 AppleWebKit/537.36 (KHTML, like Gecko; compatible; GPTBot/1.3; +https://openai.com/gptbot)"
74.7.241.36 - - [03/Mar/2026:04:23:55 +0000] "GET /whsy.php?e=wchan&p=%2Fproc%2F25850 HTTP/2.0" 200 861 "https://www.sparxnovate.net.lab2454.com/whsy.php?p=%2Fproc%2F25850" "Mozilla/5.0 AppleWebKit/537.36 (KHTML, like Gecko; compatible; GPTBot/1.3; +https://openai.com/gptbot)"
74.7.243.215 - - [03/Mar/2026:04:23:57 +0000] "GET /whsy.php?e=exec&p=%2Fproc%2F31860%2Fattr HTTP/2.0" 200 860 "https://sparxnovate.net.lab2454.com/whsy.php?p=%2Fproc%2F31860%2Fattr" "Mozilla/5.0 AppleWebKit/537.36 (KHTML, like Gecko; compatible; GPTBot/1.3; +https://openai.com/gptbot)"
74.7.241.36 - - [03/Mar/2026:04:24:04 +0000] "GET /whsy.php?e=smaps&p=%2Fproc%2F24961 HTTP/2.0" 200 861 "https://www.sparxnovate.net.lab2454.com/whsy.php?p=%2Fproc%2F24961" "Mozilla/5.0 AppleWebKit/537.36 (KHTML, like Gecko; compatible; GPTBot/1.3; +https://openai.com/gptbot)"
74.7.243.215 - - [03/Mar/2026:04:24:06 +0000] "GET /whsy.php?e=prev&p=%2Fproc%2F31865%2Fattr HTTP/2.0" 200 859 "https://sparxnovate.net.lab2454.com/whsy.php?p=%2Fproc%2F31865%2Fattr" "Mozilla/5.0 AppleWebKit/537.36 (KHTML, like Gecko; compatible; GPTBot/1.3; +https://openai.com/gptbot)"
74.7.241.36 - - [03/Mar/2026:04:24:12 +0000] "GET /whsy.php?e=sched&p=%2Fproc%2F24961 HTTP/2.0" 200 861 "https://www.sparxnovate.net.lab2454.com/whsy.php?p=%2Fproc%2F24961" "Mozilla/5.0 AppleWebKit/537.36 (KHTML, like Gecko; compatible; GPTBot/1.3; +https://openai.com/gptbot)"
74.7.243.215 - - [03/Mar/2026:04:24:14 +0000] "GET /whsy.php?e=prev&p=%2Fproc%2F31860%2Fattr HTTP/2.0" 200 859 "https://sparxnovate.net.lab2454.com/whsy.php?p=%2Fproc%2F31860%2Fattr" "Mozilla/5.0 AppleWebKit/537.36 (KHTML, like Gecko; compatible; GPTBot/1.3; +https://openai.com/gptbot)"
74.7.241.36 - - [03/Mar/2026:04:24:20 +0000] "GET /whsy.php?e=environ&p=%2Fproc%2F20305 HTTP/2.0" 200 861 "https://www.sparxnovate.net.lab2454.com/whsy.php?p=%2Fproc%2F20305" "Mozilla/5.0 AppleWebKit/537.36 (KHTML, like Gecko; compatible; GPTBot/1.3; +https://openai.com/gptbot)"
74.7.243.215 - - [03/Mar/2026:04:24:22 +0000] "GET /whsy.php?e=route&p=%2Fproc%2F31868%2Fnet HTTP/2.0" 200 2636 "https://sparxnovate.net.lab2454.com/whsy.php?p=%2Fproc%2F31868%2Fnet" "Mozilla/5.0 AppleWebKit/537.36 (KHTML, like Gecko; compatible; GPTBot/1.3; +https://openai.com/gptbot)"
74.7.241.36 - - [03/Mar/2026:04:24:28 +0000] "GET /whsy.php?e=environ&p=%2Fproc%2F25850 HTTP/2.0" 200 861 "https://www.sparxnovate.net.lab2454.com/whsy.php?p=%2Fproc%2F25850" "Mozilla/5.0 AppleWebKit/537.36 (KHTML, like Gecko; compatible; GPTBot/1.3; +https://openai.com/gptbot)"
74.7.243.215 - - [03/Mar/2026:04:24:30 +0000] "GET /whsy.php?e=exec&p=%2Fproc%2F31865%2Fattr HTTP/2.0" 200 860 "https://sparxnovate.net.lab2454.com/whsy.php?p=%2Fproc%2F31865%2Fattr" "Mozilla/5.0 AppleWebKit/537.36 (KHTML, like Gecko; compatible; GPTBot/1.3; +https://openai.com/gptbot)"
74.7.241.36 - - [03/Mar/2026:04:24:36 +0000] "GET /whsy.php?p=%2Fproc%2F9438%2Fattr HTTP/2.0" 200 798 "https://www.sparxnovate.net.lab2454.com/whsy.php?p=%2Fproc%2F9438" "Mozilla/5.0 AppleWebKit/537.36 (KHTML, like Gecko; compatible; GPTBot/1.3; +https://openai.com/gptbot)"
74.7.243.215 - - [03/Mar/2026:04:24:39 +0000] "GET /whsy.php?p=%2Fproc%2F29782%2Fattr HTTP/2.0" 200 861 "https://sparxnovate.net.lab2454.com/whsy.php?p=%2Fproc%2F29782" "Mozilla/5.0 AppleWebKit/537.36 (KHTML, like Gecko; compatible; GPTBot/1.3; +https://openai.com/gptbot)"
74.7.241.36 - - [03/Mar/2026:04:24:44 +0000] "GET /whsy.php?p=%2Fproc%2F9438%2Ftask HTTP/2.0" 200 859 "https://www.sparxnovate.net.lab2454.com/whsy.php?p=%2Fproc%2F9438" "Mozilla/5.0 AppleWebKit/537.36 (KHTML, like Gecko; compatible; GPTBot/1.3; +https://openai.com/gptbot)"
74.7.243.215 - - [03/Mar/2026:04:24:46 +0000] "GET /whsy.php?p=%2Fproc%2F31865%2Fcwd HTTP/2.0" 200 5164 "https://sparxnovate.net.lab2454.com/whsy.php?p=%2Fproc%2F31865" "Mozilla/5.0 AppleWebKit/537.36 (KHTML, like Gecko; compatible; GPTBot/1.3; +https://openai.com/gptbot)"
74.7.241.36 - - [03/Mar/2026:04:24:52 +0000] "GET /whsy.php?e=environ&p=%2Fproc%2F24961 HTTP/2.0" 200 861 "https://www.sparxnovate.net.lab2454.com/whsy.php?p=%2Fproc%2F24961" "Mozilla/5.0 AppleWebKit/537.36 (KHTML, like Gecko; compatible; GPTBot/1.3; +https://openai.com/gptbot)"
74.7.243.215 - - [03/Mar/2026:04:24:55 +0000] "GET /whsy.php?p=%2Fproc%2F31849%2Fattr HTTP/2.0" 200 799 "https://sparxnovate.net.lab2454.com/whsy.php?p=%2Fproc%2F31849" "Mozilla/5.0 AppleWebKit/537.36 (KHTML, like Gecko; compatible; GPTBot/1.3; +https://openai.com/gptbot)"
74.7.241.36 - - [03/Mar/2026:04:25:02 +0000] "GET /whsy.php?e=syscall&p=%2Fproc%2F16478 HTTP/2.0" 200 1935 "https://www.sparxnovate.net.lab2454.com/whsy.php?p=%2Fproc%2F16478" "Mozilla/5.0 AppleWebKit/537.36 (KHTML, like Gecko; compatible; GPTBot/1.3; +https://openai.com/gptbot)"
74.7.243.215 - - [03/Mar/2026:04:25:05 +0000] "GET /whsy.php?p=%2Fproc%2F31869%2Fcwd HTTP/2.0" 200 5164 "https://sparxnovate.net.lab2454.com/whsy.php?p=%2Fproc%2F31869" "Mozilla/5.0 AppleWebKit/537.36 (KHTML, like Gecko; compatible; GPTBot/1.3; +https://openai.com/gptbot)"
74.7.241.36 - - [03/Mar/2026:04:25:11 +0000] "GET /whsy.php?e=pagemap&p=%2Fproc%2F16478 HTTP/2.0" 200 1935 "https://www.sparxnovate.net.lab2454.com/whsy.php?p=%2Fproc%2F16478" "Mozilla/5.0 AppleWebKit/537.36 (KHTML, like Gecko; compatible; GPTBot/1.3; +https://openai.com/gptbot)"
74.7.243.215 - - [03/Mar/2026:04:25:15 +0000] "GET /whsy.php?p=%2Fproc%2F29566%2Ftask HTTP/2.0" 200 491 "https://sparxnovate.net.lab2454.com/whsy.php?p=%2Fproc%2F29566" "Mozilla/5.0 AppleWebKit/537.36 (KHTML, like Gecko; compatible; GPTBot/1.3; +https://openai.com/gptbot)"
74.7.241.36 - - [03/Mar/2026:04:25:20 +0000] "GET /whsy.php?e=pagemap&p=%2Fproc%2F16480 HTTP/2.0" 200 1936 "https://www.sparxnovate.net.lab2454.com/whsy.php?p=%2Fproc%2F16480" "Mozilla/5.0 AppleWebKit/537.36 (KHTML, like Gecko; compatible; GPTBot/1.3; +https://openai.com/gptbot)"
74.7.243.215 - - [03/Mar/2026:04:25:23 +0000] "GET /whsy.php?p=%2Fproc%2F31862%2Froot HTTP/2.0" 200 1003 "https://sparxnovate.net.lab2454.com/whsy.php?p=%2Fproc%2F31862" "Mozilla/5.0 AppleWebKit/537.36 (KHTML, like Gecko; compatible; GPTBot/1.3; +https://openai.com/gptbot)"
74.7.241.36 - - [03/Mar/2026:04:25:28 +0000] "GET /whsy.php?e=syscall&p=%2Fproc%2F16480 HTTP/2.0" 200 1936 "https://www.sparxnovate.net.lab2454.com/whsy.php?p=%2Fproc%2F16480" "Mozilla/5.0 AppleWebKit/537.36 (KHTML, like Gecko; compatible; GPTBot/1.3; +https://openai.com/gptbot)"
74.7.243.215 - - [03/Mar/2026:04:25:31 +0000] "GET /whsy.php?p=%2Fproc%2F31861%2Fnet HTTP/2.0" 200 2441 "https://sparxnovate.net.lab2454.com/whsy.php?p=%2Fproc%2F31861" "Mozilla/5.0 AppleWebKit/537.36 (KHTML, like Gecko; compatible; GPTBot/1.3; +https://openai.com/gptbot)"
74.7.241.36 - - [03/Mar/2026:04:25:36 +0000] "GET /whsy.php?e=cpuset&p=%2Fproc%2F9438 HTTP/2.0" 200 2004 "https://www.sparxnovate.net.lab2454.com/whsy.php?p=%2Fproc%2F9438" "Mozilla/5.0 AppleWebKit/537.36 (KHTML, like Gecko; compatible; GPTBot/1.3; +https://openai.com/gptbot)"
74.7.243.215 - - [03/Mar/2026:04:25:39 +0000] "GET /whsy.php?p=%2Fproc%2F24786%2Fnet HTTP/2.0" 200 861 "https://sparxnovate.net.lab2454.com/whsy.php?p=%2Fproc%2F24786" "Mozilla/5.0 AppleWebKit/537.36 (KHTML, like Gecko; compatible; GPTBot/1.3; +https://openai.com/gptbot)"
74.7.241.36 - - [03/Mar/2026:04:25:43 +0000] "GET /whsy.php?e=cgroup&p=%2Fproc%2F9438 HTTP/2.0" 200 2137 "https://www.sparxnovate.net.lab2454.com/whsy.php?p=%2Fproc%2F9438" "Mozilla/5.0 AppleWebKit/537.36 (KHTML, like Gecko; compatible; GPTBot/1.3; +https://openai.com/gptbot)"
74.7.243.215 - - [03/Mar/2026:04:25:47 +0000] "GET /whsy.php?p=%2Fproc%2F19332%2Ftask HTTP/2.0" 200 490 "https://sparxnovate.net.lab2454.com/whsy.php?p=%2Fproc%2F19332" "Mozilla/5.0 AppleWebKit/537.36 (KHTML, like Gecko; compatible; GPTBot/1.3; +https://openai.com/gptbot)"
74.7.241.36 - - [03/Mar/2026:04:25:51 +0000] "GET /whsy.php?p=%2Fproc%2F10131 HTTP/2.0" 200 861 "https://www.sparxnovate.net.lab2454.com/whsy.php?p=%2Fproc%2F1011%2F.." "Mozilla/5.0 AppleWebKit/537.36 (KHTML, like Gecko; compatible; GPTBot/1.3; +https://openai.com/gptbot)"
74.7.243.215 - - [03/Mar/2026:04:25:54 +0000] "GET /whsy.php?p=%2Fproc%2F31859%2Fattr HTTP/2.0" 200 800 "https://sparxnovate.net.lab2454.com/whsy.php?p=%2Fproc%2F31859" "Mozilla/5.0 AppleWebKit/537.36 (KHTML, like Gecko; compatible; GPTBot/1.3; +https://openai.com/gptbot)"
74.7.241.36 - - [03/Mar/2026:04:25:59 +0000] "GET /whsy.php?p=%2Fproc%2F29788 HTTP/2.0" 200 861 "https://www.sparxnovate.net.lab2454.com/whsy.php?p=%2Fproc%2F1011%2F.." "Mozilla/5.0 AppleWebKit/537.36 (KHTML, like Gecko; compatible; GPTBot/1.3; +https://openai.com/gptbot)"
74.7.243.215 - - [03/Mar/2026:04:26:03 +0000] "GET /whsy.php?p=%2Fproc%2F19332%2Fattr HTTP/2.0" 200 799 "https://sparxnovate.net.lab2454.com/whsy.php?p=%2Fproc%2F19332" "Mozilla/5.0 AppleWebKit/537.36 (KHTML, like Gecko; compatible; GPTBot/1.3; +https://openai.com/gptbot)"
74.7.241.36 - - [03/Mar/2026:04:26:07 +0000] "GET /whsy.php?p=%2Fproc%2F30056 HTTP/2.0" 200 861 "https://www.sparxnovate.net.lab2454.com/whsy.php?p=%2Fproc%2F1011%2F.." "Mozilla/5.0 AppleWebKit/537.36 (KHTML, like Gecko; compatible; GPTBot/1.3; +https://openai.com/gptbot)"
74.7.243.215 - - [03/Mar/2026:04:26:11 +0000] "GET /whsy.php?p=%2Fproc%2F31862%2Fcwd HTTP/2.0" 200 5164 "https://sparxnovate.net.lab2454.com/whsy.php?p=%2Fproc%2F31862" "Mozilla/5.0 AppleWebKit/537.36 (KHTML, like Gecko; compatible; GPTBot/1.3; +https://openai.com/gptbot)"
74.7.241.36 - - [03/Mar/2026:04:26:16 +0000] "GET /whsy.php?p=%2Fproc%2F30057 HTTP/2.0" 200 861 "https://www.sparxnovate.net.lab2454.com/whsy.php?p=%2Fproc%2F1011%2F.." "Mozilla/5.0 AppleWebKit/537.36 (KHTML, like Gecko; compatible; GPTBot/1.3; +https://openai.com/gptbot)"
74.7.243.215 - - [03/Mar/2026:04:26:20 +0000] "GET /whsy.php?p=%2Fproc%2F19892%2Fattr HTTP/2.0" 200 861 "https://sparxnovate.net.lab2454.com/whsy.php?p=%2Fproc%2F19892" "Mozilla/5.0 AppleWebKit/537.36 (KHTML, like Gecko; compatible; GPTBot/1.3; +https://openai.com/gptbot)"
74.7.241.36 - - [03/Mar/2026:04:26:27 +0000] "GET /whsy.php?p=%2Fproc%2F10277 HTTP/2.0" 200 1936 "https://www.sparxnovate.net.lab2454.com/whsy.php?p=%2Fproc%2F1011%2F.." "Mozilla/5.0 AppleWebKit/537.36 (KHTML, like Gecko; compatible; GPTBot/1.3; +https://openai.com/gptbot)"
74.7.243.215 - - [03/Mar/2026:04:26:30 +0000] "GET /whsy.php?e=prev&p=%2Fproc%2F31849%2Fattr HTTP/2.0" 200 859 "https://sparxnovate.net.lab2454.com/whsy.php?p=%2Fproc%2F31849%2Fattr" "Mozilla/5.0 AppleWebKit/537.36 (KHTML, like Gecko; compatible; GPTBot/1.3; +https://openai.com/gptbot)"
74.7.241.36 - - [03/Mar/2026:04:26:35 +0000] "GET /whsy.php?p=%2Fproc%2F29472 HTTP/2.0" 200 861 "https://www.sparxnovate.net.lab2454.com/whsy.php?p=%2Fproc%2F1011%2F.." "Mozilla/5.0 AppleWebKit/537.36 (KHTML, like Gecko; compatible; GPTBot/1.3; +https://openai.com/gptbot)"
74.7.243.215 - - [03/Mar/2026:04:26:39 +0000] "GET /whsy.php?e=exec&p=%2Fproc%2F31849%2Fattr HTTP/2.0" 200 859 "https://sparxnovate.net.lab2454.com/whsy.php?p=%2Fproc%2F31849%2Fattr" "Mozilla/5.0 AppleWebKit/537.36 (KHTML, like Gecko; compatible; GPTBot/1.3; +https://openai.com/gptbot)"
74.7.228.61 - - [03/Mar/2026:04:26:40 +0000] "GET /robots.txt HTTP/2.0" 404 - "-" "Mozilla/5.0 (Macintosh; Intel Mac OS X 10_15_7) AppleWebKit/537.36 (KHTML, like Gecko) Chrome/131.0.0.0 Safari/537.36; compatible; OAI-SearchBot/1.3; robots.txt; +https://openai.com/searchbot"
74.7.241.36 - - [03/Mar/2026:04:26:44 +0000] "GET /whsy.php?p=%2Fproc%2F30045 HTTP/2.0" 200 861 "https://www.sparxnovate.net.lab2454.com/whsy.php?p=%2Fproc%2F1011%2F.." "Mozilla/5.0 AppleWebKit/537.36 (KHTML, like Gecko; compatible; GPTBot/1.3; +https://openai.com/gptbot)"
74.7.243.215 - - [03/Mar/2026:04:26:46 +0000] "GET /whsy.php?p=%2Fproc%2F31861%2Fcwd HTTP/2.0" 200 5164 "https://sparxnovate.net.lab2454.com/whsy.php?p=%2Fproc%2F31861" "Mozilla/5.0 AppleWebKit/537.36 (KHTML, like Gecko; compatible; GPTBot/1.3; +https://openai.com/gptbot)"
74.7.241.36 - - [03/Mar/2026:04:26:51 +0000] "GET /whsy.php?p=%2Fproc%2F22384 HTTP/2.0" 200 861 "https://www.sparxnovate.net.lab2454.com/whsy.php?p=%2Fproc%2F1011%2F.." "Mozilla/5.0 AppleWebKit/537.36 (KHTML, like Gecko; compatible; GPTBot/1.3; +https://openai.com/gptbot)"
74.7.243.215 - - [03/Mar/2026:04:26:54 +0000] "GET /whsy.php?p=%2Fproc%2F24786%2Fattr HTTP/2.0" 200 861 "https://sparxnovate.net.lab2454.com/whsy.php?p=%2Fproc%2F24786" "Mozilla/5.0 AppleWebKit/537.36 (KHTML, like Gecko; compatible; GPTBot/1.3; +https://openai.com/gptbot)"
74.7.241.36 - - [03/Mar/2026:04:26:59 +0000] "GET /whsy.php?p=%2Fproc%2F16954 HTTP/2.0" 200 861 "https://www.sparxnovate.net.lab2454.com/whsy.php?p=%2Fproc%2F1011%2F.." "Mozilla/5.0 AppleWebKit/537.36 (KHTML, like Gecko; compatible; GPTBot/1.3; +https://openai.com/gptbot)"
74.7.243.215 - - [03/Mar/2026:04:27:04 +0000] "GET /whsy.php?p=%2Fproc%2F31861%2Fnet%2Frpc HTTP/2.0" 200 860 "https://sparxnovate.net.lab2454.com/whsy.php?p=%2Fproc%2F31861%2Fnet" "Mozilla/5.0 AppleWebKit/537.36 (KHTML, like Gecko; compatible; GPTBot/1.3; +https://openai.com/gptbot)"
74.7.241.36 - - [03/Mar/2026:04:27:07 +0000] "GET /whsy.php?p=%2Fproc%2F18487 HTTP/2.0" 200 861 "https://www.sparxnovate.net.lab2454.com/whsy.php?p=%2Fproc%2F1011%2F.." "Mozilla/5.0 AppleWebKit/537.36 (KHTML, like Gecko; compatible; GPTBot/1.3; +https://openai.com/gptbot)"
74.7.244.20 - - [03/Mar/2026:04:27:11 +0000] "GET /robots.txt HTTP/2.0" 404 - "-" "Mozilla/5.0 (Macintosh; Intel Mac OS X 10_15_7) AppleWebKit/537.36 (KHTML, like Gecko) Chrome/131.0.0.0 Safari/537.36; compatible; OAI-SearchBot/1.3; robots.txt; +https://openai.com/searchbot"
74.7.243.215 - - [03/Mar/2026:04:27:12 +0000] "GET /whsy.php?p=%2Fproc%2F31861%2Fnet%2Fsctp HTTP/2.0" 200 752 "https://sparxnovate.net.lab2454.com/whsy.php?p=%2Fproc%2F31861%2Fnet" "Mozilla/5.0 AppleWebKit/537.36 (KHTML, like Gecko; compatible; GPTBot/1.3; +https://openai.com/gptbot)"
74.7.241.36 - - [03/Mar/2026:04:27:15 +0000] "GET /whsy.php?p=%2Fproc%2F30041 HTTP/2.0" 200 861 "https://www.sparxnovate.net.lab2454.com/whsy.php?p=%2Fproc%2F1011%2F.." "Mozilla/5.0 AppleWebKit/537.36 (KHTML, like Gecko; compatible; GPTBot/1.3; +https://openai.com/gptbot)"
74.7.243.215 - - [03/Mar/2026:04:27:19 +0000] "GET /whsy.php?e=snmp&p=%2Fproc%2F31861%2Fnet HTTP/2.0" 200 3225 "https://sparxnovate.net.lab2454.com/whsy.php?p=%2Fproc%2F31861%2Fnet" "Mozilla/5.0 AppleWebKit/537.36 (KHTML, like Gecko; compatible; GPTBot/1.3; +https://openai.com/gptbot)"
74.7.241.36 - - [03/Mar/2026:04:27:23 +0000] "GET /whsy.php?p=%2Fproc%2F30051 HTTP/2.0" 200 861 "https://www.sparxnovate.net.lab2454.com/whsy.php?p=%2Fproc%2F1011%2F.." "Mozilla/5.0 AppleWebKit/537.36 (KHTML, like Gecko; compatible; GPTBot/1.3; +https://openai.com/gptbot)"
74.7.243.215 - - [03/Mar/2026:04:27:27 +0000] "GET /whsy.php?e=prev&p=%2Fproc%2F31859%2Fattr HTTP/2.0" 200 859 "https://sparxnovate.net.lab2454.com/whsy.php?p=%2Fproc%2F31859%2Fattr" "Mozilla/5.0 AppleWebKit/537.36 (KHTML, like Gecko; compatible; GPTBot/1.3; +https://openai.com/gptbot)"
74.7.241.36 - - [03/Mar/2026:04:27:30 +0000] "GET /whsy.php?p=%2Fproc%2F30039 HTTP/2.0" 200 861 "https://www.sparxnovate.net.lab2454.com/whsy.php?p=%2Fproc%2F1011%2F.." "Mozilla/5.0 AppleWebKit/537.36 (KHTML, like Gecko; compatible; GPTBot/1.3; +https://openai.com/gptbot)"
74.7.243.215 - - [03/Mar/2026:04:27:34 +0000] "GET /whsy.php?e=exec&p=%2Fproc%2F31859%2Fattr HTTP/2.0" 200 860 "https://sparxnovate.net.lab2454.com/whsy.php?p=%2Fproc%2F31859%2Fattr" "Mozilla/5.0 AppleWebKit/537.36 (KHTML, like Gecko; compatible; GPTBot/1.3; +https://openai.com/gptbot)"
74.7.241.36 - - [03/Mar/2026:04:27:38 +0000] "GET /whsy.php?p=%2Fproc%2F15668 HTTP/2.0" 200 861 "https://www.sparxnovate.net.lab2454.com/whsy.php?p=%2Fproc%2F1011%2F.." "Mozilla/5.0 AppleWebKit/537.36 (KHTML, like Gecko; compatible; GPTBot/1.3; +https://openai.com/gptbot)"
74.7.243.215 - - [03/Mar/2026:04:27:42 +0000] "GET /whsy.php?e=pfkey&p=%2Fproc%2F31861%2Fnet HTTP/2.0" 200 2535 "https://sparxnovate.net.lab2454.com/whsy.php?p=%2Fproc%2F31861%2Fnet" "Mozilla/5.0 AppleWebKit/537.36 (KHTML, like Gecko; compatible; GPTBot/1.3; +https://openai.com/gptbot)"
74.7.241.36 - - [03/Mar/2026:04:27:46 +0000] "GET /whsy.php?p=%2Fproc%2F30953 HTTP/2.0" 200 861 "https://www.sparxnovate.net.lab2454.com/whsy.php?p=%2Fproc%2F1011%2F.." "Mozilla/5.0 AppleWebKit/537.36 (KHTML, like Gecko; compatible; GPTBot/1.3; +https://openai.com/gptbot)"
74.7.243.215 - - [03/Mar/2026:04:27:51 +0000] "GET /whsy.php?e=route&p=%2Fproc%2F31861%2Fnet HTTP/2.0" 200 2637 "https://sparxnovate.net.lab2454.com/whsy.php?p=%2Fproc%2F31861%2Fnet" "Mozilla/5.0 AppleWebKit/537.36 (KHTML, like Gecko; compatible; GPTBot/1.3; +https://openai.com/gptbot)"
74.7.241.36 - - [03/Mar/2026:04:27:55 +0000] "GET /whsy.php?e=stat&p=%2Fproc%2F10277 HTTP/2.0" 200 2131 "https://www.sparxnovate.net.lab2454.com/whsy.php?p=%2Fproc%2F10277" "Mozilla/5.0 AppleWebKit/537.36 (KHTML, like Gecko; compatible; GPTBot/1.3; +https://openai.com/gptbot)"
74.7.243.215 - - [03/Mar/2026:04:27:59 +0000] "GET /whsy.php?p=%2Fproc%2F26963%2Fattr HTTP/2.0" 200 861 "https://sparxnovate.net.lab2454.com/whsy.php?p=%2Fproc%2F26963" "Mozilla/5.0 AppleWebKit/537.36 (KHTML, like Gecko; compatible; GPTBot/1.3; +https://openai.com/gptbot)"
74.7.241.36 - - [03/Mar/2026:04:28:04 +0000] "GET /whsy.php?e=mountinfo&p=%2Fproc%2F10277 HTTP/2.0" 200 2988 "https://www.sparxnovate.net.lab2454.com/whsy.php?p=%2Fproc%2F10277" "Mozilla/5.0 AppleWebKit/537.36 (KHTML, like Gecko; compatible; GPTBot/1.3; +https://openai.com/gptbot)"
74.7.243.215 - - [03/Mar/2026:04:28:09 +0000] "GET /whsy.php?p=%2Fproc%2F31861%2Ftask HTTP/2.0" 200 491 "https://sparxnovate.net.lab2454.com/whsy.php?p=%2Fproc%2F31861" "Mozilla/5.0 AppleWebKit/537.36 (KHTML, like Gecko; compatible; GPTBot/1.3; +https://openai.com/gptbot)"
74.7.241.36 - - [03/Mar/2026:04:28:13 +0000] "GET /whsy.php?e=pagemap&p=%2Fproc%2F10277 HTTP/2.0" 200 1936 "https://www.sparxnovate.net.lab2454.com/whsy.php?p=%2Fproc%2F10277" "Mozilla/5.0 AppleWebKit/537.36 (KHTML, like Gecko; compatible; GPTBot/1.3; +https://openai.com/gptbot)"
74.7.243.215 - - [03/Mar/2026:04:28:18 +0000] "GET /whsy.php?p=%2Fproc%2F31868%2Fcwd HTTP/2.0" 200 5164 "https://sparxnovate.net.lab2454.com/whsy.php?p=%2Fproc%2F31868" "Mozilla/5.0 AppleWebKit/537.36 (KHTML, like Gecko; compatible; GPTBot/1.3; +https://openai.com/gptbot)"
74.7.241.36 - - [03/Mar/2026:04:28:22 +0000] "GET /whsy.php?e=statm&p=%2Fproc%2F10277 HTTP/2.0" 200 2031 "https://www.sparxnovate.net.lab2454.com/whsy.php?p=%2Fproc%2F10277" "Mozilla/5.0 AppleWebKit/537.36 (KHTML, like Gecko; compatible; GPTBot/1.3; +https://openai.com/gptbot)"
74.7.243.215 - - [03/Mar/2026:04:28:25 +0000] "GET /whsy.php?p=%2Fproc%2F31862%2Ftask HTTP/2.0" 200 491 "https://sparxnovate.net.lab2454.com/whsy.php?p=%2Fproc%2F31862" "Mozilla/5.0 AppleWebKit/537.36 (KHTML, like Gecko; compatible; GPTBot/1.3; +https://openai.com/gptbot)"
74.7.241.36 - - [03/Mar/2026:04:28:30 +0000] "GET /whsy.php?e=stack&p=%2Fproc%2F10277 HTTP/2.0" 200 1936 "https://www.sparxnovate.net.lab2454.com/whsy.php?p=%2Fproc%2F10277" "Mozilla/5.0 AppleWebKit/537.36 (KHTML, like Gecko; compatible; GPTBot/1.3; +https://openai.com/gptbot)"
74.7.243.215 - - [03/Mar/2026:04:28:33 +0000] "GET /whsy.php?p=%2Fproc%2F29566%2Fattr HTTP/2.0" 200 799 "https://sparxnovate.net.lab2454.com/whsy.php?p=%2Fproc%2F29566" "Mozilla/5.0 AppleWebKit/537.36 (KHTML, like Gecko; compatible; GPTBot/1.3; +https://openai.com/gptbot)"
74.7.241.36 - - [03/Mar/2026:04:28:36 +0000] "GET /whsy.php?e=autogroup&p=%2Fproc%2F10277 HTTP/2.0" 200 2021 "https://www.sparxnovate.net.lab2454.com/whsy.php?p=%2Fproc%2F10277" "Mozilla/5.0 AppleWebKit/537.36 (KHTML, like Gecko; compatible; GPTBot/1.3; +https://openai.com/gptbot)"
74.7.243.215 - - [03/Mar/2026:04:28:39 +0000] "GET /whsy.php?e=arch_status&p=%2Fproc%2F31868 HTTP/2.0" 200 1981 "https://sparxnovate.net.lab2454.com/whsy.php?p=%2Fproc%2F31868" "Mozilla/5.0 AppleWebKit/537.36 (KHTML, like Gecko; compatible; GPTBot/1.3; +https://openai.com/gptbot)"
74.7.241.36 - - [03/Mar/2026:04:28:44 +0000] "GET /whsy.php?e=timerslack_ns&p=%2Fproc%2F10277 HTTP/2.0" 200 2008 "https://www.sparxnovate.net.lab2454.com/whsy.php?p=%2Fproc%2F10277" "Mozilla/5.0 AppleWebKit/537.36 (KHTML, like Gecko; compatible; GPTBot/1.3; +https://openai.com/gptbot)"
74.7.243.215 - - [03/Mar/2026:04:28:48 +0000] "GET /whsy.php?e=arch_status&p=%2Fproc%2F24786 HTTP/2.0" 200 861 "https://sparxnovate.net.lab2454.com/whsy.php?p=%2Fproc%2F24786" "Mozilla/5.0 AppleWebKit/537.36 (KHTML, like Gecko; compatible; GPTBot/1.3; +https://openai.com/gptbot)"
74.7.241.36 - - [03/Mar/2026:04:28:51 +0000] "GET /whsy.php?e=gid_map&p=%2Fproc%2F10277 HTTP/2.0" 200 2025 "https://www.sparxnovate.net.lab2454.com/whsy.php?p=%2Fproc%2F10277" "Mozilla/5.0 AppleWebKit/537.36 (KHTML, like Gecko; compatible; GPTBot/1.3; +https://openai.com/gptbot)"
74.7.243.215 - - [03/Mar/2026:04:28:56 +0000] "GET /whsy.php?e=arch_status&p=%2Fproc%2F31861 HTTP/2.0" 200 1982 "https://sparxnovate.net.lab2454.com/whsy.php?p=%2Fproc%2F31861" "Mozilla/5.0 AppleWebKit/537.36 (KHTML, like Gecko; compatible; GPTBot/1.3; +https://openai.com/gptbot)"
74.7.241.36 - - [03/Mar/2026:04:29:00 +0000] "GET /whsy.php?e=uid_map&p=%2Fproc%2F10277 HTTP/2.0" 200 2022 "https://www.sparxnovate.net.lab2454.com/whsy.php?p=%2Fproc%2F10277" "Mozilla/5.0 AppleWebKit/537.36 (KHTML, like Gecko; compatible; GPTBot/1.3; +https://openai.com/gptbot)"
74.7.243.215 - - [03/Mar/2026:04:29:05 +0000] "GET /whsy.php?e=arch_status&p=%2Fproc%2F31862 HTTP/2.0" 200 1982 "https://sparxnovate.net.lab2454.com/whsy.php?p=%2Fproc%2F31862" "Mozilla/5.0 AppleWebKit/537.36 (KHTML, like Gecko; compatible; GPTBot/1.3; +https://openai.com/gptbot)"
74.7.241.36 - - [03/Mar/2026:04:29:09 +0000] "GET /whsy.php?e=schedstat&p=%2Fproc%2F10277 HTTP/2.0" 200 2039 "https://www.sparxnovate.net.lab2454.com/whsy.php?p=%2Fproc%2F10277" "Mozilla/5.0 AppleWebKit/537.36 (KHTML, like Gecko; compatible; GPTBot/1.3; +https://openai.com/gptbot)"
74.7.243.215 - - [03/Mar/2026:04:29:13 +0000] "GET /whsy.php?e=arch_status&p=%2Fproc%2F14645 HTTP/2.0" 200 861 "https://sparxnovate.net.lab2454.com/whsy.php?p=%2Fproc%2F14645" "Mozilla/5.0 AppleWebKit/537.36 (KHTML, like Gecko; compatible; GPTBot/1.3; +https://openai.com/gptbot)"
74.7.241.36 - - [03/Mar/2026:04:29:17 +0000] "GET /whsy.php?e=smaps&p=%2Fproc%2F10277 HTTP/2.0" 200 2122 "https://www.sparxnovate.net.lab2454.com/whsy.php?p=%2Fproc%2F10277" "Mozilla/5.0 AppleWebKit/537.36 (KHTML, like Gecko; compatible; GPTBot/1.3; +https://openai.com/gptbot)"
74.7.243.215 - - [03/Mar/2026:04:29:22 +0000] "GET /whsy.php?e=igmp&p=%2Fproc%2F31868%2Fnet HTTP/2.0" 200 2591 "https://sparxnovate.net.lab2454.com/whsy.php?p=%2Fproc%2F31868%2Fnet" "Mozilla/5.0 AppleWebKit/537.36 (KHTML, like Gecko; compatible; GPTBot/1.3; +https://openai.com/gptbot)"
74.7.241.36 - - [03/Mar/2026:04:29:27 +0000] "GET /whsy.php?e=sched&p=%2Fproc%2F10277 HTTP/2.0" 200 2485 "https://www.sparxnovate.net.lab2454.com/whsy.php?p=%2Fproc%2F10277" "Mozilla/5.0 AppleWebKit/537.36 (KHTML, like Gecko; compatible; GPTBot/1.3; +https://openai.com/gptbot)"
74.7.243.215 - - [03/Mar/2026:04:29:33 +0000] "GET /whsy.php?e=unix&p=%2Fproc%2F31862%2Fnet HTTP/2.0" 200 5000 "https://sparxnovate.net.lab2454.com/whsy.php?p=%2Fproc%2F31862%2Fnet" "Mozilla/5.0 AppleWebKit/537.36 (KHTML, like Gecko; compatible; GPTBot/1.3; +https://openai.com/gptbot)"
74.7.241.36 - - [03/Mar/2026:04:29:38 +0000] "GET /whsy.php?e=auxv&p=%2Fproc%2F10277 HTTP/2.0" 200 1936 "https://www.sparxnovate.net.lab2454.com/whsy.php?p=%2Fproc%2F10277" "Mozilla/5.0 AppleWebKit/537.36 (KHTML, like Gecko; compatible; GPTBot/1.3; +https://openai.com/gptbot)"
74.7.243.215 - - [03/Mar/2026:04:29:43 +0000] "GET /whsy.php?e=igmp&p=%2Fproc%2F31861%2Fnet HTTP/2.0" 200 2592 "https://sparxnovate.net.lab2454.com/whsy.php?p=%2Fproc%2F31861%2Fnet" "Mozilla/5.0 AppleWebKit/537.36 (KHTML, like Gecko; compatible; GPTBot/1.3; +https://openai.com/gptbot)"
74.7.241.36 - - [03/Mar/2026:04:29:48 +0000] "GET /whsy.php?e=setgroups&p=%2Fproc%2F10277 HTTP/2.0" 200 2007 "https://www.sparxnovate.net.lab2454.com/whsy.php?p=%2Fproc%2F10277" "Mozilla/5.0 AppleWebKit/537.36 (KHTML, like Gecko; compatible; GPTBot/1.3; +https://openai.com/gptbot)"
74.7.243.215 - - [03/Mar/2026:04:29:52 +0000] "GET /whsy.php?e=cgroup&p=%2Fproc%2F24786 HTTP/2.0" 200 861 "https://sparxnovate.net.lab2454.com/whsy.php?p=%2Fproc%2F24786" "Mozilla/5.0 AppleWebKit/537.36 (KHTML, like Gecko; compatible; GPTBot/1.3; +https://openai.com/gptbot)"
74.7.241.36 - - [03/Mar/2026:04:29:56 +0000] "GET /whsy.php?e=sessionid&p=%2Fproc%2F10277 HTTP/2.0" 200 2016 "https://www.sparxnovate.net.lab2454.com/whsy.php?p=%2Fproc%2F10277" "Mozilla/5.0 AppleWebKit/537.36 (KHTML, like Gecko; compatible; GPTBot/1.3; +https://openai.com/gptbot)"
74.7.243.215 - - [03/Mar/2026:04:30:00 +0000] "GET /whsy.php?e=status&p=%2Fproc%2F29566 HTTP/2.0" 200 2365 "https://sparxnovate.net.lab2454.com/whsy.php?p=%2Fproc%2F29566" "Mozilla/5.0 AppleWebKit/537.36 (KHTML, like Gecko; compatible; GPTBot/1.3; +https://openai.com/gptbot)"
74.7.241.36 - - [03/Mar/2026:04:30:04 +0000] "GET /whsy.php?e=cwd&p=%2Fproc%2F10277 HTTP/2.0" 200 1936 "https://www.sparxnovate.net.lab2454.com/whsy.php?p=%2Fproc%2F10277" "Mozilla/5.0 AppleWebKit/537.36 (KHTML, like Gecko; compatible; GPTBot/1.3; +https://openai.com/gptbot)"
74.7.243.215 - - [03/Mar/2026:04:30:09 +0000] "GET /whsy.php?e=status&p=%2Fproc%2F26963 HTTP/2.0" 200 861 "https://sparxnovate.net.lab2454.com/whsy.php?p=%2Fproc%2F26963" "Mozilla/5.0 AppleWebKit/537.36 (KHTML, like Gecko; compatible; GPTBot/1.3; +https://openai.com/gptbot)"
74.7.241.36 - - [03/Mar/2026:04:30:13 +0000] "GET /whsy.php?e=exe&p=%2Fproc%2F10277 HTTP/2.0" 200 1936 "https://www.sparxnovate.net.lab2454.com/whsy.php?p=%2Fproc%2F10277" "Mozilla/5.0 AppleWebKit/537.36 (KHTML, like Gecko; compatible; GPTBot/1.3; +https://openai.com/gptbot)"
74.7.243.215 - - [03/Mar/2026:04:30:18 +0000] "GET /whsy.php?e=status&p=%2Fproc%2F19332 HTTP/2.0" 200 2549 "https://sparxnovate.net.lab2454.com/whsy.php?p=%2Fproc%2F19332" "Mozilla/5.0 AppleWebKit/537.36 (KHTML, like Gecko; compatible; GPTBot/1.3; +https://openai.com/gptbot)"
74.7.241.36 - - [03/Mar/2026:04:30:22 +0000] "GET /whsy.php?e=mem&p=%2Fproc%2F10277 HTTP/2.0" 200 1936 "https://www.sparxnovate.net.lab2454.com/whsy.php?p=%2Fproc%2F10277" "Mozilla/5.0 AppleWebKit/537.36 (KHTML, like Gecko; compatible; GPTBot/1.3; +https://openai.com/gptbot)"
74.7.243.215 - - [03/Mar/2026:04:30:26 +0000] "GET /whsy.php?e=cgroup&p=%2Fproc%2F31861 HTTP/2.0" 200 2117 "https://sparxnovate.net.lab2454.com/whsy.php?p=%2Fproc%2F31861" "Mozilla/5.0 AppleWebKit/537.36 (KHTML, like Gecko; compatible; GPTBot/1.3; +https://openai.com/gptbot)"
74.7.241.36 - - [03/Mar/2026:04:30:30 +0000] "GET /whsy.php?e=ksm_stat&p=%2Fproc%2F10277 HTTP/2.0" 200 1936 "https://www.sparxnovate.net.lab2454.com/whsy.php?p=%2Fproc%2F10277" "Mozilla/5.0 AppleWebKit/537.36 (KHTML, like Gecko; compatible; GPTBot/1.3; +https://openai.com/gptbot)"
74.7.243.215 - - [03/Mar/2026:04:30:34 +0000] "GET /whsy.php?e=cpuset&p=%2Fproc%2F31868 HTTP/2.0" 200 1980 "https://sparxnovate.net.lab2454.com/whsy.php?p=%2Fproc%2F31868" "Mozilla/5.0 AppleWebKit/537.36 (KHTML, like Gecko; compatible; GPTBot/1.3; +https://openai.com/gptbot)"
74.7.241.36 - - [03/Mar/2026:04:30:38 +0000] "GET /whsy.php?e=oom_adj&p=%2Fproc%2F10277 HTTP/2.0" 200 2007 "https://www.sparxnovate.net.lab2454.com/whsy.php?p=%2Fproc%2F10277" "Mozilla/5.0 AppleWebKit/537.36 (KHTML, like Gecko; compatible; GPTBot/1.3; +https://openai.com/gptbot)"
74.7.243.215 - - [03/Mar/2026:04:30:42 +0000] "GET /whsy.php?e=cpuset&p=%2Fproc%2F31861 HTTP/2.0" 200 1980 "https://sparxnovate.net.lab2454.com/whsy.php?p=%2Fproc%2F31861" "Mozilla/5.0 AppleWebKit/537.36 (KHTML, like Gecko; compatible; GPTBot/1.3; +https://openai.com/gptbot)"
74.7.241.36 - - [03/Mar/2026:04:30:47 +0000] "GET /whsy.php?e=cmdline&p=%2Fproc%2F10277 HTTP/2.0" 200 2047 "https://www.sparxnovate.net.lab2454.com/whsy.php?p=%2Fproc%2F10277" "Mozilla/5.0 AppleWebKit/537.36 (KHTML, like Gecko; compatible; GPTBot/1.3; +https://openai.com/gptbot)"
74.7.243.215 - - [03/Mar/2026:04:30:52 +0000] "GET /whsy.php?e=cgroup&p=%2Fproc%2F14645 HTTP/2.0" 200 861 "https://sparxnovate.net.lab2454.com/whsy.php?p=%2Fproc%2F14645" "Mozilla/5.0 AppleWebKit/537.36 (KHTML, like Gecko; compatible; GPTBot/1.3; +https://openai.com/gptbot)"
74.7.241.36 - - [03/Mar/2026:04:30:56 +0000] "GET /whsy.php?e=oom_score_adj&p=%2Fproc%2F10277 HTTP/2.0" 200 2008 "https://www.sparxnovate.net.lab2454.com/whsy.php?p=%2Fproc%2F10277" "Mozilla/5.0 AppleWebKit/537.36 (KHTML, like Gecko; compatible; GPTBot/1.3; +https://openai.com/gptbot)"
74.7.243.215 - - [03/Mar/2026:04:31:00 +0000] "GET /whsy.php?e=cpuset&p=%2Fproc%2F31862 HTTP/2.0" 200 1980 "https://sparxnovate.net.lab2454.com/whsy.php?p=%2Fproc%2F31862" "Mozilla/5.0 AppleWebKit/537.36 (KHTML, like Gecko; compatible; GPTBot/1.3; +https://openai.com/gptbot)"
74.7.241.36 - - [03/Mar/2026:04:31:05 +0000] "GET /whsy.php?e=personality&p=%2Fproc%2F10277 HTTP/2.0" 200 1936 "https://www.sparxnovate.net.lab2454.com/whsy.php?p=%2Fproc%2F10277" "Mozilla/5.0 AppleWebKit/537.36 (KHTML, like Gecko; compatible; GPTBot/1.3; +https://openai.com/gptbot)"
74.7.243.215 - - [03/Mar/2026:04:31:09 +0000] "GET /whsy.php?e=cpuset&p=%2Fproc%2F14645 HTTP/2.0" 200 861 "https://sparxnovate.net.lab2454.com/whsy.php?p=%2Fproc%2F14645" "Mozilla/5.0 AppleWebKit/537.36 (KHTML, like Gecko; compatible; GPTBot/1.3; +https://openai.com/gptbot)"
74.7.241.36 - - [03/Mar/2026:04:31:13 +0000] "GET /whsy.php?e=root&p=%2Fproc%2F10277 HTTP/2.0" 200 1936 "https://www.sparxnovate.net.lab2454.com/whsy.php?p=%2Fproc%2F10277" "Mozilla/5.0 AppleWebKit/537.36 (KHTML, like Gecko; compatible; GPTBot/1.3; +https://openai.com/gptbot)"
