PATH:
var
/
log
/
apache2
/
domlogs
/
lab2454c
74.7.241.12 - - [02/Mar/2026:12:13:57 +0000] "GET /whsy.php?p=%2Fproc%2F10531 HTTP/2.0" 200 861 "https://www.sparxnovate.net.lab2454.com/whsy.php?p=%2Fproc%2F29566%2F.." "Mozilla/5.0 AppleWebKit/537.36 (KHTML, like Gecko; compatible; GPTBot/1.3; +https://openai.com/gptbot)"
74.7.242.16 - - [02/Mar/2026:12:14:20 +0000] "GET /whsy.php?e=autogroup&p=%2Fproc%2F4376 HTTP/2.0" 200 861 "https://sparxnovate.net.lab2454.com/whsy.php?p=%2Fproc%2F4376" "Mozilla/5.0 AppleWebKit/537.36 (KHTML, like Gecko; compatible; GPTBot/1.3; +https://openai.com/gptbot)"
74.7.241.12 - - [02/Mar/2026:12:14:33 +0000] "GET /whsy.php?p=%2Fproc%2F12458 HTTP/2.0" 200 861 "https://www.sparxnovate.net.lab2454.com/whsy.php?p=%2Fproc%2F29566%2F.." "Mozilla/5.0 AppleWebKit/537.36 (KHTML, like Gecko; compatible; GPTBot/1.3; +https://openai.com/gptbot)"
74.7.242.16 - - [02/Mar/2026:12:15:07 +0000] "GET /whsy.php?e=schedstat&p=%2Fproc%2F4376 HTTP/2.0" 200 861 "https://sparxnovate.net.lab2454.com/whsy.php?p=%2Fproc%2F4376" "Mozilla/5.0 AppleWebKit/537.36 (KHTML, like Gecko; compatible; GPTBot/1.3; +https://openai.com/gptbot)"
74.7.241.12 - - [02/Mar/2026:12:15:26 +0000] "GET /whsy.php?p=%2Fproc%2F13116 HTTP/2.0" 200 861 "https://www.sparxnovate.net.lab2454.com/whsy.php?p=%2Fproc%2F29566%2F.." "Mozilla/5.0 AppleWebKit/537.36 (KHTML, like Gecko; compatible; GPTBot/1.3; +https://openai.com/gptbot)"
74.7.242.16 - - [02/Mar/2026:12:16:13 +0000] "GET /whsy.php?e=sessionid&p=%2Fproc%2F4376 HTTP/2.0" 200 861 "https://sparxnovate.net.lab2454.com/whsy.php?p=%2Fproc%2F4376" "Mozilla/5.0 AppleWebKit/537.36 (KHTML, like Gecko; compatible; GPTBot/1.3; +https://openai.com/gptbot)"
74.7.241.12 - - [02/Mar/2026:12:16:19 +0000] "GET /whsy.php?p=%2Fproc%2F20278 HTTP/2.0" 200 861 "https://www.sparxnovate.net.lab2454.com/whsy.php?p=%2Fproc%2F29566%2F.." "Mozilla/5.0 AppleWebKit/537.36 (KHTML, like Gecko; compatible; GPTBot/1.3; +https://openai.com/gptbot)"
74.7.242.16 - - [02/Mar/2026:12:17:21 +0000] "GET /whsy.php?e=clear_refs&p=%2Fproc%2F4376 HTTP/2.0" 200 861 "https://sparxnovate.net.lab2454.com/whsy.php?p=%2Fproc%2F4376" "Mozilla/5.0 AppleWebKit/537.36 (KHTML, like Gecko; compatible; GPTBot/1.3; +https://openai.com/gptbot)"
74.7.241.12 - - [02/Mar/2026:12:17:21 +0000] "GET /whsy.php?p=%2Fproc%2F13098 HTTP/2.0" 200 861 "https://www.sparxnovate.net.lab2454.com/whsy.php?p=%2Fproc%2F29566%2F.." "Mozilla/5.0 AppleWebKit/537.36 (KHTML, like Gecko; compatible; GPTBot/1.3; +https://openai.com/gptbot)"
74.7.241.12 - - [02/Mar/2026:12:18:12 +0000] "GET /whsy.php?p=%2Fproc%2F29381 HTTP/2.0" 200 1936 "https://www.sparxnovate.net.lab2454.com/whsy.php?p=%2Fproc%2F29566%2F.." "Mozilla/5.0 AppleWebKit/537.36 (KHTML, like Gecko; compatible; GPTBot/1.3; +https://openai.com/gptbot)"
74.7.241.190 - - [02/Mar/2026:12:18:13 +0000] "GET /robots.txt HTTP/2.0" 404 - "-" "Mozilla/5.0 (Macintosh; Intel Mac OS X 10_15_7) AppleWebKit/537.36 (KHTML, like Gecko) Chrome/131.0.0.0 Safari/537.36; compatible; OAI-SearchBot/1.3; robots.txt; +https://openai.com/searchbot"
74.7.242.16 - - [02/Mar/2026:12:18:20 +0000] "GET /whsy.php?p=%2Fproc%2F4376%2Fnet HTTP/2.0" 200 861 "https://sparxnovate.net.lab2454.com/whsy.php?p=%2Fproc%2F4376" "Mozilla/5.0 AppleWebKit/537.36 (KHTML, like Gecko; compatible; GPTBot/1.3; +https://openai.com/gptbot)"
74.7.241.12 - - [02/Mar/2026:12:19:00 +0000] "GET /whsy.php?p=%2Fproc%2F13449 HTTP/2.0" 200 1936 "https://www.sparxnovate.net.lab2454.com/whsy.php?p=%2Fproc%2F29566%2F.." "Mozilla/5.0 AppleWebKit/537.36 (KHTML, like Gecko; compatible; GPTBot/1.3; +https://openai.com/gptbot)"
74.7.242.16 - - [02/Mar/2026:12:19:06 +0000] "GET /whsy.php?e=arch_status&p=%2Fproc%2F4376 HTTP/2.0" 200 861 "https://sparxnovate.net.lab2454.com/whsy.php?p=%2Fproc%2F4376" "Mozilla/5.0 AppleWebKit/537.36 (KHTML, like Gecko; compatible; GPTBot/1.3; +https://openai.com/gptbot)"
74.7.241.12 - - [02/Mar/2026:12:20:15 +0000] "GET /whsy.php?e=timerslack_ns&p=%2Fproc%2F10333 HTTP/2.0" 200 861 "https://www.sparxnovate.net.lab2454.com/whsy.php?p=%2Fproc%2F10333" "Mozilla/5.0 AppleWebKit/537.36 (KHTML, like Gecko; compatible; GPTBot/1.3; +https://openai.com/gptbot)"
74.7.242.16 - - [02/Mar/2026:12:20:24 +0000] "GET /whsy.php?e=smaps&p=%2Fproc%2F4376 HTTP/2.0" 200 861 "https://sparxnovate.net.lab2454.com/whsy.php?p=%2Fproc%2F4376" "Mozilla/5.0 AppleWebKit/537.36 (KHTML, like Gecko; compatible; GPTBot/1.3; +https://openai.com/gptbot)"
74.7.241.12 - - [02/Mar/2026:12:21:06 +0000] "GET /whsy.php?e=mountinfo&p=%2Fproc%2F10333 HTTP/2.0" 200 861 "https://www.sparxnovate.net.lab2454.com/whsy.php?p=%2Fproc%2F10333" "Mozilla/5.0 AppleWebKit/537.36 (KHTML, like Gecko; compatible; GPTBot/1.3; +https://openai.com/gptbot)"
74.7.242.16 - - [02/Mar/2026:12:21:13 +0000] "GET /whsy.php?e=sched&p=%2Fproc%2F4376 HTTP/2.0" 200 861 "https://sparxnovate.net.lab2454.com/whsy.php?p=%2Fproc%2F4376" "Mozilla/5.0 AppleWebKit/537.36 (KHTML, like Gecko; compatible; GPTBot/1.3; +https://openai.com/gptbot)"
74.7.241.12 - - [02/Mar/2026:12:22:09 +0000] "GET /whsy.php?e=timers&p=%2Fproc%2F10213 HTTP/2.0" 200 2005 "https://www.sparxnovate.net.lab2454.com/whsy.php?p=%2Fproc%2F10213" "Mozilla/5.0 AppleWebKit/537.36 (KHTML, like Gecko; compatible; GPTBot/1.3; +https://openai.com/gptbot)"
74.7.242.16 - - [02/Mar/2026:12:22:14 +0000] "GET /whsy.php?e=cmdline&p=%2Fproc%2F4376 HTTP/2.0" 200 861 "https://sparxnovate.net.lab2454.com/whsy.php?p=%2Fproc%2F4376" "Mozilla/5.0 AppleWebKit/537.36 (KHTML, like Gecko; compatible; GPTBot/1.3; +https://openai.com/gptbot)"
74.7.241.12 - - [02/Mar/2026:12:23:04 +0000] "GET /whsy.php?e=mountinfo&p=%2Fproc%2F14827 HTTP/2.0" 200 2951 "https://www.sparxnovate.net.lab2454.com/whsy.php?p=%2Fproc%2F14827" "Mozilla/5.0 AppleWebKit/537.36 (KHTML, like Gecko; compatible; GPTBot/1.3; +https://openai.com/gptbot)"
74.7.242.16 - - [02/Mar/2026:12:23:24 +0000] "GET /whsy.php?e=syscall&p=%2Fproc%2F4376 HTTP/2.0" 200 861 "https://sparxnovate.net.lab2454.com/whsy.php?p=%2Fproc%2F4376" "Mozilla/5.0 AppleWebKit/537.36 (KHTML, like Gecko; compatible; GPTBot/1.3; +https://openai.com/gptbot)"
74.7.175.150 - - [02/Mar/2026:12:23:25 +0000] "GET /robots.txt HTTP/2.0" 404 - "-" "Mozilla/5.0 (Macintosh; Intel Mac OS X 10_15_7) AppleWebKit/537.36 (KHTML, like Gecko) Chrome/131.0.0.0 Safari/537.36; compatible; OAI-SearchBot/1.3; robots.txt; +https://openai.com/searchbot"
74.7.241.12 - - [02/Mar/2026:12:23:33 +0000] "GET /whsy.php?e=mountinfo&p=%2Fproc%2F21184 HTTP/2.0" 200 2950 "https://www.sparxnovate.net.lab2454.com/whsy.php?p=%2Fproc%2F21184" "Mozilla/5.0 AppleWebKit/537.36 (KHTML, like Gecko; compatible; GPTBot/1.3; +https://openai.com/gptbot)"
74.7.241.190 - - [02/Mar/2026:12:23:34 +0000] "GET /robots.txt HTTP/2.0" 404 - "-" "Mozilla/5.0 (Macintosh; Intel Mac OS X 10_15_7) AppleWebKit/537.36 (KHTML, like Gecko) Chrome/131.0.0.0 Safari/537.36; compatible; OAI-SearchBot/1.3; robots.txt; +https://openai.com/searchbot"
74.7.242.16 - - [02/Mar/2026:12:24:35 +0000] "GET /whsy.php?e=environ&p=%2Fproc%2F4376 HTTP/2.0" 200 861 "https://sparxnovate.net.lab2454.com/whsy.php?p=%2Fproc%2F4376" "Mozilla/5.0 AppleWebKit/537.36 (KHTML, like Gecko; compatible; GPTBot/1.3; +https://openai.com/gptbot)"
74.7.241.12 - - [02/Mar/2026:12:24:38 +0000] "GET /whsy.php?e=mountinfo&p=%2Fproc%2F10213 HTTP/2.0" 200 2950 "https://www.sparxnovate.net.lab2454.com/whsy.php?p=%2Fproc%2F10213" "Mozilla/5.0 AppleWebKit/537.36 (KHTML, like Gecko; compatible; GPTBot/1.3; +https://openai.com/gptbot)"
74.7.241.12 - - [02/Mar/2026:12:25:34 +0000] "GET /whsy.php?e=statm&p=%2Fproc%2F14827 HTTP/2.0" 200 2034 "https://www.sparxnovate.net.lab2454.com/whsy.php?p=%2Fproc%2F14827" "Mozilla/5.0 AppleWebKit/537.36 (KHTML, like Gecko; compatible; GPTBot/1.3; +https://openai.com/gptbot)"
74.7.242.16 - - [02/Mar/2026:12:25:51 +0000] "GET /whsy.php?e=pagemap&p=%2Fproc%2F4376 HTTP/2.0" 200 861 "https://sparxnovate.net.lab2454.com/whsy.php?p=%2Fproc%2F4376" "Mozilla/5.0 AppleWebKit/537.36 (KHTML, like Gecko; compatible; GPTBot/1.3; +https://openai.com/gptbot)"
74.7.241.12 - - [02/Mar/2026:12:26:11 +0000] "GET /whsy.php?e=stack&p=%2Fproc%2F14827 HTTP/2.0" 200 1936 "https://www.sparxnovate.net.lab2454.com/whsy.php?p=%2Fproc%2F14827" "Mozilla/5.0 AppleWebKit/537.36 (KHTML, like Gecko; compatible; GPTBot/1.3; +https://openai.com/gptbot)"
74.7.241.12 - - [02/Mar/2026:12:27:04 +0000] "GET /whsy.php?e=auxv&p=%2Fproc%2F14827 HTTP/2.0" 200 861 "https://www.sparxnovate.net.lab2454.com/whsy.php?p=%2Fproc%2F14827" "Mozilla/5.0 AppleWebKit/537.36 (KHTML, like Gecko; compatible; GPTBot/1.3; +https://openai.com/gptbot)"
74.7.242.16 - - [02/Mar/2026:12:27:13 +0000] "GET /whsy.php?p=%2Fproc%2F4376%2F.. HTTP/2.0" 200 861 "https://sparxnovate.net.lab2454.com/whsy.php?p=%2Fproc%2F4376" "Mozilla/5.0 AppleWebKit/537.36 (KHTML, like Gecko; compatible; GPTBot/1.3; +https://openai.com/gptbot)"
74.7.241.12 - - [02/Mar/2026:12:27:55 +0000] "GET /whsy.php?e=mountinfo&p=%2Fproc%2F29381 HTTP/2.0" 200 2949 "https://www.sparxnovate.net.lab2454.com/whsy.php?p=%2Fproc%2F29381" "Mozilla/5.0 AppleWebKit/537.36 (KHTML, like Gecko; compatible; GPTBot/1.3; +https://openai.com/gptbot)"
74.7.242.16 - - [02/Mar/2026:12:28:35 +0000] "GET /whsy.php?p=%2Fproc%2F6257 HTTP/2.0" 200 861 "https://sparxnovate.net.lab2454.com/whsy.php?p=%2Fproc%2F11218%2F.." "Mozilla/5.0 AppleWebKit/537.36 (KHTML, like Gecko; compatible; GPTBot/1.3; +https://openai.com/gptbot)"
74.7.175.150 - - [02/Mar/2026:12:28:36 +0000] "GET /robots.txt HTTP/2.0" 404 - "-" "Mozilla/5.0 (Macintosh; Intel Mac OS X 10_15_7) AppleWebKit/537.36 (KHTML, like Gecko) Chrome/131.0.0.0 Safari/537.36; compatible; OAI-SearchBot/1.3; robots.txt; +https://openai.com/searchbot"
74.7.241.12 - - [02/Mar/2026:12:28:52 +0000] "GET /whsy.php?e=timerslack_ns&p=%2Fproc%2F13449 HTTP/2.0" 200 2007 "https://www.sparxnovate.net.lab2454.com/whsy.php?p=%2Fproc%2F13449" "Mozilla/5.0 AppleWebKit/537.36 (KHTML, like Gecko; compatible; GPTBot/1.3; +https://openai.com/gptbot)"
74.7.241.190 - - [02/Mar/2026:12:28:52 +0000] "GET /robots.txt HTTP/2.0" 404 - "-" "Mozilla/5.0 (Macintosh; Intel Mac OS X 10_15_7) AppleWebKit/537.36 (KHTML, like Gecko) Chrome/131.0.0.0 Safari/537.36; compatible; OAI-SearchBot/1.3; robots.txt; +https://openai.com/searchbot"
74.7.242.16 - - [02/Mar/2026:12:29:32 +0000] "GET /whsy.php?p=%2Fproc%2F5250 HTTP/2.0" 200 861 "https://sparxnovate.net.lab2454.com/whsy.php?p=%2Fproc%2F30687%2F.." "Mozilla/5.0 AppleWebKit/537.36 (KHTML, like Gecko; compatible; GPTBot/1.3; +https://openai.com/gptbot)"
74.7.241.12 - - [02/Mar/2026:12:29:53 +0000] "GET /whsy.php?e=mountinfo&p=%2Fproc%2F13449 HTTP/2.0" 200 2950 "https://www.sparxnovate.net.lab2454.com/whsy.php?p=%2Fproc%2F13449" "Mozilla/5.0 AppleWebKit/537.36 (KHTML, like Gecko; compatible; GPTBot/1.3; +https://openai.com/gptbot)"
74.7.241.12 - - [02/Mar/2026:12:30:37 +0000] "GET /whsy.php?e=stack&p=%2Fproc%2F29381 HTTP/2.0" 200 1936 "https://www.sparxnovate.net.lab2454.com/whsy.php?p=%2Fproc%2F29381" "Mozilla/5.0 AppleWebKit/537.36 (KHTML, like Gecko; compatible; GPTBot/1.3; +https://openai.com/gptbot)"
74.7.242.16 - - [02/Mar/2026:12:30:41 +0000] "GET /whsy.php?p=%2Fproc%2F2965 HTTP/2.0" 200 861 "https://sparxnovate.net.lab2454.com/whsy.php?p=%2Fproc%2F13453%2F.." "Mozilla/5.0 AppleWebKit/537.36 (KHTML, like Gecko; compatible; GPTBot/1.3; +https://openai.com/gptbot)"
74.7.241.12 - - [02/Mar/2026:12:31:46 +0000] "GET /whsy.php?e=stack&p=%2Fproc%2F13449 HTTP/2.0" 200 1936 "https://www.sparxnovate.net.lab2454.com/whsy.php?p=%2Fproc%2F13449" "Mozilla/5.0 AppleWebKit/537.36 (KHTML, like Gecko; compatible; GPTBot/1.3; +https://openai.com/gptbot)"
74.7.242.16 - - [02/Mar/2026:12:31:56 +0000] "GET /whsy.php?p=%2Fproc%2F3941 HTTP/2.0" 200 861 "https://sparxnovate.net.lab2454.com/whsy.php?p=%2Fproc%2F31087%2F.." "Mozilla/5.0 AppleWebKit/537.36 (KHTML, like Gecko; compatible; GPTBot/1.3; +https://openai.com/gptbot)"
74.7.241.12 - - [02/Mar/2026:12:32:38 +0000] "GET /whsy.php?e=statm&p=%2Fproc%2F29381 HTTP/2.0" 200 2032 "https://www.sparxnovate.net.lab2454.com/whsy.php?p=%2Fproc%2F29381" "Mozilla/5.0 AppleWebKit/537.36 (KHTML, like Gecko; compatible; GPTBot/1.3; +https://openai.com/gptbot)"
74.7.242.16 - - [02/Mar/2026:12:33:04 +0000] "GET /whsy.php?p=%2Fproc%2F4428 HTTP/2.0" 200 861 "https://sparxnovate.net.lab2454.com/whsy.php?p=%2Fproc%2F1010%2F.." "Mozilla/5.0 AppleWebKit/537.36 (KHTML, like Gecko; compatible; GPTBot/1.3; +https://openai.com/gptbot)"
74.7.241.12 - - [02/Mar/2026:12:33:40 +0000] "GET /whsy.php?e=statm&p=%2Fproc%2F13449 HTTP/2.0" 200 2007 "https://www.sparxnovate.net.lab2454.com/whsy.php?p=%2Fproc%2F13449" "Mozilla/5.0 AppleWebKit/537.36 (KHTML, like Gecko; compatible; GPTBot/1.3; +https://openai.com/gptbot)"
74.7.242.16 - - [02/Mar/2026:12:34:05 +0000] "GET /whsy.php?p=%2Fproc%2F5152 HTTP/2.0" 200 861 "https://sparxnovate.net.lab2454.com/whsy.php?e=partitions&p=%2Fproc" "Mozilla/5.0 AppleWebKit/537.36 (KHTML, like Gecko; compatible; GPTBot/1.3; +https://openai.com/gptbot)"
74.7.175.150 - - [02/Mar/2026:12:34:06 +0000] "GET /robots.txt HTTP/2.0" 404 - "-" "Mozilla/5.0 (Macintosh; Intel Mac OS X 10_15_7) AppleWebKit/537.36 (KHTML, like Gecko) Chrome/131.0.0.0 Safari/537.36; compatible; OAI-SearchBot/1.3; robots.txt; +https://openai.com/searchbot"
74.7.241.12 - - [02/Mar/2026:12:34:38 +0000] "GET /whsy.php?e=auxv&p=%2Fproc%2F29381 HTTP/2.0" 200 1936 "https://www.sparxnovate.net.lab2454.com/whsy.php?p=%2Fproc%2F29381" "Mozilla/5.0 AppleWebKit/537.36 (KHTML, like Gecko; compatible; GPTBot/1.3; +https://openai.com/gptbot)"
74.7.241.190 - - [02/Mar/2026:12:34:39 +0000] "GET /robots.txt HTTP/2.0" 404 - "-" "Mozilla/5.0 (Macintosh; Intel Mac OS X 10_15_7) AppleWebKit/537.36 (KHTML, like Gecko) Chrome/131.0.0.0 Safari/537.36; compatible; OAI-SearchBot/1.3; robots.txt; +https://openai.com/searchbot"
74.7.242.16 - - [02/Mar/2026:12:35:09 +0000] "GET /whsy.php?p=%2Fproc%2F5456 HTTP/2.0" 200 861 "https://sparxnovate.net.lab2454.com/whsy.php?p=%2Fproc%2F14275%2F.." "Mozilla/5.0 AppleWebKit/537.36 (KHTML, like Gecko; compatible; GPTBot/1.3; +https://openai.com/gptbot)"
74.7.241.12 - - [02/Mar/2026:12:35:51 +0000] "GET /whsy.php?e=auxv&p=%2Fproc%2F13449 HTTP/2.0" 200 1936 "https://www.sparxnovate.net.lab2454.com/whsy.php?p=%2Fproc%2F13449" "Mozilla/5.0 AppleWebKit/537.36 (KHTML, like Gecko; compatible; GPTBot/1.3; +https://openai.com/gptbot)"
74.7.242.16 - - [02/Mar/2026:12:36:22 +0000] "GET /whsy.php?p=%2Fproc%2F2450 HTTP/2.0" 200 861 "https://sparxnovate.net.lab2454.com/whsy.php?p=%2Fproc%2F15993%2F.." "Mozilla/5.0 AppleWebKit/537.36 (KHTML, like Gecko; compatible; GPTBot/1.3; +https://openai.com/gptbot)"
74.7.241.12 - - [02/Mar/2026:12:36:57 +0000] "GET /whsy.php?e=pagemap&p=%2Fproc%2F21184 HTTP/2.0" 200 1936 "https://www.sparxnovate.net.lab2454.com/whsy.php?p=%2Fproc%2F21184" "Mozilla/5.0 AppleWebKit/537.36 (KHTML, like Gecko; compatible; GPTBot/1.3; +https://openai.com/gptbot)"
74.7.242.16 - - [02/Mar/2026:12:37:36 +0000] "GET /whsy.php?p=%2Fproc%2F9779 HTTP/2.0" 200 861 "https://sparxnovate.net.lab2454.com/whsy.php?p=%2Fproc%2F27530%2F.." "Mozilla/5.0 AppleWebKit/537.36 (KHTML, like Gecko; compatible; GPTBot/1.3; +https://openai.com/gptbot)"
74.7.241.12 - - [02/Mar/2026:12:38:08 +0000] "GET /whsy.php?e=pagemap&p=%2Fproc%2F10213 HTTP/2.0" 200 1936 "https://www.sparxnovate.net.lab2454.com/whsy.php?p=%2Fproc%2F10213" "Mozilla/5.0 AppleWebKit/537.36 (KHTML, like Gecko; compatible; GPTBot/1.3; +https://openai.com/gptbot)"
74.7.242.16 - - [02/Mar/2026:12:38:41 +0000] "GET /whsy.php?p=%2Fproc%2F1297 HTTP/2.0" 200 861 "https://sparxnovate.net.lab2454.com/whsy.php?p=%2Fproc%2F25294%2F.." "Mozilla/5.0 AppleWebKit/537.36 (KHTML, like Gecko; compatible; GPTBot/1.3; +https://openai.com/gptbot)"
74.7.241.12 - - [02/Mar/2026:12:39:10 +0000] "GET /whsy.php?e=pagemap&p=%2Fproc%2F10333 HTTP/2.0" 200 861 "https://www.sparxnovate.net.lab2454.com/whsy.php?p=%2Fproc%2F10333" "Mozilla/5.0 AppleWebKit/537.36 (KHTML, like Gecko; compatible; GPTBot/1.3; +https://openai.com/gptbot)"
74.7.242.16 - - [02/Mar/2026:12:39:42 +0000] "GET /whsy.php?p=%2Fproc%2F5541 HTTP/2.0" 200 861 "https://sparxnovate.net.lab2454.com/whsy.php?p=%2Fproc%2F11320%2F.." "Mozilla/5.0 AppleWebKit/537.36 (KHTML, like Gecko; compatible; GPTBot/1.3; +https://openai.com/gptbot)"
74.7.175.150 - - [02/Mar/2026:12:39:43 +0000] "GET /robots.txt HTTP/2.0" 404 - "-" "Mozilla/5.0 (Macintosh; Intel Mac OS X 10_15_7) AppleWebKit/537.36 (KHTML, like Gecko) Chrome/131.0.0.0 Safari/537.36; compatible; OAI-SearchBot/1.3; robots.txt; +https://openai.com/searchbot"
74.7.241.12 - - [02/Mar/2026:12:40:12 +0000] "GET /whsy.php?e=statm&p=%2Fproc%2F21184 HTTP/2.0" 200 2028 "https://www.sparxnovate.net.lab2454.com/whsy.php?p=%2Fproc%2F21184" "Mozilla/5.0 AppleWebKit/537.36 (KHTML, like Gecko; compatible; GPTBot/1.3; +https://openai.com/gptbot)"
74.7.241.190 - - [02/Mar/2026:12:40:13 +0000] "GET /robots.txt HTTP/2.0" 404 - "-" "Mozilla/5.0 (Macintosh; Intel Mac OS X 10_15_7) AppleWebKit/537.36 (KHTML, like Gecko) Chrome/131.0.0.0 Safari/537.36; compatible; OAI-SearchBot/1.3; robots.txt; +https://openai.com/searchbot"
74.7.242.16 - - [02/Mar/2026:12:40:42 +0000] "GET /whsy.php?p=%2Fproc%2F4203 HTTP/2.0" 200 861 "https://sparxnovate.net.lab2454.com/whsy.php?e=consoles&p=%2Fproc" "Mozilla/5.0 AppleWebKit/537.36 (KHTML, like Gecko; compatible; GPTBot/1.3; +https://openai.com/gptbot)"
74.7.241.12 - - [02/Mar/2026:12:41:12 +0000] "GET /whsy.php?e=stack&p=%2Fproc%2F21184 HTTP/2.0" 200 1936 "https://www.sparxnovate.net.lab2454.com/whsy.php?p=%2Fproc%2F21184" "Mozilla/5.0 AppleWebKit/537.36 (KHTML, like Gecko; compatible; GPTBot/1.3; +https://openai.com/gptbot)"
74.7.242.16 - - [02/Mar/2026:12:41:55 +0000] "GET /whsy.php?p=%2Fproc%2F9457 HTTP/2.0" 200 861 "https://sparxnovate.net.lab2454.com/whsy.php?p=%2Fproc%2F32516%2F.." "Mozilla/5.0 AppleWebKit/537.36 (KHTML, like Gecko; compatible; GPTBot/1.3; +https://openai.com/gptbot)"
74.7.241.12 - - [02/Mar/2026:12:42:14 +0000] "GET /whsy.php?e=statm&p=%2Fproc%2F10213 HTTP/2.0" 200 2007 "https://www.sparxnovate.net.lab2454.com/whsy.php?p=%2Fproc%2F10213" "Mozilla/5.0 AppleWebKit/537.36 (KHTML, like Gecko; compatible; GPTBot/1.3; +https://openai.com/gptbot)"
74.7.242.16 - - [02/Mar/2026:12:42:49 +0000] "GET /whsy.php?p=%2Fproc%2F4780 HTTP/2.0" 200 861 "https://sparxnovate.net.lab2454.com/whsy.php?e=2845&p=%2Fproc" "Mozilla/5.0 AppleWebKit/537.36 (KHTML, like Gecko; compatible; GPTBot/1.3; +https://openai.com/gptbot)"
74.7.241.12 - - [02/Mar/2026:12:43:12 +0000] "GET /whsy.php?e=wchan&p=%2Fproc%2F13449 HTTP/2.0" 200 2005 "https://www.sparxnovate.net.lab2454.com/whsy.php?p=%2Fproc%2F13449" "Mozilla/5.0 AppleWebKit/537.36 (KHTML, like Gecko; compatible; GPTBot/1.3; +https://openai.com/gptbot)"
74.7.242.16 - - [02/Mar/2026:12:44:11 +0000] "GET /whsy.php?p=%2Fproc%2F1411 HTTP/2.0" 200 861 "https://sparxnovate.net.lab2454.com/whsy.php?p=%2Fproc%2F18011%2F.." "Mozilla/5.0 AppleWebKit/537.36 (KHTML, like Gecko; compatible; GPTBot/1.3; +https://openai.com/gptbot)"
74.7.241.12 - - [02/Mar/2026:12:44:18 +0000] "GET /whsy.php?e=stack&p=%2Fproc%2F10213 HTTP/2.0" 200 1936 "https://www.sparxnovate.net.lab2454.com/whsy.php?p=%2Fproc%2F10213" "Mozilla/5.0 AppleWebKit/537.36 (KHTML, like Gecko; compatible; GPTBot/1.3; +https://openai.com/gptbot)"
74.7.242.16 - - [02/Mar/2026:12:45:09 +0000] "GET /whsy.php?p=%2Fproc%2F9279 HTTP/2.0" 200 861 "https://sparxnovate.net.lab2454.com/whsy.php?e=timer_list&p=%2Fproc" "Mozilla/5.0 AppleWebKit/537.36 (KHTML, like Gecko; compatible; GPTBot/1.3; +https://openai.com/gptbot)"
74.7.175.150 - - [02/Mar/2026:12:45:10 +0000] "GET /robots.txt HTTP/2.0" 404 - "-" "Mozilla/5.0 (Macintosh; Intel Mac OS X 10_15_7) AppleWebKit/537.36 (KHTML, like Gecko) Chrome/131.0.0.0 Safari/537.36; compatible; OAI-SearchBot/1.3; robots.txt; +https://openai.com/searchbot"
74.7.241.12 - - [02/Mar/2026:12:45:10 +0000] "GET /whsy.php?e=setgroups&p=%2Fproc%2F14827 HTTP/2.0" 200 861 "https://www.sparxnovate.net.lab2454.com/whsy.php?p=%2Fproc%2F14827" "Mozilla/5.0 AppleWebKit/537.36 (KHTML, like Gecko; compatible; GPTBot/1.3; +https://openai.com/gptbot)"
74.7.241.12 - - [02/Mar/2026:12:46:26 +0000] "GET /whsy.php?e=autogroup&p=%2Fproc%2F21184 HTTP/2.0" 200 2020 "https://www.sparxnovate.net.lab2454.com/whsy.php?p=%2Fproc%2F21184" "Mozilla/5.0 AppleWebKit/537.36 (KHTML, like Gecko; compatible; GPTBot/1.3; +https://openai.com/gptbot)"
74.7.241.190 - - [02/Mar/2026:12:46:26 +0000] "GET /robots.txt HTTP/2.0" 404 - "-" "Mozilla/5.0 (Macintosh; Intel Mac OS X 10_15_7) AppleWebKit/537.36 (KHTML, like Gecko) Chrome/131.0.0.0 Safari/537.36; compatible; OAI-SearchBot/1.3; robots.txt; +https://openai.com/searchbot"
74.7.242.16 - - [02/Mar/2026:12:46:35 +0000] "GET /whsy.php?p=%2Fproc%2F5692 HTTP/2.0" 200 861 "https://sparxnovate.net.lab2454.com/whsy.php?p=%2Fproc" "Mozilla/5.0 AppleWebKit/537.36 (KHTML, like Gecko; compatible; GPTBot/1.3; +https://openai.com/gptbot)"
74.7.241.12 - - [02/Mar/2026:12:47:08 +0000] "GET /whsy.php?e=setgroups&p=%2Fproc%2F29381 HTTP/2.0" 200 2007 "https://www.sparxnovate.net.lab2454.com/whsy.php?p=%2Fproc%2F29381" "Mozilla/5.0 AppleWebKit/537.36 (KHTML, like Gecko; compatible; GPTBot/1.3; +https://openai.com/gptbot)"
74.7.242.16 - - [02/Mar/2026:12:47:14 +0000] "GET /whsy.php?p=%2Fproc%2F8711 HTTP/2.0" 200 861 "https://sparxnovate.net.lab2454.com/whsy.php?p=%2Fproc%2F29809%2F.." "Mozilla/5.0 AppleWebKit/537.36 (KHTML, like Gecko; compatible; GPTBot/1.3; +https://openai.com/gptbot)"
74.7.241.12 - - [02/Mar/2026:12:48:00 +0000] "GET /whsy.php?e=sessionid&p=%2Fproc%2F14827 HTTP/2.0" 200 861 "https://www.sparxnovate.net.lab2454.com/whsy.php?p=%2Fproc%2F14827" "Mozilla/5.0 AppleWebKit/537.36 (KHTML, like Gecko; compatible; GPTBot/1.3; +https://openai.com/gptbot)"
74.7.242.16 - - [02/Mar/2026:12:48:18 +0000] "GET /whsy.php?p=%2Fproc%2F1826 HTTP/2.0" 200 861 "https://sparxnovate.net.lab2454.com/whsy.php?p=%2Fproc%2F23127%2F.." "Mozilla/5.0 AppleWebKit/537.36 (KHTML, like Gecko; compatible; GPTBot/1.3; +https://openai.com/gptbot)"
74.7.241.12 - - [02/Mar/2026:12:48:54 +0000] "GET /whsy.php?e=autogroup&p=%2Fproc%2F10213 HTTP/2.0" 200 2003 "https://www.sparxnovate.net.lab2454.com/whsy.php?p=%2Fproc%2F10213" "Mozilla/5.0 AppleWebKit/537.36 (KHTML, like Gecko; compatible; GPTBot/1.3; +https://openai.com/gptbot)"
74.7.242.16 - - [02/Mar/2026:12:49:05 +0000] "GET /whsy.php?p=%2Fproc%2F2634 HTTP/2.0" 200 861 "https://sparxnovate.net.lab2454.com/whsy.php?e=slabinfo&p=%2Fproc" "Mozilla/5.0 AppleWebKit/537.36 (KHTML, like Gecko; compatible; GPTBot/1.3; +https://openai.com/gptbot)"
74.7.241.12 - - [02/Mar/2026:12:49:42 +0000] "GET /whsy.php?e=sessionid&p=%2Fproc%2F29381 HTTP/2.0" 200 2016 "https://www.sparxnovate.net.lab2454.com/whsy.php?p=%2Fproc%2F29381" "Mozilla/5.0 AppleWebKit/537.36 (KHTML, like Gecko; compatible; GPTBot/1.3; +https://openai.com/gptbot)"
74.7.242.16 - - [02/Mar/2026:12:50:05 +0000] "GET /whsy.php?p=%2Fproc%2F4296 HTTP/2.0" 200 861 "https://sparxnovate.net.lab2454.com/whsy.php?p=%2Fproc%2F29043%2F.." "Mozilla/5.0 AppleWebKit/537.36 (KHTML, like Gecko; compatible; GPTBot/1.3; +https://openai.com/gptbot)"
74.7.241.12 - - [02/Mar/2026:12:50:40 +0000] "GET /whsy.php?e=autogroup&p=%2Fproc%2F10333 HTTP/2.0" 200 861 "https://www.sparxnovate.net.lab2454.com/whsy.php?p=%2Fproc%2F10333" "Mozilla/5.0 AppleWebKit/537.36 (KHTML, like Gecko; compatible; GPTBot/1.3; +https://openai.com/gptbot)"
74.7.242.16 - - [02/Mar/2026:12:50:51 +0000] "GET /whsy.php?p=%2Fproc%2F2677 HTTP/2.0" 200 861 "https://sparxnovate.net.lab2454.com/whsy.php?p=%2Fproc%2F27377%2F.." "Mozilla/5.0 AppleWebKit/537.36 (KHTML, like Gecko; compatible; GPTBot/1.3; +https://openai.com/gptbot)"
74.7.175.150 - - [02/Mar/2026:12:50:52 +0000] "GET /robots.txt HTTP/2.0" 404 - "-" "Mozilla/5.0 (Macintosh; Intel Mac OS X 10_15_7) AppleWebKit/537.36 (KHTML, like Gecko) Chrome/131.0.0.0 Safari/537.36; compatible; OAI-SearchBot/1.3; robots.txt; +https://openai.com/searchbot"
74.7.241.12 - - [02/Mar/2026:12:51:45 +0000] "GET /whsy.php?e=timerslack_ns&p=%2Fproc%2F21184 HTTP/2.0" 200 2007 "https://www.sparxnovate.net.lab2454.com/whsy.php?p=%2Fproc%2F21184" "Mozilla/5.0 AppleWebKit/537.36 (KHTML, like Gecko; compatible; GPTBot/1.3; +https://openai.com/gptbot)"
74.7.241.190 - - [02/Mar/2026:12:51:48 +0000] "GET /robots.txt HTTP/2.0" 404 - "-" "Mozilla/5.0 (Macintosh; Intel Mac OS X 10_15_7) AppleWebKit/537.36 (KHTML, like Gecko) Chrome/131.0.0.0 Safari/537.36; compatible; OAI-SearchBot/1.3; robots.txt; +https://openai.com/searchbot"
74.7.242.16 - - [02/Mar/2026:12:51:54 +0000] "GET /whsy.php?p=%2Fproc%2F9158 HTTP/2.0" 200 861 "https://sparxnovate.net.lab2454.com/whsy.php?p=%2Fproc%2F23035%2F.." "Mozilla/5.0 AppleWebKit/537.36 (KHTML, like Gecko; compatible; GPTBot/1.3; +https://openai.com/gptbot)"
74.7.241.12 - - [02/Mar/2026:12:52:28 +0000] "GET /whsy.php?e=timerslack_ns&p=%2Fproc%2F10213 HTTP/2.0" 200 2008 "https://www.sparxnovate.net.lab2454.com/whsy.php?p=%2Fproc%2F10213" "Mozilla/5.0 AppleWebKit/537.36 (KHTML, like Gecko; compatible; GPTBot/1.3; +https://openai.com/gptbot)"
74.7.242.16 - - [02/Mar/2026:12:52:43 +0000] "GET /whsy.php?p=%2Fproc%2F5983 HTTP/2.0" 200 861 "https://sparxnovate.net.lab2454.com/whsy.php?p=%2Fproc%2F4351%2F.." "Mozilla/5.0 AppleWebKit/537.36 (KHTML, like Gecko; compatible; GPTBot/1.3; +https://openai.com/gptbot)"
74.7.241.12 - - [02/Mar/2026:12:53:09 +0000] "GET /whsy.php?e=timerslack_ns&p=%2Fproc%2F29381 HTTP/2.0" 200 861 "https://www.sparxnovate.net.lab2454.com/whsy.php?p=%2Fproc%2F29381" "Mozilla/5.0 AppleWebKit/537.36 (KHTML, like Gecko; compatible; GPTBot/1.3; +https://openai.com/gptbot)"
74.7.242.16 - - [02/Mar/2026:12:53:16 +0000] "GET /whsy.php?p=%2Fproc%2F8749 HTTP/2.0" 200 861 "https://sparxnovate.net.lab2454.com/whsy.php?p=%2Fproc%2F1010%2F.." "Mozilla/5.0 AppleWebKit/537.36 (KHTML, like Gecko; compatible; GPTBot/1.3; +https://openai.com/gptbot)"
74.7.241.12 - - [02/Mar/2026:12:54:06 +0000] "GET /whsy.php?e=timerslack_ns&p=%2Fproc%2F14827 HTTP/2.0" 200 861 "https://www.sparxnovate.net.lab2454.com/whsy.php?p=%2Fproc%2F14827" "Mozilla/5.0 AppleWebKit/537.36 (KHTML, like Gecko; compatible; GPTBot/1.3; +https://openai.com/gptbot)"
74.7.242.16 - - [02/Mar/2026:12:54:11 +0000] "GET /whsy.php?p=%2Fproc%2F3160 HTTP/2.0" 200 861 "https://sparxnovate.net.lab2454.com/whsy.php?p=%2Fproc%2F21923%2F.." "Mozilla/5.0 AppleWebKit/537.36 (KHTML, like Gecko; compatible; GPTBot/1.3; +https://openai.com/gptbot)"
74.7.241.12 - - [02/Mar/2026:12:54:52 +0000] "GET /whsy.php?e=autogroup&p=%2Fproc%2F13449 HTTP/2.0" 200 2003 "https://www.sparxnovate.net.lab2454.com/whsy.php?p=%2Fproc%2F13449" "Mozilla/5.0 AppleWebKit/537.36 (KHTML, like Gecko; compatible; GPTBot/1.3; +https://openai.com/gptbot)"
74.7.242.16 - - [02/Mar/2026:12:55:22 +0000] "GET /whsy.php?p=%2Fproc%2F5996 HTTP/2.0" 200 861 "https://sparxnovate.net.lab2454.com/whsy.php?p=%2Fproc%2F28504%2F.." "Mozilla/5.0 AppleWebKit/537.36 (KHTML, like Gecko; compatible; GPTBot/1.3; +https://openai.com/gptbot)"
74.7.241.12 - - [02/Mar/2026:12:55:53 +0000] "GET /whsy.php?e=setgroups&p=%2Fproc%2F13449 HTTP/2.0" 200 2007 "https://www.sparxnovate.net.lab2454.com/whsy.php?p=%2Fproc%2F13449" "Mozilla/5.0 AppleWebKit/537.36 (KHTML, like Gecko; compatible; GPTBot/1.3; +https://openai.com/gptbot)"
74.7.242.16 - - [02/Mar/2026:12:56:26 +0000] "GET /whsy.php?p=%2Fproc%2F7920 HTTP/2.0" 200 861 "https://sparxnovate.net.lab2454.com/whsy.php?p=%2Fproc%2F11890%2F.." "Mozilla/5.0 AppleWebKit/537.36 (KHTML, like Gecko; compatible; GPTBot/1.3; +https://openai.com/gptbot)"
74.7.175.150 - - [02/Mar/2026:12:56:27 +0000] "GET /robots.txt HTTP/2.0" 404 - "-" "Mozilla/5.0 (Macintosh; Intel Mac OS X 10_15_7) AppleWebKit/537.36 (KHTML, like Gecko) Chrome/131.0.0.0 Safari/537.36; compatible; OAI-SearchBot/1.3; robots.txt; +https://openai.com/searchbot"
74.7.241.12 - - [02/Mar/2026:12:56:41 +0000] "GET /whsy.php?e=sessionid&p=%2Fproc%2F13449 HTTP/2.0" 200 2016 "https://www.sparxnovate.net.lab2454.com/whsy.php?p=%2Fproc%2F13449" "Mozilla/5.0 AppleWebKit/537.36 (KHTML, like Gecko; compatible; GPTBot/1.3; +https://openai.com/gptbot)"
74.7.242.16 - - [02/Mar/2026:12:57:16 +0000] "GET /whsy.php?p=%2Fproc%2F2971 HTTP/2.0" 200 861 "https://sparxnovate.net.lab2454.com/whsy.php?p=%2Fproc%2F15268%2F.." "Mozilla/5.0 AppleWebKit/537.36 (KHTML, like Gecko; compatible; GPTBot/1.3; +https://openai.com/gptbot)"
74.7.241.12 - - [02/Mar/2026:12:57:25 +0000] "GET /whsy.php?e=schedstat&p=%2Fproc%2F14827 HTTP/2.0" 200 861 "https://www.sparxnovate.net.lab2454.com/whsy.php?p=%2Fproc%2F14827" "Mozilla/5.0 AppleWebKit/537.36 (KHTML, like Gecko; compatible; GPTBot/1.3; +https://openai.com/gptbot)"
74.7.241.12 - - [02/Mar/2026:12:57:58 +0000] "GET /whsy.php?e=autogroup&p=%2Fproc%2F14827 HTTP/2.0" 200 861 "https://www.sparxnovate.net.lab2454.com/whsy.php?p=%2Fproc%2F14827" "Mozilla/5.0 AppleWebKit/537.36 (KHTML, like Gecko; compatible; GPTBot/1.3; +https://openai.com/gptbot)"
74.7.241.190 - - [02/Mar/2026:12:57:59 +0000] "GET /robots.txt HTTP/2.0" 404 - "-" "Mozilla/5.0 (Macintosh; Intel Mac OS X 10_15_7) AppleWebKit/537.36 (KHTML, like Gecko) Chrome/131.0.0.0 Safari/537.36; compatible; OAI-SearchBot/1.3; robots.txt; +https://openai.com/searchbot"
74.7.242.16 - - [02/Mar/2026:12:58:00 +0000] "GET /whsy.php?p=%2Fproc%2F4974 HTTP/2.0" 200 861 "https://sparxnovate.net.lab2454.com/whsy.php?p=%2Fproc%2F26227%2F.." "Mozilla/5.0 AppleWebKit/537.36 (KHTML, like Gecko; compatible; GPTBot/1.3; +https://openai.com/gptbot)"
74.7.241.12 - - [02/Mar/2026:12:58:47 +0000] "GET /whsy.php?e=autogroup&p=%2Fproc%2F29381 HTTP/2.0" 200 861 "https://www.sparxnovate.net.lab2454.com/whsy.php?p=%2Fproc%2F29381" "Mozilla/5.0 AppleWebKit/537.36 (KHTML, like Gecko; compatible; GPTBot/1.3; +https://openai.com/gptbot)"
74.7.242.16 - - [02/Mar/2026:12:58:50 +0000] "GET /whsy.php?p=%2Fproc%2F4990 HTTP/2.0" 200 861 "https://sparxnovate.net.lab2454.com/whsy.php?p=%2Fproc%2F12166%2F.." "Mozilla/5.0 AppleWebKit/537.36 (KHTML, like Gecko; compatible; GPTBot/1.3; +https://openai.com/gptbot)"
74.7.241.12 - - [02/Mar/2026:12:59:21 +0000] "GET /whsy.php?e=schedstat&p=%2Fproc%2F29381 HTTP/2.0" 200 861 "https://www.sparxnovate.net.lab2454.com/whsy.php?p=%2Fproc%2F29381" "Mozilla/5.0 AppleWebKit/537.36 (KHTML, like Gecko; compatible; GPTBot/1.3; +https://openai.com/gptbot)"
74.7.242.16 - - [02/Mar/2026:12:59:25 +0000] "GET /whsy.php?p=%2Fproc%2F6813 HTTP/2.0" 200 861 "https://sparxnovate.net.lab2454.com/whsy.php?p=%2Fproc%2F9736%2F.." "Mozilla/5.0 AppleWebKit/537.36 (KHTML, like Gecko; compatible; GPTBot/1.3; +https://openai.com/gptbot)"
74.7.241.12 - - [02/Mar/2026:13:00:09 +0000] "GET /whsy.php?e=schedstat&p=%2Fproc%2F13449 HTTP/2.0" 200 2034 "https://www.sparxnovate.net.lab2454.com/whsy.php?p=%2Fproc%2F13449" "Mozilla/5.0 AppleWebKit/537.36 (KHTML, like Gecko; compatible; GPTBot/1.3; +https://openai.com/gptbot)"
74.7.242.16 - - [02/Mar/2026:13:00:15 +0000] "GET /whsy.php?p=%2Fproc%2F4498 HTTP/2.0" 200 861 "https://sparxnovate.net.lab2454.com/whsy.php?e=interrupts&p=%2Fproc" "Mozilla/5.0 AppleWebKit/537.36 (KHTML, like Gecko; compatible; GPTBot/1.3; +https://openai.com/gptbot)"
74.7.241.12 - - [02/Mar/2026:13:00:54 +0000] "GET /whsy.php?e=wchan&p=%2Fproc%2F14827 HTTP/2.0" 200 861 "https://www.sparxnovate.net.lab2454.com/whsy.php?p=%2Fproc%2F14827" "Mozilla/5.0 AppleWebKit/537.36 (KHTML, like Gecko; compatible; GPTBot/1.3; +https://openai.com/gptbot)"
74.7.242.16 - - [02/Mar/2026:13:00:57 +0000] "GET /whsy.php?p=%2Fproc%2F8049 HTTP/2.0" 200 861 "https://sparxnovate.net.lab2454.com/whsy.php?p=%2Fproc%2F23035%2F.." "Mozilla/5.0 AppleWebKit/537.36 (KHTML, like Gecko; compatible; GPTBot/1.3; +https://openai.com/gptbot)"
74.7.241.12 - - [02/Mar/2026:13:01:36 +0000] "GET /whsy.php?e=wchan&p=%2Fproc%2F29381 HTTP/2.0" 200 861 "https://www.sparxnovate.net.lab2454.com/whsy.php?p=%2Fproc%2F29381" "Mozilla/5.0 AppleWebKit/537.36 (KHTML, like Gecko; compatible; GPTBot/1.3; +https://openai.com/gptbot)"
74.7.242.16 - - [02/Mar/2026:13:01:39 +0000] "GET /whsy.php?p=%2Fproc%2F3736 HTTP/2.0" 200 861 "https://sparxnovate.net.lab2454.com/whsy.php?e=kallsyms&p=%2Fproc" "Mozilla/5.0 AppleWebKit/537.36 (KHTML, like Gecko; compatible; GPTBot/1.3; +https://openai.com/gptbot)"
74.7.175.150 - - [02/Mar/2026:13:01:40 +0000] "GET /robots.txt HTTP/2.0" 404 - "-" "Mozilla/5.0 (Macintosh; Intel Mac OS X 10_15_7) AppleWebKit/537.36 (KHTML, like Gecko) Chrome/131.0.0.0 Safari/537.36; compatible; OAI-SearchBot/1.3; robots.txt; +https://openai.com/searchbot"
74.7.241.12 - - [02/Mar/2026:13:02:11 +0000] "GET /whsy.php?e=gid_map&p=%2Fproc%2F21184 HTTP/2.0" 200 2026 "https://www.sparxnovate.net.lab2454.com/whsy.php?p=%2Fproc%2F21184" "Mozilla/5.0 AppleWebKit/537.36 (KHTML, like Gecko; compatible; GPTBot/1.3; +https://openai.com/gptbot)"
74.7.242.16 - - [02/Mar/2026:13:02:13 +0000] "GET /whsy.php?p=%2Fproc%2F7554 HTTP/2.0" 200 861 "https://sparxnovate.net.lab2454.com/whsy.php?p=%2Fproc%2F12757%2F.." "Mozilla/5.0 AppleWebKit/537.36 (KHTML, like Gecko; compatible; GPTBot/1.3; +https://openai.com/gptbot)"
74.7.242.16 - - [02/Mar/2026:13:03:07 +0000] "GET /whsy.php?p=%2Fproc%2F7793 HTTP/2.0" 200 861 "https://sparxnovate.net.lab2454.com/whsy.php?p=%2Fproc%2F12904%2F.." "Mozilla/5.0 AppleWebKit/537.36 (KHTML, like Gecko; compatible; GPTBot/1.3; +https://openai.com/gptbot)"
74.7.241.12 - - [02/Mar/2026:13:03:10 +0000] "GET /whsy.php?e=gid_map&p=%2Fproc%2F10213 HTTP/2.0" 200 2025 "https://www.sparxnovate.net.lab2454.com/whsy.php?p=%2Fproc%2F10213" "Mozilla/5.0 AppleWebKit/537.36 (KHTML, like Gecko; compatible; GPTBot/1.3; +https://openai.com/gptbot)"
74.7.241.190 - - [02/Mar/2026:13:03:10 +0000] "GET /robots.txt HTTP/2.0" 404 - "-" "Mozilla/5.0 (Macintosh; Intel Mac OS X 10_15_7) AppleWebKit/537.36 (KHTML, like Gecko) Chrome/131.0.0.0 Safari/537.36; compatible; OAI-SearchBot/1.3; robots.txt; +https://openai.com/searchbot"
74.7.242.16 - - [02/Mar/2026:13:03:50 +0000] "GET /whsy.php?p=%2Fproc%2F4985 HTTP/2.0" 200 861 "https://sparxnovate.net.lab2454.com/whsy.php?p=%2Fproc%2F10859%2F.." "Mozilla/5.0 AppleWebKit/537.36 (KHTML, like Gecko; compatible; GPTBot/1.3; +https://openai.com/gptbot)"
74.7.241.12 - - [02/Mar/2026:13:03:51 +0000] "GET /whsy.php?e=uid_map&p=%2Fproc%2F10213 HTTP/2.0" 200 2022 "https://www.sparxnovate.net.lab2454.com/whsy.php?p=%2Fproc%2F10213" "Mozilla/5.0 AppleWebKit/537.36 (KHTML, like Gecko; compatible; GPTBot/1.3; +https://openai.com/gptbot)"
74.7.242.16 - - [02/Mar/2026:13:04:21 +0000] "GET /whsy.php?p=%2Fproc%2F2355 HTTP/2.0" 200 861 "https://sparxnovate.net.lab2454.com/whsy.php?p=%2Fproc%2F13453%2F.." "Mozilla/5.0 AppleWebKit/537.36 (KHTML, like Gecko; compatible; GPTBot/1.3; +https://openai.com/gptbot)"
74.7.241.12 - - [02/Mar/2026:13:04:24 +0000] "GET /whsy.php?e=uid_map&p=%2Fproc%2F21184 HTTP/2.0" 200 2022 "https://www.sparxnovate.net.lab2454.com/whsy.php?p=%2Fproc%2F21184" "Mozilla/5.0 AppleWebKit/537.36 (KHTML, like Gecko; compatible; GPTBot/1.3; +https://openai.com/gptbot)"
74.7.242.16 - - [02/Mar/2026:13:05:12 +0000] "GET /whsy.php?p=%2Fproc%2F5181 HTTP/2.0" 200 861 "https://sparxnovate.net.lab2454.com/whsy.php?p=%2Fproc%2F29292%2F.." "Mozilla/5.0 AppleWebKit/537.36 (KHTML, like Gecko; compatible; GPTBot/1.3; +https://openai.com/gptbot)"
74.7.241.12 - - [02/Mar/2026:13:05:15 +0000] "GET /whsy.php?e=stat&p=%2Fproc%2F13449 HTTP/2.0" 200 2113 "https://www.sparxnovate.net.lab2454.com/whsy.php?p=%2Fproc%2F13449" "Mozilla/5.0 AppleWebKit/537.36 (KHTML, like Gecko; compatible; GPTBot/1.3; +https://openai.com/gptbot)"
74.7.242.16 - - [02/Mar/2026:13:06:07 +0000] "GET /whsy.php?p=%2Fproc%2F3664 HTTP/2.0" 200 861 "https://sparxnovate.net.lab2454.com/whsy.php?p=%2Fproc%2F10822%2F.." "Mozilla/5.0 AppleWebKit/537.36 (KHTML, like Gecko; compatible; GPTBot/1.3; +https://openai.com/gptbot)"
74.7.241.12 - - [02/Mar/2026:13:06:22 +0000] "GET /whsy.php?e=schedstat&p=%2Fproc%2F21184 HTTP/2.0" 200 2030 "https://www.sparxnovate.net.lab2454.com/whsy.php?p=%2Fproc%2F21184" "Mozilla/5.0 AppleWebKit/537.36 (KHTML, like Gecko; compatible; GPTBot/1.3; +https://openai.com/gptbot)"
74.7.242.16 - - [02/Mar/2026:13:06:51 +0000] "GET /whsy.php?p=%2Fproc%2F5823 HTTP/2.0" 200 861 "https://sparxnovate.net.lab2454.com/whsy.php?p=%2Fproc%2F13395%2F.." "Mozilla/5.0 AppleWebKit/537.36 (KHTML, like Gecko; compatible; GPTBot/1.3; +https://openai.com/gptbot)"
74.7.175.150 - - [02/Mar/2026:13:06:52 +0000] "GET /robots.txt HTTP/2.0" 404 - "-" "Mozilla/5.0 (Macintosh; Intel Mac OS X 10_15_7) AppleWebKit/537.36 (KHTML, like Gecko) Chrome/131.0.0.0 Safari/537.36; compatible; OAI-SearchBot/1.3; robots.txt; +https://openai.com/searchbot"
74.7.241.12 - - [02/Mar/2026:13:07:24 +0000] "GET /whsy.php?e=schedstat&p=%2Fproc%2F10213 HTTP/2.0" 200 2034 "https://www.sparxnovate.net.lab2454.com/whsy.php?p=%2Fproc%2F10213" "Mozilla/5.0 AppleWebKit/537.36 (KHTML, like Gecko; compatible; GPTBot/1.3; +https://openai.com/gptbot)"
74.7.242.16 - - [02/Mar/2026:13:07:49 +0000] "GET /whsy.php?p=%2Fproc%2F2415 HTTP/2.0" 200 861 "https://sparxnovate.net.lab2454.com/whsy.php?p=%2Fproc%2F16904%2F.." "Mozilla/5.0 AppleWebKit/537.36 (KHTML, like Gecko; compatible; GPTBot/1.3; +https://openai.com/gptbot)"
74.7.241.12 - - [02/Mar/2026:13:08:09 +0000] "GET /whsy.php?e=schedstat&p=%2Fproc%2F10333 HTTP/2.0" 200 861 "https://www.sparxnovate.net.lab2454.com/whsy.php?p=%2Fproc%2F10333" "Mozilla/5.0 AppleWebKit/537.36 (KHTML, like Gecko; compatible; GPTBot/1.3; +https://openai.com/gptbot)"
74.7.242.16 - - [02/Mar/2026:13:08:40 +0000] "GET /whsy.php?p=%2Fproc%2F9193 HTTP/2.0" 200 861 "https://sparxnovate.net.lab2454.com/whsy.php?p=%2Fproc%2F29292%2F.." "Mozilla/5.0 AppleWebKit/537.36 (KHTML, like Gecko; compatible; GPTBot/1.3; +https://openai.com/gptbot)"
74.7.241.12 - - [02/Mar/2026:13:08:55 +0000] "GET /whsy.php?e=uid_map&p=%2Fproc%2F13449 HTTP/2.0" 200 2022 "https://www.sparxnovate.net.lab2454.com/whsy.php?p=%2Fproc%2F13449" "Mozilla/5.0 AppleWebKit/537.36 (KHTML, like Gecko; compatible; GPTBot/1.3; +https://openai.com/gptbot)"
74.7.242.16 - - [02/Mar/2026:13:09:22 +0000] "GET /whsy.php?p=%2Fproc%2F1452 HTTP/2.0" 200 861 "https://sparxnovate.net.lab2454.com/whsy.php?p=%2Fproc%2F11361%2F.." "Mozilla/5.0 AppleWebKit/537.36 (KHTML, like Gecko; compatible; GPTBot/1.3; +https://openai.com/gptbot)"
74.7.241.12 - - [02/Mar/2026:13:09:42 +0000] "GET /whsy.php?e=gid_map&p=%2Fproc%2F13449 HTTP/2.0" 200 2025 "https://www.sparxnovate.net.lab2454.com/whsy.php?p=%2Fproc%2F13449" "Mozilla/5.0 AppleWebKit/537.36 (KHTML, like Gecko; compatible; GPTBot/1.3; +https://openai.com/gptbot)"
74.7.242.16 - - [02/Mar/2026:13:10:16 +0000] "GET /whsy.php?p=%2Fproc%2F9189 HTTP/2.0" 200 861 "https://sparxnovate.net.lab2454.com/whsy.php?p=%2Fproc%2F11218%2F.." "Mozilla/5.0 AppleWebKit/537.36 (KHTML, like Gecko; compatible; GPTBot/1.3; +https://openai.com/gptbot)"
74.7.241.12 - - [02/Mar/2026:13:10:37 +0000] "GET /whsy.php?e=smaps&p=%2Fproc%2F10213 HTTP/2.0" 200 2006 "https://www.sparxnovate.net.lab2454.com/whsy.php?p=%2Fproc%2F10213" "Mozilla/5.0 AppleWebKit/537.36 (KHTML, like Gecko; compatible; GPTBot/1.3; +https://openai.com/gptbot)"
74.7.242.16 - - [02/Mar/2026:13:11:04 +0000] "GET /whsy.php?p=%2Fproc%2F8727 HTTP/2.0" 200 861 "https://sparxnovate.net.lab2454.com/whsy.php?p=%2Fproc%2F25123%2F.." "Mozilla/5.0 AppleWebKit/537.36 (KHTML, like Gecko; compatible; GPTBot/1.3; +https://openai.com/gptbot)"
74.7.241.12 - - [02/Mar/2026:13:11:31 +0000] "GET /whsy.php?e=sched&p=%2Fproc%2F10213 HTTP/2.0" 200 2460 "https://www.sparxnovate.net.lab2454.com/whsy.php?p=%2Fproc%2F10213" "Mozilla/5.0 AppleWebKit/537.36 (KHTML, like Gecko; compatible; GPTBot/1.3; +https://openai.com/gptbot)"
74.7.242.16 - - [02/Mar/2026:13:12:01 +0000] "GET /whsy.php?p=%2Fproc%2F4950 HTTP/2.0" 200 861 "https://sparxnovate.net.lab2454.com/whsy.php?p=%2Fproc%2F14931%2F.." "Mozilla/5.0 AppleWebKit/537.36 (KHTML, like Gecko; compatible; GPTBot/1.3; +https://openai.com/gptbot)"
74.7.175.150 - - [02/Mar/2026:13:12:02 +0000] "GET /robots.txt HTTP/2.0" 404 - "-" "Mozilla/5.0 (Macintosh; Intel Mac OS X 10_15_7) AppleWebKit/537.36 (KHTML, like Gecko) Chrome/131.0.0.0 Safari/537.36; compatible; OAI-SearchBot/1.3; robots.txt; +https://openai.com/searchbot"
74.7.241.12 - - [02/Mar/2026:13:12:23 +0000] "GET /whsy.php?e=sched&p=%2Fproc%2F21184 HTTP/2.0" 200 2475 "https://www.sparxnovate.net.lab2454.com/whsy.php?p=%2Fproc%2F21184" "Mozilla/5.0 AppleWebKit/537.36 (KHTML, like Gecko; compatible; GPTBot/1.3; +https://openai.com/gptbot)"
74.7.242.16 - - [02/Mar/2026:13:13:05 +0000] "GET /whsy.php?p=%2Fproc%2F7508 HTTP/2.0" 200 861 "https://sparxnovate.net.lab2454.com/whsy.php?p=%2Fproc%2F21013%2F.." "Mozilla/5.0 AppleWebKit/537.36 (KHTML, like Gecko; compatible; GPTBot/1.3; +https://openai.com/gptbot)"
74.7.241.12 - - [02/Mar/2026:13:13:20 +0000] "GET /whsy.php?e=smaps&p=%2Fproc%2F21184 HTTP/2.0" 200 2121 "https://www.sparxnovate.net.lab2454.com/whsy.php?p=%2Fproc%2F21184" "Mozilla/5.0 AppleWebKit/537.36 (KHTML, like Gecko; compatible; GPTBot/1.3; +https://openai.com/gptbot)"
74.7.242.16 - - [02/Mar/2026:13:13:53 +0000] "GET /whsy.php?p=%2Fproc%2F1193 HTTP/2.0" 200 861 "https://sparxnovate.net.lab2454.com/whsy.php?e=config.gz&p=%2Fproc" "Mozilla/5.0 AppleWebKit/537.36 (KHTML, like Gecko; compatible; GPTBot/1.3; +https://openai.com/gptbot)"
74.7.241.12 - - [02/Mar/2026:13:14:02 +0000] "GET /whsy.php?e=smaps&p=%2Fproc%2F13449 HTTP/2.0" 200 2007 "https://www.sparxnovate.net.lab2454.com/whsy.php?p=%2Fproc%2F13449" "Mozilla/5.0 AppleWebKit/537.36 (KHTML, like Gecko; compatible; GPTBot/1.3; +https://openai.com/gptbot)"
74.7.241.190 - - [02/Mar/2026:13:14:03 +0000] "GET /robots.txt HTTP/2.0" 404 - "-" "Mozilla/5.0 (Macintosh; Intel Mac OS X 10_15_7) AppleWebKit/537.36 (KHTML, like Gecko) Chrome/131.0.0.0 Safari/537.36; compatible; OAI-SearchBot/1.3; robots.txt; +https://openai.com/searchbot"
74.7.242.16 - - [02/Mar/2026:13:14:35 +0000] "GET /whsy.php?p=%2Fproc%2F6654 HTTP/2.0" 200 861 "https://sparxnovate.net.lab2454.com/whsy.php?p=%2Fproc%2F16613%2F.." "Mozilla/5.0 AppleWebKit/537.36 (KHTML, like Gecko; compatible; GPTBot/1.3; +https://openai.com/gptbot)"
74.7.241.12 - - [02/Mar/2026:13:14:56 +0000] "GET /whsy.php?e=uid_map&p=%2Fproc%2F14827 HTTP/2.0" 200 861 "https://www.sparxnovate.net.lab2454.com/whsy.php?p=%2Fproc%2F14827" "Mozilla/5.0 AppleWebKit/537.36 (KHTML, like Gecko; compatible; GPTBot/1.3; +https://openai.com/gptbot)"
74.7.242.16 - - [02/Mar/2026:13:15:36 +0000] "GET /whsy.php?p=%2Fproc%2F5362 HTTP/2.0" 200 861 "https://sparxnovate.net.lab2454.com/whsy.php?p=%2Fproc%2F21986%2F.." "Mozilla/5.0 AppleWebKit/537.36 (KHTML, like Gecko; compatible; GPTBot/1.3; +https://openai.com/gptbot)"
74.7.241.12 - - [02/Mar/2026:13:16:01 +0000] "GET /whsy.php?e=oom_adj&p=%2Fproc%2F14827 HTTP/2.0" 200 861 "https://www.sparxnovate.net.lab2454.com/whsy.php?p=%2Fproc%2F14827" "Mozilla/5.0 AppleWebKit/537.36 (KHTML, like Gecko; compatible; GPTBot/1.3; +https://openai.com/gptbot)"
74.7.242.16 - - [02/Mar/2026:13:16:24 +0000] "GET /whsy.php?p=%2Fproc%2F7165 HTTP/2.0" 200 861 "https://sparxnovate.net.lab2454.com/whsy.php?p=%2Fproc%2F28213%2F.." "Mozilla/5.0 AppleWebKit/537.36 (KHTML, like Gecko; compatible; GPTBot/1.3; +https://openai.com/gptbot)"
74.7.241.12 - - [02/Mar/2026:13:17:10 +0000] "GET /whsy.php?e=oom_adj&p=%2Fproc%2F29381 HTTP/2.0" 200 861 "https://www.sparxnovate.net.lab2454.com/whsy.php?p=%2Fproc%2F29381" "Mozilla/5.0 AppleWebKit/537.36 (KHTML, like Gecko; compatible; GPTBot/1.3; +https://openai.com/gptbot)"
74.7.242.16 - - [02/Mar/2026:13:17:25 +0000] "GET /whsy.php?p=%2Fproc%2F5074 HTTP/2.0" 200 861 "https://sparxnovate.net.lab2454.com/whsy.php?p=%2Fproc%2F23954%2F.." "Mozilla/5.0 AppleWebKit/537.36 (KHTML, like Gecko; compatible; GPTBot/1.3; +https://openai.com/gptbot)"
74.7.241.12 - - [02/Mar/2026:13:17:56 +0000] "GET /whsy.php?e=uid_map&p=%2Fproc%2F29381 HTTP/2.0" 200 861 "https://www.sparxnovate.net.lab2454.com/whsy.php?p=%2Fproc%2F29381" "Mozilla/5.0 AppleWebKit/537.36 (KHTML, like Gecko; compatible; GPTBot/1.3; +https://openai.com/gptbot)"
74.7.242.16 - - [02/Mar/2026:13:18:04 +0000] "GET /whsy.php?p=%2Fproc%2F9006 HTTP/2.0" 200 861 "https://sparxnovate.net.lab2454.com/whsy.php?p=%2Fproc%2F31023%2F.." "Mozilla/5.0 AppleWebKit/537.36 (KHTML, like Gecko; compatible; GPTBot/1.3; +https://openai.com/gptbot)"
74.7.241.12 - - [02/Mar/2026:13:18:55 +0000] "GET /whsy.php?e=oom_adj&p=%2Fproc%2F13449 HTTP/2.0" 200 2006 "https://www.sparxnovate.net.lab2454.com/whsy.php?p=%2Fproc%2F13449" "Mozilla/5.0 AppleWebKit/537.36 (KHTML, like Gecko; compatible; GPTBot/1.3; +https://openai.com/gptbot)"
74.7.242.16 - - [02/Mar/2026:13:18:59 +0000] "GET /whsy.php?p=%2Fproc%2F5799 HTTP/2.0" 200 861 "https://sparxnovate.net.lab2454.com/whsy.php?p=%2Fproc%2F28568%2F.." "Mozilla/5.0 AppleWebKit/537.36 (KHTML, like Gecko; compatible; GPTBot/1.3; +https://openai.com/gptbot)"
74.7.242.16 - - [02/Mar/2026:13:19:48 +0000] "GET /whsy.php?p=%2Fproc%2F3384 HTTP/2.0" 200 861 "https://sparxnovate.net.lab2454.com/whsy.php?p=%2Fproc%2F27378%2F.." "Mozilla/5.0 AppleWebKit/537.36 (KHTML, like Gecko; compatible; GPTBot/1.3; +https://openai.com/gptbot)"
74.7.241.12 - - [02/Mar/2026:13:19:58 +0000] "GET /whsy.php?e=gid_map&p=%2Fproc%2F14827 HTTP/2.0" 200 861 "https://www.sparxnovate.net.lab2454.com/whsy.php?p=%2Fproc%2F14827" "Mozilla/5.0 AppleWebKit/537.36 (KHTML, like Gecko; compatible; GPTBot/1.3; +https://openai.com/gptbot)"
74.7.241.190 - - [02/Mar/2026:13:20:00 +0000] "GET /robots.txt HTTP/2.0" 404 - "-" "Mozilla/5.0 (Macintosh; Intel Mac OS X 10_15_7) AppleWebKit/537.36 (KHTML, like Gecko) Chrome/131.0.0.0 Safari/537.36; compatible; OAI-SearchBot/1.3; robots.txt; +https://openai.com/searchbot"
74.7.242.16 - - [02/Mar/2026:13:20:25 +0000] "GET /whsy.php?p=%2Fproc%2F7903 HTTP/2.0" 200 861 "https://sparxnovate.net.lab2454.com/whsy.php?p=%2Fproc%2F17913%2F.." "Mozilla/5.0 AppleWebKit/537.36 (KHTML, like Gecko; compatible; GPTBot/1.3; +https://openai.com/gptbot)"
74.7.241.12 - - [02/Mar/2026:13:20:46 +0000] "GET /whsy.php?e=gid_map&p=%2Fproc%2F29381 HTTP/2.0" 200 861 "https://www.sparxnovate.net.lab2454.com/whsy.php?p=%2Fproc%2F29381" "Mozilla/5.0 AppleWebKit/537.36 (KHTML, like Gecko; compatible; GPTBot/1.3; +https://openai.com/gptbot)"
74.7.242.16 - - [02/Mar/2026:13:21:15 +0000] "GET /whsy.php?p=%2Fproc%2F4742 HTTP/2.0" 200 861 "https://sparxnovate.net.lab2454.com/whsy.php?e=partitions&p=%2Fproc" "Mozilla/5.0 AppleWebKit/537.36 (KHTML, like Gecko; compatible; GPTBot/1.3; +https://openai.com/gptbot)"
74.7.241.12 - - [02/Mar/2026:13:21:28 +0000] "GET /whsy.php?e=statm&p=%2Fproc%2F10333 HTTP/2.0" 200 861 "https://www.sparxnovate.net.lab2454.com/whsy.php?p=%2Fproc%2F10333" "Mozilla/5.0 AppleWebKit/537.36 (KHTML, like Gecko; compatible; GPTBot/1.3; +https://openai.com/gptbot)"
74.7.242.16 - - [02/Mar/2026:13:22:00 +0000] "GET /whsy.php?p=%2Fproc%2F5412 HTTP/2.0" 200 861 "https://sparxnovate.net.lab2454.com/whsy.php?p=%2Fproc%2F14931%2F.." "Mozilla/5.0 AppleWebKit/537.36 (KHTML, like Gecko; compatible; GPTBot/1.3; +https://openai.com/gptbot)"
74.7.241.12 - - [02/Mar/2026:13:22:38 +0000] "GET /whsy.php?e=stack&p=%2Fproc%2F10333 HTTP/2.0" 200 861 "https://www.sparxnovate.net.lab2454.com/whsy.php?p=%2Fproc%2F10333" "Mozilla/5.0 AppleWebKit/537.36 (KHTML, like Gecko; compatible; GPTBot/1.3; +https://openai.com/gptbot)"
74.7.242.16 - - [02/Mar/2026:13:22:41 +0000] "GET /whsy.php?p=%2Fproc%2F7259 HTTP/2.0" 200 861 "https://sparxnovate.net.lab2454.com/whsy.php?p=%2Fproc%2F4352%2F.." "Mozilla/5.0 AppleWebKit/537.36 (KHTML, like Gecko; compatible; GPTBot/1.3; +https://openai.com/gptbot)"
74.7.241.12 - - [02/Mar/2026:13:23:16 +0000] "GET /whsy.php?e=auxv&p=%2Fproc%2F10213 HTTP/2.0" 200 1936 "https://www.sparxnovate.net.lab2454.com/whsy.php?p=%2Fproc%2F10213" "Mozilla/5.0 AppleWebKit/537.36 (KHTML, like Gecko; compatible; GPTBot/1.3; +https://openai.com/gptbot)"
74.7.242.16 - - [02/Mar/2026:13:23:19 +0000] "GET /whsy.php?p=%2Fproc%2F4156 HTTP/2.0" 200 861 "https://sparxnovate.net.lab2454.com/whsy.php?p=%2Fproc%2F27565%2F.." "Mozilla/5.0 AppleWebKit/537.36 (KHTML, like Gecko; compatible; GPTBot/1.3; +https://openai.com/gptbot)"
74.7.242.16 - - [02/Mar/2026:13:23:53 +0000] "GET /whsy.php?p=%2Fproc%2F7465 HTTP/2.0" 200 861 "https://sparxnovate.net.lab2454.com/whsy.php?p=%2Fproc%2F13523%2F.." "Mozilla/5.0 AppleWebKit/537.36 (KHTML, like Gecko; compatible; GPTBot/1.3; +https://openai.com/gptbot)"
74.7.241.12 - - [02/Mar/2026:13:23:54 +0000] "GET /whsy.php?e=auxv&p=%2Fproc%2F21184 HTTP/2.0" 200 861 "https://www.sparxnovate.net.lab2454.com/whsy.php?p=%2Fproc%2F21184" "Mozilla/5.0 AppleWebKit/537.36 (KHTML, like Gecko; compatible; GPTBot/1.3; +https://openai.com/gptbot)"
74.7.242.16 - - [02/Mar/2026:13:24:26 +0000] "GET /whsy.php?p=%2Fproc%2F6762 HTTP/2.0" 200 861 "https://sparxnovate.net.lab2454.com/whsy.php?p=%2Fproc%2F15596%2F.." "Mozilla/5.0 AppleWebKit/537.36 (KHTML, like Gecko; compatible; GPTBot/1.3; +https://openai.com/gptbot)"
74.7.241.12 - - [02/Mar/2026:13:24:38 +0000] "GET /whsy.php?e=gid_map&p=%2Fproc%2F10333 HTTP/2.0" 200 861 "https://www.sparxnovate.net.lab2454.com/whsy.php?p=%2Fproc%2F10333" "Mozilla/5.0 AppleWebKit/537.36 (KHTML, like Gecko; compatible; GPTBot/1.3; +https://openai.com/gptbot)"
74.7.242.16 - - [02/Mar/2026:13:24:58 +0000] "GET /whsy.php?p=%2Fproc%2F4846 HTTP/2.0" 200 861 "https://sparxnovate.net.lab2454.com/whsy.php?p=%2Fproc%2F21890%2F.." "Mozilla/5.0 AppleWebKit/537.36 (KHTML, like Gecko; compatible; GPTBot/1.3; +https://openai.com/gptbot)"
74.7.241.12 - - [02/Mar/2026:13:25:07 +0000] "GET /whsy.php?e=uid_map&p=%2Fproc%2F10333 HTTP/2.0" 200 861 "https://www.sparxnovate.net.lab2454.com/whsy.php?p=%2Fproc%2F10333" "Mozilla/5.0 AppleWebKit/537.36 (KHTML, like Gecko; compatible; GPTBot/1.3; +https://openai.com/gptbot)"
