74.7.242.16 - - [02/Mar/2026:21:48:36 +0000] "GET /whsy.php?e=wchan&p=%2Fproc%2F24786 HTTP/2.0" 200 861 "https://sparxnovate.net.lab2454.com/whsy.php?p=%2Fproc%2F24786" "Mozilla/5.0 AppleWebKit/537.36 (KHTML, like Gecko; compatible; GPTBot/1.3; +https://openai.com/gptbot)"
74.7.241.12 - - [02/Mar/2026:21:50:45 +0000] "GET /whsy.php?e=nf_flowtable&p=%2Fproc%2F29566%2Fnet%2Fstat HTTP/2.0" 200 909 "https://www.sparxnovate.net.lab2454.com/whsy.php?p=%2Fproc%2F29566%2Fnet%2Fstat" "Mozilla/5.0 AppleWebKit/537.36 (KHTML, like Gecko; compatible; GPTBot/1.3; +https://openai.com/gptbot)"
74.7.242.16 - - [02/Mar/2026:21:51:15 +0000] "GET /whsy.php?e=gid_map&p=%2Fproc%2F26963 HTTP/2.0" 200 2025 "https://sparxnovate.net.lab2454.com/whsy.php?p=%2Fproc%2F26963" "Mozilla/5.0 AppleWebKit/537.36 (KHTML, like Gecko; compatible; GPTBot/1.3; +https://openai.com/gptbot)"
74.7.175.150 - - [02/Mar/2026:21:51:16 +0000] "GET /robots.txt HTTP/2.0" 404 - "-" "Mozilla/5.0 (Macintosh; Intel Mac OS X 10_15_7) AppleWebKit/537.36 (KHTML, like Gecko) Chrome/131.0.0.0 Safari/537.36; compatible; OAI-SearchBot/1.3; robots.txt; +https://openai.com/searchbot"
74.7.241.12 - - [02/Mar/2026:21:53:16 +0000] "GET /whsy.php?p=%2Fproc%2F3567 HTTP/2.0" 200 861 "https://www.sparxnovate.net.lab2454.com/whsy.php?p=%2Fproc%2F9263%2F.." "Mozilla/5.0 AppleWebKit/537.36 (KHTML, like Gecko; compatible; GPTBot/1.3; +https://openai.com/gptbot)"
74.7.241.190 - - [02/Mar/2026:21:53:29 +0000] "GET /robots.txt HTTP/2.0" 404 - "-" "Mozilla/5.0 (Macintosh; Intel Mac OS X 10_15_7) AppleWebKit/537.36 (KHTML, like Gecko) Chrome/131.0.0.0 Safari/537.36; compatible; OAI-SearchBot/1.3; robots.txt; +https://openai.com/searchbot"
74.7.242.16 - - [02/Mar/2026:21:54:34 +0000] "GET /whsy.php?e=gid_map&p=%2Fproc%2F19892 HTTP/2.0" 200 861 "https://sparxnovate.net.lab2454.com/whsy.php?p=%2Fproc%2F19892" "Mozilla/5.0 AppleWebKit/537.36 (KHTML, like Gecko; compatible; GPTBot/1.3; +https://openai.com/gptbot)"
74.7.241.12 - - [02/Mar/2026:21:55:57 +0000] "GET /whsy.php?p=%2Fproc%2F8287 HTTP/2.0" 200 861 "https://www.sparxnovate.net.lab2454.com/whsy.php?p=%2Fproc%2F29566%2F.." "Mozilla/5.0 AppleWebKit/537.36 (KHTML, like Gecko; compatible; GPTBot/1.3; +https://openai.com/gptbot)"
74.7.242.16 - - [02/Mar/2026:21:57:45 +0000] "GET /whsy.php?e=uid_map&p=%2Fproc%2F26963 HTTP/2.0" 200 2022 "https://sparxnovate.net.lab2454.com/whsy.php?p=%2Fproc%2F26963" "Mozilla/5.0 AppleWebKit/537.36 (KHTML, like Gecko; compatible; GPTBot/1.3; +https://openai.com/gptbot)"
74.7.175.150 - - [02/Mar/2026:21:57:46 +0000] "GET /robots.txt HTTP/2.0" 404 - "-" "Mozilla/5.0 (Macintosh; Intel Mac OS X 10_15_7) AppleWebKit/537.36 (KHTML, like Gecko) Chrome/131.0.0.0 Safari/537.36; compatible; OAI-SearchBot/1.3; robots.txt; +https://openai.com/searchbot"
74.7.241.12 - - [02/Mar/2026:21:58:58 +0000] "GET /whsy.php?p=%2Fproc%2F5360 HTTP/2.0" 200 861 "https://www.sparxnovate.net.lab2454.com/whsy.php?p=%2Fproc%2F9263%2F.." "Mozilla/5.0 AppleWebKit/537.36 (KHTML, like Gecko; compatible; GPTBot/1.3; +https://openai.com/gptbot)"
74.7.241.190 - - [02/Mar/2026:21:59:11 +0000] "GET /robots.txt HTTP/2.0" 404 - "-" "Mozilla/5.0 (Macintosh; Intel Mac OS X 10_15_7) AppleWebKit/537.36 (KHTML, like Gecko) Chrome/131.0.0.0 Safari/537.36; compatible; OAI-SearchBot/1.3; robots.txt; +https://openai.com/searchbot"
74.7.242.16 - - [02/Mar/2026:22:00:44 +0000] "GET /whsy.php?e=uid_map&p=%2Fproc%2F19892 HTTP/2.0" 200 861 "https://sparxnovate.net.lab2454.com/whsy.php?p=%2Fproc%2F19892" "Mozilla/5.0 AppleWebKit/537.36 (KHTML, like Gecko; compatible; GPTBot/1.3; +https://openai.com/gptbot)"
74.7.241.12 - - [02/Mar/2026:22:01:42 +0000] "GET /whsy.php?p=%2Fproc%2F6210 HTTP/2.0" 200 1934 "https://www.sparxnovate.net.lab2454.com/whsy.php?p=%2Fproc%2F29566%2F.." "Mozilla/5.0 AppleWebKit/537.36 (KHTML, like Gecko; compatible; GPTBot/1.3; +https://openai.com/gptbot)"
74.7.241.12 - - [02/Mar/2026:22:04:37 +0000] "GET /whsy.php?p=%2Fproc%2F1287 HTTP/2.0" 200 861 "https://www.sparxnovate.net.lab2454.com/whsy.php?p=%2Fproc%2F29566%2F.." "Mozilla/5.0 AppleWebKit/537.36 (KHTML, like Gecko; compatible; GPTBot/1.3; +https://openai.com/gptbot)"
74.7.242.16 - - [02/Mar/2026:22:04:42 +0000] "GET /whsy.php?e=stat&p=%2Fproc%2F14645 HTTP/2.0" 200 861 "https://sparxnovate.net.lab2454.com/whsy.php?p=%2Fproc%2F14645" "Mozilla/5.0 AppleWebKit/537.36 (KHTML, like Gecko; compatible; GPTBot/1.3; +https://openai.com/gptbot)"
74.7.175.150 - - [02/Mar/2026:22:04:43 +0000] "GET /robots.txt HTTP/2.0" 404 - "-" "Mozilla/5.0 (Macintosh; Intel Mac OS X 10_15_7) AppleWebKit/537.36 (KHTML, like Gecko) Chrome/131.0.0.0 Safari/537.36; compatible; OAI-SearchBot/1.3; robots.txt; +https://openai.com/searchbot"
74.7.241.190 - - [02/Mar/2026:22:04:52 +0000] "GET /robots.txt HTTP/2.0" 404 - "-" "Mozilla/5.0 (Macintosh; Intel Mac OS X 10_15_7) AppleWebKit/537.36 (KHTML, like Gecko) Chrome/131.0.0.0 Safari/537.36; compatible; OAI-SearchBot/1.3; robots.txt; +https://openai.com/searchbot"
74.7.241.12 - - [02/Mar/2026:22:07:17 +0000] "GET /whsy.php?p=%2Fproc%2F3626 HTTP/2.0" 200 861 "https://www.sparxnovate.net.lab2454.com/whsy.php?p=%2Fproc%2F9263%2F.." "Mozilla/5.0 AppleWebKit/537.36 (KHTML, like Gecko; compatible; GPTBot/1.3; +https://openai.com/gptbot)"
74.7.242.16 - - [02/Mar/2026:22:08:18 +0000] "GET /whsy.php?e=auxv&p=%2Fproc%2F29782 HTTP/2.0" 200 1936 "https://sparxnovate.net.lab2454.com/whsy.php?p=%2Fproc%2F29782" "Mozilla/5.0 AppleWebKit/537.36 (KHTML, like Gecko; compatible; GPTBot/1.3; +https://openai.com/gptbot)"
74.7.241.12 - - [02/Mar/2026:22:10:08 +0000] "GET /whsy.php?p=%2Fproc%2F4302 HTTP/2.0" 200 861 "https://www.sparxnovate.net.lab2454.com/whsy.php?p=%2Fproc%2F18763%2F.." "Mozilla/5.0 AppleWebKit/537.36 (KHTML, like Gecko; compatible; GPTBot/1.3; +https://openai.com/gptbot)"
74.7.241.190 - - [02/Mar/2026:22:10:24 +0000] "GET /robots.txt HTTP/2.0" 404 - "-" "Mozilla/5.0 (Macintosh; Intel Mac OS X 10_15_7) AppleWebKit/537.36 (KHTML, like Gecko) Chrome/131.0.0.0 Safari/537.36; compatible; OAI-SearchBot/1.3; robots.txt; +https://openai.com/searchbot"
74.7.242.16 - - [02/Mar/2026:22:11:41 +0000] "GET /whsy.php?e=schedstat&p=%2Fproc%2F19892 HTTP/2.0" 200 861 "https://sparxnovate.net.lab2454.com/whsy.php?p=%2Fproc%2F19892" "Mozilla/5.0 AppleWebKit/537.36 (KHTML, like Gecko; compatible; GPTBot/1.3; +https://openai.com/gptbot)"
74.7.175.150 - - [02/Mar/2026:22:11:48 +0000] "GET /robots.txt HTTP/2.0" 404 - "-" "Mozilla/5.0 (Macintosh; Intel Mac OS X 10_15_7) AppleWebKit/537.36 (KHTML, like Gecko) Chrome/131.0.0.0 Safari/537.36; compatible; OAI-SearchBot/1.3; robots.txt; +https://openai.com/searchbot"
74.7.241.12 - - [02/Mar/2026:22:12:48 +0000] "GET /whsy.php?p=%2Fproc%2F2434 HTTP/2.0" 200 861 "https://www.sparxnovate.net.lab2454.com/whsy.php?p=%2Fproc%2F22307%2F.." "Mozilla/5.0 AppleWebKit/537.36 (KHTML, like Gecko; compatible; GPTBot/1.3; +https://openai.com/gptbot)"
74.7.242.16 - - [02/Mar/2026:22:14:46 +0000] "GET /whsy.php?e=schedstat&p=%2Fproc%2F26963 HTTP/2.0" 200 2037 "https://sparxnovate.net.lab2454.com/whsy.php?p=%2Fproc%2F26963" "Mozilla/5.0 AppleWebKit/537.36 (KHTML, like Gecko; compatible; GPTBot/1.3; +https://openai.com/gptbot)"
74.7.241.12 - - [02/Mar/2026:22:15:11 +0000] "GET /whsy.php?p=%2Fproc%2F6186 HTTP/2.0" 200 861 "https://www.sparxnovate.net.lab2454.com/whsy.php?p=%2Fproc%2F25515%2F.." "Mozilla/5.0 AppleWebKit/537.36 (KHTML, like Gecko; compatible; GPTBot/1.3; +https://openai.com/gptbot)"
74.7.241.12 - - [02/Mar/2026:22:17:52 +0000] "GET /whsy.php?p=%2Fproc%2F7135 HTTP/2.0" 200 861 "https://www.sparxnovate.net.lab2454.com/whsy.php?p=%2Fproc%2F18745%2F.." "Mozilla/5.0 AppleWebKit/537.36 (KHTML, like Gecko; compatible; GPTBot/1.3; +https://openai.com/gptbot)"
74.7.242.16 - - [02/Mar/2026:22:18:04 +0000] "GET /whsy.php?e=autogroup&p=%2Fproc%2F29782 HTTP/2.0" 200 2022 "https://sparxnovate.net.lab2454.com/whsy.php?p=%2Fproc%2F29782" "Mozilla/5.0 AppleWebKit/537.36 (KHTML, like Gecko; compatible; GPTBot/1.3; +https://openai.com/gptbot)"
74.7.175.150 - - [02/Mar/2026:22:18:27 +0000] "GET /robots.txt HTTP/2.0" 404 - "-" "Mozilla/5.0 (Macintosh; Intel Mac OS X 10_15_7) AppleWebKit/537.36 (KHTML, like Gecko) Chrome/131.0.0.0 Safari/537.36; compatible; OAI-SearchBot/1.3; robots.txt; +https://openai.com/searchbot"
74.7.241.12 - - [02/Mar/2026:22:20:27 +0000] "GET /whsy.php?p=%2Fproc%2F9799 HTTP/2.0" 200 861 "https://www.sparxnovate.net.lab2454.com/whsy.php?p=%2Fproc%2F11485%2F.." "Mozilla/5.0 AppleWebKit/537.36 (KHTML, like Gecko; compatible; GPTBot/1.3; +https://openai.com/gptbot)"
74.7.241.190 - - [02/Mar/2026:22:20:42 +0000] "GET /robots.txt HTTP/2.0" 404 - "-" "Mozilla/5.0 (Macintosh; Intel Mac OS X 10_15_7) AppleWebKit/537.36 (KHTML, like Gecko) Chrome/131.0.0.0 Safari/537.36; compatible; OAI-SearchBot/1.3; robots.txt; +https://openai.com/searchbot"
74.7.242.16 - - [02/Mar/2026:22:21:44 +0000] "GET /whsy.php?e=uid_map&p=%2Fproc%2F14645 HTTP/2.0" 200 861 "https://sparxnovate.net.lab2454.com/whsy.php?p=%2Fproc%2F14645" "Mozilla/5.0 AppleWebKit/537.36 (KHTML, like Gecko; compatible; GPTBot/1.3; +https://openai.com/gptbot)"
74.7.241.12 - - [02/Mar/2026:22:23:01 +0000] "GET /whsy.php?p=%2Fproc%2F6465 HTTP/2.0" 200 861 "https://www.sparxnovate.net.lab2454.com/whsy.php?p=%2Fproc%2F14933%2F.." "Mozilla/5.0 AppleWebKit/537.36 (KHTML, like Gecko; compatible; GPTBot/1.3; +https://openai.com/gptbot)"
74.7.242.16 - - [02/Mar/2026:22:25:09 +0000] "GET /whsy.php?e=gid_map&p=%2Fproc%2F14645 HTTP/2.0" 200 861 "https://sparxnovate.net.lab2454.com/whsy.php?p=%2Fproc%2F14645" "Mozilla/5.0 AppleWebKit/537.36 (KHTML, like Gecko; compatible; GPTBot/1.3; +https://openai.com/gptbot)"
74.7.175.150 - - [02/Mar/2026:22:25:24 +0000] "GET /robots.txt HTTP/2.0" 404 - "-" "Mozilla/5.0 (Macintosh; Intel Mac OS X 10_15_7) AppleWebKit/537.36 (KHTML, like Gecko) Chrome/131.0.0.0 Safari/537.36; compatible; OAI-SearchBot/1.3; robots.txt; +https://openai.com/searchbot"
74.7.241.12 - - [02/Mar/2026:22:25:35 +0000] "GET /whsy.php?p=%2Fproc%2F3744 HTTP/2.0" 200 861 "https://www.sparxnovate.net.lab2454.com/whsy.php?e=stat&p=%2Fproc" "Mozilla/5.0 AppleWebKit/537.36 (KHTML, like Gecko; compatible; GPTBot/1.3; +https://openai.com/gptbot)"
74.7.241.190 - - [02/Mar/2026:22:25:51 +0000] "GET /robots.txt HTTP/2.0" 404 - "-" "Mozilla/5.0 (Macintosh; Intel Mac OS X 10_15_7) AppleWebKit/537.36 (KHTML, like Gecko) Chrome/131.0.0.0 Safari/537.36; compatible; OAI-SearchBot/1.3; robots.txt; +https://openai.com/searchbot"
74.7.242.16 - - [02/Mar/2026:22:28:14 +0000] "GET /whsy.php?e=smaps&p=%2Fproc%2F19892 HTTP/2.0" 200 861 "https://sparxnovate.net.lab2454.com/whsy.php?p=%2Fproc%2F19892" "Mozilla/5.0 AppleWebKit/537.36 (KHTML, like Gecko; compatible; GPTBot/1.3; +https://openai.com/gptbot)"
74.7.241.12 - - [02/Mar/2026:22:28:18 +0000] "GET /whsy.php?p=%2Fproc%2F7150 HTTP/2.0" 200 861 "https://www.sparxnovate.net.lab2454.com/whsy.php?e=sysrq-trigger&p=%2Fproc" "Mozilla/5.0 AppleWebKit/537.36 (KHTML, like Gecko; compatible; GPTBot/1.3; +https://openai.com/gptbot)"
74.7.241.12 - - [02/Mar/2026:22:30:40 +0000] "GET /whsy.php?e=gid_map&p=%2Fproc%2F6210 HTTP/2.0" 200 2022 "https://www.sparxnovate.net.lab2454.com/whsy.php?p=%2Fproc%2F6210" "Mozilla/5.0 AppleWebKit/537.36 (KHTML, like Gecko; compatible; GPTBot/1.3; +https://openai.com/gptbot)"
74.7.241.190 - - [02/Mar/2026:22:30:56 +0000] "GET /robots.txt HTTP/2.0" 404 - "-" "Mozilla/5.0 (Macintosh; Intel Mac OS X 10_15_7) AppleWebKit/537.36 (KHTML, like Gecko) Chrome/131.0.0.0 Safari/537.36; compatible; OAI-SearchBot/1.3; robots.txt; +https://openai.com/searchbot"
74.7.242.16 - - [02/Mar/2026:22:31:14 +0000] "GET /whsy.php?e=sched&p=%2Fproc%2F29782 HTTP/2.0" 200 2472 "https://sparxnovate.net.lab2454.com/whsy.php?p=%2Fproc%2F29782" "Mozilla/5.0 AppleWebKit/537.36 (KHTML, like Gecko; compatible; GPTBot/1.3; +https://openai.com/gptbot)"
74.7.175.150 - - [02/Mar/2026:22:31:26 +0000] "GET /robots.txt HTTP/2.0" 404 - "-" "Mozilla/5.0 (Macintosh; Intel Mac OS X 10_15_7) AppleWebKit/537.36 (KHTML, like Gecko) Chrome/131.0.0.0 Safari/537.36; compatible; OAI-SearchBot/1.3; robots.txt; +https://openai.com/searchbot"
74.7.241.12 - - [02/Mar/2026:22:33:35 +0000] "GET /whsy.php?e=uid_map&p=%2Fproc%2F6210 HTTP/2.0" 200 2019 "https://www.sparxnovate.net.lab2454.com/whsy.php?p=%2Fproc%2F6210" "Mozilla/5.0 AppleWebKit/537.36 (KHTML, like Gecko; compatible; GPTBot/1.3; +https://openai.com/gptbot)"
74.7.242.16 - - [02/Mar/2026:22:34:44 +0000] "GET /whsy.php?e=sched&p=%2Fproc%2F26963 HTTP/2.0" 200 2474 "https://sparxnovate.net.lab2454.com/whsy.php?p=%2Fproc%2F26963" "Mozilla/5.0 AppleWebKit/537.36 (KHTML, like Gecko; compatible; GPTBot/1.3; +https://openai.com/gptbot)"
74.7.241.12 - - [02/Mar/2026:22:36:27 +0000] "GET /whsy.php?e=oom_adj&p=%2Fproc%2F6210 HTTP/2.0" 200 2003 "https://www.sparxnovate.net.lab2454.com/whsy.php?p=%2Fproc%2F6210" "Mozilla/5.0 AppleWebKit/537.36 (KHTML, like Gecko; compatible; GPTBot/1.3; +https://openai.com/gptbot)"
74.7.241.190 - - [02/Mar/2026:22:36:43 +0000] "GET /robots.txt HTTP/2.0" 404 - "-" "Mozilla/5.0 (Macintosh; Intel Mac OS X 10_15_7) AppleWebKit/537.36 (KHTML, like Gecko) Chrome/131.0.0.0 Safari/537.36; compatible; OAI-SearchBot/1.3; robots.txt; +https://openai.com/searchbot"
74.7.242.16 - - [02/Mar/2026:22:37:37 +0000] "GET /whsy.php?e=smaps&p=%2Fproc%2F29782 HTTP/2.0" 200 2123 "https://sparxnovate.net.lab2454.com/whsy.php?p=%2Fproc%2F29782" "Mozilla/5.0 AppleWebKit/537.36 (KHTML, like Gecko; compatible; GPTBot/1.3; +https://openai.com/gptbot)"
74.7.175.150 - - [02/Mar/2026:22:38:05 +0000] "GET /robots.txt HTTP/2.0" 404 - "-" "Mozilla/5.0 (Macintosh; Intel Mac OS X 10_15_7) AppleWebKit/537.36 (KHTML, like Gecko) Chrome/131.0.0.0 Safari/537.36; compatible; OAI-SearchBot/1.3; robots.txt; +https://openai.com/searchbot"
74.7.241.12 - - [02/Mar/2026:22:38:33 +0000] "GET /whsy.php?e=auxv&p=%2Fproc%2F6210 HTTP/2.0" 200 1934 "https://www.sparxnovate.net.lab2454.com/whsy.php?p=%2Fproc%2F6210" "Mozilla/5.0 AppleWebKit/537.36 (KHTML, like Gecko; compatible; GPTBot/1.3; +https://openai.com/gptbot)"
74.7.241.12 - - [02/Mar/2026:22:40:58 +0000] "GET /whsy.php?e=oom_score_adj&p=%2Fproc%2F6210 HTTP/2.0" 200 2005 "https://www.sparxnovate.net.lab2454.com/whsy.php?p=%2Fproc%2F6210" "Mozilla/5.0 AppleWebKit/537.36 (KHTML, like Gecko; compatible; GPTBot/1.3; +https://openai.com/gptbot)"
74.7.242.16 - - [02/Mar/2026:22:41:05 +0000] "GET /whsy.php?e=sched&p=%2Fproc%2F19892 HTTP/2.0" 200 861 "https://sparxnovate.net.lab2454.com/whsy.php?p=%2Fproc%2F19892" "Mozilla/5.0 AppleWebKit/537.36 (KHTML, like Gecko; compatible; GPTBot/1.3; +https://openai.com/gptbot)"
74.7.241.190 - - [02/Mar/2026:22:41:48 +0000] "GET /robots.txt HTTP/2.0" 404 - "-" "Mozilla/5.0 (Macintosh; Intel Mac OS X 10_15_7) AppleWebKit/537.36 (KHTML, like Gecko) Chrome/131.0.0.0 Safari/537.36; compatible; OAI-SearchBot/1.3; robots.txt; +https://openai.com/searchbot"
74.7.241.12 - - [02/Mar/2026:22:43:16 +0000] "GET /whsy.php?e=maps&p=%2Fproc%2F6210 HTTP/2.0" 200 2117 "https://www.sparxnovate.net.lab2454.com/whsy.php?p=%2Fproc%2F6210" "Mozilla/5.0 AppleWebKit/537.36 (KHTML, like Gecko; compatible; GPTBot/1.3; +https://openai.com/gptbot)"
74.7.242.16 - - [02/Mar/2026:22:44:01 +0000] "GET /whsy.php?e=smaps&p=%2Fproc%2F26963 HTTP/2.0" 200 2122 "https://sparxnovate.net.lab2454.com/whsy.php?p=%2Fproc%2F26963" "Mozilla/5.0 AppleWebKit/537.36 (KHTML, like Gecko; compatible; GPTBot/1.3; +https://openai.com/gptbot)"
74.7.175.150 - - [02/Mar/2026:22:44:01 +0000] "GET /robots.txt HTTP/2.0" 404 - "-" "Mozilla/5.0 (Macintosh; Intel Mac OS X 10_15_7) AppleWebKit/537.36 (KHTML, like Gecko) Chrome/131.0.0.0 Safari/537.36; compatible; OAI-SearchBot/1.3; robots.txt; +https://openai.com/searchbot"
74.7.241.12 - - [02/Mar/2026:22:44:39 +0000] "GET /whsy.php?e=comm&p=%2Fproc%2F6210 HTTP/2.0" 200 2004 "https://www.sparxnovate.net.lab2454.com/whsy.php?p=%2Fproc%2F6210" "Mozilla/5.0 AppleWebKit/537.36 (KHTML, like Gecko; compatible; GPTBot/1.3; +https://openai.com/gptbot)"
74.7.242.16 - - [02/Mar/2026:22:45:59 +0000] "GET /whsy.php?e=wchan&p=%2Fproc%2F29782 HTTP/2.0" 200 2006 "https://sparxnovate.net.lab2454.com/whsy.php?p=%2Fproc%2F29782" "Mozilla/5.0 AppleWebKit/537.36 (KHTML, like Gecko; compatible; GPTBot/1.3; +https://openai.com/gptbot)"
74.7.241.12 - - [02/Mar/2026:22:46:01 +0000] "GET /whsy.php?e=root&p=%2Fproc%2F6210 HTTP/2.0" 200 1934 "https://www.sparxnovate.net.lab2454.com/whsy.php?p=%2Fproc%2F6210" "Mozilla/5.0 AppleWebKit/537.36 (KHTML, like Gecko; compatible; GPTBot/1.3; +https://openai.com/gptbot)"
74.7.241.12 - - [02/Mar/2026:22:47:32 +0000] "GET /whsy.php?e=io&p=%2Fproc%2F6210 HTTP/2.0" 200 1934 "https://www.sparxnovate.net.lab2454.com/whsy.php?p=%2Fproc%2F6210" "Mozilla/5.0 AppleWebKit/537.36 (KHTML, like Gecko; compatible; GPTBot/1.3; +https://openai.com/gptbot)"
74.7.241.190 - - [02/Mar/2026:22:47:33 +0000] "GET /robots.txt HTTP/2.0" 404 - "-" "Mozilla/5.0 (Macintosh; Intel Mac OS X 10_15_7) AppleWebKit/537.36 (KHTML, like Gecko) Chrome/131.0.0.0 Safari/537.36; compatible; OAI-SearchBot/1.3; robots.txt; +https://openai.com/searchbot"
74.7.242.16 - - [02/Mar/2026:22:47:53 +0000] "GET /whsy.php?e=smaps&p=%2Fproc%2F14645 HTTP/2.0" 200 861 "https://sparxnovate.net.lab2454.com/whsy.php?p=%2Fproc%2F14645" "Mozilla/5.0 AppleWebKit/537.36 (KHTML, like Gecko; compatible; GPTBot/1.3; +https://openai.com/gptbot)"
74.7.241.12 - - [02/Mar/2026:22:48:49 +0000] "GET /whsy.php?e=oom_score&p=%2Fproc%2F6210 HTTP/2.0" 200 2004 "https://www.sparxnovate.net.lab2454.com/whsy.php?p=%2Fproc%2F6210" "Mozilla/5.0 AppleWebKit/537.36 (KHTML, like Gecko; compatible; GPTBot/1.3; +https://openai.com/gptbot)"
74.7.242.16 - - [02/Mar/2026:22:49:19 +0000] "GET /whsy.php?e=stack&p=%2Fproc%2F29782 HTTP/2.0" 200 1936 "https://sparxnovate.net.lab2454.com/whsy.php?p=%2Fproc%2F29782" "Mozilla/5.0 AppleWebKit/537.36 (KHTML, like Gecko; compatible; GPTBot/1.3; +https://openai.com/gptbot)"
74.7.175.150 - - [02/Mar/2026:22:49:21 +0000] "GET /robots.txt HTTP/2.0" 404 - "-" "Mozilla/5.0 (Macintosh; Intel Mac OS X 10_15_7) AppleWebKit/537.36 (KHTML, like Gecko) Chrome/131.0.0.0 Safari/537.36; compatible; OAI-SearchBot/1.3; robots.txt; +https://openai.com/searchbot"
74.7.241.12 - - [02/Mar/2026:22:50:01 +0000] "GET /whsy.php?e=exe&p=%2Fproc%2F6210 HTTP/2.0" 200 1934 "https://www.sparxnovate.net.lab2454.com/whsy.php?p=%2Fproc%2F6210" "Mozilla/5.0 AppleWebKit/537.36 (KHTML, like Gecko; compatible; GPTBot/1.3; +https://openai.com/gptbot)"
74.7.242.16 - - [02/Mar/2026:22:50:55 +0000] "GET /whsy.php?e=statm&p=%2Fproc%2F29782 HTTP/2.0" 200 2030 "https://sparxnovate.net.lab2454.com/whsy.php?p=%2Fproc%2F29782" "Mozilla/5.0 AppleWebKit/537.36 (KHTML, like Gecko; compatible; GPTBot/1.3; +https://openai.com/gptbot)"
74.7.241.12 - - [02/Mar/2026:22:51:21 +0000] "GET /whsy.php?e=mem&p=%2Fproc%2F6210 HTTP/2.0" 200 1934 "https://www.sparxnovate.net.lab2454.com/whsy.php?p=%2Fproc%2F6210" "Mozilla/5.0 AppleWebKit/537.36 (KHTML, like Gecko; compatible; GPTBot/1.3; +https://openai.com/gptbot)"
74.7.242.16 - - [02/Mar/2026:22:52:17 +0000] "GET /whsy.php?e=oom_adj&p=%2Fproc%2F31862 HTTP/2.0" 200 1981 "https://sparxnovate.net.lab2454.com/whsy.php?p=%2Fproc%2F31862" "Mozilla/5.0 AppleWebKit/537.36 (KHTML, like Gecko; compatible; GPTBot/1.3; +https://openai.com/gptbot)"
74.7.241.12 - - [02/Mar/2026:22:52:27 +0000] "GET /whsy.php?e=cwd&p=%2Fproc%2F6210 HTTP/2.0" 200 1934 "https://www.sparxnovate.net.lab2454.com/whsy.php?p=%2Fproc%2F6210" "Mozilla/5.0 AppleWebKit/537.36 (KHTML, like Gecko; compatible; GPTBot/1.3; +https://openai.com/gptbot)"
74.7.241.12 - - [02/Mar/2026:22:54:08 +0000] "GET /whsy.php?e=timerslack_ns&p=%2Fproc%2F6210 HTTP/2.0" 200 2005 "https://www.sparxnovate.net.lab2454.com/whsy.php?p=%2Fproc%2F6210" "Mozilla/5.0 AppleWebKit/537.36 (KHTML, like Gecko; compatible; GPTBot/1.3; +https://openai.com/gptbot)"
74.7.241.190 - - [02/Mar/2026:22:54:09 +0000] "GET /robots.txt HTTP/2.0" 404 - "-" "Mozilla/5.0 (Macintosh; Intel Mac OS X 10_15_7) AppleWebKit/537.36 (KHTML, like Gecko) Chrome/131.0.0.0 Safari/537.36; compatible; OAI-SearchBot/1.3; robots.txt; +https://openai.com/searchbot"
74.7.242.16 - - [02/Mar/2026:22:54:10 +0000] "GET /whsy.php?e=uid_map&p=%2Fproc%2F31862 HTTP/2.0" 200 1995 "https://sparxnovate.net.lab2454.com/whsy.php?p=%2Fproc%2F31862" "Mozilla/5.0 AppleWebKit/537.36 (KHTML, like Gecko; compatible; GPTBot/1.3; +https://openai.com/gptbot)"
74.7.241.12 - - [02/Mar/2026:22:55:49 +0000] "GET /whsy.php?e=timers&p=%2Fproc%2F6210 HTTP/2.0" 200 2002 "https://www.sparxnovate.net.lab2454.com/whsy.php?p=%2Fproc%2F6210" "Mozilla/5.0 AppleWebKit/537.36 (KHTML, like Gecko; compatible; GPTBot/1.3; +https://openai.com/gptbot)"
74.7.242.16 - - [02/Mar/2026:22:56:25 +0000] "GET /whsy.php?e=oom_adj&p=%2Fproc%2F14645 HTTP/2.0" 200 861 "https://sparxnovate.net.lab2454.com/whsy.php?p=%2Fproc%2F14645" "Mozilla/5.0 AppleWebKit/537.36 (KHTML, like Gecko; compatible; GPTBot/1.3; +https://openai.com/gptbot)"
74.7.175.150 - - [02/Mar/2026:22:56:26 +0000] "GET /robots.txt HTTP/2.0" 404 - "-" "Mozilla/5.0 (Macintosh; Intel Mac OS X 10_15_7) AppleWebKit/537.36 (KHTML, like Gecko) Chrome/131.0.0.0 Safari/537.36; compatible; OAI-SearchBot/1.3; robots.txt; +https://openai.com/searchbot"
74.7.241.12 - - [02/Mar/2026:22:57:35 +0000] "GET /whsy.php?e=limits&p=%2Fproc%2F6210 HTTP/2.0" 200 2231 "https://www.sparxnovate.net.lab2454.com/whsy.php?p=%2Fproc%2F6210" "Mozilla/5.0 AppleWebKit/537.36 (KHTML, like Gecko; compatible; GPTBot/1.3; +https://openai.com/gptbot)"
74.7.242.16 - - [02/Mar/2026:22:58:48 +0000] "GET /whsy.php?e=uid_map&p=%2Fproc%2F24786 HTTP/2.0" 200 861 "https://sparxnovate.net.lab2454.com/whsy.php?p=%2Fproc%2F24786" "Mozilla/5.0 AppleWebKit/537.36 (KHTML, like Gecko; compatible; GPTBot/1.3; +https://openai.com/gptbot)"
74.7.241.12 - - [02/Mar/2026:22:59:22 +0000] "GET /whsy.php?e=mounts&p=%2Fproc%2F6210 HTTP/2.0" 200 2647 "https://www.sparxnovate.net.lab2454.com/whsy.php?p=%2Fproc%2F6210" "Mozilla/5.0 AppleWebKit/537.36 (KHTML, like Gecko; compatible; GPTBot/1.3; +https://openai.com/gptbot)"
74.7.241.190 - - [02/Mar/2026:22:59:23 +0000] "GET /robots.txt HTTP/2.0" 404 - "-" "Mozilla/5.0 (Macintosh; Intel Mac OS X 10_15_7) AppleWebKit/537.36 (KHTML, like Gecko) Chrome/131.0.0.0 Safari/537.36; compatible; OAI-SearchBot/1.3; robots.txt; +https://openai.com/searchbot"
74.7.242.16 - - [02/Mar/2026:23:00:33 +0000] "GET /whsy.php?e=gid_map&p=%2Fproc%2F31862 HTTP/2.0" 200 1998 "https://sparxnovate.net.lab2454.com/whsy.php?p=%2Fproc%2F31862" "Mozilla/5.0 AppleWebKit/537.36 (KHTML, like Gecko; compatible; GPTBot/1.3; +https://openai.com/gptbot)"
74.7.241.12 - - [02/Mar/2026:23:01:26 +0000] "GET /whsy.php?e=status&p=%2Fproc%2F6210 HTTP/2.0" 200 2594 "https://www.sparxnovate.net.lab2454.com/whsy.php?p=%2Fproc%2F6210" "Mozilla/5.0 AppleWebKit/537.36 (KHTML, like Gecko; compatible; GPTBot/1.3; +https://openai.com/gptbot)"
74.7.242.16 - - [02/Mar/2026:23:03:06 +0000] "GET /whsy.php?e=oom_adj&p=%2Fproc%2F24786 HTTP/2.0" 200 861 "https://sparxnovate.net.lab2454.com/whsy.php?p=%2Fproc%2F24786" "Mozilla/5.0 AppleWebKit/537.36 (KHTML, like Gecko; compatible; GPTBot/1.3; +https://openai.com/gptbot)"
74.7.175.150 - - [02/Mar/2026:23:03:07 +0000] "GET /robots.txt HTTP/2.0" 404 - "-" "Mozilla/5.0 (Macintosh; Intel Mac OS X 10_15_7) AppleWebKit/537.36 (KHTML, like Gecko) Chrome/131.0.0.0 Safari/537.36; compatible; OAI-SearchBot/1.3; robots.txt; +https://openai.com/searchbot"
74.7.241.12 - - [02/Mar/2026:23:03:21 +0000] "GET /whsy.php?p=%2Fproc%2F6210%2Fattr HTTP/2.0" 200 798 "https://www.sparxnovate.net.lab2454.com/whsy.php?p=%2Fproc%2F6210" "Mozilla/5.0 AppleWebKit/537.36 (KHTML, like Gecko; compatible; GPTBot/1.3; +https://openai.com/gptbot)"
74.7.241.12 - - [02/Mar/2026:23:05:28 +0000] "GET /whsy.php?p=%2Fproc%2F6210%2Ftask HTTP/2.0" 200 861 "https://www.sparxnovate.net.lab2454.com/whsy.php?p=%2Fproc%2F6210" "Mozilla/5.0 AppleWebKit/537.36 (KHTML, like Gecko; compatible; GPTBot/1.3; +https://openai.com/gptbot)"
74.7.241.190 - - [02/Mar/2026:23:05:29 +0000] "GET /robots.txt HTTP/2.0" 404 - "-" "Mozilla/5.0 (Macintosh; Intel Mac OS X 10_15_7) AppleWebKit/537.36 (KHTML, like Gecko) Chrome/131.0.0.0 Safari/537.36; compatible; OAI-SearchBot/1.3; robots.txt; +https://openai.com/searchbot"
74.7.242.16 - - [02/Mar/2026:23:05:36 +0000] "GET /whsy.php?e=gid_map&p=%2Fproc%2F24786 HTTP/2.0" 200 861 "https://sparxnovate.net.lab2454.com/whsy.php?p=%2Fproc%2F24786" "Mozilla/5.0 AppleWebKit/537.36 (KHTML, like Gecko; compatible; GPTBot/1.3; +https://openai.com/gptbot)"
74.7.241.12 - - [02/Mar/2026:23:07:35 +0000] "GET /whsy.php?e=coredump_filter&p=%2Fproc%2F6210 HTTP/2.0" 200 2005 "https://www.sparxnovate.net.lab2454.com/whsy.php?p=%2Fproc%2F6210" "Mozilla/5.0 AppleWebKit/537.36 (KHTML, like Gecko; compatible; GPTBot/1.3; +https://openai.com/gptbot)"
74.7.242.16 - - [02/Mar/2026:23:07:44 +0000] "GET /whsy.php?e=auxv&p=%2Fproc%2F26963 HTTP/2.0" 200 1936 "https://sparxnovate.net.lab2454.com/whsy.php?p=%2Fproc%2F26963" "Mozilla/5.0 AppleWebKit/537.36 (KHTML, like Gecko; compatible; GPTBot/1.3; +https://openai.com/gptbot)"
74.7.241.12 - - [02/Mar/2026:23:09:47 +0000] "GET /whsy.php?e=cpuset&p=%2Fproc%2F6210 HTTP/2.0" 200 2003 "https://www.sparxnovate.net.lab2454.com/whsy.php?p=%2Fproc%2F6210" "Mozilla/5.0 AppleWebKit/537.36 (KHTML, like Gecko; compatible; GPTBot/1.3; +https://openai.com/gptbot)"
74.7.242.16 - - [02/Mar/2026:23:09:56 +0000] "GET /whsy.php?e=auxv&p=%2Fproc%2F19892 HTTP/2.0" 200 861 "https://sparxnovate.net.lab2454.com/whsy.php?p=%2Fproc%2F19892" "Mozilla/5.0 AppleWebKit/537.36 (KHTML, like Gecko; compatible; GPTBot/1.3; +https://openai.com/gptbot)"
74.7.175.150 - - [02/Mar/2026:23:09:56 +0000] "GET /robots.txt HTTP/2.0" 404 - "-" "Mozilla/5.0 (Macintosh; Intel Mac OS X 10_15_7) AppleWebKit/537.36 (KHTML, like Gecko) Chrome/131.0.0.0 Safari/537.36; compatible; OAI-SearchBot/1.3; robots.txt; +https://openai.com/searchbot"
74.7.241.12 - - [02/Mar/2026:23:11:40 +0000] "GET /whsy.php?e=cgroup&p=%2Fproc%2F6210 HTTP/2.0" 200 2137 "https://www.sparxnovate.net.lab2454.com/whsy.php?p=%2Fproc%2F6210" "Mozilla/5.0 AppleWebKit/537.36 (KHTML, like Gecko; compatible; GPTBot/1.3; +https://openai.com/gptbot)"
74.7.241.190 - - [02/Mar/2026:23:11:41 +0000] "GET /robots.txt HTTP/2.0" 404 - "-" "Mozilla/5.0 (Macintosh; Intel Mac OS X 10_15_7) AppleWebKit/537.36 (KHTML, like Gecko) Chrome/131.0.0.0 Safari/537.36; compatible; OAI-SearchBot/1.3; robots.txt; +https://openai.com/searchbot"
74.7.242.16 - - [02/Mar/2026:23:12:20 +0000] "GET /whsy.php?e=sessionid&p=%2Fproc%2F19892 HTTP/2.0" 200 861 "https://sparxnovate.net.lab2454.com/whsy.php?p=%2Fproc%2F19892" "Mozilla/5.0 AppleWebKit/537.36 (KHTML, like Gecko; compatible; GPTBot/1.3; +https://openai.com/gptbot)"
74.7.241.12 - - [02/Mar/2026:23:13:22 +0000] "GET /whsy.php?e=ksm_stat&p=%2Fproc%2F6210 HTTP/2.0" 200 1934 "https://www.sparxnovate.net.lab2454.com/whsy.php?p=%2Fproc%2F6210" "Mozilla/5.0 AppleWebKit/537.36 (KHTML, like Gecko; compatible; GPTBot/1.3; +https://openai.com/gptbot)"
74.7.242.16 - - [02/Mar/2026:23:14:07 +0000] "GET /whsy.php?e=setgroups&p=%2Fproc%2F19892 HTTP/2.0" 200 861 "https://sparxnovate.net.lab2454.com/whsy.php?p=%2Fproc%2F19892" "Mozilla/5.0 AppleWebKit/537.36 (KHTML, like Gecko; compatible; GPTBot/1.3; +https://openai.com/gptbot)"
74.7.241.12 - - [02/Mar/2026:23:14:53 +0000] "GET /whsy.php?e=numa_maps&p=%2Fproc%2F6210 HTTP/2.0" 200 2122 "https://www.sparxnovate.net.lab2454.com/whsy.php?p=%2Fproc%2F6210" "Mozilla/5.0 AppleWebKit/537.36 (KHTML, like Gecko; compatible; GPTBot/1.3; +https://openai.com/gptbot)"
74.7.242.16 - - [02/Mar/2026:23:15:41 +0000] "GET /whsy.php?e=sessionid&p=%2Fproc%2F26963 HTTP/2.0" 200 2016 "https://sparxnovate.net.lab2454.com/whsy.php?p=%2Fproc%2F26963" "Mozilla/5.0 AppleWebKit/537.36 (KHTML, like Gecko; compatible; GPTBot/1.3; +https://openai.com/gptbot)"
74.7.175.150 - - [02/Mar/2026:23:15:42 +0000] "GET /robots.txt HTTP/2.0" 404 - "-" "Mozilla/5.0 (Macintosh; Intel Mac OS X 10_15_7) AppleWebKit/537.36 (KHTML, like Gecko) Chrome/131.0.0.0 Safari/537.36; compatible; OAI-SearchBot/1.3; robots.txt; +https://openai.com/searchbot"
74.7.241.12 - - [02/Mar/2026:23:16:53 +0000] "GET /whsy.php?e=timens_offsets&p=%2Fproc%2F6210 HTTP/2.0" 200 2021 "https://www.sparxnovate.net.lab2454.com/whsy.php?p=%2Fproc%2F6210" "Mozilla/5.0 AppleWebKit/537.36 (KHTML, like Gecko; compatible; GPTBot/1.3; +https://openai.com/gptbot)"
74.7.242.16 - - [02/Mar/2026:23:17:50 +0000] "GET /whsy.php?e=schedstat&p=%2Fproc%2F29782 HTTP/2.0" 200 2028 "https://sparxnovate.net.lab2454.com/whsy.php?p=%2Fproc%2F29782" "Mozilla/5.0 AppleWebKit/537.36 (KHTML, like Gecko; compatible; GPTBot/1.3; +https://openai.com/gptbot)"
74.7.241.12 - - [02/Mar/2026:23:18:49 +0000] "GET /whsy.php?e=stack&p=%2Fproc%2F6210 HTTP/2.0" 200 1934 "https://www.sparxnovate.net.lab2454.com/whsy.php?p=%2Fproc%2F6210" "Mozilla/5.0 AppleWebKit/537.36 (KHTML, like Gecko; compatible; GPTBot/1.3; +https://openai.com/gptbot)"
74.7.242.16 - - [02/Mar/2026:23:20:00 +0000] "GET /whsy.php?e=setgroups&p=%2Fproc%2F26963 HTTP/2.0" 200 2007 "https://sparxnovate.net.lab2454.com/whsy.php?p=%2Fproc%2F26963" "Mozilla/5.0 AppleWebKit/537.36 (KHTML, like Gecko; compatible; GPTBot/1.3; +https://openai.com/gptbot)"
74.7.241.12 - - [02/Mar/2026:23:20:59 +0000] "GET /whsy.php?e=statm&p=%2Fproc%2F6210 HTTP/2.0" 200 2029 "https://www.sparxnovate.net.lab2454.com/whsy.php?p=%2Fproc%2F6210" "Mozilla/5.0 AppleWebKit/537.36 (KHTML, like Gecko; compatible; GPTBot/1.3; +https://openai.com/gptbot)"
74.7.242.16 - - [02/Mar/2026:23:21:53 +0000] "GET /whsy.php?e=exe&p=%2Fproc%2F26963 HTTP/2.0" 200 1936 "https://sparxnovate.net.lab2454.com/whsy.php?p=%2Fproc%2F26963" "Mozilla/5.0 AppleWebKit/537.36 (KHTML, like Gecko; compatible; GPTBot/1.3; +https://openai.com/gptbot)"
74.7.175.150 - - [02/Mar/2026:23:21:54 +0000] "GET /robots.txt HTTP/2.0" 404 - "-" "Mozilla/5.0 (Macintosh; Intel Mac OS X 10_15_7) AppleWebKit/537.36 (KHTML, like Gecko) Chrome/131.0.0.0 Safari/537.36; compatible; OAI-SearchBot/1.3; robots.txt; +https://openai.com/searchbot"
74.7.241.12 - - [02/Mar/2026:23:22:57 +0000] "GET /whsy.php?e=loginuid&p=%2Fproc%2F6210 HTTP/2.0" 200 2011 "https://www.sparxnovate.net.lab2454.com/whsy.php?p=%2Fproc%2F6210" "Mozilla/5.0 AppleWebKit/537.36 (KHTML, like Gecko; compatible; GPTBot/1.3; +https://openai.com/gptbot)"
74.7.241.190 - - [02/Mar/2026:23:22:58 +0000] "GET /robots.txt HTTP/2.0" 404 - "-" "Mozilla/5.0 (Macintosh; Intel Mac OS X 10_15_7) AppleWebKit/537.36 (KHTML, like Gecko) Chrome/131.0.0.0 Safari/537.36; compatible; OAI-SearchBot/1.3; robots.txt; +https://openai.com/searchbot"
74.7.242.16 - - [02/Mar/2026:23:23:42 +0000] "GET /whsy.php?e=mem&p=%2Fproc%2F26963 HTTP/2.0" 200 1936 "https://sparxnovate.net.lab2454.com/whsy.php?p=%2Fproc%2F26963" "Mozilla/5.0 AppleWebKit/537.36 (KHTML, like Gecko; compatible; GPTBot/1.3; +https://openai.com/gptbot)"
74.7.241.12 - - [02/Mar/2026:23:24:38 +0000] "GET /whsy.php?e=wchan&p=%2Fproc%2F6210 HTTP/2.0" 200 2001 "https://www.sparxnovate.net.lab2454.com/whsy.php?p=%2Fproc%2F6210" "Mozilla/5.0 AppleWebKit/537.36 (KHTML, like Gecko; compatible; GPTBot/1.3; +https://openai.com/gptbot)"
74.7.242.16 - - [02/Mar/2026:23:25:17 +0000] "GET /whsy.php?e=cwd&p=%2Fproc%2F19892 HTTP/2.0" 200 861 "https://sparxnovate.net.lab2454.com/whsy.php?p=%2Fproc%2F19892" "Mozilla/5.0 AppleWebKit/537.36 (KHTML, like Gecko; compatible; GPTBot/1.3; +https://openai.com/gptbot)"
74.7.241.12 - - [02/Mar/2026:23:26:16 +0000] "GET /whsy.php?p=%2Fproc%2F6210%2Ftask%2F22431 HTTP/2.0" 200 1801 "https://www.sparxnovate.net.lab2454.com/whsy.php?p=%2Fproc%2F6210%2Ftask" "Mozilla/5.0 AppleWebKit/537.36 (KHTML, like Gecko; compatible; GPTBot/1.3; +https://openai.com/gptbot)"
74.7.242.16 - - [02/Mar/2026:23:27:10 +0000] "GET /whsy.php?e=exe&p=%2Fproc%2F29782 HTTP/2.0" 200 1936 "https://sparxnovate.net.lab2454.com/whsy.php?p=%2Fproc%2F29782" "Mozilla/5.0 AppleWebKit/537.36 (KHTML, like Gecko; compatible; GPTBot/1.3; +https://openai.com/gptbot)"
74.7.175.150 - - [02/Mar/2026:23:27:11 +0000] "GET /robots.txt HTTP/2.0" 404 - "-" "Mozilla/5.0 (Macintosh; Intel Mac OS X 10_15_7) AppleWebKit/537.36 (KHTML, like Gecko) Chrome/131.0.0.0 Safari/537.36; compatible; OAI-SearchBot/1.3; robots.txt; +https://openai.com/searchbot"
74.7.241.12 - - [02/Mar/2026:23:27:58 +0000] "GET /whsy.php?e=sched&p=%2Fproc%2F6210 HTTP/2.0" 200 2484 "https://www.sparxnovate.net.lab2454.com/whsy.php?p=%2Fproc%2F6210" "Mozilla/5.0 AppleWebKit/537.36 (KHTML, like Gecko; compatible; GPTBot/1.3; +https://openai.com/gptbot)"
74.7.241.190 - - [02/Mar/2026:23:27:59 +0000] "GET /robots.txt HTTP/2.0" 404 - "-" "Mozilla/5.0 (Macintosh; Intel Mac OS X 10_15_7) AppleWebKit/537.36 (KHTML, like Gecko) Chrome/131.0.0.0 Safari/537.36; compatible; OAI-SearchBot/1.3; robots.txt; +https://openai.com/searchbot"
74.7.242.16 - - [02/Mar/2026:23:29:05 +0000] "GET /whsy.php?e=mem&p=%2Fproc%2F29782 HTTP/2.0" 200 1936 "https://sparxnovate.net.lab2454.com/whsy.php?p=%2Fproc%2F29782" "Mozilla/5.0 AppleWebKit/537.36 (KHTML, like Gecko; compatible; GPTBot/1.3; +https://openai.com/gptbot)"
74.7.241.12 - - [02/Mar/2026:23:29:44 +0000] "GET /whsy.php?e=smaps&p=%2Fproc%2F6210 HTTP/2.0" 200 2120 "https://www.sparxnovate.net.lab2454.com/whsy.php?p=%2Fproc%2F6210" "Mozilla/5.0 AppleWebKit/537.36 (KHTML, like Gecko; compatible; GPTBot/1.3; +https://openai.com/gptbot)"
74.7.242.16 - - [02/Mar/2026:23:30:51 +0000] "GET /whsy.php?e=cwd&p=%2Fproc%2F29782 HTTP/2.0" 200 1936 "https://sparxnovate.net.lab2454.com/whsy.php?p=%2Fproc%2F29782" "Mozilla/5.0 AppleWebKit/537.36 (KHTML, like Gecko; compatible; GPTBot/1.3; +https://openai.com/gptbot)"
74.7.241.12 - - [02/Mar/2026:23:31:08 +0000] "GET /whsy.php?e=stat&p=%2Fproc%2F6210 HTTP/2.0" 200 2131 "https://www.sparxnovate.net.lab2454.com/whsy.php?p=%2Fproc%2F6210" "Mozilla/5.0 AppleWebKit/537.36 (KHTML, like Gecko; compatible; GPTBot/1.3; +https://openai.com/gptbot)"
74.7.242.16 - - [02/Mar/2026:23:32:24 +0000] "GET /whsy.php?e=exe&p=%2Fproc%2F19892 HTTP/2.0" 200 861 "https://sparxnovate.net.lab2454.com/whsy.php?p=%2Fproc%2F19892" "Mozilla/5.0 AppleWebKit/537.36 (KHTML, like Gecko; compatible; GPTBot/1.3; +https://openai.com/gptbot)"
74.7.175.150 - - [02/Mar/2026:23:32:26 +0000] "GET /robots.txt HTTP/2.0" 404 - "-" "Mozilla/5.0 (Macintosh; Intel Mac OS X 10_15_7) AppleWebKit/537.36 (KHTML, like Gecko) Chrome/131.0.0.0 Safari/537.36; compatible; OAI-SearchBot/1.3; robots.txt; +https://openai.com/searchbot"
74.7.241.12 - - [02/Mar/2026:23:32:34 +0000] "GET /whsy.php?e=mountinfo&p=%2Fproc%2F6210 HTTP/2.0" 200 2944 "https://www.sparxnovate.net.lab2454.com/whsy.php?p=%2Fproc%2F6210" "Mozilla/5.0 AppleWebKit/537.36 (KHTML, like Gecko; compatible; GPTBot/1.3; +https://openai.com/gptbot)"
74.7.242.16 - - [02/Mar/2026:23:34:12 +0000] "GET /whsy.php?e=cwd&p=%2Fproc%2F26963 HTTP/2.0" 200 1936 "https://sparxnovate.net.lab2454.com/whsy.php?p=%2Fproc%2F26963" "Mozilla/5.0 AppleWebKit/537.36 (KHTML, like Gecko; compatible; GPTBot/1.3; +https://openai.com/gptbot)"
74.7.241.12 - - [02/Mar/2026:23:34:23 +0000] "GET /whsy.php?p=%2Fproc%2F6210%2Ffdinfo HTTP/2.0" 200 177513 "https://www.sparxnovate.net.lab2454.com/whsy.php?p=%2Fproc%2F6210" "Mozilla/5.0 AppleWebKit/537.36 (KHTML, like Gecko; compatible; GPTBot/1.3; +https://openai.com/gptbot)"
74.7.241.190 - - [02/Mar/2026:23:34:54 +0000] "GET /robots.txt HTTP/2.0" 404 - "-" "Mozilla/5.0 (Macintosh; Intel Mac OS X 10_15_7) AppleWebKit/537.36 (KHTML, like Gecko) Chrome/131.0.0.0 Safari/537.36; compatible; OAI-SearchBot/1.3; robots.txt; +https://openai.com/searchbot"
74.7.242.16 - - [02/Mar/2026:23:35:42 +0000] "GET /whsy.php?e=mem&p=%2Fproc%2F19892 HTTP/2.0" 200 861 "https://sparxnovate.net.lab2454.com/whsy.php?p=%2Fproc%2F19892" "Mozilla/5.0 AppleWebKit/537.36 (KHTML, like Gecko; compatible; GPTBot/1.3; +https://openai.com/gptbot)"
74.7.241.12 - - [02/Mar/2026:23:36:26 +0000] "GET /whsy.php?p=%2Fproc%2F6210%2Fmap_files HTTP/2.0" 200 173351 "https://www.sparxnovate.net.lab2454.com/whsy.php?p=%2Fproc%2F6210" "Mozilla/5.0 AppleWebKit/537.36 (KHTML, like Gecko; compatible; GPTBot/1.3; +https://openai.com/gptbot)"
74.7.242.16 - - [02/Mar/2026:23:37:20 +0000] "GET /whsy.php?e=stat&p=%2Fproc%2F31862 HTTP/2.0" 200 2130 "https://sparxnovate.net.lab2454.com/whsy.php?p=%2Fproc%2F31862" "Mozilla/5.0 AppleWebKit/537.36 (KHTML, like Gecko; compatible; GPTBot/1.3; +https://openai.com/gptbot)"
74.7.241.12 - - [02/Mar/2026:23:38:23 +0000] "GET /whsy.php?p=%2Fproc%2F6210%2Fns HTTP/2.0" 200 146368 "https://www.sparxnovate.net.lab2454.com/whsy.php?p=%2Fproc%2F6210" "Mozilla/5.0 AppleWebKit/537.36 (KHTML, like Gecko; compatible; GPTBot/1.3; +https://openai.com/gptbot)"
74.7.242.16 - - [02/Mar/2026:23:38:57 +0000] "GET /whsy.php?e=stat&p=%2Fproc%2F24786 HTTP/2.0" 200 861 "https://sparxnovate.net.lab2454.com/whsy.php?p=%2Fproc%2F24786" "Mozilla/5.0 AppleWebKit/537.36 (KHTML, like Gecko; compatible; GPTBot/1.3; +https://openai.com/gptbot)"
74.7.175.150 - - [02/Mar/2026:23:38:58 +0000] "GET /robots.txt HTTP/2.0" 404 - "-" "Mozilla/5.0 (Macintosh; Intel Mac OS X 10_15_7) AppleWebKit/537.36 (KHTML, like Gecko) Chrome/131.0.0.0 Safari/537.36; compatible; OAI-SearchBot/1.3; robots.txt; +https://openai.com/searchbot"
74.7.242.16 - - [02/Mar/2026:23:40:42 +0000] "GET /whsy.php?e=ksm_stat&p=%2Fproc%2F19892 HTTP/2.0" 200 861 "https://sparxnovate.net.lab2454.com/whsy.php?p=%2Fproc%2F19892" "Mozilla/5.0 AppleWebKit/537.36 (KHTML, like Gecko; compatible; GPTBot/1.3; +https://openai.com/gptbot)"
74.7.241.12 - - [02/Mar/2026:23:40:34 +0000] "GET /whsy.php?p=%2Fproc%2F6210%2Ffd HTTP/2.0" 200 163420 "https://www.sparxnovate.net.lab2454.com/whsy.php?p=%2Fproc%2F6210" "Mozilla/5.0 AppleWebKit/537.36 (KHTML, like Gecko; compatible; GPTBot/1.3; +https://openai.com/gptbot)"
74.7.241.190 - - [02/Mar/2026:23:41:04 +0000] "GET /robots.txt HTTP/2.0" 404 - "-" "Mozilla/5.0 (Macintosh; Intel Mac OS X 10_15_7) AppleWebKit/537.36 (KHTML, like Gecko) Chrome/131.0.0.0 Safari/537.36; compatible; OAI-SearchBot/1.3; robots.txt; +https://openai.com/searchbot"
74.7.242.16 - - [02/Mar/2026:23:42:46 +0000] "GET /whsy.php?e=ksm_stat&p=%2Fproc%2F26963 HTTP/2.0" 200 1936 "https://sparxnovate.net.lab2454.com/whsy.php?p=%2Fproc%2F26963" "Mozilla/5.0 AppleWebKit/537.36 (KHTML, like Gecko; compatible; GPTBot/1.3; +https://openai.com/gptbot)"
74.7.241.12 - - [02/Mar/2026:23:42:58 +0000] "GET /whsy.php?e=autogroup&p=%2Fproc%2F6210 HTTP/2.0" 200 2017 "https://www.sparxnovate.net.lab2454.com/whsy.php?p=%2Fproc%2F6210" "Mozilla/5.0 AppleWebKit/537.36 (KHTML, like Gecko; compatible; GPTBot/1.3; +https://openai.com/gptbot)"
74.7.242.16 - - [02/Mar/2026:23:44:37 +0000] "GET /whsy.php?e=exe&p=%2Fproc%2F31862 HTTP/2.0" 200 1978 "https://sparxnovate.net.lab2454.com/whsy.php?p=%2Fproc%2F31862" "Mozilla/5.0 AppleWebKit/537.36 (KHTML, like Gecko; compatible; GPTBot/1.3; +https://openai.com/gptbot)"
74.7.175.150 - - [02/Mar/2026:23:44:38 +0000] "GET /robots.txt HTTP/2.0" 404 - "-" "Mozilla/5.0 (Macintosh; Intel Mac OS X 10_15_7) AppleWebKit/537.36 (KHTML, like Gecko) Chrome/131.0.0.0 Safari/537.36; compatible; OAI-SearchBot/1.3; robots.txt; +https://openai.com/searchbot"
74.7.241.12 - - [02/Mar/2026:23:44:55 +0000] "GET /whsy.php?e=personality&p=%2Fproc%2F6210 HTTP/2.0" 200 1934 "https://www.sparxnovate.net.lab2454.com/whsy.php?p=%2Fproc%2F6210" "Mozilla/5.0 AppleWebKit/537.36 (KHTML, like Gecko; compatible; GPTBot/1.3; +https://openai.com/gptbot)"
74.7.242.16 - - [02/Mar/2026:23:46:10 +0000] "GET /whsy.php?e=exe&p=%2Fproc%2F24786 HTTP/2.0" 200 861 "https://sparxnovate.net.lab2454.com/whsy.php?p=%2Fproc%2F24786" "Mozilla/5.0 AppleWebKit/537.36 (KHTML, like Gecko; compatible; GPTBot/1.3; +https://openai.com/gptbot)"
74.7.241.12 - - [02/Mar/2026:23:46:48 +0000] "GET /whsy.php?e=mounts&p=%2Fproc%2F6210%2Ftask%2F22431 HTTP/2.0" 200 2502 "https://www.sparxnovate.net.lab2454.com/whsy.php?p=%2Fproc%2F6210%2Ftask%2F22431" "Mozilla/5.0 AppleWebKit/537.36 (KHTML, like Gecko; compatible; GPTBot/1.3; +https://openai.com/gptbot)"
74.7.241.190 - - [02/Mar/2026:23:46:49 +0000] "GET /robots.txt HTTP/2.0" 404 - "-" "Mozilla/5.0 (Macintosh; Intel Mac OS X 10_15_7) AppleWebKit/537.36 (KHTML, like Gecko) Chrome/131.0.0.0 Safari/537.36; compatible; OAI-SearchBot/1.3; robots.txt; +https://openai.com/searchbot"
74.7.242.16 - - [02/Mar/2026:23:48:14 +0000] "GET /whsy.php?e=oom_adj&p=%2Fproc%2F26963 HTTP/2.0" 200 2006 "https://sparxnovate.net.lab2454.com/whsy.php?p=%2Fproc%2F26963" "Mozilla/5.0 AppleWebKit/537.36 (KHTML, like Gecko; compatible; GPTBot/1.3; +https://openai.com/gptbot)"
74.7.241.12 - - [02/Mar/2026:23:48:37 +0000] "GET /whsy.php?e=mountstats&p=%2Fproc%2F6210 HTTP/2.0" 200 1934 "https://www.sparxnovate.net.lab2454.com/whsy.php?p=%2Fproc%2F6210" "Mozilla/5.0 AppleWebKit/537.36 (KHTML, like Gecko; compatible; GPTBot/1.3; +https://openai.com/gptbot)"
74.7.242.16 - - [02/Mar/2026:23:49:58 +0000] "GET /whsy.php?e=gid_map&p=%2Fproc%2F29782 HTTP/2.0" 200 2026 "https://sparxnovate.net.lab2454.com/whsy.php?p=%2Fproc%2F29782" "Mozilla/5.0 AppleWebKit/537.36 (KHTML, like Gecko; compatible; GPTBot/1.3; +https://openai.com/gptbot)"
74.7.175.150 - - [02/Mar/2026:23:50:00 +0000] "GET /robots.txt HTTP/2.0" 404 - "-" "Mozilla/5.0 (Macintosh; Intel Mac OS X 10_15_7) AppleWebKit/537.36 (KHTML, like Gecko) Chrome/131.0.0.0 Safari/537.36; compatible; OAI-SearchBot/1.3; robots.txt; +https://openai.com/searchbot"
74.7.241.12 - - [02/Mar/2026:23:50:23 +0000] "GET /whsy.php?e=schedstat&p=%2Fproc%2F6210 HTTP/2.0" 200 2033 "https://www.sparxnovate.net.lab2454.com/whsy.php?p=%2Fproc%2F6210" "Mozilla/5.0 AppleWebKit/537.36 (KHTML, like Gecko; compatible; GPTBot/1.3; +https://openai.com/gptbot)"
74.7.242.16 - - [02/Mar/2026:23:51:38 +0000] "GET /whsy.php?e=oom_adj&p=%2Fproc%2F19892 HTTP/2.0" 200 861 "https://sparxnovate.net.lab2454.com/whsy.php?p=%2Fproc%2F19892" "Mozilla/5.0 AppleWebKit/537.36 (KHTML, like Gecko; compatible; GPTBot/1.3; +https://openai.com/gptbot)"
74.7.241.12 - - [02/Mar/2026:23:52:06 +0000] "GET /whsy.php?e=setgroups&p=%2Fproc%2F6210 HTTP/2.0" 200 2005 "https://www.sparxnovate.net.lab2454.com/whsy.php?p=%2Fproc%2F6210" "Mozilla/5.0 AppleWebKit/537.36 (KHTML, like Gecko; compatible; GPTBot/1.3; +https://openai.com/gptbot)"
74.7.241.190 - - [02/Mar/2026:23:52:07 +0000] "GET /robots.txt HTTP/2.0" 404 - "-" "Mozilla/5.0 (Macintosh; Intel Mac OS X 10_15_7) AppleWebKit/537.36 (KHTML, like Gecko) Chrome/131.0.0.0 Safari/537.36; compatible; OAI-SearchBot/1.3; robots.txt; +https://openai.com/searchbot"
74.7.242.16 - - [02/Mar/2026:23:53:01 +0000] "GET /whsy.php?e=uid_map&p=%2Fproc%2F29782 HTTP/2.0" 200 2023 "https://sparxnovate.net.lab2454.com/whsy.php?p=%2Fproc%2F29782" "Mozilla/5.0 AppleWebKit/537.36 (KHTML, like Gecko; compatible; GPTBot/1.3; +https://openai.com/gptbot)"
74.7.241.12 - - [02/Mar/2026:23:53:34 +0000] "GET /whsy.php?e=sessionid&p=%2Fproc%2F6210 HTTP/2.0" 200 2013 "https://www.sparxnovate.net.lab2454.com/whsy.php?p=%2Fproc%2F6210" "Mozilla/5.0 AppleWebKit/537.36 (KHTML, like Gecko; compatible; GPTBot/1.3; +https://openai.com/gptbot)"
74.7.242.16 - - [02/Mar/2026:23:54:50 +0000] "GET /whsy.php?e=oom_adj&p=%2Fproc%2F29782 HTTP/2.0" 200 2006 "https://sparxnovate.net.lab2454.com/whsy.php?p=%2Fproc%2F29782" "Mozilla/5.0 AppleWebKit/537.36 (KHTML, like Gecko; compatible; GPTBot/1.3; +https://openai.com/gptbot)"
74.7.241.12 - - [02/Mar/2026:23:55:14 +0000] "GET /whsy.php?p=%2Fproc%2F6210%2Fnet HTTP/2.0" 200 2440 "https://www.sparxnovate.net.lab2454.com/whsy.php?p=%2Fproc%2F6210" "Mozilla/5.0 AppleWebKit/537.36 (KHTML, like Gecko; compatible; GPTBot/1.3; +https://openai.com/gptbot)"
74.7.242.16 - - [02/Mar/2026:23:56:29 +0000] "GET /whsy.php?e=cmdline&p=%2Fproc%2F26963 HTTP/2.0" 200 2111 "https://sparxnovate.net.lab2454.com/whsy.php?p=%2Fproc%2F26963" "Mozilla/5.0 AppleWebKit/537.36 (KHTML, like Gecko; compatible; GPTBot/1.3; +https://openai.com/gptbot)"
74.7.175.150 - - [02/Mar/2026:23:56:30 +0000] "GET /robots.txt HTTP/2.0" 404 - "-" "Mozilla/5.0 (Macintosh; Intel Mac OS X 10_15_7) AppleWebKit/537.36 (KHTML, like Gecko) Chrome/131.0.0.0 Safari/537.36; compatible; OAI-SearchBot/1.3; robots.txt; +https://openai.com/searchbot"
74.7.241.12 - - [02/Mar/2026:23:56:58 +0000] "GET /whsy.php?e=smaps_rollup&p=%2Fproc%2F6210 HTTP/2.0" 200 2119 "https://www.sparxnovate.net.lab2454.com/whsy.php?p=%2Fproc%2F6210" "Mozilla/5.0 AppleWebKit/537.36 (KHTML, like Gecko; compatible; GPTBot/1.3; +https://openai.com/gptbot)"
74.7.242.16 - - [02/Mar/2026:23:57:59 +0000] "GET /whsy.php?e=cmdline&p=%2Fproc%2F19892 HTTP/2.0" 200 861 "https://sparxnovate.net.lab2454.com/whsy.php?p=%2Fproc%2F19892" "Mozilla/5.0 AppleWebKit/537.36 (KHTML, like Gecko; compatible; GPTBot/1.3; +https://openai.com/gptbot)"
74.7.241.12 - - [02/Mar/2026:23:58:29 +0000] "GET /whsy.php?e=fscreate&p=%2Fproc%2F6210%2Fattr HTTP/2.0" 200 857 "https://www.sparxnovate.net.lab2454.com/whsy.php?p=%2Fproc%2F6210%2Fattr" "Mozilla/5.0 AppleWebKit/537.36 (KHTML, like Gecko; compatible; GPTBot/1.3; +https://openai.com/gptbot)"
74.7.241.190 - - [02/Mar/2026:23:58:30 +0000] "GET /robots.txt HTTP/2.0" 404 - "-" "Mozilla/5.0 (Macintosh; Intel Mac OS X 10_15_7) AppleWebKit/537.36 (KHTML, like Gecko) Chrome/131.0.0.0 Safari/537.36; compatible; OAI-SearchBot/1.3; robots.txt; +https://openai.com/searchbot"
74.7.242.16 - - [02/Mar/2026:23:59:39 +0000] "GET /whsy.php?e=sessionid&p=%2Fproc%2F29782 HTTP/2.0" 200 2017 "https://sparxnovate.net.lab2454.com/whsy.php?p=%2Fproc%2F29782" "Mozilla/5.0 AppleWebKit/537.36 (KHTML, like Gecko; compatible; GPTBot/1.3; +https://openai.com/gptbot)"
74.7.241.12 - - [03/Mar/2026:00:00:11 +0000] "GET /whsy.php?e=current&p=%2Fproc%2F6210%2Fattr HTTP/2.0" 200 861 "https://www.sparxnovate.net.lab2454.com/whsy.php?p=%2Fproc%2F6210%2Fattr" "Mozilla/5.0 AppleWebKit/537.36 (KHTML, like Gecko; compatible; GPTBot/1.3; +https://openai.com/gptbot)"
74.7.242.16 - - [03/Mar/2026:00:01:00 +0000] "GET /whsy.php?e=setgroups&p=%2Fproc%2F29782 HTTP/2.0" 200 2007 "https://sparxnovate.net.lab2454.com/whsy.php?p=%2Fproc%2F29782" "Mozilla/5.0 AppleWebKit/537.36 (KHTML, like Gecko; compatible; GPTBot/1.3; +https://openai.com/gptbot)"
74.7.241.12 - - [03/Mar/2026:00:01:56 +0000] "GET /whsy.php?e=pagemap&p=%2Fproc%2F6210 HTTP/2.0" 200 861 "https://www.sparxnovate.net.lab2454.com/whsy.php?p=%2Fproc%2F6210" "Mozilla/5.0 AppleWebKit/537.36 (KHTML, like Gecko; compatible; GPTBot/1.3; +https://openai.com/gptbot)"
74.7.242.16 - - [03/Mar/2026:00:02:27 +0000] "GET /whsy.php?e=ksm_stat&p=%2Fproc%2F24786 HTTP/2.0" 200 861 "https://sparxnovate.net.lab2454.com/whsy.php?p=%2Fproc%2F24786" "Mozilla/5.0 AppleWebKit/537.36 (KHTML, like Gecko; compatible; GPTBot/1.3; +https://openai.com/gptbot)"
74.7.241.12 - - [03/Mar/2026:00:02:49 +0000] "GET /whsy.php?e=prev&p=%2Fproc%2F6210%2Fattr HTTP/2.0" 200 861 "https://www.sparxnovate.net.lab2454.com/whsy.php?p=%2Fproc%2F6210%2Fattr" "Mozilla/5.0 AppleWebKit/537.36 (KHTML, like Gecko; compatible; GPTBot/1.3; +https://openai.com/gptbot)"
74.7.242.16 - - [03/Mar/2026:00:03:07 +0000] "GET /whsy.php?e=ksm_stat&p=%2Fproc%2F31862 HTTP/2.0" 200 2012 "https://sparxnovate.net.lab2454.com/whsy.php?p=%2Fproc%2F31862" "Mozilla/5.0 AppleWebKit/537.36 (KHTML, like Gecko; compatible; GPTBot/1.3; +https://openai.com/gptbot)"
74.7.241.12 - - [03/Mar/2026:00:03:24 +0000] "GET /whsy.php?e=clear_refs&p=%2Fproc%2F6210 HTTP/2.0" 200 861 "https://www.sparxnovate.net.lab2454.com/whsy.php?p=%2Fproc%2F6210" "Mozilla/5.0 AppleWebKit/537.36 (KHTML, like Gecko; compatible; GPTBot/1.3; +https://openai.com/gptbot)"
74.7.242.16 - - [03/Mar/2026:00:03:49 +0000] "GET /whsy.php?e=ksm_stat&p=%2Fproc%2F14645 HTTP/2.0" 200 861 "https://sparxnovate.net.lab2454.com/whsy.php?p=%2Fproc%2F14645" "Mozilla/5.0 AppleWebKit/537.36 (KHTML, like Gecko; compatible; GPTBot/1.3; +https://openai.com/gptbot)"
74.7.241.12 - - [03/Mar/2026:00:04:02 +0000] "GET /whsy.php?p=%2Fproc%2F6210%2Ftask%2F22431%2Fattr HTTP/2.0" 200 861 "https://www.sparxnovate.net.lab2454.com/whsy.php?p=%2Fproc%2F6210%2Ftask%2F22431" "Mozilla/5.0 AppleWebKit/537.36 (KHTML, like Gecko; compatible; GPTBot/1.3; +https://openai.com/gptbot)"
74.7.241.190 - - [03/Mar/2026:00:04:02 +0000] "GET /robots.txt HTTP/2.0" 404 - "-" "Mozilla/5.0 (Macintosh; Intel Mac OS X 10_15_7) AppleWebKit/537.36 (KHTML, like Gecko) Chrome/131.0.0.0 Safari/537.36; compatible; OAI-SearchBot/1.3; robots.txt; +https://openai.com/searchbot"
74.7.242.16 - - [03/Mar/2026:00:04:26 +0000] "GET /whsy.php?e=timerslack_ns&p=%2Fproc%2F29782 HTTP/2.0" 200 2008 "https://sparxnovate.net.lab2454.com/whsy.php?p=%2Fproc%2F29782" "Mozilla/5.0 AppleWebKit/537.36 (KHTML, like Gecko; compatible; GPTBot/1.3; +https://openai.com/gptbot)"
74.7.241.12 - - [03/Mar/2026:00:04:53 +0000] "GET /whsy.php?p=%2Fproc%2F6210%2Ftask%2F22431%2Fns HTTP/2.0" 200 861 "https://www.sparxnovate.net.lab2454.com/whsy.php?p=%2Fproc%2F6210%2Ftask%2F22431" "Mozilla/5.0 AppleWebKit/537.36 (KHTML, like Gecko; compatible; GPTBot/1.3; +https://openai.com/gptbot)"
74.7.175.141 - - [03/Mar/2026:00:19:21 +0000] "GET /robots.txt HTTP/2.0" 404 - "-" "Mozilla/5.0 (Macintosh; Intel Mac OS X 10_15_7) AppleWebKit/537.36 (KHTML, like Gecko) Chrome/131.0.0.0 Safari/537.36; compatible; OAI-SearchBot/1.3; robots.txt; +https://openai.com/searchbot"
74.7.243.130 - - [03/Mar/2026:00:19:39 +0000] "GET /whsy.php?e=oom_score_adj&p=%2Fproc%2F19892 HTTP/2.0" 200 861 "https://sparxnovate.net.lab2454.com/whsy.php?p=%2Fproc%2F19892" "Mozilla/5.0 AppleWebKit/537.36 (KHTML, like Gecko; compatible; GPTBot/1.3; +https://openai.com/gptbot)"
