74.7.241.12 - - [02/Mar/2026:16:03:41 +0000] "GET /whsy.php?e=root&p=%2Fproc%2F10333 HTTP/2.0" 200 861 "https://www.sparxnovate.net.lab2454.com/whsy.php?p=%2Fproc%2F10333" "Mozilla/5.0 AppleWebKit/537.36 (KHTML, like Gecko; compatible; GPTBot/1.3; +https://openai.com/gptbot)"
74.7.242.16 - - [02/Mar/2026:16:03:48 +0000] "GET /whsy.php?p=%2Fproc%2F8427 HTTP/2.0" 200 861 "https://sparxnovate.net.lab2454.com/whsy.php?p=%2Fproc%2F11890%2F.." "Mozilla/5.0 AppleWebKit/537.36 (KHTML, like Gecko; compatible; GPTBot/1.3; +https://openai.com/gptbot)"
74.7.241.12 - - [02/Mar/2026:16:05:04 +0000] "GET /whsy.php?e=comm&p=%2Fproc%2F10333 HTTP/2.0" 200 861 "https://www.sparxnovate.net.lab2454.com/whsy.php?p=%2Fproc%2F10333" "Mozilla/5.0 AppleWebKit/537.36 (KHTML, like Gecko; compatible; GPTBot/1.3; +https://openai.com/gptbot)"
74.7.241.190 - - [02/Mar/2026:16:05:05 +0000] "GET /robots.txt HTTP/2.0" 404 - "-" "Mozilla/5.0 (Macintosh; Intel Mac OS X 10_15_7) AppleWebKit/537.36 (KHTML, like Gecko) Chrome/131.0.0.0 Safari/537.36; compatible; OAI-SearchBot/1.3; robots.txt; +https://openai.com/searchbot"
74.7.242.16 - - [02/Mar/2026:16:05:10 +0000] "GET /whsy.php?p=%2Fproc%2F4579 HTTP/2.0" 200 861 "https://sparxnovate.net.lab2454.com/whsy.php?p=%2Fproc%2F21890%2F.." "Mozilla/5.0 AppleWebKit/537.36 (KHTML, like Gecko; compatible; GPTBot/1.3; +https://openai.com/gptbot)"
74.7.241.12 - - [02/Mar/2026:16:06:16 +0000] "GET /whsy.php?e=maps&p=%2Fproc%2F10333 HTTP/2.0" 200 861 "https://www.sparxnovate.net.lab2454.com/whsy.php?p=%2Fproc%2F10333" "Mozilla/5.0 AppleWebKit/537.36 (KHTML, like Gecko; compatible; GPTBot/1.3; +https://openai.com/gptbot)"
74.7.242.16 - - [02/Mar/2026:16:06:22 +0000] "GET /whsy.php?p=%2Fproc%2F3013 HTTP/2.0" 200 861 "https://sparxnovate.net.lab2454.com/whsy.php?p=%2Fproc%2F12166%2F.." "Mozilla/5.0 AppleWebKit/537.36 (KHTML, like Gecko; compatible; GPTBot/1.3; +https://openai.com/gptbot)"
74.7.175.150 - - [02/Mar/2026:16:06:24 +0000] "GET /robots.txt HTTP/2.0" 404 - "-" "Mozilla/5.0 (Macintosh; Intel Mac OS X 10_15_7) AppleWebKit/537.36 (KHTML, like Gecko) Chrome/131.0.0.0 Safari/537.36; compatible; OAI-SearchBot/1.3; robots.txt; +https://openai.com/searchbot"
74.7.242.16 - - [02/Mar/2026:16:08:00 +0000] "GET /whsy.php?p=%2Fproc%2F9211 HTTP/2.0" 200 861 "https://sparxnovate.net.lab2454.com/whsy.php?p=%2Fproc%2F22086%2F.." "Mozilla/5.0 AppleWebKit/537.36 (KHTML, like Gecko; compatible; GPTBot/1.3; +https://openai.com/gptbot)"
74.7.241.12 - - [02/Mar/2026:16:08:09 +0000] "GET /whsy.php?p=%2Fproc%2F21220 HTTP/2.0" 200 861 "https://www.sparxnovate.net.lab2454.com/whsy.php?p=%2Fproc%2F29566%2F.." "Mozilla/5.0 AppleWebKit/537.36 (KHTML, like Gecko; compatible; GPTBot/1.3; +https://openai.com/gptbot)"
74.7.242.16 - - [02/Mar/2026:16:09:17 +0000] "GET /whsy.php?p=%2Fproc%2F8091 HTTP/2.0" 200 861 "https://sparxnovate.net.lab2454.com/whsy.php?e=kallsyms&p=%2Fproc" "Mozilla/5.0 AppleWebKit/537.36 (KHTML, like Gecko; compatible; GPTBot/1.3; +https://openai.com/gptbot)"
74.7.241.12 - - [02/Mar/2026:16:10:02 +0000] "GET /whsy.php?p=%2Fproc%2F23522 HTTP/2.0" 200 861 "https://www.sparxnovate.net.lab2454.com/whsy.php?p=%2Fproc%2F29566%2F.." "Mozilla/5.0 AppleWebKit/537.36 (KHTML, like Gecko; compatible; GPTBot/1.3; +https://openai.com/gptbot)"
74.7.242.16 - - [02/Mar/2026:16:11:02 +0000] "GET /whsy.php?p=%2Fproc%2F1186 HTTP/2.0" 200 861 "https://sparxnovate.net.lab2454.com/whsy.php?p=%2Fproc%2F5930%2F.." "Mozilla/5.0 AppleWebKit/537.36 (KHTML, like Gecko; compatible; GPTBot/1.3; +https://openai.com/gptbot)"
74.7.241.12 - - [02/Mar/2026:16:11:58 +0000] "GET /whsy.php?e=clear_refs&p=%2Fproc%2F10213 HTTP/2.0" 200 861 "https://www.sparxnovate.net.lab2454.com/whsy.php?p=%2Fproc%2F10213" "Mozilla/5.0 AppleWebKit/537.36 (KHTML, like Gecko; compatible; GPTBot/1.3; +https://openai.com/gptbot)"
74.7.241.190 - - [02/Mar/2026:16:12:00 +0000] "GET /robots.txt HTTP/2.0" 404 - "-" "Mozilla/5.0 (Macintosh; Intel Mac OS X 10_15_7) AppleWebKit/537.36 (KHTML, like Gecko) Chrome/131.0.0.0 Safari/537.36; compatible; OAI-SearchBot/1.3; robots.txt; +https://openai.com/searchbot"
74.7.242.16 - - [02/Mar/2026:16:12:28 +0000] "GET /whsy.php?p=%2Fproc%2F4197 HTTP/2.0" 200 861 "https://sparxnovate.net.lab2454.com/whsy.php?p=%2Fproc%2F30533%2F.." "Mozilla/5.0 AppleWebKit/537.36 (KHTML, like Gecko; compatible; GPTBot/1.3; +https://openai.com/gptbot)"
74.7.175.150 - - [02/Mar/2026:16:12:29 +0000] "GET /robots.txt HTTP/2.0" 404 - "-" "Mozilla/5.0 (Macintosh; Intel Mac OS X 10_15_7) AppleWebKit/537.36 (KHTML, like Gecko) Chrome/131.0.0.0 Safari/537.36; compatible; OAI-SearchBot/1.3; robots.txt; +https://openai.com/searchbot"
74.7.241.12 - - [02/Mar/2026:16:13:14 +0000] "GET /whsy.php?e=clear_refs&p=%2Fproc%2F21184 HTTP/2.0" 200 861 "https://www.sparxnovate.net.lab2454.com/whsy.php?p=%2Fproc%2F21184" "Mozilla/5.0 AppleWebKit/537.36 (KHTML, like Gecko; compatible; GPTBot/1.3; +https://openai.com/gptbot)"
74.7.242.16 - - [02/Mar/2026:16:13:48 +0000] "GET /whsy.php?p=%2Fproc%2F2535 HTTP/2.0" 200 861 "https://sparxnovate.net.lab2454.com/whsy.php?p=%2Fproc%2F202%2F.." "Mozilla/5.0 AppleWebKit/537.36 (KHTML, like Gecko; compatible; GPTBot/1.3; +https://openai.com/gptbot)"
74.7.241.12 - - [02/Mar/2026:16:14:46 +0000] "GET /whsy.php?e=clear_refs&p=%2Fproc%2F15342 HTTP/2.0" 200 1936 "https://www.sparxnovate.net.lab2454.com/whsy.php?p=%2Fproc%2F15342" "Mozilla/5.0 AppleWebKit/537.36 (KHTML, like Gecko; compatible; GPTBot/1.3; +https://openai.com/gptbot)"
74.7.242.16 - - [02/Mar/2026:16:15:13 +0000] "GET /whsy.php?p=%2Fproc%2F7243 HTTP/2.0" 200 861 "https://sparxnovate.net.lab2454.com/whsy.php?p=%2Fproc%2F14099%2F.." "Mozilla/5.0 AppleWebKit/537.36 (KHTML, like Gecko; compatible; GPTBot/1.3; +https://openai.com/gptbot)"
74.7.241.12 - - [02/Mar/2026:16:16:29 +0000] "GET /whsy.php?e=clear_refs&p=%2Fproc%2F14827 HTTP/2.0" 200 861 "https://www.sparxnovate.net.lab2454.com/whsy.php?p=%2Fproc%2F14827" "Mozilla/5.0 AppleWebKit/537.36 (KHTML, like Gecko; compatible; GPTBot/1.3; +https://openai.com/gptbot)"
74.7.242.16 - - [02/Mar/2026:16:16:54 +0000] "GET /whsy.php?p=%2Fproc%2F5548 HTTP/2.0" 200 861 "https://sparxnovate.net.lab2454.com/whsy.php?p=%2Fproc%2F26744%2F.." "Mozilla/5.0 AppleWebKit/537.36 (KHTML, like Gecko; compatible; GPTBot/1.3; +https://openai.com/gptbot)"
74.7.242.16 - - [02/Mar/2026:16:18:17 +0000] "GET /whsy.php?p=%2Fproc%2F4243 HTTP/2.0" 200 861 "https://sparxnovate.net.lab2454.com/whsy.php?p=%2Fproc%2F14275%2F.." "Mozilla/5.0 AppleWebKit/537.36 (KHTML, like Gecko; compatible; GPTBot/1.3; +https://openai.com/gptbot)"
74.7.175.150 - - [02/Mar/2026:16:18:18 +0000] "GET /robots.txt HTTP/2.0" 404 - "-" "Mozilla/5.0 (Macintosh; Intel Mac OS X 10_15_7) AppleWebKit/537.36 (KHTML, like Gecko) Chrome/131.0.0.0 Safari/537.36; compatible; OAI-SearchBot/1.3; robots.txt; +https://openai.com/searchbot"
74.7.241.12 - - [02/Mar/2026:16:18:27 +0000] "GET /whsy.php?e=clear_refs&p=%2Fproc%2F29381 HTTP/2.0" 200 861 "https://www.sparxnovate.net.lab2454.com/whsy.php?p=%2Fproc%2F29381" "Mozilla/5.0 AppleWebKit/537.36 (KHTML, like Gecko; compatible; GPTBot/1.3; +https://openai.com/gptbot)"
74.7.241.190 - - [02/Mar/2026:16:18:28 +0000] "GET /robots.txt HTTP/2.0" 404 - "-" "Mozilla/5.0 (Macintosh; Intel Mac OS X 10_15_7) AppleWebKit/537.36 (KHTML, like Gecko) Chrome/131.0.0.0 Safari/537.36; compatible; OAI-SearchBot/1.3; robots.txt; +https://openai.com/searchbot"
74.7.242.16 - - [02/Mar/2026:16:19:33 +0000] "GET /whsy.php?p=%2Fproc%2F6328 HTTP/2.0" 200 861 "https://sparxnovate.net.lab2454.com/whsy.php?p=%2Fproc%2F18011%2F.." "Mozilla/5.0 AppleWebKit/537.36 (KHTML, like Gecko; compatible; GPTBot/1.3; +https://openai.com/gptbot)"
74.7.241.12 - - [02/Mar/2026:16:20:03 +0000] "GET /whsy.php?e=loginuid&p=%2Fproc%2F21184 HTTP/2.0" 200 861 "https://www.sparxnovate.net.lab2454.com/whsy.php?p=%2Fproc%2F21184" "Mozilla/5.0 AppleWebKit/537.36 (KHTML, like Gecko; compatible; GPTBot/1.3; +https://openai.com/gptbot)"
74.7.242.16 - - [02/Mar/2026:16:20:45 +0000] "GET /whsy.php?p=%2Fproc%2F3816 HTTP/2.0" 200 861 "https://sparxnovate.net.lab2454.com/whsy.php?p=%2Fproc%2F11328%2F.." "Mozilla/5.0 AppleWebKit/537.36 (KHTML, like Gecko; compatible; GPTBot/1.3; +https://openai.com/gptbot)"
74.7.241.12 - - [02/Mar/2026:16:21:44 +0000] "GET /whsy.php?e=loginuid&p=%2Fproc%2F10213 HTTP/2.0" 200 861 "https://www.sparxnovate.net.lab2454.com/whsy.php?p=%2Fproc%2F10213" "Mozilla/5.0 AppleWebKit/537.36 (KHTML, like Gecko; compatible; GPTBot/1.3; +https://openai.com/gptbot)"
74.7.242.16 - - [02/Mar/2026:16:22:04 +0000] "GET /whsy.php?p=%2Fproc%2F9620 HTTP/2.0" 200 861 "https://sparxnovate.net.lab2454.com/whsy.php?p=%2Fproc%2F11010%2F.." "Mozilla/5.0 AppleWebKit/537.36 (KHTML, like Gecko; compatible; GPTBot/1.3; +https://openai.com/gptbot)"
74.7.241.12 - - [02/Mar/2026:16:23:14 +0000] "GET /whsy.php?e=clear_refs&p=%2Fproc%2F10333 HTTP/2.0" 200 861 "https://www.sparxnovate.net.lab2454.com/whsy.php?p=%2Fproc%2F10333" "Mozilla/5.0 AppleWebKit/537.36 (KHTML, like Gecko; compatible; GPTBot/1.3; +https://openai.com/gptbot)"
74.7.242.16 - - [02/Mar/2026:16:23:17 +0000] "GET /whsy.php?p=%2Fproc%2F6273 HTTP/2.0" 200 861 "https://sparxnovate.net.lab2454.com/whsy.php?p=%2Fproc%2F27377%2F.." "Mozilla/5.0 AppleWebKit/537.36 (KHTML, like Gecko; compatible; GPTBot/1.3; +https://openai.com/gptbot)"
74.7.175.150 - - [02/Mar/2026:16:23:18 +0000] "GET /robots.txt HTTP/2.0" 404 - "-" "Mozilla/5.0 (Macintosh; Intel Mac OS X 10_15_7) AppleWebKit/537.36 (KHTML, like Gecko) Chrome/131.0.0.0 Safari/537.36; compatible; OAI-SearchBot/1.3; robots.txt; +https://openai.com/searchbot"
74.7.242.16 - - [02/Mar/2026:16:24:48 +0000] "GET /whsy.php?p=%2Fproc%2F3987 HTTP/2.0" 200 861 "https://sparxnovate.net.lab2454.com/whsy.php?p=%2Fproc%2F23884%2F.." "Mozilla/5.0 AppleWebKit/537.36 (KHTML, like Gecko; compatible; GPTBot/1.3; +https://openai.com/gptbot)"
74.7.241.12 - - [02/Mar/2026:16:25:01 +0000] "GET /whsy.php?e=limits&p=%2Fproc%2F13449 HTTP/2.0" 200 861 "https://www.sparxnovate.net.lab2454.com/whsy.php?p=%2Fproc%2F13449" "Mozilla/5.0 AppleWebKit/537.36 (KHTML, like Gecko; compatible; GPTBot/1.3; +https://openai.com/gptbot)"
74.7.242.16 - - [02/Mar/2026:16:26:13 +0000] "GET /whsy.php?p=%2Fproc%2F6520 HTTP/2.0" 200 861 "https://sparxnovate.net.lab2454.com/whsy.php?e=6315&p=%2Fproc" "Mozilla/5.0 AppleWebKit/537.36 (KHTML, like Gecko; compatible; GPTBot/1.3; +https://openai.com/gptbot)"
74.7.241.12 - - [02/Mar/2026:16:26:23 +0000] "GET /whsy.php?e=limits&p=%2Fproc%2F15342 HTTP/2.0" 200 2232 "https://www.sparxnovate.net.lab2454.com/whsy.php?p=%2Fproc%2F15342" "Mozilla/5.0 AppleWebKit/537.36 (KHTML, like Gecko; compatible; GPTBot/1.3; +https://openai.com/gptbot)"
74.7.242.16 - - [02/Mar/2026:16:27:40 +0000] "GET /whsy.php?p=%2Fproc%2F8265 HTTP/2.0" 200 861 "https://sparxnovate.net.lab2454.com/whsy.php?p=%2Fproc%2F13277%2F.." "Mozilla/5.0 AppleWebKit/537.36 (KHTML, like Gecko; compatible; GPTBot/1.3; +https://openai.com/gptbot)"
74.7.241.12 - - [02/Mar/2026:16:28:06 +0000] "GET /whsy.php?e=mounts&p=%2Fproc%2F29381 HTTP/2.0" 200 861 "https://www.sparxnovate.net.lab2454.com/whsy.php?p=%2Fproc%2F29381" "Mozilla/5.0 AppleWebKit/537.36 (KHTML, like Gecko; compatible; GPTBot/1.3; +https://openai.com/gptbot)"
74.7.242.16 - - [02/Mar/2026:16:29:02 +0000] "GET /whsy.php?p=%2Fproc%2F9975 HTTP/2.0" 200 1935 "https://sparxnovate.net.lab2454.com/whsy.php?p=%2Fproc%2F13196%2F.." "Mozilla/5.0 AppleWebKit/537.36 (KHTML, like Gecko; compatible; GPTBot/1.3; +https://openai.com/gptbot)"
74.7.241.12 - - [02/Mar/2026:16:29:25 +0000] "GET /whsy.php?e=mounts&p=%2Fproc%2F15342 HTTP/2.0" 200 2649 "https://www.sparxnovate.net.lab2454.com/whsy.php?p=%2Fproc%2F15342" "Mozilla/5.0 AppleWebKit/537.36 (KHTML, like Gecko; compatible; GPTBot/1.3; +https://openai.com/gptbot)"
74.7.242.16 - - [02/Mar/2026:16:30:22 +0000] "GET /whsy.php?p=%2Fproc%2F1842 HTTP/2.0" 200 861 "https://sparxnovate.net.lab2454.com/whsy.php?e=mtrr&p=%2Fproc" "Mozilla/5.0 AppleWebKit/537.36 (KHTML, like Gecko; compatible; GPTBot/1.3; +https://openai.com/gptbot)"
74.7.241.12 - - [02/Mar/2026:16:30:48 +0000] "GET /whsy.php?e=limits&p=%2Fproc%2F29381 HTTP/2.0" 200 861 "https://www.sparxnovate.net.lab2454.com/whsy.php?p=%2Fproc%2F29381" "Mozilla/5.0 AppleWebKit/537.36 (KHTML, like Gecko; compatible; GPTBot/1.3; +https://openai.com/gptbot)"
74.7.241.190 - - [02/Mar/2026:16:30:50 +0000] "GET /robots.txt HTTP/2.0" 404 - "-" "Mozilla/5.0 (Macintosh; Intel Mac OS X 10_15_7) AppleWebKit/537.36 (KHTML, like Gecko) Chrome/131.0.0.0 Safari/537.36; compatible; OAI-SearchBot/1.3; robots.txt; +https://openai.com/searchbot"
74.7.242.16 - - [02/Mar/2026:16:31:59 +0000] "GET /whsy.php?p=%2Fproc%2F9847 HTTP/2.0" 200 861 "https://sparxnovate.net.lab2454.com/whsy.php?p=%2Fproc%2F11953%2F.." "Mozilla/5.0 AppleWebKit/537.36 (KHTML, like Gecko; compatible; GPTBot/1.3; +https://openai.com/gptbot)"
74.7.241.12 - - [02/Mar/2026:16:32:21 +0000] "GET /whsy.php?e=limits&p=%2Fproc%2F14827 HTTP/2.0" 200 861 "https://www.sparxnovate.net.lab2454.com/whsy.php?p=%2Fproc%2F14827" "Mozilla/5.0 AppleWebKit/537.36 (KHTML, like Gecko; compatible; GPTBot/1.3; +https://openai.com/gptbot)"
74.7.242.16 - - [02/Mar/2026:16:33:21 +0000] "GET /whsy.php?p=%2Fproc%2F1346 HTTP/2.0" 200 861 "https://sparxnovate.net.lab2454.com/whsy.php?p=%2Fproc%2F20341%2F.." "Mozilla/5.0 AppleWebKit/537.36 (KHTML, like Gecko; compatible; GPTBot/1.3; +https://openai.com/gptbot)"
74.7.241.12 - - [02/Mar/2026:16:34:11 +0000] "GET /whsy.php?e=mounts&p=%2Fproc%2F13449 HTTP/2.0" 200 861 "https://www.sparxnovate.net.lab2454.com/whsy.php?p=%2Fproc%2F13449" "Mozilla/5.0 AppleWebKit/537.36 (KHTML, like Gecko; compatible; GPTBot/1.3; +https://openai.com/gptbot)"
74.7.242.16 - - [02/Mar/2026:16:35:00 +0000] "GET /whsy.php?p=%2Fproc%2F1538 HTTP/2.0" 200 861 "https://sparxnovate.net.lab2454.com/whsy.php?p=%2F%2Fproc" "Mozilla/5.0 AppleWebKit/537.36 (KHTML, like Gecko; compatible; GPTBot/1.3; +https://openai.com/gptbot)"
74.7.175.150 - - [02/Mar/2026:16:35:02 +0000] "GET /robots.txt HTTP/2.0" 404 - "-" "Mozilla/5.0 (Macintosh; Intel Mac OS X 10_15_7) AppleWebKit/537.36 (KHTML, like Gecko) Chrome/131.0.0.0 Safari/537.36; compatible; OAI-SearchBot/1.3; robots.txt; +https://openai.com/searchbot"
74.7.241.12 - - [02/Mar/2026:16:36:01 +0000] "GET /whsy.php?e=mounts&p=%2Fproc%2F14827 HTTP/2.0" 200 861 "https://www.sparxnovate.net.lab2454.com/whsy.php?p=%2Fproc%2F14827" "Mozilla/5.0 AppleWebKit/537.36 (KHTML, like Gecko; compatible; GPTBot/1.3; +https://openai.com/gptbot)"
74.7.241.190 - - [02/Mar/2026:16:36:02 +0000] "GET /robots.txt HTTP/2.0" 404 - "-" "Mozilla/5.0 (Macintosh; Intel Mac OS X 10_15_7) AppleWebKit/537.36 (KHTML, like Gecko) Chrome/131.0.0.0 Safari/537.36; compatible; OAI-SearchBot/1.3; robots.txt; +https://openai.com/searchbot"
74.7.242.16 - - [02/Mar/2026:16:36:40 +0000] "GET /whsy.php?p=%2Fproc%2F5633 HTTP/2.0" 200 861 "https://sparxnovate.net.lab2454.com/whsy.php?p=%2Fproc%2F23127%2F.." "Mozilla/5.0 AppleWebKit/537.36 (KHTML, like Gecko; compatible; GPTBot/1.3; +https://openai.com/gptbot)"
74.7.241.12 - - [02/Mar/2026:16:37:52 +0000] "GET /whsy.php?e=pagemap&p=%2Fproc%2F13449 HTTP/2.0" 200 861 "https://www.sparxnovate.net.lab2454.com/whsy.php?p=%2Fproc%2F13449" "Mozilla/5.0 AppleWebKit/537.36 (KHTML, like Gecko; compatible; GPTBot/1.3; +https://openai.com/gptbot)"
74.7.242.16 - - [02/Mar/2026:16:38:24 +0000] "GET /whsy.php?p=%2Fproc%2F5781 HTTP/2.0" 200 861 "https://sparxnovate.net.lab2454.com/whsy.php?p=%2Fproc%2F12841%2F.." "Mozilla/5.0 AppleWebKit/537.36 (KHTML, like Gecko; compatible; GPTBot/1.3; +https://openai.com/gptbot)"
159.223.80.235 - - [02/Mar/2026:16:39:24 +0000] "GET /wp-login.php HTTP/1.1" 404 - "-" "Mozilla/5.0 (X11; Ubuntu; Linux x86_64) AppleWebKit/537.36 (KHTML, like Gecko) Chrome/122.0.6261.57 Safari/537.36"
159.223.80.235 - - [02/Mar/2026:16:39:31 +0000] "GET /administrator/ HTTP/1.1" 404 - "-" "Mozilla/5.0 (X11; Ubuntu; Linux x86_64) AppleWebKit/537.36 (KHTML, like Gecko) Chrome/122.0.6261.57 Safari/537.36"
74.7.241.12 - - [02/Mar/2026:16:39:54 +0000] "GET /whsy.php?e=syscall&p=%2Fproc%2F15342 HTTP/2.0" 200 861 "https://www.sparxnovate.net.lab2454.com/whsy.php?p=%2Fproc%2F15342" "Mozilla/5.0 AppleWebKit/537.36 (KHTML, like Gecko; compatible; GPTBot/1.3; +https://openai.com/gptbot)"
74.7.242.16 - - [02/Mar/2026:16:40:03 +0000] "GET /whsy.php?p=%2Fproc%2F5051 HTTP/2.0" 200 861 "https://sparxnovate.net.lab2454.com/whsy.php?p=%2Fproc%2F31029%2F.." "Mozilla/5.0 AppleWebKit/537.36 (KHTML, like Gecko; compatible; GPTBot/1.3; +https://openai.com/gptbot)"
74.7.175.150 - - [02/Mar/2026:16:40:03 +0000] "GET /robots.txt HTTP/2.0" 404 - "-" "Mozilla/5.0 (Macintosh; Intel Mac OS X 10_15_7) AppleWebKit/537.36 (KHTML, like Gecko) Chrome/131.0.0.0 Safari/537.36; compatible; OAI-SearchBot/1.3; robots.txt; +https://openai.com/searchbot"
74.7.242.16 - - [02/Mar/2026:16:41:41 +0000] "GET /whsy.php?p=%2Fproc%2F6075 HTTP/2.0" 200 861 "https://sparxnovate.net.lab2454.com/whsy.php?p=%2Fproc%2F18011%2F.." "Mozilla/5.0 AppleWebKit/537.36 (KHTML, like Gecko; compatible; GPTBot/1.3; +https://openai.com/gptbot)"
74.7.242.16 - - [02/Mar/2026:16:41:44 +0000] "GET / HTTP/2.0" 200 428 "-" "Mozilla/5.0 AppleWebKit/537.36 (KHTML, like Gecko; compatible; GPTBot/1.3; +https://openai.com/gptbot)"
74.7.241.12 - - [02/Mar/2026:16:42:05 +0000] "GET /whsy.php?e=syscall&p=%2Fproc%2F29381 HTTP/2.0" 200 861 "https://www.sparxnovate.net.lab2454.com/whsy.php?p=%2Fproc%2F29381" "Mozilla/5.0 AppleWebKit/537.36 (KHTML, like Gecko; compatible; GPTBot/1.3; +https://openai.com/gptbot)"
74.7.241.190 - - [02/Mar/2026:16:42:06 +0000] "GET /robots.txt HTTP/2.0" 404 - "-" "Mozilla/5.0 (Macintosh; Intel Mac OS X 10_15_7) AppleWebKit/537.36 (KHTML, like Gecko) Chrome/131.0.0.0 Safari/537.36; compatible; OAI-SearchBot/1.3; robots.txt; +https://openai.com/searchbot"
74.7.242.16 - - [02/Mar/2026:16:43:25 +0000] "GET /whsy.php?p=%2Fproc%2F1531 HTTP/2.0" 200 861 "https://sparxnovate.net.lab2454.com/whsy.php?p=%2Fproc%2F31025%2F.." "Mozilla/5.0 AppleWebKit/537.36 (KHTML, like Gecko; compatible; GPTBot/1.3; +https://openai.com/gptbot)"
74.7.241.12 - - [02/Mar/2026:16:44:40 +0000] "GET /whsy.php?e=syscall&p=%2Fproc%2F14827 HTTP/2.0" 200 861 "https://www.sparxnovate.net.lab2454.com/whsy.php?p=%2Fproc%2F14827" "Mozilla/5.0 AppleWebKit/537.36 (KHTML, like Gecko; compatible; GPTBot/1.3; +https://openai.com/gptbot)"
74.7.242.16 - - [02/Mar/2026:16:44:56 +0000] "GET /whsy.php?p=%2Fproc%2F2849 HTTP/2.0" 200 861 "https://sparxnovate.net.lab2454.com/whsy.php?p=%2Fproc%2F23378%2F.." "Mozilla/5.0 AppleWebKit/537.36 (KHTML, like Gecko; compatible; GPTBot/1.3; +https://openai.com/gptbot)"
74.7.242.16 - - [02/Mar/2026:16:46:38 +0000] "GET /whsy.php?e=oom_adj&p=%2Fproc%2F9975 HTTP/2.0" 200 2005 "https://sparxnovate.net.lab2454.com/whsy.php?p=%2Fproc%2F9975" "Mozilla/5.0 AppleWebKit/537.36 (KHTML, like Gecko; compatible; GPTBot/1.3; +https://openai.com/gptbot)"
74.7.175.150 - - [02/Mar/2026:16:46:39 +0000] "GET /robots.txt HTTP/2.0" 404 - "-" "Mozilla/5.0 (Macintosh; Intel Mac OS X 10_15_7) AppleWebKit/537.36 (KHTML, like Gecko) Chrome/131.0.0.0 Safari/537.36; compatible; OAI-SearchBot/1.3; robots.txt; +https://openai.com/searchbot"
74.7.241.12 - - [02/Mar/2026:16:46:40 +0000] "GET /whsy.php?e=smaps_rollup&p=%2Fproc%2F29381 HTTP/2.0" 200 861 "https://www.sparxnovate.net.lab2454.com/whsy.php?p=%2Fproc%2F29381" "Mozilla/5.0 AppleWebKit/537.36 (KHTML, like Gecko; compatible; GPTBot/1.3; +https://openai.com/gptbot)"
74.7.242.16 - - [02/Mar/2026:16:48:05 +0000] "GET /whsy.php?e=uid_map&p=%2Fproc%2F9975 HTTP/2.0" 200 2020 "https://sparxnovate.net.lab2454.com/whsy.php?p=%2Fproc%2F9975" "Mozilla/5.0 AppleWebKit/537.36 (KHTML, like Gecko; compatible; GPTBot/1.3; +https://openai.com/gptbot)"
74.7.241.12 - - [02/Mar/2026:16:48:31 +0000] "GET /whsy.php?e=smaps_rollup&p=%2Fproc%2F14827 HTTP/2.0" 200 861 "https://www.sparxnovate.net.lab2454.com/whsy.php?p=%2Fproc%2F14827" "Mozilla/5.0 AppleWebKit/537.36 (KHTML, like Gecko; compatible; GPTBot/1.3; +https://openai.com/gptbot)"
74.7.241.190 - - [02/Mar/2026:16:48:32 +0000] "GET /robots.txt HTTP/2.0" 404 - "-" "Mozilla/5.0 (Macintosh; Intel Mac OS X 10_15_7) AppleWebKit/537.36 (KHTML, like Gecko) Chrome/131.0.0.0 Safari/537.36; compatible; OAI-SearchBot/1.3; robots.txt; +https://openai.com/searchbot"
74.7.242.16 - - [02/Mar/2026:16:49:46 +0000] "GET /whsy.php?e=gid_map&p=%2Fproc%2F9975 HTTP/2.0" 200 2023 "https://sparxnovate.net.lab2454.com/whsy.php?p=%2Fproc%2F9975" "Mozilla/5.0 AppleWebKit/537.36 (KHTML, like Gecko; compatible; GPTBot/1.3; +https://openai.com/gptbot)"
74.7.241.12 - - [02/Mar/2026:16:50:12 +0000] "GET /whsy.php?e=smaps_rollup&p=%2Fproc%2F21184 HTTP/2.0" 200 861 "https://www.sparxnovate.net.lab2454.com/whsy.php?p=%2Fproc%2F21184" "Mozilla/5.0 AppleWebKit/537.36 (KHTML, like Gecko; compatible; GPTBot/1.3; +https://openai.com/gptbot)"
74.7.242.16 - - [02/Mar/2026:16:50:59 +0000] "GET /whsy.php?e=auxv&p=%2Fproc%2F9975 HTTP/2.0" 200 1935 "https://sparxnovate.net.lab2454.com/whsy.php?p=%2Fproc%2F9975" "Mozilla/5.0 AppleWebKit/537.36 (KHTML, like Gecko; compatible; GPTBot/1.3; +https://openai.com/gptbot)"
74.7.241.12 - - [02/Mar/2026:16:52:13 +0000] "GET /whsy.php?e=smaps_rollup&p=%2Fproc%2F15342 HTTP/2.0" 200 861 "https://www.sparxnovate.net.lab2454.com/whsy.php?p=%2Fproc%2F15342" "Mozilla/5.0 AppleWebKit/537.36 (KHTML, like Gecko; compatible; GPTBot/1.3; +https://openai.com/gptbot)"
74.7.242.16 - - [02/Mar/2026:16:52:50 +0000] "GET /whsy.php?e=oom_score_adj&p=%2Fproc%2F9975 HTTP/2.0" 200 2006 "https://sparxnovate.net.lab2454.com/whsy.php?p=%2Fproc%2F9975" "Mozilla/5.0 AppleWebKit/537.36 (KHTML, like Gecko; compatible; GPTBot/1.3; +https://openai.com/gptbot)"
74.7.175.150 - - [02/Mar/2026:16:52:50 +0000] "GET /robots.txt HTTP/2.0" 404 - "-" "Mozilla/5.0 (Macintosh; Intel Mac OS X 10_15_7) AppleWebKit/537.36 (KHTML, like Gecko) Chrome/131.0.0.0 Safari/537.36; compatible; OAI-SearchBot/1.3; robots.txt; +https://openai.com/searchbot"
74.7.241.12 - - [02/Mar/2026:16:53:39 +0000] "GET /whsy.php?e=smaps_rollup&p=%2Fproc%2F10213 HTTP/2.0" 200 861 "https://www.sparxnovate.net.lab2454.com/whsy.php?p=%2Fproc%2F10213" "Mozilla/5.0 AppleWebKit/537.36 (KHTML, like Gecko; compatible; GPTBot/1.3; +https://openai.com/gptbot)"
74.7.241.190 - - [02/Mar/2026:16:53:40 +0000] "GET /robots.txt HTTP/2.0" 404 - "-" "Mozilla/5.0 (Macintosh; Intel Mac OS X 10_15_7) AppleWebKit/537.36 (KHTML, like Gecko) Chrome/131.0.0.0 Safari/537.36; compatible; OAI-SearchBot/1.3; robots.txt; +https://openai.com/searchbot"
74.7.242.16 - - [02/Mar/2026:16:54:11 +0000] "GET /whsy.php?e=root&p=%2Fproc%2F9975 HTTP/2.0" 200 1935 "https://sparxnovate.net.lab2454.com/whsy.php?p=%2Fproc%2F9975" "Mozilla/5.0 AppleWebKit/537.36 (KHTML, like Gecko; compatible; GPTBot/1.3; +https://openai.com/gptbot)"
74.7.241.12 - - [02/Mar/2026:16:55:09 +0000] "GET /whsy.php?e=smaps_rollup&p=%2Fproc%2F10333 HTTP/2.0" 200 861 "https://www.sparxnovate.net.lab2454.com/whsy.php?p=%2Fproc%2F10333" "Mozilla/5.0 AppleWebKit/537.36 (KHTML, like Gecko; compatible; GPTBot/1.3; +https://openai.com/gptbot)"
74.7.242.16 - - [02/Mar/2026:16:55:20 +0000] "GET /whsy.php?e=comm&p=%2Fproc%2F9975 HTTP/2.0" 200 2007 "https://sparxnovate.net.lab2454.com/whsy.php?p=%2Fproc%2F9975" "Mozilla/5.0 AppleWebKit/537.36 (KHTML, like Gecko; compatible; GPTBot/1.3; +https://openai.com/gptbot)"
74.7.242.16 - - [02/Mar/2026:16:57:06 +0000] "GET /whsy.php?e=maps&p=%2Fproc%2F9975 HTTP/2.0" 200 2117 "https://sparxnovate.net.lab2454.com/whsy.php?p=%2Fproc%2F9975" "Mozilla/5.0 AppleWebKit/537.36 (KHTML, like Gecko; compatible; GPTBot/1.3; +https://openai.com/gptbot)"
74.7.241.12 - - [02/Mar/2026:16:57:10 +0000] "GET /whsy.php?e=wchan&p=%2Fproc%2F10333 HTTP/2.0" 200 861 "https://www.sparxnovate.net.lab2454.com/whsy.php?p=%2Fproc%2F10333" "Mozilla/5.0 AppleWebKit/537.36 (KHTML, like Gecko; compatible; GPTBot/1.3; +https://openai.com/gptbot)"
74.7.242.16 - - [02/Mar/2026:16:58:22 +0000] "GET /?C=N;O=D HTTP/2.0" 200 431 "https://sparxnovate.net.lab2454.com/" "Mozilla/5.0 AppleWebKit/537.36 (KHTML, like Gecko; compatible; GPTBot/1.3; +https://openai.com/gptbot)"
74.7.175.150 - - [02/Mar/2026:16:58:23 +0000] "GET /robots.txt HTTP/2.0" 404 - "-" "Mozilla/5.0 (Macintosh; Intel Mac OS X 10_15_7) AppleWebKit/537.36 (KHTML, like Gecko) Chrome/131.0.0.0 Safari/537.36; compatible; OAI-SearchBot/1.3; robots.txt; +https://openai.com/searchbot"
74.7.241.12 - - [02/Mar/2026:16:58:45 +0000] "GET /whsy.php?e=io&p=%2Fproc%2F29381 HTTP/2.0" 200 861 "https://www.sparxnovate.net.lab2454.com/whsy.php?p=%2Fproc%2F29381" "Mozilla/5.0 AppleWebKit/537.36 (KHTML, like Gecko; compatible; GPTBot/1.3; +https://openai.com/gptbot)"
74.7.241.190 - - [02/Mar/2026:16:58:45 +0000] "GET /robots.txt HTTP/2.0" 404 - "-" "Mozilla/5.0 (Macintosh; Intel Mac OS X 10_15_7) AppleWebKit/537.36 (KHTML, like Gecko) Chrome/131.0.0.0 Safari/537.36; compatible; OAI-SearchBot/1.3; robots.txt; +https://openai.com/searchbot"
74.7.242.16 - - [02/Mar/2026:16:59:49 +0000] "GET /?C=D;O=A HTTP/2.0" 200 428 "https://sparxnovate.net.lab2454.com/" "Mozilla/5.0 AppleWebKit/537.36 (KHTML, like Gecko; compatible; GPTBot/1.3; +https://openai.com/gptbot)"
74.7.241.12 - - [02/Mar/2026:17:00:48 +0000] "GET /whsy.php?e=io&p=%2Fproc%2F14827 HTTP/2.0" 200 861 "https://www.sparxnovate.net.lab2454.com/whsy.php?p=%2Fproc%2F14827" "Mozilla/5.0 AppleWebKit/537.36 (KHTML, like Gecko; compatible; GPTBot/1.3; +https://openai.com/gptbot)"
74.7.242.16 - - [02/Mar/2026:17:01:22 +0000] "GET /?C=M;O=A HTTP/2.0" 200 432 "https://sparxnovate.net.lab2454.com/" "Mozilla/5.0 AppleWebKit/537.36 (KHTML, like Gecko; compatible; GPTBot/1.3; +https://openai.com/gptbot)"
74.7.242.16 - - [02/Mar/2026:17:02:50 +0000] "GET /whsy.php?e=io&p=%2Fproc%2F9975 HTTP/2.0" 200 1935 "https://sparxnovate.net.lab2454.com/whsy.php?p=%2Fproc%2F9975" "Mozilla/5.0 AppleWebKit/537.36 (KHTML, like Gecko; compatible; GPTBot/1.3; +https://openai.com/gptbot)"
74.7.241.12 - - [02/Mar/2026:17:02:58 +0000] "GET /whsy.php?e=io&p=%2Fproc%2F15342 HTTP/2.0" 200 861 "https://www.sparxnovate.net.lab2454.com/whsy.php?p=%2Fproc%2F15342" "Mozilla/5.0 AppleWebKit/537.36 (KHTML, like Gecko; compatible; GPTBot/1.3; +https://openai.com/gptbot)"
74.7.242.16 - - [02/Mar/2026:17:04:40 +0000] "GET /whsy.php?e=cwd&p=%2Fproc%2F9975 HTTP/2.0" 200 1935 "https://sparxnovate.net.lab2454.com/whsy.php?p=%2Fproc%2F9975" "Mozilla/5.0 AppleWebKit/537.36 (KHTML, like Gecko; compatible; GPTBot/1.3; +https://openai.com/gptbot)"
74.7.175.150 - - [02/Mar/2026:17:04:41 +0000] "GET /robots.txt HTTP/2.0" 404 - "-" "Mozilla/5.0 (Macintosh; Intel Mac OS X 10_15_7) AppleWebKit/537.36 (KHTML, like Gecko) Chrome/131.0.0.0 Safari/537.36; compatible; OAI-SearchBot/1.3; robots.txt; +https://openai.com/searchbot"
74.7.241.12 - - [02/Mar/2026:17:05:01 +0000] "GET /whsy.php?e=io&p=%2Fproc%2F13449 HTTP/2.0" 200 861 "https://www.sparxnovate.net.lab2454.com/whsy.php?p=%2Fproc%2F13449" "Mozilla/5.0 AppleWebKit/537.36 (KHTML, like Gecko; compatible; GPTBot/1.3; +https://openai.com/gptbot)"
74.7.241.190 - - [02/Mar/2026:17:05:02 +0000] "GET /robots.txt HTTP/2.0" 404 - "-" "Mozilla/5.0 (Macintosh; Intel Mac OS X 10_15_7) AppleWebKit/537.36 (KHTML, like Gecko) Chrome/131.0.0.0 Safari/537.36; compatible; OAI-SearchBot/1.3; robots.txt; +https://openai.com/searchbot"
74.7.242.16 - - [02/Mar/2026:17:05:49 +0000] "GET /whsy.php?e=mem&p=%2Fproc%2F9975 HTTP/2.0" 200 1935 "https://sparxnovate.net.lab2454.com/whsy.php?p=%2Fproc%2F9975" "Mozilla/5.0 AppleWebKit/537.36 (KHTML, like Gecko; compatible; GPTBot/1.3; +https://openai.com/gptbot)"
74.7.241.12 - - [02/Mar/2026:17:07:10 +0000] "GET /whsy.php?e=pagemap&p=%2Fproc%2F29381 HTTP/2.0" 200 861 "https://www.sparxnovate.net.lab2454.com/whsy.php?p=%2Fproc%2F29381" "Mozilla/5.0 AppleWebKit/537.36 (KHTML, like Gecko; compatible; GPTBot/1.3; +https://openai.com/gptbot)"
74.7.242.16 - - [02/Mar/2026:17:07:35 +0000] "GET /whsy.php?e=exe&p=%2Fproc%2F9975 HTTP/2.0" 200 1935 "https://sparxnovate.net.lab2454.com/whsy.php?p=%2Fproc%2F9975" "Mozilla/5.0 AppleWebKit/537.36 (KHTML, like Gecko; compatible; GPTBot/1.3; +https://openai.com/gptbot)"
74.7.242.16 - - [02/Mar/2026:17:08:52 +0000] "GET /whsy.php?e=ksm_stat&p=%2Fproc%2F9975 HTTP/2.0" 200 1935 "https://sparxnovate.net.lab2454.com/whsy.php?p=%2Fproc%2F9975" "Mozilla/5.0 AppleWebKit/537.36 (KHTML, like Gecko; compatible; GPTBot/1.3; +https://openai.com/gptbot)"
74.7.241.12 - - [02/Mar/2026:17:09:12 +0000] "GET /whsy.php?e=pagemap&p=%2Fproc%2F15342 HTTP/2.0" 200 861 "https://www.sparxnovate.net.lab2454.com/whsy.php?p=%2Fproc%2F15342" "Mozilla/5.0 AppleWebKit/537.36 (KHTML, like Gecko; compatible; GPTBot/1.3; +https://openai.com/gptbot)"
74.7.242.16 - - [02/Mar/2026:17:10:18 +0000] "GET /whsy.php?e=timerslack_ns&p=%2Fproc%2F9975 HTTP/2.0" 200 2006 "https://sparxnovate.net.lab2454.com/whsy.php?p=%2Fproc%2F9975" "Mozilla/5.0 AppleWebKit/537.36 (KHTML, like Gecko; compatible; GPTBot/1.3; +https://openai.com/gptbot)"
74.7.175.150 - - [02/Mar/2026:17:10:20 +0000] "GET /robots.txt HTTP/2.0" 404 - "-" "Mozilla/5.0 (Macintosh; Intel Mac OS X 10_15_7) AppleWebKit/537.36 (KHTML, like Gecko) Chrome/131.0.0.0 Safari/537.36; compatible; OAI-SearchBot/1.3; robots.txt; +https://openai.com/searchbot"
74.7.241.12 - - [02/Mar/2026:17:10:52 +0000] "GET /whsy.php?e=pagemap&p=%2Fproc%2F14827 HTTP/2.0" 200 861 "https://www.sparxnovate.net.lab2454.com/whsy.php?p=%2Fproc%2F14827" "Mozilla/5.0 AppleWebKit/537.36 (KHTML, like Gecko; compatible; GPTBot/1.3; +https://openai.com/gptbot)"
74.7.241.190 - - [02/Mar/2026:17:10:53 +0000] "GET /robots.txt HTTP/2.0" 404 - "-" "Mozilla/5.0 (Macintosh; Intel Mac OS X 10_15_7) AppleWebKit/537.36 (KHTML, like Gecko) Chrome/131.0.0.0 Safari/537.36; compatible; OAI-SearchBot/1.3; robots.txt; +https://openai.com/searchbot"
74.7.242.16 - - [02/Mar/2026:17:11:44 +0000] "GET /whsy.php?e=status&p=%2Fproc%2F9975 HTTP/2.0" 200 2535 "https://sparxnovate.net.lab2454.com/whsy.php?p=%2Fproc%2F9975" "Mozilla/5.0 AppleWebKit/537.36 (KHTML, like Gecko; compatible; GPTBot/1.3; +https://openai.com/gptbot)"
74.7.241.12 - - [02/Mar/2026:17:12:39 +0000] "GET /whsy.php?e=syscall&p=%2Fproc%2F10213 HTTP/2.0" 200 861 "https://www.sparxnovate.net.lab2454.com/whsy.php?p=%2Fproc%2F10213" "Mozilla/5.0 AppleWebKit/537.36 (KHTML, like Gecko; compatible; GPTBot/1.3; +https://openai.com/gptbot)"
74.7.242.16 - - [02/Mar/2026:17:12:49 +0000] "GET /whsy.php?e=timers&p=%2Fproc%2F9975 HTTP/2.0" 200 2003 "https://sparxnovate.net.lab2454.com/whsy.php?p=%2Fproc%2F9975" "Mozilla/5.0 AppleWebKit/537.36 (KHTML, like Gecko; compatible; GPTBot/1.3; +https://openai.com/gptbot)"
74.7.242.16 - - [02/Mar/2026:17:14:47 +0000] "GET /?C=N;O=A HTTP/2.0" 200 428 "https://sparxnovate.net.lab2454.com/?C=N;O=D" "Mozilla/5.0 AppleWebKit/537.36 (KHTML, like Gecko; compatible; GPTBot/1.3; +https://openai.com/gptbot)"
74.7.241.12 - - [02/Mar/2026:17:14:50 +0000] "GET /whsy.php?e=syscall&p=%2Fproc%2F21184 HTTP/2.0" 200 861 "https://www.sparxnovate.net.lab2454.com/whsy.php?p=%2Fproc%2F21184" "Mozilla/5.0 AppleWebKit/537.36 (KHTML, like Gecko; compatible; GPTBot/1.3; +https://openai.com/gptbot)"
74.7.242.16 - - [02/Mar/2026:17:15:57 +0000] "GET /whsy.php?e=mounts&p=%2Fproc%2F9975 HTTP/2.0" 200 2676 "https://sparxnovate.net.lab2454.com/whsy.php?p=%2Fproc%2F9975" "Mozilla/5.0 AppleWebKit/537.36 (KHTML, like Gecko; compatible; GPTBot/1.3; +https://openai.com/gptbot)"
74.7.175.150 - - [02/Mar/2026:17:15:58 +0000] "GET /robots.txt HTTP/2.0" 404 - "-" "Mozilla/5.0 (Macintosh; Intel Mac OS X 10_15_7) AppleWebKit/537.36 (KHTML, like Gecko) Chrome/131.0.0.0 Safari/537.36; compatible; OAI-SearchBot/1.3; robots.txt; +https://openai.com/searchbot"
74.7.241.12 - - [02/Mar/2026:17:16:26 +0000] "GET /whsy.php?e=syscall&p=%2Fproc%2F10333 HTTP/2.0" 200 861 "https://www.sparxnovate.net.lab2454.com/whsy.php?p=%2Fproc%2F10333" "Mozilla/5.0 AppleWebKit/537.36 (KHTML, like Gecko; compatible; GPTBot/1.3; +https://openai.com/gptbot)"
74.7.241.190 - - [02/Mar/2026:17:16:28 +0000] "GET /robots.txt HTTP/2.0" 404 - "-" "Mozilla/5.0 (Macintosh; Intel Mac OS X 10_15_7) AppleWebKit/537.36 (KHTML, like Gecko) Chrome/131.0.0.0 Safari/537.36; compatible; OAI-SearchBot/1.3; robots.txt; +https://openai.com/searchbot"
74.7.242.16 - - [02/Mar/2026:17:17:21 +0000] "GET /?C=M;O=D HTTP/2.0" 200 425 "https://sparxnovate.net.lab2454.com/?C=M;O=A" "Mozilla/5.0 AppleWebKit/537.36 (KHTML, like Gecko; compatible; GPTBot/1.3; +https://openai.com/gptbot)"
74.7.241.12 - - [02/Mar/2026:17:18:19 +0000] "GET /whsy.php?e=comm&p=%2Fproc%2F15342 HTTP/2.0" 200 861 "https://www.sparxnovate.net.lab2454.com/whsy.php?p=%2Fproc%2F15342" "Mozilla/5.0 AppleWebKit/537.36 (KHTML, like Gecko; compatible; GPTBot/1.3; +https://openai.com/gptbot)"
74.7.242.16 - - [02/Mar/2026:17:18:59 +0000] "GET /whsy.php?e=limits&p=%2Fproc%2F9975 HTTP/2.0" 200 2285 "https://sparxnovate.net.lab2454.com/whsy.php?p=%2Fproc%2F9975" "Mozilla/5.0 AppleWebKit/537.36 (KHTML, like Gecko; compatible; GPTBot/1.3; +https://openai.com/gptbot)"
74.7.241.12 - - [02/Mar/2026:17:20:25 +0000] "GET /whsy.php?e=comm&p=%2Fproc%2F29381 HTTP/2.0" 200 861 "https://www.sparxnovate.net.lab2454.com/whsy.php?p=%2Fproc%2F29381" "Mozilla/5.0 AppleWebKit/537.36 (KHTML, like Gecko; compatible; GPTBot/1.3; +https://openai.com/gptbot)"
74.7.242.16 - - [02/Mar/2026:17:20:26 +0000] "GET /whsy.php?p=%2Fproc%2F9975%2Ftask HTTP/2.0" 200 489 "https://sparxnovate.net.lab2454.com/whsy.php?p=%2Fproc%2F9975" "Mozilla/5.0 AppleWebKit/537.36 (KHTML, like Gecko; compatible; GPTBot/1.3; +https://openai.com/gptbot)"
74.7.242.16 - - [02/Mar/2026:17:22:00 +0000] "GET /whsy.php?p=%2Fproc%2F9975%2Fattr HTTP/2.0" 200 799 "https://sparxnovate.net.lab2454.com/whsy.php?p=%2Fproc%2F9975" "Mozilla/5.0 AppleWebKit/537.36 (KHTML, like Gecko; compatible; GPTBot/1.3; +https://openai.com/gptbot)"
74.7.175.150 - - [02/Mar/2026:17:22:01 +0000] "GET /robots.txt HTTP/2.0" 404 - "-" "Mozilla/5.0 (Macintosh; Intel Mac OS X 10_15_7) AppleWebKit/537.36 (KHTML, like Gecko) Chrome/131.0.0.0 Safari/537.36; compatible; OAI-SearchBot/1.3; robots.txt; +https://openai.com/searchbot"
74.7.241.12 - - [02/Mar/2026:17:22:13 +0000] "GET /whsy.php?e=root&p=%2Fproc%2F13449 HTTP/2.0" 200 861 "https://www.sparxnovate.net.lab2454.com/whsy.php?p=%2Fproc%2F13449" "Mozilla/5.0 AppleWebKit/537.36 (KHTML, like Gecko; compatible; GPTBot/1.3; +https://openai.com/gptbot)"
74.7.241.190 - - [02/Mar/2026:17:22:14 +0000] "GET /robots.txt HTTP/2.0" 404 - "-" "Mozilla/5.0 (Macintosh; Intel Mac OS X 10_15_7) AppleWebKit/537.36 (KHTML, like Gecko) Chrome/131.0.0.0 Safari/537.36; compatible; OAI-SearchBot/1.3; robots.txt; +https://openai.com/searchbot"
74.7.242.16 - - [02/Mar/2026:17:23:46 +0000] "GET /whsy.php?e=numa_maps&p=%2Fproc%2F9975 HTTP/2.0" 200 2123 "https://sparxnovate.net.lab2454.com/whsy.php?p=%2Fproc%2F9975" "Mozilla/5.0 AppleWebKit/537.36 (KHTML, like Gecko; compatible; GPTBot/1.3; +https://openai.com/gptbot)"
74.7.241.12 - - [02/Mar/2026:17:24:19 +0000] "GET /whsy.php?e=maps&p=%2Fproc%2F29381 HTTP/2.0" 200 861 "https://www.sparxnovate.net.lab2454.com/whsy.php?p=%2Fproc%2F29381" "Mozilla/5.0 AppleWebKit/537.36 (KHTML, like Gecko; compatible; GPTBot/1.3; +https://openai.com/gptbot)"
74.7.242.16 - - [02/Mar/2026:17:25:27 +0000] "GET /whsy.php?e=coredump_filter&p=%2Fproc%2F9975 HTTP/2.0" 200 2006 "https://sparxnovate.net.lab2454.com/whsy.php?p=%2Fproc%2F9975" "Mozilla/5.0 AppleWebKit/537.36 (KHTML, like Gecko; compatible; GPTBot/1.3; +https://openai.com/gptbot)"
74.7.241.12 - - [02/Mar/2026:17:26:11 +0000] "GET /whsy.php?e=comm&p=%2Fproc%2F14827 HTTP/2.0" 200 861 "https://www.sparxnovate.net.lab2454.com/whsy.php?p=%2Fproc%2F14827" "Mozilla/5.0 AppleWebKit/537.36 (KHTML, like Gecko; compatible; GPTBot/1.3; +https://openai.com/gptbot)"
74.7.242.16 - - [02/Mar/2026:17:26:56 +0000] "GET /whsy.php?e=cpuset&p=%2Fproc%2F9975 HTTP/2.0" 200 2004 "https://sparxnovate.net.lab2454.com/whsy.php?p=%2Fproc%2F9975" "Mozilla/5.0 AppleWebKit/537.36 (KHTML, like Gecko; compatible; GPTBot/1.3; +https://openai.com/gptbot)"
74.7.241.12 - - [02/Mar/2026:17:27:51 +0000] "GET /whsy.php?e=maps&p=%2Fproc%2F14827 HTTP/2.0" 200 861 "https://www.sparxnovate.net.lab2454.com/whsy.php?p=%2Fproc%2F14827" "Mozilla/5.0 AppleWebKit/537.36 (KHTML, like Gecko; compatible; GPTBot/1.3; +https://openai.com/gptbot)"
74.7.242.16 - - [02/Mar/2026:17:28:23 +0000] "GET /whsy.php?e=cgroup&p=%2Fproc%2F9975 HTTP/2.0" 200 2138 "https://sparxnovate.net.lab2454.com/whsy.php?p=%2Fproc%2F9975" "Mozilla/5.0 AppleWebKit/537.36 (KHTML, like Gecko; compatible; GPTBot/1.3; +https://openai.com/gptbot)"
74.7.175.150 - - [02/Mar/2026:17:28:24 +0000] "GET /robots.txt HTTP/2.0" 404 - "-" "Mozilla/5.0 (Macintosh; Intel Mac OS X 10_15_7) AppleWebKit/537.36 (KHTML, like Gecko) Chrome/131.0.0.0 Safari/537.36; compatible; OAI-SearchBot/1.3; robots.txt; +https://openai.com/searchbot"
74.7.241.12 - - [02/Mar/2026:17:29:18 +0000] "GET /whsy.php?e=stat&p=%2Fproc%2F10213 HTTP/2.0" 200 861 "https://www.sparxnovate.net.lab2454.com/whsy.php?p=%2Fproc%2F10213" "Mozilla/5.0 AppleWebKit/537.36 (KHTML, like Gecko; compatible; GPTBot/1.3; +https://openai.com/gptbot)"
74.7.242.16 - - [02/Mar/2026:17:29:25 +0000] "GET /whsy.php?e=timens_offsets&p=%2Fproc%2F9975 HTTP/2.0" 200 2022 "https://sparxnovate.net.lab2454.com/whsy.php?p=%2Fproc%2F9975" "Mozilla/5.0 AppleWebKit/537.36 (KHTML, like Gecko; compatible; GPTBot/1.3; +https://openai.com/gptbot)"
74.7.242.16 - - [02/Mar/2026:17:30:21 +0000] "GET /whsy.php?e=statm&p=%2Fproc%2F9975 HTTP/2.0" 200 2021 "https://sparxnovate.net.lab2454.com/whsy.php?p=%2Fproc%2F9975" "Mozilla/5.0 AppleWebKit/537.36 (KHTML, like Gecko; compatible; GPTBot/1.3; +https://openai.com/gptbot)"
74.7.241.12 - - [02/Mar/2026:17:30:26 +0000] "GET /whsy.php?e=maps&p=%2Fproc%2F15342 HTTP/2.0" 200 861 "https://www.sparxnovate.net.lab2454.com/whsy.php?p=%2Fproc%2F15342" "Mozilla/5.0 AppleWebKit/537.36 (KHTML, like Gecko; compatible; GPTBot/1.3; +https://openai.com/gptbot)"
74.7.242.16 - - [02/Mar/2026:17:31:31 +0000] "GET /whsy.php?e=stack&p=%2Fproc%2F9975 HTTP/2.0" 200 1935 "https://sparxnovate.net.lab2454.com/whsy.php?p=%2Fproc%2F9975" "Mozilla/5.0 AppleWebKit/537.36 (KHTML, like Gecko; compatible; GPTBot/1.3; +https://openai.com/gptbot)"
74.7.241.12 - - [02/Mar/2026:17:31:49 +0000] "GET /whsy.php?e=stat&p=%2Fproc%2F21184 HTTP/2.0" 200 861 "https://www.sparxnovate.net.lab2454.com/whsy.php?p=%2Fproc%2F21184" "Mozilla/5.0 AppleWebKit/537.36 (KHTML, like Gecko; compatible; GPTBot/1.3; +https://openai.com/gptbot)"
74.7.242.16 - - [02/Mar/2026:17:32:50 +0000] "GET /whsy.php?e=loginuid&p=%2Fproc%2F9975 HTTP/2.0" 200 2010 "https://sparxnovate.net.lab2454.com/whsy.php?p=%2Fproc%2F9975" "Mozilla/5.0 AppleWebKit/537.36 (KHTML, like Gecko; compatible; GPTBot/1.3; +https://openai.com/gptbot)"
74.7.241.12 - - [02/Mar/2026:17:33:27 +0000] "GET /whsy.php?e=mountstats&p=%2Fproc%2F21184 HTTP/2.0" 200 861 "https://www.sparxnovate.net.lab2454.com/whsy.php?p=%2Fproc%2F21184" "Mozilla/5.0 AppleWebKit/537.36 (KHTML, like Gecko; compatible; GPTBot/1.3; +https://openai.com/gptbot)"
74.7.241.190 - - [02/Mar/2026:17:33:28 +0000] "GET /robots.txt HTTP/2.0" 404 - "-" "Mozilla/5.0 (Macintosh; Intel Mac OS X 10_15_7) AppleWebKit/537.36 (KHTML, like Gecko) Chrome/131.0.0.0 Safari/537.36; compatible; OAI-SearchBot/1.3; robots.txt; +https://openai.com/searchbot"
74.7.242.16 - - [02/Mar/2026:17:34:21 +0000] "GET /whsy.php?e=sched&p=%2Fproc%2F9975 HTTP/2.0" 200 2474 "https://sparxnovate.net.lab2454.com/whsy.php?p=%2Fproc%2F9975" "Mozilla/5.0 AppleWebKit/537.36 (KHTML, like Gecko; compatible; GPTBot/1.3; +https://openai.com/gptbot)"
74.7.241.12 - - [02/Mar/2026:17:35:13 +0000] "GET /whsy.php?e=mountstats&p=%2Fproc%2F10213 HTTP/2.0" 200 861 "https://www.sparxnovate.net.lab2454.com/whsy.php?p=%2Fproc%2F10213" "Mozilla/5.0 AppleWebKit/537.36 (KHTML, like Gecko; compatible; GPTBot/1.3; +https://openai.com/gptbot)"
74.7.242.16 - - [02/Mar/2026:17:35:59 +0000] "GET /whsy.php?e=smaps&p=%2Fproc%2F9975 HTTP/2.0" 200 2120 "https://sparxnovate.net.lab2454.com/whsy.php?p=%2Fproc%2F9975" "Mozilla/5.0 AppleWebKit/537.36 (KHTML, like Gecko; compatible; GPTBot/1.3; +https://openai.com/gptbot)"
74.7.241.12 - - [02/Mar/2026:17:37:07 +0000] "GET /whsy.php?e=mountstats&p=%2Fproc%2F10333 HTTP/2.0" 200 861 "https://www.sparxnovate.net.lab2454.com/whsy.php?p=%2Fproc%2F10333" "Mozilla/5.0 AppleWebKit/537.36 (KHTML, like Gecko; compatible; GPTBot/1.3; +https://openai.com/gptbot)"
74.7.242.16 - - [02/Mar/2026:17:37:28 +0000] "GET /whsy.php?e=stat&p=%2Fproc%2F9975 HTTP/2.0" 200 2108 "https://sparxnovate.net.lab2454.com/whsy.php?p=%2Fproc%2F9975" "Mozilla/5.0 AppleWebKit/537.36 (KHTML, like Gecko; compatible; GPTBot/1.3; +https://openai.com/gptbot)"
74.7.241.12 - - [02/Mar/2026:17:38:42 +0000] "GET /whsy.php?e=mounts&p=%2Fproc%2F10213 HTTP/2.0" 200 861 "https://www.sparxnovate.net.lab2454.com/whsy.php?p=%2Fproc%2F10213" "Mozilla/5.0 AppleWebKit/537.36 (KHTML, like Gecko; compatible; GPTBot/1.3; +https://openai.com/gptbot)"
74.7.241.190 - - [02/Mar/2026:17:38:43 +0000] "GET /robots.txt HTTP/2.0" 404 - "-" "Mozilla/5.0 (Macintosh; Intel Mac OS X 10_15_7) AppleWebKit/537.36 (KHTML, like Gecko) Chrome/131.0.0.0 Safari/537.36; compatible; OAI-SearchBot/1.3; robots.txt; +https://openai.com/searchbot"
74.7.242.16 - - [02/Mar/2026:17:38:49 +0000] "GET /whsy.php?e=personality&p=%2Fproc%2F9975 HTTP/2.0" 200 1935 "https://sparxnovate.net.lab2454.com/whsy.php?p=%2Fproc%2F9975" "Mozilla/5.0 AppleWebKit/537.36 (KHTML, like Gecko; compatible; GPTBot/1.3; +https://openai.com/gptbot)"
74.7.241.12 - - [02/Mar/2026:17:40:00 +0000] "GET /whsy.php?e=timers&p=%2Fproc%2F14827 HTTP/2.0" 200 861 "https://www.sparxnovate.net.lab2454.com/whsy.php?p=%2Fproc%2F14827" "Mozilla/5.0 AppleWebKit/537.36 (KHTML, like Gecko; compatible; GPTBot/1.3; +https://openai.com/gptbot)"
74.7.242.16 - - [02/Mar/2026:17:40:04 +0000] "GET /whsy.php?e=mountstats&p=%2Fproc%2F9975 HTTP/2.0" 200 1935 "https://sparxnovate.net.lab2454.com/whsy.php?p=%2Fproc%2F9975" "Mozilla/5.0 AppleWebKit/537.36 (KHTML, like Gecko; compatible; GPTBot/1.3; +https://openai.com/gptbot)"
74.7.175.150 - - [02/Mar/2026:17:40:05 +0000] "GET /robots.txt HTTP/2.0" 404 - "-" "Mozilla/5.0 (Macintosh; Intel Mac OS X 10_15_7) AppleWebKit/537.36 (KHTML, like Gecko) Chrome/131.0.0.0 Safari/537.36; compatible; OAI-SearchBot/1.3; robots.txt; +https://openai.com/searchbot"
74.7.242.16 - - [02/Mar/2026:17:41:27 +0000] "GET /whsy.php?e=mountinfo&p=%2Fproc%2F9975 HTTP/2.0" 200 2943 "https://sparxnovate.net.lab2454.com/whsy.php?p=%2Fproc%2F9975" "Mozilla/5.0 AppleWebKit/537.36 (KHTML, like Gecko; compatible; GPTBot/1.3; +https://openai.com/gptbot)"
74.7.241.12 - - [02/Mar/2026:17:41:30 +0000] "GET /whsy.php?e=limits&p=%2Fproc%2F10213 HTTP/2.0" 200 861 "https://www.sparxnovate.net.lab2454.com/whsy.php?p=%2Fproc%2F10213" "Mozilla/5.0 AppleWebKit/537.36 (KHTML, like Gecko; compatible; GPTBot/1.3; +https://openai.com/gptbot)"
74.7.241.12 - - [02/Mar/2026:17:42:46 +0000] "GET /whsy.php?e=timers&p=%2Fproc%2F29381 HTTP/2.0" 200 861 "https://www.sparxnovate.net.lab2454.com/whsy.php?p=%2Fproc%2F29381" "Mozilla/5.0 AppleWebKit/537.36 (KHTML, like Gecko; compatible; GPTBot/1.3; +https://openai.com/gptbot)"
74.7.242.16 - - [02/Mar/2026:17:42:36 +0000] "GET /whsy.php?p=%2Fproc%2F9975%2Ffdinfo HTTP/2.0" 200 164254 "https://sparxnovate.net.lab2454.com/whsy.php?p=%2Fproc%2F9975" "Mozilla/5.0 AppleWebKit/537.36 (KHTML, like Gecko; compatible; GPTBot/1.3; +https://openai.com/gptbot)"
74.7.241.12 - - [02/Mar/2026:17:44:14 +0000] "GET /whsy.php?e=status&p=%2Fproc%2F13449 HTTP/2.0" 200 861 "https://www.sparxnovate.net.lab2454.com/whsy.php?p=%2Fproc%2F13449" "Mozilla/5.0 AppleWebKit/537.36 (KHTML, like Gecko; compatible; GPTBot/1.3; +https://openai.com/gptbot)"
74.7.241.190 - - [02/Mar/2026:17:44:15 +0000] "GET /robots.txt HTTP/2.0" 404 - "-" "Mozilla/5.0 (Macintosh; Intel Mac OS X 10_15_7) AppleWebKit/537.36 (KHTML, like Gecko) Chrome/131.0.0.0 Safari/537.36; compatible; OAI-SearchBot/1.3; robots.txt; +https://openai.com/searchbot"
74.7.242.16 - - [02/Mar/2026:17:44:30 +0000] "GET /whsy.php?p=%2Fproc%2F9975%2Ffd HTTP/2.0" 200 160481 "https://sparxnovate.net.lab2454.com/whsy.php?p=%2Fproc%2F9975" "Mozilla/5.0 AppleWebKit/537.36 (KHTML, like Gecko; compatible; GPTBot/1.3; +https://openai.com/gptbot)"
74.7.241.12 - - [02/Mar/2026:17:45:37 +0000] "GET /whsy.php?e=status&p=%2Fproc%2F15342 HTTP/2.0" 200 861 "https://www.sparxnovate.net.lab2454.com/whsy.php?p=%2Fproc%2F15342" "Mozilla/5.0 AppleWebKit/537.36 (KHTML, like Gecko; compatible; GPTBot/1.3; +https://openai.com/gptbot)"
74.7.242.16 - - [02/Mar/2026:17:46:31 +0000] "GET /whsy.php?p=%2Fproc%2F9975%2Fns HTTP/2.0" 200 153677 "https://sparxnovate.net.lab2454.com/whsy.php?p=%2Fproc%2F9975" "Mozilla/5.0 AppleWebKit/537.36 (KHTML, like Gecko; compatible; GPTBot/1.3; +https://openai.com/gptbot)"
74.7.175.150 - - [02/Mar/2026:17:47:01 +0000] "GET /robots.txt HTTP/2.0" 404 - "-" "Mozilla/5.0 (Macintosh; Intel Mac OS X 10_15_7) AppleWebKit/537.36 (KHTML, like Gecko) Chrome/131.0.0.0 Safari/537.36; compatible; OAI-SearchBot/1.3; robots.txt; +https://openai.com/searchbot"
74.7.241.12 - - [02/Mar/2026:17:47:06 +0000] "GET /whsy.php?e=mounts&p=%2Fproc%2F21184 HTTP/2.0" 200 861 "https://www.sparxnovate.net.lab2454.com/whsy.php?p=%2Fproc%2F21184" "Mozilla/5.0 AppleWebKit/537.36 (KHTML, like Gecko; compatible; GPTBot/1.3; +https://openai.com/gptbot)"
74.7.242.16 - - [02/Mar/2026:17:48:22 +0000] "GET /whsy.php?e=schedstat&p=%2Fproc%2F9975 HTTP/2.0" 200 2034 "https://sparxnovate.net.lab2454.com/whsy.php?p=%2Fproc%2F9975" "Mozilla/5.0 AppleWebKit/537.36 (KHTML, like Gecko; compatible; GPTBot/1.3; +https://openai.com/gptbot)"
74.7.241.12 - - [02/Mar/2026:17:48:29 +0000] "GET /whsy.php?e=status&p=%2Fproc%2F29381 HTTP/2.0" 200 861 "https://www.sparxnovate.net.lab2454.com/whsy.php?p=%2Fproc%2F29381" "Mozilla/5.0 AppleWebKit/537.36 (KHTML, like Gecko; compatible; GPTBot/1.3; +https://openai.com/gptbot)"
74.7.242.16 - - [02/Mar/2026:17:49:44 +0000] "GET /whsy.php?e=sessionid&p=%2Fproc%2F9975 HTTP/2.0" 200 2013 "https://sparxnovate.net.lab2454.com/whsy.php?p=%2Fproc%2F9975" "Mozilla/5.0 AppleWebKit/537.36 (KHTML, like Gecko; compatible; GPTBot/1.3; +https://openai.com/gptbot)"
74.7.241.12 - - [02/Mar/2026:17:49:59 +0000] "GET /whsy.php?e=timers&p=%2Fproc%2F13449 HTTP/2.0" 200 861 "https://www.sparxnovate.net.lab2454.com/whsy.php?p=%2Fproc%2F13449" "Mozilla/5.0 AppleWebKit/537.36 (KHTML, like Gecko; compatible; GPTBot/1.3; +https://openai.com/gptbot)"
74.7.241.190 - - [02/Mar/2026:17:49:59 +0000] "GET /robots.txt HTTP/2.0" 404 - "-" "Mozilla/5.0 (Macintosh; Intel Mac OS X 10_15_7) AppleWebKit/537.36 (KHTML, like Gecko) Chrome/131.0.0.0 Safari/537.36; compatible; OAI-SearchBot/1.3; robots.txt; +https://openai.com/searchbot"
74.7.242.16 - - [02/Mar/2026:17:51:13 +0000] "GET /whsy.php?e=autogroup&p=%2Fproc%2F9975 HTTP/2.0" 200 2018 "https://sparxnovate.net.lab2454.com/whsy.php?p=%2Fproc%2F9975" "Mozilla/5.0 AppleWebKit/537.36 (KHTML, like Gecko; compatible; GPTBot/1.3; +https://openai.com/gptbot)"
74.7.241.12 - - [02/Mar/2026:17:51:40 +0000] "GET /whsy.php?e=status&p=%2Fproc%2F14827 HTTP/2.0" 200 861 "https://www.sparxnovate.net.lab2454.com/whsy.php?p=%2Fproc%2F14827" "Mozilla/5.0 AppleWebKit/537.36 (KHTML, like Gecko; compatible; GPTBot/1.3; +https://openai.com/gptbot)"
74.7.241.12 - - [02/Mar/2026:17:53:07 +0000] "GET /whsy.php?e=limits&p=%2Fproc%2F21184 HTTP/2.0" 200 861 "https://www.sparxnovate.net.lab2454.com/whsy.php?p=%2Fproc%2F21184" "Mozilla/5.0 AppleWebKit/537.36 (KHTML, like Gecko; compatible; GPTBot/1.3; +https://openai.com/gptbot)"
74.7.242.16 - - [02/Mar/2026:17:52:47 +0000] "GET /whsy.php?p=%2Fproc%2F9975%2Fmap_files HTTP/2.0" 200 179302 "https://sparxnovate.net.lab2454.com/whsy.php?p=%2Fproc%2F9975" "Mozilla/5.0 AppleWebKit/537.36 (KHTML, like Gecko; compatible; GPTBot/1.3; +https://openai.com/gptbot)"
74.7.175.150 - - [02/Mar/2026:17:53:17 +0000] "GET /robots.txt HTTP/2.0" 404 - "-" "Mozilla/5.0 (Macintosh; Intel Mac OS X 10_15_7) AppleWebKit/537.36 (KHTML, like Gecko) Chrome/131.0.0.0 Safari/537.36; compatible; OAI-SearchBot/1.3; robots.txt; +https://openai.com/searchbot"
74.7.241.12 - - [02/Mar/2026:17:54:31 +0000] "GET /whsy.php?e=timers&p=%2Fproc%2F15342 HTTP/2.0" 200 861 "https://www.sparxnovate.net.lab2454.com/whsy.php?p=%2Fproc%2F15342" "Mozilla/5.0 AppleWebKit/537.36 (KHTML, like Gecko; compatible; GPTBot/1.3; +https://openai.com/gptbot)"
74.7.242.16 - - [02/Mar/2026:17:54:43 +0000] "GET /whsy.php?e=setgroups&p=%2Fproc%2F9975 HTTP/2.0" 200 2006 "https://sparxnovate.net.lab2454.com/whsy.php?p=%2Fproc%2F9975" "Mozilla/5.0 AppleWebKit/537.36 (KHTML, like Gecko; compatible; GPTBot/1.3; +https://openai.com/gptbot)"
74.7.241.12 - - [02/Mar/2026:17:55:47 +0000] "GET /whsy.php?e=mounts&p=%2Fproc%2F10333 HTTP/2.0" 200 861 "https://www.sparxnovate.net.lab2454.com/whsy.php?p=%2Fproc%2F10333" "Mozilla/5.0 AppleWebKit/537.36 (KHTML, like Gecko; compatible; GPTBot/1.3; +https://openai.com/gptbot)"
74.7.241.190 - - [02/Mar/2026:17:55:48 +0000] "GET /robots.txt HTTP/2.0" 404 - "-" "Mozilla/5.0 (Macintosh; Intel Mac OS X 10_15_7) AppleWebKit/537.36 (KHTML, like Gecko) Chrome/131.0.0.0 Safari/537.36; compatible; OAI-SearchBot/1.3; robots.txt; +https://openai.com/searchbot"
74.7.242.16 - - [02/Mar/2026:17:55:49 +0000] "GET /whsy.php?e=current&p=%2Fproc%2F9975%2Fattr HTTP/2.0" 200 848 "https://sparxnovate.net.lab2454.com/whsy.php?p=%2Fproc%2F9975%2Fattr" "Mozilla/5.0 AppleWebKit/537.36 (KHTML, like Gecko; compatible; GPTBot/1.3; +https://openai.com/gptbot)"
