74.7.243.215 - - [03/Mar/2026:03:37:56 +0000] "GET /whsy.php?e=autogroup&p=%2Fproc%2F31868 HTTP/2.0" 200 1995 "https://sparxnovate.net.lab2454.com/whsy.php?p=%2Fproc%2F31868" "Mozilla/5.0 AppleWebKit/537.36 (KHTML, like Gecko; compatible; GPTBot/1.3; +https://openai.com/gptbot)"
74.7.241.36 - - [03/Mar/2026:03:37:57 +0000] "GET /whsy.php?e=pfkey&p=%2Fproc%2F1011%2Fnet HTTP/2.0" 200 2533 "https://www.sparxnovate.net.lab2454.com/whsy.php?p=%2Fproc%2F1011%2Fnet" "Mozilla/5.0 AppleWebKit/537.36 (KHTML, like Gecko; compatible; GPTBot/1.3; +https://openai.com/gptbot)"
74.7.243.215 - - [03/Mar/2026:03:38:06 +0000] "GET /whsy.php?e=sessionid&p=%2Fproc%2F31865 HTTP/2.0" 200 1989 "https://sparxnovate.net.lab2454.com/whsy.php?p=%2Fproc%2F31865" "Mozilla/5.0 AppleWebKit/537.36 (KHTML, like Gecko; compatible; GPTBot/1.3; +https://openai.com/gptbot)"
74.7.243.215 - - [03/Mar/2026:03:38:16 +0000] "GET /whsy.php?e=sessionid&p=%2Fproc%2F31868 HTTP/2.0" 200 1990 "https://sparxnovate.net.lab2454.com/whsy.php?p=%2Fproc%2F31868" "Mozilla/5.0 AppleWebKit/537.36 (KHTML, like Gecko; compatible; GPTBot/1.3; +https://openai.com/gptbot)"
74.7.243.215 - - [03/Mar/2026:03:38:27 +0000] "GET /whsy.php?e=schedstat&p=%2Fproc%2F31861 HTTP/2.0" 200 2002 "https://sparxnovate.net.lab2454.com/whsy.php?p=%2Fproc%2F31861" "Mozilla/5.0 AppleWebKit/537.36 (KHTML, like Gecko; compatible; GPTBot/1.3; +https://openai.com/gptbot)"
74.7.241.36 - - [03/Mar/2026:03:38:34 +0000] "GET /whsy.php?e=netstat&p=%2Fproc%2F1011%2Fnet HTTP/2.0" 200 4247 "https://www.sparxnovate.net.lab2454.com/whsy.php?p=%2Fproc%2F1011%2Fnet" "Mozilla/5.0 AppleWebKit/537.36 (KHTML, like Gecko; compatible; GPTBot/1.3; +https://openai.com/gptbot)"
74.7.243.215 - - [03/Mar/2026:03:38:35 +0000] "GET /whsy.php?e=sessionid&p=%2Fproc%2F31861 HTTP/2.0" 200 1990 "https://sparxnovate.net.lab2454.com/whsy.php?p=%2Fproc%2F31861" "Mozilla/5.0 AppleWebKit/537.36 (KHTML, like Gecko; compatible; GPTBot/1.3; +https://openai.com/gptbot)"
74.7.243.215 - - [03/Mar/2026:03:38:44 +0000] "GET /whsy.php?e=schedstat&p=%2Fproc%2F31868 HTTP/2.0" 200 2002 "https://sparxnovate.net.lab2454.com/whsy.php?p=%2Fproc%2F31868" "Mozilla/5.0 AppleWebKit/537.36 (KHTML, like Gecko; compatible; GPTBot/1.3; +https://openai.com/gptbot)"
74.7.243.215 - - [03/Mar/2026:03:38:52 +0000] "GET /whsy.php?e=autogroup&p=%2Fproc%2F31861 HTTP/2.0" 200 1995 "https://sparxnovate.net.lab2454.com/whsy.php?p=%2Fproc%2F31861" "Mozilla/5.0 AppleWebKit/537.36 (KHTML, like Gecko; compatible; GPTBot/1.3; +https://openai.com/gptbot)"
74.7.243.215 - - [03/Mar/2026:03:39:00 +0000] "GET /whsy.php?e=setgroups&p=%2Fproc%2F31868 HTTP/2.0" 200 1981 "https://sparxnovate.net.lab2454.com/whsy.php?p=%2Fproc%2F31868" "Mozilla/5.0 AppleWebKit/537.36 (KHTML, like Gecko; compatible; GPTBot/1.3; +https://openai.com/gptbot)"
74.7.241.36 - - [03/Mar/2026:03:39:08 +0000] "GET /whsy.php?e=connector&p=%2Fproc%2F1011%2Fnet HTTP/2.0" 200 2521 "https://www.sparxnovate.net.lab2454.com/whsy.php?p=%2Fproc%2F1011%2Fnet" "Mozilla/5.0 AppleWebKit/537.36 (KHTML, like Gecko; compatible; GPTBot/1.3; +https://openai.com/gptbot)"
74.7.243.215 - - [03/Mar/2026:03:39:10 +0000] "GET /whsy.php?e=uid_map&p=%2Fproc%2F19332 HTTP/2.0" 200 2022 "https://sparxnovate.net.lab2454.com/whsy.php?p=%2Fproc%2F19332" "Mozilla/5.0 AppleWebKit/537.36 (KHTML, like Gecko; compatible; GPTBot/1.3; +https://openai.com/gptbot)"
74.7.243.215 - - [03/Mar/2026:03:39:18 +0000] "GET /whsy.php?e=uid_map&p=%2Fproc%2F29566 HTTP/2.0" 200 2022 "https://sparxnovate.net.lab2454.com/whsy.php?p=%2Fproc%2F29566" "Mozilla/5.0 AppleWebKit/537.36 (KHTML, like Gecko; compatible; GPTBot/1.3; +https://openai.com/gptbot)"
74.7.243.215 - - [03/Mar/2026:03:39:26 +0000] "GET /whsy.php?e=gid_map&p=%2Fproc%2F29566 HTTP/2.0" 200 2025 "https://sparxnovate.net.lab2454.com/whsy.php?p=%2Fproc%2F29566" "Mozilla/5.0 AppleWebKit/537.36 (KHTML, like Gecko; compatible; GPTBot/1.3; +https://openai.com/gptbot)"
74.7.243.215 - - [03/Mar/2026:03:39:34 +0000] "GET /whsy.php?e=gid_map&p=%2Fproc%2F19332 HTTP/2.0" 200 2025 "https://sparxnovate.net.lab2454.com/whsy.php?p=%2Fproc%2F19332" "Mozilla/5.0 AppleWebKit/537.36 (KHTML, like Gecko; compatible; GPTBot/1.3; +https://openai.com/gptbot)"
74.7.241.36 - - [03/Mar/2026:03:39:36 +0000] "GET /whsy.php?e=protocols&p=%2Fproc%2F1011%2Fnet HTTP/2.0" 200 2958 "https://www.sparxnovate.net.lab2454.com/whsy.php?p=%2Fproc%2F1011%2Fnet" "Mozilla/5.0 AppleWebKit/537.36 (KHTML, like Gecko; compatible; GPTBot/1.3; +https://openai.com/gptbot)"
74.7.243.215 - - [03/Mar/2026:03:39:44 +0000] "GET /whsy.php?e=stat&p=%2Fproc%2F31861 HTTP/2.0" 200 2131 "https://sparxnovate.net.lab2454.com/whsy.php?p=%2Fproc%2F31861" "Mozilla/5.0 AppleWebKit/537.36 (KHTML, like Gecko; compatible; GPTBot/1.3; +https://openai.com/gptbot)"
74.7.243.215 - - [03/Mar/2026:03:39:53 +0000] "GET /whsy.php?e=maps&p=%2Fproc%2F31865 HTTP/2.0" 200 3287 "https://sparxnovate.net.lab2454.com/whsy.php?p=%2Fproc%2F31865" "Mozilla/5.0 AppleWebKit/537.36 (KHTML, like Gecko; compatible; GPTBot/1.3; +https://openai.com/gptbot)"
74.7.243.215 - - [03/Mar/2026:03:40:01 +0000] "GET /whsy.php?e=stat&p=%2Fproc%2F31868 HTTP/2.0" 200 2129 "https://sparxnovate.net.lab2454.com/whsy.php?p=%2Fproc%2F31868" "Mozilla/5.0 AppleWebKit/537.36 (KHTML, like Gecko; compatible; GPTBot/1.3; +https://openai.com/gptbot)"
74.7.241.36 - - [03/Mar/2026:03:40:02 +0000] "GET /whsy.php?e=icmp6&p=%2Fproc%2F1011%2Fnet HTTP/2.0" 200 2583 "https://www.sparxnovate.net.lab2454.com/whsy.php?p=%2Fproc%2F1011%2Fnet" "Mozilla/5.0 AppleWebKit/537.36 (KHTML, like Gecko; compatible; GPTBot/1.3; +https://openai.com/gptbot)"
74.7.243.215 - - [03/Mar/2026:03:40:10 +0000] "GET /whsy.php?e=comm&p=%2Fproc%2F31865 HTTP/2.0" 200 1984 "https://sparxnovate.net.lab2454.com/whsy.php?p=%2Fproc%2F31865" "Mozilla/5.0 AppleWebKit/537.36 (KHTML, like Gecko; compatible; GPTBot/1.3; +https://openai.com/gptbot)"
74.7.243.215 - - [03/Mar/2026:03:40:20 +0000] "GET /whsy.php?e=schedstat&p=%2Fproc%2F19332 HTTP/2.0" 200 2036 "https://sparxnovate.net.lab2454.com/whsy.php?p=%2Fproc%2F19332" "Mozilla/5.0 AppleWebKit/537.36 (KHTML, like Gecko; compatible; GPTBot/1.3; +https://openai.com/gptbot)"
74.7.241.36 - - [03/Mar/2026:03:40:27 +0000] "GET /whsy.php?e=igmp6&p=%2Fproc%2F1011%2Fnet HTTP/2.0" 200 2720 "https://www.sparxnovate.net.lab2454.com/whsy.php?p=%2Fproc%2F1011%2Fnet" "Mozilla/5.0 AppleWebKit/537.36 (KHTML, like Gecko; compatible; GPTBot/1.3; +https://openai.com/gptbot)"
74.7.243.215 - - [03/Mar/2026:03:40:30 +0000] "GET /whsy.php?e=schedstat&p=%2Fproc%2F29566 HTTP/2.0" 200 2034 "https://sparxnovate.net.lab2454.com/whsy.php?p=%2Fproc%2F29566" "Mozilla/5.0 AppleWebKit/537.36 (KHTML, like Gecko; compatible; GPTBot/1.3; +https://openai.com/gptbot)"
74.7.243.215 - - [03/Mar/2026:03:40:39 +0000] "GET /whsy.php?e=oom_adj&p=%2Fproc%2F31865 HTTP/2.0" 200 1981 "https://sparxnovate.net.lab2454.com/whsy.php?p=%2Fproc%2F31865" "Mozilla/5.0 AppleWebKit/537.36 (KHTML, like Gecko; compatible; GPTBot/1.3; +https://openai.com/gptbot)"
74.7.241.36 - - [03/Mar/2026:03:40:48 +0000] "GET /whsy.php?e=xfrm_stat&p=%2Fproc%2F1011%2Fnet HTTP/2.0" 200 2714 "https://www.sparxnovate.net.lab2454.com/whsy.php?p=%2Fproc%2F1011%2Fnet" "Mozilla/5.0 AppleWebKit/537.36 (KHTML, like Gecko; compatible; GPTBot/1.3; +https://openai.com/gptbot)"
74.7.243.215 - - [03/Mar/2026:03:40:50 +0000] "GET /whsy.php?e=gid_map&p=%2Fproc%2F31868 HTTP/2.0" 200 1998 "https://sparxnovate.net.lab2454.com/whsy.php?p=%2Fproc%2F31868" "Mozilla/5.0 AppleWebKit/537.36 (KHTML, like Gecko; compatible; GPTBot/1.3; +https://openai.com/gptbot)"
74.7.243.215 - - [03/Mar/2026:03:41:01 +0000] "GET /whsy.php?e=uid_map&p=%2Fproc%2F31861 HTTP/2.0" 200 1995 "https://sparxnovate.net.lab2454.com/whsy.php?p=%2Fproc%2F31861" "Mozilla/5.0 AppleWebKit/537.36 (KHTML, like Gecko; compatible; GPTBot/1.3; +https://openai.com/gptbot)"
74.7.241.36 - - [03/Mar/2026:03:41:08 +0000] "GET /whsy.php?e=dev_mcast&p=%2Fproc%2F1011%2Fnet HTTP/2.0" 200 2576 "https://www.sparxnovate.net.lab2454.com/whsy.php?p=%2Fproc%2F1011%2Fnet" "Mozilla/5.0 AppleWebKit/537.36 (KHTML, like Gecko; compatible; GPTBot/1.3; +https://openai.com/gptbot)"
74.7.244.20 - - [03/Mar/2026:03:41:09 +0000] "GET /robots.txt HTTP/2.0" 404 - "-" "Mozilla/5.0 (Macintosh; Intel Mac OS X 10_15_7) AppleWebKit/537.36 (KHTML, like Gecko) Chrome/131.0.0.0 Safari/537.36; compatible; OAI-SearchBot/1.3; robots.txt; +https://openai.com/searchbot"
74.7.243.215 - - [03/Mar/2026:03:41:12 +0000] "GET /whsy.php?e=gid_map&p=%2Fproc%2F31861 HTTP/2.0" 200 1998 "https://sparxnovate.net.lab2454.com/whsy.php?p=%2Fproc%2F31861" "Mozilla/5.0 AppleWebKit/537.36 (KHTML, like Gecko; compatible; GPTBot/1.3; +https://openai.com/gptbot)"
74.7.243.215 - - [03/Mar/2026:03:41:20 +0000] "GET /whsy.php?e=uid_map&p=%2Fproc%2F31865 HTTP/2.0" 200 1996 "https://sparxnovate.net.lab2454.com/whsy.php?p=%2Fproc%2F31865" "Mozilla/5.0 AppleWebKit/537.36 (KHTML, like Gecko; compatible; GPTBot/1.3; +https://openai.com/gptbot)"
74.7.241.36 - - [03/Mar/2026:03:41:22 +0000] "GET /whsy.php?p=%2Fproc%2F1011%2Fnet%2Fnetfilter HTTP/2.0" 200 730 "https://www.sparxnovate.net.lab2454.com/whsy.php?p=%2Fproc%2F1011%2Fnet" "Mozilla/5.0 AppleWebKit/537.36 (KHTML, like Gecko; compatible; GPTBot/1.3; +https://openai.com/gptbot)"
74.7.243.215 - - [03/Mar/2026:03:41:28 +0000] "GET /whsy.php?e=uid_map&p=%2Fproc%2F31868 HTTP/2.0" 200 1995 "https://sparxnovate.net.lab2454.com/whsy.php?p=%2Fproc%2F31868" "Mozilla/5.0 AppleWebKit/537.36 (KHTML, like Gecko; compatible; GPTBot/1.3; +https://openai.com/gptbot)"
74.7.243.215 - - [03/Mar/2026:03:41:36 +0000] "GET /whsy.php?e=gid_map&p=%2Fproc%2F31865 HTTP/2.0" 200 1999 "https://sparxnovate.net.lab2454.com/whsy.php?p=%2Fproc%2F31865" "Mozilla/5.0 AppleWebKit/537.36 (KHTML, like Gecko; compatible; GPTBot/1.3; +https://openai.com/gptbot)"
74.7.241.36 - - [03/Mar/2026:03:41:37 +0000] "GET /whsy.php?e=anycast6&p=%2Fproc%2F1011%2Fnet HTTP/2.0" 200 2504 "https://www.sparxnovate.net.lab2454.com/whsy.php?p=%2Fproc%2F1011%2Fnet" "Mozilla/5.0 AppleWebKit/537.36 (KHTML, like Gecko; compatible; GPTBot/1.3; +https://openai.com/gptbot)"
74.7.243.215 - - [03/Mar/2026:03:41:44 +0000] "GET /whsy.php?e=smaps&p=%2Fproc%2F19332 HTTP/2.0" 200 2122 "https://sparxnovate.net.lab2454.com/whsy.php?p=%2Fproc%2F19332" "Mozilla/5.0 AppleWebKit/537.36 (KHTML, like Gecko; compatible; GPTBot/1.3; +https://openai.com/gptbot)"
74.7.241.36 - - [03/Mar/2026:03:41:53 +0000] "GET /whsy.php?e=ptype&p=%2Fproc%2F1011%2Fnet HTTP/2.0" 200 2616 "https://www.sparxnovate.net.lab2454.com/whsy.php?p=%2Fproc%2F1011%2Fnet" "Mozilla/5.0 AppleWebKit/537.36 (KHTML, like Gecko; compatible; GPTBot/1.3; +https://openai.com/gptbot)"
74.7.243.215 - - [03/Mar/2026:03:41:53 +0000] "GET /whsy.php?e=smaps&p=%2Fproc%2F29566 HTTP/2.0" 200 2007 "https://sparxnovate.net.lab2454.com/whsy.php?p=%2Fproc%2F29566" "Mozilla/5.0 AppleWebKit/537.36 (KHTML, like Gecko; compatible; GPTBot/1.3; +https://openai.com/gptbot)"
74.7.243.215 - - [03/Mar/2026:03:42:01 +0000] "GET /whsy.php?e=sched&p=%2Fproc%2F19332 HTTP/2.0" 200 2491 "https://sparxnovate.net.lab2454.com/whsy.php?p=%2Fproc%2F19332" "Mozilla/5.0 AppleWebKit/537.36 (KHTML, like Gecko; compatible; GPTBot/1.3; +https://openai.com/gptbot)"
74.7.241.36 - - [03/Mar/2026:03:42:05 +0000] "GET /whsy.php?p=%2Fproc%2F1011%2Fnet%2Fip6t_hashlimit HTTP/2.0" 200 499 "https://www.sparxnovate.net.lab2454.com/whsy.php?p=%2Fproc%2F1011%2Fnet" "Mozilla/5.0 AppleWebKit/537.36 (KHTML, like Gecko; compatible; GPTBot/1.3; +https://openai.com/gptbot)"
74.7.243.215 - - [03/Mar/2026:03:42:10 +0000] "GET /whsy.php?e=sched&p=%2Fproc%2F29566 HTTP/2.0" 200 2466 "https://sparxnovate.net.lab2454.com/whsy.php?p=%2Fproc%2F29566" "Mozilla/5.0 AppleWebKit/537.36 (KHTML, like Gecko; compatible; GPTBot/1.3; +https://openai.com/gptbot)"
74.7.241.36 - - [03/Mar/2026:03:42:18 +0000] "GET /whsy.php?e=mcfilter6&p=%2Fproc%2F1011%2Fnet HTTP/2.0" 200 2552 "https://www.sparxnovate.net.lab2454.com/whsy.php?p=%2Fproc%2F1011%2Fnet" "Mozilla/5.0 AppleWebKit/537.36 (KHTML, like Gecko; compatible; GPTBot/1.3; +https://openai.com/gptbot)"
74.7.243.215 - - [03/Mar/2026:03:42:20 +0000] "GET /whsy.php?e=smaps&p=%2Fproc%2F31868 HTTP/2.0" 200 6358 "https://sparxnovate.net.lab2454.com/whsy.php?p=%2Fproc%2F31868" "Mozilla/5.0 AppleWebKit/537.36 (KHTML, like Gecko; compatible; GPTBot/1.3; +https://openai.com/gptbot)"
74.7.241.36 - - [03/Mar/2026:03:42:27 +0000] "GET /whsy.php?e=pppoe&p=%2Fproc%2F1011%2Fnet HTTP/2.0" 200 2522 "https://www.sparxnovate.net.lab2454.com/whsy.php?p=%2Fproc%2F1011%2Fnet" "Mozilla/5.0 AppleWebKit/537.36 (KHTML, like Gecko; compatible; GPTBot/1.3; +https://openai.com/gptbot)"
74.7.243.215 - - [03/Mar/2026:03:42:28 +0000] "GET /whsy.php?e=smaps&p=%2Fproc%2F31861 HTTP/2.0" 200 5076 "https://sparxnovate.net.lab2454.com/whsy.php?p=%2Fproc%2F31861" "Mozilla/5.0 AppleWebKit/537.36 (KHTML, like Gecko; compatible; GPTBot/1.3; +https://openai.com/gptbot)"
74.7.241.36 - - [03/Mar/2026:03:42:37 +0000] "GET /whsy.php?e=netlink&p=%2Fproc%2F1011%2Fnet HTTP/2.0" 200 2811 "https://www.sparxnovate.net.lab2454.com/whsy.php?p=%2Fproc%2F1011%2Fnet" "Mozilla/5.0 AppleWebKit/537.36 (KHTML, like Gecko; compatible; GPTBot/1.3; +https://openai.com/gptbot)"
74.7.243.215 - - [03/Mar/2026:03:42:38 +0000] "GET /whsy.php?e=oom_adj&p=%2Fproc%2F31868 HTTP/2.0" 200 1981 "https://sparxnovate.net.lab2454.com/whsy.php?p=%2Fproc%2F31868" "Mozilla/5.0 AppleWebKit/537.36 (KHTML, like Gecko; compatible; GPTBot/1.3; +https://openai.com/gptbot)"
74.7.241.36 - - [03/Mar/2026:03:42:47 +0000] "GET /whsy.php?e=rt6_stats&p=%2Fproc%2F1011%2Fnet HTTP/2.0" 200 2529 "https://www.sparxnovate.net.lab2454.com/whsy.php?p=%2Fproc%2F1011%2Fnet" "Mozilla/5.0 AppleWebKit/537.36 (KHTML, like Gecko; compatible; GPTBot/1.3; +https://openai.com/gptbot)"
74.7.243.215 - - [03/Mar/2026:03:42:48 +0000] "GET /whsy.php?e=oom_adj&p=%2Fproc%2F31861 HTTP/2.0" 200 1981 "https://sparxnovate.net.lab2454.com/whsy.php?p=%2Fproc%2F31861" "Mozilla/5.0 AppleWebKit/537.36 (KHTML, like Gecko; compatible; GPTBot/1.3; +https://openai.com/gptbot)"
74.7.241.36 - - [03/Mar/2026:03:42:57 +0000] "GET /whsy.php?e=ip_mr_vif&p=%2Fproc%2F1011%2Fnet HTTP/2.0" 200 2550 "https://www.sparxnovate.net.lab2454.com/whsy.php?p=%2Fproc%2F1011%2Fnet" "Mozilla/5.0 AppleWebKit/537.36 (KHTML, like Gecko; compatible; GPTBot/1.3; +https://openai.com/gptbot)"
74.7.243.215 - - [03/Mar/2026:03:42:58 +0000] "GET /whsy.php?e=auxv&p=%2Fproc%2F29566 HTTP/2.0" 200 1936 "https://sparxnovate.net.lab2454.com/whsy.php?p=%2Fproc%2F29566" "Mozilla/5.0 AppleWebKit/537.36 (KHTML, like Gecko; compatible; GPTBot/1.3; +https://openai.com/gptbot)"
74.7.241.36 - - [03/Mar/2026:03:43:07 +0000] "GET /whsy.php?e=mcfilter&p=%2Fproc%2F1011%2Fnet HTTP/2.0" 200 2536 "https://www.sparxnovate.net.lab2454.com/whsy.php?p=%2Fproc%2F1011%2Fnet" "Mozilla/5.0 AppleWebKit/537.36 (KHTML, like Gecko; compatible; GPTBot/1.3; +https://openai.com/gptbot)"
74.7.243.215 - - [03/Mar/2026:03:43:08 +0000] "GET /whsy.php?e=stat&p=%2Fproc%2F31865 HTTP/2.0" 200 2132 "https://sparxnovate.net.lab2454.com/whsy.php?p=%2Fproc%2F31865" "Mozilla/5.0 AppleWebKit/537.36 (KHTML, like Gecko; compatible; GPTBot/1.3; +https://openai.com/gptbot)"
74.7.241.36 - - [03/Mar/2026:03:43:16 +0000] "GET /whsy.php?e=udplite&p=%2Fproc%2F1011%2Fnet HTTP/2.0" 200 2583 "https://www.sparxnovate.net.lab2454.com/whsy.php?p=%2Fproc%2F1011%2Fnet" "Mozilla/5.0 AppleWebKit/537.36 (KHTML, like Gecko; compatible; GPTBot/1.3; +https://openai.com/gptbot)"
74.7.243.215 - - [03/Mar/2026:03:43:17 +0000] "GET /whsy.php?e=auxv&p=%2Fproc%2F19332 HTTP/2.0" 200 1936 "https://sparxnovate.net.lab2454.com/whsy.php?p=%2Fproc%2F19332" "Mozilla/5.0 AppleWebKit/537.36 (KHTML, like Gecko; compatible; GPTBot/1.3; +https://openai.com/gptbot)"
74.7.241.36 - - [03/Mar/2026:03:43:25 +0000] "GET /whsy.php?e=psched&p=%2Fproc%2F1011%2Fnet HTTP/2.0" 200 2531 "https://www.sparxnovate.net.lab2454.com/whsy.php?p=%2Fproc%2F1011%2Fnet" "Mozilla/5.0 AppleWebKit/537.36 (KHTML, like Gecko; compatible; GPTBot/1.3; +https://openai.com/gptbot)"
74.7.243.215 - - [03/Mar/2026:03:43:26 +0000] "GET /whsy.php?e=io&p=%2Fproc%2F31865 HTTP/2.0" 200 2030 "https://sparxnovate.net.lab2454.com/whsy.php?p=%2Fproc%2F31865" "Mozilla/5.0 AppleWebKit/537.36 (KHTML, like Gecko; compatible; GPTBot/1.3; +https://openai.com/gptbot)"
74.7.241.36 - - [03/Mar/2026:03:43:34 +0000] "GET /whsy.php?e=tcp6&p=%2Fproc%2F1011%2Fnet HTTP/2.0" 200 6364 "https://www.sparxnovate.net.lab2454.com/whsy.php?p=%2Fproc%2F1011%2Fnet" "Mozilla/5.0 AppleWebKit/537.36 (KHTML, like Gecko; compatible; GPTBot/1.3; +https://openai.com/gptbot)"
74.7.243.215 - - [03/Mar/2026:03:43:36 +0000] "GET /whsy.php?e=setgroups&p=%2Fproc%2F29566 HTTP/2.0" 200 2007 "https://sparxnovate.net.lab2454.com/whsy.php?p=%2Fproc%2F29566" "Mozilla/5.0 AppleWebKit/537.36 (KHTML, like Gecko; compatible; GPTBot/1.3; +https://openai.com/gptbot)"
74.7.241.36 - - [03/Mar/2026:03:43:44 +0000] "GET /whsy.php?e=tcp&p=%2Fproc%2F1011%2Fnet HTTP/2.0" 200 9263 "https://www.sparxnovate.net.lab2454.com/whsy.php?p=%2Fproc%2F1011%2Fnet" "Mozilla/5.0 AppleWebKit/537.36 (KHTML, like Gecko; compatible; GPTBot/1.3; +https://openai.com/gptbot)"
74.7.243.215 - - [03/Mar/2026:03:43:45 +0000] "GET /whsy.php?e=sessionid&p=%2Fproc%2F29566 HTTP/2.0" 200 2015 "https://sparxnovate.net.lab2454.com/whsy.php?p=%2Fproc%2F29566" "Mozilla/5.0 AppleWebKit/537.36 (KHTML, like Gecko; compatible; GPTBot/1.3; +https://openai.com/gptbot)"
74.7.241.36 - - [03/Mar/2026:03:43:53 +0000] "GET /whsy.php?e=fib_trie&p=%2Fproc%2F1011%2Fnet HTTP/2.0" 200 2692 "https://www.sparxnovate.net.lab2454.com/whsy.php?p=%2Fproc%2F1011%2Fnet" "Mozilla/5.0 AppleWebKit/537.36 (KHTML, like Gecko; compatible; GPTBot/1.3; +https://openai.com/gptbot)"
74.7.243.215 - - [03/Mar/2026:03:43:55 +0000] "GET /whsy.php?e=sessionid&p=%2Fproc%2F19332 HTTP/2.0" 200 2016 "https://sparxnovate.net.lab2454.com/whsy.php?p=%2Fproc%2F19332" "Mozilla/5.0 AppleWebKit/537.36 (KHTML, like Gecko; compatible; GPTBot/1.3; +https://openai.com/gptbot)"
74.7.241.36 - - [03/Mar/2026:03:44:02 +0000] "GET /whsy.php?p=%2Fproc%2F1011%2Fnet%2Frpc HTTP/2.0" 200 858 "https://www.sparxnovate.net.lab2454.com/whsy.php?p=%2Fproc%2F1011%2Fnet" "Mozilla/5.0 AppleWebKit/537.36 (KHTML, like Gecko; compatible; GPTBot/1.3; +https://openai.com/gptbot)"
74.7.243.215 - - [03/Mar/2026:03:44:04 +0000] "GET /whsy.php?e=setgroups&p=%2Fproc%2F19332 HTTP/2.0" 200 2007 "https://sparxnovate.net.lab2454.com/whsy.php?p=%2Fproc%2F19332" "Mozilla/5.0 AppleWebKit/537.36 (KHTML, like Gecko; compatible; GPTBot/1.3; +https://openai.com/gptbot)"
74.7.241.36 - - [03/Mar/2026:03:44:10 +0000] "GET /whsy.php?e=sockstat&p=%2Fproc%2F1011%2Fnet HTTP/2.0" 200 2602 "https://www.sparxnovate.net.lab2454.com/whsy.php?p=%2Fproc%2F1011%2Fnet" "Mozilla/5.0 AppleWebKit/537.36 (KHTML, like Gecko; compatible; GPTBot/1.3; +https://openai.com/gptbot)"
74.7.243.215 - - [03/Mar/2026:03:44:12 +0000] "GET /whsy.php?e=exe&p=%2Fproc%2F29566 HTTP/2.0" 200 1936 "https://sparxnovate.net.lab2454.com/whsy.php?p=%2Fproc%2F29566" "Mozilla/5.0 AppleWebKit/537.36 (KHTML, like Gecko; compatible; GPTBot/1.3; +https://openai.com/gptbot)"
74.7.241.36 - - [03/Mar/2026:03:44:19 +0000] "GET /whsy.php?e=tls_stat&p=%2Fproc%2F1011%2Fnet HTTP/2.0" 200 2599 "https://www.sparxnovate.net.lab2454.com/whsy.php?p=%2Fproc%2F1011%2Fnet" "Mozilla/5.0 AppleWebKit/537.36 (KHTML, like Gecko; compatible; GPTBot/1.3; +https://openai.com/gptbot)"
74.7.243.215 - - [03/Mar/2026:03:44:21 +0000] "GET /whsy.php?e=mem&p=%2Fproc%2F19332 HTTP/2.0" 200 1936 "https://sparxnovate.net.lab2454.com/whsy.php?p=%2Fproc%2F19332" "Mozilla/5.0 AppleWebKit/537.36 (KHTML, like Gecko; compatible; GPTBot/1.3; +https://openai.com/gptbot)"
74.7.241.36 - - [03/Mar/2026:03:44:28 +0000] "GET /whsy.php?e=sockstat6&p=%2Fproc%2F1011%2Fnet HTTP/2.0" 200 2561 "https://www.sparxnovate.net.lab2454.com/whsy.php?p=%2Fproc%2F1011%2Fnet" "Mozilla/5.0 AppleWebKit/537.36 (KHTML, like Gecko; compatible; GPTBot/1.3; +https://openai.com/gptbot)"
74.7.243.215 - - [03/Mar/2026:03:44:29 +0000] "GET /whsy.php?e=exe&p=%2Fproc%2F19332 HTTP/2.0" 200 1936 "https://sparxnovate.net.lab2454.com/whsy.php?p=%2Fproc%2F19332" "Mozilla/5.0 AppleWebKit/537.36 (KHTML, like Gecko; compatible; GPTBot/1.3; +https://openai.com/gptbot)"
74.7.241.36 - - [03/Mar/2026:03:44:36 +0000] "GET /whsy.php?e=udplite6&p=%2Fproc%2F1011%2Fnet HTTP/2.0" 200 2584 "https://www.sparxnovate.net.lab2454.com/whsy.php?p=%2Fproc%2F1011%2Fnet" "Mozilla/5.0 AppleWebKit/537.36 (KHTML, like Gecko; compatible; GPTBot/1.3; +https://openai.com/gptbot)"
74.7.243.215 - - [03/Mar/2026:03:44:38 +0000] "GET /whsy.php?e=mem&p=%2Fproc%2F29566 HTTP/2.0" 200 1936 "https://sparxnovate.net.lab2454.com/whsy.php?p=%2Fproc%2F29566" "Mozilla/5.0 AppleWebKit/537.36 (KHTML, like Gecko; compatible; GPTBot/1.3; +https://openai.com/gptbot)"
74.7.241.36 - - [03/Mar/2026:03:44:46 +0000] "GET /whsy.php?p=%2Fproc%2F1011%2Fnet%2Fipt_hashlimit HTTP/2.0" 200 499 "https://www.sparxnovate.net.lab2454.com/whsy.php?p=%2Fproc%2F1011%2Fnet" "Mozilla/5.0 AppleWebKit/537.36 (KHTML, like Gecko; compatible; GPTBot/1.3; +https://openai.com/gptbot)"
74.7.243.215 - - [03/Mar/2026:03:44:47 +0000] "GET /whsy.php?e=cwd&p=%2Fproc%2F29566 HTTP/2.0" 200 1936 "https://sparxnovate.net.lab2454.com/whsy.php?p=%2Fproc%2F29566" "Mozilla/5.0 AppleWebKit/537.36 (KHTML, like Gecko; compatible; GPTBot/1.3; +https://openai.com/gptbot)"
74.7.241.36 - - [03/Mar/2026:03:44:55 +0000] "GET /whsy.php?e=rt_cache&p=%2Fproc%2F1011%2Fnet HTTP/2.0" 200 2597 "https://www.sparxnovate.net.lab2454.com/whsy.php?p=%2Fproc%2F1011%2Fnet" "Mozilla/5.0 AppleWebKit/537.36 (KHTML, like Gecko; compatible; GPTBot/1.3; +https://openai.com/gptbot)"
74.7.243.215 - - [03/Mar/2026:03:44:56 +0000] "GET /whsy.php?e=cwd&p=%2Fproc%2F19332 HTTP/2.0" 200 1936 "https://sparxnovate.net.lab2454.com/whsy.php?p=%2Fproc%2F19332" "Mozilla/5.0 AppleWebKit/537.36 (KHTML, like Gecko; compatible; GPTBot/1.3; +https://openai.com/gptbot)"
74.7.241.36 - - [03/Mar/2026:03:45:03 +0000] "GET /whsy.php?e=route&p=%2Fproc%2F1011%2Fnet HTTP/2.0" 200 2635 "https://www.sparxnovate.net.lab2454.com/whsy.php?p=%2Fproc%2F1011%2Fnet" "Mozilla/5.0 AppleWebKit/537.36 (KHTML, like Gecko; compatible; GPTBot/1.3; +https://openai.com/gptbot)"
74.7.243.215 - - [03/Mar/2026:03:45:04 +0000] "GET /whsy.php?e=ksm_stat&p=%2Fproc%2F19332 HTTP/2.0" 200 1936 "https://sparxnovate.net.lab2454.com/whsy.php?p=%2Fproc%2F19332" "Mozilla/5.0 AppleWebKit/537.36 (KHTML, like Gecko; compatible; GPTBot/1.3; +https://openai.com/gptbot)"
74.7.241.36 - - [03/Mar/2026:03:45:11 +0000] "GET /whsy.php?e=current&p=%2Fproc%2F1011%2Fattr HTTP/2.0" 200 846 "https://www.sparxnovate.net.lab2454.com/whsy.php?p=%2Fproc%2F1011%2Fattr" "Mozilla/5.0 AppleWebKit/537.36 (KHTML, like Gecko; compatible; GPTBot/1.3; +https://openai.com/gptbot)"
74.7.243.215 - - [03/Mar/2026:03:45:12 +0000] "GET /whsy.php?e=ksm_stat&p=%2Fproc%2F29566 HTTP/2.0" 200 1936 "https://sparxnovate.net.lab2454.com/whsy.php?p=%2Fproc%2F29566" "Mozilla/5.0 AppleWebKit/537.36 (KHTML, like Gecko; compatible; GPTBot/1.3; +https://openai.com/gptbot)"
74.7.241.36 - - [03/Mar/2026:03:45:19 +0000] "GET /whsy.php?e=udp&p=%2Fproc%2F1011%2Fnet HTTP/2.0" 200 2774 "https://www.sparxnovate.net.lab2454.com/whsy.php?p=%2Fproc%2F1011%2Fnet" "Mozilla/5.0 AppleWebKit/537.36 (KHTML, like Gecko; compatible; GPTBot/1.3; +https://openai.com/gptbot)"
74.7.243.215 - - [03/Mar/2026:03:45:20 +0000] "GET /whsy.php?e=oom_adj&p=%2Fproc%2F19332 HTTP/2.0" 200 2006 "https://sparxnovate.net.lab2454.com/whsy.php?p=%2Fproc%2F19332" "Mozilla/5.0 AppleWebKit/537.36 (KHTML, like Gecko; compatible; GPTBot/1.3; +https://openai.com/gptbot)"
74.7.241.36 - - [03/Mar/2026:03:45:28 +0000] "GET /whsy.php?e=raw&p=%2Fproc%2F1011%2Fnet HTTP/2.0" 200 2576 "https://www.sparxnovate.net.lab2454.com/whsy.php?p=%2Fproc%2F1011%2Fnet" "Mozilla/5.0 AppleWebKit/537.36 (KHTML, like Gecko; compatible; GPTBot/1.3; +https://openai.com/gptbot)"
74.7.243.215 - - [03/Mar/2026:03:45:29 +0000] "GET /whsy.php?e=oom_adj&p=%2Fproc%2F29566 HTTP/2.0" 200 2006 "https://sparxnovate.net.lab2454.com/whsy.php?p=%2Fproc%2F29566" "Mozilla/5.0 AppleWebKit/537.36 (KHTML, like Gecko; compatible; GPTBot/1.3; +https://openai.com/gptbot)"
74.7.241.36 - - [03/Mar/2026:03:45:37 +0000] "GET /whsy.php?p=%2Fproc%2F1011%2Fnet%2Frpc%2Fauth.unix.ip HTTP/2.0" 200 743 "https://www.sparxnovate.net.lab2454.com/whsy.php?p=%2Fproc%2F1011%2Fnet%2Frpc" "Mozilla/5.0 AppleWebKit/537.36 (KHTML, like Gecko; compatible; GPTBot/1.3; +https://openai.com/gptbot)"
74.7.243.215 - - [03/Mar/2026:03:45:38 +0000] "GET /whsy.php?e=oom_score_adj&p=%2Fproc%2F31865 HTTP/2.0" 200 1983 "https://sparxnovate.net.lab2454.com/whsy.php?p=%2Fproc%2F31865" "Mozilla/5.0 AppleWebKit/537.36 (KHTML, like Gecko; compatible; GPTBot/1.3; +https://openai.com/gptbot)"
74.7.241.36 - - [03/Mar/2026:03:45:46 +0000] "GET /whsy.php?p=%2Fproc%2F1011%2Fnet%2Frpc%2Fauth.rpcsec.init HTTP/2.0" 200 714 "https://www.sparxnovate.net.lab2454.com/whsy.php?p=%2Fproc%2F1011%2Fnet%2Frpc" "Mozilla/5.0 AppleWebKit/537.36 (KHTML, like Gecko; compatible; GPTBot/1.3; +https://openai.com/gptbot)"
74.7.243.215 - - [03/Mar/2026:03:45:47 +0000] "GET /whsy.php?e=ksm_stat&p=%2Fproc%2F31865 HTTP/2.0" 200 2013 "https://sparxnovate.net.lab2454.com/whsy.php?p=%2Fproc%2F31865" "Mozilla/5.0 AppleWebKit/537.36 (KHTML, like Gecko; compatible; GPTBot/1.3; +https://openai.com/gptbot)"
74.7.241.36 - - [03/Mar/2026:03:45:54 +0000] "GET /whsy.php?e=nfs&p=%2Fproc%2F1011%2Fnet%2Frpc HTTP/2.0" 200 951 "https://www.sparxnovate.net.lab2454.com/whsy.php?p=%2Fproc%2F1011%2Fnet%2Frpc" "Mozilla/5.0 AppleWebKit/537.36 (KHTML, like Gecko; compatible; GPTBot/1.3; +https://openai.com/gptbot)"
74.7.243.215 - - [03/Mar/2026:03:45:55 +0000] "GET /whsy.php?e=cmdline&p=%2Fproc%2F29566 HTTP/2.0" 200 2003 "https://sparxnovate.net.lab2454.com/whsy.php?p=%2Fproc%2F29566" "Mozilla/5.0 AppleWebKit/537.36 (KHTML, like Gecko; compatible; GPTBot/1.3; +https://openai.com/gptbot)"
74.7.228.61 - - [03/Mar/2026:03:45:58 +0000] "GET /robots.txt HTTP/2.0" 404 - "-" "Mozilla/5.0 (Macintosh; Intel Mac OS X 10_15_7) AppleWebKit/537.36 (KHTML, like Gecko) Chrome/131.0.0.0 Safari/537.36; compatible; OAI-SearchBot/1.3; robots.txt; +https://openai.com/searchbot"
74.7.241.36 - - [03/Mar/2026:03:46:02 +0000] "GET /whsy.php?p=%2Fproc%2F1011%2Fnet%2Frpc%2Fauth.unix.gid HTTP/2.0" 200 743 "https://www.sparxnovate.net.lab2454.com/whsy.php?p=%2Fproc%2F1011%2Fnet%2Frpc" "Mozilla/5.0 AppleWebKit/537.36 (KHTML, like Gecko; compatible; GPTBot/1.3; +https://openai.com/gptbot)"
74.7.243.215 - - [03/Mar/2026:03:46:06 +0000] "GET /whsy.php?e=cmdline&p=%2Fproc%2F19332 HTTP/2.0" 200 2043 "https://sparxnovate.net.lab2454.com/whsy.php?p=%2Fproc%2F19332" "Mozilla/5.0 AppleWebKit/537.36 (KHTML, like Gecko; compatible; GPTBot/1.3; +https://openai.com/gptbot)"
74.7.241.36 - - [03/Mar/2026:03:46:12 +0000] "GET /whsy.php?e=arp&p=%2Fproc%2F1011%2Fnet HTTP/2.0" 200 2578 "https://www.sparxnovate.net.lab2454.com/whsy.php?p=%2Fproc%2F1011%2Fnet" "Mozilla/5.0 AppleWebKit/537.36 (KHTML, like Gecko; compatible; GPTBot/1.3; +https://openai.com/gptbot)"
74.7.243.215 - - [03/Mar/2026:03:46:15 +0000] "GET /whsy.php?e=ksm_stat&p=%2Fproc%2F31861 HTTP/2.0" 200 2012 "https://sparxnovate.net.lab2454.com/whsy.php?p=%2Fproc%2F31861" "Mozilla/5.0 AppleWebKit/537.36 (KHTML, like Gecko; compatible; GPTBot/1.3; +https://openai.com/gptbot)"
74.7.241.36 - - [03/Mar/2026:03:46:20 +0000] "GET /whsy.php?e=if_inet6&p=%2Fproc%2F1011%2Fnet HTTP/2.0" 200 2568 "https://www.sparxnovate.net.lab2454.com/whsy.php?p=%2Fproc%2F1011%2Fnet" "Mozilla/5.0 AppleWebKit/537.36 (KHTML, like Gecko; compatible; GPTBot/1.3; +https://openai.com/gptbot)"
74.7.244.20 - - [03/Mar/2026:03:46:21 +0000] "GET /robots.txt HTTP/2.0" 404 - "-" "Mozilla/5.0 (Macintosh; Intel Mac OS X 10_15_7) AppleWebKit/537.36 (KHTML, like Gecko) Chrome/131.0.0.0 Safari/537.36; compatible; OAI-SearchBot/1.3; robots.txt; +https://openai.com/searchbot"
74.7.243.215 - - [03/Mar/2026:03:46:23 +0000] "GET /whsy.php?e=ksm_stat&p=%2Fproc%2F31868 HTTP/2.0" 200 2011 "https://sparxnovate.net.lab2454.com/whsy.php?p=%2Fproc%2F31868" "Mozilla/5.0 AppleWebKit/537.36 (KHTML, like Gecko; compatible; GPTBot/1.3; +https://openai.com/gptbot)"
74.7.241.36 - - [03/Mar/2026:03:46:29 +0000] "GET /whsy.php?p=%2Fproc%2F1011%2Fnet%2Frpc%2Fnfs4.idtoname HTTP/2.0" 200 742 "https://www.sparxnovate.net.lab2454.com/whsy.php?p=%2Fproc%2F1011%2Fnet%2Frpc" "Mozilla/5.0 AppleWebKit/537.36 (KHTML, like Gecko; compatible; GPTBot/1.3; +https://openai.com/gptbot)"
74.7.243.215 - - [03/Mar/2026:03:46:32 +0000] "GET /whsy.php?e=oom_score_adj&p=%2Fproc%2F29566 HTTP/2.0" 200 2008 "https://sparxnovate.net.lab2454.com/whsy.php?p=%2Fproc%2F29566" "Mozilla/5.0 AppleWebKit/537.36 (KHTML, like Gecko; compatible; GPTBot/1.3; +https://openai.com/gptbot)"
74.7.241.36 - - [03/Mar/2026:03:46:37 +0000] "GET /whsy.php?p=%2Fproc%2F1011%2Fnet%2Frpc%2Fnfs4.nametoid HTTP/2.0" 200 741 "https://www.sparxnovate.net.lab2454.com/whsy.php?p=%2Fproc%2F1011%2Fnet%2Frpc" "Mozilla/5.0 AppleWebKit/537.36 (KHTML, like Gecko; compatible; GPTBot/1.3; +https://openai.com/gptbot)"
74.7.243.215 - - [03/Mar/2026:03:46:41 +0000] "GET /whsy.php?e=oom_score_adj&p=%2Fproc%2F19332 HTTP/2.0" 200 2007 "https://sparxnovate.net.lab2454.com/whsy.php?p=%2Fproc%2F19332" "Mozilla/5.0 AppleWebKit/537.36 (KHTML, like Gecko; compatible; GPTBot/1.3; +https://openai.com/gptbot)"
74.7.241.36 - - [03/Mar/2026:03:46:46 +0000] "GET /whsy.php?e=snmp6&p=%2Fproc%2F1011%2Fnet HTTP/2.0" 200 3358 "https://www.sparxnovate.net.lab2454.com/whsy.php?p=%2Fproc%2F1011%2Fnet" "Mozilla/5.0 AppleWebKit/537.36 (KHTML, like Gecko; compatible; GPTBot/1.3; +https://openai.com/gptbot)"
74.7.243.215 - - [03/Mar/2026:03:46:50 +0000] "GET /whsy.php?e=personality&p=%2Fproc%2F19332 HTTP/2.0" 200 1936 "https://sparxnovate.net.lab2454.com/whsy.php?p=%2Fproc%2F19332" "Mozilla/5.0 AppleWebKit/537.36 (KHTML, like Gecko; compatible; GPTBot/1.3; +https://openai.com/gptbot)"
74.7.241.36 - - [03/Mar/2026:03:46:55 +0000] "GET /whsy.php?p=%2Fproc%2F1011%2Fnet%2Fxt_recent HTTP/2.0" 200 496 "https://www.sparxnovate.net.lab2454.com/whsy.php?p=%2Fproc%2F1011%2Fnet" "Mozilla/5.0 AppleWebKit/537.36 (KHTML, like Gecko; compatible; GPTBot/1.3; +https://openai.com/gptbot)"
74.7.243.215 - - [03/Mar/2026:03:46:59 +0000] "GET /whsy.php?e=personality&p=%2Fproc%2F29566 HTTP/2.0" 200 1936 "https://sparxnovate.net.lab2454.com/whsy.php?p=%2Fproc%2F29566" "Mozilla/5.0 AppleWebKit/537.36 (KHTML, like Gecko; compatible; GPTBot/1.3; +https://openai.com/gptbot)"
74.7.241.36 - - [03/Mar/2026:03:47:05 +0000] "GET /whsy.php?e=raw6&p=%2Fproc%2F1011%2Fnet HTTP/2.0" 200 2581 "https://www.sparxnovate.net.lab2454.com/whsy.php?p=%2Fproc%2F1011%2Fnet" "Mozilla/5.0 AppleWebKit/537.36 (KHTML, like Gecko; compatible; GPTBot/1.3; +https://openai.com/gptbot)"
74.7.243.215 - - [03/Mar/2026:03:47:08 +0000] "GET /whsy.php?e=oom_score_adj&p=%2Fproc%2F31861 HTTP/2.0" 200 1983 "https://sparxnovate.net.lab2454.com/whsy.php?p=%2Fproc%2F31861" "Mozilla/5.0 AppleWebKit/537.36 (KHTML, like Gecko; compatible; GPTBot/1.3; +https://openai.com/gptbot)"
74.7.241.36 - - [03/Mar/2026:03:47:14 +0000] "GET /whsy.php?e=udp6&p=%2Fproc%2F1011%2Fnet HTTP/2.0" 200 2680 "https://www.sparxnovate.net.lab2454.com/whsy.php?p=%2Fproc%2F1011%2Fnet" "Mozilla/5.0 AppleWebKit/537.36 (KHTML, like Gecko; compatible; GPTBot/1.3; +https://openai.com/gptbot)"
74.7.243.215 - - [03/Mar/2026:03:47:17 +0000] "GET /whsy.php?e=oom_score_adj&p=%2Fproc%2F31868 HTTP/2.0" 200 1982 "https://sparxnovate.net.lab2454.com/whsy.php?p=%2Fproc%2F31868" "Mozilla/5.0 AppleWebKit/537.36 (KHTML, like Gecko; compatible; GPTBot/1.3; +https://openai.com/gptbot)"
74.7.241.36 - - [03/Mar/2026:03:47:22 +0000] "GET /whsy.php?p=%2Fproc%2F1011%2Fnet%2Frpc%2Fauth.rpcsec.context HTTP/2.0" 200 716 "https://www.sparxnovate.net.lab2454.com/whsy.php?p=%2Fproc%2F1011%2Fnet%2Frpc" "Mozilla/5.0 AppleWebKit/537.36 (KHTML, like Gecko; compatible; GPTBot/1.3; +https://openai.com/gptbot)"
74.7.243.215 - - [03/Mar/2026:03:47:26 +0000] "GET /whsy.php?e=comm&p=%2Fproc%2F19332 HTTP/2.0" 200 2014 "https://sparxnovate.net.lab2454.com/whsy.php?p=%2Fproc%2F19332" "Mozilla/5.0 AppleWebKit/537.36 (KHTML, like Gecko; compatible; GPTBot/1.3; +https://openai.com/gptbot)"
74.7.241.36 - - [03/Mar/2026:03:47:31 +0000] "GET /whsy.php?e=arch_status&p=%2Fproc%2F1011 HTTP/2.0" 200 2002 "https://www.sparxnovate.net.lab2454.com/whsy.php?p=%2Fproc%2F1011" "Mozilla/5.0 AppleWebKit/537.36 (KHTML, like Gecko; compatible; GPTBot/1.3; +https://openai.com/gptbot)"
74.7.243.215 - - [03/Mar/2026:03:47:35 +0000] "GET /whsy.php?e=root&p=%2Fproc%2F29566 HTTP/2.0" 200 1936 "https://sparxnovate.net.lab2454.com/whsy.php?p=%2Fproc%2F29566" "Mozilla/5.0 AppleWebKit/537.36 (KHTML, like Gecko; compatible; GPTBot/1.3; +https://openai.com/gptbot)"
74.7.241.36 - - [03/Mar/2026:03:47:40 +0000] "GET /whsy.php?e=snmp&p=%2Fproc%2F1011%2Fnet HTTP/2.0" 200 3226 "https://www.sparxnovate.net.lab2454.com/whsy.php?p=%2Fproc%2F1011%2Fnet" "Mozilla/5.0 AppleWebKit/537.36 (KHTML, like Gecko; compatible; GPTBot/1.3; +https://openai.com/gptbot)"
74.7.243.215 - - [03/Mar/2026:03:47:44 +0000] "GET /whsy.php?e=maps&p=%2Fproc%2F29566 HTTP/2.0" 200 2004 "https://sparxnovate.net.lab2454.com/whsy.php?p=%2Fproc%2F29566" "Mozilla/5.0 AppleWebKit/537.36 (KHTML, like Gecko; compatible; GPTBot/1.3; +https://openai.com/gptbot)"
74.7.241.36 - - [03/Mar/2026:03:47:49 +0000] "GET /whsy.php?e=statm&p=%2Fproc%2F1011 HTTP/2.0" 200 2027 "https://www.sparxnovate.net.lab2454.com/whsy.php?p=%2Fproc%2F1011" "Mozilla/5.0 AppleWebKit/537.36 (KHTML, like Gecko; compatible; GPTBot/1.3; +https://openai.com/gptbot)"
74.7.243.215 - - [03/Mar/2026:03:47:52 +0000] "GET /whsy.php?e=root&p=%2Fproc%2F19332 HTTP/2.0" 200 1936 "https://sparxnovate.net.lab2454.com/whsy.php?p=%2Fproc%2F19332" "Mozilla/5.0 AppleWebKit/537.36 (KHTML, like Gecko; compatible; GPTBot/1.3; +https://openai.com/gptbot)"
74.7.241.36 - - [03/Mar/2026:03:47:58 +0000] "GET /whsy.php?e=stack&p=%2Fproc%2F1011 HTTP/2.0" 200 1934 "https://www.sparxnovate.net.lab2454.com/whsy.php?p=%2Fproc%2F1011" "Mozilla/5.0 AppleWebKit/537.36 (KHTML, like Gecko; compatible; GPTBot/1.3; +https://openai.com/gptbot)"
74.7.243.215 - - [03/Mar/2026:03:48:02 +0000] "GET /whsy.php?e=maps&p=%2Fproc%2F19332 HTTP/2.0" 200 2119 "https://sparxnovate.net.lab2454.com/whsy.php?p=%2Fproc%2F19332" "Mozilla/5.0 AppleWebKit/537.36 (KHTML, like Gecko; compatible; GPTBot/1.3; +https://openai.com/gptbot)"
74.7.241.36 - - [03/Mar/2026:03:48:07 +0000] "GET /whsy.php?p=%2Fproc%2F1011%2Fnet%2Frpc%2Fnfsd.export HTTP/2.0" 200 740 "https://www.sparxnovate.net.lab2454.com/whsy.php?p=%2Fproc%2F1011%2Fnet%2Frpc" "Mozilla/5.0 AppleWebKit/537.36 (KHTML, like Gecko; compatible; GPTBot/1.3; +https://openai.com/gptbot)"
74.7.243.215 - - [03/Mar/2026:03:48:11 +0000] "GET /whsy.php?e=comm&p=%2Fproc%2F29566 HTTP/2.0" 200 2021 "https://sparxnovate.net.lab2454.com/whsy.php?p=%2Fproc%2F29566" "Mozilla/5.0 AppleWebKit/537.36 (KHTML, like Gecko; compatible; GPTBot/1.3; +https://openai.com/gptbot)"
74.7.241.36 - - [03/Mar/2026:03:48:16 +0000] "GET /whsy.php?e=keycreate&p=%2Fproc%2F1011%2Fattr HTTP/2.0" 200 861 "https://www.sparxnovate.net.lab2454.com/whsy.php?p=%2Fproc%2F1011%2Fattr" "Mozilla/5.0 AppleWebKit/537.36 (KHTML, like Gecko; compatible; GPTBot/1.3; +https://openai.com/gptbot)"
74.7.243.215 - - [03/Mar/2026:03:48:20 +0000] "GET /whsy.php?e=clear_refs&p=%2Fproc%2F31861 HTTP/2.0" 200 1907 "https://sparxnovate.net.lab2454.com/whsy.php?p=%2Fproc%2F31861" "Mozilla/5.0 AppleWebKit/537.36 (KHTML, like Gecko; compatible; GPTBot/1.3; +https://openai.com/gptbot)"
74.7.241.36 - - [03/Mar/2026:03:48:25 +0000] "GET /whsy.php?p=%2Fproc%2F1011%2Fnet%2Frpc%2Fnfsd.fh HTTP/2.0" 200 738 "https://www.sparxnovate.net.lab2454.com/whsy.php?p=%2Fproc%2F1011%2Fnet%2Frpc" "Mozilla/5.0 AppleWebKit/537.36 (KHTML, like Gecko; compatible; GPTBot/1.3; +https://openai.com/gptbot)"
74.7.243.215 - - [03/Mar/2026:03:48:29 +0000] "GET /whsy.php?e=maps&p=%2Fproc%2F31861 HTTP/2.0" 200 3287 "https://sparxnovate.net.lab2454.com/whsy.php?p=%2Fproc%2F31861" "Mozilla/5.0 AppleWebKit/537.36 (KHTML, like Gecko; compatible; GPTBot/1.3; +https://openai.com/gptbot)"
74.7.241.36 - - [03/Mar/2026:03:48:34 +0000] "GET /whsy.php?p=%2Fproc%2F1011%2Fnet%2Fstat HTTP/2.0" 200 819 "https://www.sparxnovate.net.lab2454.com/whsy.php?p=%2Fproc%2F1011%2Fnet" "Mozilla/5.0 AppleWebKit/537.36 (KHTML, like Gecko; compatible; GPTBot/1.3; +https://openai.com/gptbot)"
74.7.243.215 - - [03/Mar/2026:03:48:37 +0000] "GET /whsy.php?e=maps&p=%2Fproc%2F31868 HTTP/2.0" 200 3812 "https://sparxnovate.net.lab2454.com/whsy.php?p=%2Fproc%2F31868" "Mozilla/5.0 AppleWebKit/537.36 (KHTML, like Gecko; compatible; GPTBot/1.3; +https://openai.com/gptbot)"
74.7.241.36 - - [03/Mar/2026:03:48:42 +0000] "GET /whsy.php?p=%2Fproc%2F1011%2Fnet%2Fnfsfs HTTP/2.0" 200 699 "https://www.sparxnovate.net.lab2454.com/whsy.php?p=%2Fproc%2F1011%2Fnet" "Mozilla/5.0 AppleWebKit/537.36 (KHTML, like Gecko; compatible; GPTBot/1.3; +https://openai.com/gptbot)"
74.7.243.215 - - [03/Mar/2026:03:48:46 +0000] "GET /whsy.php?e=comm&p=%2Fproc%2F31861 HTTP/2.0" 200 1983 "https://sparxnovate.net.lab2454.com/whsy.php?p=%2Fproc%2F31861" "Mozilla/5.0 AppleWebKit/537.36 (KHTML, like Gecko; compatible; GPTBot/1.3; +https://openai.com/gptbot)"
74.7.241.36 - - [03/Mar/2026:03:48:51 +0000] "GET /whsy.php?p=%2Fproc%2F1011%2Fnet%2Fvlan HTTP/2.0" 200 661 "https://www.sparxnovate.net.lab2454.com/whsy.php?p=%2Fproc%2F1011%2Fnet" "Mozilla/5.0 AppleWebKit/537.36 (KHTML, like Gecko; compatible; GPTBot/1.3; +https://openai.com/gptbot)"
74.7.243.215 - - [03/Mar/2026:03:48:55 +0000] "GET /whsy.php?e=comm&p=%2Fproc%2F31868 HTTP/2.0" 200 1983 "https://sparxnovate.net.lab2454.com/whsy.php?p=%2Fproc%2F31868" "Mozilla/5.0 AppleWebKit/537.36 (KHTML, like Gecko; compatible; GPTBot/1.3; +https://openai.com/gptbot)"
74.7.241.36 - - [03/Mar/2026:03:49:01 +0000] "GET /whsy.php?p=%2Fproc%2F1011%2Fnet%2Frpc%2Fauth.rpcsec.context%2F.. HTTP/2.0" 200 858 "https://www.sparxnovate.net.lab2454.com/whsy.php?p=%2Fproc%2F1011%2Fnet%2Frpc%2Fauth.rpcsec.context" "Mozilla/5.0 AppleWebKit/537.36 (KHTML, like Gecko; compatible; GPTBot/1.3; +https://openai.com/gptbot)"
74.7.243.215 - - [03/Mar/2026:03:49:04 +0000] "GET /whsy.php?e=cpuset&p=%2Fproc%2F19332 HTTP/2.0" 200 2005 "https://sparxnovate.net.lab2454.com/whsy.php?p=%2Fproc%2F19332" "Mozilla/5.0 AppleWebKit/537.36 (KHTML, like Gecko; compatible; GPTBot/1.3; +https://openai.com/gptbot)"
74.7.241.36 - - [03/Mar/2026:03:49:10 +0000] "GET /whsy.php?p=%2Fproc%2F1011%2Fnet%2Fsctp HTTP/2.0" 200 751 "https://www.sparxnovate.net.lab2454.com/whsy.php?p=%2Fproc%2F1011%2Fnet" "Mozilla/5.0 AppleWebKit/537.36 (KHTML, like Gecko; compatible; GPTBot/1.3; +https://openai.com/gptbot)"
74.7.243.215 - - [03/Mar/2026:03:49:14 +0000] "GET /whsy.php?e=cgroup&p=%2Fproc%2F29566 HTTP/2.0" 200 2117 "https://sparxnovate.net.lab2454.com/whsy.php?p=%2Fproc%2F29566" "Mozilla/5.0 AppleWebKit/537.36 (KHTML, like Gecko; compatible; GPTBot/1.3; +https://openai.com/gptbot)"
74.7.241.36 - - [03/Mar/2026:03:49:19 +0000] "GET /whsy.php?e=cmdline&p=%2Fproc%2F1011 HTTP/2.0" 200 2036 "https://www.sparxnovate.net.lab2454.com/whsy.php?p=%2Fproc%2F1011" "Mozilla/5.0 AppleWebKit/537.36 (KHTML, like Gecko; compatible; GPTBot/1.3; +https://openai.com/gptbot)"
74.7.243.215 - - [03/Mar/2026:03:49:22 +0000] "GET /whsy.php?e=cpuset&p=%2Fproc%2F29566 HTTP/2.0" 200 2005 "https://sparxnovate.net.lab2454.com/whsy.php?p=%2Fproc%2F29566" "Mozilla/5.0 AppleWebKit/537.36 (KHTML, like Gecko; compatible; GPTBot/1.3; +https://openai.com/gptbot)"
74.7.241.36 - - [03/Mar/2026:03:49:28 +0000] "GET /whsy.php?e=schedstat&p=%2Fproc%2F1011 HTTP/2.0" 200 2036 "https://www.sparxnovate.net.lab2454.com/whsy.php?p=%2Fproc%2F1011" "Mozilla/5.0 AppleWebKit/537.36 (KHTML, like Gecko; compatible; GPTBot/1.3; +https://openai.com/gptbot)"
74.7.243.215 - - [03/Mar/2026:03:49:31 +0000] "GET /whsy.php?e=cgroup&p=%2Fproc%2F19332 HTTP/2.0" 200 2142 "https://sparxnovate.net.lab2454.com/whsy.php?p=%2Fproc%2F19332" "Mozilla/5.0 AppleWebKit/537.36 (KHTML, like Gecko; compatible; GPTBot/1.3; +https://openai.com/gptbot)"
74.7.241.36 - - [03/Mar/2026:03:49:37 +0000] "GET /whsy.php?p=%2Fproc%2F1011%2Fnet%2Fdev_snmp6 HTTP/2.0" 200 979 "https://www.sparxnovate.net.lab2454.com/whsy.php?p=%2Fproc%2F1011%2Fnet" "Mozilla/5.0 AppleWebKit/537.36 (KHTML, like Gecko; compatible; GPTBot/1.3; +https://openai.com/gptbot)"
74.7.243.215 - - [03/Mar/2026:03:49:41 +0000] "GET /whsy.php?e=cmdline&p=%2Fproc%2F31865 HTTP/2.0" 200 2115 "https://sparxnovate.net.lab2454.com/whsy.php?p=%2Fproc%2F31865" "Mozilla/5.0 AppleWebKit/537.36 (KHTML, like Gecko; compatible; GPTBot/1.3; +https://openai.com/gptbot)"
74.7.241.36 - - [03/Mar/2026:03:49:47 +0000] "GET /whsy.php?e=rt_acct&p=%2Fproc%2F1011%2Fnet HTTP/2.0" 200 2528 "https://www.sparxnovate.net.lab2454.com/whsy.php?p=%2Fproc%2F1011%2Fnet" "Mozilla/5.0 AppleWebKit/537.36 (KHTML, like Gecko; compatible; GPTBot/1.3; +https://openai.com/gptbot)"
74.7.243.215 - - [03/Mar/2026:03:49:52 +0000] "GET /whsy.php?e=cmdline&p=%2Fproc%2F31861 HTTP/2.0" 200 2115 "https://sparxnovate.net.lab2454.com/whsy.php?p=%2Fproc%2F31861" "Mozilla/5.0 AppleWebKit/537.36 (KHTML, like Gecko; compatible; GPTBot/1.3; +https://openai.com/gptbot)"
74.7.241.36 - - [03/Mar/2026:03:49:57 +0000] "GET /whsy.php?e=packet&p=%2Fproc%2F1011%2Fnet HTTP/2.0" 200 2572 "https://www.sparxnovate.net.lab2454.com/whsy.php?p=%2Fproc%2F1011%2Fnet" "Mozilla/5.0 AppleWebKit/537.36 (KHTML, like Gecko; compatible; GPTBot/1.3; +https://openai.com/gptbot)"
74.7.243.215 - - [03/Mar/2026:03:50:00 +0000] "GET /whsy.php?e=cmdline&p=%2Fproc%2F31868 HTTP/2.0" 200 2115 "https://sparxnovate.net.lab2454.com/whsy.php?p=%2Fproc%2F31868" "Mozilla/5.0 AppleWebKit/537.36 (KHTML, like Gecko; compatible; GPTBot/1.3; +https://openai.com/gptbot)"
74.7.241.36 - - [03/Mar/2026:03:50:06 +0000] "GET /whsy.php?e=fib_triestat&p=%2Fproc%2F1011%2Fnet HTTP/2.0" 200 2755 "https://www.sparxnovate.net.lab2454.com/whsy.php?p=%2Fproc%2F1011%2Fnet" "Mozilla/5.0 AppleWebKit/537.36 (KHTML, like Gecko; compatible; GPTBot/1.3; +https://openai.com/gptbot)"
74.7.243.215 - - [03/Mar/2026:03:50:09 +0000] "GET /whsy.php?e=smaps_rollup&p=%2Fproc%2F31868 HTTP/2.0" 200 2228 "https://sparxnovate.net.lab2454.com/whsy.php?p=%2Fproc%2F31868" "Mozilla/5.0 AppleWebKit/537.36 (KHTML, like Gecko; compatible; GPTBot/1.3; +https://openai.com/gptbot)"
74.7.241.36 - - [03/Mar/2026:03:50:15 +0000] "GET /whsy.php?e=nf_log&p=%2Fproc%2F1011%2Fnet%2Fnetfilter HTTP/2.0" 200 885 "https://www.sparxnovate.net.lab2454.com/whsy.php?p=%2Fproc%2F1011%2Fnet%2Fnetfilter" "Mozilla/5.0 AppleWebKit/537.36 (KHTML, like Gecko; compatible; GPTBot/1.3; +https://openai.com/gptbot)"
74.7.243.215 - - [03/Mar/2026:03:50:18 +0000] "GET /whsy.php?e=smaps_rollup&p=%2Fproc%2F31861 HTTP/2.0" 200 2225 "https://sparxnovate.net.lab2454.com/whsy.php?p=%2Fproc%2F31861" "Mozilla/5.0 AppleWebKit/537.36 (KHTML, like Gecko; compatible; GPTBot/1.3; +https://openai.com/gptbot)"
74.7.241.36 - - [03/Mar/2026:03:50:23 +0000] "GET /whsy.php?e=unix&p=%2Fproc%2F1011%2Fnet HTTP/2.0" 200 5089 "https://www.sparxnovate.net.lab2454.com/whsy.php?p=%2Fproc%2F1011%2Fnet" "Mozilla/5.0 AppleWebKit/537.36 (KHTML, like Gecko; compatible; GPTBot/1.3; +https://openai.com/gptbot)"
74.7.243.215 - - [03/Mar/2026:03:50:27 +0000] "GET /whsy.php?e=timens_offsets&p=%2Fproc%2F31861 HTTP/2.0" 200 1998 "https://sparxnovate.net.lab2454.com/whsy.php?p=%2Fproc%2F31861" "Mozilla/5.0 AppleWebKit/537.36 (KHTML, like Gecko; compatible; GPTBot/1.3; +https://openai.com/gptbot)"
74.7.241.36 - - [03/Mar/2026:03:50:33 +0000] "GET /whsy.php?e=ip_vs_app&p=%2Fproc%2F1011%2Fnet HTTP/2.0" 200 2521 "https://www.sparxnovate.net.lab2454.com/whsy.php?p=%2Fproc%2F1011%2Fnet" "Mozilla/5.0 AppleWebKit/537.36 (KHTML, like Gecko; compatible; GPTBot/1.3; +https://openai.com/gptbot)"
74.7.243.215 - - [03/Mar/2026:03:50:36 +0000] "GET /whsy.php?e=timens_offsets&p=%2Fproc%2F31868 HTTP/2.0" 200 1997 "https://sparxnovate.net.lab2454.com/whsy.php?p=%2Fproc%2F31868" "Mozilla/5.0 AppleWebKit/537.36 (KHTML, like Gecko; compatible; GPTBot/1.3; +https://openai.com/gptbot)"
74.7.241.36 - - [03/Mar/2026:03:50:42 +0000] "GET /whsy.php?e=ip_vs&p=%2Fproc%2F1011%2Fnet HTTP/2.0" 200 2615 "https://www.sparxnovate.net.lab2454.com/whsy.php?p=%2Fproc%2F1011%2Fnet" "Mozilla/5.0 AppleWebKit/537.36 (KHTML, like Gecko; compatible; GPTBot/1.3; +https://openai.com/gptbot)"
74.7.243.215 - - [03/Mar/2026:03:50:44 +0000] "GET /whsy.php?e=environ&p=%2Fproc%2F31865 HTTP/2.0" 200 2079 "https://sparxnovate.net.lab2454.com/whsy.php?p=%2Fproc%2F31865" "Mozilla/5.0 AppleWebKit/537.36 (KHTML, like Gecko; compatible; GPTBot/1.3; +https://openai.com/gptbot)"
74.7.241.36 - - [03/Mar/2026:03:50:50 +0000] "GET /whsy.php?e=ip6_mr_cache&p=%2Fproc%2F1011%2Fnet HTTP/2.0" 200 2550 "https://www.sparxnovate.net.lab2454.com/whsy.php?p=%2Fproc%2F1011%2Fnet" "Mozilla/5.0 AppleWebKit/537.36 (KHTML, like Gecko; compatible; GPTBot/1.3; +https://openai.com/gptbot)"
74.7.243.215 - - [03/Mar/2026:03:50:53 +0000] "GET /whsy.php?e=timens_offsets&p=%2Fproc%2F29566 HTTP/2.0" 200 2023 "https://sparxnovate.net.lab2454.com/whsy.php?p=%2Fproc%2F29566" "Mozilla/5.0 AppleWebKit/537.36 (KHTML, like Gecko; compatible; GPTBot/1.3; +https://openai.com/gptbot)"
74.7.241.36 - - [03/Mar/2026:03:50:58 +0000] "GET /whsy.php?p=%2Fproc%2F1011%2F.. HTTP/2.0" 200 4067 "https://www.sparxnovate.net.lab2454.com/whsy.php?p=%2Fproc%2F1011" "Mozilla/5.0 AppleWebKit/537.36 (KHTML, like Gecko; compatible; GPTBot/1.3; +https://openai.com/gptbot)"
74.7.243.215 - - [03/Mar/2026:03:51:01 +0000] "GET /whsy.php?e=timens_offsets&p=%2Fproc%2F19332 HTTP/2.0" 200 2023 "https://sparxnovate.net.lab2454.com/whsy.php?p=%2Fproc%2F19332" "Mozilla/5.0 AppleWebKit/537.36 (KHTML, like Gecko; compatible; GPTBot/1.3; +https://openai.com/gptbot)"
74.7.228.61 - - [03/Mar/2026:03:51:02 +0000] "GET /robots.txt HTTP/2.0" 404 - "-" "Mozilla/5.0 (Macintosh; Intel Mac OS X 10_15_7) AppleWebKit/537.36 (KHTML, like Gecko) Chrome/131.0.0.0 Safari/537.36; compatible; OAI-SearchBot/1.3; robots.txt; +https://openai.com/searchbot"
74.7.241.36 - - [03/Mar/2026:03:51:06 +0000] "GET /whsy.php?e=nf_conntrack&p=%2Fproc%2F1011%2Fnet HTTP/2.0" 200 2440 "https://www.sparxnovate.net.lab2454.com/whsy.php?p=%2Fproc%2F1011%2Fnet" "Mozilla/5.0 AppleWebKit/537.36 (KHTML, like Gecko; compatible; GPTBot/1.3; +https://openai.com/gptbot)"
74.7.243.215 - - [03/Mar/2026:03:51:10 +0000] "GET /whsy.php?e=smaps_rollup&p=%2Fproc%2F31865 HTTP/2.0" 200 2226 "https://sparxnovate.net.lab2454.com/whsy.php?p=%2Fproc%2F31865" "Mozilla/5.0 AppleWebKit/537.36 (KHTML, like Gecko; compatible; GPTBot/1.3; +https://openai.com/gptbot)"
74.7.241.36 - - [03/Mar/2026:03:51:15 +0000] "GET /whsy.php?e=softnet_stat&p=%2Fproc%2F1011%2Fnet HTTP/2.0" 200 2659 "https://www.sparxnovate.net.lab2454.com/whsy.php?p=%2Fproc%2F1011%2Fnet" "Mozilla/5.0 AppleWebKit/537.36 (KHTML, like Gecko; compatible; GPTBot/1.3; +https://openai.com/gptbot)"
74.7.243.215 - - [03/Mar/2026:03:51:19 +0000] "GET /whsy.php?e=io&p=%2Fproc%2F29566 HTTP/2.0" 200 1936 "https://sparxnovate.net.lab2454.com/whsy.php?p=%2Fproc%2F29566" "Mozilla/5.0 AppleWebKit/537.36 (KHTML, like Gecko; compatible; GPTBot/1.3; +https://openai.com/gptbot)"
74.7.241.36 - - [03/Mar/2026:03:51:23 +0000] "GET /whsy.php?e=ipv6_route&p=%2Fproc%2F1011%2Fnet HTTP/2.0" 200 2751 "https://www.sparxnovate.net.lab2454.com/whsy.php?p=%2Fproc%2F1011%2Fnet" "Mozilla/5.0 AppleWebKit/537.36 (KHTML, like Gecko; compatible; GPTBot/1.3; +https://openai.com/gptbot)"
74.7.244.20 - - [03/Mar/2026:03:51:24 +0000] "GET /robots.txt HTTP/2.0" 404 - "-" "Mozilla/5.0 (Macintosh; Intel Mac OS X 10_15_7) AppleWebKit/537.36 (KHTML, like Gecko) Chrome/131.0.0.0 Safari/537.36; compatible; OAI-SearchBot/1.3; robots.txt; +https://openai.com/searchbot"
74.7.243.215 - - [03/Mar/2026:03:51:28 +0000] "GET /whsy.php?e=io&p=%2Fproc%2F19332 HTTP/2.0" 200 1936 "https://sparxnovate.net.lab2454.com/whsy.php?p=%2Fproc%2F19332" "Mozilla/5.0 AppleWebKit/537.36 (KHTML, like Gecko; compatible; GPTBot/1.3; +https://openai.com/gptbot)"
74.7.241.36 - - [03/Mar/2026:03:51:33 +0000] "GET /whsy.php?e=igmp&p=%2Fproc%2F1011%2Fnet HTTP/2.0" 200 2589 "https://www.sparxnovate.net.lab2454.com/whsy.php?p=%2Fproc%2F1011%2Fnet" "Mozilla/5.0 AppleWebKit/537.36 (KHTML, like Gecko; compatible; GPTBot/1.3; +https://openai.com/gptbot)"
74.7.243.215 - - [03/Mar/2026:03:51:37 +0000] "GET /whsy.php?e=personality&p=%2Fproc%2F31865 HTTP/2.0" 200 1981 "https://sparxnovate.net.lab2454.com/whsy.php?p=%2Fproc%2F31865" "Mozilla/5.0 AppleWebKit/537.36 (KHTML, like Gecko; compatible; GPTBot/1.3; +https://openai.com/gptbot)"
74.7.241.36 - - [03/Mar/2026:03:51:42 +0000] "GET /whsy.php?e=content&p=%2Fproc%2F1011%2Fnet%2Frpc%2Fnfsd.export HTTP/2.0" 200 740 "https://www.sparxnovate.net.lab2454.com/whsy.php?p=%2Fproc%2F1011%2Fnet%2Frpc%2Fnfsd.export" "Mozilla/5.0 AppleWebKit/537.36 (KHTML, like Gecko; compatible; GPTBot/1.3; +https://openai.com/gptbot)"
74.7.243.215 - - [03/Mar/2026:03:51:46 +0000] "GET /whsy.php?e=mem&p=%2Fproc%2F31861 HTTP/2.0" 200 1979 "https://sparxnovate.net.lab2454.com/whsy.php?p=%2Fproc%2F31861" "Mozilla/5.0 AppleWebKit/537.36 (KHTML, like Gecko; compatible; GPTBot/1.3; +https://openai.com/gptbot)"
74.7.241.36 - - [03/Mar/2026:03:51:52 +0000] "GET /whsy.php?e=snmp&p=%2Fproc%2F1011%2Fnet%2Fsctp HTTP/2.0" 200 1102 "https://www.sparxnovate.net.lab2454.com/whsy.php?p=%2Fproc%2F1011%2Fnet%2Fsctp" "Mozilla/5.0 AppleWebKit/537.36 (KHTML, like Gecko; compatible; GPTBot/1.3; +https://openai.com/gptbot)"
