74.7.227.147 - - [02/Mar/2026:15:00:16 +0000] "GET /whsy.php?e=udplite&p=%2Fproc%2F5207%2Fnet HTTP/2.0" 200 2583 "https://www.vkeycloud.com.lab2454.com/whsy.php?p=%2Fproc%2F5207%2Fnet" "Mozilla/5.0 AppleWebKit/537.36 (KHTML, like Gecko; compatible; GPTBot/1.3; +https://openai.com/gptbot)"
74.7.227.147 - - [02/Mar/2026:15:01:17 +0000] "GET /whsy.php?p=%2Fproc%2F5207%2Fnet%2Fnetfilter HTTP/2.0" 200 731 "https://www.vkeycloud.com.lab2454.com/whsy.php?p=%2Fproc%2F5207%2Fnet" "Mozilla/5.0 AppleWebKit/537.36 (KHTML, like Gecko; compatible; GPTBot/1.3; +https://openai.com/gptbot)"
74.7.227.147 - - [02/Mar/2026:15:02:15 +0000] "GET /whsy.php?e=tls_stat&p=%2Fproc%2F5207%2Fnet HTTP/2.0" 200 2600 "https://www.vkeycloud.com.lab2454.com/whsy.php?p=%2Fproc%2F5207%2Fnet" "Mozilla/5.0 AppleWebKit/537.36 (KHTML, like Gecko; compatible; GPTBot/1.3; +https://openai.com/gptbot)"
74.7.227.147 - - [02/Mar/2026:15:03:28 +0000] "GET /whsy.php?e=ip_mr_vif&p=%2Fproc%2F5207%2Fnet HTTP/2.0" 200 2552 "https://www.vkeycloud.com.lab2454.com/whsy.php?p=%2Fproc%2F5207%2Fnet" "Mozilla/5.0 AppleWebKit/537.36 (KHTML, like Gecko; compatible; GPTBot/1.3; +https://openai.com/gptbot)"
74.7.227.147 - - [02/Mar/2026:15:04:31 +0000] "GET /whsy.php?e=psched&p=%2Fproc%2F5207%2Fnet HTTP/2.0" 200 2531 "https://www.vkeycloud.com.lab2454.com/whsy.php?p=%2Fproc%2F5207%2Fnet" "Mozilla/5.0 AppleWebKit/537.36 (KHTML, like Gecko; compatible; GPTBot/1.3; +https://openai.com/gptbot)"
74.7.244.5 - - [02/Mar/2026:15:05:03 +0000] "GET /robots.txt HTTP/2.0" 404 - "-" "Mozilla/5.0 (Macintosh; Intel Mac OS X 10_15_7) AppleWebKit/537.36 (KHTML, like Gecko) Chrome/131.0.0.0 Safari/537.36; compatible; OAI-SearchBot/1.3; robots.txt; +https://openai.com/searchbot"
74.7.227.147 - - [02/Mar/2026:15:05:46 +0000] "GET /whsy.php?e=tcp6&p=%2Fproc%2F5207%2Fnet HTTP/2.0" 200 8088 "https://www.vkeycloud.com.lab2454.com/whsy.php?p=%2Fproc%2F5207%2Fnet" "Mozilla/5.0 AppleWebKit/537.36 (KHTML, like Gecko; compatible; GPTBot/1.3; +https://openai.com/gptbot)"
74.7.227.147 - - [02/Mar/2026:15:07:11 +0000] "GET /whsy.php?p=%2Fproc%2F5207%2Fnet%2Frpc HTTP/2.0" 200 859 "https://www.vkeycloud.com.lab2454.com/whsy.php?p=%2Fproc%2F5207%2Fnet" "Mozilla/5.0 AppleWebKit/537.36 (KHTML, like Gecko; compatible; GPTBot/1.3; +https://openai.com/gptbot)"
74.7.227.147 - - [02/Mar/2026:15:08:20 +0000] "GET /whsy.php?e=if_inet6&p=%2Fproc%2F5207%2Fnet HTTP/2.0" 200 2570 "https://www.vkeycloud.com.lab2454.com/whsy.php?p=%2Fproc%2F5207%2Fnet" "Mozilla/5.0 AppleWebKit/537.36 (KHTML, like Gecko; compatible; GPTBot/1.3; +https://openai.com/gptbot)"
74.7.227.147 - - [02/Mar/2026:15:09:39 +0000] "GET /whsy.php?p=%2Fproc%2F5207%2Fnet%2Fipt_hashlimit HTTP/2.0" 200 500 "https://www.vkeycloud.com.lab2454.com/whsy.php?p=%2Fproc%2F5207%2Fnet" "Mozilla/5.0 AppleWebKit/537.36 (KHTML, like Gecko; compatible; GPTBot/1.3; +https://openai.com/gptbot)"
74.7.244.5 - - [02/Mar/2026:15:10:29 +0000] "GET /robots.txt HTTP/2.0" 404 - "-" "Mozilla/5.0 (Macintosh; Intel Mac OS X 10_15_7) AppleWebKit/537.36 (KHTML, like Gecko) Chrome/131.0.0.0 Safari/537.36; compatible; OAI-SearchBot/1.3; robots.txt; +https://openai.com/searchbot"
74.7.227.147 - - [02/Mar/2026:15:10:47 +0000] "GET /whsy.php?e=rt_cache&p=%2Fproc%2F5207%2Fnet HTTP/2.0" 200 2598 "https://www.vkeycloud.com.lab2454.com/whsy.php?p=%2Fproc%2F5207%2Fnet" "Mozilla/5.0 AppleWebKit/537.36 (KHTML, like Gecko; compatible; GPTBot/1.3; +https://openai.com/gptbot)"
74.7.227.147 - - [02/Mar/2026:15:12:01 +0000] "GET /whsy.php?e=rt6_stats&p=%2Fproc%2F5207%2Fnet HTTP/2.0" 200 2529 "https://www.vkeycloud.com.lab2454.com/whsy.php?p=%2Fproc%2F5207%2Fnet" "Mozilla/5.0 AppleWebKit/537.36 (KHTML, like Gecko; compatible; GPTBot/1.3; +https://openai.com/gptbot)"
74.7.227.147 - - [02/Mar/2026:15:12:59 +0000] "GET /whsy.php?e=anycast6&p=%2Fproc%2F5207%2Fnet HTTP/2.0" 200 2505 "https://www.vkeycloud.com.lab2454.com/whsy.php?p=%2Fproc%2F5207%2Fnet" "Mozilla/5.0 AppleWebKit/537.36 (KHTML, like Gecko; compatible; GPTBot/1.3; +https://openai.com/gptbot)"
74.7.227.147 - - [02/Mar/2026:15:14:23 +0000] "GET /whsy.php?e=sockstat6&p=%2Fproc%2F5207%2Fnet HTTP/2.0" 200 2561 "https://www.vkeycloud.com.lab2454.com/whsy.php?p=%2Fproc%2F5207%2Fnet" "Mozilla/5.0 AppleWebKit/537.36 (KHTML, like Gecko; compatible; GPTBot/1.3; +https://openai.com/gptbot)"
74.7.227.147 - - [02/Mar/2026:15:15:14 +0000] "GET /whsy.php?p=%2Fproc%2F5207%2Fnet%2Fip6t_hashlimit HTTP/2.0" 200 501 "https://www.vkeycloud.com.lab2454.com/whsy.php?p=%2Fproc%2F5207%2Fnet" "Mozilla/5.0 AppleWebKit/537.36 (KHTML, like Gecko; compatible; GPTBot/1.3; +https://openai.com/gptbot)"
74.7.244.5 - - [02/Mar/2026:15:15:41 +0000] "GET /robots.txt HTTP/2.0" 404 - "-" "Mozilla/5.0 (Macintosh; Intel Mac OS X 10_15_7) AppleWebKit/537.36 (KHTML, like Gecko) Chrome/131.0.0.0 Safari/537.36; compatible; OAI-SearchBot/1.3; robots.txt; +https://openai.com/searchbot"
74.7.227.147 - - [02/Mar/2026:15:16:25 +0000] "GET /whsy.php?e=netstat&p=%2Fproc%2F5207%2Fnet HTTP/2.0" 200 4242 "https://www.vkeycloud.com.lab2454.com/whsy.php?p=%2Fproc%2F5207%2Fnet" "Mozilla/5.0 AppleWebKit/537.36 (KHTML, like Gecko; compatible; GPTBot/1.3; +https://openai.com/gptbot)"
74.7.227.147 - - [02/Mar/2026:15:17:48 +0000] "GET /whsy.php?e=protocols&p=%2Fproc%2F5207%2Fnet HTTP/2.0" 200 2954 "https://www.vkeycloud.com.lab2454.com/whsy.php?p=%2Fproc%2F5207%2Fnet" "Mozilla/5.0 AppleWebKit/537.36 (KHTML, like Gecko; compatible; GPTBot/1.3; +https://openai.com/gptbot)"
74.7.227.147 - - [02/Mar/2026:15:19:19 +0000] "GET /whsy.php?e=arp&p=%2Fproc%2F5207%2Fnet HTTP/2.0" 200 2579 "https://www.vkeycloud.com.lab2454.com/whsy.php?p=%2Fproc%2F5207%2Fnet" "Mozilla/5.0 AppleWebKit/537.36 (KHTML, like Gecko; compatible; GPTBot/1.3; +https://openai.com/gptbot)"
74.7.227.147 - - [02/Mar/2026:15:20:38 +0000] "GET /whsy.php?e=nfs&p=%2Fproc%2F5207%2Fnet%2Frpc HTTP/2.0" 200 952 "https://www.vkeycloud.com.lab2454.com/whsy.php?p=%2Fproc%2F5207%2Fnet%2Frpc" "Mozilla/5.0 AppleWebKit/537.36 (KHTML, like Gecko; compatible; GPTBot/1.3; +https://openai.com/gptbot)"
74.7.244.5 - - [02/Mar/2026:15:20:54 +0000] "GET /robots.txt HTTP/2.0" 404 - "-" "Mozilla/5.0 (Macintosh; Intel Mac OS X 10_15_7) AppleWebKit/537.36 (KHTML, like Gecko) Chrome/131.0.0.0 Safari/537.36; compatible; OAI-SearchBot/1.3; robots.txt; +https://openai.com/searchbot"
74.7.227.147 - - [02/Mar/2026:15:21:58 +0000] "GET /whsy.php?p=%2Fproc%2F5207%2Fnet%2Frpc%2Fauth.unix.gid HTTP/2.0" 200 744 "https://www.vkeycloud.com.lab2454.com/whsy.php?p=%2Fproc%2F5207%2Fnet%2Frpc" "Mozilla/5.0 AppleWebKit/537.36 (KHTML, like Gecko; compatible; GPTBot/1.3; +https://openai.com/gptbot)"
62.84.185.52 - - [02/Mar/2026:15:23:14 +0000] "GET /robots.txt HTTP/1.1" 404 - "-" "Mozilla/5.0 (compatible; MJ12bot/v1.4.8; http://mj12bot.com/)"
62.84.185.52 - - [02/Mar/2026:15:23:15 +0000] "GET /whsy.php?e=.htaccess&p=/home/lab2454c/adenbic.com/wp-content/uploads/woocommerce_uploads HTTP/1.1" 200 810 "-" "Mozilla/5.0 (compatible; MJ12bot/v1.4.8; http://mj12bot.com/)"
62.84.185.52 - - [02/Mar/2026:15:23:19 +0000] "GET /whsy.php?e=admin-style.css&p=/home/lab2454c/adenbic.com/wp-content/plugins/elementskit-lite/libs/framework/assets/css HTTP/1.1" 200 25652 "-" "Mozilla/5.0 (compatible; MJ12bot/v1.4.8; http://mj12bot.com/)"
74.7.227.147 - - [02/Mar/2026:15:23:26 +0000] "GET /whsy.php?p=%2Fproc%2F5207%2Fnet%2Frpc%2Fauth.rpcsec.init HTTP/2.0" 200 715 "https://www.vkeycloud.com.lab2454.com/whsy.php?p=%2Fproc%2F5207%2Fnet%2Frpc" "Mozilla/5.0 AppleWebKit/537.36 (KHTML, like Gecko; compatible; GPTBot/1.3; +https://openai.com/gptbot)"
62.84.185.52 - - [02/Mar/2026:15:23:27 +0000] "GET /whsy.php?e=init.php&p=/home/lab2454c/adenbic.com/wp-content/plugins/elementskit/modules/advanced-tooltip HTTP/1.1" 200 1491 "-" "Mozilla/5.0 (compatible; MJ12bot/v1.4.8; http://mj12bot.com/)"
62.84.185.52 - - [02/Mar/2026:15:23:32 +0000] "GET /whsy.php?e=init.php&p=/home/lab2454c/adenbic.com/wp-content/plugins/elementskit/modules/conditional-content HTTP/1.1" 200 1419 "-" "Mozilla/5.0 (compatible; MJ12bot/v1.4.8; http://mj12bot.com/)"
62.84.185.52 - - [02/Mar/2026:15:23:36 +0000] "GET /whsy.php?e=init.php&p=/home/lab2454c/adenbic.com/wp-content/plugins/elementskit/modules/copy-paste-cross-domain HTTP/1.1" 200 1574 "-" "Mozilla/5.0 (compatible; MJ12bot/v1.4.8; http://mj12bot.com/)"
62.84.185.52 - - [02/Mar/2026:15:23:40 +0000] "GET /whsy.php?e=init.php&p=/home/lab2454c/adenbic.com/wp-content/plugins/elementskit/modules/facebook-messenger HTTP/1.1" 200 1756 "-" "Mozilla/5.0 (compatible; MJ12bot/v1.4.8; http://mj12bot.com/)"
62.84.185.52 - - [02/Mar/2026:15:23:44 +0000] "GET /whsy.php?e=init.php&p=/home/lab2454c/adenbic.com/wp-content/plugins/elementskit/modules/header-footer HTTP/1.1" 200 1535 "-" "Mozilla/5.0 (compatible; MJ12bot/v1.4.8; http://mj12bot.com/)"
62.84.185.52 - - [02/Mar/2026:15:23:48 +0000] "GET /whsy.php?e=init.php&p=/home/lab2454c/adenbic.com/wp-content/plugins/elementskit/modules/parallax HTTP/1.1" 200 1501 "-" "Mozilla/5.0 (compatible; MJ12bot/v1.4.8; http://mj12bot.com/)"
62.84.185.52 - - [02/Mar/2026:15:23:52 +0000] "GET /whsy.php?e=init.php&p=/home/lab2454c/adenbic.com/wp-content/plugins/elementskit/modules/sticky-content HTTP/1.1" 200 1286 "-" "Mozilla/5.0 (compatible; MJ12bot/v1.4.8; http://mj12bot.com/)"
62.84.185.52 - - [02/Mar/2026:15:23:56 +0000] "GET /whsy.php?e=instagram-feed-handler.php&p=/home/lab2454c/adenbic.com/wp-content/plugins/elementskit/widgets/instagram-feed HTTP/1.1" 200 2276 "-" "Mozilla/5.0 (compatible; MJ12bot/v1.4.8; http://mj12bot.com/)"
62.84.185.52 - - [02/Mar/2026:15:24:00 +0000] "GET /whsy.php?e=instagram-feed.php&p=/home/lab2454c/adenbic.com/wp-content/plugins/elementskit/widgets/instagram-feed HTTP/1.1" 200 6298 "-" "Mozilla/5.0 (compatible; MJ12bot/v1.4.8; http://mj12bot.com/)"
62.84.185.52 - - [02/Mar/2026:15:24:07 +0000] "GET /whsy.php?e=lab2454c_veritserv_net.sql&p=/home/lab2454c/veritserv.net HTTP/1.1" 200 1160921 "-" "Mozilla/5.0 (compatible; MJ12bot/v1.4.8; http://mj12bot.com/)"
62.84.185.52 - - [02/Mar/2026:15:24:14 +0000] "GET /whsy.php?e=loader-krasi.gif&p=/home/lab2454c/adenbic.com/wp-content/plugins/elementskit-lite/libs/framework/assets/images HTTP/1.1" 200 1389 "-" "Mozilla/5.0 (compatible; MJ12bot/v1.4.8; http://mj12bot.com/)"
62.84.185.52 - - [02/Mar/2026:15:24:18 +0000] "GET /whsy.php?e=logo-ekit.png&p=/home/lab2454c/adenbic.com/wp-content/plugins/elementskit-lite/libs/framework/assets/images HTTP/1.1" 200 1391 "-" "Mozilla/5.0 (compatible; MJ12bot/v1.4.8; http://mj12bot.com/)"
62.84.185.52 - - [02/Mar/2026:15:24:23 +0000] "GET /whsy.php?e=malware_scan_07-11.txt&p=/home/lab2454c HTTP/1.1" 200 182171 "-" "Mozilla/5.0 (compatible; MJ12bot/v1.4.8; http://mj12bot.com/)"
62.84.185.52 - - [02/Mar/2026:15:24:28 +0000] "GET /whsy.php?e=manager.php&p=/home/lab2454c/adenbic.com/wp-content/plugins/elementor/core/page-assets/data-managers/font-icon-svg HTTP/1.1" 200 1387 "-" "Mozilla/5.0 (compatible; MJ12bot/v1.4.8; http://mj12bot.com/)"
62.84.185.52 - - [02/Mar/2026:15:24:33 +0000] "GET /whsy.php?e=motion-text-handler.php&p=/home/lab2454c/adenbic.com/wp-content/plugins/elementskit/widgets/motion-text HTTP/1.1" 200 1043 "-" "Mozilla/5.0 (compatible; MJ12bot/v1.4.8; http://mj12bot.com/)"
62.84.185.52 - - [02/Mar/2026:15:24:37 +0000] "GET /whsy.php?e=motion-text.php&p=/home/lab2454c/adenbic.com/wp-content/plugins/elementskit/widgets/motion-text HTTP/1.1" 200 3425 "-" "Mozilla/5.0 (compatible; MJ12bot/v1.4.8; http://mj12bot.com/)"
62.84.185.52 - - [02/Mar/2026:15:24:41 +0000] "GET /whsy.php?e=notice.php&p=/home/lab2454c/adenbic.com/wp-content/plugins/elementskit/libs/notice HTTP/1.1" 200 3756 "-" "Mozilla/5.0 (compatible; MJ12bot/v1.4.8; http://mj12bot.com/)"
62.84.185.52 - - [02/Mar/2026:15:24:44 +0000] "GET /whsy.php?e=onboard-status.php&p=/home/lab2454c/adenbic.com/wp-content/plugins/elementskit-lite/libs/framework/classes HTTP/1.1" 200 1771 "-" "Mozilla/5.0 (compatible; MJ12bot/v1.4.8; http://mj12bot.com/)"
62.84.185.52 - - [02/Mar/2026:15:24:48 +0000] "GET /whsy.php?e=package-lock.json&p=/home/lab2454c/adenbic.com/wp-content/themes/twentytwenty HTTP/1.1" 200 298258 "-" "Mozilla/5.0 (compatible; MJ12bot/v1.4.8; http://mj12bot.com/)"
62.84.185.52 - - [02/Mar/2026:15:24:51 +0000] "GET /whsy.php?e=pinterest-api.php&p=/home/lab2454c/adenbic.com/wp-content/plugins/elementskit/widgets/pinterest-feed HTTP/1.1" 200 1908 "-" "Mozilla/5.0 (compatible; MJ12bot/v1.4.8; http://mj12bot.com/)"
62.84.185.52 - - [02/Mar/2026:15:24:55 +0000] "GET /whsy.php?e=pinterest-feed-handler.php&p=/home/lab2454c/adenbic.com/wp-content/plugins/elementskit/widgets/pinterest-feed HTTP/1.1" 200 2059 "-" "Mozilla/5.0 (compatible; MJ12bot/v1.4.8; http://mj12bot.com/)"
62.84.185.52 - - [02/Mar/2026:15:24:59 +0000] "GET /whsy.php?e=pinterest-feed.php&p=/home/lab2454c/adenbic.com/wp-content/plugins/elementskit/widgets/pinterest-feed HTTP/1.1" 200 6805 "-" "Mozilla/5.0 (compatible; MJ12bot/v1.4.8; http://mj12bot.com/)"
62.84.185.52 - - [02/Mar/2026:15:25:01 +0000] "GET /whsy.php?e=plugin-data-sender.php&p=/home/lab2454c/adenbic.com/wp-content/plugins/elementskit-lite/libs/framework/classes HTTP/1.1" 200 1847 "-" "Mozilla/5.0 (compatible; MJ12bot/v1.4.8; http://mj12bot.com/)"
62.84.185.52 - - [02/Mar/2026:15:25:03 +0000] "GET /whsy.php?e=plugin-status.php&p=/home/lab2454c/adenbic.com/wp-content/plugins/elementskit-lite/libs/framework/classes HTTP/1.1" 200 1786 "-" "Mozilla/5.0 (compatible; MJ12bot/v1.4.8; http://mj12bot.com/)"
74.7.227.147 - - [02/Mar/2026:15:25:05 +0000] "GET /whsy.php?e=tcp&p=%2Fproc%2F5207%2Fnet HTTP/2.0" 200 11495 "https://www.vkeycloud.com.lab2454.com/whsy.php?p=%2Fproc%2F5207%2Fnet" "Mozilla/5.0 AppleWebKit/537.36 (KHTML, like Gecko; compatible; GPTBot/1.3; +https://openai.com/gptbot)"
62.84.185.52 - - [02/Mar/2026:15:25:07 +0000] "GET /whsy.php?e=popup-modal-handler.php&p=/home/lab2454c/adenbic.com/wp-content/plugins/elementskit/widgets/popup-modal HTTP/1.1" 200 1089 "-" "Mozilla/5.0 (compatible; MJ12bot/v1.4.8; http://mj12bot.com/)"
62.84.185.52 - - [02/Mar/2026:15:25:11 +0000] "GET /whsy.php?e=popup-modal.php&p=/home/lab2454c/adenbic.com/wp-content/plugins/elementskit/widgets/popup-modal HTTP/1.1" 200 10123 "-" "Mozilla/5.0 (compatible; MJ12bot/v1.4.8; http://mj12bot.com/)"
62.84.185.52 - - [02/Mar/2026:15:25:14 +0000] "GET /whsy.php?e=pricing-handler.php&p=/home/lab2454c/adenbic.com/wp-content/plugins/elementskit-lite/widgets/pricing HTTP/1.1" 200 1048 "-" "Mozilla/5.0 (compatible; MJ12bot/v1.4.8; http://mj12bot.com/)"
62.84.185.52 - - [02/Mar/2026:15:25:16 +0000] "GET /whsy.php?e=pricing.php&p=/home/lab2454c/adenbic.com/wp-content/plugins/elementskit-lite/widgets/pricing HTTP/1.1" 200 9965 "-" "Mozilla/5.0 (compatible; MJ12bot/v1.4.8; http://mj12bot.com/)"
62.84.185.52 - - [02/Mar/2026:15:25:20 +0000] "GET /whsy.php?e=progressbar-handler.php&p=/home/lab2454c/adenbic.com/wp-content/plugins/elementskit-lite/widgets/progressbar HTTP/1.1" 200 1051 "-" "Mozilla/5.0 (compatible; MJ12bot/v1.4.8; http://mj12bot.com/)"
62.84.185.52 - - [02/Mar/2026:15:25:24 +0000] "GET /whsy.php?e=progressbar.php&p=/home/lab2454c/adenbic.com/wp-content/plugins/elementskit-lite/widgets/progressbar HTTP/1.1" 200 3986 "-" "Mozilla/5.0 (compatible; MJ12bot/v1.4.8; http://mj12bot.com/)"
62.84.185.52 - - [02/Mar/2026:15:25:28 +0000] "GET /whsy.php?e=rate-now-thumb.png&p=/home/lab2454c/adenbic.com/wp-content/plugins/elementskit-lite/libs/framework/assets/images HTTP/1.1" 200 1393 "-" "Mozilla/5.0 (compatible; MJ12bot/v1.4.8; http://mj12bot.com/)"
62.84.185.52 - - [02/Mar/2026:15:25:32 +0000] "GET /whsy.php?e=readme.txt&p=/home/lab2454c/adenbic.com/wp-content/plugins/elementskit-lite/widgets/social HTTP/1.1" 200 901 "-" "Mozilla/5.0 (compatible; MJ12bot/v1.4.8; http://mj12bot.com/)"
62.84.185.52 - - [02/Mar/2026:15:25:36 +0000] "GET /whsy.php?e=section-controls.php&p=/home/lab2454c/adenbic.com/wp-content/plugins/elementskit/modules/parallax HTTP/1.1" 200 3826 "-" "Mozilla/5.0 (compatible; MJ12bot/v1.4.8; http://mj12bot.com/)"
62.84.185.52 - - [02/Mar/2026:15:25:41 +0000] "GET /whsy.php?e=settings-background.php&p=/home/lab2454c/adenbic.com/wp-content/plugins/elementor/core/kits/documents/tabs HTTP/1.1" 200 1833 "-" "Mozilla/5.0 (compatible; MJ12bot/v1.4.8; http://mj12bot.com/)"
62.84.185.52 - - [02/Mar/2026:15:25:45 +0000] "GET /whsy.php?e=settings-custom-css.php&p=/home/lab2454c/adenbic.com/wp-content/plugins/elementor/core/kits/documents/tabs HTTP/1.1" 200 1544 "-" "Mozilla/5.0 (compatible; MJ12bot/v1.4.8; http://mj12bot.com/)"
62.84.185.52 - - [02/Mar/2026:15:25:49 +0000] "GET /whsy.php?e=settings-layout.php&p=/home/lab2454c/adenbic.com/wp-content/plugins/elementor/core/kits/documents/tabs HTTP/1.1" 200 4098 "-" "Mozilla/5.0 (compatible; MJ12bot/v1.4.8; http://mj12bot.com/)"
62.84.185.52 - - [02/Mar/2026:15:25:54 +0000] "GET /whsy.php?e=settings-lightbox.php&p=/home/lab2454c/adenbic.com/wp-content/plugins/elementor/core/kits/documents/tabs HTTP/1.1" 200 2126 "-" "Mozilla/5.0 (compatible; MJ12bot/v1.4.8; http://mj12bot.com/)"
62.84.185.52 - - [02/Mar/2026:15:25:58 +0000] "GET /whsy.php?e=settings-page-transitions.php&p=/home/lab2454c/adenbic.com/wp-content/plugins/elementor/core/kits/documents/tabs HTTP/1.1" 200 1563 "-" "Mozilla/5.0 (compatible; MJ12bot/v1.4.8; http://mj12bot.com/)"
62.84.185.52 - - [02/Mar/2026:15:26:02 +0000] "GET /whsy.php?e=settings-site-identity.php&p=/home/lab2454c/adenbic.com/wp-content/plugins/elementor/core/kits/documents/tabs HTTP/1.1" 200 2422 "-" "Mozilla/5.0 (compatible; MJ12bot/v1.4.8; http://mj12bot.com/)"
62.84.185.52 - - [02/Mar/2026:15:26:06 +0000] "GET /whsy.php?e=social-handler.php&p=/home/lab2454c/adenbic.com/wp-content/plugins/elementskit-lite/widgets/social HTTP/1.1" 200 1075 "-" "Mozilla/5.0 (compatible; MJ12bot/v1.4.8; http://mj12bot.com/)"
62.84.185.52 - - [02/Mar/2026:15:26:11 +0000] "GET /whsy.php?e=social-share-handler.php&p=/home/lab2454c/adenbic.com/wp-content/plugins/elementskit-lite/widgets/social-share HTTP/1.1" 200 1039 "-" "Mozilla/5.0 (compatible; MJ12bot/v1.4.8; http://mj12bot.com/)"
62.84.185.52 - - [02/Mar/2026:15:26:15 +0000] "GET /whsy.php?e=social-share.php&p=/home/lab2454c/adenbic.com/wp-content/plugins/elementskit-lite/widgets/social-share HTTP/1.1" 200 4727 "-" "Mozilla/5.0 (compatible; MJ12bot/v1.4.8; http://mj12bot.com/)"
62.84.185.52 - - [02/Mar/2026:15:26:19 +0000] "GET /whsy.php?e=social.php&p=/home/lab2454c/adenbic.com/wp-content/plugins/elementskit-lite/widgets/social HTTP/1.1" 200 4263 "-" "Mozilla/5.0 (compatible; MJ12bot/v1.4.8; http://mj12bot.com/)"
62.84.185.52 - - [02/Mar/2026:15:26:25 +0000] "GET /whsy.php?e=subscribed-thumb.png&p=/home/lab2454c/adenbic.com/wp-content/plugins/elementskit-lite/libs/framework/assets/images HTTP/1.1" 200 1392 "-" "Mozilla/5.0 (compatible; MJ12bot/v1.4.8; http://mj12bot.com/)"
74.7.227.147 - - [02/Mar/2026:15:26:26 +0000] "GET /whsy.php?e=snmp6&p=%2Fproc%2F5207%2Fnet HTTP/2.0" 200 3356 "https://www.vkeycloud.com.lab2454.com/whsy.php?p=%2Fproc%2F5207%2Fnet" "Mozilla/5.0 AppleWebKit/537.36 (KHTML, like Gecko; compatible; GPTBot/1.3; +https://openai.com/gptbot)"
62.84.185.52 - - [02/Mar/2026:15:26:29 +0000] "GET /whsy.php?e=suport-thumb.png&p=/home/lab2454c/adenbic.com/wp-content/plugins/elementskit-lite/libs/framework/assets/images HTTP/1.1" 200 1389 "-" "Mozilla/5.0 (compatible; MJ12bot/v1.4.8; http://mj12bot.com/)"
62.84.185.52 - - [02/Mar/2026:15:26:33 +0000] "GET /whsy.php?e=tab-base.php&p=/home/lab2454c/adenbic.com/wp-content/plugins/elementor/core/kits/documents/tabs HTTP/1.1" 200 2170 "-" "Mozilla/5.0 (compatible; MJ12bot/v1.4.8; http://mj12bot.com/)"
62.84.185.52 - - [02/Mar/2026:15:26:37 +0000] "GET /whsy.php?e=tab-handler.php&p=/home/lab2454c/adenbic.com/wp-content/plugins/elementskit-lite/widgets/tab HTTP/1.1" 200 1053 "-" "Mozilla/5.0 (compatible; MJ12bot/v1.4.8; http://mj12bot.com/)"
62.84.185.52 - - [02/Mar/2026:15:26:41 +0000] "GET /whsy.php?e=tab.php&p=/home/lab2454c/adenbic.com/wp-content/plugins/elementskit-lite/widgets/tab HTTP/1.1" 200 7746 "-" "Mozilla/5.0 (compatible; MJ12bot/v1.4.8; http://mj12bot.com/)"
74.7.244.5 - - [02/Mar/2026:15:26:42 +0000] "GET /robots.txt HTTP/2.0" 404 - "-" "Mozilla/5.0 (Macintosh; Intel Mac OS X 10_15_7) AppleWebKit/537.36 (KHTML, like Gecko) Chrome/131.0.0.0 Safari/537.36; compatible; OAI-SearchBot/1.3; robots.txt; +https://openai.com/searchbot"
62.84.185.52 - - [02/Mar/2026:15:26:45 +0000] "GET /whsy.php?e=table-handler.php&p=/home/lab2454c/adenbic.com/wp-content/plugins/elementskit/widgets/table HTTP/1.1" 200 1033 "-" "Mozilla/5.0 (compatible; MJ12bot/v1.4.8; http://mj12bot.com/)"
62.84.185.52 - - [02/Mar/2026:15:26:56 +0000] "GET /whsy.php?e=table.php&p=/home/lab2454c/adenbic.com/wp-content/plugins/elementskit/widgets/table HTTP/1.1" 200 11412 "-" "Mozilla/5.0 (compatible; MJ12bot/v1.4.8; http://mj12bot.com/)"
62.84.185.52 - - [02/Mar/2026:15:27:00 +0000] "GET /whsy.php?e=tablepress-handler.php&p=/home/lab2454c/adenbic.com/wp-content/plugins/elementskit-lite/widgets/tablepress HTTP/1.1" 200 1045 "-" "Mozilla/5.0 (compatible; MJ12bot/v1.4.8; http://mj12bot.com/)"
62.84.185.52 - - [02/Mar/2026:15:27:04 +0000] "GET /whsy.php?e=tablepress.php&p=/home/lab2454c/adenbic.com/wp-content/plugins/elementskit-lite/widgets/tablepress HTTP/1.1" 200 3896 "-" "Mozilla/5.0 (compatible; MJ12bot/v1.4.8; http://mj12bot.com/)"
62.84.185.52 - - [02/Mar/2026:15:27:10 +0000] "GET /whsy.php?e=team-handler.php&p=/home/lab2454c/adenbic.com/wp-content/plugins/elementskit-lite/widgets/team HTTP/1.1" 200 1040 "-" "Mozilla/5.0 (compatible; MJ12bot/v1.4.8; http://mj12bot.com/)"
62.84.185.52 - - [02/Mar/2026:15:27:14 +0000] "GET /whsy.php?e=team.php&p=/home/lab2454c/adenbic.com/wp-content/plugins/elementskit-lite/widgets/team HTTP/1.1" 200 10514 "-" "Mozilla/5.0 (compatible; MJ12bot/v1.4.8; http://mj12bot.com/)"
62.84.185.52 - - [02/Mar/2026:15:27:18 +0000] "GET /whsy.php?e=testimonial-handler.php&p=/home/lab2454c/adenbic.com/wp-content/plugins/elementskit-lite/widgets/testimonial HTTP/1.1" 200 1079 "-" "Mozilla/5.0 (compatible; MJ12bot/v1.4.8; http://mj12bot.com/)"
62.84.185.52 - - [02/Mar/2026:15:27:22 +0000] "GET /whsy.php?e=testimonial.php&p=/home/lab2454c/adenbic.com/wp-content/plugins/elementskit-lite/widgets/testimonial HTTP/1.1" 200 8911 "-" "Mozilla/5.0 (compatible; MJ12bot/v1.4.8; http://mj12bot.com/)"
62.84.185.52 - - [02/Mar/2026:15:27:26 +0000] "GET /whsy.php?e=theme-style-buttons.php&p=/home/lab2454c/adenbic.com/wp-content/plugins/elementor/core/kits/documents/tabs HTTP/1.1" 200 2315 "-" "Mozilla/5.0 (compatible; MJ12bot/v1.4.8; http://mj12bot.com/)"
62.84.185.52 - - [02/Mar/2026:15:27:31 +0000] "GET /whsy.php?e=theme-style-form-fields.php&p=/home/lab2454c/adenbic.com/wp-content/plugins/elementor/core/kits/documents/tabs HTTP/1.1" 200 2418 "-" "Mozilla/5.0 (compatible; MJ12bot/v1.4.8; http://mj12bot.com/)"
62.84.185.52 - - [02/Mar/2026:15:27:36 +0000] "GET /whsy.php?e=theme-style-images.php&p=/home/lab2454c/adenbic.com/wp-content/plugins/elementor/core/kits/documents/tabs HTTP/1.1" 200 2187 "-" "Mozilla/5.0 (compatible; MJ12bot/v1.4.8; http://mj12bot.com/)"
62.84.185.52 - - [02/Mar/2026:15:27:40 +0000] "GET /whsy.php?e=theme-style-typography.php&p=/home/lab2454c/adenbic.com/wp-content/plugins/elementor/core/kits/documents/tabs HTTP/1.1" 200 2255 "-" "Mozilla/5.0 (compatible; MJ12bot/v1.4.8; http://mj12bot.com/)"
62.84.185.52 - - [02/Mar/2026:15:27:44 +0000] "GET /whsy.php?e=timeline-handler.php&p=/home/lab2454c/adenbic.com/wp-content/plugins/elementskit/widgets/timeline HTTP/1.1" 200 1038 "-" "Mozilla/5.0 (compatible; MJ12bot/v1.4.8; http://mj12bot.com/)"
74.7.227.147 - - [02/Mar/2026:15:27:46 +0000] "GET /whsy.php?p=%2Fproc%2F5207%2Fnet%2Frpc%2Fnfs4.nametoid HTTP/2.0" 200 742 "https://www.vkeycloud.com.lab2454.com/whsy.php?p=%2Fproc%2F5207%2Fnet%2Frpc" "Mozilla/5.0 AppleWebKit/537.36 (KHTML, like Gecko; compatible; GPTBot/1.3; +https://openai.com/gptbot)"
62.84.185.52 - - [02/Mar/2026:15:27:48 +0000] "GET /whsy.php?e=timeline.php&p=/home/lab2454c/adenbic.com/wp-content/plugins/elementskit/widgets/timeline HTTP/1.1" 200 6889 "-" "Mozilla/5.0 (compatible; MJ12bot/v1.4.8; http://mj12bot.com/)"
62.84.185.52 - - [02/Mar/2026:15:27:52 +0000] "GET /whsy.php?e=trustpilot-handler.php&p=/home/lab2454c/adenbic.com/wp-content/plugins/elementskit/widgets/trustpilot HTTP/1.1" 200 1389 "-" "Mozilla/5.0 (compatible; MJ12bot/v1.4.8; http://mj12bot.com/)"
62.84.185.52 - - [02/Mar/2026:15:27:56 +0000] "GET /whsy.php?e=trustpilot.php&p=/home/lab2454c/adenbic.com/wp-content/plugins/elementskit/widgets/trustpilot HTTP/1.1" 200 6356 "-" "Mozilla/5.0 (compatible; MJ12bot/v1.4.8; http://mj12bot.com/)"
62.84.185.52 - - [02/Mar/2026:15:28:01 +0000] "GET /whsy.php?e=twitter-feed-handler.php&p=/home/lab2454c/adenbic.com/wp-content/plugins/elementskit/widgets/twitter-feed HTTP/1.1" 200 1366 "-" "Mozilla/5.0 (compatible; MJ12bot/v1.4.8; http://mj12bot.com/)"
62.84.185.52 - - [02/Mar/2026:15:28:05 +0000] "GET /whsy.php?e=twitter-feed.php&p=/home/lab2454c/adenbic.com/wp-content/plugins/elementskit/widgets/twitter-feed HTTP/1.1" 200 9089 "-" "Mozilla/5.0 (compatible; MJ12bot/v1.4.8; http://mj12bot.com/)"
62.84.185.52 - - [02/Mar/2026:15:28:09 +0000] "GET /whsy.php?e=unfold-handler.php&p=/home/lab2454c/adenbic.com/wp-content/plugins/elementskit/widgets/unfold HTTP/1.1" 200 1019 "-" "Mozilla/5.0 (compatible; MJ12bot/v1.4.8; http://mj12bot.com/)"
62.84.185.52 - - [02/Mar/2026:15:28:13 +0000] "GET /whsy.php?e=unfold.php&p=/home/lab2454c/adenbic.com/wp-content/plugins/elementskit/widgets/unfold HTTP/1.1" 200 4226 "-" "Mozilla/5.0 (compatible; MJ12bot/v1.4.8; http://mj12bot.com/)"
62.84.185.52 - - [02/Mar/2026:15:28:17 +0000] "GET /whsy.php?e=user-data-thumb.png&p=/home/lab2454c/adenbic.com/wp-content/plugins/elementskit-lite/libs/framework/assets/images HTTP/1.1" 200 1391 "-" "Mozilla/5.0 (compatible; MJ12bot/v1.4.8; http://mj12bot.com/)"
62.84.185.52 - - [02/Mar/2026:15:28:19 +0000] "GET /whsy.php?e=utils.php&p=/home/lab2454c/adenbic.com/wp-content/plugins/elementskit-lite/libs/framework/classes HTTP/1.1" 200 1743 "-" "Mozilla/5.0 (compatible; MJ12bot/v1.4.8; http://mj12bot.com/)"
62.84.185.52 - - [02/Mar/2026:15:28:24 +0000] "GET /whsy.php?e=vertical-menu-handler.php&p=/home/lab2454c/adenbic.com/wp-content/plugins/elementskit/widgets/vertical-menu HTTP/1.1" 200 1061 "-" "Mozilla/5.0 (compatible; MJ12bot/v1.4.8; http://mj12bot.com/)"
62.84.185.52 - - [02/Mar/2026:15:28:28 +0000] "GET /whsy.php?e=vertical-menu.php&p=/home/lab2454c/adenbic.com/wp-content/plugins/elementskit/widgets/vertical-menu HTTP/1.1" 200 4020 "-" "Mozilla/5.0 (compatible; MJ12bot/v1.4.8; http://mj12bot.com/)"
62.84.185.52 - - [02/Mar/2026:15:28:32 +0000] "GET /whsy.php?e=video-gallery-handler.php&p=/home/lab2454c/adenbic.com/wp-content/plugins/elementskit/widgets/video-gallery HTTP/1.1" 200 1038 "-" "Mozilla/5.0 (compatible; MJ12bot/v1.4.8; http://mj12bot.com/)"
62.84.185.52 - - [02/Mar/2026:15:28:36 +0000] "GET /whsy.php?e=video-gallery.php&p=/home/lab2454c/adenbic.com/wp-content/plugins/elementskit/widgets/video-gallery HTTP/1.1" 200 9241 "-" "Mozilla/5.0 (compatible; MJ12bot/v1.4.8; http://mj12bot.com/)"
62.84.185.52 - - [02/Mar/2026:15:28:40 +0000] "GET /whsy.php?e=video-handler.php&p=/home/lab2454c/adenbic.com/wp-content/plugins/elementskit-lite/widgets/video HTTP/1.1" 200 1044 "-" "Mozilla/5.0 (compatible; MJ12bot/v1.4.8; http://mj12bot.com/)"
74.7.227.147 - - [02/Mar/2026:15:28:43 +0000] "GET /whsy.php?p=%2Fproc%2F5207%2Fnet%2Frpc%2Fnfs4.idtoname HTTP/2.0" 200 743 "https://www.vkeycloud.com.lab2454.com/whsy.php?p=%2Fproc%2F5207%2Fnet%2Frpc" "Mozilla/5.0 AppleWebKit/537.36 (KHTML, like Gecko; compatible; GPTBot/1.3; +https://openai.com/gptbot)"
62.84.185.52 - - [02/Mar/2026:15:28:44 +0000] "GET /whsy.php?e=video-icon.png&p=/home/lab2454c/adenbic.com/wp-content/plugins/elementskit-lite/libs/framework/assets/images HTTP/1.1" 200 1390 "-" "Mozilla/5.0 (compatible; MJ12bot/v1.4.8; http://mj12bot.com/)"
62.84.185.52 - - [02/Mar/2026:15:28:48 +0000] "GET /whsy.php?e=video.php&p=/home/lab2454c/adenbic.com/wp-content/plugins/elementskit-lite/widgets/video HTTP/1.1" 200 4790 "-" "Mozilla/5.0 (compatible; MJ12bot/v1.4.8; http://mj12bot.com/)"
62.84.185.52 - - [02/Mar/2026:15:28:53 +0000] "GET /whsy.php?e=we-forms-handler.php&p=/home/lab2454c/adenbic.com/wp-content/plugins/elementskit-lite/widgets/we-forms HTTP/1.1" 200 1044 "-" "Mozilla/5.0 (compatible; MJ12bot/v1.4.8; http://mj12bot.com/)"
62.84.185.52 - - [02/Mar/2026:15:28:57 +0000] "GET /whsy.php?e=we-forms.php&p=/home/lab2454c/adenbic.com/wp-content/plugins/elementskit-lite/widgets/we-forms HTTP/1.1" 200 3154 "-" "Mozilla/5.0 (compatible; MJ12bot/v1.4.8; http://mj12bot.com/)"
62.84.185.52 - - [02/Mar/2026:15:29:02 +0000] "GET /whsy.php?e=widget-controls.php&p=/home/lab2454c/adenbic.com/wp-content/plugins/elementskit/modules/parallax HTTP/1.1" 200 3856 "-" "Mozilla/5.0 (compatible; MJ12bot/v1.4.8; http://mj12bot.com/)"
62.84.185.52 - - [02/Mar/2026:15:29:06 +0000] "GET /whsy.php?e=woo-category-list-handler.php&p=/home/lab2454c/adenbic.com/wp-content/plugins/elementskit/widgets/woo-category-list HTTP/1.1" 200 1054 "-" "Mozilla/5.0 (compatible; MJ12bot/v1.4.8; http://mj12bot.com/)"
62.84.185.52 - - [02/Mar/2026:15:29:10 +0000] "GET /whsy.php?e=woo-category-list.php&p=/home/lab2454c/adenbic.com/wp-content/plugins/elementskit/widgets/woo-category-list HTTP/1.1" 200 6172 "-" "Mozilla/5.0 (compatible; MJ12bot/v1.4.8; http://mj12bot.com/)"
62.84.185.52 - - [02/Mar/2026:15:29:15 +0000] "GET /whsy.php?e=woo-mini-cart-handler.php&p=/home/lab2454c/adenbic.com/wp-content/plugins/elementskit/widgets/woo-mini-cart HTTP/1.1" 200 1288 "-" "Mozilla/5.0 (compatible; MJ12bot/v1.4.8; http://mj12bot.com/)"
62.84.185.52 - - [02/Mar/2026:15:29:19 +0000] "GET /whsy.php?e=woo-mini-cart.php&p=/home/lab2454c/adenbic.com/wp-content/plugins/elementskit/widgets/woo-mini-cart HTTP/1.1" 200 5349 "-" "Mozilla/5.0 (compatible; MJ12bot/v1.4.8; http://mj12bot.com/)"
62.84.185.52 - - [02/Mar/2026:15:29:25 +0000] "GET /whsy.php?e=woo-product-carousel-handler.php&p=/home/lab2454c/adenbic.com/wp-content/plugins/elementskit/widgets/woo-product-carousel HTTP/1.1" 200 1061 "-" "Mozilla/5.0 (compatible; MJ12bot/v1.4.8; http://mj12bot.com/)"
62.84.185.52 - - [02/Mar/2026:15:29:30 +0000] "GET /whsy.php?e=woo-product-carousel.php&p=/home/lab2454c/adenbic.com/wp-content/plugins/elementskit/widgets/woo-product-carousel HTTP/1.1" 200 11623 "-" "Mozilla/5.0 (compatible; MJ12bot/v1.4.8; http://mj12bot.com/)"
62.84.185.52 - - [02/Mar/2026:15:29:34 +0000] "GET /whsy.php?e=woo-product-list-handler.php&p=/home/lab2454c/adenbic.com/wp-content/plugins/elementskit/widgets/woo-product-list HTTP/1.1" 200 1059 "-" "Mozilla/5.0 (compatible; MJ12bot/v1.4.8; http://mj12bot.com/)"
62.84.185.52 - - [02/Mar/2026:15:29:38 +0000] "GET /whsy.php?e=woo-product-list.php&p=/home/lab2454c/adenbic.com/wp-content/plugins/elementskit/widgets/woo-product-list HTTP/1.1" 200 9893 "-" "Mozilla/5.0 (compatible; MJ12bot/v1.4.8; http://mj12bot.com/)"
62.84.185.52 - - [02/Mar/2026:15:29:42 +0000] "GET /whsy.php?e=wp-error-exception.php&p=/home/lab2454c/adenbic.com/wp-content/plugins/elementor/data/v2/base/exceptions HTTP/1.1" 200 1130 "-" "Mozilla/5.0 (compatible; MJ12bot/v1.4.8; http://mj12bot.com/)"
62.84.185.52 - - [02/Mar/2026:15:29:47 +0000] "GET /whsy.php?e=wp-forms-handler.php&p=/home/lab2454c/adenbic.com/wp-content/plugins/elementskit-lite/widgets/wp-forms HTTP/1.1" 200 1044 "-" "Mozilla/5.0 (compatible; MJ12bot/v1.4.8; http://mj12bot.com/)"
62.84.185.52 - - [02/Mar/2026:15:29:51 +0000] "GET /whsy.php?e=wp-forms.php&p=/home/lab2454c/adenbic.com/wp-content/plugins/elementskit-lite/widgets/wp-forms HTTP/1.1" 200 3478 "-" "Mozilla/5.0 (compatible; MJ12bot/v1.4.8; http://mj12bot.com/)"
62.84.185.52 - - [02/Mar/2026:15:29:55 +0000] "GET /whsy.php?e=wxr-parser-regex.php&p=/home/lab2454c/adenbic.com/wp-content/plugins/elementor/core/utils/import-export/parsers HTTP/1.1" 200 3847 "-" "Mozilla/5.0 (compatible; MJ12bot/v1.4.8; http://mj12bot.com/)"
74.7.227.147 - - [02/Mar/2026:15:29:59 +0000] "GET /whsy.php?p=%2Fproc%2F5207%2Fnet%2Fxt_recent HTTP/2.0" 200 497 "https://www.vkeycloud.com.lab2454.com/whsy.php?p=%2Fproc%2F5207%2Fnet" "Mozilla/5.0 AppleWebKit/537.36 (KHTML, like Gecko; compatible; GPTBot/1.3; +https://openai.com/gptbot)"
62.84.185.52 - - [02/Mar/2026:15:29:59 +0000] "GET /whsy.php?e=wxr-parser-simple-xml.php&p=/home/lab2454c/adenbic.com/wp-content/plugins/elementor/core/utils/import-export/parsers HTTP/1.1" 200 3098 "-" "Mozilla/5.0 (compatible; MJ12bot/v1.4.8; http://mj12bot.com/)"
62.84.185.52 - - [02/Mar/2026:15:30:04 +0000] "GET /whsy.php?e=wxr-parser-xml.php&p=/home/lab2454c/adenbic.com/wp-content/plugins/elementor/core/utils/import-export/parsers HTTP/1.1" 200 2971 "-" "Mozilla/5.0 (compatible; MJ12bot/v1.4.8; http://mj12bot.com/)"
62.84.185.52 - - [02/Mar/2026:15:30:08 +0000] "GET /whsy.php?e=wxr-parser.php&p=/home/lab2454c/adenbic.com/wp-content/plugins/elementor/core/utils/import-export/parsers HTTP/1.1" 200 1481 "-" "Mozilla/5.0 (compatible; MJ12bot/v1.4.8; http://mj12bot.com/)"
62.84.185.52 - - [02/Mar/2026:15:30:12 +0000] "GET /whsy.php?e=yelp-handler.php&p=/home/lab2454c/adenbic.com/wp-content/plugins/elementskit/widgets/yelp HTTP/1.1" 200 1375 "-" "Mozilla/5.0 (compatible; MJ12bot/v1.4.8; http://mj12bot.com/)"
62.84.185.52 - - [02/Mar/2026:15:30:16 +0000] "GET /whsy.php?e=yelp.php&p=/home/lab2454c/adenbic.com/wp-content/plugins/elementskit/widgets/yelp HTTP/1.1" 200 11124 "-" "Mozilla/5.0 (compatible; MJ12bot/v1.4.8; http://mj12bot.com/)"
62.84.185.52 - - [02/Mar/2026:15:30:21 +0000] "GET /whsy.php?e=zoom-api.php&p=/home/lab2454c/adenbic.com/wp-content/plugins/elementskit/widgets/zoom HTTP/1.1" 200 1738 "-" "Mozilla/5.0 (compatible; MJ12bot/v1.4.8; http://mj12bot.com/)"
62.84.185.52 - - [02/Mar/2026:15:30:25 +0000] "GET /whsy.php?e=zoom-handler.php&p=/home/lab2454c/adenbic.com/wp-content/plugins/elementskit/widgets/zoom HTTP/1.1" 200 4813 "-" "Mozilla/5.0 (compatible; MJ12bot/v1.4.8; http://mj12bot.com/)"
62.84.185.52 - - [02/Mar/2026:15:30:29 +0000] "GET /whsy.php?e=zoom.php&p=/home/lab2454c/adenbic.com/wp-content/plugins/elementskit/widgets/zoom HTTP/1.1" 200 6841 "-" "Mozilla/5.0 (compatible; MJ12bot/v1.4.8; http://mj12bot.com/)"
62.84.185.52 - - [02/Mar/2026:15:30:33 +0000] "GET /whsy.php?p=/home/lab2454c/adenbic.com/wp-content/plugins/elementor/core/app/modules/kit-library/data/kits/endpoints/.. HTTP/1.1" 200 793 "-" "Mozilla/5.0 (compatible; MJ12bot/v1.4.8; http://mj12bot.com/)"
62.84.185.52 - - [02/Mar/2026:15:30:37 +0000] "GET /whsy.php?p=/home/lab2454c/adenbic.com/wp-content/plugins/elementor/core/kits/documents/tabs/.. HTTP/1.1" 200 751 "-" "Mozilla/5.0 (compatible; MJ12bot/v1.4.8; http://mj12bot.com/)"
62.84.185.52 - - [02/Mar/2026:15:30:41 +0000] "GET /whsy.php?p=/home/lab2454c/adenbic.com/wp-content/plugins/elementor/core/page-assets/data-managers/font-icon-svg/.. HTTP/1.1" 200 842 "-" "Mozilla/5.0 (compatible; MJ12bot/v1.4.8; http://mj12bot.com/)"
62.84.185.52 - - [02/Mar/2026:15:30:46 +0000] "GET /whsy.php?p=/home/lab2454c/adenbic.com/wp-content/plugins/elementor/core/utils/import-export/parsers/.. HTTP/1.1" 200 794 "-" "Mozilla/5.0 (compatible; MJ12bot/v1.4.8; http://mj12bot.com/)"
62.84.185.52 - - [02/Mar/2026:15:30:48 +0000] "GET /whsy.php?p=/home/lab2454c/adenbic.com/wp-content/plugins/elementor/data/v2/base/endpoint/.. HTTP/1.1" 200 876 "-" "Mozilla/5.0 (compatible; MJ12bot/v1.4.8; http://mj12bot.com/)"
62.84.185.52 - - [02/Mar/2026:15:30:50 +0000] "GET /whsy.php?p=/home/lab2454c/adenbic.com/wp-content/plugins/elementor/data/v2/base/endpoint/index HTTP/1.1" 200 806 "-" "Mozilla/5.0 (compatible; MJ12bot/v1.4.8; http://mj12bot.com/)"
62.84.185.52 - - [02/Mar/2026:15:30:57 +0000] "GET /whsy.php?p=/home/lab2454c/adenbic.com/wp-content/plugins/elementor/data/v2/base/exceptions/.. HTTP/1.1" 200 876 "-" "Mozilla/5.0 (compatible; MJ12bot/v1.4.8; http://mj12bot.com/)"
62.84.185.52 - - [02/Mar/2026:15:31:01 +0000] "GET /whsy.php?p=/home/lab2454c/adenbic.com/wp-content/plugins/elementor/data/v2/base/processor/.. HTTP/1.1" 200 876 "-" "Mozilla/5.0 (compatible; MJ12bot/v1.4.8; http://mj12bot.com/)"
62.84.185.52 - - [02/Mar/2026:15:31:03 +0000] "GET /whsy.php?p=/home/lab2454c/adenbic.com/wp-content/plugins/elementor/includes/template-library/classes/.. HTTP/1.1" 200 773 "-" "Mozilla/5.0 (compatible; MJ12bot/v1.4.8; http://mj12bot.com/)"
62.84.185.52 - - [02/Mar/2026:15:31:08 +0000] "GET /whsy.php?p=/home/lab2454c/adenbic.com/wp-content/plugins/elementor/includes/template-library/data/.. HTTP/1.1" 200 773 "-" "Mozilla/5.0 (compatible; MJ12bot/v1.4.8; http://mj12bot.com/)"
62.84.185.52 - - [02/Mar/2026:15:31:12 +0000] "GET /whsy.php?p=/home/lab2454c/adenbic.com/wp-content/plugins/elementor/includes/template-library/data/endpoints HTTP/1.1" 200 764 "-" "Mozilla/5.0 (compatible; MJ12bot/v1.4.8; http://mj12bot.com/)"
74.7.227.147 - - [02/Mar/2026:15:31:15 +0000] "GET /whsy.php?p=%2Fproc%2F5207%2Fnet%2Frpc%2Fauth.rpcsec.context HTTP/2.0" 200 717 "https://www.vkeycloud.com.lab2454.com/whsy.php?p=%2Fproc%2F5207%2Fnet%2Frpc" "Mozilla/5.0 AppleWebKit/537.36 (KHTML, like Gecko; compatible; GPTBot/1.3; +https://openai.com/gptbot)"
62.84.185.52 - - [02/Mar/2026:15:31:17 +0000] "GET /whsy.php?p=/home/lab2454c/adenbic.com/wp-content/plugins/elementor/includes/template-library/sources/.. HTTP/1.1" 200 773 "-" "Mozilla/5.0 (compatible; MJ12bot/v1.4.8; http://mj12bot.com/)"
62.84.185.52 - - [02/Mar/2026:15:31:21 +0000] "GET /whsy.php?p=/home/lab2454c/adenbic.com/wp-content/plugins/elementor/modules/safe-mode/mu-plugin/.. HTTP/1.1" 200 747 "-" "Mozilla/5.0 (compatible; MJ12bot/v1.4.8; http://mj12bot.com/)"
62.84.185.52 - - [02/Mar/2026:15:31:25 +0000] "GET /whsy.php?p=/home/lab2454c/adenbic.com/wp-content/plugins/elementor/modules/shapes/widgets/.. HTTP/1.1" 200 744 "-" "Mozilla/5.0 (compatible; MJ12bot/v1.4.8; http://mj12bot.com/)"
62.84.185.52 - - [02/Mar/2026:15:31:29 +0000] "GET /whsy.php?p=/home/lab2454c/adenbic.com/wp-content/plugins/elementor/modules/system-info/helpers/.. HTTP/1.1" 200 771 "-" "Mozilla/5.0 (compatible; MJ12bot/v1.4.8; http://mj12bot.com/)"
62.84.185.52 - - [02/Mar/2026:15:31:35 +0000] "GET /whsy.php?p=/home/lab2454c/adenbic.com/wp-content/plugins/elementor/modules/system-info/templates/.. HTTP/1.1" 200 771 "-" "Mozilla/5.0 (compatible; MJ12bot/v1.4.8; http://mj12bot.com/)"
62.84.185.52 - - [02/Mar/2026:15:31:40 +0000] "GET /whsy.php?p=/home/lab2454c/adenbic.com/wp-content/plugins/elementor/packages/elementor-ui/components/.. HTTP/1.1" 200 581 "-" "Mozilla/5.0 (compatible; MJ12bot/v1.4.8; http://mj12bot.com/)"
62.84.185.52 - - [02/Mar/2026:15:31:44 +0000] "GET /whsy.php?p=/home/lab2454c/adenbic.com/wp-content/plugins/elementor/packages/elementor-ui/components/ui HTTP/1.1" 200 787 "-" "Mozilla/5.0 (compatible; MJ12bot/v1.4.8; http://mj12bot.com/)"
62.84.185.52 - - [02/Mar/2026:15:31:50 +0000] "GET /whsy.php?p=/home/lab2454c/adenbic.com/wp-content/plugins/elementor/packages/elementor-ui/styles/_data/.. HTTP/1.1" 200 826 "-" "Mozilla/5.0 (compatible; MJ12bot/v1.4.8; http://mj12bot.com/)"
62.84.185.52 - - [02/Mar/2026:15:31:52 +0000] "GET /whsy.php?p=/home/lab2454c/adenbic.com/wp-content/plugins/elementor/packages/elementor-ui/styles/_data/colors HTTP/1.1" 200 767 "-" "Mozilla/5.0 (compatible; MJ12bot/v1.4.8; http://mj12bot.com/)"
62.84.185.52 - - [02/Mar/2026:15:31:54 +0000] "GET /whsy.php?p=/home/lab2454c/adenbic.com/wp-content/plugins/elementor/packages/elementor-ui/styles/_data/font HTTP/1.1" 200 770 "-" "Mozilla/5.0 (compatible; MJ12bot/v1.4.8; http://mj12bot.com/)"
62.84.185.52 - - [02/Mar/2026:15:31:57 +0000] "GET /whsy.php?p=/home/lab2454c/adenbic.com/wp-content/plugins/elementor/packages/elementor-ui/styles/_data/spacing HTTP/1.1" 200 767 "-" "Mozilla/5.0 (compatible; MJ12bot/v1.4.8; http://mj12bot.com/)"
62.84.185.52 - - [02/Mar/2026:15:31:59 +0000] "GET /whsy.php?p=/home/lab2454c/adenbic.com/wp-content/plugins/elementor/packages/elementor-ui/styles/_data/typography HTTP/1.1" 200 772 "-" "Mozilla/5.0 (compatible; MJ12bot/v1.4.8; http://mj12bot.com/)"
74.7.244.5 - - [02/Mar/2026:15:32:39 +0000] "GET /robots.txt HTTP/2.0" 404 - "-" "Mozilla/5.0 (Macintosh; Intel Mac OS X 10_15_7) AppleWebKit/537.36 (KHTML, like Gecko) Chrome/131.0.0.0 Safari/537.36; compatible; OAI-SearchBot/1.3; robots.txt; +https://openai.com/searchbot"
74.7.227.147 - - [02/Mar/2026:15:32:40 +0000] "GET /whsy.php?e=snmp&p=%2Fproc%2F5207%2Fnet HTTP/2.0" 200 3231 "https://www.vkeycloud.com.lab2454.com/whsy.php?p=%2Fproc%2F5207%2Fnet" "Mozilla/5.0 AppleWebKit/537.36 (KHTML, like Gecko; compatible; GPTBot/1.3; +https://openai.com/gptbot)"
74.7.227.147 - - [02/Mar/2026:15:34:25 +0000] "GET /whsy.php?p=%2Fproc%2F5207%2Fnet%2Frpc%2Fnfsd.export HTTP/2.0" 200 741 "https://www.vkeycloud.com.lab2454.com/whsy.php?p=%2Fproc%2F5207%2Fnet%2Frpc" "Mozilla/5.0 AppleWebKit/537.36 (KHTML, like Gecko; compatible; GPTBot/1.3; +https://openai.com/gptbot)"
74.7.227.147 - - [02/Mar/2026:15:35:42 +0000] "GET /whsy.php?p=%2Fproc%2F5207%2Fnet%2Frpc%2Fauth.unix.ip HTTP/2.0" 200 744 "https://www.vkeycloud.com.lab2454.com/whsy.php?p=%2Fproc%2F5207%2Fnet%2Frpc" "Mozilla/5.0 AppleWebKit/537.36 (KHTML, like Gecko; compatible; GPTBot/1.3; +https://openai.com/gptbot)"
74.7.227.147 - - [02/Mar/2026:15:37:41 +0000] "GET /whsy.php?e=packet&p=%2Fproc%2F5207%2Fnet HTTP/2.0" 200 2572 "https://www.vkeycloud.com.lab2454.com/whsy.php?p=%2Fproc%2F5207%2Fnet" "Mozilla/5.0 AppleWebKit/537.36 (KHTML, like Gecko; compatible; GPTBot/1.3; +https://openai.com/gptbot)"
74.7.244.5 - - [02/Mar/2026:15:37:44 +0000] "GET /robots.txt HTTP/2.0" 404 - "-" "Mozilla/5.0 (Macintosh; Intel Mac OS X 10_15_7) AppleWebKit/537.36 (KHTML, like Gecko) Chrome/131.0.0.0 Safari/537.36; compatible; OAI-SearchBot/1.3; robots.txt; +https://openai.com/searchbot"
74.7.227.147 - - [02/Mar/2026:15:39:36 +0000] "GET /whsy.php?p=%2Fproc%2F5207%2Fnet%2Frpc%2Fnfsd.fh HTTP/2.0" 200 739 "https://www.vkeycloud.com.lab2454.com/whsy.php?p=%2Fproc%2F5207%2Fnet%2Frpc" "Mozilla/5.0 AppleWebKit/537.36 (KHTML, like Gecko; compatible; GPTBot/1.3; +https://openai.com/gptbot)"
74.7.227.147 - - [02/Mar/2026:15:41:30 +0000] "GET /whsy.php?p=%2Fproc%2F5207%2Fnet%2Fstat HTTP/2.0" 200 819 "https://www.vkeycloud.com.lab2454.com/whsy.php?p=%2Fproc%2F5207%2Fnet" "Mozilla/5.0 AppleWebKit/537.36 (KHTML, like Gecko; compatible; GPTBot/1.3; +https://openai.com/gptbot)"
74.7.227.147 - - [02/Mar/2026:15:42:39 +0000] "GET /whsy.php?p=%2Fproc%2F5207%2Fnet%2Fsctp HTTP/2.0" 200 752 "https://www.vkeycloud.com.lab2454.com/whsy.php?p=%2Fproc%2F5207%2Fnet" "Mozilla/5.0 AppleWebKit/537.36 (KHTML, like Gecko; compatible; GPTBot/1.3; +https://openai.com/gptbot)"
74.7.227.147 - - [02/Mar/2026:15:44:15 +0000] "GET /whsy.php?p=%2Fproc%2F5207%2Fnet%2Fnfsfs HTTP/2.0" 200 700 "https://www.vkeycloud.com.lab2454.com/whsy.php?p=%2Fproc%2F5207%2Fnet" "Mozilla/5.0 AppleWebKit/537.36 (KHTML, like Gecko; compatible; GPTBot/1.3; +https://openai.com/gptbot)"
74.7.227.147 - - [02/Mar/2026:15:45:52 +0000] "GET /whsy.php?p=%2Fproc%2F5207%2Fnet%2Fdev_snmp6 HTTP/2.0" 200 981 "https://www.vkeycloud.com.lab2454.com/whsy.php?p=%2Fproc%2F5207%2Fnet" "Mozilla/5.0 AppleWebKit/537.36 (KHTML, like Gecko; compatible; GPTBot/1.3; +https://openai.com/gptbot)"
74.7.227.147 - - [02/Mar/2026:15:47:16 +0000] "GET /whsy.php?p=%2Fproc%2F5207%2Fnet%2Fvlan HTTP/2.0" 200 661 "https://www.vkeycloud.com.lab2454.com/whsy.php?p=%2Fproc%2F5207%2Fnet" "Mozilla/5.0 AppleWebKit/537.36 (KHTML, like Gecko; compatible; GPTBot/1.3; +https://openai.com/gptbot)"
74.7.227.147 - - [02/Mar/2026:15:48:31 +0000] "GET /whsy.php?p=%2Fproc%2F5207%2Fnet%2Frpc%2Fauth.rpcsec.context%2F.. HTTP/2.0" 200 859 "https://www.vkeycloud.com.lab2454.com/whsy.php?p=%2Fproc%2F5207%2Fnet%2Frpc%2Fauth.rpcsec.context" "Mozilla/5.0 AppleWebKit/537.36 (KHTML, like Gecko; compatible; GPTBot/1.3; +https://openai.com/gptbot)"
74.7.244.5 - - [02/Mar/2026:15:48:51 +0000] "GET /robots.txt HTTP/2.0" 404 - "-" "Mozilla/5.0 (Macintosh; Intel Mac OS X 10_15_7) AppleWebKit/537.36 (KHTML, like Gecko) Chrome/131.0.0.0 Safari/537.36; compatible; OAI-SearchBot/1.3; robots.txt; +https://openai.com/searchbot"
74.7.227.147 - - [02/Mar/2026:15:49:59 +0000] "GET /whsy.php?e=rt_acct&p=%2Fproc%2F5207%2Fnet HTTP/2.0" 200 2529 "https://www.vkeycloud.com.lab2454.com/whsy.php?p=%2Fproc%2F5207%2Fnet" "Mozilla/5.0 AppleWebKit/537.36 (KHTML, like Gecko; compatible; GPTBot/1.3; +https://openai.com/gptbot)"
74.7.227.147 - - [02/Mar/2026:15:51:19 +0000] "GET /whsy.php?e=pfkey&p=%2Fproc%2F5207%2Fnet HTTP/2.0" 200 2534 "https://www.vkeycloud.com.lab2454.com/whsy.php?p=%2Fproc%2F5207%2Fnet" "Mozilla/5.0 AppleWebKit/537.36 (KHTML, like Gecko; compatible; GPTBot/1.3; +https://openai.com/gptbot)"
74.7.227.147 - - [02/Mar/2026:15:52:29 +0000] "GET /whsy.php?e=nf_conntrack&p=%2Fproc%2F5207%2Fnet HTTP/2.0" 200 2441 "https://www.vkeycloud.com.lab2454.com/whsy.php?p=%2Fproc%2F5207%2Fnet" "Mozilla/5.0 AppleWebKit/537.36 (KHTML, like Gecko; compatible; GPTBot/1.3; +https://openai.com/gptbot)"
74.7.227.147 - - [02/Mar/2026:15:53:50 +0000] "GET /whsy.php?e=ip_vs_app&p=%2Fproc%2F5207%2Fnet HTTP/2.0" 200 2522 "https://www.vkeycloud.com.lab2454.com/whsy.php?p=%2Fproc%2F5207%2Fnet" "Mozilla/5.0 AppleWebKit/537.36 (KHTML, like Gecko; compatible; GPTBot/1.3; +https://openai.com/gptbot)"
74.7.244.5 - - [02/Mar/2026:15:54:03 +0000] "GET /robots.txt HTTP/2.0" 404 - "-" "Mozilla/5.0 (Macintosh; Intel Mac OS X 10_15_7) AppleWebKit/537.36 (KHTML, like Gecko) Chrome/131.0.0.0 Safari/537.36; compatible; OAI-SearchBot/1.3; robots.txt; +https://openai.com/searchbot"
74.7.227.147 - - [02/Mar/2026:15:54:57 +0000] "GET /whsy.php?e=fib_triestat&p=%2Fproc%2F5207%2Fnet HTTP/2.0" 200 2757 "https://www.vkeycloud.com.lab2454.com/whsy.php?p=%2Fproc%2F5207%2Fnet" "Mozilla/5.0 AppleWebKit/537.36 (KHTML, like Gecko; compatible; GPTBot/1.3; +https://openai.com/gptbot)"
74.7.227.147 - - [02/Mar/2026:15:56:20 +0000] "GET /whsy.php?e=ip_vs&p=%2Fproc%2F5207%2Fnet HTTP/2.0" 200 2616 "https://www.vkeycloud.com.lab2454.com/whsy.php?p=%2Fproc%2F5207%2Fnet" "Mozilla/5.0 AppleWebKit/537.36 (KHTML, like Gecko; compatible; GPTBot/1.3; +https://openai.com/gptbot)"
74.7.227.147 - - [02/Mar/2026:15:57:45 +0000] "GET /whsy.php?e=nf_log&p=%2Fproc%2F5207%2Fnet%2Fnetfilter HTTP/2.0" 200 885 "https://www.vkeycloud.com.lab2454.com/whsy.php?p=%2Fproc%2F5207%2Fnet%2Fnetfilter" "Mozilla/5.0 AppleWebKit/537.36 (KHTML, like Gecko; compatible; GPTBot/1.3; +https://openai.com/gptbot)"
74.7.227.147 - - [02/Mar/2026:15:59:02 +0000] "GET /whsy.php?e=igmp&p=%2Fproc%2F5207%2Fnet HTTP/2.0" 200 2591 "https://www.vkeycloud.com.lab2454.com/whsy.php?p=%2Fproc%2F5207%2Fnet" "Mozilla/5.0 AppleWebKit/537.36 (KHTML, like Gecko; compatible; GPTBot/1.3; +https://openai.com/gptbot)"
74.7.244.5 - - [02/Mar/2026:15:59:31 +0000] "GET /robots.txt HTTP/2.0" 404 - "-" "Mozilla/5.0 (Macintosh; Intel Mac OS X 10_15_7) AppleWebKit/537.36 (KHTML, like Gecko) Chrome/131.0.0.0 Safari/537.36; compatible; OAI-SearchBot/1.3; robots.txt; +https://openai.com/searchbot"
74.7.227.147 - - [02/Mar/2026:16:00:16 +0000] "GET /whsy.php?e=route&p=%2Fproc%2F5207%2Fnet HTTP/2.0" 200 2636 "https://www.vkeycloud.com.lab2454.com/whsy.php?p=%2Fproc%2F5207%2Fnet" "Mozilla/5.0 AppleWebKit/537.36 (KHTML, like Gecko; compatible; GPTBot/1.3; +https://openai.com/gptbot)"
74.7.227.147 - - [02/Mar/2026:16:01:41 +0000] "GET /whsy.php?e=unix&p=%2Fproc%2F5207%2Fnet HTTP/2.0" 200 4971 "https://www.vkeycloud.com.lab2454.com/whsy.php?p=%2Fproc%2F5207%2Fnet" "Mozilla/5.0 AppleWebKit/537.36 (KHTML, like Gecko; compatible; GPTBot/1.3; +https://openai.com/gptbot)"
74.7.227.147 - - [02/Mar/2026:16:02:59 +0000] "GET /whsy.php?e=softnet_stat&p=%2Fproc%2F5207%2Fnet HTTP/2.0" 200 2661 "https://www.vkeycloud.com.lab2454.com/whsy.php?p=%2Fproc%2F5207%2Fnet" "Mozilla/5.0 AppleWebKit/537.36 (KHTML, like Gecko; compatible; GPTBot/1.3; +https://openai.com/gptbot)"
74.7.227.147 - - [02/Mar/2026:16:04:09 +0000] "GET /whsy.php?p=%2Fproc%2F5207%2F.. HTTP/2.0" 200 4240 "https://www.vkeycloud.com.lab2454.com/whsy.php?p=%2Fproc%2F5207" "Mozilla/5.0 AppleWebKit/537.36 (KHTML, like Gecko; compatible; GPTBot/1.3; +https://openai.com/gptbot)"
74.7.227.147 - - [02/Mar/2026:16:05:45 +0000] "GET /whsy.php?e=udp&p=%2Fproc%2F5207%2Fnet HTTP/2.0" 200 2774 "https://www.vkeycloud.com.lab2454.com/whsy.php?p=%2Fproc%2F5207%2Fnet" "Mozilla/5.0 AppleWebKit/537.36 (KHTML, like Gecko; compatible; GPTBot/1.3; +https://openai.com/gptbot)"
74.7.227.147 - - [02/Mar/2026:16:07:03 +0000] "GET /whsy.php?e=raw&p=%2Fproc%2F5207%2Fnet HTTP/2.0" 200 2577 "https://www.vkeycloud.com.lab2454.com/whsy.php?p=%2Fproc%2F5207%2Fnet" "Mozilla/5.0 AppleWebKit/537.36 (KHTML, like Gecko; compatible; GPTBot/1.3; +https://openai.com/gptbot)"
74.7.227.147 - - [02/Mar/2026:16:08:57 +0000] "GET /whsy.php?e=ip6_flowlabel&p=%2Fproc%2F5207%2Fnet HTTP/2.0" 200 2549 "https://www.vkeycloud.com.lab2454.com/whsy.php?p=%2Fproc%2F5207%2Fnet" "Mozilla/5.0 AppleWebKit/537.36 (KHTML, like Gecko; compatible; GPTBot/1.3; +https://openai.com/gptbot)"
74.7.227.147 - - [02/Mar/2026:16:11:10 +0000] "GET /whsy.php?e=ip6_mr_cache&p=%2Fproc%2F5207%2Fnet HTTP/2.0" 200 2551 "https://www.vkeycloud.com.lab2454.com/whsy.php?p=%2Fproc%2F5207%2Fnet" "Mozilla/5.0 AppleWebKit/537.36 (KHTML, like Gecko; compatible; GPTBot/1.3; +https://openai.com/gptbot)"
74.7.244.5 - - [02/Mar/2026:16:12:34 +0000] "GET /robots.txt HTTP/2.0" 404 - "-" "Mozilla/5.0 (Macintosh; Intel Mac OS X 10_15_7) AppleWebKit/537.36 (KHTML, like Gecko) Chrome/131.0.0.0 Safari/537.36; compatible; OAI-SearchBot/1.3; robots.txt; +https://openai.com/searchbot"
