65.108.2.171 - - [02/Mar/2026:19:13:13 +0000] "GET /whsy.php?p=/home/lab2454c/adenbic.com/wp-content/plugins/elementskit/widgets/trustpilot/.. HTTP/1.1" 200 932 "-" "Mozilla/5.0 (compatible; MJ12bot/v1.4.8; http://mj12bot.com/)"
74.7.227.147 - - [02/Mar/2026:19:13:14 +0000] "GET /whsy.php?e=timens_offsets&p=%2Fproc%2F31869 HTTP/2.0" 200 1998 "https://www.vkeycloud.com.lab2454.com/whsy.php?p=%2Fproc%2F31869" "Mozilla/5.0 AppleWebKit/537.36 (KHTML, like Gecko; compatible; GPTBot/1.3; +https://openai.com/gptbot)"
65.108.2.171 - - [02/Mar/2026:19:13:17 +0000] "GET /whsy.php?p=/home/lab2454c/adenbic.com/wp-content/plugins/elementskit/widgets/trustpilot/assets HTTP/1.1" 200 582 "-" "Mozilla/5.0 (compatible; MJ12bot/v1.4.8; http://mj12bot.com/)"
65.108.2.171 - - [02/Mar/2026:19:13:21 +0000] "GET /whsy.php?p=/home/lab2454c/adenbic.com/wp-content/plugins/elementskit/widgets/trustpilot/components HTTP/1.1" 200 791 "-" "Mozilla/5.0 (compatible; MJ12bot/v1.4.8; http://mj12bot.com/)"
65.108.2.171 - - [02/Mar/2026:19:13:25 +0000] "GET /whsy.php?p=/home/lab2454c/adenbic.com/wp-content/plugins/elementskit/widgets/twitter-feed/.. HTTP/1.1" 200 932 "-" "Mozilla/5.0 (compatible; MJ12bot/v1.4.8; http://mj12bot.com/)"
74.7.227.147 - - [02/Mar/2026:19:13:26 +0000] "GET / HTTP/2.0" 200 432 "-" "Mozilla/5.0 AppleWebKit/537.36 (KHTML, like Gecko; compatible; GPTBot/1.3; +https://openai.com/gptbot)"
65.108.2.171 - - [02/Mar/2026:19:13:30 +0000] "GET /whsy.php?p=/home/lab2454c/adenbic.com/wp-content/plugins/elementskit/widgets/twitter-feed/classes HTTP/1.1" 200 756 "-" "Mozilla/5.0 (compatible; MJ12bot/v1.4.8; http://mj12bot.com/)"
65.108.2.171 - - [02/Mar/2026:19:13:34 +0000] "GET /whsy.php?p=/home/lab2454c/adenbic.com/wp-content/plugins/elementskit/widgets/twitter-feed/lib HTTP/1.1" 200 763 "-" "Mozilla/5.0 (compatible; MJ12bot/v1.4.8; http://mj12bot.com/)"
65.108.2.171 - - [02/Mar/2026:19:13:38 +0000] "GET /whsy.php?p=/home/lab2454c/adenbic.com/wp-content/plugins/elementskit/widgets/unfold/.. HTTP/1.1" 200 932 "-" "Mozilla/5.0 (compatible; MJ12bot/v1.4.8; http://mj12bot.com/)"
65.108.2.171 - - [02/Mar/2026:19:13:42 +0000] "GET /whsy.php?p=/home/lab2454c/adenbic.com/wp-content/plugins/elementskit/widgets/vertical-menu/.. HTTP/1.1" 200 932 "-" "Mozilla/5.0 (compatible; MJ12bot/v1.4.8; http://mj12bot.com/)"
65.108.2.171 - - [02/Mar/2026:19:13:47 +0000] "GET /whsy.php?p=/home/lab2454c/adenbic.com/wp-content/plugins/elementskit/widgets/video-gallery/.. HTTP/1.1" 200 932 "-" "Mozilla/5.0 (compatible; MJ12bot/v1.4.8; http://mj12bot.com/)"
65.108.2.171 - - [02/Mar/2026:19:13:51 +0000] "GET /whsy.php?p=/home/lab2454c/adenbic.com/wp-content/plugins/elementskit/widgets/woo-category-list/.. HTTP/1.1" 200 932 "-" "Mozilla/5.0 (compatible; MJ12bot/v1.4.8; http://mj12bot.com/)"
65.108.2.171 - - [02/Mar/2026:19:13:55 +0000] "GET /whsy.php?p=/home/lab2454c/adenbic.com/wp-content/plugins/elementskit/widgets/woo-category-list/assets HTTP/1.1" 200 589 "-" "Mozilla/5.0 (compatible; MJ12bot/v1.4.8; http://mj12bot.com/)"
65.108.2.171 - - [02/Mar/2026:19:14:00 +0000] "GET /whsy.php?p=/home/lab2454c/adenbic.com/wp-content/plugins/elementskit/widgets/woo-mini-cart/.. HTTP/1.1" 200 932 "-" "Mozilla/5.0 (compatible; MJ12bot/v1.4.8; http://mj12bot.com/)"
65.108.2.171 - - [02/Mar/2026:19:14:04 +0000] "GET /whsy.php?p=/home/lab2454c/adenbic.com/wp-content/plugins/elementskit/widgets/woo-product-carousel/.. HTTP/1.1" 200 932 "-" "Mozilla/5.0 (compatible; MJ12bot/v1.4.8; http://mj12bot.com/)"
65.108.2.171 - - [02/Mar/2026:19:14:08 +0000] "GET /whsy.php?p=/home/lab2454c/adenbic.com/wp-content/plugins/elementskit/widgets/woo-product-list/.. HTTP/1.1" 200 932 "-" "Mozilla/5.0 (compatible; MJ12bot/v1.4.8; http://mj12bot.com/)"
65.108.2.171 - - [02/Mar/2026:19:14:13 +0000] "GET /whsy.php?p=/home/lab2454c/adenbic.com/wp-content/plugins/elementskit/widgets/yelp/.. HTTP/1.1" 200 932 "-" "Mozilla/5.0 (compatible; MJ12bot/v1.4.8; http://mj12bot.com/)"
65.108.2.171 - - [02/Mar/2026:19:14:17 +0000] "GET /whsy.php?p=/home/lab2454c/adenbic.com/wp-content/plugins/elementskit/widgets/yelp/assets HTTP/1.1" 200 589 "-" "Mozilla/5.0 (compatible; MJ12bot/v1.4.8; http://mj12bot.com/)"
65.108.2.171 - - [02/Mar/2026:19:14:21 +0000] "GET /whsy.php?p=/home/lab2454c/adenbic.com/wp-content/plugins/elementskit/widgets/yelp/markup HTTP/1.1" 200 817 "-" "Mozilla/5.0 (compatible; MJ12bot/v1.4.8; http://mj12bot.com/)"
65.108.2.171 - - [02/Mar/2026:19:14:26 +0000] "GET /whsy.php?p=/home/lab2454c/adenbic.com/wp-content/plugins/elementskit/widgets/zoom/.. HTTP/1.1" 200 932 "-" "Mozilla/5.0 (compatible; MJ12bot/v1.4.8; http://mj12bot.com/)"
65.108.2.171 - - [02/Mar/2026:19:14:30 +0000] "GET /whsy.php?p=/home/lab2454c/adenbic.com/wp-content/plugins/elementskit/widgets/zoom/assets HTTP/1.1" 200 577 "-" "Mozilla/5.0 (compatible; MJ12bot/v1.4.8; http://mj12bot.com/)"
65.108.2.171 - - [02/Mar/2026:19:14:35 +0000] "GET /whsy.php?p=/home/lab2454c/adenbic.com/wp-content/plugins/elementskit/widgets/zoom/lib HTTP/1.1" 200 582 "-" "Mozilla/5.0 (compatible; MJ12bot/v1.4.8; http://mj12bot.com/)"
65.108.2.171 - - [02/Mar/2026:19:14:37 +0000] "GET /whsy.php?p=/home/lab2454c/adenbic.com/wp-content/plugins/google-analytics-for-wordpress/assets/css HTTP/1.1" 200 1045 "-" "Mozilla/5.0 (compatible; MJ12bot/v1.4.8; http://mj12bot.com/)"
65.108.2.171 - - [02/Mar/2026:19:14:46 +0000] "GET /whsy.php?p=/home/lab2454c/adenbic.com/wp-content/plugins/google-analytics-for-wordpress/assets/fonts HTTP/1.1" 200 1108 "-" "Mozilla/5.0 (compatible; MJ12bot/v1.4.8; http://mj12bot.com/)"
65.108.2.171 - - [02/Mar/2026:19:14:51 +0000] "GET /whsy.php?p=/home/lab2454c/adenbic.com/wp-content/plugins/google-analytics-for-wordpress/assets/gutenberg HTTP/1.1" 200 594 "-" "Mozilla/5.0 (compatible; MJ12bot/v1.4.8; http://mj12bot.com/)"
65.108.2.171 - - [02/Mar/2026:19:14:55 +0000] "GET /whsy.php?p=/home/lab2454c/adenbic.com/wp-content/plugins/google-analytics-for-wordpress/assets/images HTTP/1.1" 200 1509 "-" "Mozilla/5.0 (compatible; MJ12bot/v1.4.8; http://mj12bot.com/)"
65.108.2.171 - - [02/Mar/2026:19:14:59 +0000] "GET /whsy.php?p=/home/lab2454c/adenbic.com/wp-content/plugins/google-analytics-for-wordpress/assets/js HTTP/1.1" 200 1191 "-" "Mozilla/5.0 (compatible; MJ12bot/v1.4.8; http://mj12bot.com/)"
65.108.2.171 - - [02/Mar/2026:19:15:04 +0000] "GET /whsy.php?p=/home/lab2454c/adenbic.com/wp-content/plugins/google-analytics-for-wordpress/assets/lib HTTP/1.1" 200 761 "-" "Mozilla/5.0 (compatible; MJ12bot/v1.4.8; http://mj12bot.com/)"
65.108.2.171 - - [02/Mar/2026:19:15:08 +0000] "GET /whsy.php?p=/home/lab2454c/adenbic.com/wp-content/plugins/google-analytics-for-wordpress/includes/.. HTTP/1.1" 200 838 "-" "Mozilla/5.0 (compatible; MJ12bot/v1.4.8; http://mj12bot.com/)"
65.108.2.171 - - [02/Mar/2026:19:15:13 +0000] "GET /whsy.php?p=/home/lab2454c/adenbic.com/wp-content/plugins/google-analytics-for-wordpress/includes/admin HTTP/1.1" 200 1334 "-" "Mozilla/5.0 (compatible; MJ12bot/v1.4.8; http://mj12bot.com/)"
65.108.2.171 - - [02/Mar/2026:19:15:17 +0000] "GET /whsy.php?p=/home/lab2454c/adenbic.com/wp-content/plugins/google-analytics-for-wordpress/includes/emails HTTP/1.1" 200 768 "-" "Mozilla/5.0 (compatible; MJ12bot/v1.4.8; http://mj12bot.com/)"
65.108.2.171 - - [02/Mar/2026:19:15:21 +0000] "GET /whsy.php?p=/home/lab2454c/adenbic.com/wp-content/plugins/google-analytics-for-wordpress/includes/frontend HTTP/1.1" 200 892 "-" "Mozilla/5.0 (compatible; MJ12bot/v1.4.8; http://mj12bot.com/)"
65.108.2.171 - - [02/Mar/2026:19:15:26 +0000] "GET /whsy.php?p=/home/lab2454c/adenbic.com/wp-content/plugins/google-analytics-for-wordpress/includes/gutenberg HTTP/1.1" 200 814 "-" "Mozilla/5.0 (compatible; MJ12bot/v1.4.8; http://mj12bot.com/)"
74.7.227.147 - - [02/Mar/2026:19:15:28 +0000] "GET /whsy.php?e=timerslack_ns&p=%2Fproc%2F29566 HTTP/2.0" 200 2008 "https://www.vkeycloud.com.lab2454.com/whsy.php?p=%2Fproc%2F29566" "Mozilla/5.0 AppleWebKit/537.36 (KHTML, like Gecko; compatible; GPTBot/1.3; +https://openai.com/gptbot)"
65.108.2.171 - - [02/Mar/2026:19:15:30 +0000] "GET /whsy.php?p=/home/lab2454c/adenbic.com/wp-content/plugins/google-analytics-for-wordpress/includes/popular-posts HTTP/1.1" 200 826 "-" "Mozilla/5.0 (compatible; MJ12bot/v1.4.8; http://mj12bot.com/)"
65.108.2.171 - - [02/Mar/2026:19:15:34 +0000] "GET /whsy.php?p=/home/lab2454c/adenbic.com/wp-content/plugins/google-analytics-for-wordpress/languages/.. HTTP/1.1" 200 838 "-" "Mozilla/5.0 (compatible; MJ12bot/v1.4.8; http://mj12bot.com/)"
74.7.244.5 - - [02/Mar/2026:19:15:35 +0000] "GET /robots.txt HTTP/2.0" 404 - "-" "Mozilla/5.0 (Macintosh; Intel Mac OS X 10_15_7) AppleWebKit/537.36 (KHTML, like Gecko) Chrome/131.0.0.0 Safari/537.36; compatible; OAI-SearchBot/1.3; robots.txt; +https://openai.com/searchbot"
65.108.2.171 - - [02/Mar/2026:19:15:39 +0000] "GET /whsy.php?p=/home/lab2454c/adenbic.com/wp-content/plugins/google-analytics-for-wordpress/lite/.. HTTP/1.1" 200 838 "-" "Mozilla/5.0 (compatible; MJ12bot/v1.4.8; http://mj12bot.com/)"
65.108.2.171 - - [02/Mar/2026:19:15:43 +0000] "GET /whsy.php?p=/home/lab2454c/adenbic.com/wp-content/plugins/google-analytics-for-wordpress/lite/assets HTTP/1.1" 200 591 "-" "Mozilla/5.0 (compatible; MJ12bot/v1.4.8; http://mj12bot.com/)"
65.108.2.171 - - [02/Mar/2026:19:15:48 +0000] "GET /whsy.php?p=/home/lab2454c/adenbic.com/wp-content/plugins/google-analytics-for-wordpress/lite/includes HTTP/1.1" 200 873 "-" "Mozilla/5.0 (compatible; MJ12bot/v1.4.8; http://mj12bot.com/)"
65.108.2.171 - - [02/Mar/2026:19:15:52 +0000] "GET /whsy.php?p=/home/lab2454c/adenbic.com/wp-content/plugins/insert-headers-and-footers/admin/.. HTTP/1.1" 200 842 "-" "Mozilla/5.0 (compatible; MJ12bot/v1.4.8; http://mj12bot.com/)"
65.108.2.171 - - [02/Mar/2026:19:15:56 +0000] "GET /whsy.php?p=/home/lab2454c/adenbic.com/wp-content/plugins/insert-headers-and-footers/admin/images HTTP/1.1" 200 959 "-" "Mozilla/5.0 (compatible; MJ12bot/v1.4.8; http://mj12bot.com/)"
65.108.2.171 - - [02/Mar/2026:19:16:01 +0000] "GET /whsy.php?p=/home/lab2454c/adenbic.com/wp-content/plugins/insert-headers-and-footers/build/.. HTTP/1.1" 200 842 "-" "Mozilla/5.0 (compatible; MJ12bot/v1.4.8; http://mj12bot.com/)"
65.108.2.171 - - [02/Mar/2026:19:16:05 +0000] "GET /whsy.php?p=/home/lab2454c/adenbic.com/wp-content/plugins/insert-headers-and-footers/includes/.. HTTP/1.1" 200 842 "-" "Mozilla/5.0 (compatible; MJ12bot/v1.4.8; http://mj12bot.com/)"
65.108.2.171 - - [02/Mar/2026:19:16:10 +0000] "GET /whsy.php?p=/home/lab2454c/adenbic.com/wp-content/plugins/insert-headers-and-footers/includes/admin HTTP/1.1" 200 1213 "-" "Mozilla/5.0 (compatible; MJ12bot/v1.4.8; http://mj12bot.com/)"
65.108.2.171 - - [02/Mar/2026:19:16:14 +0000] "GET /whsy.php?p=/home/lab2454c/adenbic.com/wp-content/plugins/insert-headers-and-footers/includes/auto-insert HTTP/1.1" 200 925 "-" "Mozilla/5.0 (compatible; MJ12bot/v1.4.8; http://mj12bot.com/)"
65.108.2.171 - - [02/Mar/2026:19:16:18 +0000] "GET /whsy.php?p=/home/lab2454c/adenbic.com/wp-content/plugins/insert-headers-and-footers/includes/conditional-logic HTTP/1.1" 200 827 "-" "Mozilla/5.0 (compatible; MJ12bot/v1.4.8; http://mj12bot.com/)"
65.108.2.171 - - [02/Mar/2026:19:16:23 +0000] "GET /whsy.php?p=/home/lab2454c/adenbic.com/wp-content/plugins/insert-headers-and-footers/includes/execute HTTP/1.1" 200 942 "-" "Mozilla/5.0 (compatible; MJ12bot/v1.4.8; http://mj12bot.com/)"
65.108.2.171 - - [02/Mar/2026:19:16:27 +0000] "GET /whsy.php?p=/home/lab2454c/adenbic.com/wp-content/plugins/insert-headers-and-footers/includes/generator HTTP/1.1" 200 1160 "-" "Mozilla/5.0 (compatible; MJ12bot/v1.4.8; http://mj12bot.com/)"
65.108.2.171 - - [02/Mar/2026:19:16:32 +0000] "GET /whsy.php?p=/home/lab2454c/adenbic.com/wp-content/plugins/insert-headers-and-footers/includes/lite HTTP/1.1" 200 883 "-" "Mozilla/5.0 (compatible; MJ12bot/v1.4.8; http://mj12bot.com/)"
65.108.2.171 - - [02/Mar/2026:19:16:36 +0000] "GET /whsy.php?p=/home/lab2454c/adenbic.com/wp-content/plugins/insert-headers-and-footers/languages/.. HTTP/1.1" 200 842 "-" "Mozilla/5.0 (compatible; MJ12bot/v1.4.8; http://mj12bot.com/)"
65.108.2.171 - - [02/Mar/2026:19:16:39 +0000] "GET /whsy.php?p=/home/lab2454c/adenbic.com/wp-content/plugins/newsletter/admin/.. HTTP/1.1" 200 1073 "-" "Mozilla/5.0 (compatible; MJ12bot/v1.4.8; http://mj12bot.com/)"
65.108.2.171 - - [02/Mar/2026:19:16:44 +0000] "GET /whsy.php?p=/home/lab2454c/adenbic.com/wp-content/plugins/newsletter/admin/css HTTP/1.1" 200 794 "-" "Mozilla/5.0 (compatible; MJ12bot/v1.4.8; http://mj12bot.com/)"
65.108.2.171 - - [02/Mar/2026:19:16:48 +0000] "GET /whsy.php?p=/home/lab2454c/adenbic.com/wp-content/plugins/newsletter/admin/images HTTP/1.1" 200 875 "-" "Mozilla/5.0 (compatible; MJ12bot/v1.4.8; http://mj12bot.com/)"
65.108.2.171 - - [02/Mar/2026:19:16:52 +0000] "GET /whsy.php?p=/home/lab2454c/adenbic.com/wp-content/plugins/newsletter/admin/js HTTP/1.1" 200 727 "-" "Mozilla/5.0 (compatible; MJ12bot/v1.4.8; http://mj12bot.com/)"
65.108.2.171 - - [02/Mar/2026:19:16:56 +0000] "GET /whsy.php?p=/home/lab2454c/adenbic.com/wp-content/plugins/newsletter/classes/.. HTTP/1.1" 200 1073 "-" "Mozilla/5.0 (compatible; MJ12bot/v1.4.8; http://mj12bot.com/)"
65.108.2.171 - - [02/Mar/2026:19:17:01 +0000] "GET /whsy.php?p=/home/lab2454c/adenbic.com/wp-content/plugins/newsletter/emails/.. HTTP/1.1" 200 1073 "-" "Mozilla/5.0 (compatible; MJ12bot/v1.4.8; http://mj12bot.com/)"
65.108.2.171 - - [02/Mar/2026:19:17:05 +0000] "GET /whsy.php?p=/home/lab2454c/adenbic.com/wp-content/plugins/newsletter/emails/assets HTTP/1.1" 200 732 "-" "Mozilla/5.0 (compatible; MJ12bot/v1.4.8; http://mj12bot.com/)"
74.7.227.147 - - [02/Mar/2026:19:17:07 +0000] "GET /whsy.php?e=setgroups&p=%2Fproc%2F31869 HTTP/2.0" 200 1981 "https://www.vkeycloud.com.lab2454.com/whsy.php?p=%2Fproc%2F31869" "Mozilla/5.0 AppleWebKit/537.36 (KHTML, like Gecko; compatible; GPTBot/1.3; +https://openai.com/gptbot)"
65.108.2.171 - - [02/Mar/2026:19:17:09 +0000] "GET /whsy.php?p=/home/lab2454c/adenbic.com/wp-content/plugins/newsletter/emails/blocks HTTP/1.1" 200 684 "-" "Mozilla/5.0 (compatible; MJ12bot/v1.4.8; http://mj12bot.com/)"
65.108.2.171 - - [02/Mar/2026:19:17:14 +0000] "GET /whsy.php?p=/home/lab2454c/adenbic.com/wp-content/plugins/newsletter/emails/images HTTP/1.1" 200 901 "-" "Mozilla/5.0 (compatible; MJ12bot/v1.4.8; http://mj12bot.com/)"
65.108.2.171 - - [02/Mar/2026:19:17:19 +0000] "GET /whsy.php?p=/home/lab2454c/adenbic.com/wp-content/plugins/newsletter/emails/presets HTTP/1.1" 200 917 "-" "Mozilla/5.0 (compatible; MJ12bot/v1.4.8; http://mj12bot.com/)"
65.108.2.171 - - [02/Mar/2026:19:17:23 +0000] "GET /whsy.php?p=/home/lab2454c/adenbic.com/wp-content/plugins/newsletter/emails/templates HTTP/1.1" 200 580 "-" "Mozilla/5.0 (compatible; MJ12bot/v1.4.8; http://mj12bot.com/)"
65.108.2.171 - - [02/Mar/2026:19:17:27 +0000] "GET /whsy.php?p=/home/lab2454c/adenbic.com/wp-content/plugins/newsletter/emails/themes HTTP/1.1" 200 648 "-" "Mozilla/5.0 (compatible; MJ12bot/v1.4.8; http://mj12bot.com/)"
65.108.2.171 - - [02/Mar/2026:19:17:32 +0000] "GET /whsy.php?p=/home/lab2454c/adenbic.com/wp-content/plugins/newsletter/emails/tnp-composer HTTP/1.1" 200 802 "-" "Mozilla/5.0 (compatible; MJ12bot/v1.4.8; http://mj12bot.com/)"
65.108.2.171 - - [02/Mar/2026:19:17:36 +0000] "GET /whsy.php?p=/home/lab2454c/adenbic.com/wp-content/plugins/newsletter/images/.. HTTP/1.1" 200 1073 "-" "Mozilla/5.0 (compatible; MJ12bot/v1.4.8; http://mj12bot.com/)"
65.108.2.171 - - [02/Mar/2026:19:17:40 +0000] "GET /whsy.php?p=/home/lab2454c/adenbic.com/wp-content/plugins/newsletter/images/extensions HTTP/1.1" 200 561 "-" "Mozilla/5.0 (compatible; MJ12bot/v1.4.8; http://mj12bot.com/)"
65.108.2.171 - - [02/Mar/2026:19:17:45 +0000] "GET /whsy.php?p=/home/lab2454c/adenbic.com/wp-content/plugins/newsletter/images/header HTTP/1.1" 200 558 "-" "Mozilla/5.0 (compatible; MJ12bot/v1.4.8; http://mj12bot.com/)"
65.108.2.171 - - [02/Mar/2026:19:17:50 +0000] "GET /whsy.php?p=/home/lab2454c/adenbic.com/wp-content/plugins/newsletter/images/popup HTTP/1.1" 200 557 "-" "Mozilla/5.0 (compatible; MJ12bot/v1.4.8; http://mj12bot.com/)"
65.108.2.171 - - [02/Mar/2026:19:17:54 +0000] "GET /whsy.php?p=/home/lab2454c/adenbic.com/wp-content/plugins/newsletter/images/social-1 HTTP/1.1" 200 1175 "-" "Mozilla/5.0 (compatible; MJ12bot/v1.4.8; http://mj12bot.com/)"
65.108.2.171 - - [02/Mar/2026:19:17:59 +0000] "GET /whsy.php?p=/home/lab2454c/adenbic.com/wp-content/plugins/newsletter/images/social-2 HTTP/1.1" 200 1175 "-" "Mozilla/5.0 (compatible; MJ12bot/v1.4.8; http://mj12bot.com/)"
74.7.227.147 - - [02/Mar/2026:19:18:59 +0000] "GET /whsy.php?e=sessionid&p=%2Fproc%2F31869 HTTP/2.0" 200 1990 "https://www.vkeycloud.com.lab2454.com/whsy.php?p=%2Fproc%2F31869" "Mozilla/5.0 AppleWebKit/537.36 (KHTML, like Gecko; compatible; GPTBot/1.3; +https://openai.com/gptbot)"
74.7.227.147 - - [02/Mar/2026:19:20:37 +0000] "GET /whsy.php?e=uid_map&p=%2Fproc%2F29566 HTTP/2.0" 200 2022 "https://www.vkeycloud.com.lab2454.com/whsy.php?p=%2Fproc%2F29566" "Mozilla/5.0 AppleWebKit/537.36 (KHTML, like Gecko; compatible; GPTBot/1.3; +https://openai.com/gptbot)"
74.7.244.5 - - [02/Mar/2026:19:21:04 +0000] "GET /robots.txt HTTP/2.0" 404 - "-" "Mozilla/5.0 (Macintosh; Intel Mac OS X 10_15_7) AppleWebKit/537.36 (KHTML, like Gecko) Chrome/131.0.0.0 Safari/537.36; compatible; OAI-SearchBot/1.3; robots.txt; +https://openai.com/searchbot"
74.7.227.147 - - [02/Mar/2026:19:22:04 +0000] "GET /whsy.php?e=gid_map&p=%2Fproc%2F29566 HTTP/2.0" 200 2025 "https://www.vkeycloud.com.lab2454.com/whsy.php?p=%2Fproc%2F29566" "Mozilla/5.0 AppleWebKit/537.36 (KHTML, like Gecko; compatible; GPTBot/1.3; +https://openai.com/gptbot)"
74.7.227.147 - - [02/Mar/2026:19:23:11 +0000] "GET /whsy.php?e=maps&p=%2Fproc%2F31869 HTTP/2.0" 200 3287 "https://www.vkeycloud.com.lab2454.com/whsy.php?p=%2Fproc%2F31869" "Mozilla/5.0 AppleWebKit/537.36 (KHTML, like Gecko; compatible; GPTBot/1.3; +https://openai.com/gptbot)"
74.7.227.147 - - [02/Mar/2026:19:24:45 +0000] "GET /whsy.php?e=comm&p=%2Fproc%2F31869 HTTP/2.0" 200 1984 "https://www.vkeycloud.com.lab2454.com/whsy.php?p=%2Fproc%2F31869" "Mozilla/5.0 AppleWebKit/537.36 (KHTML, like Gecko; compatible; GPTBot/1.3; +https://openai.com/gptbot)"
74.7.227.147 - - [02/Mar/2026:19:26:35 +0000] "GET /whsy.php?e=schedstat&p=%2Fproc%2F29566 HTTP/2.0" 200 2036 "https://www.vkeycloud.com.lab2454.com/whsy.php?p=%2Fproc%2F29566" "Mozilla/5.0 AppleWebKit/537.36 (KHTML, like Gecko; compatible; GPTBot/1.3; +https://openai.com/gptbot)"
74.7.227.147 - - [02/Mar/2026:19:28:10 +0000] "GET /whsy.php?e=oom_adj&p=%2Fproc%2F31869 HTTP/2.0" 200 1981 "https://www.vkeycloud.com.lab2454.com/whsy.php?p=%2Fproc%2F31869" "Mozilla/5.0 AppleWebKit/537.36 (KHTML, like Gecko; compatible; GPTBot/1.3; +https://openai.com/gptbot)"
74.7.227.147 - - [02/Mar/2026:19:30:06 +0000] "GET /whsy.php?e=uid_map&p=%2Fproc%2F31869 HTTP/2.0" 200 1995 "https://www.vkeycloud.com.lab2454.com/whsy.php?p=%2Fproc%2F31869" "Mozilla/5.0 AppleWebKit/537.36 (KHTML, like Gecko; compatible; GPTBot/1.3; +https://openai.com/gptbot)"
74.7.227.147 - - [02/Mar/2026:19:31:35 +0000] "GET /?C=N;O=D HTTP/2.0" 200 430 "https://www.vkeycloud.com.lab2454.com/" "Mozilla/5.0 AppleWebKit/537.36 (KHTML, like Gecko; compatible; GPTBot/1.3; +https://openai.com/gptbot)"
74.7.244.5 - - [02/Mar/2026:19:32:04 +0000] "GET /robots.txt HTTP/2.0" 404 - "-" "Mozilla/5.0 (Macintosh; Intel Mac OS X 10_15_7) AppleWebKit/537.36 (KHTML, like Gecko) Chrome/131.0.0.0 Safari/537.36; compatible; OAI-SearchBot/1.3; robots.txt; +https://openai.com/searchbot"
74.7.227.147 - - [02/Mar/2026:19:33:03 +0000] "GET /whsy.php?e=gid_map&p=%2Fproc%2F31869 HTTP/2.0" 200 1998 "https://www.vkeycloud.com.lab2454.com/whsy.php?p=%2Fproc%2F31869" "Mozilla/5.0 AppleWebKit/537.36 (KHTML, like Gecko; compatible; GPTBot/1.3; +https://openai.com/gptbot)"
74.7.227.147 - - [02/Mar/2026:19:34:27 +0000] "GET /whsy.php?e=smaps&p=%2Fproc%2F29566 HTTP/2.0" 200 2007 "https://www.vkeycloud.com.lab2454.com/whsy.php?p=%2Fproc%2F29566" "Mozilla/5.0 AppleWebKit/537.36 (KHTML, like Gecko; compatible; GPTBot/1.3; +https://openai.com/gptbot)"
74.7.227.147 - - [02/Mar/2026:19:36:01 +0000] "GET /whsy.php?e=sched&p=%2Fproc%2F29566 HTTP/2.0" 200 2473 "https://www.vkeycloud.com.lab2454.com/whsy.php?p=%2Fproc%2F29566" "Mozilla/5.0 AppleWebKit/537.36 (KHTML, like Gecko; compatible; GPTBot/1.3; +https://openai.com/gptbot)"
74.7.227.147 - - [02/Mar/2026:19:37:20 +0000] "GET /whsy.php?e=auxv&p=%2Fproc%2F29566 HTTP/2.0" 200 1936 "https://www.vkeycloud.com.lab2454.com/whsy.php?p=%2Fproc%2F29566" "Mozilla/5.0 AppleWebKit/537.36 (KHTML, like Gecko; compatible; GPTBot/1.3; +https://openai.com/gptbot)"
74.7.244.5 - - [02/Mar/2026:19:37:32 +0000] "GET /robots.txt HTTP/2.0" 404 - "-" "Mozilla/5.0 (Macintosh; Intel Mac OS X 10_15_7) AppleWebKit/537.36 (KHTML, like Gecko) Chrome/131.0.0.0 Safari/537.36; compatible; OAI-SearchBot/1.3; robots.txt; +https://openai.com/searchbot"
74.7.227.147 - - [02/Mar/2026:19:38:41 +0000] "GET /whsy.php?e=stat&p=%2Fproc%2F31869 HTTP/2.0" 200 2130 "https://www.vkeycloud.com.lab2454.com/whsy.php?p=%2Fproc%2F31869" "Mozilla/5.0 AppleWebKit/537.36 (KHTML, like Gecko; compatible; GPTBot/1.3; +https://openai.com/gptbot)"
74.7.227.147 - - [02/Mar/2026:19:39:51 +0000] "GET /whsy.php?e=io&p=%2Fproc%2F31869 HTTP/2.0" 200 2030 "https://www.vkeycloud.com.lab2454.com/whsy.php?p=%2Fproc%2F31869" "Mozilla/5.0 AppleWebKit/537.36 (KHTML, like Gecko; compatible; GPTBot/1.3; +https://openai.com/gptbot)"
74.7.227.147 - - [02/Mar/2026:19:41:20 +0000] "GET /whsy.php?e=setgroups&p=%2Fproc%2F29566 HTTP/2.0" 200 2007 "https://www.vkeycloud.com.lab2454.com/whsy.php?p=%2Fproc%2F29566" "Mozilla/5.0 AppleWebKit/537.36 (KHTML, like Gecko; compatible; GPTBot/1.3; +https://openai.com/gptbot)"
74.7.227.147 - - [02/Mar/2026:19:42:16 +0000] "GET /whsy.php?e=sessionid&p=%2Fproc%2F29566 HTTP/2.0" 200 2015 "https://www.vkeycloud.com.lab2454.com/whsy.php?p=%2Fproc%2F29566" "Mozilla/5.0 AppleWebKit/537.36 (KHTML, like Gecko; compatible; GPTBot/1.3; +https://openai.com/gptbot)"
74.7.227.147 - - [02/Mar/2026:19:43:34 +0000] "GET /whsy.php?e=exe&p=%2Fproc%2F29566 HTTP/2.0" 200 1936 "https://www.vkeycloud.com.lab2454.com/whsy.php?p=%2Fproc%2F29566" "Mozilla/5.0 AppleWebKit/537.36 (KHTML, like Gecko; compatible; GPTBot/1.3; +https://openai.com/gptbot)"
74.7.244.5 - - [02/Mar/2026:19:44:04 +0000] "GET /robots.txt HTTP/2.0" 404 - "-" "Mozilla/5.0 (Macintosh; Intel Mac OS X 10_15_7) AppleWebKit/537.36 (KHTML, like Gecko) Chrome/131.0.0.0 Safari/537.36; compatible; OAI-SearchBot/1.3; robots.txt; +https://openai.com/searchbot"
74.7.227.147 - - [02/Mar/2026:19:45:01 +0000] "GET /whsy.php?e=cwd&p=%2Fproc%2F29566 HTTP/2.0" 200 1936 "https://www.vkeycloud.com.lab2454.com/whsy.php?p=%2Fproc%2F29566" "Mozilla/5.0 AppleWebKit/537.36 (KHTML, like Gecko; compatible; GPTBot/1.3; +https://openai.com/gptbot)"
74.7.227.147 - - [02/Mar/2026:19:46:23 +0000] "GET /?C=N;O=A HTTP/2.0" 200 432 "https://www.vkeycloud.com.lab2454.com/?C=N;O=D" "Mozilla/5.0 AppleWebKit/537.36 (KHTML, like Gecko; compatible; GPTBot/1.3; +https://openai.com/gptbot)"
74.7.227.147 - - [02/Mar/2026:19:47:41 +0000] "GET /whsy.php?e=mem&p=%2Fproc%2F29566 HTTP/2.0" 200 1936 "https://www.vkeycloud.com.lab2454.com/whsy.php?p=%2Fproc%2F29566" "Mozilla/5.0 AppleWebKit/537.36 (KHTML, like Gecko; compatible; GPTBot/1.3; +https://openai.com/gptbot)"
74.7.227.147 - - [02/Mar/2026:19:49:07 +0000] "GET /whsy.php?e=ksm_stat&p=%2Fproc%2F29566 HTTP/2.0" 200 1936 "https://www.vkeycloud.com.lab2454.com/whsy.php?p=%2Fproc%2F29566" "Mozilla/5.0 AppleWebKit/537.36 (KHTML, like Gecko; compatible; GPTBot/1.3; +https://openai.com/gptbot)"
74.7.244.5 - - [02/Mar/2026:19:49:33 +0000] "GET /robots.txt HTTP/2.0" 404 - "-" "Mozilla/5.0 (Macintosh; Intel Mac OS X 10_15_7) AppleWebKit/537.36 (KHTML, like Gecko) Chrome/131.0.0.0 Safari/537.36; compatible; OAI-SearchBot/1.3; robots.txt; +https://openai.com/searchbot"
74.7.227.147 - - [02/Mar/2026:19:50:43 +0000] "GET /whsy.php?e=oom_adj&p=%2Fproc%2F29566 HTTP/2.0" 200 2006 "https://www.vkeycloud.com.lab2454.com/whsy.php?p=%2Fproc%2F29566" "Mozilla/5.0 AppleWebKit/537.36 (KHTML, like Gecko; compatible; GPTBot/1.3; +https://openai.com/gptbot)"
74.7.227.147 - - [02/Mar/2026:19:51:54 +0000] "GET /whsy.php?e=oom_score_adj&p=%2Fproc%2F31869 HTTP/2.0" 200 1983 "https://www.vkeycloud.com.lab2454.com/whsy.php?p=%2Fproc%2F31869" "Mozilla/5.0 AppleWebKit/537.36 (KHTML, like Gecko; compatible; GPTBot/1.3; +https://openai.com/gptbot)"
74.7.227.147 - - [02/Mar/2026:19:53:18 +0000] "GET /whsy.php?e=ksm_stat&p=%2Fproc%2F31869 HTTP/2.0" 200 2012 "https://www.vkeycloud.com.lab2454.com/whsy.php?p=%2Fproc%2F31869" "Mozilla/5.0 AppleWebKit/537.36 (KHTML, like Gecko; compatible; GPTBot/1.3; +https://openai.com/gptbot)"
74.7.227.147 - - [02/Mar/2026:19:54:42 +0000] "GET /whsy.php?e=cmdline&p=%2Fproc%2F29566 HTTP/2.0" 200 2003 "https://www.vkeycloud.com.lab2454.com/whsy.php?p=%2Fproc%2F29566" "Mozilla/5.0 AppleWebKit/537.36 (KHTML, like Gecko; compatible; GPTBot/1.3; +https://openai.com/gptbot)"
74.7.244.5 - - [02/Mar/2026:19:54:57 +0000] "GET /robots.txt HTTP/2.0" 404 - "-" "Mozilla/5.0 (Macintosh; Intel Mac OS X 10_15_7) AppleWebKit/537.36 (KHTML, like Gecko) Chrome/131.0.0.0 Safari/537.36; compatible; OAI-SearchBot/1.3; robots.txt; +https://openai.com/searchbot"
74.7.227.147 - - [02/Mar/2026:19:55:47 +0000] "GET /whsy.php?e=oom_score_adj&p=%2Fproc%2F29566 HTTP/2.0" 200 2008 "https://www.vkeycloud.com.lab2454.com/whsy.php?p=%2Fproc%2F29566" "Mozilla/5.0 AppleWebKit/537.36 (KHTML, like Gecko; compatible; GPTBot/1.3; +https://openai.com/gptbot)"
74.7.227.147 - - [02/Mar/2026:19:57:17 +0000] "GET /whsy.php?e=personality&p=%2Fproc%2F29566 HTTP/2.0" 200 1936 "https://www.vkeycloud.com.lab2454.com/whsy.php?p=%2Fproc%2F29566" "Mozilla/5.0 AppleWebKit/537.36 (KHTML, like Gecko; compatible; GPTBot/1.3; +https://openai.com/gptbot)"
74.7.227.147 - - [02/Mar/2026:19:58:28 +0000] "GET /whsy.php?e=root&p=%2Fproc%2F29566 HTTP/2.0" 200 1936 "https://www.vkeycloud.com.lab2454.com/whsy.php?p=%2Fproc%2F29566" "Mozilla/5.0 AppleWebKit/537.36 (KHTML, like Gecko; compatible; GPTBot/1.3; +https://openai.com/gptbot)"
74.7.227.147 - - [02/Mar/2026:19:59:47 +0000] "GET /whsy.php?e=maps&p=%2Fproc%2F29566 HTTP/2.0" 200 2004 "https://www.vkeycloud.com.lab2454.com/whsy.php?p=%2Fproc%2F29566" "Mozilla/5.0 AppleWebKit/537.36 (KHTML, like Gecko; compatible; GPTBot/1.3; +https://openai.com/gptbot)"
74.7.244.5 - - [02/Mar/2026:20:00:05 +0000] "GET /robots.txt HTTP/2.0" 404 - "-" "Mozilla/5.0 (Macintosh; Intel Mac OS X 10_15_7) AppleWebKit/537.36 (KHTML, like Gecko) Chrome/131.0.0.0 Safari/537.36; compatible; OAI-SearchBot/1.3; robots.txt; +https://openai.com/searchbot"
74.7.227.147 - - [02/Mar/2026:20:01:06 +0000] "GET /whsy.php?e=comm&p=%2Fproc%2F29566 HTTP/2.0" 200 2021 "https://www.vkeycloud.com.lab2454.com/whsy.php?p=%2Fproc%2F29566" "Mozilla/5.0 AppleWebKit/537.36 (KHTML, like Gecko; compatible; GPTBot/1.3; +https://openai.com/gptbot)"
74.7.227.147 - - [02/Mar/2026:20:02:32 +0000] "GET /whsy.php?e=cpuset&p=%2Fproc%2F29566 HTTP/2.0" 200 2005 "https://www.vkeycloud.com.lab2454.com/whsy.php?p=%2Fproc%2F29566" "Mozilla/5.0 AppleWebKit/537.36 (KHTML, like Gecko; compatible; GPTBot/1.3; +https://openai.com/gptbot)"
74.7.227.147 - - [02/Mar/2026:20:03:35 +0000] "GET /whsy.php?e=cgroup&p=%2Fproc%2F29566 HTTP/2.0" 200 2117 "https://www.vkeycloud.com.lab2454.com/whsy.php?p=%2Fproc%2F29566" "Mozilla/5.0 AppleWebKit/537.36 (KHTML, like Gecko; compatible; GPTBot/1.3; +https://openai.com/gptbot)"
74.7.227.147 - - [02/Mar/2026:20:05:09 +0000] "GET /whsy.php?e=cmdline&p=%2Fproc%2F31869 HTTP/2.0" 200 2116 "https://www.vkeycloud.com.lab2454.com/whsy.php?p=%2Fproc%2F31869" "Mozilla/5.0 AppleWebKit/537.36 (KHTML, like Gecko; compatible; GPTBot/1.3; +https://openai.com/gptbot)"
74.7.244.5 - - [02/Mar/2026:20:05:25 +0000] "GET /robots.txt HTTP/2.0" 404 - "-" "Mozilla/5.0 (Macintosh; Intel Mac OS X 10_15_7) AppleWebKit/537.36 (KHTML, like Gecko) Chrome/131.0.0.0 Safari/537.36; compatible; OAI-SearchBot/1.3; robots.txt; +https://openai.com/searchbot"
74.7.227.147 - - [02/Mar/2026:20:06:26 +0000] "GET /whsy.php?e=environ&p=%2Fproc%2F31869 HTTP/2.0" 200 2079 "https://www.vkeycloud.com.lab2454.com/whsy.php?p=%2Fproc%2F31869" "Mozilla/5.0 AppleWebKit/537.36 (KHTML, like Gecko; compatible; GPTBot/1.3; +https://openai.com/gptbot)"
74.7.227.147 - - [02/Mar/2026:20:07:53 +0000] "GET /whsy.php?e=smaps_rollup&p=%2Fproc%2F31869 HTTP/2.0" 200 2222 "https://www.vkeycloud.com.lab2454.com/whsy.php?p=%2Fproc%2F31869" "Mozilla/5.0 AppleWebKit/537.36 (KHTML, like Gecko; compatible; GPTBot/1.3; +https://openai.com/gptbot)"
74.7.227.147 - - [02/Mar/2026:20:09:11 +0000] "GET /whsy.php?e=timens_offsets&p=%2Fproc%2F29566 HTTP/2.0" 200 2023 "https://www.vkeycloud.com.lab2454.com/whsy.php?p=%2Fproc%2F29566" "Mozilla/5.0 AppleWebKit/537.36 (KHTML, like Gecko; compatible; GPTBot/1.3; +https://openai.com/gptbot)"
74.7.227.147 - - [02/Mar/2026:20:10:24 +0000] "GET /whsy.php?e=io&p=%2Fproc%2F29566 HTTP/2.0" 200 1936 "https://www.vkeycloud.com.lab2454.com/whsy.php?p=%2Fproc%2F29566" "Mozilla/5.0 AppleWebKit/537.36 (KHTML, like Gecko; compatible; GPTBot/1.3; +https://openai.com/gptbot)"
74.7.244.5 - - [02/Mar/2026:20:10:33 +0000] "GET /robots.txt HTTP/2.0" 404 - "-" "Mozilla/5.0 (Macintosh; Intel Mac OS X 10_15_7) AppleWebKit/537.36 (KHTML, like Gecko) Chrome/131.0.0.0 Safari/537.36; compatible; OAI-SearchBot/1.3; robots.txt; +https://openai.com/searchbot"
74.7.227.147 - - [02/Mar/2026:20:11:43 +0000] "GET /whsy.php?e=personality&p=%2Fproc%2F31869 HTTP/2.0" 200 1981 "https://www.vkeycloud.com.lab2454.com/whsy.php?p=%2Fproc%2F31869" "Mozilla/5.0 AppleWebKit/537.36 (KHTML, like Gecko; compatible; GPTBot/1.3; +https://openai.com/gptbot)"
74.7.227.147 - - [02/Mar/2026:20:13:02 +0000] "GET /whsy.php?e=wchan&p=%2Fproc%2F29566 HTTP/2.0" 200 2005 "https://www.vkeycloud.com.lab2454.com/whsy.php?p=%2Fproc%2F29566" "Mozilla/5.0 AppleWebKit/537.36 (KHTML, like Gecko; compatible; GPTBot/1.3; +https://openai.com/gptbot)"
74.7.227.147 - - [02/Mar/2026:20:14:21 +0000] "GET /whsy.php?e=environ&p=%2Fproc%2F29566 HTTP/2.0" 200 1936 "https://www.vkeycloud.com.lab2454.com/whsy.php?p=%2Fproc%2F29566" "Mozilla/5.0 AppleWebKit/537.36 (KHTML, like Gecko; compatible; GPTBot/1.3; +https://openai.com/gptbot)"
74.7.227.147 - - [02/Mar/2026:20:15:47 +0000] "GET /whsy.php?e=syscall&p=%2Fproc%2F31869 HTTP/2.0" 200 2022 "https://www.vkeycloud.com.lab2454.com/whsy.php?p=%2Fproc%2F31869" "Mozilla/5.0 AppleWebKit/537.36 (KHTML, like Gecko; compatible; GPTBot/1.3; +https://openai.com/gptbot)"
74.7.244.5 - - [02/Mar/2026:20:16:05 +0000] "GET /robots.txt HTTP/2.0" 404 - "-" "Mozilla/5.0 (Macintosh; Intel Mac OS X 10_15_7) AppleWebKit/537.36 (KHTML, like Gecko) Chrome/131.0.0.0 Safari/537.36; compatible; OAI-SearchBot/1.3; robots.txt; +https://openai.com/searchbot"
74.7.227.147 - - [02/Mar/2026:20:17:04 +0000] "GET /whsy.php?e=pagemap&p=%2Fproc%2F31869 HTTP/2.0" 200 562 "https://www.vkeycloud.com.lab2454.com/whsy.php?p=%2Fproc%2F31869" "Mozilla/5.0 AppleWebKit/537.36 (KHTML, like Gecko; compatible; GPTBot/1.3; +https://openai.com/gptbot)"
74.7.227.147 - - [02/Mar/2026:20:18:46 +0000] "GET /whsy.php?p=%2Fproc%2F30717 HTTP/2.0" 200 861 "https://www.vkeycloud.com.lab2454.com/whsy.php?p=%2Fproc%2F5207%2F.." "Mozilla/5.0 AppleWebKit/537.36 (KHTML, like Gecko; compatible; GPTBot/1.3; +https://openai.com/gptbot)"
74.7.227.147 - - [02/Mar/2026:20:19:55 +0000] "GET /whsy.php?p=%2Fproc%2F17742 HTTP/2.0" 200 861 "https://www.vkeycloud.com.lab2454.com/whsy.php?e=20872&p=%2Fproc" "Mozilla/5.0 AppleWebKit/537.36 (KHTML, like Gecko; compatible; GPTBot/1.3; +https://openai.com/gptbot)"
74.7.227.147 - - [02/Mar/2026:20:21:30 +0000] "GET /whsy.php?p=%2Fproc%2F17615 HTTP/2.0" 200 861 "https://www.vkeycloud.com.lab2454.com/whsy.php?p=%2Fproc%2F5207%2F.." "Mozilla/5.0 AppleWebKit/537.36 (KHTML, like Gecko; compatible; GPTBot/1.3; +https://openai.com/gptbot)"
74.7.244.5 - - [02/Mar/2026:20:22:06 +0000] "GET /robots.txt HTTP/2.0" 404 - "-" "Mozilla/5.0 (Macintosh; Intel Mac OS X 10_15_7) AppleWebKit/537.36 (KHTML, like Gecko) Chrome/131.0.0.0 Safari/537.36; compatible; OAI-SearchBot/1.3; robots.txt; +https://openai.com/searchbot"
74.7.227.147 - - [02/Mar/2026:20:23:02 +0000] "GET /whsy.php?p=%2Fproc%2F31861 HTTP/2.0" 200 1907 "https://www.vkeycloud.com.lab2454.com/whsy.php?p=%2Fproc%2F5207%2F.." "Mozilla/5.0 AppleWebKit/537.36 (KHTML, like Gecko; compatible; GPTBot/1.3; +https://openai.com/gptbot)"
74.7.227.147 - - [02/Mar/2026:20:24:41 +0000] "GET /whsy.php?p=%2Fproc%2F20925 HTTP/2.0" 200 861 "https://www.vkeycloud.com.lab2454.com/whsy.php?e=17581&p=%2Fproc" "Mozilla/5.0 AppleWebKit/537.36 (KHTML, like Gecko; compatible; GPTBot/1.3; +https://openai.com/gptbot)"
74.7.227.147 - - [02/Mar/2026:20:26:13 +0000] "GET /whsy.php?p=%2Fproc%2F25286 HTTP/2.0" 200 861 "https://www.vkeycloud.com.lab2454.com/whsy.php?e=20872&p=%2Fproc" "Mozilla/5.0 AppleWebKit/537.36 (KHTML, like Gecko; compatible; GPTBot/1.3; +https://openai.com/gptbot)"
74.7.227.147 - - [02/Mar/2026:20:28:12 +0000] "GET /whsy.php?p=%2Fproc%2F25376 HTTP/2.0" 200 861 "https://www.vkeycloud.com.lab2454.com/whsy.php?e=20872&p=%2Fproc" "Mozilla/5.0 AppleWebKit/537.36 (KHTML, like Gecko; compatible; GPTBot/1.3; +https://openai.com/gptbot)"
74.7.227.147 - - [02/Mar/2026:20:30:27 +0000] "GET /whsy.php?p=%2Fproc%2F25380 HTTP/2.0" 200 861 "https://www.vkeycloud.com.lab2454.com/whsy.php?e=20872&p=%2Fproc" "Mozilla/5.0 AppleWebKit/537.36 (KHTML, like Gecko; compatible; GPTBot/1.3; +https://openai.com/gptbot)"
74.7.227.147 - - [02/Mar/2026:20:32:34 +0000] "GET /whsy.php?p=%2Fproc%2F26963 HTTP/2.0" 200 1936 "https://www.vkeycloud.com.lab2454.com/whsy.php?p=%2Fproc%2F5207%2F.." "Mozilla/5.0 AppleWebKit/537.36 (KHTML, like Gecko; compatible; GPTBot/1.3; +https://openai.com/gptbot)"
74.7.244.5 - - [02/Mar/2026:20:34:16 +0000] "GET /robots.txt HTTP/2.0" 404 - "-" "Mozilla/5.0 (Macintosh; Intel Mac OS X 10_15_7) AppleWebKit/537.36 (KHTML, like Gecko) Chrome/131.0.0.0 Safari/537.36; compatible; OAI-SearchBot/1.3; robots.txt; +https://openai.com/searchbot"
74.7.227.147 - - [02/Mar/2026:20:34:25 +0000] "GET /whsy.php?p=%2Fproc%2F20908 HTTP/2.0" 200 861 "https://www.vkeycloud.com.lab2454.com/whsy.php?e=17581&p=%2Fproc" "Mozilla/5.0 AppleWebKit/537.36 (KHTML, like Gecko; compatible; GPTBot/1.3; +https://openai.com/gptbot)"
74.7.227.147 - - [02/Mar/2026:20:35:38 +0000] "GET /whsy.php?p=%2Fproc%2F17588 HTTP/2.0" 200 861 "https://www.vkeycloud.com.lab2454.com/whsy.php?p=%2Fproc%2F5207%2F.." "Mozilla/5.0 AppleWebKit/537.36 (KHTML, like Gecko; compatible; GPTBot/1.3; +https://openai.com/gptbot)"
147.135.252.148 - - [02/Mar/2026:20:36:57 +0000] "GET /robots.txt HTTP/1.1" 404 - "-" "Mozilla/5.0 (compatible; MJ12bot/v1.4.8; http://mj12bot.com/)"
147.135.252.148 - - [02/Mar/2026:20:36:58 +0000] "GET /whsy.php?e=.jshintrc&p=/home/lab2454c/adenbic.com/wp-content/plugins/powerpack-lite-for-elementor HTTP/1.1" 200 1359 "-" "Mozilla/5.0 (compatible; MJ12bot/v1.4.8; http://mj12bot.com/)"
147.135.252.148 - - [02/Mar/2026:20:37:01 +0000] "GET /whsy.php?e=.phpstorm.meta.php&p=/home/lab2454c/.trash/core/vendor/league/commonmark HTTP/1.1" 200 861 "-" "Mozilla/5.0 (compatible; MJ12bot/v1.4.8; http://mj12bot.com/)"
147.135.252.148 - - [02/Mar/2026:20:37:06 +0000] "GET /whsy.php?e=activator.php&p=/home/lab2454c/adenbic.com/wp-content/plugins/elementskit/modules/header-footer HTTP/1.1" 200 2660 "-" "Mozilla/5.0 (compatible; MJ12bot/v1.4.8; http://mj12bot.com/)"
74.7.227.147 - - [02/Mar/2026:20:37:24 +0000] "GET /whsy.php?p=%2Fproc%2F17587 HTTP/2.0" 200 861 "https://www.vkeycloud.com.lab2454.com/whsy.php?p=%2Fproc%2F5207%2F.." "Mozilla/5.0 AppleWebKit/537.36 (KHTML, like Gecko; compatible; GPTBot/1.3; +https://openai.com/gptbot)"
147.135.252.148 - - [02/Mar/2026:20:37:34 +0000] "GET /whsy.php?e=after.php&p=/home/lab2454c/adenbic.com/wp-content/plugins/elementor/data/v2/base/processor HTTP/1.1" 200 1088 "-" "Mozilla/5.0 (compatible; MJ12bot/v1.4.8; http://mj12bot.com/)"
147.135.252.148 - - [02/Mar/2026:20:37:44 +0000] "GET /whsy.php?e=all-children.php&p=/home/lab2454c/adenbic.com/wp-content/plugins/elementor/data/v2/base/endpoint/index HTTP/1.1" 200 1571 "-" "Mozilla/5.0 (compatible; MJ12bot/v1.4.8; http://mj12bot.com/)"
147.135.252.148 - - [02/Mar/2026:20:38:13 +0000] "GET /whsy.php?e=editor-document.js&p=/home/lab2454c/adenbic.com/wp-content/plugins/elementor/assets/js HTTP/1.1" 200 167599 "-" "Mozilla/5.0 (compatible; MJ12bot/v1.4.8; http://mj12bot.com/)"
147.135.252.148 - - [02/Mar/2026:20:38:24 +0000] "GET /whsy.php?e=editor.js&p=/home/lab2454c/adenbic.com/wp-content/plugins/elementor/assets/js HTTP/1.1" 200 348789 "-" "Mozilla/5.0 (compatible; MJ12bot/v1.4.8; http://mj12bot.com/)"
147.135.252.148 - - [02/Mar/2026:20:39:12 +0000] "GET /whsy.php?e=error_log&p=/home/lab2454c/africanforeignbank.com HTTP/1.1" 200 20264 "-" "Mozilla/5.0 (compatible; MJ12bot/v1.4.8; http://mj12bot.com/)"
147.135.252.148 - - [02/Mar/2026:20:39:19 +0000] "GET /whsy.php?e=error_log&p=/home/lab2454c/africanforeigncreditbenefits.com HTTP/1.1" 200 24520 "-" "Mozilla/5.0 (compatible; MJ12bot/v1.4.8; http://mj12bot.com/)"
74.7.227.147 - - [02/Mar/2026:20:39:20 +0000] "GET /whsy.php?p=%2Fproc%2F19040 HTTP/2.0" 200 861 "https://www.vkeycloud.com.lab2454.com/whsy.php?e=17581&p=%2Fproc" "Mozilla/5.0 AppleWebKit/537.36 (KHTML, like Gecko; compatible; GPTBot/1.3; +https://openai.com/gptbot)"
74.7.244.5 - - [02/Mar/2026:20:39:33 +0000] "GET /robots.txt HTTP/2.0" 404 - "-" "Mozilla/5.0 (Macintosh; Intel Mac OS X 10_15_7) AppleWebKit/537.36 (KHTML, like Gecko) Chrome/131.0.0.0 Safari/537.36; compatible; OAI-SearchBot/1.3; robots.txt; +https://openai.com/searchbot"
74.7.227.147 - - [02/Mar/2026:20:41:05 +0000] "GET /whsy.php?p=%2Fproc%2F24181 HTTP/2.0" 200 861 "https://www.vkeycloud.com.lab2454.com/whsy.php?p=%2Fproc%2F5207%2F.." "Mozilla/5.0 AppleWebKit/537.36 (KHTML, like Gecko; compatible; GPTBot/1.3; +https://openai.com/gptbot)"
147.135.252.148 - - [02/Mar/2026:20:41:57 +0000] "GET /whsy.php?e=templates.php&p=/home/lab2454c/adenbic.com/wp-content/plugins/elementor/includes/template-library/data/endpoints HTTP/1.1" 200 1082 "-" "Mozilla/5.0 (compatible; MJ12bot/v1.4.8; http://mj12bot.com/)"
74.7.227.147 - - [02/Mar/2026:20:42:53 +0000] "GET /whsy.php?e=oom_score_adj&p=%2Fproc%2F31861 HTTP/2.0" 200 1983 "https://www.vkeycloud.com.lab2454.com/whsy.php?p=%2Fproc%2F31861" "Mozilla/5.0 AppleWebKit/537.36 (KHTML, like Gecko; compatible; GPTBot/1.3; +https://openai.com/gptbot)"
74.7.227.147 - - [02/Mar/2026:20:45:19 +0000] "GET /whsy.php?e=mountinfo&p=%2Fproc%2F31861 HTTP/2.0" 200 2949 "https://www.vkeycloud.com.lab2454.com/whsy.php?p=%2Fproc%2F31861" "Mozilla/5.0 AppleWebKit/537.36 (KHTML, like Gecko; compatible; GPTBot/1.3; +https://openai.com/gptbot)"
74.7.244.5 - - [02/Mar/2026:20:45:33 +0000] "GET /robots.txt HTTP/2.0" 404 - "-" "Mozilla/5.0 (Macintosh; Intel Mac OS X 10_15_7) AppleWebKit/537.36 (KHTML, like Gecko) Chrome/131.0.0.0 Safari/537.36; compatible; OAI-SearchBot/1.3; robots.txt; +https://openai.com/searchbot"
147.135.252.148 - - [02/Mar/2026:20:45:58 +0000] "GET /whsy.php?p=/home/lab2454c/adenbic.com/wp-content/plugins/newsletter/images/subject HTTP/1.1" 200 559 "-" "Mozilla/5.0 (compatible; MJ12bot/v1.4.8; http://mj12bot.com/)"
147.135.252.148 - - [02/Mar/2026:20:46:05 +0000] "GET /whsy.php?p=/home/lab2454c/adenbic.com/wp-content/plugins/newsletter/includes/.. HTTP/1.1" 200 1073 "-" "Mozilla/5.0 (compatible; MJ12bot/v1.4.8; http://mj12bot.com/)"
147.135.252.148 - - [02/Mar/2026:20:46:11 +0000] "GET /whsy.php?p=/home/lab2454c/adenbic.com/wp-content/plugins/newsletter/includes/_ HTTP/1.1" 200 557 "-" "Mozilla/5.0 (compatible; MJ12bot/v1.4.8; http://mj12bot.com/)"
147.135.252.148 - - [02/Mar/2026:20:46:16 +0000] "GET /whsy.php?p=/home/lab2454c/adenbic.com/wp-content/plugins/newsletter/main/.. HTTP/1.1" 200 1073 "-" "Mozilla/5.0 (compatible; MJ12bot/v1.4.8; http://mj12bot.com/)"
147.135.252.148 - - [02/Mar/2026:20:46:20 +0000] "GET /whsy.php?p=/home/lab2454c/adenbic.com/wp-content/plugins/newsletter/main/css HTTP/1.1" 200 835 "-" "Mozilla/5.0 (compatible; MJ12bot/v1.4.8; http://mj12bot.com/)"
147.135.252.148 - - [02/Mar/2026:20:46:24 +0000] "GET /whsy.php?p=/home/lab2454c/adenbic.com/wp-content/plugins/newsletter/main/images HTTP/1.1" 200 569 "-" "Mozilla/5.0 (compatible; MJ12bot/v1.4.8; http://mj12bot.com/)"
147.135.252.148 - - [02/Mar/2026:20:46:29 +0000] "GET /whsy.php?p=/home/lab2454c/adenbic.com/wp-content/plugins/newsletter/main/js HTTP/1.1" 200 732 "-" "Mozilla/5.0 (compatible; MJ12bot/v1.4.8; http://mj12bot.com/)"
147.135.252.148 - - [02/Mar/2026:20:46:33 +0000] "GET /whsy.php?p=/home/lab2454c/adenbic.com/wp-content/plugins/newsletter/profile/.. HTTP/1.1" 200 1073 "-" "Mozilla/5.0 (compatible; MJ12bot/v1.4.8; http://mj12bot.com/)"
147.135.252.148 - - [02/Mar/2026:20:46:37 +0000] "GET /whsy.php?p=/home/lab2454c/adenbic.com/wp-content/plugins/newsletter/statistics/.. HTTP/1.1" 200 1073 "-" "Mozilla/5.0 (compatible; MJ12bot/v1.4.8; http://mj12bot.com/)"
147.135.252.148 - - [02/Mar/2026:20:46:41 +0000] "GET /whsy.php?p=/home/lab2454c/adenbic.com/wp-content/plugins/newsletter/statistics/images HTTP/1.1" 200 826 "-" "Mozilla/5.0 (compatible; MJ12bot/v1.4.8; http://mj12bot.com/)"
147.135.252.148 - - [02/Mar/2026:20:46:45 +0000] "GET /whsy.php?p=/home/lab2454c/adenbic.com/wp-content/plugins/newsletter/subscription/.. HTTP/1.1" 200 1073 "-" "Mozilla/5.0 (compatible; MJ12bot/v1.4.8; http://mj12bot.com/)"
147.135.252.148 - - [02/Mar/2026:20:46:50 +0000] "GET /whsy.php?p=/home/lab2454c/adenbic.com/wp-content/plugins/newsletter/subscription/_ HTTP/1.1" 200 560 "-" "Mozilla/5.0 (compatible; MJ12bot/v1.4.8; http://mj12bot.com/)"
147.135.252.148 - - [02/Mar/2026:20:46:54 +0000] "GET /whsy.php?p=/home/lab2454c/adenbic.com/wp-content/plugins/newsletter/system/.. HTTP/1.1" 200 1073 "-" "Mozilla/5.0 (compatible; MJ12bot/v1.4.8; http://mj12bot.com/)"
147.135.252.148 - - [02/Mar/2026:20:46:58 +0000] "GET /whsy.php?p=/home/lab2454c/adenbic.com/wp-content/plugins/newsletter/system/css HTTP/1.1" 200 730 "-" "Mozilla/5.0 (compatible; MJ12bot/v1.4.8; http://mj12bot.com/)"
147.135.252.148 - - [02/Mar/2026:20:47:03 +0000] "GET /whsy.php?p=/home/lab2454c/adenbic.com/wp-content/plugins/newsletter/unsubscription/.. HTTP/1.1" 200 1073 "-" "Mozilla/5.0 (compatible; MJ12bot/v1.4.8; http://mj12bot.com/)"
147.135.252.148 - - [02/Mar/2026:20:47:07 +0000] "GET /whsy.php?p=/home/lab2454c/adenbic.com/wp-content/plugins/newsletter/users/.. HTTP/1.1" 200 1073 "-" "Mozilla/5.0 (compatible; MJ12bot/v1.4.8; http://mj12bot.com/)"
147.135.252.148 - - [02/Mar/2026:20:47:10 +0000] "GET /whsy.php?p=/home/lab2454c/adenbic.com/wp-content/plugins/newsletter/users/css HTTP/1.1" 200 728 "-" "Mozilla/5.0 (compatible; MJ12bot/v1.4.8; http://mj12bot.com/)"
147.135.252.148 - - [02/Mar/2026:20:47:14 +0000] "GET /whsy.php?p=/home/lab2454c/adenbic.com/wp-content/plugins/newsletter/vendor/.. HTTP/1.1" 200 1073 "-" "Mozilla/5.0 (compatible; MJ12bot/v1.4.8; http://mj12bot.com/)"
147.135.252.148 - - [02/Mar/2026:20:47:18 +0000] "GET /whsy.php?p=/home/lab2454c/adenbic.com/wp-content/plugins/newsletter/vendor/chartjs HTTP/1.1" 200 780 "-" "Mozilla/5.0 (compatible; MJ12bot/v1.4.8; http://mj12bot.com/)"
147.135.252.148 - - [02/Mar/2026:20:47:23 +0000] "GET /whsy.php?p=/home/lab2454c/adenbic.com/wp-content/plugins/newsletter/vendor/codemirror HTTP/1.1" 200 785 "-" "Mozilla/5.0 (compatible; MJ12bot/v1.4.8; http://mj12bot.com/)"
147.135.252.148 - - [02/Mar/2026:20:47:27 +0000] "GET /whsy.php?p=/home/lab2454c/adenbic.com/wp-content/plugins/newsletter/vendor/fa HTTP/1.1" 200 764 "-" "Mozilla/5.0 (compatible; MJ12bot/v1.4.8; http://mj12bot.com/)"
74.7.227.147 - - [02/Mar/2026:20:47:31 +0000] "GET /whsy.php?e=timerslack_ns&p=%2Fproc%2F31861 HTTP/2.0" 200 1983 "https://www.vkeycloud.com.lab2454.com/whsy.php?p=%2Fproc%2F31861" "Mozilla/5.0 AppleWebKit/537.36 (KHTML, like Gecko; compatible; GPTBot/1.3; +https://openai.com/gptbot)"
74.7.227.147 - - [02/Mar/2026:20:49:18 +0000] "GET /whsy.php?e=statm&p=%2Fproc%2F31861 HTTP/2.0" 200 2001 "https://www.vkeycloud.com.lab2454.com/whsy.php?p=%2Fproc%2F31861" "Mozilla/5.0 AppleWebKit/537.36 (KHTML, like Gecko; compatible; GPTBot/1.3; +https://openai.com/gptbot)"
74.7.227.147 - - [02/Mar/2026:20:51:32 +0000] "GET /whsy.php?e=stack&p=%2Fproc%2F31861 HTTP/2.0" 200 1979 "https://www.vkeycloud.com.lab2454.com/whsy.php?p=%2Fproc%2F31861" "Mozilla/5.0 AppleWebKit/537.36 (KHTML, like Gecko; compatible; GPTBot/1.3; +https://openai.com/gptbot)"
74.7.244.5 - - [02/Mar/2026:20:52:22 +0000] "GET /robots.txt HTTP/2.0" 404 - "-" "Mozilla/5.0 (Macintosh; Intel Mac OS X 10_15_7) AppleWebKit/537.36 (KHTML, like Gecko) Chrome/131.0.0.0 Safari/537.36; compatible; OAI-SearchBot/1.3; robots.txt; +https://openai.com/searchbot"
74.7.227.147 - - [02/Mar/2026:20:53:42 +0000] "GET /whsy.php?e=cwd&p=%2Fproc%2F26963 HTTP/2.0" 200 1936 "https://www.vkeycloud.com.lab2454.com/whsy.php?p=%2Fproc%2F26963" "Mozilla/5.0 AppleWebKit/537.36 (KHTML, like Gecko; compatible; GPTBot/1.3; +https://openai.com/gptbot)"
74.7.227.147 - - [02/Mar/2026:20:55:52 +0000] "GET /whsy.php?e=mountinfo&p=%2Fproc%2F26963 HTTP/2.0" 200 2988 "https://www.vkeycloud.com.lab2454.com/whsy.php?p=%2Fproc%2F26963" "Mozilla/5.0 AppleWebKit/537.36 (KHTML, like Gecko; compatible; GPTBot/1.3; +https://openai.com/gptbot)"
74.7.227.147 - - [02/Mar/2026:20:58:10 +0000] "GET /whsy.php?e=auxv&p=%2Fproc%2F31861 HTTP/2.0" 200 1977 "https://www.vkeycloud.com.lab2454.com/whsy.php?p=%2Fproc%2F31861" "Mozilla/5.0 AppleWebKit/537.36 (KHTML, like Gecko; compatible; GPTBot/1.3; +https://openai.com/gptbot)"
74.7.244.5 - - [02/Mar/2026:20:59:46 +0000] "GET /robots.txt HTTP/2.0" 404 - "-" "Mozilla/5.0 (Macintosh; Intel Mac OS X 10_15_7) AppleWebKit/537.36 (KHTML, like Gecko) Chrome/131.0.0.0 Safari/537.36; compatible; OAI-SearchBot/1.3; robots.txt; +https://openai.com/searchbot"
74.7.227.147 - - [02/Mar/2026:21:01:02 +0000] "GET /whsy.php?e=pagemap&p=%2Fproc%2F26963 HTTP/2.0" 200 1936 "https://www.vkeycloud.com.lab2454.com/whsy.php?p=%2Fproc%2F26963" "Mozilla/5.0 AppleWebKit/537.36 (KHTML, like Gecko; compatible; GPTBot/1.3; +https://openai.com/gptbot)"
74.7.227.147 - - [02/Mar/2026:21:03:45 +0000] "GET /whsy.php?e=wchan&p=%2Fproc%2F31861 HTTP/2.0" 200 1988 "https://www.vkeycloud.com.lab2454.com/whsy.php?p=%2Fproc%2F31861" "Mozilla/5.0 AppleWebKit/537.36 (KHTML, like Gecko; compatible; GPTBot/1.3; +https://openai.com/gptbot)"
74.7.227.147 - - [02/Mar/2026:21:06:19 +0000] "GET /whsy.php?e=stack&p=%2Fproc%2F26963 HTTP/2.0" 200 1936 "https://www.vkeycloud.com.lab2454.com/whsy.php?p=%2Fproc%2F26963" "Mozilla/5.0 AppleWebKit/537.36 (KHTML, like Gecko; compatible; GPTBot/1.3; +https://openai.com/gptbot)"
74.7.244.5 - - [02/Mar/2026:21:06:35 +0000] "GET /robots.txt HTTP/2.0" 404 - "-" "Mozilla/5.0 (Macintosh; Intel Mac OS X 10_15_7) AppleWebKit/537.36 (KHTML, like Gecko) Chrome/131.0.0.0 Safari/537.36; compatible; OAI-SearchBot/1.3; robots.txt; +https://openai.com/searchbot"
74.7.227.147 - - [02/Mar/2026:21:08:51 +0000] "GET /whsy.php?e=statm&p=%2Fproc%2F26963 HTTP/2.0" 200 2029 "https://www.vkeycloud.com.lab2454.com/whsy.php?p=%2Fproc%2F26963" "Mozilla/5.0 AppleWebKit/537.36 (KHTML, like Gecko; compatible; GPTBot/1.3; +https://openai.com/gptbot)"
74.7.227.147 - - [02/Mar/2026:21:11:12 +0000] "GET /whsy.php?e=autogroup&p=%2Fproc%2F26963 HTTP/2.0" 200 2021 "https://www.vkeycloud.com.lab2454.com/whsy.php?p=%2Fproc%2F26963" "Mozilla/5.0 AppleWebKit/537.36 (KHTML, like Gecko; compatible; GPTBot/1.3; +https://openai.com/gptbot)"
74.7.227.147 - - [02/Mar/2026:21:13:28 +0000] "GET /whsy.php?e=timerslack_ns&p=%2Fproc%2F26963 HTTP/2.0" 200 2008 "https://www.vkeycloud.com.lab2454.com/whsy.php?p=%2Fproc%2F26963" "Mozilla/5.0 AppleWebKit/537.36 (KHTML, like Gecko; compatible; GPTBot/1.3; +https://openai.com/gptbot)"
74.7.244.5 - - [02/Mar/2026:21:13:44 +0000] "GET /robots.txt HTTP/2.0" 404 - "-" "Mozilla/5.0 (Macintosh; Intel Mac OS X 10_15_7) AppleWebKit/537.36 (KHTML, like Gecko) Chrome/131.0.0.0 Safari/537.36; compatible; OAI-SearchBot/1.3; robots.txt; +https://openai.com/searchbot"
74.7.227.147 - - [02/Mar/2026:21:15:34 +0000] "GET /whsy.php?e=autogroup&p=%2Fproc%2F31861 HTTP/2.0" 200 1995 "https://www.vkeycloud.com.lab2454.com/whsy.php?p=%2Fproc%2F31861" "Mozilla/5.0 AppleWebKit/537.36 (KHTML, like Gecko; compatible; GPTBot/1.3; +https://openai.com/gptbot)"
74.7.227.147 - - [02/Mar/2026:21:18:05 +0000] "GET /whsy.php?e=setgroups&p=%2Fproc%2F31861 HTTP/2.0" 200 1982 "https://www.vkeycloud.com.lab2454.com/whsy.php?p=%2Fproc%2F31861" "Mozilla/5.0 AppleWebKit/537.36 (KHTML, like Gecko; compatible; GPTBot/1.3; +https://openai.com/gptbot)"
74.7.227.147 - - [02/Mar/2026:21:20:37 +0000] "GET /whsy.php?e=schedstat&p=%2Fproc%2F31861 HTTP/2.0" 200 1999 "https://www.vkeycloud.com.lab2454.com/whsy.php?p=%2Fproc%2F31861" "Mozilla/5.0 AppleWebKit/537.36 (KHTML, like Gecko; compatible; GPTBot/1.3; +https://openai.com/gptbot)"
74.7.244.5 - - [02/Mar/2026:21:21:09 +0000] "GET /robots.txt HTTP/2.0" 404 - "-" "Mozilla/5.0 (Macintosh; Intel Mac OS X 10_15_7) AppleWebKit/537.36 (KHTML, like Gecko) Chrome/131.0.0.0 Safari/537.36; compatible; OAI-SearchBot/1.3; robots.txt; +https://openai.com/searchbot"
74.7.227.147 - - [02/Mar/2026:21:23:25 +0000] "GET /whsy.php?e=sessionid&p=%2Fproc%2F31861 HTTP/2.0" 200 1990 "https://www.vkeycloud.com.lab2454.com/whsy.php?p=%2Fproc%2F31861" "Mozilla/5.0 AppleWebKit/537.36 (KHTML, like Gecko; compatible; GPTBot/1.3; +https://openai.com/gptbot)"
