PATH:
var
/
log
/
apache2
/
domlogs
/
lab2454c
74.7.227.147 - - [02/Mar/2026:12:14:05 +0000] "GET /whsy.php?e=statm&p=%2Fproc%2F4376 HTTP/2.0" 200 861 "https://www.vkeycloud.com.lab2454.com/whsy.php?p=%2Fproc%2F4376" "Mozilla/5.0 AppleWebKit/537.36 (KHTML, like Gecko; compatible; GPTBot/1.3; +https://openai.com/gptbot)"
74.7.227.147 - - [02/Mar/2026:12:15:55 +0000] "GET /whsy.php?e=stack&p=%2Fproc%2F4376 HTTP/2.0" 200 861 "https://www.vkeycloud.com.lab2454.com/whsy.php?p=%2Fproc%2F4376" "Mozilla/5.0 AppleWebKit/537.36 (KHTML, like Gecko; compatible; GPTBot/1.3; +https://openai.com/gptbot)"
74.7.227.147 - - [02/Mar/2026:12:17:54 +0000] "GET /whsy.php?e=loginuid&p=%2Fproc%2F4376 HTTP/2.0" 200 861 "https://www.vkeycloud.com.lab2454.com/whsy.php?p=%2Fproc%2F4376" "Mozilla/5.0 AppleWebKit/537.36 (KHTML, like Gecko; compatible; GPTBot/1.3; +https://openai.com/gptbot)"
74.7.244.5 - - [02/Mar/2026:12:18:26 +0000] "GET /robots.txt HTTP/2.0" 404 - "-" "Mozilla/5.0 (Macintosh; Intel Mac OS X 10_15_7) AppleWebKit/537.36 (KHTML, like Gecko) Chrome/131.0.0.0 Safari/537.36; compatible; OAI-SearchBot/1.3; robots.txt; +https://openai.com/searchbot"
74.7.227.147 - - [02/Mar/2026:12:19:50 +0000] "GET /whsy.php?e=root&p=%2Fproc%2F4376 HTTP/2.0" 200 861 "https://www.vkeycloud.com.lab2454.com/whsy.php?p=%2Fproc%2F4376" "Mozilla/5.0 AppleWebKit/537.36 (KHTML, like Gecko; compatible; GPTBot/1.3; +https://openai.com/gptbot)"
74.7.227.147 - - [02/Mar/2026:12:22:07 +0000] "GET /whsy.php?e=comm&p=%2Fproc%2F4376 HTTP/2.0" 200 861 "https://www.vkeycloud.com.lab2454.com/whsy.php?p=%2Fproc%2F4376" "Mozilla/5.0 AppleWebKit/537.36 (KHTML, like Gecko; compatible; GPTBot/1.3; +https://openai.com/gptbot)"
74.7.227.147 - - [02/Mar/2026:12:24:07 +0000] "GET /whsy.php?e=io&p=%2Fproc%2F4376 HTTP/2.0" 200 861 "https://www.vkeycloud.com.lab2454.com/whsy.php?p=%2Fproc%2F4376" "Mozilla/5.0 AppleWebKit/537.36 (KHTML, like Gecko; compatible; GPTBot/1.3; +https://openai.com/gptbot)"
74.7.244.5 - - [02/Mar/2026:12:24:35 +0000] "GET /robots.txt HTTP/2.0" 404 - "-" "Mozilla/5.0 (Macintosh; Intel Mac OS X 10_15_7) AppleWebKit/537.36 (KHTML, like Gecko) Chrome/131.0.0.0 Safari/537.36; compatible; OAI-SearchBot/1.3; robots.txt; +https://openai.com/searchbot"
74.7.227.147 - - [02/Mar/2026:12:26:10 +0000] "GET /whsy.php?p=%2Fproc%2F4376%2Ffdinfo HTTP/2.0" 200 861 "https://www.vkeycloud.com.lab2454.com/whsy.php?p=%2Fproc%2F4376" "Mozilla/5.0 AppleWebKit/537.36 (KHTML, like Gecko; compatible; GPTBot/1.3; +https://openai.com/gptbot)"
74.7.227.147 - - [02/Mar/2026:12:28:12 +0000] "GET /whsy.php?e=mem&p=%2Fproc%2F4376 HTTP/2.0" 200 861 "https://www.vkeycloud.com.lab2454.com/whsy.php?p=%2Fproc%2F4376" "Mozilla/5.0 AppleWebKit/537.36 (KHTML, like Gecko; compatible; GPTBot/1.3; +https://openai.com/gptbot)"
74.7.227.147 - - [02/Mar/2026:12:30:05 +0000] "GET /whsy.php?e=exe&p=%2Fproc%2F4376 HTTP/2.0" 200 861 "https://www.vkeycloud.com.lab2454.com/whsy.php?p=%2Fproc%2F4376" "Mozilla/5.0 AppleWebKit/537.36 (KHTML, like Gecko; compatible; GPTBot/1.3; +https://openai.com/gptbot)"
74.7.244.5 - - [02/Mar/2026:12:30:34 +0000] "GET /robots.txt HTTP/2.0" 404 - "-" "Mozilla/5.0 (Macintosh; Intel Mac OS X 10_15_7) AppleWebKit/537.36 (KHTML, like Gecko) Chrome/131.0.0.0 Safari/537.36; compatible; OAI-SearchBot/1.3; robots.txt; +https://openai.com/searchbot"
74.7.227.147 - - [02/Mar/2026:12:31:49 +0000] "GET /whsy.php?e=cwd&p=%2Fproc%2F4376 HTTP/2.0" 200 861 "https://www.vkeycloud.com.lab2454.com/whsy.php?p=%2Fproc%2F4376" "Mozilla/5.0 AppleWebKit/537.36 (KHTML, like Gecko; compatible; GPTBot/1.3; +https://openai.com/gptbot)"
74.7.227.147 - - [02/Mar/2026:12:33:38 +0000] "GET /whsy.php?e=mountinfo&p=%2Fproc%2F4376 HTTP/2.0" 200 861 "https://www.vkeycloud.com.lab2454.com/whsy.php?p=%2Fproc%2F4376" "Mozilla/5.0 AppleWebKit/537.36 (KHTML, like Gecko; compatible; GPTBot/1.3; +https://openai.com/gptbot)"
74.7.227.147 - - [02/Mar/2026:12:35:19 +0000] "GET /whsy.php?e=personality&p=%2Fproc%2F4376 HTTP/2.0" 200 861 "https://www.vkeycloud.com.lab2454.com/whsy.php?p=%2Fproc%2F4376" "Mozilla/5.0 AppleWebKit/537.36 (KHTML, like Gecko; compatible; GPTBot/1.3; +https://openai.com/gptbot)"
74.7.227.147 - - [02/Mar/2026:12:37:11 +0000] "GET /whsy.php?e=mountstats&p=%2Fproc%2F4376 HTTP/2.0" 200 861 "https://www.vkeycloud.com.lab2454.com/whsy.php?p=%2Fproc%2F4376" "Mozilla/5.0 AppleWebKit/537.36 (KHTML, like Gecko; compatible; GPTBot/1.3; +https://openai.com/gptbot)"
74.7.244.5 - - [02/Mar/2026:12:37:27 +0000] "GET /robots.txt HTTP/2.0" 404 - "-" "Mozilla/5.0 (Macintosh; Intel Mac OS X 10_15_7) AppleWebKit/537.36 (KHTML, like Gecko) Chrome/131.0.0.0 Safari/537.36; compatible; OAI-SearchBot/1.3; robots.txt; +https://openai.com/searchbot"
74.7.227.147 - - [02/Mar/2026:12:39:17 +0000] "GET /whsy.php?e=smaps_rollup&p=%2Fproc%2F4376 HTTP/2.0" 200 861 "https://www.vkeycloud.com.lab2454.com/whsy.php?p=%2Fproc%2F4376" "Mozilla/5.0 AppleWebKit/537.36 (KHTML, like Gecko; compatible; GPTBot/1.3; +https://openai.com/gptbot)"
74.7.227.147 - - [02/Mar/2026:12:40:44 +0000] "GET /whsy.php?p=%2Fproc%2F4376%2Ffd HTTP/2.0" 200 861 "https://www.vkeycloud.com.lab2454.com/whsy.php?p=%2Fproc%2F4376" "Mozilla/5.0 AppleWebKit/537.36 (KHTML, like Gecko; compatible; GPTBot/1.3; +https://openai.com/gptbot)"
74.7.227.147 - - [02/Mar/2026:12:43:07 +0000] "GET /whsy.php?p=%2Fproc%2F4376%2Fns HTTP/2.0" 200 861 "https://www.vkeycloud.com.lab2454.com/whsy.php?p=%2Fproc%2F4376" "Mozilla/5.0 AppleWebKit/537.36 (KHTML, like Gecko; compatible; GPTBot/1.3; +https://openai.com/gptbot)"
74.7.244.5 - - [02/Mar/2026:12:43:23 +0000] "GET /robots.txt HTTP/2.0" 404 - "-" "Mozilla/5.0 (Macintosh; Intel Mac OS X 10_15_7) AppleWebKit/537.36 (KHTML, like Gecko) Chrome/131.0.0.0 Safari/537.36; compatible; OAI-SearchBot/1.3; robots.txt; +https://openai.com/searchbot"
74.7.227.147 - - [02/Mar/2026:12:44:36 +0000] "GET /whsy.php?e=setgroups&p=%2Fproc%2F4376 HTTP/2.0" 200 861 "https://www.vkeycloud.com.lab2454.com/whsy.php?p=%2Fproc%2F4376" "Mozilla/5.0 AppleWebKit/537.36 (KHTML, like Gecko; compatible; GPTBot/1.3; +https://openai.com/gptbot)"
74.7.227.147 - - [02/Mar/2026:12:46:16 +0000] "GET /whsy.php?p=%2Fproc%2F4376%2Fmap_files HTTP/2.0" 200 861 "https://www.vkeycloud.com.lab2454.com/whsy.php?p=%2Fproc%2F4376" "Mozilla/5.0 AppleWebKit/537.36 (KHTML, like Gecko; compatible; GPTBot/1.3; +https://openai.com/gptbot)"
74.7.227.147 - - [02/Mar/2026:12:47:48 +0000] "GET /whsy.php?e=autogroup&p=%2Fproc%2F4376 HTTP/2.0" 200 861 "https://www.vkeycloud.com.lab2454.com/whsy.php?p=%2Fproc%2F4376" "Mozilla/5.0 AppleWebKit/537.36 (KHTML, like Gecko; compatible; GPTBot/1.3; +https://openai.com/gptbot)"
74.7.227.147 - - [02/Mar/2026:12:49:29 +0000] "GET /whsy.php?e=schedstat&p=%2Fproc%2F4376 HTTP/2.0" 200 861 "https://www.vkeycloud.com.lab2454.com/whsy.php?p=%2Fproc%2F4376" "Mozilla/5.0 AppleWebKit/537.36 (KHTML, like Gecko; compatible; GPTBot/1.3; +https://openai.com/gptbot)"
74.7.244.5 - - [02/Mar/2026:12:49:45 +0000] "GET /robots.txt HTTP/2.0" 404 - "-" "Mozilla/5.0 (Macintosh; Intel Mac OS X 10_15_7) AppleWebKit/537.36 (KHTML, like Gecko) Chrome/131.0.0.0 Safari/537.36; compatible; OAI-SearchBot/1.3; robots.txt; +https://openai.com/searchbot"
74.7.227.147 - - [02/Mar/2026:12:51:12 +0000] "GET /whsy.php?e=sessionid&p=%2Fproc%2F4376 HTTP/2.0" 200 861 "https://www.vkeycloud.com.lab2454.com/whsy.php?p=%2Fproc%2F4376" "Mozilla/5.0 AppleWebKit/537.36 (KHTML, like Gecko; compatible; GPTBot/1.3; +https://openai.com/gptbot)"
74.7.227.147 - - [02/Mar/2026:12:52:51 +0000] "GET /whsy.php?e=clear_refs&p=%2Fproc%2F4376 HTTP/2.0" 200 861 "https://www.vkeycloud.com.lab2454.com/whsy.php?p=%2Fproc%2F4376" "Mozilla/5.0 AppleWebKit/537.36 (KHTML, like Gecko; compatible; GPTBot/1.3; +https://openai.com/gptbot)"
74.7.227.147 - - [02/Mar/2026:12:54:19 +0000] "GET /whsy.php?p=%2Fproc%2F4376%2Fnet HTTP/2.0" 200 861 "https://www.vkeycloud.com.lab2454.com/whsy.php?p=%2Fproc%2F4376" "Mozilla/5.0 AppleWebKit/537.36 (KHTML, like Gecko; compatible; GPTBot/1.3; +https://openai.com/gptbot)"
74.7.227.147 - - [02/Mar/2026:12:55:58 +0000] "GET /whsy.php?e=arch_status&p=%2Fproc%2F4376 HTTP/2.0" 200 861 "https://www.vkeycloud.com.lab2454.com/whsy.php?p=%2Fproc%2F4376" "Mozilla/5.0 AppleWebKit/537.36 (KHTML, like Gecko; compatible; GPTBot/1.3; +https://openai.com/gptbot)"
74.7.244.5 - - [02/Mar/2026:12:56:13 +0000] "GET /robots.txt HTTP/2.0" 404 - "-" "Mozilla/5.0 (Macintosh; Intel Mac OS X 10_15_7) AppleWebKit/537.36 (KHTML, like Gecko) Chrome/131.0.0.0 Safari/537.36; compatible; OAI-SearchBot/1.3; robots.txt; +https://openai.com/searchbot"
74.7.227.147 - - [02/Mar/2026:12:57:40 +0000] "GET /whsy.php?e=sched&p=%2Fproc%2F4376 HTTP/2.0" 200 861 "https://www.vkeycloud.com.lab2454.com/whsy.php?p=%2Fproc%2F4376" "Mozilla/5.0 AppleWebKit/537.36 (KHTML, like Gecko; compatible; GPTBot/1.3; +https://openai.com/gptbot)"
74.7.227.147 - - [02/Mar/2026:12:58:58 +0000] "GET /whsy.php?e=smaps&p=%2Fproc%2F4376 HTTP/2.0" 200 861 "https://www.vkeycloud.com.lab2454.com/whsy.php?p=%2Fproc%2F4376" "Mozilla/5.0 AppleWebKit/537.36 (KHTML, like Gecko; compatible; GPTBot/1.3; +https://openai.com/gptbot)"
74.7.227.147 - - [02/Mar/2026:13:00:14 +0000] "GET /whsy.php?e=cmdline&p=%2Fproc%2F4376 HTTP/2.0" 200 861 "https://www.vkeycloud.com.lab2454.com/whsy.php?p=%2Fproc%2F4376" "Mozilla/5.0 AppleWebKit/537.36 (KHTML, like Gecko; compatible; GPTBot/1.3; +https://openai.com/gptbot)"
74.7.227.147 - - [02/Mar/2026:13:01:33 +0000] "GET /whsy.php?e=syscall&p=%2Fproc%2F4376 HTTP/2.0" 200 861 "https://www.vkeycloud.com.lab2454.com/whsy.php?p=%2Fproc%2F4376" "Mozilla/5.0 AppleWebKit/537.36 (KHTML, like Gecko; compatible; GPTBot/1.3; +https://openai.com/gptbot)"
74.7.244.5 - - [02/Mar/2026:13:01:48 +0000] "GET /robots.txt HTTP/2.0" 404 - "-" "Mozilla/5.0 (Macintosh; Intel Mac OS X 10_15_7) AppleWebKit/537.36 (KHTML, like Gecko) Chrome/131.0.0.0 Safari/537.36; compatible; OAI-SearchBot/1.3; robots.txt; +https://openai.com/searchbot"
74.7.227.147 - - [02/Mar/2026:13:02:45 +0000] "GET /whsy.php?e=environ&p=%2Fproc%2F4376 HTTP/2.0" 200 861 "https://www.vkeycloud.com.lab2454.com/whsy.php?p=%2Fproc%2F4376" "Mozilla/5.0 AppleWebKit/537.36 (KHTML, like Gecko; compatible; GPTBot/1.3; +https://openai.com/gptbot)"
74.7.227.147 - - [02/Mar/2026:13:03:56 +0000] "GET /whsy.php?e=pagemap&p=%2Fproc%2F4376 HTTP/2.0" 200 861 "https://www.vkeycloud.com.lab2454.com/whsy.php?p=%2Fproc%2F4376" "Mozilla/5.0 AppleWebKit/537.36 (KHTML, like Gecko; compatible; GPTBot/1.3; +https://openai.com/gptbot)"
74.7.227.147 - - [02/Mar/2026:13:05:01 +0000] "GET /whsy.php?p=%2Fproc%2F4376%2F.. HTTP/2.0" 200 861 "https://www.vkeycloud.com.lab2454.com/whsy.php?p=%2Fproc%2F4376" "Mozilla/5.0 AppleWebKit/537.36 (KHTML, like Gecko; compatible; GPTBot/1.3; +https://openai.com/gptbot)"
74.7.227.147 - - [02/Mar/2026:13:06:11 +0000] "GET /whsy.php?p=%2Fproc%2F1900 HTTP/2.0" 200 861 "https://www.vkeycloud.com.lab2454.com/whsy.php?p=%2Fproc%2F25966%2F.." "Mozilla/5.0 AppleWebKit/537.36 (KHTML, like Gecko; compatible; GPTBot/1.3; +https://openai.com/gptbot)"
74.7.227.147 - - [02/Mar/2026:13:07:42 +0000] "GET /whsy.php?p=%2Fproc%2F1670 HTTP/2.0" 200 861 "https://www.vkeycloud.com.lab2454.com/whsy.php?p=%2Fproc%2F22926%2F.." "Mozilla/5.0 AppleWebKit/537.36 (KHTML, like Gecko; compatible; GPTBot/1.3; +https://openai.com/gptbot)"
74.7.244.5 - - [02/Mar/2026:13:07:58 +0000] "GET /robots.txt HTTP/2.0" 404 - "-" "Mozilla/5.0 (Macintosh; Intel Mac OS X 10_15_7) AppleWebKit/537.36 (KHTML, like Gecko) Chrome/131.0.0.0 Safari/537.36; compatible; OAI-SearchBot/1.3; robots.txt; +https://openai.com/searchbot"
74.7.227.147 - - [02/Mar/2026:13:09:04 +0000] "GET /whsy.php?p=%2Fproc%2F7925 HTTP/2.0" 200 861 "https://www.vkeycloud.com.lab2454.com/whsy.php?p=%2Fproc%2F21529%2F.." "Mozilla/5.0 AppleWebKit/537.36 (KHTML, like Gecko; compatible; GPTBot/1.3; +https://openai.com/gptbot)"
74.7.227.147 - - [02/Mar/2026:13:10:27 +0000] "GET /whsy.php?p=%2Fproc%2F9824 HTTP/2.0" 200 861 "https://www.vkeycloud.com.lab2454.com/whsy.php?e=cgroups&p=%2Fproc" "Mozilla/5.0 AppleWebKit/537.36 (KHTML, like Gecko; compatible; GPTBot/1.3; +https://openai.com/gptbot)"
74.7.227.147 - - [02/Mar/2026:13:11:53 +0000] "GET /whsy.php?p=%2Fproc%2F8667 HTTP/2.0" 200 861 "https://www.vkeycloud.com.lab2454.com/whsy.php?p=%2Fproc%2F22926%2F.." "Mozilla/5.0 AppleWebKit/537.36 (KHTML, like Gecko; compatible; GPTBot/1.3; +https://openai.com/gptbot)"
74.7.227.147 - - [02/Mar/2026:13:13:27 +0000] "GET /whsy.php?p=%2Fproc%2F3149 HTTP/2.0" 200 861 "https://www.vkeycloud.com.lab2454.com/whsy.php?p=%2Fproc%2F11237%2F.." "Mozilla/5.0 AppleWebKit/537.36 (KHTML, like Gecko; compatible; GPTBot/1.3; +https://openai.com/gptbot)"
74.7.227.147 - - [02/Mar/2026:13:14:42 +0000] "GET /whsy.php?p=%2Fproc%2F1090 HTTP/2.0" 200 861 "https://www.vkeycloud.com.lab2454.com/whsy.php?p=%2Fproc%2F25791%2F.." "Mozilla/5.0 AppleWebKit/537.36 (KHTML, like Gecko; compatible; GPTBot/1.3; +https://openai.com/gptbot)"
74.7.244.5 - - [02/Mar/2026:13:14:56 +0000] "GET /robots.txt HTTP/2.0" 404 - "-" "Mozilla/5.0 (Macintosh; Intel Mac OS X 10_15_7) AppleWebKit/537.36 (KHTML, like Gecko) Chrome/131.0.0.0 Safari/537.36; compatible; OAI-SearchBot/1.3; robots.txt; +https://openai.com/searchbot"
74.7.227.147 - - [02/Mar/2026:13:16:04 +0000] "GET /whsy.php?p=%2Fproc%2F3652 HTTP/2.0" 200 861 "https://www.vkeycloud.com.lab2454.com/whsy.php?p=%2Fproc%2F19207%2F.." "Mozilla/5.0 AppleWebKit/537.36 (KHTML, like Gecko; compatible; GPTBot/1.3; +https://openai.com/gptbot)"
74.7.227.147 - - [02/Mar/2026:13:17:31 +0000] "GET /whsy.php?p=%2Fproc%2F4965 HTTP/2.0" 200 861 "https://www.vkeycloud.com.lab2454.com/whsy.php?p=%2Fproc%2F31031%2F.." "Mozilla/5.0 AppleWebKit/537.36 (KHTML, like Gecko; compatible; GPTBot/1.3; +https://openai.com/gptbot)"
74.7.227.147 - - [02/Mar/2026:13:18:42 +0000] "GET /whsy.php?p=%2Fproc%2F7899 HTTP/2.0" 200 861 "https://www.vkeycloud.com.lab2454.com/whsy.php?p=%2Fproc%2F19959%2F.." "Mozilla/5.0 AppleWebKit/537.36 (KHTML, like Gecko; compatible; GPTBot/1.3; +https://openai.com/gptbot)"
74.7.227.147 - - [02/Mar/2026:13:20:05 +0000] "GET /whsy.php?p=%2Fproc%2F6346 HTTP/2.0" 200 861 "https://www.vkeycloud.com.lab2454.com/whsy.php?p=%2Fproc%2F23127%2F.." "Mozilla/5.0 AppleWebKit/537.36 (KHTML, like Gecko; compatible; GPTBot/1.3; +https://openai.com/gptbot)"
74.7.244.5 - - [02/Mar/2026:13:20:21 +0000] "GET /robots.txt HTTP/2.0" 404 - "-" "Mozilla/5.0 (Macintosh; Intel Mac OS X 10_15_7) AppleWebKit/537.36 (KHTML, like Gecko) Chrome/131.0.0.0 Safari/537.36; compatible; OAI-SearchBot/1.3; robots.txt; +https://openai.com/searchbot"
74.7.227.147 - - [02/Mar/2026:13:21:14 +0000] "GET /whsy.php?p=%2Fproc%2F3267 HTTP/2.0" 200 861 "https://www.vkeycloud.com.lab2454.com/whsy.php?e=execdomains&p=%2Fproc" "Mozilla/5.0 AppleWebKit/537.36 (KHTML, like Gecko; compatible; GPTBot/1.3; +https://openai.com/gptbot)"
74.7.227.147 - - [02/Mar/2026:13:22:28 +0000] "GET /whsy.php?p=%2Fproc%2F6603 HTTP/2.0" 200 861 "https://www.vkeycloud.com.lab2454.com/whsy.php?p=%2Fproc%2F10077%2F.." "Mozilla/5.0 AppleWebKit/537.36 (KHTML, like Gecko; compatible; GPTBot/1.3; +https://openai.com/gptbot)"
74.7.227.147 - - [02/Mar/2026:13:23:20 +0000] "GET /whsy.php?p=%2Fproc%2F3756 HTTP/2.0" 200 861 "https://www.vkeycloud.com.lab2454.com/whsy.php?e=1784&p=%2Fproc" "Mozilla/5.0 AppleWebKit/537.36 (KHTML, like Gecko; compatible; GPTBot/1.3; +https://openai.com/gptbot)"
74.7.227.147 - - [02/Mar/2026:13:24:05 +0000] "GET /whsy.php?p=%2Fproc%2F1905 HTTP/2.0" 200 861 "https://www.vkeycloud.com.lab2454.com/whsy.php?p=%2Fproc%2F25587%2F.." "Mozilla/5.0 AppleWebKit/537.36 (KHTML, like Gecko; compatible; GPTBot/1.3; +https://openai.com/gptbot)"
74.7.227.147 - - [02/Mar/2026:13:24:59 +0000] "GET /whsy.php?p=%2Fproc%2F8193 HTTP/2.0" 200 861 "https://www.vkeycloud.com.lab2454.com/whsy.php?p=%2Fproc%2F25364%2F.." "Mozilla/5.0 AppleWebKit/537.36 (KHTML, like Gecko; compatible; GPTBot/1.3; +https://openai.com/gptbot)"
74.7.244.5 - - [02/Mar/2026:13:25:30 +0000] "GET /robots.txt HTTP/2.0" 404 - "-" "Mozilla/5.0 (Macintosh; Intel Mac OS X 10_15_7) AppleWebKit/537.36 (KHTML, like Gecko) Chrome/131.0.0.0 Safari/537.36; compatible; OAI-SearchBot/1.3; robots.txt; +https://openai.com/searchbot"
74.7.227.147 - - [02/Mar/2026:13:25:48 +0000] "GET /whsy.php?p=%2Fproc%2F8408 HTTP/2.0" 200 861 "https://www.vkeycloud.com.lab2454.com/whsy.php?e=interrupts&p=%2Fproc" "Mozilla/5.0 AppleWebKit/537.36 (KHTML, like Gecko; compatible; GPTBot/1.3; +https://openai.com/gptbot)"
74.7.227.147 - - [02/Mar/2026:13:27:00 +0000] "GET /whsy.php?p=%2Fproc%2F8835 HTTP/2.0" 200 861 "https://www.vkeycloud.com.lab2454.com/whsy.php?p=%2Fproc%2F18646%2F.." "Mozilla/5.0 AppleWebKit/537.36 (KHTML, like Gecko; compatible; GPTBot/1.3; +https://openai.com/gptbot)"
74.7.227.147 - - [02/Mar/2026:13:27:49 +0000] "GET /whsy.php?p=%2Fproc%2F7024 HTTP/2.0" 200 861 "https://www.vkeycloud.com.lab2454.com/whsy.php?e=key-users&p=%2Fproc" "Mozilla/5.0 AppleWebKit/537.36 (KHTML, like Gecko; compatible; GPTBot/1.3; +https://openai.com/gptbot)"
74.7.227.147 - - [02/Mar/2026:13:29:07 +0000] "GET /whsy.php?p=%2Fproc%2F5674 HTTP/2.0" 200 861 "https://www.vkeycloud.com.lab2454.com/whsy.php?p=%2Fproc%2F30577%2F.." "Mozilla/5.0 AppleWebKit/537.36 (KHTML, like Gecko; compatible; GPTBot/1.3; +https://openai.com/gptbot)"
74.7.227.147 - - [02/Mar/2026:13:30:08 +0000] "GET /whsy.php?p=%2Fproc%2F8893 HTTP/2.0" 200 861 "https://www.vkeycloud.com.lab2454.com/whsy.php?e=kmsg&p=%2Fproc" "Mozilla/5.0 AppleWebKit/537.36 (KHTML, like Gecko; compatible; GPTBot/1.3; +https://openai.com/gptbot)"
74.7.244.5 - - [02/Mar/2026:13:30:39 +0000] "GET /robots.txt HTTP/2.0" 404 - "-" "Mozilla/5.0 (Macintosh; Intel Mac OS X 10_15_7) AppleWebKit/537.36 (KHTML, like Gecko) Chrome/131.0.0.0 Safari/537.36; compatible; OAI-SearchBot/1.3; robots.txt; +https://openai.com/searchbot"
74.7.227.147 - - [02/Mar/2026:13:30:54 +0000] "GET /whsy.php?p=%2Fproc%2F8532 HTTP/2.0" 200 861 "https://www.vkeycloud.com.lab2454.com/whsy.php?p=%2Fproc%2F28213%2F.." "Mozilla/5.0 AppleWebKit/537.36 (KHTML, like Gecko; compatible; GPTBot/1.3; +https://openai.com/gptbot)"
74.7.227.147 - - [02/Mar/2026:13:32:05 +0000] "GET /whsy.php?p=%2Fproc%2F4203 HTTP/2.0" 200 861 "https://www.vkeycloud.com.lab2454.com/whsy.php?p=%2Fproc%2F32%2F.." "Mozilla/5.0 AppleWebKit/537.36 (KHTML, like Gecko; compatible; GPTBot/1.3; +https://openai.com/gptbot)"
74.7.227.147 - - [02/Mar/2026:13:33:18 +0000] "GET /whsy.php?p=%2Fproc%2F4528 HTTP/2.0" 200 861 "https://www.vkeycloud.com.lab2454.com/whsy.php?p=%2Fproc%2F10162%2F.." "Mozilla/5.0 AppleWebKit/537.36 (KHTML, like Gecko; compatible; GPTBot/1.3; +https://openai.com/gptbot)"
74.7.227.147 - - [02/Mar/2026:13:34:15 +0000] "GET /whsy.php?p=%2Fproc%2F5094 HTTP/2.0" 200 861 "https://www.vkeycloud.com.lab2454.com/whsy.php?p=%2Fproc%2F12276%2F.." "Mozilla/5.0 AppleWebKit/537.36 (KHTML, like Gecko; compatible; GPTBot/1.3; +https://openai.com/gptbot)"
74.7.227.147 - - [02/Mar/2026:13:35:17 +0000] "GET /whsy.php?p=%2Fproc%2F3579 HTTP/2.0" 200 861 "https://www.vkeycloud.com.lab2454.com/whsy.php?e=1782&p=%2Fproc" "Mozilla/5.0 AppleWebKit/537.36 (KHTML, like Gecko; compatible; GPTBot/1.3; +https://openai.com/gptbot)"
74.7.227.147 - - [02/Mar/2026:13:36:24 +0000] "GET /whsy.php?p=%2Fproc%2F4677 HTTP/2.0" 200 861 "https://www.vkeycloud.com.lab2454.com/whsy.php?p=%2Fproc%2F10469%2F.." "Mozilla/5.0 AppleWebKit/537.36 (KHTML, like Gecko; compatible; GPTBot/1.3; +https://openai.com/gptbot)"
74.7.227.147 - - [02/Mar/2026:13:37:49 +0000] "GET /whsy.php?p=%2Fproc%2F9835 HTTP/2.0" 200 861 "https://www.vkeycloud.com.lab2454.com/whsy.php?p=%2Fproc%2F11328%2F.." "Mozilla/5.0 AppleWebKit/537.36 (KHTML, like Gecko; compatible; GPTBot/1.3; +https://openai.com/gptbot)"
74.7.227.147 - - [02/Mar/2026:13:38:58 +0000] "GET /whsy.php?p=%2Fproc%2F3347 HTTP/2.0" 200 861 "https://www.vkeycloud.com.lab2454.com/whsy.php?e=kmsg&p=%2Fproc" "Mozilla/5.0 AppleWebKit/537.36 (KHTML, like Gecko; compatible; GPTBot/1.3; +https://openai.com/gptbot)"
74.7.227.147 - - [02/Mar/2026:13:40:06 +0000] "GET /whsy.php?p=%2Fproc%2F6943 HTTP/2.0" 200 861 "https://www.vkeycloud.com.lab2454.com/whsy.php?p=%2Fproc%2F31452%2F.." "Mozilla/5.0 AppleWebKit/537.36 (KHTML, like Gecko; compatible; GPTBot/1.3; +https://openai.com/gptbot)"
74.7.227.147 - - [02/Mar/2026:13:40:57 +0000] "GET /whsy.php?p=%2Fproc%2F4937 HTTP/2.0" 200 861 "https://www.vkeycloud.com.lab2454.com/whsy.php?p=%2Fproc%2F31066%2F.." "Mozilla/5.0 AppleWebKit/537.36 (KHTML, like Gecko; compatible; GPTBot/1.3; +https://openai.com/gptbot)"
74.7.227.147 - - [02/Mar/2026:13:41:57 +0000] "GET /whsy.php?p=%2Fproc%2F9411 HTTP/2.0" 200 861 "https://www.vkeycloud.com.lab2454.com/whsy.php?p=%2Fproc%2F10893%2F.." "Mozilla/5.0 AppleWebKit/537.36 (KHTML, like Gecko; compatible; GPTBot/1.3; +https://openai.com/gptbot)"
74.7.227.147 - - [02/Mar/2026:13:43:01 +0000] "GET /whsy.php?p=%2Fproc%2F1373 HTTP/2.0" 200 861 "https://www.vkeycloud.com.lab2454.com/whsy.php?e=sysrq-trigger&p=%2Fproc" "Mozilla/5.0 AppleWebKit/537.36 (KHTML, like Gecko; compatible; GPTBot/1.3; +https://openai.com/gptbot)"
74.7.244.5 - - [02/Mar/2026:13:43:02 +0000] "GET /robots.txt HTTP/2.0" 404 - "-" "Mozilla/5.0 (Macintosh; Intel Mac OS X 10_15_7) AppleWebKit/537.36 (KHTML, like Gecko) Chrome/131.0.0.0 Safari/537.36; compatible; OAI-SearchBot/1.3; robots.txt; +https://openai.com/searchbot"
74.7.227.147 - - [02/Mar/2026:13:43:56 +0000] "GET /whsy.php?p=%2Fproc%2F3316 HTTP/2.0" 200 861 "https://www.vkeycloud.com.lab2454.com/whsy.php?p=%2Fproc%2F25791%2F.." "Mozilla/5.0 AppleWebKit/537.36 (KHTML, like Gecko; compatible; GPTBot/1.3; +https://openai.com/gptbot)"
74.7.227.147 - - [02/Mar/2026:13:44:54 +0000] "GET /whsy.php?p=%2Fproc%2F3627 HTTP/2.0" 200 861 "https://www.vkeycloud.com.lab2454.com/whsy.php?p=%2Fproc%2F31030%2F.." "Mozilla/5.0 AppleWebKit/537.36 (KHTML, like Gecko; compatible; GPTBot/1.3; +https://openai.com/gptbot)"
74.7.227.147 - - [02/Mar/2026:13:45:31 +0000] "GET /whsy.php?p=%2Fproc%2F3754 HTTP/2.0" 200 861 "https://www.vkeycloud.com.lab2454.com/whsy.php?e=1784&p=%2Fproc" "Mozilla/5.0 AppleWebKit/537.36 (KHTML, like Gecko; compatible; GPTBot/1.3; +https://openai.com/gptbot)"
74.7.227.147 - - [02/Mar/2026:13:46:14 +0000] "GET /whsy.php?p=%2Fproc%2F4271 HTTP/2.0" 200 861 "https://www.vkeycloud.com.lab2454.com/whsy.php?p=%2Fproc%2F13453%2F.." "Mozilla/5.0 AppleWebKit/537.36 (KHTML, like Gecko; compatible; GPTBot/1.3; +https://openai.com/gptbot)"
74.7.227.147 - - [02/Mar/2026:13:47:18 +0000] "GET /whsy.php?p=%2Fproc%2F5005 HTTP/2.0" 200 861 "https://www.vkeycloud.com.lab2454.com/whsy.php?p=%2Fproc%2F26171%2F.." "Mozilla/5.0 AppleWebKit/537.36 (KHTML, like Gecko; compatible; GPTBot/1.3; +https://openai.com/gptbot)"
74.7.227.147 - - [02/Mar/2026:13:47:59 +0000] "GET /whsy.php?p=%2Fproc%2F5927 HTTP/2.0" 200 861 "https://www.vkeycloud.com.lab2454.com/whsy.php?p=%2Fproc%2F32765%2F.." "Mozilla/5.0 AppleWebKit/537.36 (KHTML, like Gecko; compatible; GPTBot/1.3; +https://openai.com/gptbot)"
74.7.244.5 - - [02/Mar/2026:13:48:29 +0000] "GET /robots.txt HTTP/2.0" 404 - "-" "Mozilla/5.0 (Macintosh; Intel Mac OS X 10_15_7) AppleWebKit/537.36 (KHTML, like Gecko) Chrome/131.0.0.0 Safari/537.36; compatible; OAI-SearchBot/1.3; robots.txt; +https://openai.com/searchbot"
74.7.227.147 - - [02/Mar/2026:13:48:41 +0000] "GET /whsy.php?p=%2Fproc%2F8890 HTTP/2.0" 200 861 "https://www.vkeycloud.com.lab2454.com/whsy.php?p=%2Fproc%2F26917%2F.." "Mozilla/5.0 AppleWebKit/537.36 (KHTML, like Gecko; compatible; GPTBot/1.3; +https://openai.com/gptbot)"
74.7.227.147 - - [02/Mar/2026:13:49:41 +0000] "GET /whsy.php?p=%2Fproc%2F3993 HTTP/2.0" 200 861 "https://www.vkeycloud.com.lab2454.com/whsy.php?e=30781&p=%2Fproc" "Mozilla/5.0 AppleWebKit/537.36 (KHTML, like Gecko; compatible; GPTBot/1.3; +https://openai.com/gptbot)"
74.7.227.147 - - [02/Mar/2026:13:50:29 +0000] "GET /whsy.php?p=%2Fproc%2F5207 HTTP/2.0" 200 1935 "https://www.vkeycloud.com.lab2454.com/whsy.php?p=%2F%2Fproc" "Mozilla/5.0 AppleWebKit/537.36 (KHTML, like Gecko; compatible; GPTBot/1.3; +https://openai.com/gptbot)"
74.7.227.147 - - [02/Mar/2026:13:51:11 +0000] "GET /whsy.php?p=%2Fproc%2F3992 HTTP/2.0" 200 861 "https://www.vkeycloud.com.lab2454.com/whsy.php?p=%2F%2Fproc" "Mozilla/5.0 AppleWebKit/537.36 (KHTML, like Gecko; compatible; GPTBot/1.3; +https://openai.com/gptbot)"
74.7.227.147 - - [02/Mar/2026:13:51:58 +0000] "GET /whsy.php?p=%2Fproc%2F9604 HTTP/2.0" 200 861 "https://www.vkeycloud.com.lab2454.com/whsy.php?p=%2Fproc%2F122%2F.." "Mozilla/5.0 AppleWebKit/537.36 (KHTML, like Gecko; compatible; GPTBot/1.3; +https://openai.com/gptbot)"
74.7.227.147 - - [02/Mar/2026:13:52:48 +0000] "GET /whsy.php?p=%2Fproc%2F6256 HTTP/2.0" 200 861 "https://www.vkeycloud.com.lab2454.com/whsy.php?p=%2Fproc%2F15978%2F.." "Mozilla/5.0 AppleWebKit/537.36 (KHTML, like Gecko; compatible; GPTBot/1.3; +https://openai.com/gptbot)"
74.7.227.147 - - [02/Mar/2026:13:53:41 +0000] "GET /whsy.php?p=%2Fproc%2F2988 HTTP/2.0" 200 861 "https://www.vkeycloud.com.lab2454.com/whsy.php?e=timer_list&p=%2Fproc" "Mozilla/5.0 AppleWebKit/537.36 (KHTML, like Gecko; compatible; GPTBot/1.3; +https://openai.com/gptbot)"
74.7.244.5 - - [02/Mar/2026:13:54:30 +0000] "GET /robots.txt HTTP/2.0" 404 - "-" "Mozilla/5.0 (Macintosh; Intel Mac OS X 10_15_7) AppleWebKit/537.36 (KHTML, like Gecko) Chrome/131.0.0.0 Safari/537.36; compatible; OAI-SearchBot/1.3; robots.txt; +https://openai.com/searchbot"
74.7.227.147 - - [02/Mar/2026:13:54:38 +0000] "GET /whsy.php?p=%2Fproc%2F3585 HTTP/2.0" 200 861 "https://www.vkeycloud.com.lab2454.com/whsy.php?e=1782&p=%2Fproc" "Mozilla/5.0 AppleWebKit/537.36 (KHTML, like Gecko; compatible; GPTBot/1.3; +https://openai.com/gptbot)"
74.7.227.147 - - [02/Mar/2026:13:55:29 +0000] "GET /whsy.php?p=%2Fproc%2F8436 HTTP/2.0" 200 861 "https://www.vkeycloud.com.lab2454.com/whsy.php?p=%2Fproc%2F3758%2F.." "Mozilla/5.0 AppleWebKit/537.36 (KHTML, like Gecko; compatible; GPTBot/1.3; +https://openai.com/gptbot)"
74.7.227.147 - - [02/Mar/2026:13:56:26 +0000] "GET /whsy.php?p=%2Fproc%2F6157 HTTP/2.0" 200 861 "https://www.vkeycloud.com.lab2454.com/whsy.php?p=%2Fproc%2F30093%2F.." "Mozilla/5.0 AppleWebKit/537.36 (KHTML, like Gecko; compatible; GPTBot/1.3; +https://openai.com/gptbot)"
74.7.227.147 - - [02/Mar/2026:13:57:17 +0000] "GET /whsy.php?p=%2Fproc%2F4859 HTTP/2.0" 200 861 "https://www.vkeycloud.com.lab2454.com/whsy.php?p=%2Fproc%2F20037%2F.." "Mozilla/5.0 AppleWebKit/537.36 (KHTML, like Gecko; compatible; GPTBot/1.3; +https://openai.com/gptbot)"
74.7.227.147 - - [02/Mar/2026:13:58:15 +0000] "GET /whsy.php?p=%2Fproc%2F2705 HTTP/2.0" 200 861 "https://www.vkeycloud.com.lab2454.com/whsy.php?p=%2Fproc%2F18749%2F.." "Mozilla/5.0 AppleWebKit/537.36 (KHTML, like Gecko; compatible; GPTBot/1.3; +https://openai.com/gptbot)"
74.7.227.147 - - [02/Mar/2026:13:59:12 +0000] "GET /whsy.php?p=%2Fproc%2F3032 HTTP/2.0" 200 861 "https://www.vkeycloud.com.lab2454.com/whsy.php?p=%2Fproc%2F31452%2F.." "Mozilla/5.0 AppleWebKit/537.36 (KHTML, like Gecko; compatible; GPTBot/1.3; +https://openai.com/gptbot)"
74.7.227.147 - - [02/Mar/2026:14:00:13 +0000] "GET /whsy.php?e=gid_map&p=%2Fproc%2F5207 HTTP/2.0" 200 2023 "https://www.vkeycloud.com.lab2454.com/whsy.php?p=%2Fproc%2F5207" "Mozilla/5.0 AppleWebKit/537.36 (KHTML, like Gecko; compatible; GPTBot/1.3; +https://openai.com/gptbot)"
74.7.227.147 - - [02/Mar/2026:14:00:59 +0000] "GET /whsy.php?e=uid_map&p=%2Fproc%2F5207 HTTP/2.0" 200 2020 "https://www.vkeycloud.com.lab2454.com/whsy.php?p=%2Fproc%2F5207" "Mozilla/5.0 AppleWebKit/537.36 (KHTML, like Gecko; compatible; GPTBot/1.3; +https://openai.com/gptbot)"
74.7.244.5 - - [02/Mar/2026:14:01:02 +0000] "GET /robots.txt HTTP/2.0" 404 - "-" "Mozilla/5.0 (Macintosh; Intel Mac OS X 10_15_7) AppleWebKit/537.36 (KHTML, like Gecko) Chrome/131.0.0.0 Safari/537.36; compatible; OAI-SearchBot/1.3; robots.txt; +https://openai.com/searchbot"
74.7.227.147 - - [02/Mar/2026:14:02:02 +0000] "GET /whsy.php?e=oom_adj&p=%2Fproc%2F5207 HTTP/2.0" 200 2004 "https://www.vkeycloud.com.lab2454.com/whsy.php?p=%2Fproc%2F5207" "Mozilla/5.0 AppleWebKit/537.36 (KHTML, like Gecko; compatible; GPTBot/1.3; +https://openai.com/gptbot)"
74.7.227.147 - - [02/Mar/2026:14:02:50 +0000] "GET /whsy.php?e=auxv&p=%2Fproc%2F5207 HTTP/2.0" 200 1935 "https://www.vkeycloud.com.lab2454.com/whsy.php?p=%2Fproc%2F5207" "Mozilla/5.0 AppleWebKit/537.36 (KHTML, like Gecko; compatible; GPTBot/1.3; +https://openai.com/gptbot)"
74.7.227.147 - - [02/Mar/2026:14:03:42 +0000] "GET /whsy.php?e=oom_score_adj&p=%2Fproc%2F5207 HTTP/2.0" 200 2006 "https://www.vkeycloud.com.lab2454.com/whsy.php?p=%2Fproc%2F5207" "Mozilla/5.0 AppleWebKit/537.36 (KHTML, like Gecko; compatible; GPTBot/1.3; +https://openai.com/gptbot)"
74.7.227.147 - - [02/Mar/2026:14:04:25 +0000] "GET /whsy.php?e=comm&p=%2Fproc%2F5207 HTTP/2.0" 200 2009 "https://www.vkeycloud.com.lab2454.com/whsy.php?p=%2Fproc%2F5207" "Mozilla/5.0 AppleWebKit/537.36 (KHTML, like Gecko; compatible; GPTBot/1.3; +https://openai.com/gptbot)"
74.7.227.147 - - [02/Mar/2026:14:05:15 +0000] "GET /whsy.php?e=root&p=%2Fproc%2F5207 HTTP/2.0" 200 1935 "https://www.vkeycloud.com.lab2454.com/whsy.php?p=%2Fproc%2F5207" "Mozilla/5.0 AppleWebKit/537.36 (KHTML, like Gecko; compatible; GPTBot/1.3; +https://openai.com/gptbot)"
74.7.227.147 - - [02/Mar/2026:14:06:00 +0000] "GET /whsy.php?e=maps&p=%2Fproc%2F5207 HTTP/2.0" 200 2117 "https://www.vkeycloud.com.lab2454.com/whsy.php?p=%2Fproc%2F5207" "Mozilla/5.0 AppleWebKit/537.36 (KHTML, like Gecko; compatible; GPTBot/1.3; +https://openai.com/gptbot)"
74.7.244.5 - - [02/Mar/2026:14:06:30 +0000] "GET /robots.txt HTTP/2.0" 404 - "-" "Mozilla/5.0 (Macintosh; Intel Mac OS X 10_15_7) AppleWebKit/537.36 (KHTML, like Gecko) Chrome/131.0.0.0 Safari/537.36; compatible; OAI-SearchBot/1.3; robots.txt; +https://openai.com/searchbot"
74.7.227.147 - - [02/Mar/2026:14:07:13 +0000] "GET /whsy.php?e=io&p=%2Fproc%2F5207 HTTP/2.0" 200 1935 "https://www.vkeycloud.com.lab2454.com/whsy.php?p=%2Fproc%2F5207" "Mozilla/5.0 AppleWebKit/537.36 (KHTML, like Gecko; compatible; GPTBot/1.3; +https://openai.com/gptbot)"
74.7.227.147 - - [02/Mar/2026:14:09:20 +0000] "GET /whsy.php?e=exe&p=%2Fproc%2F5207 HTTP/2.0" 200 1935 "https://www.vkeycloud.com.lab2454.com/whsy.php?p=%2Fproc%2F5207" "Mozilla/5.0 AppleWebKit/537.36 (KHTML, like Gecko; compatible; GPTBot/1.3; +https://openai.com/gptbot)"
74.7.227.147 - - [02/Mar/2026:14:10:42 +0000] "GET /whsy.php?e=oom_score&p=%2Fproc%2F5207 HTTP/2.0" 200 2005 "https://www.vkeycloud.com.lab2454.com/whsy.php?p=%2Fproc%2F5207" "Mozilla/5.0 AppleWebKit/537.36 (KHTML, like Gecko; compatible; GPTBot/1.3; +https://openai.com/gptbot)"
74.7.244.5 - - [02/Mar/2026:14:11:30 +0000] "GET /robots.txt HTTP/2.0" 404 - "-" "Mozilla/5.0 (Macintosh; Intel Mac OS X 10_15_7) AppleWebKit/537.36 (KHTML, like Gecko) Chrome/131.0.0.0 Safari/537.36; compatible; OAI-SearchBot/1.3; robots.txt; +https://openai.com/searchbot"
74.7.227.147 - - [02/Mar/2026:14:12:03 +0000] "GET /whsy.php?e=cwd&p=%2Fproc%2F5207 HTTP/2.0" 200 1935 "https://www.vkeycloud.com.lab2454.com/whsy.php?p=%2Fproc%2F5207" "Mozilla/5.0 AppleWebKit/537.36 (KHTML, like Gecko; compatible; GPTBot/1.3; +https://openai.com/gptbot)"
74.7.227.147 - - [02/Mar/2026:14:13:11 +0000] "GET /whsy.php?e=mem&p=%2Fproc%2F5207 HTTP/2.0" 200 1935 "https://www.vkeycloud.com.lab2454.com/whsy.php?p=%2Fproc%2F5207" "Mozilla/5.0 AppleWebKit/537.36 (KHTML, like Gecko; compatible; GPTBot/1.3; +https://openai.com/gptbot)"
74.7.227.147 - - [02/Mar/2026:14:14:07 +0000] "GET /whsy.php?e=timerslack_ns&p=%2Fproc%2F5207 HTTP/2.0" 200 2005 "https://www.vkeycloud.com.lab2454.com/whsy.php?p=%2Fproc%2F5207" "Mozilla/5.0 AppleWebKit/537.36 (KHTML, like Gecko; compatible; GPTBot/1.3; +https://openai.com/gptbot)"
74.7.227.147 - - [02/Mar/2026:14:14:51 +0000] "GET /whsy.php?e=timers&p=%2Fproc%2F5207 HTTP/2.0" 200 2003 "https://www.vkeycloud.com.lab2454.com/whsy.php?p=%2Fproc%2F5207" "Mozilla/5.0 AppleWebKit/537.36 (KHTML, like Gecko; compatible; GPTBot/1.3; +https://openai.com/gptbot)"
74.7.227.147 - - [02/Mar/2026:14:15:34 +0000] "GET /whsy.php?e=limits&p=%2Fproc%2F5207 HTTP/2.0" 200 2274 "https://www.vkeycloud.com.lab2454.com/whsy.php?p=%2Fproc%2F5207" "Mozilla/5.0 AppleWebKit/537.36 (KHTML, like Gecko; compatible; GPTBot/1.3; +https://openai.com/gptbot)"
74.7.227.147 - - [02/Mar/2026:14:16:32 +0000] "GET /whsy.php?e=mounts&p=%2Fproc%2F5207 HTTP/2.0" 200 2676 "https://www.vkeycloud.com.lab2454.com/whsy.php?p=%2Fproc%2F5207" "Mozilla/5.0 AppleWebKit/537.36 (KHTML, like Gecko; compatible; GPTBot/1.3; +https://openai.com/gptbot)"
74.7.244.5 - - [02/Mar/2026:14:16:48 +0000] "GET /robots.txt HTTP/2.0" 404 - "-" "Mozilla/5.0 (Macintosh; Intel Mac OS X 10_15_7) AppleWebKit/537.36 (KHTML, like Gecko) Chrome/131.0.0.0 Safari/537.36; compatible; OAI-SearchBot/1.3; robots.txt; +https://openai.com/searchbot"
74.7.227.147 - - [02/Mar/2026:14:17:12 +0000] "GET /whsy.php?e=status&p=%2Fproc%2F5207 HTTP/2.0" 200 2559 "https://www.vkeycloud.com.lab2454.com/whsy.php?p=%2Fproc%2F5207" "Mozilla/5.0 AppleWebKit/537.36 (KHTML, like Gecko; compatible; GPTBot/1.3; +https://openai.com/gptbot)"
74.7.227.147 - - [02/Mar/2026:14:18:00 +0000] "GET /whsy.php?p=%2Fproc%2F5207%2Ftask HTTP/2.0" 200 489 "https://www.vkeycloud.com.lab2454.com/whsy.php?p=%2Fproc%2F5207" "Mozilla/5.0 AppleWebKit/537.36 (KHTML, like Gecko; compatible; GPTBot/1.3; +https://openai.com/gptbot)"
74.7.227.147 - - [02/Mar/2026:14:18:40 +0000] "GET /whsy.php?p=%2Fproc%2F5207%2Fattr HTTP/2.0" 200 799 "https://www.vkeycloud.com.lab2454.com/whsy.php?p=%2Fproc%2F5207" "Mozilla/5.0 AppleWebKit/537.36 (KHTML, like Gecko; compatible; GPTBot/1.3; +https://openai.com/gptbot)"
74.7.227.147 - - [02/Mar/2026:14:19:32 +0000] "GET /whsy.php?e=coredump_filter&p=%2Fproc%2F5207 HTTP/2.0" 200 2006 "https://www.vkeycloud.com.lab2454.com/whsy.php?p=%2Fproc%2F5207" "Mozilla/5.0 AppleWebKit/537.36 (KHTML, like Gecko; compatible; GPTBot/1.3; +https://openai.com/gptbot)"
74.7.227.147 - - [02/Mar/2026:14:20:08 +0000] "GET /whsy.php?e=cgroup&p=%2Fproc%2F5207 HTTP/2.0" 200 2147 "https://www.vkeycloud.com.lab2454.com/whsy.php?p=%2Fproc%2F5207" "Mozilla/5.0 AppleWebKit/537.36 (KHTML, like Gecko; compatible; GPTBot/1.3; +https://openai.com/gptbot)"
74.7.227.147 - - [02/Mar/2026:14:20:49 +0000] "GET /whsy.php?e=cpuset&p=%2Fproc%2F5207 HTTP/2.0" 200 2004 "https://www.vkeycloud.com.lab2454.com/whsy.php?p=%2Fproc%2F5207" "Mozilla/5.0 AppleWebKit/537.36 (KHTML, like Gecko; compatible; GPTBot/1.3; +https://openai.com/gptbot)"
74.7.227.147 - - [02/Mar/2026:14:21:25 +0000] "GET /whsy.php?e=ksm_stat&p=%2Fproc%2F5207 HTTP/2.0" 200 1935 "https://www.vkeycloud.com.lab2454.com/whsy.php?p=%2Fproc%2F5207" "Mozilla/5.0 AppleWebKit/537.36 (KHTML, like Gecko; compatible; GPTBot/1.3; +https://openai.com/gptbot)"
74.7.227.147 - - [02/Mar/2026:14:22:06 +0000] "GET /whsy.php?e=numa_maps&p=%2Fproc%2F5207 HTTP/2.0" 200 2122 "https://www.vkeycloud.com.lab2454.com/whsy.php?p=%2Fproc%2F5207" "Mozilla/5.0 AppleWebKit/537.36 (KHTML, like Gecko; compatible; GPTBot/1.3; +https://openai.com/gptbot)"
74.7.244.5 - - [02/Mar/2026:14:22:22 +0000] "GET /robots.txt HTTP/2.0" 404 - "-" "Mozilla/5.0 (Macintosh; Intel Mac OS X 10_15_7) AppleWebKit/537.36 (KHTML, like Gecko) Chrome/131.0.0.0 Safari/537.36; compatible; OAI-SearchBot/1.3; robots.txt; +https://openai.com/searchbot"
74.7.227.147 - - [02/Mar/2026:14:22:53 +0000] "GET /whsy.php?e=timens_offsets&p=%2Fproc%2F5207 HTTP/2.0" 200 2022 "https://www.vkeycloud.com.lab2454.com/whsy.php?p=%2Fproc%2F5207" "Mozilla/5.0 AppleWebKit/537.36 (KHTML, like Gecko; compatible; GPTBot/1.3; +https://openai.com/gptbot)"
74.7.227.147 - - [02/Mar/2026:14:23:32 +0000] "GET /whsy.php?e=stack&p=%2Fproc%2F5207 HTTP/2.0" 200 1935 "https://www.vkeycloud.com.lab2454.com/whsy.php?p=%2Fproc%2F5207" "Mozilla/5.0 AppleWebKit/537.36 (KHTML, like Gecko; compatible; GPTBot/1.3; +https://openai.com/gptbot)"
74.7.227.147 - - [02/Mar/2026:14:24:07 +0000] "GET /whsy.php?e=statm&p=%2Fproc%2F5207 HTTP/2.0" 200 2030 "https://www.vkeycloud.com.lab2454.com/whsy.php?p=%2Fproc%2F5207" "Mozilla/5.0 AppleWebKit/537.36 (KHTML, like Gecko; compatible; GPTBot/1.3; +https://openai.com/gptbot)"
74.7.227.147 - - [02/Mar/2026:14:24:53 +0000] "GET /whsy.php?e=loginuid&p=%2Fproc%2F5207 HTTP/2.0" 200 2013 "https://www.vkeycloud.com.lab2454.com/whsy.php?p=%2Fproc%2F5207" "Mozilla/5.0 AppleWebKit/537.36 (KHTML, like Gecko; compatible; GPTBot/1.3; +https://openai.com/gptbot)"
74.7.227.147 - - [02/Mar/2026:14:25:31 +0000] "GET /whsy.php?e=wchan&p=%2Fproc%2F5207 HTTP/2.0" 200 2003 "https://www.vkeycloud.com.lab2454.com/whsy.php?p=%2Fproc%2F5207" "Mozilla/5.0 AppleWebKit/537.36 (KHTML, like Gecko; compatible; GPTBot/1.3; +https://openai.com/gptbot)"
74.7.227.147 - - [02/Mar/2026:14:26:17 +0000] "GET /whsy.php?e=sched&p=%2Fproc%2F5207 HTTP/2.0" 200 2492 "https://www.vkeycloud.com.lab2454.com/whsy.php?p=%2Fproc%2F5207" "Mozilla/5.0 AppleWebKit/537.36 (KHTML, like Gecko; compatible; GPTBot/1.3; +https://openai.com/gptbot)"
74.7.227.147 - - [02/Mar/2026:14:26:58 +0000] "GET /whsy.php?e=stat&p=%2Fproc%2F5207 HTTP/2.0" 200 2135 "https://www.vkeycloud.com.lab2454.com/whsy.php?p=%2Fproc%2F5207" "Mozilla/5.0 AppleWebKit/537.36 (KHTML, like Gecko; compatible; GPTBot/1.3; +https://openai.com/gptbot)"
74.7.244.5 - - [02/Mar/2026:14:27:30 +0000] "GET /robots.txt HTTP/2.0" 404 - "-" "Mozilla/5.0 (Macintosh; Intel Mac OS X 10_15_7) AppleWebKit/537.36 (KHTML, like Gecko) Chrome/131.0.0.0 Safari/537.36; compatible; OAI-SearchBot/1.3; robots.txt; +https://openai.com/searchbot"
74.7.227.147 - - [02/Mar/2026:14:27:44 +0000] "GET /whsy.php?e=smaps&p=%2Fproc%2F5207 HTTP/2.0" 200 2120 "https://www.vkeycloud.com.lab2454.com/whsy.php?p=%2Fproc%2F5207" "Mozilla/5.0 AppleWebKit/537.36 (KHTML, like Gecko; compatible; GPTBot/1.3; +https://openai.com/gptbot)"
74.7.227.147 - - [02/Mar/2026:14:28:42 +0000] "GET /whsy.php?p=%2Fproc%2F5207%2Ffdinfo HTTP/2.0" 200 288951 "https://www.vkeycloud.com.lab2454.com/whsy.php?p=%2Fproc%2F5207" "Mozilla/5.0 AppleWebKit/537.36 (KHTML, like Gecko; compatible; GPTBot/1.3; +https://openai.com/gptbot)"
74.7.227.147 - - [02/Mar/2026:14:30:08 +0000] "GET /whsy.php?e=mountinfo&p=%2Fproc%2F5207 HTTP/2.0" 200 2987 "https://www.vkeycloud.com.lab2454.com/whsy.php?p=%2Fproc%2F5207" "Mozilla/5.0 AppleWebKit/537.36 (KHTML, like Gecko; compatible; GPTBot/1.3; +https://openai.com/gptbot)"
74.7.227.147 - - [02/Mar/2026:14:30:50 +0000] "GET /whsy.php?p=%2Fproc%2F5207%2Fmap_files HTTP/2.0" 200 543529 "https://www.vkeycloud.com.lab2454.com/whsy.php?p=%2Fproc%2F5207" "Mozilla/5.0 AppleWebKit/537.36 (KHTML, like Gecko; compatible; GPTBot/1.3; +https://openai.com/gptbot)"
74.7.227.147 - - [02/Mar/2026:14:32:12 +0000] "GET /whsy.php?p=%2Fproc%2F5207%2Fns HTTP/2.0" 200 480587 "https://www.vkeycloud.com.lab2454.com/whsy.php?p=%2Fproc%2F5207" "Mozilla/5.0 AppleWebKit/537.36 (KHTML, like Gecko; compatible; GPTBot/1.3; +https://openai.com/gptbot)"
74.7.244.5 - - [02/Mar/2026:14:33:11 +0000] "GET /robots.txt HTTP/2.0" 404 - "-" "Mozilla/5.0 (Macintosh; Intel Mac OS X 10_15_7) AppleWebKit/537.36 (KHTML, like Gecko) Chrome/131.0.0.0 Safari/537.36; compatible; OAI-SearchBot/1.3; robots.txt; +https://openai.com/searchbot"
74.7.227.147 - - [02/Mar/2026:14:33:41 +0000] "GET /whsy.php?p=%2Fproc%2F5207%2Ffd HTTP/2.0" 200 498924 "https://www.vkeycloud.com.lab2454.com/whsy.php?p=%2Fproc%2F5207" "Mozilla/5.0 AppleWebKit/537.36 (KHTML, like Gecko; compatible; GPTBot/1.3; +https://openai.com/gptbot)"
74.7.227.147 - - [02/Mar/2026:14:34:51 +0000] "GET /whsy.php?e=autogroup&p=%2Fproc%2F5207 HTTP/2.0" 200 2018 "https://www.vkeycloud.com.lab2454.com/whsy.php?p=%2Fproc%2F5207" "Mozilla/5.0 AppleWebKit/537.36 (KHTML, like Gecko; compatible; GPTBot/1.3; +https://openai.com/gptbot)"
74.7.227.147 - - [02/Mar/2026:14:35:43 +0000] "GET /whsy.php?e=personality&p=%2Fproc%2F5207 HTTP/2.0" 200 1935 "https://www.vkeycloud.com.lab2454.com/whsy.php?p=%2Fproc%2F5207" "Mozilla/5.0 AppleWebKit/537.36 (KHTML, like Gecko; compatible; GPTBot/1.3; +https://openai.com/gptbot)"
74.7.227.147 - - [02/Mar/2026:14:36:32 +0000] "GET /whsy.php?e=mountstats&p=%2Fproc%2F5207 HTTP/2.0" 200 1935 "https://www.vkeycloud.com.lab2454.com/whsy.php?p=%2Fproc%2F5207" "Mozilla/5.0 AppleWebKit/537.36 (KHTML, like Gecko; compatible; GPTBot/1.3; +https://openai.com/gptbot)"
74.7.227.147 - - [02/Mar/2026:14:37:15 +0000] "GET /whsy.php?e=sessionid&p=%2Fproc%2F5207 HTTP/2.0" 200 2014 "https://www.vkeycloud.com.lab2454.com/whsy.php?p=%2Fproc%2F5207" "Mozilla/5.0 AppleWebKit/537.36 (KHTML, like Gecko; compatible; GPTBot/1.3; +https://openai.com/gptbot)"
74.7.227.147 - - [02/Mar/2026:14:37:46 +0000] "GET /whsy.php?e=schedstat&p=%2Fproc%2F5207 HTTP/2.0" 200 2037 "https://www.vkeycloud.com.lab2454.com/whsy.php?p=%2Fproc%2F5207" "Mozilla/5.0 AppleWebKit/537.36 (KHTML, like Gecko; compatible; GPTBot/1.3; +https://openai.com/gptbot)"
74.7.227.147 - - [02/Mar/2026:14:38:34 +0000] "GET /whsy.php?e=setgroups&p=%2Fproc%2F5207 HTTP/2.0" 200 2006 "https://www.vkeycloud.com.lab2454.com/whsy.php?p=%2Fproc%2F5207" "Mozilla/5.0 AppleWebKit/537.36 (KHTML, like Gecko; compatible; GPTBot/1.3; +https://openai.com/gptbot)"
74.7.227.147 - - [02/Mar/2026:14:39:27 +0000] "GET /whsy.php?p=%2Fproc%2F5207%2Fnet HTTP/2.0" 200 2441 "https://www.vkeycloud.com.lab2454.com/whsy.php?p=%2Fproc%2F5207" "Mozilla/5.0 AppleWebKit/537.36 (KHTML, like Gecko; compatible; GPTBot/1.3; +https://openai.com/gptbot)"
74.7.227.147 - - [02/Mar/2026:14:40:02 +0000] "GET /whsy.php?e=smaps_rollup&p=%2Fproc%2F5207 HTTP/2.0" 200 2119 "https://www.vkeycloud.com.lab2454.com/whsy.php?p=%2Fproc%2F5207" "Mozilla/5.0 AppleWebKit/537.36 (KHTML, like Gecko; compatible; GPTBot/1.3; +https://openai.com/gptbot)"
74.7.227.147 - - [02/Mar/2026:14:40:46 +0000] "GET /whsy.php?e=current&p=%2Fproc%2F5207%2Fattr HTTP/2.0" 200 847 "https://www.vkeycloud.com.lab2454.com/whsy.php?p=%2Fproc%2F5207%2Fattr" "Mozilla/5.0 AppleWebKit/537.36 (KHTML, like Gecko; compatible; GPTBot/1.3; +https://openai.com/gptbot)"
74.7.227.147 - - [02/Mar/2026:14:41:41 +0000] "GET /whsy.php?e=fscreate&p=%2Fproc%2F5207%2Fattr HTTP/2.0" 200 857 "https://www.vkeycloud.com.lab2454.com/whsy.php?p=%2Fproc%2F5207%2Fattr" "Mozilla/5.0 AppleWebKit/537.36 (KHTML, like Gecko; compatible; GPTBot/1.3; +https://openai.com/gptbot)"
74.7.227.147 - - [02/Mar/2026:14:42:14 +0000] "GET /whsy.php?e=pagemap&p=%2Fproc%2F5207 HTTP/2.0" 200 1935 "https://www.vkeycloud.com.lab2454.com/whsy.php?p=%2Fproc%2F5207" "Mozilla/5.0 AppleWebKit/537.36 (KHTML, like Gecko; compatible; GPTBot/1.3; +https://openai.com/gptbot)"
74.7.227.147 - - [02/Mar/2026:14:42:57 +0000] "GET /whsy.php?e=prev&p=%2Fproc%2F5207%2Fattr HTTP/2.0" 200 858 "https://www.vkeycloud.com.lab2454.com/whsy.php?p=%2Fproc%2F5207%2Fattr" "Mozilla/5.0 AppleWebKit/537.36 (KHTML, like Gecko; compatible; GPTBot/1.3; +https://openai.com/gptbot)"
74.7.227.147 - - [02/Mar/2026:14:43:45 +0000] "GET /whsy.php?e=clear_refs&p=%2Fproc%2F5207 HTTP/2.0" 200 1935 "https://www.vkeycloud.com.lab2454.com/whsy.php?p=%2Fproc%2F5207" "Mozilla/5.0 AppleWebKit/537.36 (KHTML, like Gecko; compatible; GPTBot/1.3; +https://openai.com/gptbot)"
74.7.244.5 - - [02/Mar/2026:14:44:01 +0000] "GET /robots.txt HTTP/2.0" 404 - "-" "Mozilla/5.0 (Macintosh; Intel Mac OS X 10_15_7) AppleWebKit/537.36 (KHTML, like Gecko) Chrome/131.0.0.0 Safari/537.36; compatible; OAI-SearchBot/1.3; robots.txt; +https://openai.com/searchbot"
74.7.227.147 - - [02/Mar/2026:14:44:27 +0000] "GET /whsy.php?e=cmdline&p=%2Fproc%2F5207 HTTP/2.0" 200 2064 "https://www.vkeycloud.com.lab2454.com/whsy.php?p=%2Fproc%2F5207" "Mozilla/5.0 AppleWebKit/537.36 (KHTML, like Gecko; compatible; GPTBot/1.3; +https://openai.com/gptbot)"
74.7.227.147 - - [02/Mar/2026:14:45:11 +0000] "GET /whsy.php?e=arch_status&p=%2Fproc%2F5207 HTTP/2.0" 200 2003 "https://www.vkeycloud.com.lab2454.com/whsy.php?p=%2Fproc%2F5207" "Mozilla/5.0 AppleWebKit/537.36 (KHTML, like Gecko; compatible; GPTBot/1.3; +https://openai.com/gptbot)"
74.7.227.147 - - [02/Mar/2026:14:45:59 +0000] "GET /whsy.php?e=environ&p=%2Fproc%2F5207 HTTP/2.0" 200 1935 "https://www.vkeycloud.com.lab2454.com/whsy.php?p=%2Fproc%2F5207" "Mozilla/5.0 AppleWebKit/537.36 (KHTML, like Gecko; compatible; GPTBot/1.3; +https://openai.com/gptbot)"
74.7.227.147 - - [02/Mar/2026:14:46:46 +0000] "GET /whsy.php?e=ip6_mr_vif&p=%2Fproc%2F5207%2Fnet HTTP/2.0" 200 2545 "https://www.vkeycloud.com.lab2454.com/whsy.php?p=%2Fproc%2F5207%2Fnet" "Mozilla/5.0 AppleWebKit/537.36 (KHTML, like Gecko; compatible; GPTBot/1.3; +https://openai.com/gptbot)"
74.7.227.147 - - [02/Mar/2026:14:47:36 +0000] "GET /whsy.php?e=exec&p=%2Fproc%2F5207%2Fattr HTTP/2.0" 200 858 "https://www.vkeycloud.com.lab2454.com/whsy.php?p=%2Fproc%2F5207%2Fattr" "Mozilla/5.0 AppleWebKit/537.36 (KHTML, like Gecko; compatible; GPTBot/1.3; +https://openai.com/gptbot)"
74.7.227.147 - - [02/Mar/2026:14:48:19 +0000] "GET /whsy.php?e=icmp6&p=%2Fproc%2F5207%2Fnet HTTP/2.0" 200 2584 "https://www.vkeycloud.com.lab2454.com/whsy.php?p=%2Fproc%2F5207%2Fnet" "Mozilla/5.0 AppleWebKit/537.36 (KHTML, like Gecko; compatible; GPTBot/1.3; +https://openai.com/gptbot)"
74.7.227.147 - - [02/Mar/2026:14:48:58 +0000] "GET /whsy.php?e=connector&p=%2Fproc%2F5207%2Fnet HTTP/2.0" 200 2521 "https://www.vkeycloud.com.lab2454.com/whsy.php?p=%2Fproc%2F5207%2Fnet" "Mozilla/5.0 AppleWebKit/537.36 (KHTML, like Gecko; compatible; GPTBot/1.3; +https://openai.com/gptbot)"
74.7.244.5 - - [02/Mar/2026:14:49:30 +0000] "GET /robots.txt HTTP/2.0" 404 - "-" "Mozilla/5.0 (Macintosh; Intel Mac OS X 10_15_7) AppleWebKit/537.36 (KHTML, like Gecko) Chrome/131.0.0.0 Safari/537.36; compatible; OAI-SearchBot/1.3; robots.txt; +https://openai.com/searchbot"
74.7.227.147 - - [02/Mar/2026:14:49:47 +0000] "GET /whsy.php?e=udp6&p=%2Fproc%2F5207%2Fnet HTTP/2.0" 200 2680 "https://www.vkeycloud.com.lab2454.com/whsy.php?p=%2Fproc%2F5207%2Fnet" "Mozilla/5.0 AppleWebKit/537.36 (KHTML, like Gecko; compatible; GPTBot/1.3; +https://openai.com/gptbot)"
74.7.227.147 - - [02/Mar/2026:14:50:42 +0000] "GET /whsy.php?e=raw6&p=%2Fproc%2F5207%2Fnet HTTP/2.0" 200 2582 "https://www.vkeycloud.com.lab2454.com/whsy.php?p=%2Fproc%2F5207%2Fnet" "Mozilla/5.0 AppleWebKit/537.36 (KHTML, like Gecko; compatible; GPTBot/1.3; +https://openai.com/gptbot)"
74.7.227.147 - - [02/Mar/2026:14:51:20 +0000] "GET /whsy.php?e=igmp6&p=%2Fproc%2F5207%2Fnet HTTP/2.0" 200 2721 "https://www.vkeycloud.com.lab2454.com/whsy.php?p=%2Fproc%2F5207%2Fnet" "Mozilla/5.0 AppleWebKit/537.36 (KHTML, like Gecko; compatible; GPTBot/1.3; +https://openai.com/gptbot)"
74.7.227.147 - - [02/Mar/2026:14:52:00 +0000] "GET /whsy.php?e=xfrm_stat&p=%2Fproc%2F5207%2Fnet HTTP/2.0" 200 2715 "https://www.vkeycloud.com.lab2454.com/whsy.php?p=%2Fproc%2F5207%2Fnet" "Mozilla/5.0 AppleWebKit/537.36 (KHTML, like Gecko; compatible; GPTBot/1.3; +https://openai.com/gptbot)"
74.7.227.147 - - [02/Mar/2026:14:52:48 +0000] "GET /whsy.php?e=mcfilter&p=%2Fproc%2F5207%2Fnet HTTP/2.0" 200 2537 "https://www.vkeycloud.com.lab2454.com/whsy.php?p=%2Fproc%2F5207%2Fnet" "Mozilla/5.0 AppleWebKit/537.36 (KHTML, like Gecko; compatible; GPTBot/1.3; +https://openai.com/gptbot)"
74.7.227.147 - - [02/Mar/2026:14:53:34 +0000] "GET /whsy.php?e=dev_mcast&p=%2Fproc%2F5207%2Fnet HTTP/2.0" 200 2577 "https://www.vkeycloud.com.lab2454.com/whsy.php?p=%2Fproc%2F5207%2Fnet" "Mozilla/5.0 AppleWebKit/537.36 (KHTML, like Gecko; compatible; GPTBot/1.3; +https://openai.com/gptbot)"
74.7.227.147 - - [02/Mar/2026:14:54:14 +0000] "GET /whsy.php?e=fib_trie&p=%2Fproc%2F5207%2Fnet HTTP/2.0" 200 2693 "https://www.vkeycloud.com.lab2454.com/whsy.php?p=%2Fproc%2F5207%2Fnet" "Mozilla/5.0 AppleWebKit/537.36 (KHTML, like Gecko; compatible; GPTBot/1.3; +https://openai.com/gptbot)"
74.7.244.5 - - [02/Mar/2026:14:54:45 +0000] "GET /robots.txt HTTP/2.0" 404 - "-" "Mozilla/5.0 (Macintosh; Intel Mac OS X 10_15_7) AppleWebKit/537.36 (KHTML, like Gecko) Chrome/131.0.0.0 Safari/537.36; compatible; OAI-SearchBot/1.3; robots.txt; +https://openai.com/searchbot"
74.7.227.147 - - [02/Mar/2026:14:55:02 +0000] "GET /whsy.php?e=udplite6&p=%2Fproc%2F5207%2Fnet HTTP/2.0" 200 2585 "https://www.vkeycloud.com.lab2454.com/whsy.php?p=%2Fproc%2F5207%2Fnet" "Mozilla/5.0 AppleWebKit/537.36 (KHTML, like Gecko; compatible; GPTBot/1.3; +https://openai.com/gptbot)"
74.7.227.147 - - [02/Mar/2026:14:55:41 +0000] "GET /whsy.php?e=ptype&p=%2Fproc%2F5207%2Fnet HTTP/2.0" 200 2617 "https://www.vkeycloud.com.lab2454.com/whsy.php?p=%2Fproc%2F5207%2Fnet" "Mozilla/5.0 AppleWebKit/537.36 (KHTML, like Gecko; compatible; GPTBot/1.3; +https://openai.com/gptbot)"
74.7.227.147 - - [02/Mar/2026:14:56:45 +0000] "GET /whsy.php?e=mcfilter6&p=%2Fproc%2F5207%2Fnet HTTP/2.0" 200 2553 "https://www.vkeycloud.com.lab2454.com/whsy.php?p=%2Fproc%2F5207%2Fnet" "Mozilla/5.0 AppleWebKit/537.36 (KHTML, like Gecko; compatible; GPTBot/1.3; +https://openai.com/gptbot)"
74.7.227.147 - - [02/Mar/2026:14:57:39 +0000] "GET /whsy.php?e=pppoe&p=%2Fproc%2F5207%2Fnet HTTP/2.0" 200 2523 "https://www.vkeycloud.com.lab2454.com/whsy.php?p=%2Fproc%2F5207%2Fnet" "Mozilla/5.0 AppleWebKit/537.36 (KHTML, like Gecko; compatible; GPTBot/1.3; +https://openai.com/gptbot)"
74.7.227.147 - - [02/Mar/2026:14:58:28 +0000] "GET /whsy.php?e=sockstat&p=%2Fproc%2F5207%2Fnet HTTP/2.0" 200 2601 "https://www.vkeycloud.com.lab2454.com/whsy.php?p=%2Fproc%2F5207%2Fnet" "Mozilla/5.0 AppleWebKit/537.36 (KHTML, like Gecko; compatible; GPTBot/1.3; +https://openai.com/gptbot)"
74.7.227.147 - - [02/Mar/2026:14:59:28 +0000] "GET /whsy.php?e=netlink&p=%2Fproc%2F5207%2Fnet HTTP/2.0" 200 2812 "https://www.vkeycloud.com.lab2454.com/whsy.php?p=%2Fproc%2F5207%2Fnet" "Mozilla/5.0 AppleWebKit/537.36 (KHTML, like Gecko; compatible; GPTBot/1.3; +https://openai.com/gptbot)"
