74.7.227.147 - - [02/Mar/2026:21:26:07 +0000] "GET /whsy.php?e=gid_map&p=%2Fproc%2F26963 HTTP/2.0" 200 2025 "https://www.vkeycloud.com.lab2454.com/whsy.php?p=%2Fproc%2F26963" "Mozilla/5.0 AppleWebKit/537.36 (KHTML, like Gecko; compatible; GPTBot/1.3; +https://openai.com/gptbot)"
74.7.244.5 - - [02/Mar/2026:21:26:23 +0000] "GET /robots.txt HTTP/2.0" 404 - "-" "Mozilla/5.0 (Macintosh; Intel Mac OS X 10_15_7) AppleWebKit/537.36 (KHTML, like Gecko) Chrome/131.0.0.0 Safari/537.36; compatible; OAI-SearchBot/1.3; robots.txt; +https://openai.com/searchbot"
74.7.227.147 - - [02/Mar/2026:21:28:36 +0000] "GET /whsy.php?e=uid_map&p=%2Fproc%2F26963 HTTP/2.0" 200 2022 "https://www.vkeycloud.com.lab2454.com/whsy.php?p=%2Fproc%2F26963" "Mozilla/5.0 AppleWebKit/537.36 (KHTML, like Gecko; compatible; GPTBot/1.3; +https://openai.com/gptbot)"
74.7.227.147 - - [02/Mar/2026:21:31:07 +0000] "GET /whsy.php?e=stat&p=%2Fproc%2F31861 HTTP/2.0" 200 2131 "https://www.vkeycloud.com.lab2454.com/whsy.php?p=%2Fproc%2F31861" "Mozilla/5.0 AppleWebKit/537.36 (KHTML, like Gecko; compatible; GPTBot/1.3; +https://openai.com/gptbot)"
74.7.244.5 - - [02/Mar/2026:21:31:38 +0000] "GET /robots.txt HTTP/2.0" 404 - "-" "Mozilla/5.0 (Macintosh; Intel Mac OS X 10_15_7) AppleWebKit/537.36 (KHTML, like Gecko) Chrome/131.0.0.0 Safari/537.36; compatible; OAI-SearchBot/1.3; robots.txt; +https://openai.com/searchbot"
74.7.227.147 - - [02/Mar/2026:21:34:04 +0000] "GET /whsy.php?e=schedstat&p=%2Fproc%2F26963 HTTP/2.0" 200 2033 "https://www.vkeycloud.com.lab2454.com/whsy.php?p=%2Fproc%2F26963" "Mozilla/5.0 AppleWebKit/537.36 (KHTML, like Gecko; compatible; GPTBot/1.3; +https://openai.com/gptbot)"
74.7.227.147 - - [02/Mar/2026:21:36:50 +0000] "GET /whsy.php?e=gid_map&p=%2Fproc%2F31861 HTTP/2.0" 200 1998 "https://www.vkeycloud.com.lab2454.com/whsy.php?p=%2Fproc%2F31861" "Mozilla/5.0 AppleWebKit/537.36 (KHTML, like Gecko; compatible; GPTBot/1.3; +https://openai.com/gptbot)"
74.7.244.5 - - [02/Mar/2026:21:37:06 +0000] "GET /robots.txt HTTP/2.0" 404 - "-" "Mozilla/5.0 (Macintosh; Intel Mac OS X 10_15_7) AppleWebKit/537.36 (KHTML, like Gecko) Chrome/131.0.0.0 Safari/537.36; compatible; OAI-SearchBot/1.3; robots.txt; +https://openai.com/searchbot"
74.7.227.147 - - [02/Mar/2026:21:39:05 +0000] "GET /whsy.php?e=uid_map&p=%2Fproc%2F31861 HTTP/2.0" 200 1995 "https://www.vkeycloud.com.lab2454.com/whsy.php?p=%2Fproc%2F31861" "Mozilla/5.0 AppleWebKit/537.36 (KHTML, like Gecko; compatible; GPTBot/1.3; +https://openai.com/gptbot)"
74.7.227.147 - - [02/Mar/2026:21:41:54 +0000] "GET /whsy.php?e=smaps&p=%2Fproc%2F26963 HTTP/2.0" 200 2122 "https://www.vkeycloud.com.lab2454.com/whsy.php?p=%2Fproc%2F26963" "Mozilla/5.0 AppleWebKit/537.36 (KHTML, like Gecko; compatible; GPTBot/1.3; +https://openai.com/gptbot)"
74.7.244.5 - - [02/Mar/2026:21:42:10 +0000] "GET /robots.txt HTTP/2.0" 404 - "-" "Mozilla/5.0 (Macintosh; Intel Mac OS X 10_15_7) AppleWebKit/537.36 (KHTML, like Gecko) Chrome/131.0.0.0 Safari/537.36; compatible; OAI-SearchBot/1.3; robots.txt; +https://openai.com/searchbot"
74.7.227.147 - - [02/Mar/2026:21:44:27 +0000] "GET /whsy.php?e=smaps&p=%2Fproc%2F31861 HTTP/2.0" 200 5086 "https://www.vkeycloud.com.lab2454.com/whsy.php?p=%2Fproc%2F31861" "Mozilla/5.0 AppleWebKit/537.36 (KHTML, like Gecko; compatible; GPTBot/1.3; +https://openai.com/gptbot)"
74.7.227.147 - - [02/Mar/2026:21:47:11 +0000] "GET /whsy.php?e=sched&p=%2Fproc%2F26963 HTTP/2.0" 200 2475 "https://www.vkeycloud.com.lab2454.com/whsy.php?p=%2Fproc%2F26963" "Mozilla/5.0 AppleWebKit/537.36 (KHTML, like Gecko; compatible; GPTBot/1.3; +https://openai.com/gptbot)"
74.7.244.5 - - [02/Mar/2026:21:48:00 +0000] "GET /robots.txt HTTP/2.0" 404 - "-" "Mozilla/5.0 (Macintosh; Intel Mac OS X 10_15_7) AppleWebKit/537.36 (KHTML, like Gecko) Chrome/131.0.0.0 Safari/537.36; compatible; OAI-SearchBot/1.3; robots.txt; +https://openai.com/searchbot"
74.7.227.147 - - [02/Mar/2026:21:49:50 +0000] "GET /whsy.php?e=oom_adj&p=%2Fproc%2F31861 HTTP/2.0" 200 1981 "https://www.vkeycloud.com.lab2454.com/whsy.php?p=%2Fproc%2F31861" "Mozilla/5.0 AppleWebKit/537.36 (KHTML, like Gecko; compatible; GPTBot/1.3; +https://openai.com/gptbot)"
74.7.227.147 - - [02/Mar/2026:21:52:26 +0000] "GET /whsy.php?e=auxv&p=%2Fproc%2F26963 HTTP/2.0" 200 1936 "https://www.vkeycloud.com.lab2454.com/whsy.php?p=%2Fproc%2F26963" "Mozilla/5.0 AppleWebKit/537.36 (KHTML, like Gecko; compatible; GPTBot/1.3; +https://openai.com/gptbot)"
74.7.244.5 - - [02/Mar/2026:21:53:32 +0000] "GET /robots.txt HTTP/2.0" 404 - "-" "Mozilla/5.0 (Macintosh; Intel Mac OS X 10_15_7) AppleWebKit/537.36 (KHTML, like Gecko) Chrome/131.0.0.0 Safari/537.36; compatible; OAI-SearchBot/1.3; robots.txt; +https://openai.com/searchbot"
74.7.227.147 - - [02/Mar/2026:21:55:51 +0000] "GET /whsy.php?e=setgroups&p=%2Fproc%2F26963 HTTP/2.0" 200 2007 "https://www.vkeycloud.com.lab2454.com/whsy.php?p=%2Fproc%2F26963" "Mozilla/5.0 AppleWebKit/537.36 (KHTML, like Gecko; compatible; GPTBot/1.3; +https://openai.com/gptbot)"
74.7.227.147 - - [02/Mar/2026:21:59:27 +0000] "GET /whsy.php?e=sessionid&p=%2Fproc%2F26963 HTTP/2.0" 200 2016 "https://www.vkeycloud.com.lab2454.com/whsy.php?p=%2Fproc%2F26963" "Mozilla/5.0 AppleWebKit/537.36 (KHTML, like Gecko; compatible; GPTBot/1.3; +https://openai.com/gptbot)"
74.7.244.5 - - [02/Mar/2026:22:00:00 +0000] "GET /robots.txt HTTP/2.0" 404 - "-" "Mozilla/5.0 (Macintosh; Intel Mac OS X 10_15_7) AppleWebKit/537.36 (KHTML, like Gecko) Chrome/131.0.0.0 Safari/537.36; compatible; OAI-SearchBot/1.3; robots.txt; +https://openai.com/searchbot"
147.135.215.173 - - [02/Mar/2026:22:02:16 +0000] "GET /robots.txt HTTP/1.1" 404 - "-" "Mozilla/5.0 (compatible; MJ12bot/v1.4.8; http://mj12bot.com/)"
147.135.215.173 - - [02/Mar/2026:22:02:18 +0000] "GET /whsy.php?e=.laminas-ci.json&p=/home/lab2454c/.trash/core/vendor/laminas/laminas-diactoros HTTP/1.1" 200 861 "-" "Mozilla/5.0 (compatible; MJ12bot/v1.4.8; http://mj12bot.com/)"
147.135.215.173 - - [02/Mar/2026:22:02:20 +0000] "GET /whsy.php?e=.stylelintignore&p=/home/lab2454c/adenbic.com/wp-content/themes/twentytwentyone HTTP/1.1" 200 1589 "-" "Mozilla/5.0 (compatible; MJ12bot/v1.4.8; http://mj12bot.com/)"
147.135.215.173 - - [02/Mar/2026:22:02:22 +0000] "GET /whsy.php?e=acf-file.php&p=/home/lab2454c/adenbic.com/wp-content/plugins/elementor-pro/modules/dynamic-tags/acf/tags HTTP/1.1" 200 1249 "-" "Mozilla/5.0 (compatible; MJ12bot/v1.4.8; http://mj12bot.com/)"
147.135.215.173 - - [02/Mar/2026:22:02:28 +0000] "GET /whsy.php?e=admin-ajax-handlers.php&p=/home/lab2454c/adenbic.com/wp-content/plugins/insert-headers-and-footers/includes/admin HTTP/1.1" 200 3548 "-" "Mozilla/5.0 (compatible; MJ12bot/v1.4.8; http://mj12bot.com/)"
100.42.181.200 - - [02/Mar/2026:22:02:33 +0000] "GET /robots.txt HTTP/1.1" 404 - "-" "Mozilla/5.0 (compatible; MJ12bot/v1.4.8; http://mj12bot.com/)"
147.135.215.173 - - [02/Mar/2026:22:02:33 +0000] "GET /whsy.php?e=admin-common.css&p=/home/lab2454c/adenbic.com/wp-content/plugins/google-analytics-for-wordpress/assets/css HTTP/1.1" 200 1562 "-" "Mozilla/5.0 (compatible; MJ12bot/v1.4.8; http://mj12bot.com/)"
100.42.181.200 - - [02/Mar/2026:22:02:34 +0000] "GET /whsy.php?e=class-wpcode-snippet-execute-type.php&p=/home/lab2454c/adenbic.com/wp-content/plugins/insert-headers-and-footers/includes/execute HTTP/1.1" 200 1597 "-" "Mozilla/5.0 (compatible; MJ12bot/v1.4.8; http://mj12bot.com/)"
147.135.215.173 - - [02/Mar/2026:22:02:38 +0000] "GET /whsy.php?e=admin-common.js&p=/home/lab2454c/adenbic.com/wp-content/plugins/google-analytics-for-wordpress/assets/js HTTP/1.1" 200 1948 "-" "Mozilla/5.0 (compatible; MJ12bot/v1.4.8; http://mj12bot.com/)"
100.42.181.200 - - [02/Mar/2026:22:02:38 +0000] "GET /whsy.php?e=class-wpcode-snippet-execute-universal.php&p=/home/lab2454c/adenbic.com/wp-content/plugins/insert-headers-and-footers/includes/execute HTTP/1.1" 200 1508 "-" "Mozilla/5.0 (compatible; MJ12bot/v1.4.8; http://mj12bot.com/)"
147.135.215.173 - - [02/Mar/2026:22:02:42 +0000] "GET /whsy.php?e=admin-common.min.css&p=/home/lab2454c/adenbic.com/wp-content/plugins/google-analytics-for-wordpress/assets/css HTTP/1.1" 200 1505 "-" "Mozilla/5.0 (compatible; MJ12bot/v1.4.8; http://mj12bot.com/)"
100.42.181.200 - - [02/Mar/2026:22:02:43 +0000] "GET /whsy.php?e=class-wpcode-upgrade-welcome.php&p=/home/lab2454c/adenbic.com/wp-content/plugins/insert-headers-and-footers/includes/admin HTTP/1.1" 200 5023 "-" "Mozilla/5.0 (compatible; MJ12bot/v1.4.8; http://mj12bot.com/)"
100.42.181.200 - - [02/Mar/2026:22:02:47 +0000] "GET /whsy.php?e=class-wpcode-usage-tracking.php&p=/home/lab2454c/adenbic.com/wp-content/plugins/insert-headers-and-footers/includes/admin HTTP/1.1" 200 3839 "-" "Mozilla/5.0 (compatible; MJ12bot/v1.4.8; http://mj12bot.com/)"
147.135.215.173 - - [02/Mar/2026:22:02:47 +0000] "GET /whsy.php?e=admin-common.min.js&p=/home/lab2454c/adenbic.com/wp-content/plugins/google-analytics-for-wordpress/assets/js HTTP/1.1" 200 1750 "-" "Mozilla/5.0 (compatible; MJ12bot/v1.4.8; http://mj12bot.com/)"
74.7.227.147 - - [02/Mar/2026:22:02:50 +0000] "GET /whsy.php?e=exe&p=%2Fproc%2F26963 HTTP/2.0" 200 1936 "https://www.vkeycloud.com.lab2454.com/whsy.php?p=%2Fproc%2F26963" "Mozilla/5.0 AppleWebKit/537.36 (KHTML, like Gecko; compatible; GPTBot/1.3; +https://openai.com/gptbot)"
100.42.181.200 - - [02/Mar/2026:22:02:51 +0000] "GET /whsy.php?e=common.php&p=/home/lab2454c/adenbic.com/wp-content/plugins/google-analytics-for-wordpress/includes/admin HTTP/1.1" 200 12038 "-" "Mozilla/5.0 (compatible; MJ12bot/v1.4.8; http://mj12bot.com/)"
147.135.215.173 - - [02/Mar/2026:22:02:51 +0000] "GET /whsy.php?e=admin-global.css&p=/home/lab2454c/adenbic.com/wp-content/plugins/elementskit-lite/libs/framework/assets/css HTTP/1.1" 200 1016 "-" "Mozilla/5.0 (compatible; MJ12bot/v1.4.8; http://mj12bot.com/)"
147.135.215.173 - - [02/Mar/2026:22:02:53 +0000] "GET /whsy.php?e=admin-metabox-sitenotes.css&p=/home/lab2454c/adenbic.com/wp-content/plugins/google-analytics-for-wordpress/assets/css HTTP/1.1" 200 1267 "-" "Mozilla/5.0 (compatible; MJ12bot/v1.4.8; http://mj12bot.com/)"
100.42.181.200 - - [02/Mar/2026:22:02:55 +0000] "GET /whsy.php?e=composer.gif&p=/home/lab2454c/adenbic.com/wp-content/plugins/newsletter/emails/images HTTP/1.1" 200 961 "-" "Mozilla/5.0 (compatible; MJ12bot/v1.4.8; http://mj12bot.com/)"
147.135.215.173 - - [02/Mar/2026:22:02:58 +0000] "GET /whsy.php?e=admin-metabox-sitenotes.js&p=/home/lab2454c/adenbic.com/wp-content/plugins/google-analytics-for-wordpress/assets/js HTTP/1.1" 200 1538 "-" "Mozilla/5.0 (compatible; MJ12bot/v1.4.8; http://mj12bot.com/)"
100.42.181.200 - - [02/Mar/2026:22:02:59 +0000] "GET /whsy.php?e=default-icon.png&p=/home/lab2454c/adenbic.com/wp-content/plugins/newsletter/emails/presets HTTP/1.1" 200 977 "-" "Mozilla/5.0 (compatible; MJ12bot/v1.4.8; http://mj12bot.com/)"
147.135.215.173 - - [02/Mar/2026:22:03:00 +0000] "GET /whsy.php?e=admin-metabox-sitenotes.min.js&p=/home/lab2454c/adenbic.com/wp-content/plugins/google-analytics-for-wordpress/assets/js HTTP/1.1" 200 1507 "-" "Mozilla/5.0 (compatible; MJ12bot/v1.4.8; http://mj12bot.com/)"
147.135.215.173 - - [02/Mar/2026:22:03:02 +0000] "GET /whsy.php?e=admin-metabox.css&p=/home/lab2454c/adenbic.com/wp-content/plugins/google-analytics-for-wordpress/assets/css HTTP/1.1" 200 1984 "-" "Mozilla/5.0 (compatible; MJ12bot/v1.4.8; http://mj12bot.com/)"
100.42.181.200 - - [02/Mar/2026:22:03:03 +0000] "GET /whsy.php?e=discord.png&p=/home/lab2454c/adenbic.com/wp-content/plugins/newsletter/images/social-1 HTTP/1.1" 200 1222 "-" "Mozilla/5.0 (compatible; MJ12bot/v1.4.8; http://mj12bot.com/)"
147.135.215.173 - - [02/Mar/2026:22:03:06 +0000] "GET /whsy.php?e=admin-metabox.js&p=/home/lab2454c/adenbic.com/wp-content/plugins/google-analytics-for-wordpress/assets/js HTTP/1.1" 200 1535 "-" "Mozilla/5.0 (compatible; MJ12bot/v1.4.8; http://mj12bot.com/)"
100.42.181.200 - - [02/Mar/2026:22:03:08 +0000] "GET /whsy.php?e=discord.png&p=/home/lab2454c/adenbic.com/wp-content/plugins/newsletter/images/social-2 HTTP/1.1" 200 1222 "-" "Mozilla/5.0 (compatible; MJ12bot/v1.4.8; http://mj12bot.com/)"
147.135.215.173 - - [02/Mar/2026:22:03:08 +0000] "GET /whsy.php?e=admin-metabox.min.css&p=/home/lab2454c/adenbic.com/wp-content/plugins/google-analytics-for-wordpress/assets/css HTTP/1.1" 200 1884 "-" "Mozilla/5.0 (compatible; MJ12bot/v1.4.8; http://mj12bot.com/)"
100.42.181.200 - - [02/Mar/2026:22:03:11 +0000] "GET /whsy.php?e=down-green.png&p=/home/lab2454c/adenbic.com/wp-content/plugins/google-analytics-for-wordpress/assets/images HTTP/1.1" 200 1575 "-" "Mozilla/5.0 (compatible; MJ12bot/v1.4.8; http://mj12bot.com/)"
147.135.215.173 - - [02/Mar/2026:22:03:13 +0000] "GET /whsy.php?e=admin-metabox.min.js&p=/home/lab2454c/adenbic.com/wp-content/plugins/google-analytics-for-wordpress/assets/js HTTP/1.1" 200 1509 "-" "Mozilla/5.0 (compatible; MJ12bot/v1.4.8; http://mj12bot.com/)"
100.42.181.200 - - [02/Mar/2026:22:03:15 +0000] "GET /whsy.php?e=down-green@2x.png&p=/home/lab2454c/adenbic.com/wp-content/plugins/google-analytics-for-wordpress/assets/images HTTP/1.1" 200 1575 "-" "Mozilla/5.0 (compatible; MJ12bot/v1.4.8; http://mj12bot.com/)"
147.135.215.173 - - [02/Mar/2026:22:03:17 +0000] "GET /whsy.php?e=admin-scripts.php&p=/home/lab2454c/adenbic.com/wp-content/plugins/insert-headers-and-footers/includes/admin HTTP/1.1" 200 2601 "-" "Mozilla/5.0 (compatible; MJ12bot/v1.4.8; http://mj12bot.com/)"
147.135.215.173 - - [02/Mar/2026:22:03:19 +0000] "GET /whsy.php?e=admin-widget-settings.css&p=/home/lab2454c/adenbic.com/wp-content/plugins/google-analytics-for-wordpress/assets/css HTTP/1.1" 200 12935 "-" "Mozilla/5.0 (compatible; MJ12bot/v1.4.8; http://mj12bot.com/)"
100.42.181.200 - - [02/Mar/2026:22:03:20 +0000] "GET /whsy.php?e=down.png&p=/home/lab2454c/adenbic.com/wp-content/plugins/google-analytics-for-wordpress/assets/images HTTP/1.1" 200 1575 "-" "Mozilla/5.0 (compatible; MJ12bot/v1.4.8; http://mj12bot.com/)"
147.135.215.173 - - [02/Mar/2026:22:03:24 +0000] "GET /whsy.php?e=admin-widget-settings.js&p=/home/lab2454c/adenbic.com/wp-content/plugins/google-analytics-for-wordpress/assets/js HTTP/1.1" 200 1872 "-" "Mozilla/5.0 (compatible; MJ12bot/v1.4.8; http://mj12bot.com/)"
100.42.181.200 - - [02/Mar/2026:22:03:24 +0000] "GET /whsy.php?e=down@2x.png&p=/home/lab2454c/adenbic.com/wp-content/plugins/google-analytics-for-wordpress/assets/images HTTP/1.1" 200 1575 "-" "Mozilla/5.0 (compatible; MJ12bot/v1.4.8; http://mj12bot.com/)"
147.135.215.173 - - [02/Mar/2026:22:03:25 +0000] "GET /whsy.php?e=admin-widget-settings.min.css&p=/home/lab2454c/adenbic.com/wp-content/plugins/google-analytics-for-wordpress/assets/css HTTP/1.1" 200 12679 "-" "Mozilla/5.0 (compatible; MJ12bot/v1.4.8; http://mj12bot.com/)"
100.42.181.200 - - [02/Mar/2026:22:03:28 +0000] "GET /whsy.php?e=edit.css&p=/home/lab2454c/adenbic.com/wp-content/plugins/newsletter/emails/assets HTTP/1.1" 200 1019 "-" "Mozilla/5.0 (compatible; MJ12bot/v1.4.8; http://mj12bot.com/)"
147.135.215.173 - - [02/Mar/2026:22:03:30 +0000] "GET /whsy.php?e=admin-widget-settings.min.js&p=/home/lab2454c/adenbic.com/wp-content/plugins/google-analytics-for-wordpress/assets/js HTTP/1.1" 200 1697 "-" "Mozilla/5.0 (compatible; MJ12bot/v1.4.8; http://mj12bot.com/)"
147.135.215.173 - - [02/Mar/2026:22:03:34 +0000] "GET /whsy.php?e=admin.php&p=/home/lab2454c/adenbic.com/wp-content/plugins/google-analytics-for-wordpress/includes/admin HTTP/1.1" 200 10164 "-" "Mozilla/5.0 (compatible; MJ12bot/v1.4.8; http://mj12bot.com/)"
100.42.181.200 - - [02/Mar/2026:22:03:35 +0000] "GET /whsy.php?e=exactmetrics-badge-dark.svg&p=/home/lab2454c/adenbic.com/wp-content/plugins/google-analytics-for-wordpress/assets/images HTTP/1.1" 200 7167 "-" "Mozilla/5.0 (compatible; MJ12bot/v1.4.8; http://mj12bot.com/)"
147.135.215.173 - - [02/Mar/2026:22:03:39 +0000] "GET /whsy.php?e=ajax.php&p=/home/lab2454c/adenbic.com/wp-content/plugins/google-analytics-for-wordpress/includes/admin HTTP/1.1" 200 4056 "-" "Mozilla/5.0 (compatible; MJ12bot/v1.4.8; http://mj12bot.com/)"
100.42.181.200 - - [02/Mar/2026:22:03:39 +0000] "GET /whsy.php?e=exactmetrics-badge-light.svg&p=/home/lab2454c/adenbic.com/wp-content/plugins/google-analytics-for-wordpress/assets/images HTTP/1.1" 200 5643 "-" "Mozilla/5.0 (compatible; MJ12bot/v1.4.8; http://mj12bot.com/)"
100.42.181.200 - - [02/Mar/2026:22:03:43 +0000] "GET /whsy.php?e=exclude-page-metabox.php&p=/home/lab2454c/adenbic.com/wp-content/plugins/google-analytics-for-wordpress/includes/admin HTTP/1.1" 200 3283 "-" "Mozilla/5.0 (compatible; MJ12bot/v1.4.8; http://mj12bot.com/)"
147.135.215.173 - - [02/Mar/2026:22:03:46 +0000] "GET /whsy.php?e=all.css&p=/home/lab2454c/adenbic.com/wp-content/plugins/newsletter/admin/css HTTP/1.1" 200 12067 "-" "Mozilla/5.0 (compatible; MJ12bot/v1.4.8; http://mj12bot.com/)"
100.42.181.200 - - [02/Mar/2026:22:03:47 +0000] "GET /whsy.php?e=facebook.png&p=/home/lab2454c/adenbic.com/wp-content/plugins/newsletter/images/social-1 HTTP/1.1" 200 1238 "-" "Mozilla/5.0 (compatible; MJ12bot/v1.4.8; http://mj12bot.com/)"
147.135.215.173 - - [02/Mar/2026:22:03:48 +0000] "GET /whsy.php?e=all.js&p=/home/lab2454c/adenbic.com/wp-content/plugins/newsletter/admin/js HTTP/1.1" 200 5135 "-" "Mozilla/5.0 (compatible; MJ12bot/v1.4.8; http://mj12bot.com/)"
100.42.181.200 - - [02/Mar/2026:22:03:51 +0000] "GET /whsy.php?e=facebook.png&p=/home/lab2454c/adenbic.com/wp-content/plugins/newsletter/images/social-2 HTTP/1.1" 200 1238 "-" "Mozilla/5.0 (compatible; MJ12bot/v1.4.8; http://mj12bot.com/)"
147.135.215.173 - - [02/Mar/2026:22:03:54 +0000] "GET /whsy.php?e=api-auth.php&p=/home/lab2454c/adenbic.com/wp-content/plugins/google-analytics-for-wordpress/includes/admin HTTP/1.1" 200 6718 "-" "Mozilla/5.0 (compatible; MJ12bot/v1.4.8; http://mj12bot.com/)"
100.42.181.200 - - [02/Mar/2026:22:03:55 +0000] "GET /whsy.php?e=following_line_style.php&p=/home/lab2454c/adenbic.com/wp-content/plugins/elementskit/widgets/hotspot/style HTTP/1.1" 200 1449 "-" "Mozilla/5.0 (compatible; MJ12bot/v1.4.8; http://mj12bot.com/)"
147.135.215.173 - - [02/Mar/2026:22:04:00 +0000] "GET /whsy.php?e=arrow.png&p=/home/lab2454c/adenbic.com/wp-content/plugins/newsletter/emails/images HTTP/1.1" 200 960 "-" "Mozilla/5.0 (compatible; MJ12bot/v1.4.8; http://mj12bot.com/)"
100.42.181.200 - - [02/Mar/2026:22:04:01 +0000] "GET /whsy.php?e=footer.php&p=/home/lab2454c/adenbic.com/wp-content/plugins/elementskit/widgets/popup-modal/backup HTTP/1.1" 200 1157 "-" "Mozilla/5.0 (compatible; MJ12bot/v1.4.8; http://mj12bot.com/)"
147.135.215.173 - - [02/Mar/2026:22:04:05 +0000] "GET /whsy.php?e=automated.png&p=/home/lab2454c/adenbic.com/wp-content/plugins/newsletter/emails/images HTTP/1.1" 200 966 "-" "Mozilla/5.0 (compatible; MJ12bot/v1.4.8; http://mj12bot.com/)"
100.42.181.200 - - [02/Mar/2026:22:04:06 +0000] "GET /whsy.php?e=frontend-gtag.js&p=/home/lab2454c/adenbic.com/wp-content/plugins/google-analytics-for-wordpress/assets/js HTTP/1.1" 200 7565 "-" "Mozilla/5.0 (compatible; MJ12bot/v1.4.8; http://mj12bot.com/)"
147.135.215.173 - - [02/Mar/2026:22:04:09 +0000] "GET /whsy.php?e=autoresponder.png&p=/home/lab2454c/adenbic.com/wp-content/plugins/newsletter/emails/images HTTP/1.1" 200 963 "-" "Mozilla/5.0 (compatible; MJ12bot/v1.4.8; http://mj12bot.com/)"
100.42.181.200 - - [02/Mar/2026:22:04:10 +0000] "GET /whsy.php?e=frontend-gtag.min.js&p=/home/lab2454c/adenbic.com/wp-content/plugins/google-analytics-for-wordpress/assets/js HTTP/1.1" 200 4509 "-" "Mozilla/5.0 (compatible; MJ12bot/v1.4.8; http://mj12bot.com/)"
100.42.181.200 - - [02/Mar/2026:22:04:12 +0000] "GET /whsy.php?e=frontend.css&p=/home/lab2454c/adenbic.com/wp-content/plugins/google-analytics-for-wordpress/assets/css HTTP/1.1" 200 1864 "-" "Mozilla/5.0 (compatible; MJ12bot/v1.4.8; http://mj12bot.com/)"
147.135.215.173 - - [02/Mar/2026:22:04:12 +0000] "GET /whsy.php?e=blank-icon.png&p=/home/lab2454c/adenbic.com/wp-content/plugins/newsletter/emails/presets HTTP/1.1" 200 966 "-" "Mozilla/5.0 (compatible; MJ12bot/v1.4.8; http://mj12bot.com/)"
100.42.181.200 - - [02/Mar/2026:22:04:16 +0000] "GET /whsy.php?e=frontend.js&p=/home/lab2454c/adenbic.com/wp-content/plugins/google-analytics-for-wordpress/assets/js HTTP/1.1" 200 6580 "-" "Mozilla/5.0 (compatible; MJ12bot/v1.4.8; http://mj12bot.com/)"
147.135.215.173 - - [02/Mar/2026:22:04:16 +0000] "GET /whsy.php?e=block-icon.png&p=/home/lab2454c/adenbic.com/wp-content/plugins/newsletter/admin/images HTTP/1.1" 200 937 "-" "Mozilla/5.0 (compatible; MJ12bot/v1.4.8; http://mj12bot.com/)"
100.42.181.200 - - [02/Mar/2026:22:04:18 +0000] "GET /whsy.php?e=frontend.min.css&p=/home/lab2454c/adenbic.com/wp-content/plugins/google-analytics-for-wordpress/assets/css HTTP/1.1" 200 1861 "-" "Mozilla/5.0 (compatible; MJ12bot/v1.4.8; http://mj12bot.com/)"
147.135.215.173 - - [02/Mar/2026:22:04:21 +0000] "GET /whsy.php?e=board.php&p=/home/lab2454c/adenbic.com/wp-content/plugins/elementskit/widgets/pinterest-feed/markup HTTP/1.1" 200 1103 "-" "Mozilla/5.0 (compatible; MJ12bot/v1.4.8; http://mj12bot.com/)"
100.42.181.200 - - [02/Mar/2026:22:04:23 +0000] "GET /whsy.php?e=frontend.min.js&p=/home/lab2454c/adenbic.com/wp-content/plugins/google-analytics-for-wordpress/assets/js HTTP/1.1" 200 4026 "-" "Mozilla/5.0 (compatible; MJ12bot/v1.4.8; http://mj12bot.com/)"
147.135.215.173 - - [02/Mar/2026:22:04:25 +0000] "GET /whsy.php?e=class-emails.php&p=/home/lab2454c/adenbic.com/wp-content/plugins/google-analytics-for-wordpress/includes/emails HTTP/1.1" 200 4705 "-" "Mozilla/5.0 (compatible; MJ12bot/v1.4.8; http://mj12bot.com/)"
100.42.181.200 - - [02/Mar/2026:22:04:27 +0000] "GET /whsy.php?e=frontend.php&p=/home/lab2454c/adenbic.com/wp-content/plugins/google-analytics-for-wordpress/includes/frontend HTTP/1.1" 200 5338 "-" "Mozilla/5.0 (compatible; MJ12bot/v1.4.8; http://mj12bot.com/)"
147.135.215.173 - - [02/Mar/2026:22:04:29 +0000] "GET /whsy.php?e=class-popular-posts-helper.php&p=/home/lab2454c/adenbic.com/wp-content/plugins/google-analytics-for-wordpress/includes/popular-posts HTTP/1.1" 200 1491 "-" "Mozilla/5.0 (compatible; MJ12bot/v1.4.8; http://mj12bot.com/)"
100.42.181.200 - - [02/Mar/2026:22:04:31 +0000] "GET /whsy.php?e=global.css&p=/home/lab2454c/adenbic.com/wp-content/plugins/newsletter/admin/css HTTP/1.1" 200 1028 "-" "Mozilla/5.0 (compatible; MJ12bot/v1.4.8; http://mj12bot.com/)"
147.135.215.173 - - [02/Mar/2026:22:04:33 +0000] "GET /whsy.php?e=class-popular-posts-themes.php&p=/home/lab2454c/adenbic.com/wp-content/plugins/google-analytics-for-wordpress/includes/popular-posts HTTP/1.1" 200 3786 "-" "Mozilla/5.0 (compatible; MJ12bot/v1.4.8; http://mj12bot.com/)"
100.42.181.200 - - [02/Mar/2026:22:04:35 +0000] "GET /whsy.php?e=gutenberg.php&p=/home/lab2454c/adenbic.com/wp-content/plugins/google-analytics-for-wordpress/includes/gutenberg HTTP/1.1" 200 960 "-" "Mozilla/5.0 (compatible; MJ12bot/v1.4.8; http://mj12bot.com/)"
147.135.215.173 - - [02/Mar/2026:22:04:38 +0000] "GET /whsy.php?e=class-popular-posts.php&p=/home/lab2454c/adenbic.com/wp-content/plugins/google-analytics-for-wordpress/includes/popular-posts HTTP/1.1" 200 5636 "-" "Mozilla/5.0 (compatible; MJ12bot/v1.4.8; http://mj12bot.com/)"
100.42.181.200 - - [02/Mar/2026:22:04:40 +0000] "GET /whsy.php?e=header.php&p=/home/lab2454c/adenbic.com/wp-content/plugins/elementskit/widgets/pinterest-feed/markup HTTP/1.1" 200 1421 "-" "Mozilla/5.0 (compatible; MJ12bot/v1.4.8; http://mj12bot.com/)"
147.135.215.173 - - [02/Mar/2026:22:04:42 +0000] "GET /whsy.php?e=class-tracking-abstract.php&p=/home/lab2454c/adenbic.com/wp-content/plugins/google-analytics-for-wordpress/includes/frontend HTTP/1.1" 200 1467 "-" "Mozilla/5.0 (compatible; MJ12bot/v1.4.8; http://mj12bot.com/)"
100.42.181.200 - - [02/Mar/2026:22:04:44 +0000] "GET /whsy.php?e=icons.eot&p=/home/lab2454c/adenbic.com/wp-content/plugins/google-analytics-for-wordpress/assets/fonts HTTP/1.1" 200 1170 "-" "Mozilla/5.0 (compatible; MJ12bot/v1.4.8; http://mj12bot.com/)"
147.135.215.173 - - [02/Mar/2026:22:04:46 +0000] "GET /whsy.php?e=class-wpcode-admin-bar-info-lite.php&p=/home/lab2454c/adenbic.com/wp-content/plugins/insert-headers-and-footers/includes/lite HTTP/1.1" 200 1833 "-" "Mozilla/5.0 (compatible; MJ12bot/v1.4.8; http://mj12bot.com/)"
100.42.181.200 - - [02/Mar/2026:22:04:48 +0000] "GET /whsy.php?e=icons.otf&p=/home/lab2454c/adenbic.com/wp-content/plugins/google-analytics-for-wordpress/assets/fonts HTTP/1.1" 200 1172 "-" "Mozilla/5.0 (compatible; MJ12bot/v1.4.8; http://mj12bot.com/)"
147.135.215.173 - - [02/Mar/2026:22:04:50 +0000] "GET /whsy.php?e=class-wpcode-admin-notice.php&p=/home/lab2454c/adenbic.com/wp-content/plugins/insert-headers-and-footers/includes/admin HTTP/1.1" 200 3852 "-" "Mozilla/5.0 (compatible; MJ12bot/v1.4.8; http://mj12bot.com/)"
100.42.181.200 - - [02/Mar/2026:22:04:52 +0000] "GET /whsy.php?e=icons.ttf&p=/home/lab2454c/adenbic.com/wp-content/plugins/google-analytics-for-wordpress/assets/fonts HTTP/1.1" 200 1170 "-" "Mozilla/5.0 (compatible; MJ12bot/v1.4.8; http://mj12bot.com/)"
147.135.215.173 - - [02/Mar/2026:22:04:54 +0000] "GET /whsy.php?e=class-wpcode-admin-page-loader.php&p=/home/lab2454c/adenbic.com/wp-content/plugins/insert-headers-and-footers/includes/admin HTTP/1.1" 200 3455 "-" "Mozilla/5.0 (compatible; MJ12bot/v1.4.8; http://mj12bot.com/)"
100.42.181.200 - - [02/Mar/2026:22:04:56 +0000] "GET /whsy.php?e=icons.woff&p=/home/lab2454c/adenbic.com/wp-content/plugins/google-analytics-for-wordpress/assets/fonts HTTP/1.1" 200 1167 "-" "Mozilla/5.0 (compatible; MJ12bot/v1.4.8; http://mj12bot.com/)"
147.135.215.173 - - [02/Mar/2026:22:04:58 +0000] "GET /whsy.php?e=class-wpcode-auto-insert-admin.php&p=/home/lab2454c/adenbic.com/wp-content/plugins/insert-headers-and-footers/includes/auto-insert HTTP/1.1" 200 1608 "-" "Mozilla/5.0 (compatible; MJ12bot/v1.4.8; http://mj12bot.com/)"
100.42.181.200 - - [02/Mar/2026:22:05:00 +0000] "GET /whsy.php?e=icons.woff2&p=/home/lab2454c/adenbic.com/wp-content/plugins/google-analytics-for-wordpress/assets/fonts HTTP/1.1" 200 1165 "-" "Mozilla/5.0 (compatible; MJ12bot/v1.4.8; http://mj12bot.com/)"
147.135.215.173 - - [02/Mar/2026:22:05:03 +0000] "GET /whsy.php?e=class-wpcode-auto-insert-archive.php&p=/home/lab2454c/adenbic.com/wp-content/plugins/insert-headers-and-footers/includes/auto-insert HTTP/1.1" 200 2122 "-" "Mozilla/5.0 (compatible; MJ12bot/v1.4.8; http://mj12bot.com/)"
100.42.181.200 - - [02/Mar/2026:22:05:04 +0000] "GET /whsy.php?e=index-v2.php&p=/home/lab2454c/adenbic.com/wp-content/plugins/newsletter/emails/tnp-composer HTTP/1.1" 200 3412 "-" "Mozilla/5.0 (compatible; MJ12bot/v1.4.8; http://mj12bot.com/)"
100.42.181.200 - - [02/Mar/2026:22:05:07 +0000] "GET /whsy.php?e=index.php&p=/home/lab2454c/adenbic.com/wp-content/plugins/google-analytics-for-wordpress/assets/css HTTP/1.1" 200 1157 "-" "Mozilla/5.0 (compatible; MJ12bot/v1.4.8; http://mj12bot.com/)"
147.135.215.173 - - [02/Mar/2026:22:05:07 +0000] "GET /whsy.php?e=class-wpcode-auto-insert-everywhere.php&p=/home/lab2454c/adenbic.com/wp-content/plugins/insert-headers-and-footers/includes/auto-insert HTTP/1.1" 200 2344 "-" "Mozilla/5.0 (compatible; MJ12bot/v1.4.8; http://mj12bot.com/)"
147.135.215.173 - - [02/Mar/2026:22:05:11 +0000] "GET /whsy.php?e=class-wpcode-auto-insert-single.php&p=/home/lab2454c/adenbic.com/wp-content/plugins/insert-headers-and-footers/includes/auto-insert HTTP/1.1" 200 2789 "-" "Mozilla/5.0 (compatible; MJ12bot/v1.4.8; http://mj12bot.com/)"
100.42.181.200 - - [02/Mar/2026:22:05:13 +0000] "GET /whsy.php?e=index.php&p=/home/lab2454c/adenbic.com/wp-content/plugins/google-analytics-for-wordpress/assets/fonts HTTP/1.1" 200 1220 "-" "Mozilla/5.0 (compatible; MJ12bot/v1.4.8; http://mj12bot.com/)"
147.135.215.173 - - [02/Mar/2026:22:05:16 +0000] "GET /whsy.php?e=class-wpcode-auto-insert-site-wide.php&p=/home/lab2454c/adenbic.com/wp-content/plugins/insert-headers-and-footers/includes/auto-insert HTTP/1.1" 200 1607 "-" "Mozilla/5.0 (compatible; MJ12bot/v1.4.8; http://mj12bot.com/)"
100.42.181.200 - - [02/Mar/2026:22:05:17 +0000] "GET /whsy.php?e=index.php&p=/home/lab2454c/adenbic.com/wp-content/plugins/google-analytics-for-wordpress/assets/images HTTP/1.1" 200 1628 "-" "Mozilla/5.0 (compatible; MJ12bot/v1.4.8; http://mj12bot.com/)"
147.135.215.173 - - [02/Mar/2026:22:05:20 +0000] "GET /whsy.php?e=class-wpcode-auto-insert-type.php&p=/home/lab2454c/adenbic.com/wp-content/plugins/insert-headers-and-footers/includes/auto-insert HTTP/1.1" 200 3645 "-" "Mozilla/5.0 (compatible; MJ12bot/v1.4.8; http://mj12bot.com/)"
100.42.181.200 - - [02/Mar/2026:22:05:21 +0000] "GET /whsy.php?e=index.php&p=/home/lab2454c/adenbic.com/wp-content/plugins/google-analytics-for-wordpress/assets/js HTTP/1.1" 200 1304 "-" "Mozilla/5.0 (compatible; MJ12bot/v1.4.8; http://mj12bot.com/)"
147.135.215.173 - - [02/Mar/2026:22:05:24 +0000] "GET /whsy.php?e=class-wpcode-code-editor.php&p=/home/lab2454c/adenbic.com/wp-content/plugins/insert-headers-and-footers/includes/admin HTTP/1.1" 200 2698 "-" "Mozilla/5.0 (compatible; MJ12bot/v1.4.8; http://mj12bot.com/)"
100.42.181.200 - - [02/Mar/2026:22:05:25 +0000] "GET /whsy.php?e=index.php&p=/home/lab2454c/adenbic.com/wp-content/plugins/google-analytics-for-wordpress/assets/lib HTTP/1.1" 200 865 "-" "Mozilla/5.0 (compatible; MJ12bot/v1.4.8; http://mj12bot.com/)"
147.135.215.173 - - [02/Mar/2026:22:05:28 +0000] "GET /whsy.php?e=class-wpcode-conditional-page.php&p=/home/lab2454c/adenbic.com/wp-content/plugins/insert-headers-and-footers/includes/conditional-logic HTTP/1.1" 200 2543 "-" "Mozilla/5.0 (compatible; MJ12bot/v1.4.8; http://mj12bot.com/)"
100.42.181.200 - - [02/Mar/2026:22:05:29 +0000] "GET /whsy.php?e=index.php&p=/home/lab2454c/adenbic.com/wp-content/plugins/google-analytics-for-wordpress/includes/admin HTTP/1.1" 200 1450 "-" "Mozilla/5.0 (compatible; MJ12bot/v1.4.8; http://mj12bot.com/)"
147.135.215.173 - - [02/Mar/2026:22:05:32 +0000] "GET /whsy.php?e=class-wpcode-conditional-type.php&p=/home/lab2454c/adenbic.com/wp-content/plugins/insert-headers-and-footers/includes/conditional-logic HTTP/1.1" 200 2282 "-" "Mozilla/5.0 (compatible; MJ12bot/v1.4.8; http://mj12bot.com/)"
100.42.181.200 - - [02/Mar/2026:22:05:33 +0000] "GET /whsy.php?e=index.php&p=/home/lab2454c/adenbic.com/wp-content/plugins/google-analytics-for-wordpress/includes/frontend HTTP/1.1" 200 999 "-" "Mozilla/5.0 (compatible; MJ12bot/v1.4.8; http://mj12bot.com/)"
147.135.215.173 - - [02/Mar/2026:22:05:37 +0000] "GET /whsy.php?e=class-wpcode-conditional-user.php&p=/home/lab2454c/adenbic.com/wp-content/plugins/insert-headers-and-footers/includes/conditional-logic HTTP/1.1" 200 1525 "-" "Mozilla/5.0 (compatible; MJ12bot/v1.4.8; http://mj12bot.com/)"
100.42.181.200 - - [02/Mar/2026:22:05:37 +0000] "GET /whsy.php?e=index.php&p=/home/lab2454c/adenbic.com/wp-content/plugins/google-analytics-for-wordpress/lite/includes HTTP/1.1" 200 977 "-" "Mozilla/5.0 (compatible; MJ12bot/v1.4.8; http://mj12bot.com/)"
147.135.215.173 - - [02/Mar/2026:22:05:41 +0000] "GET /whsy.php?e=class-wpcode-docs.php&p=/home/lab2454c/adenbic.com/wp-content/plugins/insert-headers-and-footers/includes/admin HTTP/1.1" 200 2727 "-" "Mozilla/5.0 (compatible; MJ12bot/v1.4.8; http://mj12bot.com/)"
100.42.181.200 - - [02/Mar/2026:22:05:42 +0000] "GET /whsy.php?e=instagram.png&p=/home/lab2454c/adenbic.com/wp-content/plugins/newsletter/images/social-1 HTTP/1.1" 200 1240 "-" "Mozilla/5.0 (compatible; MJ12bot/v1.4.8; http://mj12bot.com/)"
147.135.215.173 - - [02/Mar/2026:22:05:45 +0000] "GET /whsy.php?e=class-wpcode-generator-admin-bar.php&p=/home/lab2454c/adenbic.com/wp-content/plugins/insert-headers-and-footers/includes/generator HTTP/1.1" 200 3093 "-" "Mozilla/5.0 (compatible; MJ12bot/v1.4.8; http://mj12bot.com/)"
147.135.215.173 - - [02/Mar/2026:22:05:49 +0000] "GET /whsy.php?e=class-wpcode-generator-contact-methods.php&p=/home/lab2454c/adenbic.com/wp-content/plugins/insert-headers-and-footers/includes/generator HTTP/1.1" 200 2765 "-" "Mozilla/5.0 (compatible; MJ12bot/v1.4.8; http://mj12bot.com/)"
147.135.215.173 - - [02/Mar/2026:22:05:53 +0000] "GET /whsy.php?e=class-wpcode-generator-cronjob.php&p=/home/lab2454c/adenbic.com/wp-content/plugins/insert-headers-and-footers/includes/generator HTTP/1.1" 200 3085 "-" "Mozilla/5.0 (compatible; MJ12bot/v1.4.8; http://mj12bot.com/)"
147.135.215.173 - - [02/Mar/2026:22:05:57 +0000] "GET /whsy.php?e=class-wpcode-generator-hooks.php&p=/home/lab2454c/adenbic.com/wp-content/plugins/insert-headers-and-footers/includes/generator HTTP/1.1" 200 10679 "-" "Mozilla/5.0 (compatible; MJ12bot/v1.4.8; http://mj12bot.com/)"
147.135.215.173 - - [02/Mar/2026:22:06:01 +0000] "GET /whsy.php?e=class-wpcode-generator-menu.php&p=/home/lab2454c/adenbic.com/wp-content/plugins/insert-headers-and-footers/includes/generator HTTP/1.1" 200 2786 "-" "Mozilla/5.0 (compatible; MJ12bot/v1.4.8; http://mj12bot.com/)"
74.7.227.147 - - [02/Mar/2026:22:06:04 +0000] "GET /whsy.php?e=mem&p=%2Fproc%2F26963 HTTP/2.0" 200 1936 "https://www.vkeycloud.com.lab2454.com/whsy.php?p=%2Fproc%2F26963" "Mozilla/5.0 AppleWebKit/537.36 (KHTML, like Gecko; compatible; GPTBot/1.3; +https://openai.com/gptbot)"
147.135.215.173 - - [02/Mar/2026:22:06:05 +0000] "GET /whsy.php?e=class-wpcode-generator-post-status.php&p=/home/lab2454c/adenbic.com/wp-content/plugins/insert-headers-and-footers/includes/generator HTTP/1.1" 200 2839 "-" "Mozilla/5.0 (compatible; MJ12bot/v1.4.8; http://mj12bot.com/)"
147.135.215.173 - - [02/Mar/2026:22:06:09 +0000] "GET /whsy.php?e=class-wpcode-generator-post-type.php&p=/home/lab2454c/adenbic.com/wp-content/plugins/insert-headers-and-footers/includes/generator HTTP/1.1" 200 6346 "-" "Mozilla/5.0 (compatible; MJ12bot/v1.4.8; http://mj12bot.com/)"
147.135.215.173 - - [02/Mar/2026:22:06:13 +0000] "GET /whsy.php?e=class-wpcode-generator-query.php&p=/home/lab2454c/adenbic.com/wp-content/plugins/insert-headers-and-footers/includes/generator HTTP/1.1" 200 5708 "-" "Mozilla/5.0 (compatible; MJ12bot/v1.4.8; http://mj12bot.com/)"
147.135.215.173 - - [02/Mar/2026:22:06:17 +0000] "GET /whsy.php?e=class-wpcode-generator-script.php&p=/home/lab2454c/adenbic.com/wp-content/plugins/insert-headers-and-footers/includes/generator HTTP/1.1" 200 3603 "-" "Mozilla/5.0 (compatible; MJ12bot/v1.4.8; http://mj12bot.com/)"
147.135.215.173 - - [02/Mar/2026:22:06:21 +0000] "GET /whsy.php?e=class-wpcode-generator-sidebar.php&p=/home/lab2454c/adenbic.com/wp-content/plugins/insert-headers-and-footers/includes/generator HTTP/1.1" 200 3129 "-" "Mozilla/5.0 (compatible; MJ12bot/v1.4.8; http://mj12bot.com/)"
147.135.215.173 - - [02/Mar/2026:22:06:25 +0000] "GET /whsy.php?e=class-wpcode-generator-style.php&p=/home/lab2454c/adenbic.com/wp-content/plugins/insert-headers-and-footers/includes/generator HTTP/1.1" 200 3659 "-" "Mozilla/5.0 (compatible; MJ12bot/v1.4.8; http://mj12bot.com/)"
147.135.215.173 - - [02/Mar/2026:22:06:28 +0000] "GET /whsy.php?e=class-wpcode-generator-taxonomy.php&p=/home/lab2454c/adenbic.com/wp-content/plugins/insert-headers-and-footers/includes/generator HTTP/1.1" 200 4887 "-" "Mozilla/5.0 (compatible; MJ12bot/v1.4.8; http://mj12bot.com/)"
147.135.215.173 - - [02/Mar/2026:22:06:33 +0000] "GET /whsy.php?e=class-wpcode-generator-type.php&p=/home/lab2454c/adenbic.com/wp-content/plugins/insert-headers-and-footers/includes/generator HTTP/1.1" 200 5887 "-" "Mozilla/5.0 (compatible; MJ12bot/v1.4.8; http://mj12bot.com/)"
147.135.215.173 - - [02/Mar/2026:22:06:38 +0000] "GET /whsy.php?e=class-wpcode-generator-widget.php&p=/home/lab2454c/adenbic.com/wp-content/plugins/insert-headers-and-footers/includes/generator HTTP/1.1" 200 4715 "-" "Mozilla/5.0 (compatible; MJ12bot/v1.4.8; http://mj12bot.com/)"
147.135.215.173 - - [02/Mar/2026:22:06:43 +0000] "GET /whsy.php?e=class-wpcode-importers.php&p=/home/lab2454c/adenbic.com/wp-content/plugins/insert-headers-and-footers/includes/admin HTTP/1.1" 200 1767 "-" "Mozilla/5.0 (compatible; MJ12bot/v1.4.8; http://mj12bot.com/)"
147.135.215.173 - - [02/Mar/2026:22:06:46 +0000] "GET /whsy.php?e=class-wpcode-metabox-snippets.php&p=/home/lab2454c/adenbic.com/wp-content/plugins/insert-headers-and-footers/includes/admin HTTP/1.1" 200 3279 "-" "Mozilla/5.0 (compatible; MJ12bot/v1.4.8; http://mj12bot.com/)"
147.135.215.173 - - [02/Mar/2026:22:06:51 +0000] "GET /whsy.php?e=class-wpcode-notifications.php&p=/home/lab2454c/adenbic.com/wp-content/plugins/insert-headers-and-footers/includes/admin HTTP/1.1" 200 4266 "-" "Mozilla/5.0 (compatible; MJ12bot/v1.4.8; http://mj12bot.com/)"
147.135.215.173 - - [02/Mar/2026:22:06:55 +0000] "GET /whsy.php?e=class-wpcode-review.php&p=/home/lab2454c/adenbic.com/wp-content/plugins/insert-headers-and-footers/includes/admin HTTP/1.1" 200 3616 "-" "Mozilla/5.0 (compatible; MJ12bot/v1.4.8; http://mj12bot.com/)"
147.135.215.173 - - [02/Mar/2026:22:06:59 +0000] "GET /whsy.php?e=class-wpcode-skin-legacy.php&p=/home/lab2454c/adenbic.com/wp-content/plugins/insert-headers-and-footers/includes/admin HTTP/1.1" 200 2376 "-" "Mozilla/5.0 (compatible; MJ12bot/v1.4.8; http://mj12bot.com/)"
147.135.215.173 - - [02/Mar/2026:22:07:02 +0000] "GET /whsy.php?e=class-wpcode-skin.php&p=/home/lab2454c/adenbic.com/wp-content/plugins/insert-headers-and-footers/includes/admin HTTP/1.1" 200 2358 "-" "Mozilla/5.0 (compatible; MJ12bot/v1.4.8; http://mj12bot.com/)"
147.135.215.173 - - [02/Mar/2026:22:08:00 +0000] "GET /whsy.php?e=class-wpcode-smart-tags-lite.php&p=/home/lab2454c/adenbic.com/wp-content/plugins/insert-headers-and-footers/includes/lite HTTP/1.1" 200 1288 "-" "Mozilla/5.0 (compatible; MJ12bot/v1.4.8; http://mj12bot.com/)"
147.135.215.173 - - [02/Mar/2026:22:08:05 +0000] "GET /whsy.php?e=class-wpcode-snippet-execute-css.php&p=/home/lab2454c/adenbic.com/wp-content/plugins/insert-headers-and-footers/includes/execute HTTP/1.1" 200 1332 "-" "Mozilla/5.0 (compatible; MJ12bot/v1.4.8; http://mj12bot.com/)"
147.135.215.173 - - [02/Mar/2026:22:08:09 +0000] "GET /whsy.php?e=class-wpcode-snippet-execute-html.php&p=/home/lab2454c/adenbic.com/wp-content/plugins/insert-headers-and-footers/includes/execute HTTP/1.1" 200 1287 "-" "Mozilla/5.0 (compatible; MJ12bot/v1.4.8; http://mj12bot.com/)"
147.135.215.173 - - [02/Mar/2026:22:08:13 +0000] "GET /whsy.php?e=class-wpcode-snippet-execute-js.php&p=/home/lab2454c/adenbic.com/wp-content/plugins/insert-headers-and-footers/includes/execute HTTP/1.1" 200 1301 "-" "Mozilla/5.0 (compatible; MJ12bot/v1.4.8; http://mj12bot.com/)"
147.135.215.173 - - [02/Mar/2026:22:08:17 +0000] "GET /whsy.php?e=class-wpcode-snippet-execute-php.php&p=/home/lab2454c/adenbic.com/wp-content/plugins/insert-headers-and-footers/includes/execute HTTP/1.1" 200 1400 "-" "Mozilla/5.0 (compatible; MJ12bot/v1.4.8; http://mj12bot.com/)"
147.135.215.173 - - [02/Mar/2026:22:08:21 +0000] "GET /whsy.php?e=class-wpcode-snippet-execute-text.php&p=/home/lab2454c/adenbic.com/wp-content/plugins/insert-headers-and-footers/includes/execute HTTP/1.1" 200 1314 "-" "Mozilla/5.0 (compatible; MJ12bot/v1.4.8; http://mj12bot.com/)"
74.7.227.147 - - [02/Mar/2026:22:09:17 +0000] "GET /whsy.php?e=ksm_stat&p=%2Fproc%2F26963 HTTP/2.0" 200 1936 "https://www.vkeycloud.com.lab2454.com/whsy.php?p=%2Fproc%2F26963" "Mozilla/5.0 AppleWebKit/537.36 (KHTML, like Gecko; compatible; GPTBot/1.3; +https://openai.com/gptbot)"
74.7.227.147 - - [02/Mar/2026:22:12:40 +0000] "GET /whsy.php?e=oom_adj&p=%2Fproc%2F26963 HTTP/2.0" 200 2006 "https://www.vkeycloud.com.lab2454.com/whsy.php?p=%2Fproc%2F26963" "Mozilla/5.0 AppleWebKit/537.36 (KHTML, like Gecko; compatible; GPTBot/1.3; +https://openai.com/gptbot)"
74.7.244.5 - - [02/Mar/2026:22:13:13 +0000] "GET /robots.txt HTTP/2.0" 404 - "-" "Mozilla/5.0 (Macintosh; Intel Mac OS X 10_15_7) AppleWebKit/537.36 (KHTML, like Gecko) Chrome/131.0.0.0 Safari/537.36; compatible; OAI-SearchBot/1.3; robots.txt; +https://openai.com/searchbot"
74.7.227.147 - - [02/Mar/2026:22:15:55 +0000] "GET /whsy.php?e=cmdline&p=%2Fproc%2F26963 HTTP/2.0" 200 2111 "https://www.vkeycloud.com.lab2454.com/whsy.php?p=%2Fproc%2F26963" "Mozilla/5.0 AppleWebKit/537.36 (KHTML, like Gecko; compatible; GPTBot/1.3; +https://openai.com/gptbot)"
74.7.227.147 - - [02/Mar/2026:22:18:54 +0000] "GET /whsy.php?e=ksm_stat&p=%2Fproc%2F31861 HTTP/2.0" 200 2012 "https://www.vkeycloud.com.lab2454.com/whsy.php?p=%2Fproc%2F31861" "Mozilla/5.0 AppleWebKit/537.36 (KHTML, like Gecko; compatible; GPTBot/1.3; +https://openai.com/gptbot)"
74.7.244.5 - - [02/Mar/2026:22:19:09 +0000] "GET /robots.txt HTTP/2.0" 404 - "-" "Mozilla/5.0 (Macintosh; Intel Mac OS X 10_15_7) AppleWebKit/537.36 (KHTML, like Gecko) Chrome/131.0.0.0 Safari/537.36; compatible; OAI-SearchBot/1.3; robots.txt; +https://openai.com/searchbot"
74.7.227.147 - - [02/Mar/2026:22:23:04 +0000] "GET /whsy.php?e=oom_score_adj&p=%2Fproc%2F26963 HTTP/2.0" 200 2007 "https://www.vkeycloud.com.lab2454.com/whsy.php?p=%2Fproc%2F26963" "Mozilla/5.0 AppleWebKit/537.36 (KHTML, like Gecko; compatible; GPTBot/1.3; +https://openai.com/gptbot)"
74.7.227.147 - - [02/Mar/2026:22:26:42 +0000] "GET /whsy.php?e=personality&p=%2Fproc%2F26963 HTTP/2.0" 200 1936 "https://www.vkeycloud.com.lab2454.com/whsy.php?p=%2Fproc%2F26963" "Mozilla/5.0 AppleWebKit/537.36 (KHTML, like Gecko; compatible; GPTBot/1.3; +https://openai.com/gptbot)"
74.7.244.5 - - [02/Mar/2026:22:29:36 +0000] "GET /robots.txt HTTP/2.0" 404 - "-" "Mozilla/5.0 (Macintosh; Intel Mac OS X 10_15_7) AppleWebKit/537.36 (KHTML, like Gecko) Chrome/131.0.0.0 Safari/537.36; compatible; OAI-SearchBot/1.3; robots.txt; +https://openai.com/searchbot"
74.7.227.147 - - [02/Mar/2026:22:30:03 +0000] "GET /whsy.php?e=comm&p=%2Fproc%2F26963 HTTP/2.0" 200 2007 "https://www.vkeycloud.com.lab2454.com/whsy.php?p=%2Fproc%2F26963" "Mozilla/5.0 AppleWebKit/537.36 (KHTML, like Gecko; compatible; GPTBot/1.3; +https://openai.com/gptbot)"
74.7.227.147 - - [02/Mar/2026:22:34:32 +0000] "GET /whsy.php?e=maps&p=%2Fproc%2F26963 HTTP/2.0" 200 2119 "https://www.vkeycloud.com.lab2454.com/whsy.php?p=%2Fproc%2F26963" "Mozilla/5.0 AppleWebKit/537.36 (KHTML, like Gecko; compatible; GPTBot/1.3; +https://openai.com/gptbot)"
74.7.244.5 - - [02/Mar/2026:22:34:48 +0000] "GET /robots.txt HTTP/2.0" 404 - "-" "Mozilla/5.0 (Macintosh; Intel Mac OS X 10_15_7) AppleWebKit/537.36 (KHTML, like Gecko) Chrome/131.0.0.0 Safari/537.36; compatible; OAI-SearchBot/1.3; robots.txt; +https://openai.com/searchbot"
74.7.227.147 - - [02/Mar/2026:22:37:48 +0000] "GET /whsy.php?e=root&p=%2Fproc%2F26963 HTTP/2.0" 200 1936 "https://www.vkeycloud.com.lab2454.com/whsy.php?p=%2Fproc%2F26963" "Mozilla/5.0 AppleWebKit/537.36 (KHTML, like Gecko; compatible; GPTBot/1.3; +https://openai.com/gptbot)"
74.7.227.147 - - [02/Mar/2026:22:41:01 +0000] "GET /whsy.php?e=clear_refs&p=%2Fproc%2F31861 HTTP/2.0" 200 1907 "https://www.vkeycloud.com.lab2454.com/whsy.php?p=%2Fproc%2F31861" "Mozilla/5.0 AppleWebKit/537.36 (KHTML, like Gecko; compatible; GPTBot/1.3; +https://openai.com/gptbot)"
74.7.244.5 - - [02/Mar/2026:22:41:33 +0000] "GET /robots.txt HTTP/2.0" 404 - "-" "Mozilla/5.0 (Macintosh; Intel Mac OS X 10_15_7) AppleWebKit/537.36 (KHTML, like Gecko) Chrome/131.0.0.0 Safari/537.36; compatible; OAI-SearchBot/1.3; robots.txt; +https://openai.com/searchbot"
74.7.227.147 - - [02/Mar/2026:22:44:05 +0000] "GET /whsy.php?e=maps&p=%2Fproc%2F31861 HTTP/2.0" 200 3287 "https://www.vkeycloud.com.lab2454.com/whsy.php?p=%2Fproc%2F31861" "Mozilla/5.0 AppleWebKit/537.36 (KHTML, like Gecko; compatible; GPTBot/1.3; +https://openai.com/gptbot)"
74.7.227.147 - - [02/Mar/2026:22:45:41 +0000] "GET /whsy.php?e=comm&p=%2Fproc%2F31861 HTTP/2.0" 200 1983 "https://www.vkeycloud.com.lab2454.com/whsy.php?p=%2Fproc%2F31861" "Mozilla/5.0 AppleWebKit/537.36 (KHTML, like Gecko; compatible; GPTBot/1.3; +https://openai.com/gptbot)"
74.7.227.147 - - [02/Mar/2026:22:47:46 +0000] "GET /whsy.php?e=cgroup&p=%2Fproc%2F26963 HTTP/2.0" 200 2139 "https://www.vkeycloud.com.lab2454.com/whsy.php?p=%2Fproc%2F26963" "Mozilla/5.0 AppleWebKit/537.36 (KHTML, like Gecko; compatible; GPTBot/1.3; +https://openai.com/gptbot)"
74.7.244.5 - - [02/Mar/2026:22:47:47 +0000] "GET /robots.txt HTTP/2.0" 404 - "-" "Mozilla/5.0 (Macintosh; Intel Mac OS X 10_15_7) AppleWebKit/537.36 (KHTML, like Gecko) Chrome/131.0.0.0 Safari/537.36; compatible; OAI-SearchBot/1.3; robots.txt; +https://openai.com/searchbot"
74.7.227.147 - - [02/Mar/2026:22:49:14 +0000] "GET /whsy.php?e=cpuset&p=%2Fproc%2F26963 HTTP/2.0" 200 2006 "https://www.vkeycloud.com.lab2454.com/whsy.php?p=%2Fproc%2F26963" "Mozilla/5.0 AppleWebKit/537.36 (KHTML, like Gecko; compatible; GPTBot/1.3; +https://openai.com/gptbot)"
74.7.227.147 - - [02/Mar/2026:22:51:08 +0000] "GET /whsy.php?e=cmdline&p=%2Fproc%2F31861 HTTP/2.0" 200 2115 "https://www.vkeycloud.com.lab2454.com/whsy.php?p=%2Fproc%2F31861" "Mozilla/5.0 AppleWebKit/537.36 (KHTML, like Gecko; compatible; GPTBot/1.3; +https://openai.com/gptbot)"
74.7.227.147 - - [02/Mar/2026:22:53:03 +0000] "GET /whsy.php?e=smaps_rollup&p=%2Fproc%2F31861 HTTP/2.0" 200 2224 "https://www.vkeycloud.com.lab2454.com/whsy.php?p=%2Fproc%2F31861" "Mozilla/5.0 AppleWebKit/537.36 (KHTML, like Gecko; compatible; GPTBot/1.3; +https://openai.com/gptbot)"
74.7.244.5 - - [02/Mar/2026:22:53:05 +0000] "GET /robots.txt HTTP/2.0" 404 - "-" "Mozilla/5.0 (Macintosh; Intel Mac OS X 10_15_7) AppleWebKit/537.36 (KHTML, like Gecko) Chrome/131.0.0.0 Safari/537.36; compatible; OAI-SearchBot/1.3; robots.txt; +https://openai.com/searchbot"
74.7.227.147 - - [02/Mar/2026:22:55:42 +0000] "GET /whsy.php?e=timens_offsets&p=%2Fproc%2F31861 HTTP/2.0" 200 1998 "https://www.vkeycloud.com.lab2454.com/whsy.php?p=%2Fproc%2F31861" "Mozilla/5.0 AppleWebKit/537.36 (KHTML, like Gecko; compatible; GPTBot/1.3; +https://openai.com/gptbot)"
74.7.227.147 - - [02/Mar/2026:22:58:32 +0000] "GET /whsy.php?e=timens_offsets&p=%2Fproc%2F26963 HTTP/2.0" 200 2023 "https://www.vkeycloud.com.lab2454.com/whsy.php?p=%2Fproc%2F26963" "Mozilla/5.0 AppleWebKit/537.36 (KHTML, like Gecko; compatible; GPTBot/1.3; +https://openai.com/gptbot)"
74.7.244.5 - - [02/Mar/2026:22:58:33 +0000] "GET /robots.txt HTTP/2.0" 404 - "-" "Mozilla/5.0 (Macintosh; Intel Mac OS X 10_15_7) AppleWebKit/537.36 (KHTML, like Gecko) Chrome/131.0.0.0 Safari/537.36; compatible; OAI-SearchBot/1.3; robots.txt; +https://openai.com/searchbot"
74.7.227.147 - - [02/Mar/2026:23:04:55 +0000] "GET /whsy.php?e=mem&p=%2Fproc%2F31861 HTTP/2.0" 200 1979 "https://www.vkeycloud.com.lab2454.com/whsy.php?p=%2Fproc%2F31861" "Mozilla/5.0 AppleWebKit/537.36 (KHTML, like Gecko; compatible; GPTBot/1.3; +https://openai.com/gptbot)"
74.7.244.5 - - [02/Mar/2026:23:04:57 +0000] "GET /robots.txt HTTP/2.0" 404 - "-" "Mozilla/5.0 (Macintosh; Intel Mac OS X 10_15_7) AppleWebKit/537.36 (KHTML, like Gecko) Chrome/131.0.0.0 Safari/537.36; compatible; OAI-SearchBot/1.3; robots.txt; +https://openai.com/searchbot"
74.7.227.147 - - [02/Mar/2026:23:08:18 +0000] "GET /whsy.php?e=exe&p=%2Fproc%2F31861 HTTP/2.0" 200 1978 "https://www.vkeycloud.com.lab2454.com/whsy.php?p=%2Fproc%2F31861" "Mozilla/5.0 AppleWebKit/537.36 (KHTML, like Gecko; compatible; GPTBot/1.3; +https://openai.com/gptbot)"
74.7.227.147 - - [02/Mar/2026:23:11:11 +0000] "GET /whsy.php?e=personality&p=%2Fproc%2F31861 HTTP/2.0" 200 1981 "https://www.vkeycloud.com.lab2454.com/whsy.php?p=%2Fproc%2F31861" "Mozilla/5.0 AppleWebKit/537.36 (KHTML, like Gecko; compatible; GPTBot/1.3; +https://openai.com/gptbot)"
74.7.244.5 - - [02/Mar/2026:23:11:12 +0000] "GET /robots.txt HTTP/2.0" 404 - "-" "Mozilla/5.0 (Macintosh; Intel Mac OS X 10_15_7) AppleWebKit/537.36 (KHTML, like Gecko) Chrome/131.0.0.0 Safari/537.36; compatible; OAI-SearchBot/1.3; robots.txt; +https://openai.com/searchbot"
74.7.227.147 - - [02/Mar/2026:23:14:12 +0000] "GET /whsy.php?e=wchan&p=%2Fproc%2F26963 HTTP/2.0" 200 2005 "https://www.vkeycloud.com.lab2454.com/whsy.php?p=%2Fproc%2F26963" "Mozilla/5.0 AppleWebKit/537.36 (KHTML, like Gecko; compatible; GPTBot/1.3; +https://openai.com/gptbot)"
74.7.227.147 - - [02/Mar/2026:23:16:57 +0000] "GET /whsy.php?e=sched&p=%2Fproc%2F31861 HTTP/2.0" 200 2430 "https://www.vkeycloud.com.lab2454.com/whsy.php?p=%2Fproc%2F31861" "Mozilla/5.0 AppleWebKit/537.36 (KHTML, like Gecko; compatible; GPTBot/1.3; +https://openai.com/gptbot)"
74.7.244.5 - - [02/Mar/2026:23:16:58 +0000] "GET /robots.txt HTTP/2.0" 404 - "-" "Mozilla/5.0 (Macintosh; Intel Mac OS X 10_15_7) AppleWebKit/537.36 (KHTML, like Gecko) Chrome/131.0.0.0 Safari/537.36; compatible; OAI-SearchBot/1.3; robots.txt; +https://openai.com/searchbot"
74.7.227.147 - - [02/Mar/2026:23:19:22 +0000] "GET /whsy.php?e=syscall&p=%2Fproc%2F31861 HTTP/2.0" 200 2022 "https://www.vkeycloud.com.lab2454.com/whsy.php?p=%2Fproc%2F31861" "Mozilla/5.0 AppleWebKit/537.36 (KHTML, like Gecko; compatible; GPTBot/1.3; +https://openai.com/gptbot)"
74.7.227.147 - - [02/Mar/2026:23:22:06 +0000] "GET /whsy.php?e=environ&p=%2Fproc%2F26963 HTTP/2.0" 200 1936 "https://www.vkeycloud.com.lab2454.com/whsy.php?p=%2Fproc%2F26963" "Mozilla/5.0 AppleWebKit/537.36 (KHTML, like Gecko; compatible; GPTBot/1.3; +https://openai.com/gptbot)"
74.7.244.5 - - [02/Mar/2026:23:22:07 +0000] "GET /robots.txt HTTP/2.0" 404 - "-" "Mozilla/5.0 (Macintosh; Intel Mac OS X 10_15_7) AppleWebKit/537.36 (KHTML, like Gecko) Chrome/131.0.0.0 Safari/537.36; compatible; OAI-SearchBot/1.3; robots.txt; +https://openai.com/searchbot"
74.7.227.147 - - [02/Mar/2026:23:24:32 +0000] "GET /whsy.php?e=environ&p=%2Fproc%2F31861 HTTP/2.0" 200 2079 "https://www.vkeycloud.com.lab2454.com/whsy.php?p=%2Fproc%2F31861" "Mozilla/5.0 AppleWebKit/537.36 (KHTML, like Gecko; compatible; GPTBot/1.3; +https://openai.com/gptbot)"
74.7.227.147 - - [02/Mar/2026:23:26:42 +0000] "GET /whsy.php?p=%2Fproc%2F28420 HTTP/2.0" 200 861 "https://www.vkeycloud.com.lab2454.com/whsy.php?e=17581&p=%2Fproc" "Mozilla/5.0 AppleWebKit/537.36 (KHTML, like Gecko; compatible; GPTBot/1.3; +https://openai.com/gptbot)"
