74.7.227.147 - - [02/Mar/2026:23:29:10 +0000] "GET /whsy.php?p=%2Fproc%2F31849 HTTP/2.0" 200 1907 "https://www.vkeycloud.com.lab2454.com/whsy.php?p=%2Fproc%2F5207%2F.." "Mozilla/5.0 AppleWebKit/537.36 (KHTML, like Gecko; compatible; GPTBot/1.3; +https://openai.com/gptbot)"
74.7.227.147 - - [02/Mar/2026:23:31:21 +0000] "GET /whsy.php?e=io&p=%2Fproc%2F26963 HTTP/2.0" 200 1936 "https://www.vkeycloud.com.lab2454.com/whsy.php?p=%2Fproc%2F26963" "Mozilla/5.0 AppleWebKit/537.36 (KHTML, like Gecko; compatible; GPTBot/1.3; +https://openai.com/gptbot)"
74.7.227.147 - - [02/Mar/2026:23:33:20 +0000] "GET /whsy.php?p=%2Fproc%2F17609 HTTP/2.0" 200 861 "https://www.vkeycloud.com.lab2454.com/whsy.php?p=%2Fproc%2F5207%2F.." "Mozilla/5.0 AppleWebKit/537.36 (KHTML, like Gecko; compatible; GPTBot/1.3; +https://openai.com/gptbot)"
74.7.227.147 - - [02/Mar/2026:23:35:33 +0000] "GET /whsy.php?p=%2Fproc%2F20611 HTTP/2.0" 200 861 "https://www.vkeycloud.com.lab2454.com/whsy.php?e=17581&p=%2Fproc" "Mozilla/5.0 AppleWebKit/537.36 (KHTML, like Gecko; compatible; GPTBot/1.3; +https://openai.com/gptbot)"
74.7.244.5 - - [02/Mar/2026:23:35:34 +0000] "GET /robots.txt HTTP/2.0" 404 - "-" "Mozilla/5.0 (Macintosh; Intel Mac OS X 10_15_7) AppleWebKit/537.36 (KHTML, like Gecko) Chrome/131.0.0.0 Safari/537.36; compatible; OAI-SearchBot/1.3; robots.txt; +https://openai.com/searchbot"
74.7.227.147 - - [02/Mar/2026:23:37:27 +0000] "GET /whsy.php?p=%2Fproc%2F25330 HTTP/2.0" 200 861 "https://www.vkeycloud.com.lab2454.com/whsy.php?e=20872&p=%2Fproc" "Mozilla/5.0 AppleWebKit/537.36 (KHTML, like Gecko; compatible; GPTBot/1.3; +https://openai.com/gptbot)"
74.7.227.147 - - [02/Mar/2026:23:39:49 +0000] "GET /whsy.php?p=%2Fproc%2F20890 HTTP/2.0" 200 861 "https://www.vkeycloud.com.lab2454.com/whsy.php?e=17581&p=%2Fproc" "Mozilla/5.0 AppleWebKit/537.36 (KHTML, like Gecko; compatible; GPTBot/1.3; +https://openai.com/gptbot)"
74.7.227.147 - - [02/Mar/2026:23:42:11 +0000] "GET /whsy.php?p=%2Fproc%2F11435 HTTP/2.0" 200 1936 "https://www.vkeycloud.com.lab2454.com/whsy.php?p=%2Fproc%2F5207%2F.." "Mozilla/5.0 AppleWebKit/537.36 (KHTML, like Gecko; compatible; GPTBot/1.3; +https://openai.com/gptbot)"
74.7.244.5 - - [02/Mar/2026:23:42:12 +0000] "GET /robots.txt HTTP/2.0" 404 - "-" "Mozilla/5.0 (Macintosh; Intel Mac OS X 10_15_7) AppleWebKit/537.36 (KHTML, like Gecko) Chrome/131.0.0.0 Safari/537.36; compatible; OAI-SearchBot/1.3; robots.txt; +https://openai.com/searchbot"
74.7.227.147 - - [02/Mar/2026:23:44:27 +0000] "GET /whsy.php?p=%2Fproc%2F17627 HTTP/2.0" 200 861 "https://www.vkeycloud.com.lab2454.com/whsy.php?p=%2Fproc%2F5207%2F.." "Mozilla/5.0 AppleWebKit/537.36 (KHTML, like Gecko; compatible; GPTBot/1.3; +https://openai.com/gptbot)"
74.7.244.5 - - [02/Mar/2026:23:44:44 +0000] "GET /robots.txt HTTP/2.0" 404 - "-" "Mozilla/5.0 (Macintosh; Intel Mac OS X 10_15_7) AppleWebKit/537.36 (KHTML, like Gecko) Chrome/131.0.0.0 Safari/537.36; compatible; OAI-SearchBot/1.3; robots.txt; +https://openai.com/searchbot"
74.7.227.147 - - [02/Mar/2026:23:46:38 +0000] "GET /whsy.php?p=%2Fproc%2F17526 HTTP/2.0" 200 861 "https://www.vkeycloud.com.lab2454.com/whsy.php?e=20872&p=%2Fproc" "Mozilla/5.0 AppleWebKit/537.36 (KHTML, like Gecko; compatible; GPTBot/1.3; +https://openai.com/gptbot)"
74.7.227.147 - - [02/Mar/2026:23:48:53 +0000] "GET /whsy.php?p=%2Fproc%2F18965 HTTP/2.0" 200 861 "https://www.vkeycloud.com.lab2454.com/whsy.php?e=17581&p=%2Fproc" "Mozilla/5.0 AppleWebKit/537.36 (KHTML, like Gecko; compatible; GPTBot/1.3; +https://openai.com/gptbot)"
74.7.244.5 - - [02/Mar/2026:23:48:54 +0000] "GET /robots.txt HTTP/2.0" 404 - "-" "Mozilla/5.0 (Macintosh; Intel Mac OS X 10_15_7) AppleWebKit/537.36 (KHTML, like Gecko) Chrome/131.0.0.0 Safari/537.36; compatible; OAI-SearchBot/1.3; robots.txt; +https://openai.com/searchbot"
147.135.213.27 - - [02/Mar/2026:23:49:35 +0000] "GET /robots.txt HTTP/1.1" 404 - "-" "Mozilla/5.0 (compatible; MJ12bot/v1.4.8; http://mj12bot.com/)"
147.135.213.27 - - [02/Mar/2026:23:49:36 +0000] "GET /whsy.php?e=.stylelintrc-css.json&p=/home/lab2454c/adenbic.com/wp-content/themes/twentytwentyone HTTP/1.1" 200 1825 "-" "Mozilla/5.0 (compatible; MJ12bot/v1.4.8; http://mj12bot.com/)"
74.7.227.147 - - [02/Mar/2026:23:49:39 +0000] "GET /favicon.ico HTTP/2.0" 404 - "https://www.vkeycloud.com.lab2454.com/whsy.php?e=randkeyword.php&p=%2Fhome%2Flab2454c%2Fincforce.net" "Mozilla/5.0 AppleWebKit/537.36 (KHTML, like Gecko; compatible; GPTBot/1.3; +https://openai.com/gptbot)"
147.135.213.27 - - [02/Mar/2026:23:49:41 +0000] "GET /whsy.php?e=TwitterAPIExchange.php&p=/home/lab2454c/adenbic.com/wp-content/plugins/elementskit/widgets/twitter-feed/lib HTTP/1.1" 200 3787 "-" "Mozilla/5.0 (compatible; MJ12bot/v1.4.8; http://mj12bot.com/)"
147.135.213.27 - - [02/Mar/2026:23:49:46 +0000] "GET /whsy.php?e=acceptance.php&p=/home/lab2454c/adenbic.com/wp-content/plugins/elementor-pro/modules/forms/fields HTTP/1.1" 200 1876 "-" "Mozilla/5.0 (compatible; MJ12bot/v1.4.8; http://mj12bot.com/)"
147.135.213.27 - - [02/Mar/2026:23:49:51 +0000] "GET /whsy.php?e=accordion-handler.php&p=/home/lab2454c/adenbic.com/wp-content/plugins/elementskit-lite/widgets/accordion HTTP/1.1" 200 1025 "-" "Mozilla/5.0 (compatible; MJ12bot/v1.4.8; http://mj12bot.com/)"
147.135.213.27 - - [02/Mar/2026:23:49:56 +0000] "GET /whsy.php?e=accordion.4d3ad59e593fbb4bbbf2.bundle.js&p=/home/lab2454c/adenbic.com/wp-content/plugins/elementor/assets/js HTTP/1.1" 200 5161 "-" "Mozilla/5.0 (compatible; MJ12bot/v1.4.8; http://mj12bot.com/)"
147.135.213.27 - - [02/Mar/2026:23:50:00 +0000] "GET /whsy.php?e=accordion.fb811bbb2beff11fae3c.bundle.min.js&p=/home/lab2454c/adenbic.com/wp-content/plugins/elementor/assets/js HTTP/1.1" 200 4504 "-" "Mozilla/5.0 (compatible; MJ12bot/v1.4.8; http://mj12bot.com/)"
147.135.213.27 - - [02/Mar/2026:23:50:05 +0000] "GET /whsy.php?e=accordion.php&p=/home/lab2454c/adenbic.com/wp-content/plugins/elementor/includes/widgets HTTP/1.1" 200 5595 "-" "Mozilla/5.0 (compatible; MJ12bot/v1.4.8; http://mj12bot.com/)"
147.135.213.27 - - [02/Mar/2026:23:50:10 +0000] "GET /whsy.php?e=accordion.php&p=/home/lab2454c/adenbic.com/wp-content/plugins/elementskit-lite/compatibility/wpml/widgets HTTP/1.1" 200 1886 "-" "Mozilla/5.0 (compatible; MJ12bot/v1.4.8; http://mj12bot.com/)"
147.135.213.27 - - [02/Mar/2026:23:50:14 +0000] "GET /whsy.php?e=accordion.php&p=/home/lab2454c/adenbic.com/wp-content/plugins/elementskit-lite/widgets/accordion HTTP/1.1" 200 5376 "-" "Mozilla/5.0 (compatible; MJ12bot/v1.4.8; http://mj12bot.com/)"
147.135.213.27 - - [02/Mar/2026:23:50:21 +0000] "GET /whsy.php?e=activator.php&p=/home/lab2454c/adenbic.com/wp-content/plugins/elementskit-lite/modules/header-footer HTTP/1.1" 200 2744 "-" "Mozilla/5.0 (compatible; MJ12bot/v1.4.8; http://mj12bot.com/)"
147.135.213.27 - - [02/Mar/2026:23:50:24 +0000] "GET /whsy.php?e=add-new.js&p=/home/lab2454c/adenbic.com/wp-content/plugins/elementor-pro/core/app/modules/site-editor/assets/js/pages HTTP/1.1" 200 1545 "-" "Mozilla/5.0 (compatible; MJ12bot/v1.4.8; http://mj12bot.com/)"
147.135.213.27 - - [02/Mar/2026:23:50:28 +0000] "GET /whsy.php?e=add-to-cart.php&p=/home/lab2454c/adenbic.com/wp-content/plugins/elementor-pro/modules/woocommerce/widgets HTTP/1.1" 200 3516 "-" "Mozilla/5.0 (compatible; MJ12bot/v1.4.8; http://mj12bot.com/)"
147.135.213.27 - - [02/Mar/2026:23:50:31 +0000] "GET /whsy.php?e=admin-metabox-sitenotes.min.css&p=/home/lab2454c/adenbic.com/wp-content/plugins/google-analytics-for-wordpress/assets/css HTTP/1.1" 200 1215 "-" "Mozilla/5.0 (compatible; MJ12bot/v1.4.8; http://mj12bot.com/)"
147.135.213.27 - - [02/Mar/2026:23:50:48 +0000] "GET /whsy.php?e=automation.css&p=/home/lab2454c/adenbic.com/wp-content/plugins/newsletter/main/css HTTP/1.1" 200 1276 "-" "Mozilla/5.0 (compatible; MJ12bot/v1.4.8; http://mj12bot.com/)"
147.135.213.27 - - [02/Mar/2026:23:50:57 +0000] "GET /whsy.php?e=clicked-urls@2x.png&p=/home/lab2454c/adenbic.com/wp-content/plugins/newsletter/statistics/images HTTP/1.1" 200 887 "-" "Mozilla/5.0 (compatible; MJ12bot/v1.4.8; http://mj12bot.com/)"
147.135.213.27 - - [02/Mar/2026:23:51:02 +0000] "GET /whsy.php?e=codemirror.css&p=/home/lab2454c/adenbic.com/wp-content/plugins/newsletter/vendor/codemirror HTTP/1.1" 200 3320 "-" "Mozilla/5.0 (compatible; MJ12bot/v1.4.8; http://mj12bot.com/)"
147.135.213.27 - - [02/Mar/2026:23:51:06 +0000] "GET /whsy.php?e=codemirror.js&p=/home/lab2454c/adenbic.com/wp-content/plugins/newsletter/vendor/codemirror HTTP/1.1" 200 108118 "-" "Mozilla/5.0 (compatible; MJ12bot/v1.4.8; http://mj12bot.com/)"
147.135.213.27 - - [02/Mar/2026:23:51:20 +0000] "GET /whsy.php?e=dashboard.css&p=/home/lab2454c/adenbic.com/wp-content/plugins/newsletter/main/css HTTP/1.1" 200 1820 "-" "Mozilla/5.0 (compatible; MJ12bot/v1.4.8; http://mj12bot.com/)"
74.7.227.147 - - [02/Mar/2026:23:51:27 +0000] "GET /whsy.php?p=%2Fproc%2F29775 HTTP/2.0" 200 861 "https://www.vkeycloud.com.lab2454.com/whsy.php?p=%2Fproc%2F5207%2F.." "Mozilla/5.0 AppleWebKit/537.36 (KHTML, like Gecko; compatible; GPTBot/1.3; +https://openai.com/gptbot)"
147.135.213.27 - - [02/Mar/2026:23:51:48 +0000] "GET /whsy.php?e=extensions.css&p=/home/lab2454c/adenbic.com/wp-content/plugins/newsletter/main/css HTTP/1.1" 200 1322 "-" "Mozilla/5.0 (compatible; MJ12bot/v1.4.8; http://mj12bot.com/)"
147.135.213.27 - - [02/Mar/2026:23:52:00 +0000] "GET /whsy.php?e=instagram.png&p=/home/lab2454c/adenbic.com/wp-content/plugins/newsletter/images/social-2 HTTP/1.1" 200 1240 "-" "Mozilla/5.0 (compatible; MJ12bot/v1.4.8; http://mj12bot.com/)"
147.135.213.27 - - [02/Mar/2026:23:52:05 +0000] "GET /whsy.php?e=interactions@2x.png&p=/home/lab2454c/adenbic.com/wp-content/plugins/newsletter/statistics/images HTTP/1.1" 200 890 "-" "Mozilla/5.0 (compatible; MJ12bot/v1.4.8; http://mj12bot.com/)"
147.135.213.27 - - [02/Mar/2026:23:52:27 +0000] "GET /whsy.php?e=license-compat.php&p=/home/lab2454c/adenbic.com/wp-content/plugins/google-analytics-for-wordpress/lite/includes HTTP/1.1" 200 1185 "-" "Mozilla/5.0 (compatible; MJ12bot/v1.4.8; http://mj12bot.com/)"
147.135.213.27 - - [02/Mar/2026:23:52:32 +0000] "GET /whsy.php?e=linkedin.png&p=/home/lab2454c/adenbic.com/wp-content/plugins/newsletter/images/social-1 HTTP/1.1" 200 1236 "-" "Mozilla/5.0 (compatible; MJ12bot/v1.4.8; http://mj12bot.com/)"
147.135.213.27 - - [02/Mar/2026:23:52:37 +0000] "GET /whsy.php?e=linkedin.png&p=/home/lab2454c/adenbic.com/wp-content/plugins/newsletter/images/social-2 HTTP/1.1" 200 1236 "-" "Mozilla/5.0 (compatible; MJ12bot/v1.4.8; http://mj12bot.com/)"
147.135.213.27 - - [02/Mar/2026:23:52:42 +0000] "GET /whsy.php?e=load-more.php&p=/home/lab2454c/adenbic.com/wp-content/plugins/elementskit/widgets/pinterest-feed/markup HTTP/1.1" 200 1039 "-" "Mozilla/5.0 (compatible; MJ12bot/v1.4.8; http://mj12bot.com/)"
147.135.213.27 - - [02/Mar/2026:23:52:46 +0000] "GET /whsy.php?e=load.php&p=/home/lab2454c/adenbic.com/wp-content/plugins/google-analytics-for-wordpress/lite/includes HTTP/1.1" 200 1863 "-" "Mozilla/5.0 (compatible; MJ12bot/v1.4.8; http://mj12bot.com/)"
147.135.213.27 - - [02/Mar/2026:23:52:51 +0000] "GET /whsy.php?e=loader.php&p=/home/lab2454c/adenbic.com/wp-content/plugins/insert-headers-and-footers/includes/lite HTTP/1.1" 200 1615 "-" "Mozilla/5.0 (compatible; MJ12bot/v1.4.8; http://mj12bot.com/)"
147.135.213.27 - - [02/Mar/2026:23:53:01 +0000] "GET /whsy.php?e=logo-red.png&p=/home/lab2454c/adenbic.com/wp-content/plugins/newsletter/admin/images HTTP/1.1" 200 937 "-" "Mozilla/5.0 (compatible; MJ12bot/v1.4.8; http://mj12bot.com/)"
147.135.213.27 - - [02/Mar/2026:23:53:06 +0000] "GET /whsy.php?e=logo-white.png&p=/home/lab2454c/adenbic.com/wp-content/plugins/newsletter/admin/images HTTP/1.1" 200 935 "-" "Mozilla/5.0 (compatible; MJ12bot/v1.4.8; http://mj12bot.com/)"
147.135.213.27 - - [02/Mar/2026:23:53:15 +0000] "GET /whsy.php?e=logo.png&p=/home/lab2454c/adenbic.com/wp-content/plugins/newsletter/admin/images HTTP/1.1" 200 927 "-" "Mozilla/5.0 (compatible; MJ12bot/v1.4.8; http://mj12bot.com/)"
147.135.213.27 - - [02/Mar/2026:23:53:23 +0000] "GET /whsy.php?e=main.php&p=/home/lab2454c/adenbic.com/wp-content/plugins/elementskit/widgets/blog-posts/views HTTP/1.1" 200 3227 "-" "Mozilla/5.0 (compatible; MJ12bot/v1.4.8; http://mj12bot.com/)"
74.7.227.147 - - [02/Mar/2026:23:53:23 +0000] "GET /whsy.php?p=%2Fproc%2F20884 HTTP/2.0" 200 861 "https://www.vkeycloud.com.lab2454.com/whsy.php?e=17581&p=%2Fproc" "Mozilla/5.0 AppleWebKit/537.36 (KHTML, like Gecko; compatible; GPTBot/1.3; +https://openai.com/gptbot)"
147.135.213.27 - - [02/Mar/2026:23:53:30 +0000] "GET /whsy.php?e=mascot.png&p=/home/lab2454c/adenbic.com/wp-content/plugins/google-analytics-for-wordpress/assets/images HTTP/1.1" 200 1563 "-" "Mozilla/5.0 (compatible; MJ12bot/v1.4.8; http://mj12bot.com/)"
147.135.213.27 - - [02/Mar/2026:23:53:37 +0000] "GET /whsy.php?e=menu-icon.png&p=/home/lab2454c/adenbic.com/wp-content/plugins/newsletter/admin/images HTTP/1.1" 200 941 "-" "Mozilla/5.0 (compatible; MJ12bot/v1.4.8; http://mj12bot.com/)"
147.135.213.27 - - [02/Mar/2026:23:53:42 +0000] "GET /whsy.php?e=mircea.png&p=/home/lab2454c/adenbic.com/wp-content/plugins/insert-headers-and-footers/admin/images HTTP/1.1" 200 1020 "-" "Mozilla/5.0 (compatible; MJ12bot/v1.4.8; http://mj12bot.com/)"
147.135.213.27 - - [02/Mar/2026:23:53:47 +0000] "GET /whsy.php?e=monsterinsights-badge-dark.svg&p=/home/lab2454c/adenbic.com/wp-content/plugins/google-analytics-for-wordpress/assets/images HTTP/1.1" 200 10466 "-" "Mozilla/5.0 (compatible; MJ12bot/v1.4.8; http://mj12bot.com/)"
147.135.213.27 - - [02/Mar/2026:23:53:52 +0000] "GET /whsy.php?e=monsterinsights-badge-light.svg&p=/home/lab2454c/adenbic.com/wp-content/plugins/google-analytics-for-wordpress/assets/images HTTP/1.1" 200 5691 "-" "Mozilla/5.0 (compatible; MJ12bot/v1.4.8; http://mj12bot.com/)"
147.135.213.27 - - [02/Mar/2026:23:53:57 +0000] "GET /whsy.php?e=monsterinsights.eot&p=/home/lab2454c/adenbic.com/wp-content/plugins/google-analytics-for-wordpress/assets/fonts HTTP/1.1" 200 1168 "-" "Mozilla/5.0 (compatible; MJ12bot/v1.4.8; http://mj12bot.com/)"
147.135.213.27 - - [02/Mar/2026:23:54:01 +0000] "GET /whsy.php?e=monsterinsights.svg&p=/home/lab2454c/adenbic.com/wp-content/plugins/google-analytics-for-wordpress/assets/fonts HTTP/1.1" 200 12967 "-" "Mozilla/5.0 (compatible; MJ12bot/v1.4.8; http://mj12bot.com/)"
147.135.213.27 - - [02/Mar/2026:23:54:05 +0000] "GET /whsy.php?e=monsterinsights.ttf&p=/home/lab2454c/adenbic.com/wp-content/plugins/google-analytics-for-wordpress/assets/fonts HTTP/1.1" 200 1167 "-" "Mozilla/5.0 (compatible; MJ12bot/v1.4.8; http://mj12bot.com/)"
147.135.213.27 - - [02/Mar/2026:23:54:10 +0000] "GET /whsy.php?e=monsterinsights.woff&p=/home/lab2454c/adenbic.com/wp-content/plugins/google-analytics-for-wordpress/assets/fonts HTTP/1.1" 200 1158 "-" "Mozilla/5.0 (compatible; MJ12bot/v1.4.8; http://mj12bot.com/)"
147.135.213.27 - - [02/Mar/2026:23:54:17 +0000] "GET /whsy.php?e=notice.php&p=/home/lab2454c/adenbic.com/wp-content/plugins/google-analytics-for-wordpress/includes/admin HTTP/1.1" 200 3078 "-" "Mozilla/5.0 (compatible; MJ12bot/v1.4.8; http://mj12bot.com/)"
147.135.213.27 - - [02/Mar/2026:23:54:22 +0000] "GET /whsy.php?e=notification-event-runner.php&p=/home/lab2454c/adenbic.com/wp-content/plugins/google-analytics-for-wordpress/includes/admin HTTP/1.1" 200 2944 "-" "Mozilla/5.0 (compatible; MJ12bot/v1.4.8; http://mj12bot.com/)"
147.135.213.27 - - [02/Mar/2026:23:54:26 +0000] "GET /whsy.php?e=notification-event.php&p=/home/lab2454c/adenbic.com/wp-content/plugins/google-analytics-for-wordpress/includes/admin HTTP/1.1" 200 3331 "-" "Mozilla/5.0 (compatible; MJ12bot/v1.4.8; http://mj12bot.com/)"
147.135.213.27 - - [02/Mar/2026:23:54:32 +0000] "GET /whsy.php?e=notifications.php&p=/home/lab2454c/adenbic.com/wp-content/plugins/google-analytics-for-wordpress/includes/admin HTTP/1.1" 200 4904 "-" "Mozilla/5.0 (compatible; MJ12bot/v1.4.8; http://mj12bot.com/)"
147.135.213.27 - - [02/Mar/2026:23:54:37 +0000] "GET /whsy.php?e=only-overviews.php&p=/home/lab2454c/adenbic.com/wp-content/plugins/elementskit/widgets/facebook-review/markup HTTP/1.1" 200 1545 "-" "Mozilla/5.0 (compatible; MJ12bot/v1.4.8; http://mj12bot.com/)"
147.135.213.27 - - [02/Mar/2026:23:54:41 +0000] "GET /whsy.php?e=only-overviews.php&p=/home/lab2454c/adenbic.com/wp-content/plugins/elementskit/widgets/yelp/markup HTTP/1.1" 200 1490 "-" "Mozilla/5.0 (compatible; MJ12bot/v1.4.8; http://mj12bot.com/)"
147.135.213.27 - - [02/Mar/2026:23:54:50 +0000] "GET /whsy.php?e=overview-card.php&p=/home/lab2454c/adenbic.com/wp-content/plugins/elementskit/widgets/facebook-review/markup HTTP/1.1" 200 1485 "-" "Mozilla/5.0 (compatible; MJ12bot/v1.4.8; http://mj12bot.com/)"
147.135.213.27 - - [02/Mar/2026:23:54:55 +0000] "GET /whsy.php?e=overview-card.php&p=/home/lab2454c/adenbic.com/wp-content/plugins/elementskit/widgets/trustpilot/components HTTP/1.1" 200 1407 "-" "Mozilla/5.0 (compatible; MJ12bot/v1.4.8; http://mj12bot.com/)"
147.135.213.27 - - [02/Mar/2026:23:54:59 +0000] "GET /whsy.php?e=overview-card.php&p=/home/lab2454c/adenbic.com/wp-content/plugins/elementskit/widgets/yelp/markup HTTP/1.1" 200 1382 "-" "Mozilla/5.0 (compatible; MJ12bot/v1.4.8; http://mj12bot.com/)"
147.135.213.27 - - [02/Mar/2026:23:55:11 +0000] "GET /whsy.php?e=pin.php&p=/home/lab2454c/adenbic.com/wp-content/plugins/elementskit/widgets/pinterest-feed/markup HTTP/1.1" 200 1330 "-" "Mozilla/5.0 (compatible; MJ12bot/v1.4.8; http://mj12bot.com/)"
147.135.213.27 - - [02/Mar/2026:23:55:16 +0000] "GET /whsy.php?e=pinterest.png&p=/home/lab2454c/adenbic.com/wp-content/plugins/newsletter/images/social-1 HTTP/1.1" 200 1236 "-" "Mozilla/5.0 (compatible; MJ12bot/v1.4.8; http://mj12bot.com/)"
147.135.213.27 - - [02/Mar/2026:23:55:20 +0000] "GET /whsy.php?e=pinterest.png&p=/home/lab2454c/adenbic.com/wp-content/plugins/newsletter/images/social-2 HTTP/1.1" 200 1236 "-" "Mozilla/5.0 (compatible; MJ12bot/v1.4.8; http://mj12bot.com/)"
147.135.213.27 - - [02/Mar/2026:23:55:25 +0000] "GET /whsy.php?e=plugin-affiliatewp.png&p=/home/lab2454c/adenbic.com/wp-content/plugins/google-analytics-for-wordpress/assets/images HTTP/1.1" 200 1574 "-" "Mozilla/5.0 (compatible; MJ12bot/v1.4.8; http://mj12bot.com/)"
147.135.213.27 - - [02/Mar/2026:23:55:29 +0000] "GET /whsy.php?e=plugin-charitable.svg&p=/home/lab2454c/adenbic.com/wp-content/plugins/google-analytics-for-wordpress/assets/images HTTP/1.1" 200 11696 "-" "Mozilla/5.0 (compatible; MJ12bot/v1.4.8; http://mj12bot.com/)"
74.7.227.147 - - [02/Mar/2026:23:55:29 +0000] "GET /whsy.php?e=timerslack_ns&p=%2Fproc%2F31849 HTTP/2.0" 200 1983 "https://www.vkeycloud.com.lab2454.com/whsy.php?p=%2Fproc%2F31849" "Mozilla/5.0 AppleWebKit/537.36 (KHTML, like Gecko; compatible; GPTBot/1.3; +https://openai.com/gptbot)"
74.7.244.5 - - [02/Mar/2026:23:55:30 +0000] "GET /robots.txt HTTP/2.0" 404 - "-" "Mozilla/5.0 (Macintosh; Intel Mac OS X 10_15_7) AppleWebKit/537.36 (KHTML, like Gecko) Chrome/131.0.0.0 Safari/537.36; compatible; OAI-SearchBot/1.3; robots.txt; +https://openai.com/searchbot"
147.135.213.27 - - [02/Mar/2026:23:55:33 +0000] "GET /whsy.php?e=plugin-duplicator.svg&p=/home/lab2454c/adenbic.com/wp-content/plugins/google-analytics-for-wordpress/assets/images HTTP/1.1" 200 11315 "-" "Mozilla/5.0 (compatible; MJ12bot/v1.4.8; http://mj12bot.com/)"
147.135.213.27 - - [02/Mar/2026:23:55:38 +0000] "GET /whsy.php?e=plugin-searchwp.svg&p=/home/lab2454c/adenbic.com/wp-content/plugins/google-analytics-for-wordpress/assets/images HTTP/1.1" 200 5965 "-" "Mozilla/5.0 (compatible; MJ12bot/v1.4.8; http://mj12bot.com/)"
147.135.213.27 - - [02/Mar/2026:23:55:43 +0000] "GET /whsy.php?e=plugin-simple-pay.svg&p=/home/lab2454c/adenbic.com/wp-content/plugins/google-analytics-for-wordpress/assets/images HTTP/1.1" 200 8194 "-" "Mozilla/5.0 (compatible; MJ12bot/v1.4.8; http://mj12bot.com/)"
147.135.213.27 - - [02/Mar/2026:23:55:47 +0000] "GET /whsy.php?e=plugin-sugar-calendar.svg&p=/home/lab2454c/adenbic.com/wp-content/plugins/google-analytics-for-wordpress/assets/images HTTP/1.1" 200 3741 "-" "Mozilla/5.0 (compatible; MJ12bot/v1.4.8; http://mj12bot.com/)"
147.135.213.27 - - [02/Mar/2026:23:55:51 +0000] "GET /whsy.php?e=plugin-userfeedback.svg&p=/home/lab2454c/adenbic.com/wp-content/plugins/google-analytics-for-wordpress/assets/images HTTP/1.1" 200 2232 "-" "Mozilla/5.0 (compatible; MJ12bot/v1.4.8; http://mj12bot.com/)"
147.135.213.27 - - [02/Mar/2026:23:55:56 +0000] "GET /whsy.php?e=plugin-wpcode.svg&p=/home/lab2454c/adenbic.com/wp-content/plugins/google-analytics-for-wordpress/assets/images HTTP/1.1" 200 38586 "-" "Mozilla/5.0 (compatible; MJ12bot/v1.4.8; http://mj12bot.com/)"
147.135.213.27 - - [02/Mar/2026:23:56:02 +0000] "GET /whsy.php?e=popular-posts.js&p=/home/lab2454c/adenbic.com/wp-content/plugins/google-analytics-for-wordpress/assets/js HTTP/1.1" 200 1716 "-" "Mozilla/5.0 (compatible; MJ12bot/v1.4.8; http://mj12bot.com/)"
147.135.213.27 - - [02/Mar/2026:23:56:07 +0000] "GET /whsy.php?e=popular-posts.min.js&p=/home/lab2454c/adenbic.com/wp-content/plugins/google-analytics-for-wordpress/assets/js HTTP/1.1" 200 1638 "-" "Mozilla/5.0 (compatible; MJ12bot/v1.4.8; http://mj12bot.com/)"
147.135.213.27 - - [02/Mar/2026:23:56:11 +0000] "GET /whsy.php?e=question-mark.png&p=/home/lab2454c/adenbic.com/wp-content/plugins/google-analytics-for-wordpress/assets/images HTTP/1.1" 200 1573 "-" "Mozilla/5.0 (compatible; MJ12bot/v1.4.8; http://mj12bot.com/)"
147.135.213.27 - - [02/Mar/2026:23:56:16 +0000] "GET /whsy.php?e=rawhtml.png&p=/home/lab2454c/adenbic.com/wp-content/plugins/newsletter/emails/images HTTP/1.1" 200 949 "-" "Mozilla/5.0 (compatible; MJ12bot/v1.4.8; http://mj12bot.com/)"
147.135.213.27 - - [02/Mar/2026:23:56:21 +0000] "GET /whsy.php?e=register-scripts.php&p=/home/lab2454c/adenbic.com/wp-content/plugins/google-analytics-for-wordpress/includes/gutenberg HTTP/1.1" 200 2247 "-" "Mozilla/5.0 (compatible; MJ12bot/v1.4.8; http://mj12bot.com/)"
147.135.213.27 - - [02/Mar/2026:23:56:27 +0000] "GET /whsy.php?e=reporting.php&p=/home/lab2454c/adenbic.com/wp-content/plugins/google-analytics-for-wordpress/includes/admin HTTP/1.1" 200 1911 "-" "Mozilla/5.0 (compatible; MJ12bot/v1.4.8; http://mj12bot.com/)"
147.135.213.27 - - [02/Mar/2026:23:56:31 +0000] "GET /whsy.php?e=restricted.svg&p=/home/lab2454c/adenbic.com/wp-content/plugins/google-analytics-for-wordpress/assets/images HTTP/1.1" 200 1989 "-" "Mozilla/5.0 (compatible; MJ12bot/v1.4.8; http://mj12bot.com/)"
147.135.213.27 - - [02/Mar/2026:23:56:36 +0000] "GET /whsy.php?e=review-card.php&p=/home/lab2454c/adenbic.com/wp-content/plugins/elementskit/widgets/facebook-review/markup HTTP/1.1" 200 1801 "-" "Mozilla/5.0 (compatible; MJ12bot/v1.4.8; http://mj12bot.com/)"
147.135.213.27 - - [02/Mar/2026:23:56:40 +0000] "GET /whsy.php?e=review-card.php&p=/home/lab2454c/adenbic.com/wp-content/plugins/elementskit/widgets/trustpilot/components HTTP/1.1" 200 1538 "-" "Mozilla/5.0 (compatible; MJ12bot/v1.4.8; http://mj12bot.com/)"
147.135.213.27 - - [02/Mar/2026:23:56:45 +0000] "GET /whsy.php?e=review-card.php&p=/home/lab2454c/adenbic.com/wp-content/plugins/elementskit/widgets/yelp/markup HTTP/1.1" 200 1712 "-" "Mozilla/5.0 (compatible; MJ12bot/v1.4.8; http://mj12bot.com/)"
147.135.213.27 - - [02/Mar/2026:23:56:50 +0000] "GET /whsy.php?e=review.php&p=/home/lab2454c/adenbic.com/wp-content/plugins/google-analytics-for-wordpress/includes/admin HTTP/1.1" 200 3544 "-" "Mozilla/5.0 (compatible; MJ12bot/v1.4.8; http://mj12bot.com/)"
147.135.213.27 - - [02/Mar/2026:23:56:56 +0000] "GET /whsy.php?e=routes.php&p=/home/lab2454c/adenbic.com/wp-content/plugins/google-analytics-for-wordpress/includes/admin HTTP/1.1" 200 14519 "-" "Mozilla/5.0 (compatible; MJ12bot/v1.4.8; http://mj12bot.com/)"
147.135.213.27 - - [02/Mar/2026:23:57:01 +0000] "GET /whsy.php?e=seedprod.php&p=/home/lab2454c/adenbic.com/wp-content/plugins/google-analytics-for-wordpress/includes/frontend HTTP/1.1" 200 1540 "-" "Mozilla/5.0 (compatible; MJ12bot/v1.4.8; http://mj12bot.com/)"
147.135.213.27 - - [02/Mar/2026:23:57:08 +0000] "GET /whsy.php?e=settings.php&p=/home/lab2454c/adenbic.com/wp-content/plugins/elementskit/widgets/facebook-feed/classes HTTP/1.1" 200 2511 "-" "Mozilla/5.0 (compatible; MJ12bot/v1.4.8; http://mj12bot.com/)"
147.135.213.27 - - [02/Mar/2026:23:57:12 +0000] "GET /whsy.php?e=settings.php&p=/home/lab2454c/adenbic.com/wp-content/plugins/elementskit/widgets/twitter-feed/classes HTTP/1.1" 200 1741 "-" "Mozilla/5.0 (compatible; MJ12bot/v1.4.8; http://mj12bot.com/)"
147.135.213.27 - - [02/Mar/2026:23:57:17 +0000] "GET /whsy.php?e=setup-checklist.php&p=/home/lab2454c/adenbic.com/wp-content/plugins/google-analytics-for-wordpress/includes/admin HTTP/1.1" 200 3325 "-" "Mozilla/5.0 (compatible; MJ12bot/v1.4.8; http://mj12bot.com/)"
147.135.213.27 - - [02/Mar/2026:23:57:34 +0000] "GET /whsy.php?e=sharedcount.php&p=/home/lab2454c/adenbic.com/wp-content/plugins/google-analytics-for-wordpress/includes/admin HTTP/1.1" 200 5688 "-" "Mozilla/5.0 (compatible; MJ12bot/v1.4.8; http://mj12bot.com/)"
147.135.213.27 - - [02/Mar/2026:23:57:41 +0000] "GET /whsy.php?e=soundcloud.png&p=/home/lab2454c/adenbic.com/wp-content/plugins/newsletter/images/social-1 HTTP/1.1" 200 1235 "-" "Mozilla/5.0 (compatible; MJ12bot/v1.4.8; http://mj12bot.com/)"
74.7.227.147 - - [02/Mar/2026:23:57:44 +0000] "GET /whsy.php?e=stack&p=%2Fproc%2F31849 HTTP/2.0" 200 1979 "https://www.vkeycloud.com.lab2454.com/whsy.php?p=%2Fproc%2F31849" "Mozilla/5.0 AppleWebKit/537.36 (KHTML, like Gecko; compatible; GPTBot/1.3; +https://openai.com/gptbot)"
147.135.213.27 - - [02/Mar/2026:23:57:45 +0000] "GET /whsy.php?e=soundcloud.png&p=/home/lab2454c/adenbic.com/wp-content/plugins/newsletter/images/social-2 HTTP/1.1" 200 1235 "-" "Mozilla/5.0 (compatible; MJ12bot/v1.4.8; http://mj12bot.com/)"
147.135.213.27 - - [02/Mar/2026:23:57:52 +0000] "GET /whsy.php?e=spinner.svg&p=/home/lab2454c/adenbic.com/wp-content/plugins/insert-headers-and-footers/admin/images HTTP/1.1" 200 1292 "-" "Mozilla/5.0 (compatible; MJ12bot/v1.4.8; http://mj12bot.com/)"
147.135.213.27 - - [02/Mar/2026:23:58:03 +0000] "GET /whsy.php?e=syed.png&p=/home/lab2454c/adenbic.com/wp-content/plugins/insert-headers-and-footers/admin/images HTTP/1.1" 200 1023 "-" "Mozilla/5.0 (compatible; MJ12bot/v1.4.8; http://mj12bot.com/)"
147.135.213.27 - - [02/Mar/2026:23:58:07 +0000] "GET /whsy.php?e=system.css&p=/home/lab2454c/adenbic.com/wp-content/plugins/newsletter/system/css HTTP/1.1" 200 1380 "-" "Mozilla/5.0 (compatible; MJ12bot/v1.4.8; http://mj12bot.com/)"
147.135.213.27 - - [02/Mar/2026:23:58:11 +0000] "GET /whsy.php?e=tab-bar.php&p=/home/lab2454c/adenbic.com/wp-content/plugins/elementskit/widgets/pinterest-feed/markup HTTP/1.1" 200 1072 "-" "Mozilla/5.0 (compatible; MJ12bot/v1.4.8; http://mj12bot.com/)"
147.135.213.27 - - [02/Mar/2026:23:58:15 +0000] "GET /whsy.php?e=telegram.png&p=/home/lab2454c/adenbic.com/wp-content/plugins/newsletter/images/social-1 HTTP/1.1" 200 1237 "-" "Mozilla/5.0 (compatible; MJ12bot/v1.4.8; http://mj12bot.com/)"
147.135.213.27 - - [02/Mar/2026:23:58:20 +0000] "GET /whsy.php?e=telegram.png&p=/home/lab2454c/adenbic.com/wp-content/plugins/newsletter/images/social-2 HTTP/1.1" 200 1238 "-" "Mozilla/5.0 (compatible; MJ12bot/v1.4.8; http://mj12bot.com/)"
147.135.213.27 - - [02/Mar/2026:23:58:23 +0000] "GET /whsy.php?e=theme-screenshot.png&p=/home/lab2454c/adenbic.com/wp-content/plugins/newsletter/emails/images HTTP/1.1" 200 959 "-" "Mozilla/5.0 (compatible; MJ12bot/v1.4.8; http://mj12bot.com/)"
147.135.213.27 - - [02/Mar/2026:23:58:27 +0000] "GET /whsy.php?e=tiktok.png&p=/home/lab2454c/adenbic.com/wp-content/plugins/newsletter/images/social-1 HTTP/1.1" 200 1237 "-" "Mozilla/5.0 (compatible; MJ12bot/v1.4.8; http://mj12bot.com/)"
147.135.213.27 - - [02/Mar/2026:23:58:31 +0000] "GET /whsy.php?e=tiktok.png&p=/home/lab2454c/adenbic.com/wp-content/plugins/newsletter/images/social-2 HTTP/1.1" 200 1237 "-" "Mozilla/5.0 (compatible; MJ12bot/v1.4.8; http://mj12bot.com/)"
147.135.213.27 - - [02/Mar/2026:23:58:46 +0000] "GET /whsy.php?e=tracking.php&p=/home/lab2454c/adenbic.com/wp-content/plugins/google-analytics-for-wordpress/includes/admin HTTP/1.1" 200 3669 "-" "Mozilla/5.0 (compatible; MJ12bot/v1.4.8; http://mj12bot.com/)"
147.135.213.27 - - [02/Mar/2026:23:58:54 +0000] "GET /whsy.php?e=tultip_style.php&p=/home/lab2454c/adenbic.com/wp-content/plugins/elementskit/widgets/hotspot/style HTTP/1.1" 200 1419 "-" "Mozilla/5.0 (compatible; MJ12bot/v1.4.8; http://mj12bot.com/)"
147.135.213.27 - - [02/Mar/2026:23:58:58 +0000] "GET /whsy.php?e=tumblr.png&p=/home/lab2454c/adenbic.com/wp-content/plugins/newsletter/images/social-1 HTTP/1.1" 200 1237 "-" "Mozilla/5.0 (compatible; MJ12bot/v1.4.8; http://mj12bot.com/)"
74.7.227.147 - - [02/Mar/2026:23:59:39 +0000] "GET /whsy.php?e=statm&p=%2Fproc%2F31849 HTTP/2.0" 200 2001 "https://www.vkeycloud.com.lab2454.com/whsy.php?p=%2Fproc%2F31849" "Mozilla/5.0 AppleWebKit/537.36 (KHTML, like Gecko; compatible; GPTBot/1.3; +https://openai.com/gptbot)"
74.7.227.147 - - [03/Mar/2026:00:01:41 +0000] "GET /whsy.php?e=schedstat&p=%2Fproc%2F31849 HTTP/2.0" 200 2005 "https://www.vkeycloud.com.lab2454.com/whsy.php?p=%2Fproc%2F31849" "Mozilla/5.0 AppleWebKit/537.36 (KHTML, like Gecko; compatible; GPTBot/1.3; +https://openai.com/gptbot)"
74.7.244.5 - - [03/Mar/2026:00:01:41 +0000] "GET /robots.txt HTTP/2.0" 404 - "-" "Mozilla/5.0 (Macintosh; Intel Mac OS X 10_15_7) AppleWebKit/537.36 (KHTML, like Gecko) Chrome/131.0.0.0 Safari/537.36; compatible; OAI-SearchBot/1.3; robots.txt; +https://openai.com/searchbot"
74.7.227.147 - - [03/Mar/2026:00:02:52 +0000] "GET /whsy.php?e=mem&p=%2Fproc%2F31849 HTTP/2.0" 200 1979 "https://www.vkeycloud.com.lab2454.com/whsy.php?p=%2Fproc%2F31849" "Mozilla/5.0 AppleWebKit/537.36 (KHTML, like Gecko; compatible; GPTBot/1.3; +https://openai.com/gptbot)"
74.7.227.147 - - [03/Mar/2026:00:03:38 +0000] "GET /whsy.php?e=smaps&p=%2Fproc%2F31849 HTTP/2.0" 200 5179 "https://www.vkeycloud.com.lab2454.com/whsy.php?p=%2Fproc%2F31849" "Mozilla/5.0 AppleWebKit/537.36 (KHTML, like Gecko; compatible; GPTBot/1.3; +https://openai.com/gptbot)"
74.7.227.147 - - [03/Mar/2026:00:04:24 +0000] "GET /?C=D;O=D HTTP/2.0" 200 430 "https://www.vkeycloud.com.lab2454.com/?C=D;O=A" "Mozilla/5.0 AppleWebKit/537.36 (KHTML, like Gecko; compatible; GPTBot/1.3; +https://openai.com/gptbot)"
74.7.228.7 - - [03/Mar/2026:00:19:26 +0000] "GET /robots.txt HTTP/2.0" 404 - "-" "Mozilla/5.0 (Macintosh; Intel Mac OS X 10_15_7) AppleWebKit/537.36 (KHTML, like Gecko) Chrome/131.0.0.0 Safari/537.36; compatible; OAI-SearchBot/1.3; robots.txt; +https://openai.com/searchbot"
74.7.227.171 - - [03/Mar/2026:00:19:40 +0000] "GET /whsy.php?e=style.css&p=%2Fhome%2Flab2454c%2Fdatmont.com%2Fwp-includes%2Fcss%2Fdist%2Fblock-library HTTP/2.0" 200 18167 "https://www.vkeycloud.com.lab2454.com/whsy.php?p=%2Fhome%2Flab2454c%2Fdatmont.com%2Fwp-includes%2Fcss%2Fdist%2Fblock-library" "Mozilla/5.0 AppleWebKit/537.36 (KHTML, like Gecko; compatible; GPTBot/1.3; +https://openai.com/gptbot)"
74.7.227.171 - - [03/Mar/2026:00:20:07 +0000] "GET /whsy.php?e=mountinfo&p=%2Fproc%2F11435 HTTP/2.0" 200 2988 "https://www.vkeycloud.com.lab2454.com/whsy.php?p=%2Fproc%2F11435" "Mozilla/5.0 AppleWebKit/537.36 (KHTML, like Gecko; compatible; GPTBot/1.3; +https://openai.com/gptbot)"
74.7.228.7 - - [03/Mar/2026:00:23:10 +0000] "GET /robots.txt HTTP/2.0" 404 - "-" "Mozilla/5.0 (Macintosh; Intel Mac OS X 10_15_7) AppleWebKit/537.36 (KHTML, like Gecko) Chrome/131.0.0.0 Safari/537.36; compatible; OAI-SearchBot/1.3; robots.txt; +https://openai.com/searchbot"
74.7.227.171 - - [03/Mar/2026:00:24:18 +0000] "GET /whsy.php?e=mountinfo&p=%2Fproc%2F31849 HTTP/2.0" 200 2949 "https://www.vkeycloud.com.lab2454.com/whsy.php?p=%2Fproc%2F31849" "Mozilla/5.0 AppleWebKit/537.36 (KHTML, like Gecko; compatible; GPTBot/1.3; +https://openai.com/gptbot)"
74.7.227.171 - - [03/Mar/2026:00:25:18 +0000] "GET /whsy.php?p=%2Fproc%2F9279%2Fattr%2F.. HTTP/2.0" 200 861 "https://www.vkeycloud.com.lab2454.com/whsy.php?p=%2Fproc%2F9279%2Fattr" "Mozilla/5.0 AppleWebKit/537.36 (KHTML, like Gecko; compatible; GPTBot/1.3; +https://openai.com/gptbot)"
74.7.228.7 - - [03/Mar/2026:00:25:18 +0000] "GET /robots.txt HTTP/2.0" 404 - "-" "Mozilla/5.0 (Macintosh; Intel Mac OS X 10_15_7) AppleWebKit/537.36 (KHTML, like Gecko) Chrome/131.0.0.0 Safari/537.36; compatible; OAI-SearchBot/1.3; robots.txt; +https://openai.com/searchbot"
74.7.227.171 - - [03/Mar/2026:00:25:54 +0000] "GET /whsy.php?e=timerslack_ns&p=%2Fproc%2F11435 HTTP/2.0" 200 2007 "https://www.vkeycloud.com.lab2454.com/whsy.php?p=%2Fproc%2F11435" "Mozilla/5.0 AppleWebKit/537.36 (KHTML, like Gecko; compatible; GPTBot/1.3; +https://openai.com/gptbot)"
74.7.227.171 - - [03/Mar/2026:00:26:52 +0000] "GET /whsy.php?e=classic.css&p=%2Fhome%2Flab2454c%2Fgemition.com%2Fwp-includes%2Fcss%2Fdist%2Fblock-library HTTP/2.0" 200 1619 "https://www.vkeycloud.com.lab2454.com/whsy.php?p=%2Fhome%2Flab2454c%2Fgemition.com%2Fwp-includes%2Fcss%2Fdist%2Fblock-library" "Mozilla/5.0 AppleWebKit/537.36 (KHTML, like Gecko; compatible; GPTBot/1.3; +https://openai.com/gptbot)"
74.7.227.171 - - [03/Mar/2026:00:28:01 +0000] "GET /whsy.php?e=reset-rtl.css&p=%2Fhome%2Flab2454c%2Fdansact.com%2Fwp-includes%2Fcss%2Fdist%2Fblock-library HTTP/2.0" 200 1928 "https://www.vkeycloud.com.lab2454.com/whsy.php?p=%2Fhome%2Flab2454c%2Fdansact.com%2Fwp-includes%2Fcss%2Fdist%2Fblock-library" "Mozilla/5.0 AppleWebKit/537.36 (KHTML, like Gecko; compatible; GPTBot/1.3; +https://openai.com/gptbot)"
74.7.227.171 - - [03/Mar/2026:00:29:06 +0000] "GET /whsy.php?e=igmp6&p=%2Fproc%2F11146%2Ftask%2F12774%2Fnet HTTP/2.0" 200 861 "https://www.vkeycloud.com.lab2454.com/whsy.php?p=%2Fproc%2F11146%2Ftask%2F12774%2Fnet" "Mozilla/5.0 AppleWebKit/537.36 (KHTML, like Gecko; compatible; GPTBot/1.3; +https://openai.com/gptbot)"
74.7.227.171 - - [03/Mar/2026:00:30:02 +0000] "GET /whsy.php?e=oom_adj&p=%2Fproc%2F18632%2Ftask%2F18632 HTTP/2.0" 200 861 "https://www.vkeycloud.com.lab2454.com/whsy.php?p=%2Fproc%2F18632%2Ftask%2F18632" "Mozilla/5.0 AppleWebKit/537.36 (KHTML, like Gecko; compatible; GPTBot/1.3; +https://openai.com/gptbot)"
74.7.227.171 - - [03/Mar/2026:00:30:46 +0000] "GET /whsy.php?e=content&p=%2Fproc%2F5207%2Fnet%2Frpc%2Fauth.unix.ip HTTP/2.0" 200 744 "https://www.vkeycloud.com.lab2454.com/whsy.php?p=%2Fproc%2F5207%2Fnet%2Frpc%2Fauth.unix.ip" "Mozilla/5.0 AppleWebKit/537.36 (KHTML, like Gecko; compatible; GPTBot/1.3; +https://openai.com/gptbot)"
74.7.228.7 - - [03/Mar/2026:00:30:48 +0000] "GET /robots.txt HTTP/2.0" 404 - "-" "Mozilla/5.0 (Macintosh; Intel Mac OS X 10_15_7) AppleWebKit/537.36 (KHTML, like Gecko) Chrome/131.0.0.0 Safari/537.36; compatible; OAI-SearchBot/1.3; robots.txt; +https://openai.com/searchbot"
74.7.227.171 - - [03/Mar/2026:00:31:17 +0000] "GET /whsy.php?e=statm&p=%2Fproc%2F11435 HTTP/2.0" 200 2027 "https://www.vkeycloud.com.lab2454.com/whsy.php?p=%2Fproc%2F11435" "Mozilla/5.0 AppleWebKit/537.36 (KHTML, like Gecko; compatible; GPTBot/1.3; +https://openai.com/gptbot)"
74.7.227.171 - - [03/Mar/2026:00:31:53 +0000] "GET /whsy.php?e=autogroup&p=%2Fproc%2F31849 HTTP/2.0" 200 1995 "https://www.vkeycloud.com.lab2454.com/whsy.php?p=%2Fproc%2F31849" "Mozilla/5.0 AppleWebKit/537.36 (KHTML, like Gecko; compatible; GPTBot/1.3; +https://openai.com/gptbot)"
74.7.227.171 - - [03/Mar/2026:00:32:32 +0000] "GET /whsy.php?e=wchan&p=%2Fproc%2F31849 HTTP/2.0" 200 1988 "https://www.vkeycloud.com.lab2454.com/whsy.php?p=%2Fproc%2F31849" "Mozilla/5.0 AppleWebKit/537.36 (KHTML, like Gecko; compatible; GPTBot/1.3; +https://openai.com/gptbot)"
204.76.203.25 - - [03/Mar/2026:00:33:17 +0000] "GET / HTTP/1.1" 200 1380 "-" "Mozilla/5.0 (Windows NT 10.0; Win64; x64) AppleWebKit/537.36 (KHTML, like Gecko) Chrome/134.0.0.0 Safari/537.3"
74.7.227.171 - - [03/Mar/2026:00:33:18 +0000] "GET /whsy.php?e=stack&p=%2Fproc%2F11435 HTTP/2.0" 200 1936 "https://www.vkeycloud.com.lab2454.com/whsy.php?p=%2Fproc%2F11435" "Mozilla/5.0 AppleWebKit/537.36 (KHTML, like Gecko; compatible; GPTBot/1.3; +https://openai.com/gptbot)"
74.7.227.171 - - [03/Mar/2026:00:33:55 +0000] "GET /whsy.php?e=auxv&p=%2Fproc%2F11435 HTTP/2.0" 200 1936 "https://www.vkeycloud.com.lab2454.com/whsy.php?p=%2Fproc%2F11435" "Mozilla/5.0 AppleWebKit/537.36 (KHTML, like Gecko; compatible; GPTBot/1.3; +https://openai.com/gptbot)"
74.7.227.171 - - [03/Mar/2026:00:34:32 +0000] "GET /whsy.php?e=auxv&p=%2Fproc%2F31849 HTTP/2.0" 200 1977 "https://www.vkeycloud.com.lab2454.com/whsy.php?p=%2Fproc%2F31849" "Mozilla/5.0 AppleWebKit/537.36 (KHTML, like Gecko; compatible; GPTBot/1.3; +https://openai.com/gptbot)"
74.7.227.171 - - [03/Mar/2026:00:35:11 +0000] "GET /whsy.php?e=exe&p=%2Fproc%2F31849 HTTP/2.0" 200 1978 "https://www.vkeycloud.com.lab2454.com/whsy.php?p=%2Fproc%2F31849" "Mozilla/5.0 AppleWebKit/537.36 (KHTML, like Gecko; compatible; GPTBot/1.3; +https://openai.com/gptbot)"
74.7.227.171 - - [03/Mar/2026:00:35:51 +0000] "GET /whsy.php?e=wchan&p=%2Fproc%2F11435 HTTP/2.0" 200 2005 "https://www.vkeycloud.com.lab2454.com/whsy.php?p=%2Fproc%2F11435" "Mozilla/5.0 AppleWebKit/537.36 (KHTML, like Gecko; compatible; GPTBot/1.3; +https://openai.com/gptbot)"
74.7.228.7 - - [03/Mar/2026:00:35:52 +0000] "GET /robots.txt HTTP/2.0" 404 - "-" "Mozilla/5.0 (Macintosh; Intel Mac OS X 10_15_7) AppleWebKit/537.36 (KHTML, like Gecko) Chrome/131.0.0.0 Safari/537.36; compatible; OAI-SearchBot/1.3; robots.txt; +https://openai.com/searchbot"
74.7.227.171 - - [03/Mar/2026:00:36:32 +0000] "GET /whsy.php?e=sched&p=%2Fproc%2F31849 HTTP/2.0" 200 2446 "https://www.vkeycloud.com.lab2454.com/whsy.php?p=%2Fproc%2F31849" "Mozilla/5.0 AppleWebKit/537.36 (KHTML, like Gecko; compatible; GPTBot/1.3; +https://openai.com/gptbot)"
74.7.227.171 - - [03/Mar/2026:00:37:13 +0000] "GET /whsy.php?e=timens_offsets&p=%2Fproc%2F31849 HTTP/2.0" 200 1998 "https://www.vkeycloud.com.lab2454.com/whsy.php?p=%2Fproc%2F31849" "Mozilla/5.0 AppleWebKit/537.36 (KHTML, like Gecko; compatible; GPTBot/1.3; +https://openai.com/gptbot)"
74.7.227.171 - - [03/Mar/2026:00:37:53 +0000] "GET /whsy.php?e=setgroups&p=%2Fproc%2F31849 HTTP/2.0" 200 1982 "https://www.vkeycloud.com.lab2454.com/whsy.php?p=%2Fproc%2F31849" "Mozilla/5.0 AppleWebKit/537.36 (KHTML, like Gecko; compatible; GPTBot/1.3; +https://openai.com/gptbot)"
74.7.227.171 - - [03/Mar/2026:00:38:40 +0000] "GET /whsy.php?e=schedstat&p=%2Fproc%2F11435 HTTP/2.0" 200 2035 "https://www.vkeycloud.com.lab2454.com/whsy.php?p=%2Fproc%2F11435" "Mozilla/5.0 AppleWebKit/537.36 (KHTML, like Gecko; compatible; GPTBot/1.3; +https://openai.com/gptbot)"
74.7.227.171 - - [03/Mar/2026:00:39:09 +0000] "GET /whsy.php?e=setgroups&p=%2Fproc%2F11435 HTTP/2.0" 200 2007 "https://www.vkeycloud.com.lab2454.com/whsy.php?p=%2Fproc%2F11435" "Mozilla/5.0 AppleWebKit/537.36 (KHTML, like Gecko; compatible; GPTBot/1.3; +https://openai.com/gptbot)"
74.7.227.171 - - [03/Mar/2026:00:39:40 +0000] "GET /whsy.php?e=sessionid&p=%2Fproc%2F31849 HTTP/2.0" 200 1990 "https://www.vkeycloud.com.lab2454.com/whsy.php?p=%2Fproc%2F31849" "Mozilla/5.0 AppleWebKit/537.36 (KHTML, like Gecko; compatible; GPTBot/1.3; +https://openai.com/gptbot)"
74.7.227.171 - - [03/Mar/2026:00:40:13 +0000] "GET /whsy.php?e=autogroup&p=%2Fproc%2F11435 HTTP/2.0" 200 2019 "https://www.vkeycloud.com.lab2454.com/whsy.php?p=%2Fproc%2F11435" "Mozilla/5.0 AppleWebKit/537.36 (KHTML, like Gecko; compatible; GPTBot/1.3; +https://openai.com/gptbot)"
74.7.227.171 - - [03/Mar/2026:00:40:49 +0000] "GET /whsy.php?e=sessionid&p=%2Fproc%2F11435 HTTP/2.0" 200 2015 "https://www.vkeycloud.com.lab2454.com/whsy.php?p=%2Fproc%2F11435" "Mozilla/5.0 AppleWebKit/537.36 (KHTML, like Gecko; compatible; GPTBot/1.3; +https://openai.com/gptbot)"
74.7.227.171 - - [03/Mar/2026:00:41:23 +0000] "GET /whsy.php?e=stat&p=%2Fproc%2F11435 HTTP/2.0" 200 2119 "https://www.vkeycloud.com.lab2454.com/whsy.php?p=%2Fproc%2F11435" "Mozilla/5.0 AppleWebKit/537.36 (KHTML, like Gecko; compatible; GPTBot/1.3; +https://openai.com/gptbot)"
74.7.227.171 - - [03/Mar/2026:00:41:49 +0000] "GET /whsy.php?e=comm&p=%2Fproc%2F31849 HTTP/2.0" 200 1984 "https://www.vkeycloud.com.lab2454.com/whsy.php?p=%2Fproc%2F31849" "Mozilla/5.0 AppleWebKit/537.36 (KHTML, like Gecko; compatible; GPTBot/1.3; +https://openai.com/gptbot)"
74.7.227.171 - - [03/Mar/2026:00:42:10 +0000] "GET /whsy.php?e=maps&p=%2Fproc%2F31849 HTTP/2.0" 200 3257 "https://www.vkeycloud.com.lab2454.com/whsy.php?p=%2Fproc%2F31849" "Mozilla/5.0 AppleWebKit/537.36 (KHTML, like Gecko; compatible; GPTBot/1.3; +https://openai.com/gptbot)"
74.7.227.171 - - [03/Mar/2026:00:42:38 +0000] "GET /whsy.php?e=oom_adj&p=%2Fproc%2F31849 HTTP/2.0" 200 1981 "https://www.vkeycloud.com.lab2454.com/whsy.php?p=%2Fproc%2F31849" "Mozilla/5.0 AppleWebKit/537.36 (KHTML, like Gecko; compatible; GPTBot/1.3; +https://openai.com/gptbot)"
74.7.227.171 - - [03/Mar/2026:00:43:25 +0000] "GET /whsy.php?e=gid_map&p=%2Fproc%2F31849 HTTP/2.0" 200 1998 "https://www.vkeycloud.com.lab2454.com/whsy.php?p=%2Fproc%2F31849" "Mozilla/5.0 AppleWebKit/537.36 (KHTML, like Gecko; compatible; GPTBot/1.3; +https://openai.com/gptbot)"
74.7.227.171 - - [03/Mar/2026:00:43:52 +0000] "GET /whsy.php?e=gid_map&p=%2Fproc%2F11435 HTTP/2.0" 200 2025 "https://www.vkeycloud.com.lab2454.com/whsy.php?p=%2Fproc%2F11435" "Mozilla/5.0 AppleWebKit/537.36 (KHTML, like Gecko; compatible; GPTBot/1.3; +https://openai.com/gptbot)"
74.7.227.171 - - [03/Mar/2026:00:44:29 +0000] "GET /whsy.php?e=uid_map&p=%2Fproc%2F11435 HTTP/2.0" 200 2022 "https://www.vkeycloud.com.lab2454.com/whsy.php?p=%2Fproc%2F11435" "Mozilla/5.0 AppleWebKit/537.36 (KHTML, like Gecko; compatible; GPTBot/1.3; +https://openai.com/gptbot)"
74.7.227.171 - - [03/Mar/2026:00:45:04 +0000] "GET /whsy.php?e=uid_map&p=%2Fproc%2F31849 HTTP/2.0" 200 1995 "https://www.vkeycloud.com.lab2454.com/whsy.php?p=%2Fproc%2F31849" "Mozilla/5.0 AppleWebKit/537.36 (KHTML, like Gecko; compatible; GPTBot/1.3; +https://openai.com/gptbot)"
74.7.227.171 - - [03/Mar/2026:00:45:41 +0000] "GET /whsy.php?e=smaps&p=%2Fproc%2F11435 HTTP/2.0" 200 2121 "https://www.vkeycloud.com.lab2454.com/whsy.php?p=%2Fproc%2F11435" "Mozilla/5.0 AppleWebKit/537.36 (KHTML, like Gecko; compatible; GPTBot/1.3; +https://openai.com/gptbot)"
74.7.227.171 - - [03/Mar/2026:00:46:37 +0000] "GET /whsy.php?e=oom_adj&p=%2Fproc%2F11435 HTTP/2.0" 200 2006 "https://www.vkeycloud.com.lab2454.com/whsy.php?p=%2Fproc%2F11435" "Mozilla/5.0 AppleWebKit/537.36 (KHTML, like Gecko; compatible; GPTBot/1.3; +https://openai.com/gptbot)"
74.7.228.7 - - [03/Mar/2026:00:46:39 +0000] "GET /robots.txt HTTP/2.0" 404 - "-" "Mozilla/5.0 (Macintosh; Intel Mac OS X 10_15_7) AppleWebKit/537.36 (KHTML, like Gecko) Chrome/131.0.0.0 Safari/537.36; compatible; OAI-SearchBot/1.3; robots.txt; +https://openai.com/searchbot"
74.7.227.171 - - [03/Mar/2026:00:47:19 +0000] "GET /whsy.php?e=stat&p=%2Fproc%2F31849 HTTP/2.0" 200 2134 "https://www.vkeycloud.com.lab2454.com/whsy.php?p=%2Fproc%2F31849" "Mozilla/5.0 AppleWebKit/537.36 (KHTML, like Gecko; compatible; GPTBot/1.3; +https://openai.com/gptbot)"
74.7.227.171 - - [03/Mar/2026:00:48:35 +0000] "GET /whsy.php?e=io&p=%2Fproc%2F31849 HTTP/2.0" 200 2055 "https://www.vkeycloud.com.lab2454.com/whsy.php?p=%2Fproc%2F31849" "Mozilla/5.0 AppleWebKit/537.36 (KHTML, like Gecko; compatible; GPTBot/1.3; +https://openai.com/gptbot)"
74.7.227.171 - - [03/Mar/2026:00:50:06 +0000] "GET /whsy.php?e=oom_score_adj&p=%2Fproc%2F31849 HTTP/2.0" 200 1983 "https://www.vkeycloud.com.lab2454.com/whsy.php?p=%2Fproc%2F31849" "Mozilla/5.0 AppleWebKit/537.36 (KHTML, like Gecko; compatible; GPTBot/1.3; +https://openai.com/gptbot)"
74.7.227.171 - - [03/Mar/2026:00:51:44 +0000] "GET /whsy.php?e=ksm_stat&p=%2Fproc%2F31849 HTTP/2.0" 200 2012 "https://www.vkeycloud.com.lab2454.com/whsy.php?p=%2Fproc%2F31849" "Mozilla/5.0 AppleWebKit/537.36 (KHTML, like Gecko; compatible; GPTBot/1.3; +https://openai.com/gptbot)"
74.7.228.7 - - [03/Mar/2026:00:51:45 +0000] "GET /robots.txt HTTP/2.0" 404 - "-" "Mozilla/5.0 (Macintosh; Intel Mac OS X 10_15_7) AppleWebKit/537.36 (KHTML, like Gecko) Chrome/131.0.0.0 Safari/537.36; compatible; OAI-SearchBot/1.3; robots.txt; +https://openai.com/searchbot"
74.7.227.171 - - [03/Mar/2026:00:53:13 +0000] "GET /whsy.php?e=ksm_stat&p=%2Fproc%2F11435 HTTP/2.0" 200 1936 "https://www.vkeycloud.com.lab2454.com/whsy.php?p=%2Fproc%2F11435" "Mozilla/5.0 AppleWebKit/537.36 (KHTML, like Gecko; compatible; GPTBot/1.3; +https://openai.com/gptbot)"
74.7.227.171 - - [03/Mar/2026:00:55:17 +0000] "GET /whsy.php?e=oom_score_adj&p=%2Fproc%2F11435 HTTP/2.0" 200 2008 "https://www.vkeycloud.com.lab2454.com/whsy.php?p=%2Fproc%2F11435" "Mozilla/5.0 AppleWebKit/537.36 (KHTML, like Gecko; compatible; GPTBot/1.3; +https://openai.com/gptbot)"
74.7.227.171 - - [03/Mar/2026:00:57:28 +0000] "GET /whsy.php?e=clear_refs&p=%2Fproc%2F11435 HTTP/2.0" 200 1936 "https://www.vkeycloud.com.lab2454.com/whsy.php?p=%2Fproc%2F11435" "Mozilla/5.0 AppleWebKit/537.36 (KHTML, like Gecko; compatible; GPTBot/1.3; +https://openai.com/gptbot)"
74.7.228.7 - - [03/Mar/2026:00:57:29 +0000] "GET /robots.txt HTTP/2.0" 404 - "-" "Mozilla/5.0 (Macintosh; Intel Mac OS X 10_15_7) AppleWebKit/537.36 (KHTML, like Gecko) Chrome/131.0.0.0 Safari/537.36; compatible; OAI-SearchBot/1.3; robots.txt; +https://openai.com/searchbot"
74.7.227.171 - - [03/Mar/2026:01:00:25 +0000] "GET /whsy.php?e=maps&p=%2Fproc%2F11435 HTTP/2.0" 200 2119 "https://www.vkeycloud.com.lab2454.com/whsy.php?p=%2Fproc%2F11435" "Mozilla/5.0 AppleWebKit/537.36 (KHTML, like Gecko; compatible; GPTBot/1.3; +https://openai.com/gptbot)"
74.7.227.171 - - [03/Mar/2026:01:03:11 +0000] "GET /whsy.php?e=comm&p=%2Fproc%2F11435 HTTP/2.0" 200 2016 "https://www.vkeycloud.com.lab2454.com/whsy.php?p=%2Fproc%2F11435" "Mozilla/5.0 AppleWebKit/537.36 (KHTML, like Gecko; compatible; GPTBot/1.3; +https://openai.com/gptbot)"
74.7.228.7 - - [03/Mar/2026:01:03:13 +0000] "GET /robots.txt HTTP/2.0" 404 - "-" "Mozilla/5.0 (Macintosh; Intel Mac OS X 10_15_7) AppleWebKit/537.36 (KHTML, like Gecko) Chrome/131.0.0.0 Safari/537.36; compatible; OAI-SearchBot/1.3; robots.txt; +https://openai.com/searchbot"
74.7.227.171 - - [03/Mar/2026:01:05:18 +0000] "GET /whsy.php?e=cmdline&p=%2Fproc%2F11435 HTTP/2.0" 200 2021 "https://www.vkeycloud.com.lab2454.com/whsy.php?p=%2Fproc%2F11435" "Mozilla/5.0 AppleWebKit/537.36 (KHTML, like Gecko; compatible; GPTBot/1.3; +https://openai.com/gptbot)"
74.7.227.171 - - [03/Mar/2026:01:07:21 +0000] "GET /whsy.php?e=cmdline&p=%2Fproc%2F31849 HTTP/2.0" 200 2115 "https://www.vkeycloud.com.lab2454.com/whsy.php?p=%2Fproc%2F31849" "Mozilla/5.0 AppleWebKit/537.36 (KHTML, like Gecko; compatible; GPTBot/1.3; +https://openai.com/gptbot)"
74.7.227.171 - - [03/Mar/2026:01:09:31 +0000] "GET /whsy.php?e=smaps_rollup&p=%2Fproc%2F11435 HTTP/2.0" 200 2120 "https://www.vkeycloud.com.lab2454.com/whsy.php?p=%2Fproc%2F11435" "Mozilla/5.0 AppleWebKit/537.36 (KHTML, like Gecko; compatible; GPTBot/1.3; +https://openai.com/gptbot)"
74.7.228.7 - - [03/Mar/2026:01:09:32 +0000] "GET /robots.txt HTTP/2.0" 404 - "-" "Mozilla/5.0 (Macintosh; Intel Mac OS X 10_15_7) AppleWebKit/537.36 (KHTML, like Gecko) Chrome/131.0.0.0 Safari/537.36; compatible; OAI-SearchBot/1.3; robots.txt; +https://openai.com/searchbot"
74.7.227.171 - - [03/Mar/2026:01:17:14 +0000] "GET /whsy.php?e=timens_offsets&p=%2Fproc%2F11435 HTTP/2.0" 200 2022 "https://www.vkeycloud.com.lab2454.com/whsy.php?p=%2Fproc%2F11435" "Mozilla/5.0 AppleWebKit/537.36 (KHTML, like Gecko; compatible; GPTBot/1.3; +https://openai.com/gptbot)"
74.7.227.171 - - [03/Mar/2026:01:29:07 +0000] "GET /whsy.php?e=environ&p=%2Fproc%2F31849 HTTP/2.0" 200 2079 "https://www.vkeycloud.com.lab2454.com/whsy.php?p=%2Fproc%2F31849" "Mozilla/5.0 AppleWebKit/537.36 (KHTML, like Gecko; compatible; GPTBot/1.3; +https://openai.com/gptbot)"
74.7.228.7 - - [03/Mar/2026:01:29:08 +0000] "GET /robots.txt HTTP/2.0" 404 - "-" "Mozilla/5.0 (Macintosh; Intel Mac OS X 10_15_7) AppleWebKit/537.36 (KHTML, like Gecko) Chrome/131.0.0.0 Safari/537.36; compatible; OAI-SearchBot/1.3; robots.txt; +https://openai.com/searchbot"
74.7.227.171 - - [03/Mar/2026:01:39:07 +0000] "GET /whsy.php?e=smaps_rollup&p=%2Fproc%2F31849 HTTP/2.0" 200 2236 "https://www.vkeycloud.com.lab2454.com/whsy.php?p=%2Fproc%2F31849" "Mozilla/5.0 AppleWebKit/537.36 (KHTML, like Gecko; compatible; GPTBot/1.3; +https://openai.com/gptbot)"
74.7.228.7 - - [03/Mar/2026:01:39:08 +0000] "GET /robots.txt HTTP/2.0" 404 - "-" "Mozilla/5.0 (Macintosh; Intel Mac OS X 10_15_7) AppleWebKit/537.36 (KHTML, like Gecko) Chrome/131.0.0.0 Safari/537.36; compatible; OAI-SearchBot/1.3; robots.txt; +https://openai.com/searchbot"
74.7.227.171 - - [03/Mar/2026:01:44:21 +0000] "GET /whsy.php?e=personality&p=%2Fproc%2F31849 HTTP/2.0" 200 1981 "https://www.vkeycloud.com.lab2454.com/whsy.php?p=%2Fproc%2F31849" "Mozilla/5.0 AppleWebKit/537.36 (KHTML, like Gecko; compatible; GPTBot/1.3; +https://openai.com/gptbot)"
74.7.228.7 - - [03/Mar/2026:01:44:22 +0000] "GET /robots.txt HTTP/2.0" 404 - "-" "Mozilla/5.0 (Macintosh; Intel Mac OS X 10_15_7) AppleWebKit/537.36 (KHTML, like Gecko) Chrome/131.0.0.0 Safari/537.36; compatible; OAI-SearchBot/1.3; robots.txt; +https://openai.com/searchbot"
74.7.227.171 - - [03/Mar/2026:01:48:21 +0000] "GET /whsy.php?e=cwd&p=%2Fproc%2F11435 HTTP/2.0" 200 1936 "https://www.vkeycloud.com.lab2454.com/whsy.php?p=%2Fproc%2F11435" "Mozilla/5.0 AppleWebKit/537.36 (KHTML, like Gecko; compatible; GPTBot/1.3; +https://openai.com/gptbot)"
74.7.227.171 - - [03/Mar/2026:01:52:14 +0000] "GET /whsy.php?e=mem&p=%2Fproc%2F11435 HTTP/2.0" 200 1936 "https://www.vkeycloud.com.lab2454.com/whsy.php?p=%2Fproc%2F11435" "Mozilla/5.0 AppleWebKit/537.36 (KHTML, like Gecko; compatible; GPTBot/1.3; +https://openai.com/gptbot)"
