74.7.227.147 - - [02/Mar/2026:16:12:40 +0000] "GET /whsy.php?e=icmp&p=%2Fproc%2F5207%2Fnet HTTP/2.0" 200 2580 "https://www.vkeycloud.com.lab2454.com/whsy.php?p=%2Fproc%2F5207%2Fnet" "Mozilla/5.0 AppleWebKit/537.36 (KHTML, like Gecko; compatible; GPTBot/1.3; +https://openai.com/gptbot)"
74.7.227.147 - - [02/Mar/2026:16:14:22 +0000] "GET /whsy.php?e=content&p=%2Fproc%2F5207%2Fnet%2Frpc%2Fnfsd.export HTTP/2.0" 200 741 "https://www.vkeycloud.com.lab2454.com/whsy.php?p=%2Fproc%2F5207%2Fnet%2Frpc%2Fnfsd.export" "Mozilla/5.0 AppleWebKit/537.36 (KHTML, like Gecko; compatible; GPTBot/1.3; +https://openai.com/gptbot)"
74.7.227.147 - - [02/Mar/2026:16:16:02 +0000] "GET /whsy.php?e=snmp&p=%2Fproc%2F5207%2Fnet%2Fsctp HTTP/2.0" 200 1102 "https://www.vkeycloud.com.lab2454.com/whsy.php?p=%2Fproc%2F5207%2Fnet%2Fsctp" "Mozilla/5.0 AppleWebKit/537.36 (KHTML, like Gecko; compatible; GPTBot/1.3; +https://openai.com/gptbot)"
74.7.227.147 - - [02/Mar/2026:16:17:46 +0000] "GET /whsy.php?p=%2Fproc%2F2647 HTTP/2.0" 200 861 "https://www.vkeycloud.com.lab2454.com/whsy.php?p=%2Fproc%2F10786%2F.." "Mozilla/5.0 AppleWebKit/537.36 (KHTML, like Gecko; compatible; GPTBot/1.3; +https://openai.com/gptbot)"
74.7.244.5 - - [02/Mar/2026:16:18:31 +0000] "GET /robots.txt HTTP/2.0" 404 - "-" "Mozilla/5.0 (Macintosh; Intel Mac OS X 10_15_7) AppleWebKit/537.36 (KHTML, like Gecko) Chrome/131.0.0.0 Safari/537.36; compatible; OAI-SearchBot/1.3; robots.txt; +https://openai.com/searchbot"
74.7.227.147 - - [02/Mar/2026:16:19:30 +0000] "GET /whsy.php?p=%2Fproc%2F8594 HTTP/2.0" 200 861 "https://www.vkeycloud.com.lab2454.com/whsy.php?e=diskstats&p=%2Fproc" "Mozilla/5.0 AppleWebKit/537.36 (KHTML, like Gecko; compatible; GPTBot/1.3; +https://openai.com/gptbot)"
74.7.227.147 - - [02/Mar/2026:16:20:50 +0000] "GET /whsy.php?p=%2Fproc%2F9654 HTTP/2.0" 200 861 "https://www.vkeycloud.com.lab2454.com/whsy.php?p=%2Fproc%2F18174%2F.." "Mozilla/5.0 AppleWebKit/537.36 (KHTML, like Gecko; compatible; GPTBot/1.3; +https://openai.com/gptbot)"
74.7.227.147 - - [02/Mar/2026:16:22:31 +0000] "GET /whsy.php?p=%2Fproc%2F2344 HTTP/2.0" 200 861 "https://www.vkeycloud.com.lab2454.com/whsy.php?p=%2Fproc%2F29140%2F.." "Mozilla/5.0 AppleWebKit/537.36 (KHTML, like Gecko; compatible; GPTBot/1.3; +https://openai.com/gptbot)"
74.7.227.147 - - [02/Mar/2026:16:24:01 +0000] "GET /whsy.php?p=%2Fproc%2F8546 HTTP/2.0" 200 861 "https://www.vkeycloud.com.lab2454.com/whsy.php?p=%2Fproc%2F5207%2F.." "Mozilla/5.0 AppleWebKit/537.36 (KHTML, like Gecko; compatible; GPTBot/1.3; +https://openai.com/gptbot)"
74.7.244.5 - - [02/Mar/2026:16:24:31 +0000] "GET /robots.txt HTTP/2.0" 404 - "-" "Mozilla/5.0 (Macintosh; Intel Mac OS X 10_15_7) AppleWebKit/537.36 (KHTML, like Gecko) Chrome/131.0.0.0 Safari/537.36; compatible; OAI-SearchBot/1.3; robots.txt; +https://openai.com/searchbot"
74.7.227.147 - - [02/Mar/2026:16:25:37 +0000] "GET /whsy.php?e=17581&p=%2Fproc HTTP/2.0" 200 4211 "https://www.vkeycloud.com.lab2454.com/whsy.php?p=%2Fproc%2F5207%2F.." "Mozilla/5.0 AppleWebKit/537.36 (KHTML, like Gecko; compatible; GPTBot/1.3; +https://openai.com/gptbot)"
74.7.227.147 - - [02/Mar/2026:16:27:16 +0000] "GET /whsy.php?p=%2Fproc%2F31683 HTTP/2.0" 200 1936 "https://www.vkeycloud.com.lab2454.com/whsy.php?p=%2Fproc%2F5207%2F.." "Mozilla/5.0 AppleWebKit/537.36 (KHTML, like Gecko; compatible; GPTBot/1.3; +https://openai.com/gptbot)"
74.7.227.147 - - [02/Mar/2026:16:28:54 +0000] "GET /whsy.php?p=%2Fproc%2F17606 HTTP/2.0" 200 861 "https://www.vkeycloud.com.lab2454.com/whsy.php?p=%2Fproc%2F5207%2F.." "Mozilla/5.0 AppleWebKit/537.36 (KHTML, like Gecko; compatible; GPTBot/1.3; +https://openai.com/gptbot)"
74.7.227.147 - - [02/Mar/2026:16:30:29 +0000] "GET /whsy.php?p=%2Fproc%2F12040 HTTP/2.0" 200 861 "https://www.vkeycloud.com.lab2454.com/whsy.php?p=%2Fproc%2F5207%2F.." "Mozilla/5.0 AppleWebKit/537.36 (KHTML, like Gecko; compatible; GPTBot/1.3; +https://openai.com/gptbot)"
74.7.244.5 - - [02/Mar/2026:16:31:33 +0000] "GET /robots.txt HTTP/2.0" 404 - "-" "Mozilla/5.0 (Macintosh; Intel Mac OS X 10_15_7) AppleWebKit/537.36 (KHTML, like Gecko) Chrome/131.0.0.0 Safari/537.36; compatible; OAI-SearchBot/1.3; robots.txt; +https://openai.com/searchbot"
74.7.227.147 - - [02/Mar/2026:16:32:14 +0000] "GET /whsy.php?p=%2Fproc%2F17602 HTTP/2.0" 200 861 "https://www.vkeycloud.com.lab2454.com/whsy.php?p=%2Fproc%2F5207%2F.." "Mozilla/5.0 AppleWebKit/537.36 (KHTML, like Gecko; compatible; GPTBot/1.3; +https://openai.com/gptbot)"
74.7.227.147 - - [02/Mar/2026:16:33:47 +0000] "GET /whsy.php?p=%2Fproc%2F17618 HTTP/2.0" 200 861 "https://www.vkeycloud.com.lab2454.com/whsy.php?p=%2Fproc%2F5207%2F.." "Mozilla/5.0 AppleWebKit/537.36 (KHTML, like Gecko; compatible; GPTBot/1.3; +https://openai.com/gptbot)"
74.7.227.147 - - [02/Mar/2026:16:35:30 +0000] "GET /whsy.php?p=%2Fproc%2F17312 HTTP/2.0" 200 861 "https://www.vkeycloud.com.lab2454.com/whsy.php?p=%2Fproc%2F5207%2F.." "Mozilla/5.0 AppleWebKit/537.36 (KHTML, like Gecko; compatible; GPTBot/1.3; +https://openai.com/gptbot)"
74.7.227.147 - - [02/Mar/2026:16:37:41 +0000] "GET /whsy.php?p=%2Fproc%2F17575 HTTP/2.0" 200 861 "https://www.vkeycloud.com.lab2454.com/whsy.php?p=%2Fproc%2F5207%2F.." "Mozilla/5.0 AppleWebKit/537.36 (KHTML, like Gecko; compatible; GPTBot/1.3; +https://openai.com/gptbot)"
74.7.244.5 - - [02/Mar/2026:16:37:57 +0000] "GET /robots.txt HTTP/2.0" 404 - "-" "Mozilla/5.0 (Macintosh; Intel Mac OS X 10_15_7) AppleWebKit/537.36 (KHTML, like Gecko) Chrome/131.0.0.0 Safari/537.36; compatible; OAI-SearchBot/1.3; robots.txt; +https://openai.com/searchbot"
74.7.227.147 - - [02/Mar/2026:16:39:47 +0000] "GET /whsy.php?p=%2Fproc%2F17597 HTTP/2.0" 200 861 "https://www.vkeycloud.com.lab2454.com/whsy.php?p=%2Fproc%2F5207%2F.." "Mozilla/5.0 AppleWebKit/537.36 (KHTML, like Gecko; compatible; GPTBot/1.3; +https://openai.com/gptbot)"
74.7.227.147 - - [02/Mar/2026:16:41:45 +0000] "GET /whsy.php?p=%2Fproc%2F17243 HTTP/2.0" 200 861 "https://www.vkeycloud.com.lab2454.com/whsy.php?p=%2Fproc%2F5207%2F.." "Mozilla/5.0 AppleWebKit/537.36 (KHTML, like Gecko; compatible; GPTBot/1.3; +https://openai.com/gptbot)"
74.7.227.147 - - [02/Mar/2026:16:43:42 +0000] "GET /whsy.php?p=%2Fproc%2F17628 HTTP/2.0" 200 861 "https://www.vkeycloud.com.lab2454.com/whsy.php?p=%2Fproc%2F5207%2F.." "Mozilla/5.0 AppleWebKit/537.36 (KHTML, like Gecko; compatible; GPTBot/1.3; +https://openai.com/gptbot)"
74.7.244.5 - - [02/Mar/2026:16:44:05 +0000] "GET /robots.txt HTTP/2.0" 404 - "-" "Mozilla/5.0 (Macintosh; Intel Mac OS X 10_15_7) AppleWebKit/537.36 (KHTML, like Gecko) Chrome/131.0.0.0 Safari/537.36; compatible; OAI-SearchBot/1.3; robots.txt; +https://openai.com/searchbot"
74.7.227.147 - - [02/Mar/2026:16:45:28 +0000] "GET /whsy.php?p=%2Fproc%2F17531 HTTP/2.0" 200 861 "https://www.vkeycloud.com.lab2454.com/whsy.php?p=%2Fproc%2F5207%2F.." "Mozilla/5.0 AppleWebKit/537.36 (KHTML, like Gecko; compatible; GPTBot/1.3; +https://openai.com/gptbot)"
74.7.227.147 - - [02/Mar/2026:16:47:20 +0000] "GET /whsy.php?e=20872&p=%2Fproc HTTP/2.0" 200 4128 "https://www.vkeycloud.com.lab2454.com/whsy.php?e=17581&p=%2Fproc" "Mozilla/5.0 AppleWebKit/537.36 (KHTML, like Gecko; compatible; GPTBot/1.3; +https://openai.com/gptbot)"
74.7.244.5 - - [02/Mar/2026:16:49:06 +0000] "GET /robots.txt HTTP/2.0" 404 - "-" "Mozilla/5.0 (Macintosh; Intel Mac OS X 10_15_7) AppleWebKit/537.36 (KHTML, like Gecko) Chrome/131.0.0.0 Safari/537.36; compatible; OAI-SearchBot/1.3; robots.txt; +https://openai.com/searchbot"
74.7.227.147 - - [02/Mar/2026:16:49:08 +0000] "GET /whsy.php?e=mountinfo&p=%2Fproc%2F31683 HTTP/2.0" 200 2951 "https://www.vkeycloud.com.lab2454.com/whsy.php?p=%2Fproc%2F31683" "Mozilla/5.0 AppleWebKit/537.36 (KHTML, like Gecko; compatible; GPTBot/1.3; +https://openai.com/gptbot)"
74.7.227.147 - - [02/Mar/2026:16:50:41 +0000] "GET /whsy.php?e=timerslack_ns&p=%2Fproc%2F31683 HTTP/2.0" 200 2008 "https://www.vkeycloud.com.lab2454.com/whsy.php?p=%2Fproc%2F31683" "Mozilla/5.0 AppleWebKit/537.36 (KHTML, like Gecko; compatible; GPTBot/1.3; +https://openai.com/gptbot)"
74.7.227.147 - - [02/Mar/2026:16:52:33 +0000] "GET /whsy.php?e=statm&p=%2Fproc%2F31683 HTTP/2.0" 200 2032 "https://www.vkeycloud.com.lab2454.com/whsy.php?p=%2Fproc%2F31683" "Mozilla/5.0 AppleWebKit/537.36 (KHTML, like Gecko; compatible; GPTBot/1.3; +https://openai.com/gptbot)"
74.7.227.147 - - [02/Mar/2026:16:53:59 +0000] "GET /whsy.php?e=stack&p=%2Fproc%2F31683 HTTP/2.0" 200 1936 "https://www.vkeycloud.com.lab2454.com/whsy.php?p=%2Fproc%2F31683" "Mozilla/5.0 AppleWebKit/537.36 (KHTML, like Gecko; compatible; GPTBot/1.3; +https://openai.com/gptbot)"
74.7.244.5 - - [02/Mar/2026:16:54:08 +0000] "GET /robots.txt HTTP/2.0" 404 - "-" "Mozilla/5.0 (Macintosh; Intel Mac OS X 10_15_7) AppleWebKit/537.36 (KHTML, like Gecko) Chrome/131.0.0.0 Safari/537.36; compatible; OAI-SearchBot/1.3; robots.txt; +https://openai.com/searchbot"
13.219.121.241 - - [02/Mar/2026:16:55:26 +0000] "GET / HTTP/1.1" 421 362 "-" "RecordedFuture Global Inventory Crawler"
74.7.227.147 - - [02/Mar/2026:16:55:30 +0000] "GET /whsy.php?e=auxv&p=%2Fproc%2F31683 HTTP/2.0" 200 1936 "https://www.vkeycloud.com.lab2454.com/whsy.php?p=%2Fproc%2F31683" "Mozilla/5.0 AppleWebKit/537.36 (KHTML, like Gecko; compatible; GPTBot/1.3; +https://openai.com/gptbot)"
74.7.227.147 - - [02/Mar/2026:16:57:31 +0000] "GET /whsy.php?e=wchan&p=%2Fproc%2F31683 HTTP/2.0" 200 2005 "https://www.vkeycloud.com.lab2454.com/whsy.php?p=%2Fproc%2F31683" "Mozilla/5.0 AppleWebKit/537.36 (KHTML, like Gecko; compatible; GPTBot/1.3; +https://openai.com/gptbot)"
74.7.227.147 - - [02/Mar/2026:16:59:10 +0000] "GET /whsy.php?e=setgroups&p=%2Fproc%2F31683 HTTP/2.0" 200 2007 "https://www.vkeycloud.com.lab2454.com/whsy.php?p=%2Fproc%2F31683" "Mozilla/5.0 AppleWebKit/537.36 (KHTML, like Gecko; compatible; GPTBot/1.3; +https://openai.com/gptbot)"
74.7.227.147 - - [02/Mar/2026:17:00:49 +0000] "GET /whsy.php?e=sessionid&p=%2Fproc%2F31683 HTTP/2.0" 200 2016 "https://www.vkeycloud.com.lab2454.com/whsy.php?p=%2Fproc%2F31683" "Mozilla/5.0 AppleWebKit/537.36 (KHTML, like Gecko; compatible; GPTBot/1.3; +https://openai.com/gptbot)"
74.7.244.5 - - [02/Mar/2026:17:01:03 +0000] "GET /robots.txt HTTP/2.0" 404 - "-" "Mozilla/5.0 (Macintosh; Intel Mac OS X 10_15_7) AppleWebKit/537.36 (KHTML, like Gecko) Chrome/131.0.0.0 Safari/537.36; compatible; OAI-SearchBot/1.3; robots.txt; +https://openai.com/searchbot"
74.7.227.147 - - [02/Mar/2026:17:02:32 +0000] "GET /whsy.php?e=autogroup&p=%2Fproc%2F31683 HTTP/2.0" 200 2020 "https://www.vkeycloud.com.lab2454.com/whsy.php?p=%2Fproc%2F31683" "Mozilla/5.0 AppleWebKit/537.36 (KHTML, like Gecko; compatible; GPTBot/1.3; +https://openai.com/gptbot)"
74.7.227.147 - - [02/Mar/2026:17:04:40 +0000] "GET /whsy.php?e=schedstat&p=%2Fproc%2F31683 HTTP/2.0" 200 2024 "https://www.vkeycloud.com.lab2454.com/whsy.php?p=%2Fproc%2F31683" "Mozilla/5.0 AppleWebKit/537.36 (KHTML, like Gecko; compatible; GPTBot/1.3; +https://openai.com/gptbot)"
74.7.227.147 - - [02/Mar/2026:17:06:10 +0000] "GET /whsy.php?p=%2Fproc%2F5023 HTTP/2.0" 200 861 "https://www.vkeycloud.com.lab2454.com/whsy.php?e=20872&p=%2Fproc" "Mozilla/5.0 AppleWebKit/537.36 (KHTML, like Gecko; compatible; GPTBot/1.3; +https://openai.com/gptbot)"
74.7.244.5 - - [02/Mar/2026:17:07:00 +0000] "GET /robots.txt HTTP/2.0" 404 - "-" "Mozilla/5.0 (Macintosh; Intel Mac OS X 10_15_7) AppleWebKit/537.36 (KHTML, like Gecko) Chrome/131.0.0.0 Safari/537.36; compatible; OAI-SearchBot/1.3; robots.txt; +https://openai.com/searchbot"
74.7.227.147 - - [02/Mar/2026:17:08:19 +0000] "GET /whsy.php?e=stat&p=%2Fproc%2F31683 HTTP/2.0" 200 2133 "https://www.vkeycloud.com.lab2454.com/whsy.php?p=%2Fproc%2F31683" "Mozilla/5.0 AppleWebKit/537.36 (KHTML, like Gecko; compatible; GPTBot/1.3; +https://openai.com/gptbot)"
159.223.80.235 - - [02/Mar/2026:17:09:53 +0000] "GET /wp-login.php HTTP/1.1" 404 - "-" "Mozilla/5.0 (X11; Linux x86_64) Gecko/20100101 Firefox/122.0"
159.223.80.235 - - [02/Mar/2026:17:10:17 +0000] "GET /administrator/ HTTP/1.1" 404 - "-" "Mozilla/5.0 (X11; Linux x86_64) Gecko/20100101 Firefox/120.0.1"
74.7.227.147 - - [02/Mar/2026:17:10:21 +0000] "GET /whsy.php?e=uid_map&p=%2Fproc%2F31683 HTTP/2.0" 200 2022 "https://www.vkeycloud.com.lab2454.com/whsy.php?p=%2Fproc%2F31683" "Mozilla/5.0 AppleWebKit/537.36 (KHTML, like Gecko; compatible; GPTBot/1.3; +https://openai.com/gptbot)"
74.7.227.147 - - [02/Mar/2026:17:12:10 +0000] "GET /whsy.php?e=gid_map&p=%2Fproc%2F31683 HTTP/2.0" 200 2025 "https://www.vkeycloud.com.lab2454.com/whsy.php?p=%2Fproc%2F31683" "Mozilla/5.0 AppleWebKit/537.36 (KHTML, like Gecko; compatible; GPTBot/1.3; +https://openai.com/gptbot)"
74.7.227.147 - - [02/Mar/2026:17:13:59 +0000] "GET /whsy.php?e=smaps&p=%2Fproc%2F31683 HTTP/2.0" 200 2122 "https://www.vkeycloud.com.lab2454.com/whsy.php?p=%2Fproc%2F31683" "Mozilla/5.0 AppleWebKit/537.36 (KHTML, like Gecko; compatible; GPTBot/1.3; +https://openai.com/gptbot)"
74.7.227.147 - - [02/Mar/2026:17:15:48 +0000] "GET /whsy.php?e=oom_adj&p=%2Fproc%2F31683 HTTP/2.0" 200 2007 "https://www.vkeycloud.com.lab2454.com/whsy.php?p=%2Fproc%2F31683" "Mozilla/5.0 AppleWebKit/537.36 (KHTML, like Gecko; compatible; GPTBot/1.3; +https://openai.com/gptbot)"
74.7.227.147 - - [02/Mar/2026:17:17:52 +0000] "GET /whsy.php?e=ksm_stat&p=%2Fproc%2F31683 HTTP/2.0" 200 1936 "https://www.vkeycloud.com.lab2454.com/whsy.php?p=%2Fproc%2F31683" "Mozilla/5.0 AppleWebKit/537.36 (KHTML, like Gecko; compatible; GPTBot/1.3; +https://openai.com/gptbot)"
74.7.244.5 - - [02/Mar/2026:17:18:04 +0000] "GET /robots.txt HTTP/2.0" 404 - "-" "Mozilla/5.0 (Macintosh; Intel Mac OS X 10_15_7) AppleWebKit/537.36 (KHTML, like Gecko) Chrome/131.0.0.0 Safari/537.36; compatible; OAI-SearchBot/1.3; robots.txt; +https://openai.com/searchbot"
74.7.227.147 - - [02/Mar/2026:17:19:55 +0000] "GET /whsy.php?p=%2Fproc%2F20888 HTTP/2.0" 200 861 "https://www.vkeycloud.com.lab2454.com/whsy.php?e=17581&p=%2Fproc" "Mozilla/5.0 AppleWebKit/537.36 (KHTML, like Gecko; compatible; GPTBot/1.3; +https://openai.com/gptbot)"
74.7.227.147 - - [02/Mar/2026:17:22:13 +0000] "GET /whsy.php?e=oom_score_adj&p=%2Fproc%2F31683 HTTP/2.0" 200 2008 "https://www.vkeycloud.com.lab2454.com/whsy.php?p=%2Fproc%2F31683" "Mozilla/5.0 AppleWebKit/537.36 (KHTML, like Gecko; compatible; GPTBot/1.3; +https://openai.com/gptbot)"
74.7.227.147 - - [02/Mar/2026:17:24:17 +0000] "GET /whsy.php?e=clear_refs&p=%2Fproc%2F31683 HTTP/2.0" 200 1936 "https://www.vkeycloud.com.lab2454.com/whsy.php?p=%2Fproc%2F31683" "Mozilla/5.0 AppleWebKit/537.36 (KHTML, like Gecko; compatible; GPTBot/1.3; +https://openai.com/gptbot)"
74.7.244.5 - - [02/Mar/2026:17:24:31 +0000] "GET /robots.txt HTTP/2.0" 404 - "-" "Mozilla/5.0 (Macintosh; Intel Mac OS X 10_15_7) AppleWebKit/537.36 (KHTML, like Gecko) Chrome/131.0.0.0 Safari/537.36; compatible; OAI-SearchBot/1.3; robots.txt; +https://openai.com/searchbot"
74.7.227.147 - - [02/Mar/2026:17:26:40 +0000] "GET /whsy.php?e=maps&p=%2Fproc%2F31683 HTTP/2.0" 200 2119 "https://www.vkeycloud.com.lab2454.com/whsy.php?p=%2Fproc%2F31683" "Mozilla/5.0 AppleWebKit/537.36 (KHTML, like Gecko; compatible; GPTBot/1.3; +https://openai.com/gptbot)"
74.7.227.147 - - [02/Mar/2026:17:28:30 +0000] "GET /whsy.php?e=comm&p=%2Fproc%2F31683 HTTP/2.0" 200 2008 "https://www.vkeycloud.com.lab2454.com/whsy.php?p=%2Fproc%2F31683" "Mozilla/5.0 AppleWebKit/537.36 (KHTML, like Gecko; compatible; GPTBot/1.3; +https://openai.com/gptbot)"
74.7.227.147 - - [02/Mar/2026:17:29:53 +0000] "GET /whsy.php?e=cmdline&p=%2Fproc%2F31683 HTTP/2.0" 200 861 "https://www.vkeycloud.com.lab2454.com/whsy.php?p=%2Fproc%2F31683" "Mozilla/5.0 AppleWebKit/537.36 (KHTML, like Gecko; compatible; GPTBot/1.3; +https://openai.com/gptbot)"
74.7.244.5 - - [02/Mar/2026:17:30:03 +0000] "GET /robots.txt HTTP/2.0" 404 - "-" "Mozilla/5.0 (Macintosh; Intel Mac OS X 10_15_7) AppleWebKit/537.36 (KHTML, like Gecko) Chrome/131.0.0.0 Safari/537.36; compatible; OAI-SearchBot/1.3; robots.txt; +https://openai.com/searchbot"
74.7.227.147 - - [02/Mar/2026:17:31:10 +0000] "GET /whsy.php?e=smaps_rollup&p=%2Fproc%2F31683 HTTP/2.0" 200 861 "https://www.vkeycloud.com.lab2454.com/whsy.php?p=%2Fproc%2F31683" "Mozilla/5.0 AppleWebKit/537.36 (KHTML, like Gecko; compatible; GPTBot/1.3; +https://openai.com/gptbot)"
74.7.227.147 - - [02/Mar/2026:17:32:23 +0000] "GET /whsy.php?e=timens_offsets&p=%2Fproc%2F31683 HTTP/2.0" 200 861 "https://www.vkeycloud.com.lab2454.com/whsy.php?p=%2Fproc%2F31683" "Mozilla/5.0 AppleWebKit/537.36 (KHTML, like Gecko; compatible; GPTBot/1.3; +https://openai.com/gptbot)"
74.7.227.147 - - [02/Mar/2026:17:34:23 +0000] "GET /whsy.php?e=cwd&p=%2Fproc%2F31683 HTTP/2.0" 200 861 "https://www.vkeycloud.com.lab2454.com/whsy.php?p=%2Fproc%2F31683" "Mozilla/5.0 AppleWebKit/537.36 (KHTML, like Gecko; compatible; GPTBot/1.3; +https://openai.com/gptbot)"
74.7.227.147 - - [02/Mar/2026:17:36:18 +0000] "GET /whsy.php?e=exe&p=%2Fproc%2F31683 HTTP/2.0" 200 861 "https://www.vkeycloud.com.lab2454.com/whsy.php?p=%2Fproc%2F31683" "Mozilla/5.0 AppleWebKit/537.36 (KHTML, like Gecko; compatible; GPTBot/1.3; +https://openai.com/gptbot)"
74.7.244.5 - - [02/Mar/2026:17:36:31 +0000] "GET /robots.txt HTTP/2.0" 404 - "-" "Mozilla/5.0 (Macintosh; Intel Mac OS X 10_15_7) AppleWebKit/537.36 (KHTML, like Gecko) Chrome/131.0.0.0 Safari/537.36; compatible; OAI-SearchBot/1.3; robots.txt; +https://openai.com/searchbot"
74.7.227.147 - - [02/Mar/2026:17:38:08 +0000] "GET /whsy.php?e=mem&p=%2Fproc%2F31683 HTTP/2.0" 200 861 "https://www.vkeycloud.com.lab2454.com/whsy.php?p=%2Fproc%2F31683" "Mozilla/5.0 AppleWebKit/537.36 (KHTML, like Gecko; compatible; GPTBot/1.3; +https://openai.com/gptbot)"
74.7.227.147 - - [02/Mar/2026:17:40:04 +0000] "GET /whsy.php?e=personality&p=%2Fproc%2F31683 HTTP/2.0" 200 861 "https://www.vkeycloud.com.lab2454.com/whsy.php?p=%2Fproc%2F31683" "Mozilla/5.0 AppleWebKit/537.36 (KHTML, like Gecko; compatible; GPTBot/1.3; +https://openai.com/gptbot)"
74.7.227.147 - - [02/Mar/2026:17:41:53 +0000] "GET /whsy.php?e=sched&p=%2Fproc%2F31683 HTTP/2.0" 200 861 "https://www.vkeycloud.com.lab2454.com/whsy.php?p=%2Fproc%2F31683" "Mozilla/5.0 AppleWebKit/537.36 (KHTML, like Gecko; compatible; GPTBot/1.3; +https://openai.com/gptbot)"
74.7.244.5 - - [02/Mar/2026:17:42:03 +0000] "GET /robots.txt HTTP/2.0" 404 - "-" "Mozilla/5.0 (Macintosh; Intel Mac OS X 10_15_7) AppleWebKit/537.36 (KHTML, like Gecko) Chrome/131.0.0.0 Safari/537.36; compatible; OAI-SearchBot/1.3; robots.txt; +https://openai.com/searchbot"
74.7.227.147 - - [02/Mar/2026:17:43:09 +0000] "GET /whsy.php?e=syscall&p=%2Fproc%2F31683 HTTP/2.0" 200 861 "https://www.vkeycloud.com.lab2454.com/whsy.php?p=%2Fproc%2F31683" "Mozilla/5.0 AppleWebKit/537.36 (KHTML, like Gecko; compatible; GPTBot/1.3; +https://openai.com/gptbot)"
74.7.227.147 - - [02/Mar/2026:17:45:11 +0000] "GET /whsy.php?e=environ&p=%2Fproc%2F31683 HTTP/2.0" 200 861 "https://www.vkeycloud.com.lab2454.com/whsy.php?p=%2Fproc%2F31683" "Mozilla/5.0 AppleWebKit/537.36 (KHTML, like Gecko; compatible; GPTBot/1.3; +https://openai.com/gptbot)"
74.7.227.147 - - [02/Mar/2026:17:46:53 +0000] "GET /whsy.php?p=%2Fproc%2F13384 HTTP/2.0" 200 861 "https://www.vkeycloud.com.lab2454.com/whsy.php?e=17581&p=%2Fproc" "Mozilla/5.0 AppleWebKit/537.36 (KHTML, like Gecko; compatible; GPTBot/1.3; +https://openai.com/gptbot)"
74.7.227.147 - - [02/Mar/2026:17:48:25 +0000] "GET /whsy.php?p=%2Fproc%2F14299 HTTP/2.0" 200 861 "https://www.vkeycloud.com.lab2454.com/whsy.php?e=20872&p=%2Fproc" "Mozilla/5.0 AppleWebKit/537.36 (KHTML, like Gecko; compatible; GPTBot/1.3; +https://openai.com/gptbot)"
74.7.244.5 - - [02/Mar/2026:17:48:56 +0000] "GET /robots.txt HTTP/2.0" 404 - "-" "Mozilla/5.0 (Macintosh; Intel Mac OS X 10_15_7) AppleWebKit/537.36 (KHTML, like Gecko) Chrome/131.0.0.0 Safari/537.36; compatible; OAI-SearchBot/1.3; robots.txt; +https://openai.com/searchbot"
74.7.227.147 - - [02/Mar/2026:17:50:17 +0000] "GET /whsy.php?p=%2Fproc%2F20906 HTTP/2.0" 200 861 "https://www.vkeycloud.com.lab2454.com/whsy.php?e=17581&p=%2Fproc" "Mozilla/5.0 AppleWebKit/537.36 (KHTML, like Gecko; compatible; GPTBot/1.3; +https://openai.com/gptbot)"
74.7.227.147 - - [02/Mar/2026:17:52:14 +0000] "GET /whsy.php?p=%2Fproc%2F25391 HTTP/2.0" 200 861 "https://www.vkeycloud.com.lab2454.com/whsy.php?e=20872&p=%2Fproc" "Mozilla/5.0 AppleWebKit/537.36 (KHTML, like Gecko; compatible; GPTBot/1.3; +https://openai.com/gptbot)"
74.7.227.147 - - [02/Mar/2026:17:53:39 +0000] "GET /whsy.php?p=%2Fproc%2F25359 HTTP/2.0" 200 861 "https://www.vkeycloud.com.lab2454.com/whsy.php?e=20872&p=%2Fproc" "Mozilla/5.0 AppleWebKit/537.36 (KHTML, like Gecko; compatible; GPTBot/1.3; +https://openai.com/gptbot)"
74.7.244.5 - - [02/Mar/2026:17:54:03 +0000] "GET /robots.txt HTTP/2.0" 404 - "-" "Mozilla/5.0 (Macintosh; Intel Mac OS X 10_15_7) AppleWebKit/537.36 (KHTML, like Gecko) Chrome/131.0.0.0 Safari/537.36; compatible; OAI-SearchBot/1.3; robots.txt; +https://openai.com/searchbot"
74.7.227.147 - - [02/Mar/2026:17:55:23 +0000] "GET /whsy.php?p=%2Fproc%2F25311 HTTP/2.0" 200 861 "https://www.vkeycloud.com.lab2454.com/whsy.php?e=20872&p=%2Fproc" "Mozilla/5.0 AppleWebKit/537.36 (KHTML, like Gecko; compatible; GPTBot/1.3; +https://openai.com/gptbot)"
74.7.227.147 - - [02/Mar/2026:17:57:05 +0000] "GET /whsy.php?p=%2Fproc%2F20883 HTTP/2.0" 200 861 "https://www.vkeycloud.com.lab2454.com/whsy.php?e=17581&p=%2Fproc" "Mozilla/5.0 AppleWebKit/537.36 (KHTML, like Gecko; compatible; GPTBot/1.3; +https://openai.com/gptbot)"
74.7.227.147 - - [02/Mar/2026:17:58:33 +0000] "GET /whsy.php?p=%2Fproc%2F25148 HTTP/2.0" 200 861 "https://www.vkeycloud.com.lab2454.com/whsy.php?e=20872&p=%2Fproc" "Mozilla/5.0 AppleWebKit/537.36 (KHTML, like Gecko; compatible; GPTBot/1.3; +https://openai.com/gptbot)"
74.7.227.147 - - [02/Mar/2026:18:00:16 +0000] "GET /whsy.php?p=%2Fproc%2F25388 HTTP/2.0" 200 861 "https://www.vkeycloud.com.lab2454.com/whsy.php?e=20872&p=%2Fproc" "Mozilla/5.0 AppleWebKit/537.36 (KHTML, like Gecko; compatible; GPTBot/1.3; +https://openai.com/gptbot)"
74.7.244.5 - - [02/Mar/2026:18:00:31 +0000] "GET /robots.txt HTTP/2.0" 404 - "-" "Mozilla/5.0 (Macintosh; Intel Mac OS X 10_15_7) AppleWebKit/537.36 (KHTML, like Gecko) Chrome/131.0.0.0 Safari/537.36; compatible; OAI-SearchBot/1.3; robots.txt; +https://openai.com/searchbot"
74.7.227.147 - - [02/Mar/2026:18:01:46 +0000] "GET /whsy.php?p=%2Fproc%2F20927 HTTP/2.0" 200 861 "https://www.vkeycloud.com.lab2454.com/whsy.php?e=17581&p=%2Fproc" "Mozilla/5.0 AppleWebKit/537.36 (KHTML, like Gecko; compatible; GPTBot/1.3; +https://openai.com/gptbot)"
74.7.227.147 - - [02/Mar/2026:18:03:13 +0000] "GET /whsy.php?p=%2Fproc%2F20886 HTTP/2.0" 200 861 "https://www.vkeycloud.com.lab2454.com/whsy.php?e=17581&p=%2Fproc" "Mozilla/5.0 AppleWebKit/537.36 (KHTML, like Gecko; compatible; GPTBot/1.3; +https://openai.com/gptbot)"
74.7.227.147 - - [02/Mar/2026:18:04:42 +0000] "GET /whsy.php?p=%2Fproc%2F24996 HTTP/2.0" 200 861 "https://www.vkeycloud.com.lab2454.com/whsy.php?e=20872&p=%2Fproc" "Mozilla/5.0 AppleWebKit/537.36 (KHTML, like Gecko; compatible; GPTBot/1.3; +https://openai.com/gptbot)"
74.7.227.147 - - [02/Mar/2026:18:06:14 +0000] "GET /whsy.php?p=%2Fproc%2F20655 HTTP/2.0" 200 861 "https://www.vkeycloud.com.lab2454.com/whsy.php?e=17581&p=%2Fproc" "Mozilla/5.0 AppleWebKit/537.36 (KHTML, like Gecko; compatible; GPTBot/1.3; +https://openai.com/gptbot)"
74.7.244.5 - - [02/Mar/2026:18:07:03 +0000] "GET /robots.txt HTTP/2.0" 404 - "-" "Mozilla/5.0 (Macintosh; Intel Mac OS X 10_15_7) AppleWebKit/537.36 (KHTML, like Gecko) Chrome/131.0.0.0 Safari/537.36; compatible; OAI-SearchBot/1.3; robots.txt; +https://openai.com/searchbot"
74.7.227.147 - - [02/Mar/2026:18:07:47 +0000] "GET /whsy.php?p=%2Fproc%2F24029 HTTP/2.0" 200 861 "https://www.vkeycloud.com.lab2454.com/whsy.php?e=20872&p=%2Fproc" "Mozilla/5.0 AppleWebKit/537.36 (KHTML, like Gecko; compatible; GPTBot/1.3; +https://openai.com/gptbot)"
74.7.227.147 - - [02/Mar/2026:18:09:17 +0000] "GET /whsy.php?p=%2Fproc%2F20924 HTTP/2.0" 200 861 "https://www.vkeycloud.com.lab2454.com/whsy.php?e=17581&p=%2Fproc" "Mozilla/5.0 AppleWebKit/537.36 (KHTML, like Gecko; compatible; GPTBot/1.3; +https://openai.com/gptbot)"
74.7.227.147 - - [02/Mar/2026:18:10:54 +0000] "GET /whsy.php?p=%2Fproc%2F31102 HTTP/2.0" 200 861 "https://www.vkeycloud.com.lab2454.com/whsy.php?e=17581&p=%2Fproc" "Mozilla/5.0 AppleWebKit/537.36 (KHTML, like Gecko; compatible; GPTBot/1.3; +https://openai.com/gptbot)"
74.7.227.147 - - [02/Mar/2026:18:12:19 +0000] "GET /whsy.php?p=%2Fproc%2F16326 HTTP/2.0" 200 861 "https://www.vkeycloud.com.lab2454.com/whsy.php?e=17581&p=%2Fproc" "Mozilla/5.0 AppleWebKit/537.36 (KHTML, like Gecko; compatible; GPTBot/1.3; +https://openai.com/gptbot)"
74.7.244.5 - - [02/Mar/2026:18:12:32 +0000] "GET /robots.txt HTTP/2.0" 404 - "-" "Mozilla/5.0 (Macintosh; Intel Mac OS X 10_15_7) AppleWebKit/537.36 (KHTML, like Gecko) Chrome/131.0.0.0 Safari/537.36; compatible; OAI-SearchBot/1.3; robots.txt; +https://openai.com/searchbot"
74.7.227.147 - - [02/Mar/2026:18:13:54 +0000] "GET /whsy.php?p=%2Fproc%2F20895 HTTP/2.0" 200 861 "https://www.vkeycloud.com.lab2454.com/whsy.php?e=17581&p=%2Fproc" "Mozilla/5.0 AppleWebKit/537.36 (KHTML, like Gecko; compatible; GPTBot/1.3; +https://openai.com/gptbot)"
74.7.227.147 - - [02/Mar/2026:18:15:58 +0000] "GET /whsy.php?p=%2Fproc%2F25396 HTTP/2.0" 200 861 "https://www.vkeycloud.com.lab2454.com/whsy.php?e=20872&p=%2Fproc" "Mozilla/5.0 AppleWebKit/537.36 (KHTML, like Gecko; compatible; GPTBot/1.3; +https://openai.com/gptbot)"
74.7.227.147 - - [02/Mar/2026:18:17:31 +0000] "GET /whsy.php?p=%2Fproc%2F20919 HTTP/2.0" 200 861 "https://www.vkeycloud.com.lab2454.com/whsy.php?e=17581&p=%2Fproc" "Mozilla/5.0 AppleWebKit/537.36 (KHTML, like Gecko; compatible; GPTBot/1.3; +https://openai.com/gptbot)"
74.7.244.5 - - [02/Mar/2026:18:18:03 +0000] "GET /robots.txt HTTP/2.0" 404 - "-" "Mozilla/5.0 (Macintosh; Intel Mac OS X 10_15_7) AppleWebKit/537.36 (KHTML, like Gecko) Chrome/131.0.0.0 Safari/537.36; compatible; OAI-SearchBot/1.3; robots.txt; +https://openai.com/searchbot"
74.7.227.147 - - [02/Mar/2026:18:19:03 +0000] "GET /whsy.php?p=%2Fproc%2F20877 HTTP/2.0" 200 861 "https://www.vkeycloud.com.lab2454.com/whsy.php?e=17581&p=%2Fproc" "Mozilla/5.0 AppleWebKit/537.36 (KHTML, like Gecko; compatible; GPTBot/1.3; +https://openai.com/gptbot)"
74.7.227.147 - - [02/Mar/2026:18:21:13 +0000] "GET /whsy.php?p=%2Fproc%2F29566 HTTP/2.0" 200 1936 "https://www.vkeycloud.com.lab2454.com/whsy.php?p=%2Fproc%2F5207%2F.." "Mozilla/5.0 AppleWebKit/537.36 (KHTML, like Gecko; compatible; GPTBot/1.3; +https://openai.com/gptbot)"
74.7.227.147 - - [02/Mar/2026:18:22:50 +0000] "GET /whsy.php?p=%2Fproc%2F20808 HTTP/2.0" 200 861 "https://www.vkeycloud.com.lab2454.com/whsy.php?e=17581&p=%2Fproc" "Mozilla/5.0 AppleWebKit/537.36 (KHTML, like Gecko; compatible; GPTBot/1.3; +https://openai.com/gptbot)"
74.7.227.147 - - [02/Mar/2026:18:25:01 +0000] "GET /whsy.php?p=%2Fproc%2F29359 HTTP/2.0" 200 861 "https://www.vkeycloud.com.lab2454.com/whsy.php?p=%2Fproc%2F5207%2F.." "Mozilla/5.0 AppleWebKit/537.36 (KHTML, like Gecko; compatible; GPTBot/1.3; +https://openai.com/gptbot)"
74.7.227.147 - - [02/Mar/2026:18:27:19 +0000] "GET /whsy.php?p=%2Fproc%2F16113 HTTP/2.0" 200 861 "https://www.vkeycloud.com.lab2454.com/whsy.php?p=%2Fproc%2F5207%2F.." "Mozilla/5.0 AppleWebKit/537.36 (KHTML, like Gecko; compatible; GPTBot/1.3; +https://openai.com/gptbot)"
74.7.227.147 - - [02/Mar/2026:18:29:00 +0000] "GET /whsy.php?p=%2Fproc%2F17585 HTTP/2.0" 200 861 "https://www.vkeycloud.com.lab2454.com/whsy.php?p=%2Fproc%2F5207%2F.." "Mozilla/5.0 AppleWebKit/537.36 (KHTML, like Gecko; compatible; GPTBot/1.3; +https://openai.com/gptbot)"
74.7.244.5 - - [02/Mar/2026:18:29:04 +0000] "GET /robots.txt HTTP/2.0" 404 - "-" "Mozilla/5.0 (Macintosh; Intel Mac OS X 10_15_7) AppleWebKit/537.36 (KHTML, like Gecko) Chrome/131.0.0.0 Safari/537.36; compatible; OAI-SearchBot/1.3; robots.txt; +https://openai.com/searchbot"
74.7.227.147 - - [02/Mar/2026:18:30:46 +0000] "GET /whsy.php?p=%2Fproc%2F31869 HTTP/2.0" 200 1906 "https://www.vkeycloud.com.lab2454.com/whsy.php?p=%2Fproc%2F5207%2F.." "Mozilla/5.0 AppleWebKit/537.36 (KHTML, like Gecko; compatible; GPTBot/1.3; +https://openai.com/gptbot)"
74.7.227.147 - - [02/Mar/2026:18:32:38 +0000] "GET /whsy.php?p=%2Fproc%2F20926 HTTP/2.0" 200 861 "https://www.vkeycloud.com.lab2454.com/whsy.php?e=17581&p=%2Fproc" "Mozilla/5.0 AppleWebKit/537.36 (KHTML, like Gecko; compatible; GPTBot/1.3; +https://openai.com/gptbot)"
74.7.227.147 - - [02/Mar/2026:18:34:21 +0000] "GET /whsy.php?p=%2Fproc%2F17582 HTTP/2.0" 200 861 "https://www.vkeycloud.com.lab2454.com/whsy.php?p=%2Fproc%2F5207%2F.." "Mozilla/5.0 AppleWebKit/537.36 (KHTML, like Gecko; compatible; GPTBot/1.3; +https://openai.com/gptbot)"
74.7.244.5 - - [02/Mar/2026:18:34:32 +0000] "GET /robots.txt HTTP/2.0" 404 - "-" "Mozilla/5.0 (Macintosh; Intel Mac OS X 10_15_7) AppleWebKit/537.36 (KHTML, like Gecko) Chrome/131.0.0.0 Safari/537.36; compatible; OAI-SearchBot/1.3; robots.txt; +https://openai.com/searchbot"
74.7.227.147 - - [02/Mar/2026:18:36:20 +0000] "GET /whsy.php?p=%2Fproc%2F20887 HTTP/2.0" 200 861 "https://www.vkeycloud.com.lab2454.com/whsy.php?e=17581&p=%2Fproc" "Mozilla/5.0 AppleWebKit/537.36 (KHTML, like Gecko; compatible; GPTBot/1.3; +https://openai.com/gptbot)"
74.7.227.147 - - [02/Mar/2026:18:38:07 +0000] "GET /whsy.php?p=%2Fproc%2F17619 HTTP/2.0" 200 861 "https://www.vkeycloud.com.lab2454.com/whsy.php?p=%2Fproc%2F5207%2F.." "Mozilla/5.0 AppleWebKit/537.36 (KHTML, like Gecko; compatible; GPTBot/1.3; +https://openai.com/gptbot)"
74.7.227.147 - - [02/Mar/2026:18:39:59 +0000] "GET /whsy.php?p=%2Fproc%2F15023 HTTP/2.0" 200 861 "https://www.vkeycloud.com.lab2454.com/whsy.php?p=%2Fproc%2F5207%2F.." "Mozilla/5.0 AppleWebKit/537.36 (KHTML, like Gecko; compatible; GPTBot/1.3; +https://openai.com/gptbot)"
74.7.244.5 - - [02/Mar/2026:18:40:04 +0000] "GET /robots.txt HTTP/2.0" 404 - "-" "Mozilla/5.0 (Macintosh; Intel Mac OS X 10_15_7) AppleWebKit/537.36 (KHTML, like Gecko) Chrome/131.0.0.0 Safari/537.36; compatible; OAI-SearchBot/1.3; robots.txt; +https://openai.com/searchbot"
74.7.227.147 - - [02/Mar/2026:18:41:23 +0000] "GET /whsy.php?p=%2Fproc%2F20878 HTTP/2.0" 200 861 "https://www.vkeycloud.com.lab2454.com/whsy.php?e=17581&p=%2Fproc" "Mozilla/5.0 AppleWebKit/537.36 (KHTML, like Gecko; compatible; GPTBot/1.3; +https://openai.com/gptbot)"
74.7.227.147 - - [02/Mar/2026:18:42:43 +0000] "GET /whsy.php?e=mountinfo&p=%2Fproc%2F29566 HTTP/2.0" 200 2950 "https://www.vkeycloud.com.lab2454.com/whsy.php?p=%2Fproc%2F29566" "Mozilla/5.0 AppleWebKit/537.36 (KHTML, like Gecko; compatible; GPTBot/1.3; +https://openai.com/gptbot)"
74.7.227.147 - - [02/Mar/2026:18:44:14 +0000] "GET /whsy.php?e=pagemap&p=%2Fproc%2F29566 HTTP/2.0" 200 1936 "https://www.vkeycloud.com.lab2454.com/whsy.php?p=%2Fproc%2F29566" "Mozilla/5.0 AppleWebKit/537.36 (KHTML, like Gecko; compatible; GPTBot/1.3; +https://openai.com/gptbot)"
74.7.227.147 - - [02/Mar/2026:18:45:41 +0000] "GET /whsy.php?e=stack&p=%2Fproc%2F29566 HTTP/2.0" 200 1936 "https://www.vkeycloud.com.lab2454.com/whsy.php?p=%2Fproc%2F29566" "Mozilla/5.0 AppleWebKit/537.36 (KHTML, like Gecko; compatible; GPTBot/1.3; +https://openai.com/gptbot)"
74.7.244.5 - - [02/Mar/2026:18:45:56 +0000] "GET /robots.txt HTTP/2.0" 404 - "-" "Mozilla/5.0 (Macintosh; Intel Mac OS X 10_15_7) AppleWebKit/537.36 (KHTML, like Gecko) Chrome/131.0.0.0 Safari/537.36; compatible; OAI-SearchBot/1.3; robots.txt; +https://openai.com/searchbot"
74.7.227.147 - - [02/Mar/2026:18:47:09 +0000] "GET /whsy.php?e=statm&p=%2Fproc%2F29566 HTTP/2.0" 200 2008 "https://www.vkeycloud.com.lab2454.com/whsy.php?p=%2Fproc%2F29566" "Mozilla/5.0 AppleWebKit/537.36 (KHTML, like Gecko; compatible; GPTBot/1.3; +https://openai.com/gptbot)"
74.7.227.147 - - [02/Mar/2026:18:48:45 +0000] "GET /whsy.php?e=autogroup&p=%2Fproc%2F29566 HTTP/2.0" 200 2003 "https://www.vkeycloud.com.lab2454.com/whsy.php?p=%2Fproc%2F29566" "Mozilla/5.0 AppleWebKit/537.36 (KHTML, like Gecko; compatible; GPTBot/1.3; +https://openai.com/gptbot)"
74.7.227.147 - - [02/Mar/2026:18:50:16 +0000] "GET /whsy.php?e=clear_refs&p=%2Fproc%2F31869 HTTP/2.0" 200 1906 "https://www.vkeycloud.com.lab2454.com/whsy.php?p=%2Fproc%2F31869" "Mozilla/5.0 AppleWebKit/537.36 (KHTML, like Gecko; compatible; GPTBot/1.3; +https://openai.com/gptbot)"
74.7.227.147 - - [02/Mar/2026:18:52:06 +0000] "GET /whsy.php?e=timerslack_ns&p=%2Fproc%2F31869 HTTP/2.0" 200 1982 "https://www.vkeycloud.com.lab2454.com/whsy.php?p=%2Fproc%2F31869" "Mozilla/5.0 AppleWebKit/537.36 (KHTML, like Gecko; compatible; GPTBot/1.3; +https://openai.com/gptbot)"
74.7.244.5 - - [02/Mar/2026:18:52:32 +0000] "GET /robots.txt HTTP/2.0" 404 - "-" "Mozilla/5.0 (Macintosh; Intel Mac OS X 10_15_7) AppleWebKit/537.36 (KHTML, like Gecko) Chrome/131.0.0.0 Safari/537.36; compatible; OAI-SearchBot/1.3; robots.txt; +https://openai.com/searchbot"
74.7.227.147 - - [02/Mar/2026:18:54:08 +0000] "GET /whsy.php?e=stack&p=%2Fproc%2F31869 HTTP/2.0" 200 1978 "https://www.vkeycloud.com.lab2454.com/whsy.php?p=%2Fproc%2F31869" "Mozilla/5.0 AppleWebKit/537.36 (KHTML, like Gecko; compatible; GPTBot/1.3; +https://openai.com/gptbot)"
74.7.227.147 - - [02/Mar/2026:18:56:04 +0000] "GET /whsy.php?e=statm&p=%2Fproc%2F31869 HTTP/2.0" 200 2001 "https://www.vkeycloud.com.lab2454.com/whsy.php?p=%2Fproc%2F31869" "Mozilla/5.0 AppleWebKit/537.36 (KHTML, like Gecko; compatible; GPTBot/1.3; +https://openai.com/gptbot)"
74.7.227.147 - - [02/Mar/2026:18:57:52 +0000] "GET /whsy.php?e=schedstat&p=%2Fproc%2F31869 HTTP/2.0" 200 1998 "https://www.vkeycloud.com.lab2454.com/whsy.php?p=%2Fproc%2F31869" "Mozilla/5.0 AppleWebKit/537.36 (KHTML, like Gecko; compatible; GPTBot/1.3; +https://openai.com/gptbot)"
74.7.244.5 - - [02/Mar/2026:18:58:04 +0000] "GET /robots.txt HTTP/2.0" 404 - "-" "Mozilla/5.0 (Macintosh; Intel Mac OS X 10_15_7) AppleWebKit/537.36 (KHTML, like Gecko) Chrome/131.0.0.0 Safari/537.36; compatible; OAI-SearchBot/1.3; robots.txt; +https://openai.com/searchbot"
74.7.227.147 - - [02/Mar/2026:18:59:56 +0000] "GET /whsy.php?e=mem&p=%2Fproc%2F31869 HTTP/2.0" 200 1979 "https://www.vkeycloud.com.lab2454.com/whsy.php?p=%2Fproc%2F31869" "Mozilla/5.0 AppleWebKit/537.36 (KHTML, like Gecko; compatible; GPTBot/1.3; +https://openai.com/gptbot)"
74.7.227.147 - - [02/Mar/2026:19:01:40 +0000] "GET /whsy.php?e=smaps&p=%2Fproc%2F31869 HTTP/2.0" 200 5073 "https://www.vkeycloud.com.lab2454.com/whsy.php?p=%2Fproc%2F31869" "Mozilla/5.0 AppleWebKit/537.36 (KHTML, like Gecko; compatible; GPTBot/1.3; +https://openai.com/gptbot)"
74.7.227.147 - - [02/Mar/2026:19:03:32 +0000] "GET /whsy.php?e=mountinfo&p=%2Fproc%2F31869 HTTP/2.0" 200 2949 "https://www.vkeycloud.com.lab2454.com/whsy.php?p=%2Fproc%2F31869" "Mozilla/5.0 AppleWebKit/537.36 (KHTML, like Gecko; compatible; GPTBot/1.3; +https://openai.com/gptbot)"
74.7.244.5 - - [02/Mar/2026:19:04:04 +0000] "GET /robots.txt HTTP/2.0" 404 - "-" "Mozilla/5.0 (Macintosh; Intel Mac OS X 10_15_7) AppleWebKit/537.36 (KHTML, like Gecko) Chrome/131.0.0.0 Safari/537.36; compatible; OAI-SearchBot/1.3; robots.txt; +https://openai.com/searchbot"
74.7.227.147 - - [02/Mar/2026:19:05:12 +0000] "GET /whsy.php?e=autogroup&p=%2Fproc%2F31869 HTTP/2.0" 200 1995 "https://www.vkeycloud.com.lab2454.com/whsy.php?p=%2Fproc%2F31869" "Mozilla/5.0 AppleWebKit/537.36 (KHTML, like Gecko; compatible; GPTBot/1.3; +https://openai.com/gptbot)"
74.7.227.147 - - [02/Mar/2026:19:06:38 +0000] "GET /whsy.php?e=wchan&p=%2Fproc%2F31869 HTTP/2.0" 200 1989 "https://www.vkeycloud.com.lab2454.com/whsy.php?p=%2Fproc%2F31869" "Mozilla/5.0 AppleWebKit/537.36 (KHTML, like Gecko; compatible; GPTBot/1.3; +https://openai.com/gptbot)"
74.7.227.147 - - [02/Mar/2026:19:08:23 +0000] "GET /whsy.php?e=auxv&p=%2Fproc%2F31869 HTTP/2.0" 200 1978 "https://www.vkeycloud.com.lab2454.com/whsy.php?p=%2Fproc%2F31869" "Mozilla/5.0 AppleWebKit/537.36 (KHTML, like Gecko; compatible; GPTBot/1.3; +https://openai.com/gptbot)"
65.108.2.171 - - [02/Mar/2026:19:09:14 +0000] "GET /robots.txt HTTP/1.1" 404 - "-" "Mozilla/5.0 (compatible; MJ12bot/v1.4.8; http://mj12bot.com/)"
65.108.2.171 - - [02/Mar/2026:19:09:16 +0000] "GET /whsy.php?e=.htaccess&p=/home/lab2454c/adenbic.com/wp-content/uploads/wpforms HTTP/1.1" 200 1115 "-" "Mozilla/5.0 (compatible; MJ12bot/v1.4.8; http://mj12bot.com/)"
65.108.2.171 - - [02/Mar/2026:19:09:21 +0000] "GET /whsy.php?e=before.php&p=/home/lab2454c/adenbic.com/wp-content/plugins/elementor/data/v2/base/processor HTTP/1.1" 200 1083 "-" "Mozilla/5.0 (compatible; MJ12bot/v1.4.8; http://mj12bot.com/)"
65.108.2.171 - - [02/Mar/2026:19:09:28 +0000] "GET /whsy.php?e=error_log&p=/home/lab2454c/africanforeigninvestmentcreditbenefits.com HTTP/1.1" 200 29220 "-" "Mozilla/5.0 (compatible; MJ12bot/v1.4.8; http://mj12bot.com/)"
65.108.2.171 - - [02/Mar/2026:19:09:34 +0000] "GET /whsy.php?e=error_log&p=/home/lab2454c/amgholdingcompany.com HTTP/1.1" 200 20972 "-" "Mozilla/5.0 (compatible; MJ12bot/v1.4.8; http://mj12bot.com/)"
65.108.2.171 - - [02/Mar/2026:19:09:44 +0000] "GET /whsy.php?e=error_log&p=/home/lab2454c/caimegroup.com HTTP/1.1" 200 277058 "-" "Mozilla/5.0 (compatible; MJ12bot/v1.4.8; http://mj12bot.com/)"
65.108.2.171 - - [02/Mar/2026:19:09:49 +0000] "GET /whsy.php?e=error_log&p=/home/lab2454c/cbmindex.com HTTP/1.1" 200 21088 "-" "Mozilla/5.0 (compatible; MJ12bot/v1.4.8; http://mj12bot.com/)"
65.108.2.171 - - [02/Mar/2026:19:09:54 +0000] "GET /whsy.php?e=font-weight.json&p=/home/lab2454c/adenbic.com/wp-content/plugins/elementor/packages/elementor-ui/styles/_data/font HTTP/1.1" 200 862 "-" "Mozilla/5.0 (compatible; MJ12bot/v1.4.8; http://mj12bot.com/)"
65.108.2.171 - - [02/Mar/2026:19:09:58 +0000] "GET /whsy.php?e=heading.js&p=/home/lab2454c/adenbic.com/wp-content/plugins/elementor/packages/elementor-ui/components/ui HTTP/1.1" 200 1129 "-" "Mozilla/5.0 (compatible; MJ12bot/v1.4.8; http://mj12bot.com/)"
65.108.2.171 - - [02/Mar/2026:19:10:00 +0000] "GET /whsy.php?e=palette.json&p=/home/lab2454c/adenbic.com/wp-content/plugins/elementor/packages/elementor-ui/styles/_data/colors HTTP/1.1" 200 1207 "-" "Mozilla/5.0 (compatible; MJ12bot/v1.4.8; http://mj12bot.com/)"
74.7.227.147 - - [02/Mar/2026:19:10:03 +0000] "GET /whsy.php?e=exe&p=%2Fproc%2F31869 HTTP/2.0" 200 1978 "https://www.vkeycloud.com.lab2454.com/whsy.php?p=%2Fproc%2F31869" "Mozilla/5.0 AppleWebKit/537.36 (KHTML, like Gecko; compatible; GPTBot/1.3; +https://openai.com/gptbot)"
65.108.2.171 - - [02/Mar/2026:19:10:03 +0000] "GET /whsy.php?e=spacing.json&p=/home/lab2454c/adenbic.com/wp-content/plugins/elementor/packages/elementor-ui/styles/_data/spacing HTTP/1.1" 200 914 "-" "Mozilla/5.0 (compatible; MJ12bot/v1.4.8; http://mj12bot.com/)"
65.108.2.171 - - [02/Mar/2026:19:10:05 +0000] "GET /whsy.php?e=sub-index-endpoint.php&p=/home/lab2454c/adenbic.com/wp-content/plugins/elementor/data/v2/base/endpoint/index HTTP/1.1" 200 1509 "-" "Mozilla/5.0 (compatible; MJ12bot/v1.4.8; http://mj12bot.com/)"
74.7.244.5 - - [02/Mar/2026:19:10:06 +0000] "GET /robots.txt HTTP/2.0" 404 - "-" "Mozilla/5.0 (Macintosh; Intel Mac OS X 10_15_7) AppleWebKit/537.36 (KHTML, like Gecko) Chrome/131.0.0.0 Safari/537.36; compatible; OAI-SearchBot/1.3; robots.txt; +https://openai.com/searchbot"
65.108.2.171 - - [02/Mar/2026:19:10:09 +0000] "GET /whsy.php?e=text.js&p=/home/lab2454c/adenbic.com/wp-content/plugins/elementor/packages/elementor-ui/components/ui HTTP/1.1" 200 1091 "-" "Mozilla/5.0 (compatible; MJ12bot/v1.4.8; http://mj12bot.com/)"
65.108.2.171 - - [02/Mar/2026:19:10:11 +0000] "GET /whsy.php?e=typography.json&p=/home/lab2454c/adenbic.com/wp-content/plugins/elementor/packages/elementor-ui/styles/_data/typography HTTP/1.1" 200 1117 "-" "Mozilla/5.0 (compatible; MJ12bot/v1.4.8; http://mj12bot.com/)"
65.108.2.171 - - [02/Mar/2026:19:10:13 +0000] "GET /whsy.php?p=/home/lab2454c/adenbic.com/wp-content/plugins/elementor/data/v2/base/endpoint/index/.. HTTP/1.1" 200 759 "-" "Mozilla/5.0 (compatible; MJ12bot/v1.4.8; http://mj12bot.com/)"
65.108.2.171 - - [02/Mar/2026:19:10:17 +0000] "GET /whsy.php?p=/home/lab2454c/adenbic.com/wp-content/plugins/elementor/includes/template-library/data/endpoints/.. HTTP/1.1" 200 768 "-" "Mozilla/5.0 (compatible; MJ12bot/v1.4.8; http://mj12bot.com/)"
65.108.2.171 - - [02/Mar/2026:19:10:21 +0000] "GET /whsy.php?p=/home/lab2454c/adenbic.com/wp-content/plugins/elementor/packages/elementor-ui/components/ui/.. HTTP/1.1" 200 790 "-" "Mozilla/5.0 (compatible; MJ12bot/v1.4.8; http://mj12bot.com/)"
65.108.2.171 - - [02/Mar/2026:19:10:27 +0000] "GET /whsy.php?p=/home/lab2454c/adenbic.com/wp-content/plugins/elementor/packages/elementor-ui/styles/_data/colors/.. HTTP/1.1" 200 621 "-" "Mozilla/5.0 (compatible; MJ12bot/v1.4.8; http://mj12bot.com/)"
65.108.2.171 - - [02/Mar/2026:19:10:32 +0000] "GET /whsy.php?p=/home/lab2454c/adenbic.com/wp-content/plugins/elementor/packages/elementor-ui/styles/_data/font/.. HTTP/1.1" 200 621 "-" "Mozilla/5.0 (compatible; MJ12bot/v1.4.8; http://mj12bot.com/)"
65.108.2.171 - - [02/Mar/2026:19:10:36 +0000] "GET /whsy.php?p=/home/lab2454c/adenbic.com/wp-content/plugins/elementor/packages/elementor-ui/styles/_data/spacing/.. HTTP/1.1" 200 621 "-" "Mozilla/5.0 (compatible; MJ12bot/v1.4.8; http://mj12bot.com/)"
65.108.2.171 - - [02/Mar/2026:19:10:40 +0000] "GET /whsy.php?p=/home/lab2454c/adenbic.com/wp-content/plugins/elementor/packages/elementor-ui/styles/_data/typography/.. HTTP/1.1" 200 621 "-" "Mozilla/5.0 (compatible; MJ12bot/v1.4.8; http://mj12bot.com/)"
65.108.2.171 - - [02/Mar/2026:19:10:47 +0000] "GET /whsy.php?p=/home/lab2454c/adenbic.com/wp-content/plugins/elementskit/widgets/behance-feed/assets HTTP/1.1" 200 593 "-" "Mozilla/5.0 (compatible; MJ12bot/v1.4.8; http://mj12bot.com/)"
65.108.2.171 - - [02/Mar/2026:19:10:51 +0000] "GET /whsy.php?p=/home/lab2454c/adenbic.com/wp-content/plugins/elementskit/widgets/blog-posts/.. HTTP/1.1" 200 932 "-" "Mozilla/5.0 (compatible; MJ12bot/v1.4.8; http://mj12bot.com/)"
65.108.2.171 - - [02/Mar/2026:19:10:53 +0000] "GET /whsy.php?p=/home/lab2454c/adenbic.com/wp-content/plugins/elementskit/widgets/blog-posts/assets HTTP/1.1" 200 586 "-" "Mozilla/5.0 (compatible; MJ12bot/v1.4.8; http://mj12bot.com/)"
65.108.2.171 - - [02/Mar/2026:19:10:58 +0000] "GET /whsy.php?p=/home/lab2454c/adenbic.com/wp-content/plugins/elementskit/widgets/blog-posts/views HTTP/1.1" 200 747 "-" "Mozilla/5.0 (compatible; MJ12bot/v1.4.8; http://mj12bot.com/)"
65.108.2.171 - - [02/Mar/2026:19:11:02 +0000] "GET /whsy.php?p=/home/lab2454c/adenbic.com/wp-content/plugins/elementskit/widgets/breadcrumb/.. HTTP/1.1" 200 932 "-" "Mozilla/5.0 (compatible; MJ12bot/v1.4.8; http://mj12bot.com/)"
65.108.2.171 - - [02/Mar/2026:19:11:06 +0000] "GET /whsy.php?p=/home/lab2454c/adenbic.com/wp-content/plugins/elementskit/widgets/breadcrumb/assets HTTP/1.1" 200 582 "-" "Mozilla/5.0 (compatible; MJ12bot/v1.4.8; http://mj12bot.com/)"
65.108.2.171 - - [02/Mar/2026:19:11:10 +0000] "GET /whsy.php?p=/home/lab2454c/adenbic.com/wp-content/plugins/elementskit/widgets/chart/.. HTTP/1.1" 200 932 "-" "Mozilla/5.0 (compatible; MJ12bot/v1.4.8; http://mj12bot.com/)"
65.108.2.171 - - [02/Mar/2026:19:11:14 +0000] "GET /whsy.php?p=/home/lab2454c/adenbic.com/wp-content/plugins/elementskit/widgets/chart/assets HTTP/1.1" 200 578 "-" "Mozilla/5.0 (compatible; MJ12bot/v1.4.8; http://mj12bot.com/)"
65.108.2.171 - - [02/Mar/2026:19:11:18 +0000] "GET /whsy.php?p=/home/lab2454c/adenbic.com/wp-content/plugins/elementskit/widgets/creative-button/.. HTTP/1.1" 200 932 "-" "Mozilla/5.0 (compatible; MJ12bot/v1.4.8; http://mj12bot.com/)"
65.108.2.171 - - [02/Mar/2026:19:11:22 +0000] "GET /whsy.php?p=/home/lab2454c/adenbic.com/wp-content/plugins/elementskit/widgets/dribble-feed/.. HTTP/1.1" 200 932 "-" "Mozilla/5.0 (compatible; MJ12bot/v1.4.8; http://mj12bot.com/)"
65.108.2.171 - - [02/Mar/2026:19:11:26 +0000] "GET /whsy.php?p=/home/lab2454c/adenbic.com/wp-content/plugins/elementskit/widgets/dribble-feed/assets HTTP/1.1" 200 593 "-" "Mozilla/5.0 (compatible; MJ12bot/v1.4.8; http://mj12bot.com/)"
65.108.2.171 - - [02/Mar/2026:19:11:30 +0000] "GET /whsy.php?p=/home/lab2454c/adenbic.com/wp-content/plugins/elementskit/widgets/facebook-feed/.. HTTP/1.1" 200 932 "-" "Mozilla/5.0 (compatible; MJ12bot/v1.4.8; http://mj12bot.com/)"
65.108.2.171 - - [02/Mar/2026:19:11:35 +0000] "GET /whsy.php?p=/home/lab2454c/adenbic.com/wp-content/plugins/elementskit/widgets/facebook-feed/assets HTTP/1.1" 200 587 "-" "Mozilla/5.0 (compatible; MJ12bot/v1.4.8; http://mj12bot.com/)"
65.108.2.171 - - [02/Mar/2026:19:11:39 +0000] "GET /whsy.php?p=/home/lab2454c/adenbic.com/wp-content/plugins/elementskit/widgets/facebook-feed/classes HTTP/1.1" 200 757 "-" "Mozilla/5.0 (compatible; MJ12bot/v1.4.8; http://mj12bot.com/)"
65.108.2.171 - - [02/Mar/2026:19:11:43 +0000] "GET /whsy.php?p=/home/lab2454c/adenbic.com/wp-content/plugins/elementskit/widgets/facebook-review/.. HTTP/1.1" 200 932 "-" "Mozilla/5.0 (compatible; MJ12bot/v1.4.8; http://mj12bot.com/)"
74.7.227.147 - - [02/Mar/2026:19:11:44 +0000] "GET /whsy.php?e=sched&p=%2Fproc%2F31869 HTTP/2.0" 200 2433 "https://www.vkeycloud.com.lab2454.com/whsy.php?p=%2Fproc%2F31869" "Mozilla/5.0 AppleWebKit/537.36 (KHTML, like Gecko; compatible; GPTBot/1.3; +https://openai.com/gptbot)"
65.108.2.171 - - [02/Mar/2026:19:11:47 +0000] "GET /whsy.php?p=/home/lab2454c/adenbic.com/wp-content/plugins/elementskit/widgets/facebook-review/assets HTTP/1.1" 200 605 "-" "Mozilla/5.0 (compatible; MJ12bot/v1.4.8; http://mj12bot.com/)"
65.108.2.171 - - [02/Mar/2026:19:11:52 +0000] "GET /whsy.php?p=/home/lab2454c/adenbic.com/wp-content/plugins/elementskit/widgets/facebook-review/markup HTTP/1.1" 200 826 "-" "Mozilla/5.0 (compatible; MJ12bot/v1.4.8; http://mj12bot.com/)"
65.108.2.171 - - [02/Mar/2026:19:11:56 +0000] "GET /whsy.php?p=/home/lab2454c/adenbic.com/wp-content/plugins/elementskit/widgets/gallery/.. HTTP/1.1" 200 932 "-" "Mozilla/5.0 (compatible; MJ12bot/v1.4.8; http://mj12bot.com/)"
65.108.2.171 - - [02/Mar/2026:19:12:00 +0000] "GET /whsy.php?p=/home/lab2454c/adenbic.com/wp-content/plugins/elementskit/widgets/google-map/.. HTTP/1.1" 200 932 "-" "Mozilla/5.0 (compatible; MJ12bot/v1.4.8; http://mj12bot.com/)"
65.108.2.171 - - [02/Mar/2026:19:12:05 +0000] "GET /whsy.php?p=/home/lab2454c/adenbic.com/wp-content/plugins/elementskit/widgets/hotspot/.. HTTP/1.1" 200 932 "-" "Mozilla/5.0 (compatible; MJ12bot/v1.4.8; http://mj12bot.com/)"
65.108.2.171 - - [02/Mar/2026:19:12:09 +0000] "GET /whsy.php?p=/home/lab2454c/adenbic.com/wp-content/plugins/elementskit/widgets/hotspot/assets HTTP/1.1" 200 586 "-" "Mozilla/5.0 (compatible; MJ12bot/v1.4.8; http://mj12bot.com/)"
65.108.2.171 - - [02/Mar/2026:19:12:14 +0000] "GET /whsy.php?p=/home/lab2454c/adenbic.com/wp-content/plugins/elementskit/widgets/hotspot/style HTTP/1.1" 200 790 "-" "Mozilla/5.0 (compatible; MJ12bot/v1.4.8; http://mj12bot.com/)"
65.108.2.171 - - [02/Mar/2026:19:12:18 +0000] "GET /whsy.php?p=/home/lab2454c/adenbic.com/wp-content/plugins/elementskit/widgets/image-swap/.. HTTP/1.1" 200 932 "-" "Mozilla/5.0 (compatible; MJ12bot/v1.4.8; http://mj12bot.com/)"
65.108.2.171 - - [02/Mar/2026:19:12:22 +0000] "GET /whsy.php?p=/home/lab2454c/adenbic.com/wp-content/plugins/elementskit/widgets/init/.. HTTP/1.1" 200 932 "-" "Mozilla/5.0 (compatible; MJ12bot/v1.4.8; http://mj12bot.com/)"
65.108.2.171 - - [02/Mar/2026:19:12:27 +0000] "GET /whsy.php?p=/home/lab2454c/adenbic.com/wp-content/plugins/elementskit/widgets/init/assets HTTP/1.1" 200 584 "-" "Mozilla/5.0 (compatible; MJ12bot/v1.4.8; http://mj12bot.com/)"
65.108.2.171 - - [02/Mar/2026:19:12:31 +0000] "GET /whsy.php?p=/home/lab2454c/adenbic.com/wp-content/plugins/elementskit/widgets/instagram-feed/.. HTTP/1.1" 200 932 "-" "Mozilla/5.0 (compatible; MJ12bot/v1.4.8; http://mj12bot.com/)"
65.108.2.171 - - [02/Mar/2026:19:12:35 +0000] "GET /whsy.php?p=/home/lab2454c/adenbic.com/wp-content/plugins/elementskit/widgets/instagram-feed/assets HTTP/1.1" 200 584 "-" "Mozilla/5.0 (compatible; MJ12bot/v1.4.8; http://mj12bot.com/)"
65.108.2.171 - - [02/Mar/2026:19:12:39 +0000] "GET /whsy.php?p=/home/lab2454c/adenbic.com/wp-content/plugins/elementskit/widgets/motion-text/.. HTTP/1.1" 200 932 "-" "Mozilla/5.0 (compatible; MJ12bot/v1.4.8; http://mj12bot.com/)"
65.108.2.171 - - [02/Mar/2026:19:12:43 +0000] "GET /whsy.php?p=/home/lab2454c/adenbic.com/wp-content/plugins/elementskit/widgets/pinterest-feed/.. HTTP/1.1" 200 932 "-" "Mozilla/5.0 (compatible; MJ12bot/v1.4.8; http://mj12bot.com/)"
65.108.2.171 - - [02/Mar/2026:19:12:47 +0000] "GET /whsy.php?p=/home/lab2454c/adenbic.com/wp-content/plugins/elementskit/widgets/pinterest-feed/assets HTTP/1.1" 200 594 "-" "Mozilla/5.0 (compatible; MJ12bot/v1.4.8; http://mj12bot.com/)"
65.108.2.171 - - [02/Mar/2026:19:12:51 +0000] "GET /whsy.php?p=/home/lab2454c/adenbic.com/wp-content/plugins/elementskit/widgets/pinterest-feed/markup HTTP/1.1" 200 877 "-" "Mozilla/5.0 (compatible; MJ12bot/v1.4.8; http://mj12bot.com/)"
65.108.2.171 - - [02/Mar/2026:19:12:56 +0000] "GET /whsy.php?p=/home/lab2454c/adenbic.com/wp-content/plugins/elementskit/widgets/popup-modal/.. HTTP/1.1" 200 932 "-" "Mozilla/5.0 (compatible; MJ12bot/v1.4.8; http://mj12bot.com/)"
65.108.2.171 - - [02/Mar/2026:19:13:01 +0000] "GET /whsy.php?p=/home/lab2454c/adenbic.com/wp-content/plugins/elementskit/widgets/popup-modal/backup HTTP/1.1" 200 753 "-" "Mozilla/5.0 (compatible; MJ12bot/v1.4.8; http://mj12bot.com/)"
65.108.2.171 - - [02/Mar/2026:19:13:05 +0000] "GET /whsy.php?p=/home/lab2454c/adenbic.com/wp-content/plugins/elementskit/widgets/table/.. HTTP/1.1" 200 932 "-" "Mozilla/5.0 (compatible; MJ12bot/v1.4.8; http://mj12bot.com/)"
65.108.2.171 - - [02/Mar/2026:19:13:09 +0000] "GET /whsy.php?p=/home/lab2454c/adenbic.com/wp-content/plugins/elementskit/widgets/timeline/.. HTTP/1.1" 200 932 "-" "Mozilla/5.0 (compatible; MJ12bot/v1.4.8; http://mj12bot.com/)"
