74.7.243.131 - - [03/Mar/2026:07:52:19 +0000] "GET /whsy.php?p=%2Fproc%2F31951%2Fmap_files HTTP/2.0" 200 836 "https://www.amgholdingcompany.com.lab2454.com/whsy.php?p=%2Fproc%2F31951" "Mozilla/5.0 AppleWebKit/537.36 (KHTML, like Gecko; compatible; GPTBot/1.3; +https://openai.com/gptbot)"
74.7.243.131 - - [03/Mar/2026:07:52:33 +0000] "GET /whsy.php?p=%2Fproc%2F31848%2Fmap_files HTTP/2.0" 200 953 "https://www.amgholdingcompany.com.lab2454.com/whsy.php?p=%2Fproc%2F31848" "Mozilla/5.0 AppleWebKit/537.36 (KHTML, like Gecko; compatible; GPTBot/1.3; +https://openai.com/gptbot)"
74.7.243.131 - - [03/Mar/2026:07:52:50 +0000] "GET /whsy.php?p=%2Fproc%2F24464%2Fmap_files HTTP/2.0" 200 836 "https://www.amgholdingcompany.com.lab2454.com/whsy.php?p=%2Fproc%2F24464" "Mozilla/5.0 AppleWebKit/537.36 (KHTML, like Gecko; compatible; GPTBot/1.3; +https://openai.com/gptbot)"
74.7.244.53 - - [03/Mar/2026:07:52:51 +0000] "GET /robots.txt HTTP/2.0" 404 - "-" "Mozilla/5.0 (Macintosh; Intel Mac OS X 10_15_7) AppleWebKit/537.36 (KHTML, like Gecko) Chrome/131.0.0.0 Safari/537.36; compatible; OAI-SearchBot/1.3; robots.txt; +https://openai.com/searchbot"
74.7.243.131 - - [03/Mar/2026:07:53:00 +0000] "GET /whsy.php?e=sockcreate&p=%2Fproc%2F22217%2Fattr HTTP/2.0" 200 862 "https://www.amgholdingcompany.com.lab2454.com/whsy.php?p=%2Fproc%2F22217%2Fattr" "Mozilla/5.0 AppleWebKit/537.36 (KHTML, like Gecko; compatible; GPTBot/1.3; +https://openai.com/gptbot)"
74.7.243.131 - - [03/Mar/2026:07:53:09 +0000] "GET /whsy.php?p=%2Fproc%2F16478%2Fnet%2Fnetfilter HTTP/2.0" 200 732 "https://www.amgholdingcompany.com.lab2454.com/whsy.php?p=%2Fproc%2F16478%2Fnet" "Mozilla/5.0 AppleWebKit/537.36 (KHTML, like Gecko; compatible; GPTBot/1.3; +https://openai.com/gptbot)"
74.7.243.131 - - [03/Mar/2026:07:53:20 +0000] "GET /whsy.php?p=%2Fproc%2F15809%2Fnet%2Fnetfilter HTTP/2.0" 200 732 "https://www.amgholdingcompany.com.lab2454.com/whsy.php?p=%2Fproc%2F15809%2Fnet" "Mozilla/5.0 AppleWebKit/537.36 (KHTML, like Gecko; compatible; GPTBot/1.3; +https://openai.com/gptbot)"
74.7.243.131 - - [03/Mar/2026:07:53:36 +0000] "GET /whsy.php?p=%2Fproc%2F31860%2Fnet%2Fnetfilter HTTP/2.0" 200 732 "https://www.amgholdingcompany.com.lab2454.com/whsy.php?p=%2Fproc%2F31860%2Fnet" "Mozilla/5.0 AppleWebKit/537.36 (KHTML, like Gecko; compatible; GPTBot/1.3; +https://openai.com/gptbot)"
74.7.243.131 - - [03/Mar/2026:07:53:49 +0000] "GET /whsy.php?p=%2Fproc%2F31849%2Fnet%2Fnetfilter HTTP/2.0" 200 732 "https://www.amgholdingcompany.com.lab2454.com/whsy.php?p=%2Fproc%2F31849%2Fnet" "Mozilla/5.0 AppleWebKit/537.36 (KHTML, like Gecko; compatible; GPTBot/1.3; +https://openai.com/gptbot)"
74.7.243.131 - - [03/Mar/2026:07:54:02 +0000] "GET /whsy.php?p=%2Fproc%2F31859%2Fnet%2Fnetfilter HTTP/2.0" 200 732 "https://www.amgholdingcompany.com.lab2454.com/whsy.php?p=%2Fproc%2F31859%2Fnet" "Mozilla/5.0 AppleWebKit/537.36 (KHTML, like Gecko; compatible; GPTBot/1.3; +https://openai.com/gptbot)"
74.7.243.131 - - [03/Mar/2026:07:54:14 +0000] "GET /whsy.php?p=%2Fproc%2F31864%2Fnet%2Fnetfilter HTTP/2.0" 200 732 "https://www.amgholdingcompany.com.lab2454.com/whsy.php?p=%2Fproc%2F31864%2Fnet" "Mozilla/5.0 AppleWebKit/537.36 (KHTML, like Gecko; compatible; GPTBot/1.3; +https://openai.com/gptbot)"
74.7.243.131 - - [03/Mar/2026:07:54:24 +0000] "GET /whsy.php?p=%2Fproc%2F16480%2Fnet%2Fnetfilter HTTP/2.0" 200 732 "https://www.amgholdingcompany.com.lab2454.com/whsy.php?p=%2Fproc%2F16480%2Fnet" "Mozilla/5.0 AppleWebKit/537.36 (KHTML, like Gecko; compatible; GPTBot/1.3; +https://openai.com/gptbot)"
74.7.243.131 - - [03/Mar/2026:07:54:34 +0000] "GET /whsy.php?e=tcp&p=%2Fproc%2F31866%2Fnet HTTP/2.0" 200 12265 "https://www.amgholdingcompany.com.lab2454.com/whsy.php?p=%2Fproc%2F31866%2Fnet" "Mozilla/5.0 AppleWebKit/537.36 (KHTML, like Gecko; compatible; GPTBot/1.3; +https://openai.com/gptbot)"
74.7.243.131 - - [03/Mar/2026:07:54:43 +0000] "GET /whsy.php?e=tcp&p=%2Fproc%2F31848%2Fnet HTTP/2.0" 200 11246 "https://www.amgholdingcompany.com.lab2454.com/whsy.php?p=%2Fproc%2F31848%2Fnet" "Mozilla/5.0 AppleWebKit/537.36 (KHTML, like Gecko; compatible; GPTBot/1.3; +https://openai.com/gptbot)"
74.7.243.131 - - [03/Mar/2026:07:54:53 +0000] "GET /whsy.php?e=loginuid&p=%2Fproc%2F12121 HTTP/2.0" 200 2013 "https://www.amgholdingcompany.com.lab2454.com/whsy.php?p=%2Fproc%2F12121" "Mozilla/5.0 AppleWebKit/537.36 (KHTML, like Gecko; compatible; GPTBot/1.3; +https://openai.com/gptbot)"
74.7.243.131 - - [03/Mar/2026:07:55:04 +0000] "GET /whsy.php?p=%2Fproc%2F22217%2Ffdinfo HTTP/2.0" 200 153515 "https://www.amgholdingcompany.com.lab2454.com/whsy.php?p=%2Fproc%2F22217" "Mozilla/5.0 AppleWebKit/537.36 (KHTML, like Gecko; compatible; GPTBot/1.3; +https://openai.com/gptbot)"
74.7.243.131 - - [03/Mar/2026:07:55:45 +0000] "GET /whsy.php?e=anycast6&p=%2Fproc%2F22217%2Fnet HTTP/2.0" 200 2505 "https://www.amgholdingcompany.com.lab2454.com/whsy.php?p=%2Fproc%2F22217%2Fnet" "Mozilla/5.0 AppleWebKit/537.36 (KHTML, like Gecko; compatible; GPTBot/1.3; +https://openai.com/gptbot)"
74.7.243.131 - - [03/Mar/2026:07:55:55 +0000] "GET /whsy.php?e=cmdline&p=%2Fproc%2F9596 HTTP/2.0" 200 836 "https://www.amgholdingcompany.com.lab2454.com/whsy.php?p=%2Fproc%2F9596" "Mozilla/5.0 AppleWebKit/537.36 (KHTML, like Gecko; compatible; GPTBot/1.3; +https://openai.com/gptbot)"
74.7.243.131 - - [03/Mar/2026:07:56:05 +0000] "GET /whsy.php?e=projid_map&p=%2Fproc%2F24464 HTTP/2.0" 200 836 "https://www.amgholdingcompany.com.lab2454.com/whsy.php?p=%2Fproc%2F24464" "Mozilla/5.0 AppleWebKit/537.36 (KHTML, like Gecko; compatible; GPTBot/1.3; +https://openai.com/gptbot)"
74.7.243.131 - - [03/Mar/2026:07:56:15 +0000] "GET /whsy.php?p=%2Fproc%2F22217%2Fnet%2Fipt_hashlimit HTTP/2.0" 200 499 "https://www.amgholdingcompany.com.lab2454.com/whsy.php?p=%2Fproc%2F22217%2Fnet" "Mozilla/5.0 AppleWebKit/537.36 (KHTML, like Gecko; compatible; GPTBot/1.3; +https://openai.com/gptbot)"
74.7.243.131 - - [03/Mar/2026:07:56:25 +0000] "GET /whsy.php?p=%2Fproc%2F31860%2Ffdinfo HTTP/2.0" 200 847 "https://www.amgholdingcompany.com.lab2454.com/whsy.php?p=%2Fproc%2F31860" "Mozilla/5.0 AppleWebKit/537.36 (KHTML, like Gecko; compatible; GPTBot/1.3; +https://openai.com/gptbot)"
74.7.243.131 - - [03/Mar/2026:07:56:33 +0000] "GET /whsy.php?p=%2Fproc%2F31859%2Ffdinfo HTTP/2.0" 200 802 "https://www.amgholdingcompany.com.lab2454.com/whsy.php?p=%2Fproc%2F31859" "Mozilla/5.0 AppleWebKit/537.36 (KHTML, like Gecko; compatible; GPTBot/1.3; +https://openai.com/gptbot)"
74.7.243.131 - - [03/Mar/2026:07:56:41 +0000] "GET /whsy.php?p=%2Fproc%2F16478%2Ffdinfo HTTP/2.0" 200 150491 "https://www.amgholdingcompany.com.lab2454.com/whsy.php?p=%2Fproc%2F16478" "Mozilla/5.0 AppleWebKit/537.36 (KHTML, like Gecko; compatible; GPTBot/1.3; +https://openai.com/gptbot)"
74.7.243.131 - - [03/Mar/2026:07:57:21 +0000] "GET /whsy.php?p=%2Fproc%2F31864%2Ffdinfo HTTP/2.0" 200 1012 "https://www.amgholdingcompany.com.lab2454.com/whsy.php?p=%2Fproc%2F31864" "Mozilla/5.0 AppleWebKit/537.36 (KHTML, like Gecko; compatible; GPTBot/1.3; +https://openai.com/gptbot)"
74.7.243.131 - - [03/Mar/2026:07:57:32 +0000] "GET /whsy.php?p=%2Fproc%2F15809%2Ffdinfo HTTP/2.0" 200 164268 "https://www.amgholdingcompany.com.lab2454.com/whsy.php?p=%2Fproc%2F15809" "Mozilla/5.0 AppleWebKit/537.36 (KHTML, like Gecko; compatible; GPTBot/1.3; +https://openai.com/gptbot)"
74.7.244.53 - - [03/Mar/2026:07:58:02 +0000] "GET /robots.txt HTTP/2.0" 404 - "-" "Mozilla/5.0 (Macintosh; Intel Mac OS X 10_15_7) AppleWebKit/537.36 (KHTML, like Gecko) Chrome/131.0.0.0 Safari/537.36; compatible; OAI-SearchBot/1.3; robots.txt; +https://openai.com/searchbot"
74.7.243.131 - - [03/Mar/2026:07:58:10 +0000] "GET /whsy.php?p=%2Fproc%2F31849%2Ffdinfo HTTP/2.0" 200 1169 "https://www.amgholdingcompany.com.lab2454.com/whsy.php?p=%2Fproc%2F31849" "Mozilla/5.0 AppleWebKit/537.36 (KHTML, like Gecko; compatible; GPTBot/1.3; +https://openai.com/gptbot)"
74.7.243.131 - - [03/Mar/2026:07:58:20 +0000] "GET /whsy.php?p=%2Fproc%2F16480%2Ffdinfo HTTP/2.0" 200 151836 "https://www.amgholdingcompany.com.lab2454.com/whsy.php?p=%2Fproc%2F16480" "Mozilla/5.0 AppleWebKit/537.36 (KHTML, like Gecko; compatible; GPTBot/1.3; +https://openai.com/gptbot)"
74.7.243.131 - - [03/Mar/2026:07:59:00 +0000] "GET /whsy.php?p=%2Fproc%2F19332%2Fnet%2Fip6t_hashlimit HTTP/2.0" 200 501 "https://www.amgholdingcompany.com.lab2454.com/whsy.php?p=%2Fproc%2F19332%2Fnet" "Mozilla/5.0 AppleWebKit/537.36 (KHTML, like Gecko; compatible; GPTBot/1.3; +https://openai.com/gptbot)"
74.7.243.131 - - [03/Mar/2026:07:59:20 +0000] "GET /whsy.php?p=%2Fproc%2F31862%2Fnet%2Fip6t_hashlimit HTTP/2.0" 200 502 "https://www.amgholdingcompany.com.lab2454.com/whsy.php?p=%2Fproc%2F31862%2Fnet" "Mozilla/5.0 AppleWebKit/537.36 (KHTML, like Gecko; compatible; GPTBot/1.3; +https://openai.com/gptbot)"
74.7.243.131 - - [03/Mar/2026:07:59:34 +0000] "GET /whsy.php?p=%2Fproc%2F31866%2Fnet%2Fip6t_hashlimit HTTP/2.0" 200 502 "https://www.amgholdingcompany.com.lab2454.com/whsy.php?p=%2Fproc%2F31866%2Fnet" "Mozilla/5.0 AppleWebKit/537.36 (KHTML, like Gecko; compatible; GPTBot/1.3; +https://openai.com/gptbot)"
74.7.243.131 - - [03/Mar/2026:07:59:51 +0000] "GET /whsy.php?e=anycast6&p=%2Fproc%2F10277%2Fnet HTTP/2.0" 200 2507 "https://www.amgholdingcompany.com.lab2454.com/whsy.php?p=%2Fproc%2F10277%2Fnet" "Mozilla/5.0 AppleWebKit/537.36 (KHTML, like Gecko; compatible; GPTBot/1.3; +https://openai.com/gptbot)"
74.7.243.131 - - [03/Mar/2026:08:00:03 +0000] "GET /whsy.php?e=if_inet6&p=%2Fproc%2F26346%2Fnet HTTP/2.0" 200 2569 "https://www.amgholdingcompany.com.lab2454.com/whsy.php?p=%2Fproc%2F26346%2Fnet" "Mozilla/5.0 AppleWebKit/537.36 (KHTML, like Gecko; compatible; GPTBot/1.3; +https://openai.com/gptbot)"
74.7.243.131 - - [03/Mar/2026:08:00:17 +0000] "GET /whsy.php?e=anycast6&p=%2Fproc%2F31866%2Fnet HTTP/2.0" 200 2506 "https://www.amgholdingcompany.com.lab2454.com/whsy.php?p=%2Fproc%2F31866%2Fnet" "Mozilla/5.0 AppleWebKit/537.36 (KHTML, like Gecko; compatible; GPTBot/1.3; +https://openai.com/gptbot)"
74.7.243.131 - - [03/Mar/2026:08:00:31 +0000] "GET /whsy.php?e=anycast6&p=%2Fproc%2F31862%2Fnet HTTP/2.0" 200 2506 "https://www.amgholdingcompany.com.lab2454.com/whsy.php?p=%2Fproc%2F31862%2Fnet" "Mozilla/5.0 AppleWebKit/537.36 (KHTML, like Gecko; compatible; GPTBot/1.3; +https://openai.com/gptbot)"
74.7.243.131 - - [03/Mar/2026:08:00:41 +0000] "GET /whsy.php?e=anycast6&p=%2Fproc%2F19332%2Fnet HTTP/2.0" 200 2506 "https://www.amgholdingcompany.com.lab2454.com/whsy.php?p=%2Fproc%2F19332%2Fnet" "Mozilla/5.0 AppleWebKit/537.36 (KHTML, like Gecko; compatible; GPTBot/1.3; +https://openai.com/gptbot)"
74.7.243.131 - - [03/Mar/2026:08:00:51 +0000] "GET /whsy.php?e=udplite6&p=%2Fproc%2F26346%2Fnet HTTP/2.0" 200 2585 "https://www.amgholdingcompany.com.lab2454.com/whsy.php?p=%2Fproc%2F26346%2Fnet" "Mozilla/5.0 AppleWebKit/537.36 (KHTML, like Gecko; compatible; GPTBot/1.3; +https://openai.com/gptbot)"
74.7.243.131 - - [03/Mar/2026:08:00:58 +0000] "GET /whsy.php?e=sockcreate&p=%2Fproc%2F31862%2Fattr HTTP/2.0" 200 863 "https://www.amgholdingcompany.com.lab2454.com/whsy.php?p=%2Fproc%2F31862%2Fattr" "Mozilla/5.0 AppleWebKit/537.36 (KHTML, like Gecko; compatible; GPTBot/1.3; +https://openai.com/gptbot)"
74.7.243.131 - - [03/Mar/2026:08:01:07 +0000] "GET /whsy.php?p=%2Fproc%2F16478%2Fmap_files HTTP/2.0" 200 146881 "https://www.amgholdingcompany.com.lab2454.com/whsy.php?p=%2Fproc%2F16478" "Mozilla/5.0 AppleWebKit/537.36 (KHTML, like Gecko; compatible; GPTBot/1.3; +https://openai.com/gptbot)"
74.7.243.131 - - [03/Mar/2026:08:01:45 +0000] "GET /whsy.php?p=%2Fproc%2F31849%2Fmap_files HTTP/2.0" 200 2794 "https://www.amgholdingcompany.com.lab2454.com/whsy.php?p=%2Fproc%2F31849" "Mozilla/5.0 AppleWebKit/537.36 (KHTML, like Gecko; compatible; GPTBot/1.3; +https://openai.com/gptbot)"
74.7.243.131 - - [03/Mar/2026:08:02:04 +0000] "GET /whsy.php?p=%2Fproc%2F15809%2Fmap_files HTTP/2.0" 200 151838 "https://www.amgholdingcompany.com.lab2454.com/whsy.php?p=%2Fproc%2F15809" "Mozilla/5.0 AppleWebKit/537.36 (KHTML, like Gecko; compatible; GPTBot/1.3; +https://openai.com/gptbot)"
74.7.243.131 - - [03/Mar/2026:08:02:43 +0000] "GET /whsy.php?p=%2Fproc%2F31859%2Fmap_files HTTP/2.0" 200 3969 "https://www.amgholdingcompany.com.lab2454.com/whsy.php?p=%2Fproc%2F31859" "Mozilla/5.0 AppleWebKit/537.36 (KHTML, like Gecko; compatible; GPTBot/1.3; +https://openai.com/gptbot)"
74.7.243.131 - - [03/Mar/2026:08:03:34 +0000] "GET /whsy.php?p=%2Fproc%2F31860%2Fmap_files HTTP/2.0" 200 2818 "https://www.amgholdingcompany.com.lab2454.com/whsy.php?p=%2Fproc%2F31860" "Mozilla/5.0 AppleWebKit/537.36 (KHTML, like Gecko; compatible; GPTBot/1.3; +https://openai.com/gptbot)"
74.7.243.131 - - [03/Mar/2026:08:04:20 +0000] "GET /whsy.php?p=%2Fproc%2F31864%2Fmap_files HTTP/2.0" 200 2818 "https://www.amgholdingcompany.com.lab2454.com/whsy.php?p=%2Fproc%2F31864" "Mozilla/5.0 AppleWebKit/537.36 (KHTML, like Gecko; compatible; GPTBot/1.3; +https://openai.com/gptbot)"
74.7.243.131 - - [03/Mar/2026:08:05:00 +0000] "GET /whsy.php?p=%2Fproc%2F16480%2Fmap_files HTTP/2.0" 200 167714 "https://www.amgholdingcompany.com.lab2454.com/whsy.php?p=%2Fproc%2F16480" "Mozilla/5.0 AppleWebKit/537.36 (KHTML, like Gecko; compatible; GPTBot/1.3; +https://openai.com/gptbot)"
74.7.243.131 - - [03/Mar/2026:08:05:39 +0000] "GET /whsy.php?e=arch_status&p=%2Fproc%2F9596 HTTP/2.0" 200 836 "https://www.amgholdingcompany.com.lab2454.com/whsy.php?p=%2Fproc%2F9596" "Mozilla/5.0 AppleWebKit/537.36 (KHTML, like Gecko; compatible; GPTBot/1.3; +https://openai.com/gptbot)"
74.7.243.131 - - [03/Mar/2026:08:06:43 +0000] "GET /whsy.php?e=gid_map&p=%2Fproc%2F12121 HTTP/2.0" 200 2024 "https://www.amgholdingcompany.com.lab2454.com/whsy.php?p=%2Fproc%2F12121" "Mozilla/5.0 AppleWebKit/537.36 (KHTML, like Gecko; compatible; GPTBot/1.3; +https://openai.com/gptbot)"
74.7.243.131 - - [03/Mar/2026:08:07:41 +0000] "GET /whsy.php?e=uid_map&p=%2Fproc%2F12121 HTTP/2.0" 200 2021 "https://www.amgholdingcompany.com.lab2454.com/whsy.php?p=%2Fproc%2F12121" "Mozilla/5.0 AppleWebKit/537.36 (KHTML, like Gecko; compatible; GPTBot/1.3; +https://openai.com/gptbot)"
74.7.243.131 - - [03/Mar/2026:08:08:33 +0000] "GET /whsy.php?p=%2Fproc%2F19349%2Ffdinfo HTTP/2.0" 200 836 "https://www.amgholdingcompany.com.lab2454.com/whsy.php?p=%2Fproc%2F19349" "Mozilla/5.0 AppleWebKit/537.36 (KHTML, like Gecko; compatible; GPTBot/1.3; +https://openai.com/gptbot)"
74.7.243.131 - - [03/Mar/2026:08:09:23 +0000] "GET /whsy.php?p=%2Fproc%2F31951%2Ffdinfo HTTP/2.0" 200 836 "https://www.amgholdingcompany.com.lab2454.com/whsy.php?p=%2Fproc%2F31951" "Mozilla/5.0 AppleWebKit/537.36 (KHTML, like Gecko; compatible; GPTBot/1.3; +https://openai.com/gptbot)"
74.7.243.131 - - [03/Mar/2026:08:10:01 +0000] "GET /whsy.php?e=7121f4400000-7121f4538000&p=%2Fproc%2F31849%2Fmap_files HTTP/2.0" 200 2794 "https://www.amgholdingcompany.com.lab2454.com/whsy.php?p=%2Fproc%2F31849%2Fmap_files" "Mozilla/5.0 AppleWebKit/537.36 (KHTML, like Gecko; compatible; GPTBot/1.3; +https://openai.com/gptbot)"
74.7.243.131 - - [03/Mar/2026:08:10:37 +0000] "GET /whsy.php?p=%2Fproc%2F31866%2Ffdinfo HTTP/2.0" 200 1087 "https://www.amgholdingcompany.com.lab2454.com/whsy.php?p=%2Fproc%2F31866" "Mozilla/5.0 AppleWebKit/537.36 (KHTML, like Gecko; compatible; GPTBot/1.3; +https://openai.com/gptbot)"
74.7.243.131 - - [03/Mar/2026:08:11:12 +0000] "GET /whsy.php?p=%2Fproc%2F31848%2Ffdinfo HTTP/2.0" 200 724 "https://www.amgholdingcompany.com.lab2454.com/whsy.php?p=%2Fproc%2F31848" "Mozilla/5.0 AppleWebKit/537.36 (KHTML, like Gecko; compatible; GPTBot/1.3; +https://openai.com/gptbot)"
74.7.243.131 - - [03/Mar/2026:08:11:43 +0000] "GET /whsy.php?e=7121f6a22000-7121f6a23000&p=%2Fproc%2F31860%2Fmap_files HTTP/2.0" 200 2818 "https://www.amgholdingcompany.com.lab2454.com/whsy.php?p=%2Fproc%2F31860%2Fmap_files" "Mozilla/5.0 AppleWebKit/537.36 (KHTML, like Gecko; compatible; GPTBot/1.3; +https://openai.com/gptbot)"
74.7.243.131 - - [03/Mar/2026:08:12:09 +0000] "GET /whsy.php?e=7121f53c3000-7121f53c7000&p=%2Fproc%2F31860%2Fmap_files HTTP/2.0" 200 2818 "https://www.amgholdingcompany.com.lab2454.com/whsy.php?p=%2Fproc%2F31860%2Fmap_files" "Mozilla/5.0 AppleWebKit/537.36 (KHTML, like Gecko; compatible; GPTBot/1.3; +https://openai.com/gptbot)"
74.7.243.131 - - [03/Mar/2026:08:12:37 +0000] "GET /whsy.php?e=projid_map&p=%2Fproc%2F10277 HTTP/2.0" 200 2028 "https://www.amgholdingcompany.com.lab2454.com/whsy.php?p=%2Fproc%2F10277" "Mozilla/5.0 AppleWebKit/537.36 (KHTML, like Gecko; compatible; GPTBot/1.3; +https://openai.com/gptbot)"
74.7.243.131 - - [03/Mar/2026:08:12:58 +0000] "GET /whsy.php?e=projid_map&p=%2Fproc%2F14462 HTTP/2.0" 200 836 "https://www.amgholdingcompany.com.lab2454.com/whsy.php?p=%2Fproc%2F14462" "Mozilla/5.0 AppleWebKit/537.36 (KHTML, like Gecko; compatible; GPTBot/1.3; +https://openai.com/gptbot)"
74.7.243.131 - - [03/Mar/2026:08:13:17 +0000] "GET /whsy.php?e=projid_map&p=%2Fproc%2F26346 HTTP/2.0" 200 2027 "https://www.amgholdingcompany.com.lab2454.com/whsy.php?p=%2Fproc%2F26346" "Mozilla/5.0 AppleWebKit/537.36 (KHTML, like Gecko; compatible; GPTBot/1.3; +https://openai.com/gptbot)"
74.7.243.131 - - [03/Mar/2026:08:13:36 +0000] "GET /whsy.php?e=projid_map&p=%2Fproc%2F31338 HTTP/2.0" 200 836 "https://www.amgholdingcompany.com.lab2454.com/whsy.php?p=%2Fproc%2F31338" "Mozilla/5.0 AppleWebKit/537.36 (KHTML, like Gecko; compatible; GPTBot/1.3; +https://openai.com/gptbot)"
74.7.243.131 - - [03/Mar/2026:08:13:54 +0000] "GET /whsy.php?e=projid_map&p=%2Fproc%2F19332 HTTP/2.0" 200 2027 "https://www.amgholdingcompany.com.lab2454.com/whsy.php?p=%2Fproc%2F19332" "Mozilla/5.0 AppleWebKit/537.36 (KHTML, like Gecko; compatible; GPTBot/1.3; +https://openai.com/gptbot)"
74.7.243.131 - - [03/Mar/2026:08:14:05 +0000] "GET /whsy.php?e=ksm_merging_pages&p=%2Fproc%2F16478 HTTP/2.0" 200 1935 "https://www.amgholdingcompany.com.lab2454.com/whsy.php?p=%2Fproc%2F16478" "Mozilla/5.0 AppleWebKit/537.36 (KHTML, like Gecko; compatible; GPTBot/1.3; +https://openai.com/gptbot)"
74.7.243.131 - - [03/Mar/2026:08:14:20 +0000] "GET /whsy.php?e=ksm_merging_pages&p=%2Fproc%2F31864 HTTP/2.0" 200 1981 "https://www.amgholdingcompany.com.lab2454.com/whsy.php?p=%2Fproc%2F31864" "Mozilla/5.0 AppleWebKit/537.36 (KHTML, like Gecko; compatible; GPTBot/1.3; +https://openai.com/gptbot)"
74.7.243.131 - - [03/Mar/2026:08:14:34 +0000] "GET /whsy.php?e=ksm_merging_pages&p=%2Fproc%2F16480 HTTP/2.0" 200 1936 "https://www.amgholdingcompany.com.lab2454.com/whsy.php?p=%2Fproc%2F16480" "Mozilla/5.0 AppleWebKit/537.36 (KHTML, like Gecko; compatible; GPTBot/1.3; +https://openai.com/gptbot)"
74.7.244.53 - - [03/Mar/2026:08:14:35 +0000] "GET /robots.txt HTTP/2.0" 404 - "-" "Mozilla/5.0 (Macintosh; Intel Mac OS X 10_15_7) AppleWebKit/537.36 (KHTML, like Gecko) Chrome/131.0.0.0 Safari/537.36; compatible; OAI-SearchBot/1.3; robots.txt; +https://openai.com/searchbot"
74.7.243.131 - - [03/Mar/2026:08:14:43 +0000] "GET /whsy.php?e=ksm_merging_pages&p=%2Fproc%2F15809 HTTP/2.0" 200 1936 "https://www.amgholdingcompany.com.lab2454.com/whsy.php?p=%2Fproc%2F15809" "Mozilla/5.0 AppleWebKit/537.36 (KHTML, like Gecko; compatible; GPTBot/1.3; +https://openai.com/gptbot)"
74.7.243.131 - - [03/Mar/2026:08:14:52 +0000] "GET /whsy.php?e=ksm_merging_pages&p=%2Fproc%2F31859 HTTP/2.0" 200 1981 "https://www.amgholdingcompany.com.lab2454.com/whsy.php?p=%2Fproc%2F31859" "Mozilla/5.0 AppleWebKit/537.36 (KHTML, like Gecko; compatible; GPTBot/1.3; +https://openai.com/gptbot)"
74.7.243.131 - - [03/Mar/2026:08:15:00 +0000] "GET /whsy.php?e=ksm_merging_pages&p=%2Fproc%2F31849 HTTP/2.0" 200 1981 "https://www.amgholdingcompany.com.lab2454.com/whsy.php?p=%2Fproc%2F31849" "Mozilla/5.0 AppleWebKit/537.36 (KHTML, like Gecko; compatible; GPTBot/1.3; +https://openai.com/gptbot)"
74.7.243.131 - - [03/Mar/2026:08:15:09 +0000] "GET /whsy.php?e=ksm_merging_pages&p=%2Fproc%2F31860 HTTP/2.0" 200 1980 "https://www.amgholdingcompany.com.lab2454.com/whsy.php?p=%2Fproc%2F31860" "Mozilla/5.0 AppleWebKit/537.36 (KHTML, like Gecko; compatible; GPTBot/1.3; +https://openai.com/gptbot)"
74.7.243.131 - - [03/Mar/2026:08:15:19 +0000] "GET /whsy.php?e=if_inet6&p=%2Fproc%2F12121%2Fnet HTTP/2.0" 200 2568 "https://www.amgholdingcompany.com.lab2454.com/whsy.php?p=%2Fproc%2F12121%2Fnet" "Mozilla/5.0 AppleWebKit/537.36 (KHTML, like Gecko; compatible; GPTBot/1.3; +https://openai.com/gptbot)"
74.7.243.131 - - [03/Mar/2026:08:15:29 +0000] "GET /whsy.php?e=oom_adj&p=%2Fproc%2F12121 HTTP/2.0" 200 2005 "https://www.amgholdingcompany.com.lab2454.com/whsy.php?p=%2Fproc%2F12121" "Mozilla/5.0 AppleWebKit/537.36 (KHTML, like Gecko; compatible; GPTBot/1.3; +https://openai.com/gptbot)"
74.7.243.131 - - [03/Mar/2026:08:15:39 +0000] "GET /whsy.php?p=%2Fproc%2F16480%2Fnet%2Fdev_snmp6 HTTP/2.0" 200 982 "https://www.amgholdingcompany.com.lab2454.com/whsy.php?p=%2Fproc%2F16480%2Fnet" "Mozilla/5.0 AppleWebKit/537.36 (KHTML, like Gecko; compatible; GPTBot/1.3; +https://openai.com/gptbot)"
74.7.243.131 - - [03/Mar/2026:08:15:51 +0000] "GET /whsy.php?p=%2Fproc%2F31864%2Fnet%2Fdev_snmp6 HTTP/2.0" 200 982 "https://www.amgholdingcompany.com.lab2454.com/whsy.php?p=%2Fproc%2F31864%2Fnet" "Mozilla/5.0 AppleWebKit/537.36 (KHTML, like Gecko; compatible; GPTBot/1.3; +https://openai.com/gptbot)"
74.7.243.131 - - [03/Mar/2026:08:16:02 +0000] "GET /whsy.php?p=%2Fproc%2F31848%2Fnet%2Fdev_snmp6 HTTP/2.0" 200 981 "https://www.amgholdingcompany.com.lab2454.com/whsy.php?p=%2Fproc%2F31848%2Fnet" "Mozilla/5.0 AppleWebKit/537.36 (KHTML, like Gecko; compatible; GPTBot/1.3; +https://openai.com/gptbot)"
74.7.243.131 - - [03/Mar/2026:08:16:14 +0000] "GET /whsy.php?p=%2Fproc%2F31860%2Fnet%2Fdev_snmp6 HTTP/2.0" 200 982 "https://www.amgholdingcompany.com.lab2454.com/whsy.php?p=%2Fproc%2F31860%2Fnet" "Mozilla/5.0 AppleWebKit/537.36 (KHTML, like Gecko; compatible; GPTBot/1.3; +https://openai.com/gptbot)"
74.7.243.131 - - [03/Mar/2026:08:16:24 +0000] "GET /whsy.php?p=%2Fproc%2F16478%2Fnet%2Fdev_snmp6 HTTP/2.0" 200 981 "https://www.amgholdingcompany.com.lab2454.com/whsy.php?p=%2Fproc%2F16478%2Fnet" "Mozilla/5.0 AppleWebKit/537.36 (KHTML, like Gecko; compatible; GPTBot/1.3; +https://openai.com/gptbot)"
74.7.243.131 - - [03/Mar/2026:08:16:37 +0000] "GET /whsy.php?e=wchan&p=%2Fproc%2F9596 HTTP/2.0" 200 836 "https://www.amgholdingcompany.com.lab2454.com/whsy.php?p=%2Fproc%2F9596" "Mozilla/5.0 AppleWebKit/537.36 (KHTML, like Gecko; compatible; GPTBot/1.3; +https://openai.com/gptbot)"
74.7.243.131 - - [03/Mar/2026:08:16:51 +0000] "GET /whsy.php?p=%2Fproc%2F15809%2Ftask%2F16149 HTTP/2.0" 200 1802 "https://www.amgholdingcompany.com.lab2454.com/whsy.php?p=%2Fproc%2F15809%2Ftask" "Mozilla/5.0 AppleWebKit/537.36 (KHTML, like Gecko; compatible; GPTBot/1.3; +https://openai.com/gptbot)"
74.7.243.131 - - [03/Mar/2026:08:17:03 +0000] "GET /whsy.php?p=%2Fproc%2F15809%2Ftask%2F16148 HTTP/2.0" 200 1803 "https://www.amgholdingcompany.com.lab2454.com/whsy.php?p=%2Fproc%2F15809%2Ftask" "Mozilla/5.0 AppleWebKit/537.36 (KHTML, like Gecko; compatible; GPTBot/1.3; +https://openai.com/gptbot)"
74.7.243.131 - - [03/Mar/2026:08:17:12 +0000] "GET /whsy.php?p=%2Fproc%2F15809%2Ftask%2F16146 HTTP/2.0" 200 1803 "https://www.amgholdingcompany.com.lab2454.com/whsy.php?p=%2Fproc%2F15809%2Ftask" "Mozilla/5.0 AppleWebKit/537.36 (KHTML, like Gecko; compatible; GPTBot/1.3; +https://openai.com/gptbot)"
74.7.243.131 - - [03/Mar/2026:08:17:22 +0000] "GET /whsy.php?p=%2Fproc%2F22217%2Fnet%2Fip6t_hashlimit HTTP/2.0" 200 500 "https://www.amgholdingcompany.com.lab2454.com/whsy.php?p=%2Fproc%2F22217%2Fnet" "Mozilla/5.0 AppleWebKit/537.36 (KHTML, like Gecko; compatible; GPTBot/1.3; +https://openai.com/gptbot)"
74.7.243.131 - - [03/Mar/2026:08:17:32 +0000] "GET /whsy.php?e=sockcreate&p=%2Fproc%2F10277%2Fattr HTTP/2.0" 200 864 "https://www.amgholdingcompany.com.lab2454.com/whsy.php?p=%2Fproc%2F10277%2Fattr" "Mozilla/5.0 AppleWebKit/537.36 (KHTML, like Gecko; compatible; GPTBot/1.3; +https://openai.com/gptbot)"
74.7.243.131 - - [03/Mar/2026:08:17:42 +0000] "GET /whsy.php?e=sockcreate&p=%2Fproc%2F19332%2Fattr HTTP/2.0" 200 863 "https://www.amgholdingcompany.com.lab2454.com/whsy.php?p=%2Fproc%2F19332%2Fattr" "Mozilla/5.0 AppleWebKit/537.36 (KHTML, like Gecko; compatible; GPTBot/1.3; +https://openai.com/gptbot)"
74.7.243.131 - - [03/Mar/2026:08:17:52 +0000] "GET /whsy.php?e=sockcreate&p=%2Fproc%2F26346%2Fattr HTTP/2.0" 200 863 "https://www.amgholdingcompany.com.lab2454.com/whsy.php?p=%2Fproc%2F26346%2Fattr" "Mozilla/5.0 AppleWebKit/537.36 (KHTML, like Gecko; compatible; GPTBot/1.3; +https://openai.com/gptbot)"
74.7.243.131 - - [03/Mar/2026:08:18:02 +0000] "GET /whsy.php?p=%2Fproc%2F31859%2Fnet%2Fdev_snmp6 HTTP/2.0" 200 982 "https://www.amgholdingcompany.com.lab2454.com/whsy.php?p=%2Fproc%2F31859%2Fnet" "Mozilla/5.0 AppleWebKit/537.36 (KHTML, like Gecko; compatible; GPTBot/1.3; +https://openai.com/gptbot)"
74.7.243.131 - - [03/Mar/2026:08:18:14 +0000] "GET /whsy.php?p=%2Fproc%2F31849%2Fnet%2Fdev_snmp6 HTTP/2.0" 200 981 "https://www.amgholdingcompany.com.lab2454.com/whsy.php?p=%2Fproc%2F31849%2Fnet" "Mozilla/5.0 AppleWebKit/537.36 (KHTML, like Gecko; compatible; GPTBot/1.3; +https://openai.com/gptbot)"
74.7.243.131 - - [03/Mar/2026:08:18:24 +0000] "GET /whsy.php?p=%2Fproc%2F15809%2Fnet%2Fdev_snmp6 HTTP/2.0" 200 982 "https://www.amgholdingcompany.com.lab2454.com/whsy.php?p=%2Fproc%2F15809%2Fnet" "Mozilla/5.0 AppleWebKit/537.36 (KHTML, like Gecko; compatible; GPTBot/1.3; +https://openai.com/gptbot)"
74.7.243.131 - - [03/Mar/2026:08:18:34 +0000] "GET /whsy.php?p=%2Fproc%2F22217%2Fnet%2Fnetfilter HTTP/2.0" 200 731 "https://www.amgholdingcompany.com.lab2454.com/whsy.php?p=%2Fproc%2F22217%2Fnet" "Mozilla/5.0 AppleWebKit/537.36 (KHTML, like Gecko; compatible; GPTBot/1.3; +https://openai.com/gptbot)"
74.7.243.131 - - [03/Mar/2026:08:18:42 +0000] "GET /whsy.php?e=limits&p=%2Fproc%2F15809%2Ftask%2F16149 HTTP/2.0" 200 2134 "https://www.amgholdingcompany.com.lab2454.com/whsy.php?p=%2Fproc%2F15809%2Ftask%2F16149" "Mozilla/5.0 AppleWebKit/537.36 (KHTML, like Gecko; compatible; GPTBot/1.3; +https://openai.com/gptbot)"
74.7.243.131 - - [03/Mar/2026:08:18:51 +0000] "GET /whsy.php?p=%2Fproc%2F15809%2Ftask%2F16149%2Fattr HTTP/2.0" 200 818 "https://www.amgholdingcompany.com.lab2454.com/whsy.php?p=%2Fproc%2F15809%2Ftask%2F16149" "Mozilla/5.0 AppleWebKit/537.36 (KHTML, like Gecko; compatible; GPTBot/1.3; +https://openai.com/gptbot)"
74.7.243.131 - - [03/Mar/2026:08:19:01 +0000] "GET /whsy.php?p=%2Fproc%2F15809%2Ftask%2F16148%2Fattr HTTP/2.0" 200 819 "https://www.amgholdingcompany.com.lab2454.com/whsy.php?p=%2Fproc%2F15809%2Ftask%2F16148" "Mozilla/5.0 AppleWebKit/537.36 (KHTML, like Gecko; compatible; GPTBot/1.3; +https://openai.com/gptbot)"
74.7.243.131 - - [03/Mar/2026:08:19:12 +0000] "GET /whsy.php?p=%2Fproc%2F15809%2Ftask%2F16146%2Fattr HTTP/2.0" 200 819 "https://www.amgholdingcompany.com.lab2454.com/whsy.php?p=%2Fproc%2F15809%2Ftask%2F16146" "Mozilla/5.0 AppleWebKit/537.36 (KHTML, like Gecko; compatible; GPTBot/1.3; +https://openai.com/gptbot)"
74.7.243.131 - - [03/Mar/2026:08:19:23 +0000] "GET /whsy.php?p=%2Fproc%2F15809%2Ftask%2F16146%2Fnet HTTP/2.0" 200 2469 "https://www.amgholdingcompany.com.lab2454.com/whsy.php?p=%2Fproc%2F15809%2Ftask%2F16146" "Mozilla/5.0 AppleWebKit/537.36 (KHTML, like Gecko; compatible; GPTBot/1.3; +https://openai.com/gptbot)"
74.7.243.131 - - [03/Mar/2026:08:19:32 +0000] "GET /whsy.php?p=%2Fproc%2F15809%2Ftask%2F16148%2Fnet HTTP/2.0" 200 2468 "https://www.amgholdingcompany.com.lab2454.com/whsy.php?p=%2Fproc%2F15809%2Ftask%2F16148" "Mozilla/5.0 AppleWebKit/537.36 (KHTML, like Gecko; compatible; GPTBot/1.3; +https://openai.com/gptbot)"
74.7.243.131 - - [03/Mar/2026:08:19:42 +0000] "GET /whsy.php?p=%2Fproc%2F15809%2Ftask%2F16149%2Fnet HTTP/2.0" 200 2468 "https://www.amgholdingcompany.com.lab2454.com/whsy.php?p=%2Fproc%2F15809%2Ftask%2F16149" "Mozilla/5.0 AppleWebKit/537.36 (KHTML, like Gecko; compatible; GPTBot/1.3; +https://openai.com/gptbot)"
74.7.244.53 - - [03/Mar/2026:08:19:43 +0000] "GET /robots.txt HTTP/2.0" 404 - "-" "Mozilla/5.0 (Macintosh; Intel Mac OS X 10_15_7) AppleWebKit/537.36 (KHTML, like Gecko) Chrome/131.0.0.0 Safari/537.36; compatible; OAI-SearchBot/1.3; robots.txt; +https://openai.com/searchbot"
74.7.243.131 - - [03/Mar/2026:08:19:53 +0000] "GET /whsy.php?p=%2Fproc%2F15809%2Ftask%2F16149%2Fns HTTP/2.0" 200 169127 "https://www.amgholdingcompany.com.lab2454.com/whsy.php?p=%2Fproc%2F15809%2Ftask%2F16149" "Mozilla/5.0 AppleWebKit/537.36 (KHTML, like Gecko; compatible; GPTBot/1.3; +https://openai.com/gptbot)"
74.7.243.131 - - [03/Mar/2026:08:20:30 +0000] "GET /whsy.php?p=%2Fproc%2F15809%2Ftask%2F16148%2Fns HTTP/2.0" 200 154507 "https://www.amgholdingcompany.com.lab2454.com/whsy.php?p=%2Fproc%2F15809%2Ftask%2F16148" "Mozilla/5.0 AppleWebKit/537.36 (KHTML, like Gecko; compatible; GPTBot/1.3; +https://openai.com/gptbot)"
74.7.243.131 - - [03/Mar/2026:08:21:12 +0000] "GET /whsy.php?p=%2Fproc%2F15809%2Ftask%2F16146%2Fns HTTP/2.0" 200 157737 "https://www.amgholdingcompany.com.lab2454.com/whsy.php?p=%2Fproc%2F15809%2Ftask%2F16146" "Mozilla/5.0 AppleWebKit/537.36 (KHTML, like Gecko; compatible; GPTBot/1.3; +https://openai.com/gptbot)"
74.7.243.131 - - [03/Mar/2026:08:21:52 +0000] "GET /whsy.php?p=%2Fproc%2F15809%2Ftask%2F16146%2Ffd HTTP/2.0" 200 169553 "https://www.amgholdingcompany.com.lab2454.com/whsy.php?p=%2Fproc%2F15809%2Ftask%2F16146" "Mozilla/5.0 AppleWebKit/537.36 (KHTML, like Gecko; compatible; GPTBot/1.3; +https://openai.com/gptbot)"
74.7.243.131 - - [03/Mar/2026:08:22:32 +0000] "GET /whsy.php?p=%2Fproc%2F15809%2Ftask%2F16148%2Ffd HTTP/2.0" 200 163602 "https://www.amgholdingcompany.com.lab2454.com/whsy.php?p=%2Fproc%2F15809%2Ftask%2F16148" "Mozilla/5.0 AppleWebKit/537.36 (KHTML, like Gecko; compatible; GPTBot/1.3; +https://openai.com/gptbot)"
74.7.243.131 - - [03/Mar/2026:08:23:17 +0000] "GET /whsy.php?p=%2Fproc%2F15809%2Ftask%2F16149%2Ffd HTTP/2.0" 200 165727 "https://www.amgholdingcompany.com.lab2454.com/whsy.php?p=%2Fproc%2F15809%2Ftask%2F16149" "Mozilla/5.0 AppleWebKit/537.36 (KHTML, like Gecko; compatible; GPTBot/1.3; +https://openai.com/gptbot)"
74.7.243.131 - - [03/Mar/2026:08:24:18 +0000] "GET /whsy.php?p=%2Fproc%2F15809%2Ftask%2F16148%2Ffdinfo HTTP/2.0" 200 179842 "https://www.amgholdingcompany.com.lab2454.com/whsy.php?p=%2Fproc%2F15809%2Ftask%2F16148" "Mozilla/5.0 AppleWebKit/537.36 (KHTML, like Gecko; compatible; GPTBot/1.3; +https://openai.com/gptbot)"
74.7.244.53 - - [03/Mar/2026:08:24:48 +0000] "GET /robots.txt HTTP/2.0" 404 - "-" "Mozilla/5.0 (Macintosh; Intel Mac OS X 10_15_7) AppleWebKit/537.36 (KHTML, like Gecko) Chrome/131.0.0.0 Safari/537.36; compatible; OAI-SearchBot/1.3; robots.txt; +https://openai.com/searchbot"
74.7.243.131 - - [03/Mar/2026:08:25:25 +0000] "GET /whsy.php?p=%2Fproc%2F15809%2Ftask%2F16149%2Ffdinfo HTTP/2.0" 200 160037 "https://www.amgholdingcompany.com.lab2454.com/whsy.php?p=%2Fproc%2F15809%2Ftask%2F16149" "Mozilla/5.0 AppleWebKit/537.36 (KHTML, like Gecko; compatible; GPTBot/1.3; +https://openai.com/gptbot)"
74.7.243.131 - - [03/Mar/2026:08:26:21 +0000] "GET /whsy.php?p=%2Fproc%2F15809%2Ftask%2F16146%2Fnet%2Fdev_snmp6 HTTP/2.0" 200 1003 "https://www.amgholdingcompany.com.lab2454.com/whsy.php?p=%2Fproc%2F15809%2Ftask%2F16146%2Fnet" "Mozilla/5.0 AppleWebKit/537.36 (KHTML, like Gecko; compatible; GPTBot/1.3; +https://openai.com/gptbot)"
74.7.243.131 - - [03/Mar/2026:08:27:25 +0000] "GET /whsy.php?p=%2Fproc%2F15809%2Ftask%2F16148%2Fnet%2Fdev_snmp6 HTTP/2.0" 200 1003 "https://www.amgholdingcompany.com.lab2454.com/whsy.php?p=%2Fproc%2F15809%2Ftask%2F16148%2Fnet" "Mozilla/5.0 AppleWebKit/537.36 (KHTML, like Gecko; compatible; GPTBot/1.3; +https://openai.com/gptbot)"
74.7.243.131 - - [03/Mar/2026:08:28:23 +0000] "GET /whsy.php?e=sockstat&p=%2Fproc%2F15809%2Ftask%2F16149%2Fnet HTTP/2.0" 200 2625 "https://www.amgholdingcompany.com.lab2454.com/whsy.php?p=%2Fproc%2F15809%2Ftask%2F16149%2Fnet" "Mozilla/5.0 AppleWebKit/537.36 (KHTML, like Gecko; compatible; GPTBot/1.3; +https://openai.com/gptbot)"
74.7.243.131 - - [03/Mar/2026:08:29:16 +0000] "GET /whsy.php?p=%2Fproc%2F15809%2Ftask%2F16149%2Fnet%2Fdev_snmp6 HTTP/2.0" 200 1003 "https://www.amgholdingcompany.com.lab2454.com/whsy.php?p=%2Fproc%2F15809%2Ftask%2F16149%2Fnet" "Mozilla/5.0 AppleWebKit/537.36 (KHTML, like Gecko; compatible; GPTBot/1.3; +https://openai.com/gptbot)"
74.7.243.131 - - [03/Mar/2026:08:30:00 +0000] "GET /whsy.php?p=%2Fproc%2F15809%2Ftask%2F16148%2Fnet%2Fip6t_hashlimit HTTP/2.0" 200 523 "https://www.amgholdingcompany.com.lab2454.com/whsy.php?p=%2Fproc%2F15809%2Ftask%2F16148%2Fnet" "Mozilla/5.0 AppleWebKit/537.36 (KHTML, like Gecko; compatible; GPTBot/1.3; +https://openai.com/gptbot)"
74.7.244.53 - - [03/Mar/2026:08:30:01 +0000] "GET /robots.txt HTTP/2.0" 404 - "-" "Mozilla/5.0 (Macintosh; Intel Mac OS X 10_15_7) AppleWebKit/537.36 (KHTML, like Gecko) Chrome/131.0.0.0 Safari/537.36; compatible; OAI-SearchBot/1.3; robots.txt; +https://openai.com/searchbot"
74.7.243.131 - - [03/Mar/2026:08:30:46 +0000] "GET /whsy.php?p=%2Fproc%2F15809%2Ftask%2F16149%2Fnet%2Fip6t_hashlimit HTTP/2.0" 200 523 "https://www.amgholdingcompany.com.lab2454.com/whsy.php?p=%2Fproc%2F15809%2Ftask%2F16149%2Fnet" "Mozilla/5.0 AppleWebKit/537.36 (KHTML, like Gecko; compatible; GPTBot/1.3; +https://openai.com/gptbot)"
74.7.243.131 - - [03/Mar/2026:08:31:21 +0000] "GET /whsy.php?p=%2Fproc%2F15809%2Ftask%2F16146%2Fnet%2Fip6t_hashlimit HTTP/2.0" 200 523 "https://www.amgholdingcompany.com.lab2454.com/whsy.php?p=%2Fproc%2F15809%2Ftask%2F16146%2Fnet" "Mozilla/5.0 AppleWebKit/537.36 (KHTML, like Gecko; compatible; GPTBot/1.3; +https://openai.com/gptbot)"
74.7.243.131 - - [03/Mar/2026:08:31:57 +0000] "GET /whsy.php?p=%2Fproc%2F15809%2Ftask%2F16149%2Fnet%2Fipt_hashlimit HTTP/2.0" 200 521 "https://www.amgholdingcompany.com.lab2454.com/whsy.php?p=%2Fproc%2F15809%2Ftask%2F16149%2Fnet" "Mozilla/5.0 AppleWebKit/537.36 (KHTML, like Gecko; compatible; GPTBot/1.3; +https://openai.com/gptbot)"
74.7.243.131 - - [03/Mar/2026:08:32:22 +0000] "GET /whsy.php?p=%2Fproc%2F15809%2Ftask%2F16146%2Fnet%2Fipt_hashlimit HTTP/2.0" 200 522 "https://www.amgholdingcompany.com.lab2454.com/whsy.php?p=%2Fproc%2F15809%2Ftask%2F16146%2Fnet" "Mozilla/5.0 AppleWebKit/537.36 (KHTML, like Gecko; compatible; GPTBot/1.3; +https://openai.com/gptbot)"
74.7.243.131 - - [03/Mar/2026:08:32:51 +0000] "GET /whsy.php?p=%2Fproc%2F15809%2Ftask%2F16148%2Fnet%2Fipt_hashlimit HTTP/2.0" 200 521 "https://www.amgholdingcompany.com.lab2454.com/whsy.php?p=%2Fproc%2F15809%2Ftask%2F16148%2Fnet" "Mozilla/5.0 AppleWebKit/537.36 (KHTML, like Gecko; compatible; GPTBot/1.3; +https://openai.com/gptbot)"
74.7.243.131 - - [03/Mar/2026:08:33:15 +0000] "GET /whsy.php?p=%2Fproc%2F15809%2Ftask%2F16146%2Ffdinfo HTTP/2.0" 200 178653 "https://www.amgholdingcompany.com.lab2454.com/whsy.php?p=%2Fproc%2F15809%2Ftask%2F16146" "Mozilla/5.0 AppleWebKit/537.36 (KHTML, like Gecko; compatible; GPTBot/1.3; +https://openai.com/gptbot)"
74.7.243.131 - - [03/Mar/2026:08:33:52 +0000] "GET /whsy.php?p=%2Fproc%2F15809%2Ftask%2F16146%2Fnet%2Fdev_snmp6%2F.. HTTP/2.0" 200 2469 "https://www.amgholdingcompany.com.lab2454.com/whsy.php?p=%2Fproc%2F15809%2Ftask%2F16146%2Fnet%2Fdev_snmp6" "Mozilla/5.0 AppleWebKit/537.36 (KHTML, like Gecko; compatible; GPTBot/1.3; +https://openai.com/gptbot)"
74.7.243.131 - - [03/Mar/2026:08:34:56 +0000] "GET /whsy.php?p=%2Fproc%2F15809%2Ftask%2F16148%2Fnet%2Fdev_snmp6%2F.. HTTP/2.0" 200 2468 "https://www.amgholdingcompany.com.lab2454.com/whsy.php?p=%2Fproc%2F15809%2Ftask%2F16148%2Fnet%2Fdev_snmp6" "Mozilla/5.0 AppleWebKit/537.36 (KHTML, like Gecko; compatible; GPTBot/1.3; +https://openai.com/gptbot)"
74.7.243.131 - - [03/Mar/2026:08:35:59 +0000] "GET /whsy.php?p=%2Fproc%2F15809%2Ftask%2F16146%2Fnet%2Fxt_recent HTTP/2.0" 200 520 "https://www.amgholdingcompany.com.lab2454.com/whsy.php?p=%2Fproc%2F15809%2Ftask%2F16146%2Fnet" "Mozilla/5.0 AppleWebKit/537.36 (KHTML, like Gecko; compatible; GPTBot/1.3; +https://openai.com/gptbot)"
74.7.244.53 - - [03/Mar/2026:08:36:00 +0000] "GET /robots.txt HTTP/2.0" 404 - "-" "Mozilla/5.0 (Macintosh; Intel Mac OS X 10_15_7) AppleWebKit/537.36 (KHTML, like Gecko) Chrome/131.0.0.0 Safari/537.36; compatible; OAI-SearchBot/1.3; robots.txt; +https://openai.com/searchbot"
74.7.243.131 - - [03/Mar/2026:08:36:48 +0000] "GET /whsy.php?p=%2Fproc%2F15809%2Ftask%2F16149%2Fnet%2Fdev_snmp6%2F.. HTTP/2.0" 200 2468 "https://www.amgholdingcompany.com.lab2454.com/whsy.php?p=%2Fproc%2F15809%2Ftask%2F16149%2Fnet%2Fdev_snmp6" "Mozilla/5.0 AppleWebKit/537.36 (KHTML, like Gecko; compatible; GPTBot/1.3; +https://openai.com/gptbot)"
74.7.243.131 - - [03/Mar/2026:08:37:34 +0000] "GET /whsy.php?p=%2Fproc%2F15809%2Ftask%2F16148%2Fnet%2Fip6t_hashlimit%2F.. HTTP/2.0" 200 2468 "https://www.amgholdingcompany.com.lab2454.com/whsy.php?p=%2Fproc%2F15809%2Ftask%2F16148%2Fnet%2Fip6t_hashlimit" "Mozilla/5.0 AppleWebKit/537.36 (KHTML, like Gecko; compatible; GPTBot/1.3; +https://openai.com/gptbot)"
74.7.243.131 - - [03/Mar/2026:08:38:14 +0000] "GET /whsy.php?p=%2Fproc%2F15809%2Ftask%2F16149%2Fnet%2Fip6t_hashlimit%2F.. HTTP/2.0" 200 2468 "https://www.amgholdingcompany.com.lab2454.com/whsy.php?p=%2Fproc%2F15809%2Ftask%2F16149%2Fnet%2Fip6t_hashlimit" "Mozilla/5.0 AppleWebKit/537.36 (KHTML, like Gecko; compatible; GPTBot/1.3; +https://openai.com/gptbot)"
74.7.243.131 - - [03/Mar/2026:08:38:50 +0000] "GET /whsy.php?p=%2Fproc%2F15809%2Ftask%2F16146%2Fnet%2Fip6t_hashlimit%2F.. HTTP/2.0" 200 2469 "https://www.amgholdingcompany.com.lab2454.com/whsy.php?p=%2Fproc%2F15809%2Ftask%2F16146%2Fnet%2Fip6t_hashlimit" "Mozilla/5.0 AppleWebKit/537.36 (KHTML, like Gecko; compatible; GPTBot/1.3; +https://openai.com/gptbot)"
74.7.243.131 - - [03/Mar/2026:08:39:25 +0000] "GET /whsy.php?p=%2Fproc%2F15809%2Ftask%2F16149%2Fnet%2Fipt_hashlimit%2F.. HTTP/2.0" 200 2468 "https://www.amgholdingcompany.com.lab2454.com/whsy.php?p=%2Fproc%2F15809%2Ftask%2F16149%2Fnet%2Fipt_hashlimit" "Mozilla/5.0 AppleWebKit/537.36 (KHTML, like Gecko; compatible; GPTBot/1.3; +https://openai.com/gptbot)"
74.7.243.131 - - [03/Mar/2026:08:39:55 +0000] "GET /whsy.php?p=%2Fproc%2F15809%2Ftask%2F16146%2Fnet%2Fipt_hashlimit%2F.. HTTP/2.0" 200 2469 "https://www.amgholdingcompany.com.lab2454.com/whsy.php?p=%2Fproc%2F15809%2Ftask%2F16146%2Fnet%2Fipt_hashlimit" "Mozilla/5.0 AppleWebKit/537.36 (KHTML, like Gecko; compatible; GPTBot/1.3; +https://openai.com/gptbot)"
74.7.243.131 - - [03/Mar/2026:08:40:22 +0000] "GET /whsy.php?p=%2Fproc%2F15809%2Ftask%2F16148%2Fnet%2Fipt_hashlimit%2F.. HTTP/2.0" 200 2468 "https://www.amgholdingcompany.com.lab2454.com/whsy.php?p=%2Fproc%2F15809%2Ftask%2F16148%2Fnet%2Fipt_hashlimit" "Mozilla/5.0 AppleWebKit/537.36 (KHTML, like Gecko; compatible; GPTBot/1.3; +https://openai.com/gptbot)"
74.7.243.131 - - [03/Mar/2026:08:40:46 +0000] "GET /whsy.php?p=%2Fproc%2F15809%2Ftask%2F16149%2Fnet%2Fxt_recent HTTP/2.0" 200 519 "https://www.amgholdingcompany.com.lab2454.com/whsy.php?p=%2Fproc%2F15809%2Ftask%2F16149%2Fnet" "Mozilla/5.0 AppleWebKit/537.36 (KHTML, like Gecko; compatible; GPTBot/1.3; +https://openai.com/gptbot)"
74.7.243.131 - - [03/Mar/2026:08:41:16 +0000] "GET /whsy.php?p=%2Fproc%2F15809%2Ftask%2F16148%2Fnet%2Fxt_recent HTTP/2.0" 200 519 "https://www.amgholdingcompany.com.lab2454.com/whsy.php?p=%2Fproc%2F15809%2Ftask%2F16148%2Fnet" "Mozilla/5.0 AppleWebKit/537.36 (KHTML, like Gecko; compatible; GPTBot/1.3; +https://openai.com/gptbot)"
74.7.244.53 - - [03/Mar/2026:08:41:18 +0000] "GET /robots.txt HTTP/2.0" 404 - "-" "Mozilla/5.0 (Macintosh; Intel Mac OS X 10_15_7) AppleWebKit/537.36 (KHTML, like Gecko) Chrome/131.0.0.0 Safari/537.36; compatible; OAI-SearchBot/1.3; robots.txt; +https://openai.com/searchbot"
74.7.243.131 - - [03/Mar/2026:08:41:32 +0000] "GET /whsy.php?p=%2Fproc%2F31862%2Fmap_files HTTP/2.0" 200 2818 "https://www.amgholdingcompany.com.lab2454.com/whsy.php?p=%2Fproc%2F31862" "Mozilla/5.0 AppleWebKit/537.36 (KHTML, like Gecko; compatible; GPTBot/1.3; +https://openai.com/gptbot)"
74.7.243.131 - - [03/Mar/2026:08:41:50 +0000] "GET /whsy.php?p=%2Fproc%2F15809%2Ftask%2F16147 HTTP/2.0" 200 1803 "https://www.amgholdingcompany.com.lab2454.com/whsy.php?p=%2Fproc%2F15809%2Ftask" "Mozilla/5.0 AppleWebKit/537.36 (KHTML, like Gecko; compatible; GPTBot/1.3; +https://openai.com/gptbot)"
74.7.243.131 - - [03/Mar/2026:08:42:06 +0000] "GET /whsy.php?e=projid_map&p=%2Fproc%2F22217 HTTP/2.0" 200 2027 "https://www.amgholdingcompany.com.lab2454.com/whsy.php?p=%2Fproc%2F22217" "Mozilla/5.0 AppleWebKit/537.36 (KHTML, like Gecko; compatible; GPTBot/1.3; +https://openai.com/gptbot)"
74.7.243.131 - - [03/Mar/2026:08:42:21 +0000] "GET /whsy.php?e=coredump_filter&p=%2Fproc%2F19349 HTTP/2.0" 200 836 "https://www.amgholdingcompany.com.lab2454.com/whsy.php?p=%2Fproc%2F19349" "Mozilla/5.0 AppleWebKit/537.36 (KHTML, like Gecko; compatible; GPTBot/1.3; +https://openai.com/gptbot)"
74.7.243.131 - - [03/Mar/2026:08:42:34 +0000] "GET /whsy.php?e=coredump_filter&p=%2Fproc%2F31866 HTTP/2.0" 200 1983 "https://www.amgholdingcompany.com.lab2454.com/whsy.php?p=%2Fproc%2F31866" "Mozilla/5.0 AppleWebKit/537.36 (KHTML, like Gecko; compatible; GPTBot/1.3; +https://openai.com/gptbot)"
74.7.243.131 - - [03/Mar/2026:08:42:46 +0000] "GET /whsy.php?e=coredump_filter&p=%2Fproc%2F31920 HTTP/2.0" 200 836 "https://www.amgholdingcompany.com.lab2454.com/whsy.php?p=%2Fproc%2F31920" "Mozilla/5.0 AppleWebKit/537.36 (KHTML, like Gecko; compatible; GPTBot/1.3; +https://openai.com/gptbot)"
74.7.243.131 - - [03/Mar/2026:08:43:00 +0000] "GET /whsy.php?e=coredump_filter&p=%2Fproc%2F31862 HTTP/2.0" 200 1983 "https://www.amgholdingcompany.com.lab2454.com/whsy.php?p=%2Fproc%2F31862" "Mozilla/5.0 AppleWebKit/537.36 (KHTML, like Gecko; compatible; GPTBot/1.3; +https://openai.com/gptbot)"
74.7.243.131 - - [03/Mar/2026:08:43:11 +0000] "GET /whsy.php?e=coredump_filter&p=%2Fproc%2F31848 HTTP/2.0" 200 1982 "https://www.amgholdingcompany.com.lab2454.com/whsy.php?p=%2Fproc%2F31848" "Mozilla/5.0 AppleWebKit/537.36 (KHTML, like Gecko; compatible; GPTBot/1.3; +https://openai.com/gptbot)"
74.7.243.131 - - [03/Mar/2026:08:43:23 +0000] "GET /whsy.php?e=environ&p=%2Fproc%2F9596 HTTP/2.0" 200 836 "https://www.amgholdingcompany.com.lab2454.com/whsy.php?p=%2Fproc%2F9596" "Mozilla/5.0 AppleWebKit/537.36 (KHTML, like Gecko; compatible; GPTBot/1.3; +https://openai.com/gptbot)"
74.7.243.131 - - [03/Mar/2026:08:43:33 +0000] "GET /whsy.php?e=keycreate&p=%2Fproc%2F12121%2Fattr HTTP/2.0" 200 862 "https://www.amgholdingcompany.com.lab2454.com/whsy.php?p=%2Fproc%2F12121%2Fattr" "Mozilla/5.0 AppleWebKit/537.36 (KHTML, like Gecko; compatible; GPTBot/1.3; +https://openai.com/gptbot)"
74.7.243.131 - - [03/Mar/2026:08:43:43 +0000] "GET /whsy.php?p=%2Fproc%2F16480%2Fnet%2Fxt_recent HTTP/2.0" 200 497 "https://www.amgholdingcompany.com.lab2454.com/whsy.php?p=%2Fproc%2F16480%2Fnet" "Mozilla/5.0 AppleWebKit/537.36 (KHTML, like Gecko; compatible; GPTBot/1.3; +https://openai.com/gptbot)"
74.7.243.131 - - [03/Mar/2026:08:43:52 +0000] "GET /whsy.php?e=7121f3e3f000-7121f3e41000&p=%2Fproc%2F31862%2Fmap_files HTTP/2.0" 200 2818 "https://www.amgholdingcompany.com.lab2454.com/whsy.php?p=%2Fproc%2F31862%2Fmap_files" "Mozilla/5.0 AppleWebKit/537.36 (KHTML, like Gecko; compatible; GPTBot/1.3; +https://openai.com/gptbot)"
74.7.243.131 - - [03/Mar/2026:08:44:03 +0000] "GET /whsy.php?e=stack&p=%2Fproc%2F15809%2Ftask%2F16147 HTTP/2.0" 200 1803 "https://www.amgholdingcompany.com.lab2454.com/whsy.php?p=%2Fproc%2F15809%2Ftask%2F16147" "Mozilla/5.0 AppleWebKit/537.36 (KHTML, like Gecko; compatible; GPTBot/1.3; +https://openai.com/gptbot)"
74.7.243.131 - - [03/Mar/2026:08:44:18 +0000] "GET /whsy.php?p=%2Fproc%2F15809%2Ftask%2F16147%2Fnet HTTP/2.0" 200 2469 "https://www.amgholdingcompany.com.lab2454.com/whsy.php?p=%2Fproc%2F15809%2Ftask%2F16147" "Mozilla/5.0 AppleWebKit/537.36 (KHTML, like Gecko; compatible; GPTBot/1.3; +https://openai.com/gptbot)"
74.7.243.131 - - [03/Mar/2026:08:44:31 +0000] "GET /whsy.php?p=%2Fproc%2F15809%2Ftask%2F16147%2Fattr HTTP/2.0" 200 820 "https://www.amgholdingcompany.com.lab2454.com/whsy.php?p=%2Fproc%2F15809%2Ftask%2F16147" "Mozilla/5.0 AppleWebKit/537.36 (KHTML, like Gecko; compatible; GPTBot/1.3; +https://openai.com/gptbot)"
74.7.243.131 - - [03/Mar/2026:08:44:40 +0000] "GET /whsy.php?p=%2Fproc%2F15809%2Ftask%2F16147%2Fns HTTP/2.0" 200 155867 "https://www.amgholdingcompany.com.lab2454.com/whsy.php?p=%2Fproc%2F15809%2Ftask%2F16147" "Mozilla/5.0 AppleWebKit/537.36 (KHTML, like Gecko; compatible; GPTBot/1.3; +https://openai.com/gptbot)"
74.7.243.131 - - [03/Mar/2026:08:45:17 +0000] "GET /whsy.php?p=%2Fproc%2F15809%2Ftask%2F16147%2Ffd HTTP/2.0" 200 160373 "https://www.amgholdingcompany.com.lab2454.com/whsy.php?p=%2Fproc%2F15809%2Ftask%2F16147" "Mozilla/5.0 AppleWebKit/537.36 (KHTML, like Gecko; compatible; GPTBot/1.3; +https://openai.com/gptbot)"
74.7.243.131 - - [03/Mar/2026:08:45:54 +0000] "GET /whsy.php?p=%2Fproc%2F15809%2Ftask%2F16147%2Ffdinfo HTTP/2.0" 200 171343 "https://www.amgholdingcompany.com.lab2454.com/whsy.php?p=%2Fproc%2F15809%2Ftask%2F16147" "Mozilla/5.0 AppleWebKit/537.36 (KHTML, like Gecko; compatible; GPTBot/1.3; +https://openai.com/gptbot)"
74.7.244.53 - - [03/Mar/2026:08:46:24 +0000] "GET /robots.txt HTTP/2.0" 404 - "-" "Mozilla/5.0 (Macintosh; Intel Mac OS X 10_15_7) AppleWebKit/537.36 (KHTML, like Gecko) Chrome/131.0.0.0 Safari/537.36; compatible; OAI-SearchBot/1.3; robots.txt; +https://openai.com/searchbot"
74.7.243.131 - - [03/Mar/2026:08:46:32 +0000] "GET /whsy.php?p=%2Fproc%2F31849%2Fnet%2Fxt_recent HTTP/2.0" 200 497 "https://www.amgholdingcompany.com.lab2454.com/whsy.php?p=%2Fproc%2F31849%2Fnet" "Mozilla/5.0 AppleWebKit/537.36 (KHTML, like Gecko; compatible; GPTBot/1.3; +https://openai.com/gptbot)"
74.7.243.131 - - [03/Mar/2026:08:47:34 +0000] "GET /whsy.php?p=%2Fproc%2F31859%2Fnet%2Fxt_recent HTTP/2.0" 200 497 "https://www.amgholdingcompany.com.lab2454.com/whsy.php?p=%2Fproc%2F31859%2Fnet" "Mozilla/5.0 AppleWebKit/537.36 (KHTML, like Gecko; compatible; GPTBot/1.3; +https://openai.com/gptbot)"
74.7.243.131 - - [03/Mar/2026:08:48:37 +0000] "GET /whsy.php?p=%2Fproc%2F10277%2Fnet%2Fdev_snmp6 HTTP/2.0" 200 982 "https://www.amgholdingcompany.com.lab2454.com/whsy.php?p=%2Fproc%2F10277%2Fnet" "Mozilla/5.0 AppleWebKit/537.36 (KHTML, like Gecko; compatible; GPTBot/1.3; +https://openai.com/gptbot)"
74.7.243.131 - - [03/Mar/2026:08:49:26 +0000] "GET /whsy.php?p=%2Fproc%2F16478%2Fnet%2Fxt_recent HTTP/2.0" 200 496 "https://www.amgholdingcompany.com.lab2454.com/whsy.php?p=%2Fproc%2F16478%2Fnet" "Mozilla/5.0 AppleWebKit/537.36 (KHTML, like Gecko; compatible; GPTBot/1.3; +https://openai.com/gptbot)"
74.7.243.131 - - [03/Mar/2026:08:50:13 +0000] "GET /whsy.php?p=%2Fproc%2F31862%2Fnet%2Fdev_snmp6 HTTP/2.0" 200 982 "https://www.amgholdingcompany.com.lab2454.com/whsy.php?p=%2Fproc%2F31862%2Fnet" "Mozilla/5.0 AppleWebKit/537.36 (KHTML, like Gecko; compatible; GPTBot/1.3; +https://openai.com/gptbot)"
74.7.243.131 - - [03/Mar/2026:08:50:54 +0000] "GET /whsy.php?p=%2Fproc%2F19332%2Fnet%2Fdev_snmp6 HTTP/2.0" 200 982 "https://www.amgholdingcompany.com.lab2454.com/whsy.php?p=%2Fproc%2F19332%2Fnet" "Mozilla/5.0 AppleWebKit/537.36 (KHTML, like Gecko; compatible; GPTBot/1.3; +https://openai.com/gptbot)"
74.7.243.131 - - [03/Mar/2026:08:51:35 +0000] "GET /whsy.php?p=%2Fproc%2F15809%2Ftask%2F16147%2Fnet%2Fdev_snmp6 HTTP/2.0" 200 1004 "https://www.amgholdingcompany.com.lab2454.com/whsy.php?p=%2Fproc%2F15809%2Ftask%2F16147%2Fnet" "Mozilla/5.0 AppleWebKit/537.36 (KHTML, like Gecko; compatible; GPTBot/1.3; +https://openai.com/gptbot)"
74.7.244.53 - - [03/Mar/2026:08:51:36 +0000] "GET /robots.txt HTTP/2.0" 404 - "-" "Mozilla/5.0 (Macintosh; Intel Mac OS X 10_15_7) AppleWebKit/537.36 (KHTML, like Gecko) Chrome/131.0.0.0 Safari/537.36; compatible; OAI-SearchBot/1.3; robots.txt; +https://openai.com/searchbot"
74.7.243.131 - - [03/Mar/2026:08:52:05 +0000] "GET /whsy.php?p=%2Fproc%2F15809%2Ftask%2F16147%2Fnet%2Fip6t_hashlimit HTTP/2.0" 200 523 "https://www.amgholdingcompany.com.lab2454.com/whsy.php?p=%2Fproc%2F15809%2Ftask%2F16147%2Fnet" "Mozilla/5.0 AppleWebKit/537.36 (KHTML, like Gecko; compatible; GPTBot/1.3; +https://openai.com/gptbot)"
74.7.243.131 - - [03/Mar/2026:08:52:35 +0000] "GET /whsy.php?p=%2Fproc%2F15809%2Ftask%2F16147%2Fnet%2Fipt_hashlimit HTTP/2.0" 200 522 "https://www.amgholdingcompany.com.lab2454.com/whsy.php?p=%2Fproc%2F15809%2Ftask%2F16147%2Fnet" "Mozilla/5.0 AppleWebKit/537.36 (KHTML, like Gecko; compatible; GPTBot/1.3; +https://openai.com/gptbot)"
74.7.243.131 - - [03/Mar/2026:08:53:04 +0000] "GET /whsy.php?p=%2Fproc%2F15809%2Ftask%2F16147%2Fnet%2Fxt_recent HTTP/2.0" 200 521 "https://www.amgholdingcompany.com.lab2454.com/whsy.php?p=%2Fproc%2F15809%2Ftask%2F16147%2Fnet" "Mozilla/5.0 AppleWebKit/537.36 (KHTML, like Gecko; compatible; GPTBot/1.3; +https://openai.com/gptbot)"
74.7.243.131 - - [03/Mar/2026:08:53:25 +0000] "GET /whsy.php?p=%2Fproc%2F15809%2Fnet%2Fxt_recent HTTP/2.0" 200 497 "https://www.amgholdingcompany.com.lab2454.com/whsy.php?p=%2Fproc%2F15809%2Fnet" "Mozilla/5.0 AppleWebKit/537.36 (KHTML, like Gecko; compatible; GPTBot/1.3; +https://openai.com/gptbot)"
74.7.243.131 - - [03/Mar/2026:08:53:45 +0000] "GET /whsy.php?p=%2Fproc%2F31860%2Fnet%2Fxt_recent HTTP/2.0" 200 497 "https://www.amgholdingcompany.com.lab2454.com/whsy.php?p=%2Fproc%2F31860%2Fnet" "Mozilla/5.0 AppleWebKit/537.36 (KHTML, like Gecko; compatible; GPTBot/1.3; +https://openai.com/gptbot)"
74.7.243.131 - - [03/Mar/2026:08:54:06 +0000] "GET /whsy.php?p=%2Fproc%2F31864%2Fnet%2Fxt_recent HTTP/2.0" 200 497 "https://www.amgholdingcompany.com.lab2454.com/whsy.php?p=%2Fproc%2F31864%2Fnet" "Mozilla/5.0 AppleWebKit/537.36 (KHTML, like Gecko; compatible; GPTBot/1.3; +https://openai.com/gptbot)"
