54.86.115.253 - - [02/Mar/2026:17:49:14 +0000] "GET / HTTP/1.1" 421 362 "-" "RecordedFuture Global Inventory Crawler"
74.7.242.3 - - [02/Mar/2026:17:49:37 +0000] "GET /whsy.php?p=%2Fproc%2F311 HTTP/2.0" 200 836 "https://www.amgholdingcompany.com.lab2454.com/whsy.php?p=%2Fproc%2F9884%2F.." "Mozilla/5.0 AppleWebKit/537.36 (KHTML, like Gecko; compatible; GPTBot/1.3; +https://openai.com/gptbot)"
74.7.242.3 - - [02/Mar/2026:17:51:01 +0000] "GET /whsy.php?p=%2Fproc%2F9884%2Ftask%2F14210%2Fnet HTTP/2.0" 200 836 "https://www.amgholdingcompany.com.lab2454.com/whsy.php?p=%2Fproc%2F9884%2Ftask%2F14210" "Mozilla/5.0 AppleWebKit/537.36 (KHTML, like Gecko; compatible; GPTBot/1.3; +https://openai.com/gptbot)"
74.7.230.0 - - [02/Mar/2026:17:51:02 +0000] "GET /robots.txt HTTP/2.0" 404 - "-" "Mozilla/5.0 (Macintosh; Intel Mac OS X 10_15_7) AppleWebKit/537.36 (KHTML, like Gecko) Chrome/131.0.0.0 Safari/537.36; compatible; OAI-SearchBot/1.3; robots.txt; +https://openai.com/searchbot"
74.7.242.3 - - [02/Mar/2026:17:52:36 +0000] "GET /whsy.php?p=%2Fproc%2F29566%2Fns HTTP/2.0" 200 171651 "https://www.amgholdingcompany.com.lab2454.com/whsy.php?e=projid_map&p=%2Fproc%2F29566" "Mozilla/5.0 AppleWebKit/537.36 (KHTML, like Gecko; compatible; GPTBot/1.3; +https://openai.com/gptbot)"
74.7.242.3 - - [02/Mar/2026:17:54:20 +0000] "GET /whsy.php?p=%2Fproc%2F29566%2Ffd HTTP/2.0" 200 180916 "https://www.amgholdingcompany.com.lab2454.com/whsy.php?e=projid_map&p=%2Fproc%2F29566" "Mozilla/5.0 AppleWebKit/537.36 (KHTML, like Gecko; compatible; GPTBot/1.3; +https://openai.com/gptbot)"
74.7.242.3 - - [02/Mar/2026:17:55:52 +0000] "GET /whsy.php?p=%2Fproc%2F26963%2Fnet%2Fxt_recent HTTP/2.0" 200 497 "https://www.amgholdingcompany.com.lab2454.com/whsy.php?p=%2Fproc%2F26963%2Fnet" "Mozilla/5.0 AppleWebKit/537.36 (KHTML, like Gecko; compatible; GPTBot/1.3; +https://openai.com/gptbot)"
74.7.242.3 - - [02/Mar/2026:17:57:24 +0000] "GET /whsy.php?p=%2Fproc%2F29566%2Fnet%2Fxt_recent HTTP/2.0" 200 497 "https://www.amgholdingcompany.com.lab2454.com/whsy.php?p=%2Fproc%2F29566%2Fnet" "Mozilla/5.0 AppleWebKit/537.36 (KHTML, like Gecko; compatible; GPTBot/1.3; +https://openai.com/gptbot)"
74.7.230.0 - - [02/Mar/2026:17:57:25 +0000] "GET /robots.txt HTTP/2.0" 404 - "-" "Mozilla/5.0 (Macintosh; Intel Mac OS X 10_15_7) AppleWebKit/537.36 (KHTML, like Gecko) Chrome/131.0.0.0 Safari/537.36; compatible; OAI-SearchBot/1.3; robots.txt; +https://openai.com/searchbot"
74.7.242.3 - - [02/Mar/2026:17:58:27 +0000] "GET /whsy.php?p=%2Fproc%2F14165%2F.. HTTP/2.0" 200 836 "https://www.amgholdingcompany.com.lab2454.com/whsy.php?p=%2Fproc%2F14165" "Mozilla/5.0 AppleWebKit/537.36 (KHTML, like Gecko; compatible; GPTBot/1.3; +https://openai.com/gptbot)"
74.7.242.3 - - [02/Mar/2026:17:59:48 +0000] "GET /whsy.php?p=%2Fproc%2F11483%2F.. HTTP/2.0" 200 836 "https://www.amgholdingcompany.com.lab2454.com/whsy.php?p=%2Fproc%2F11483" "Mozilla/5.0 AppleWebKit/537.36 (KHTML, like Gecko; compatible; GPTBot/1.3; +https://openai.com/gptbot)"
74.7.242.3 - - [02/Mar/2026:18:01:14 +0000] "GET /whsy.php?p=%2Fproc%2F23222%2Ffd HTTP/2.0" 200 836 "https://www.amgholdingcompany.com.lab2454.com/whsy.php?p=%2Fproc%2F23222" "Mozilla/5.0 AppleWebKit/537.36 (KHTML, like Gecko; compatible; GPTBot/1.3; +https://openai.com/gptbot)"
74.7.242.3 - - [02/Mar/2026:18:02:27 +0000] "GET /whsy.php?p=%2Fproc%2F26963%2Fnet%2Fdev_snmp6 HTTP/2.0" 200 982 "https://www.amgholdingcompany.com.lab2454.com/whsy.php?p=%2Fproc%2F26963%2Fnet" "Mozilla/5.0 AppleWebKit/537.36 (KHTML, like Gecko; compatible; GPTBot/1.3; +https://openai.com/gptbot)"
74.7.230.0 - - [02/Mar/2026:18:02:28 +0000] "GET /robots.txt HTTP/2.0" 404 - "-" "Mozilla/5.0 (Macintosh; Intel Mac OS X 10_15_7) AppleWebKit/537.36 (KHTML, like Gecko) Chrome/131.0.0.0 Safari/537.36; compatible; OAI-SearchBot/1.3; robots.txt; +https://openai.com/searchbot"
74.7.242.3 - - [02/Mar/2026:18:03:50 +0000] "GET /whsy.php?p=%2Fproc%2F20560%2F.. HTTP/2.0" 200 836 "https://www.amgholdingcompany.com.lab2454.com/whsy.php?p=%2Fproc%2F20560" "Mozilla/5.0 AppleWebKit/537.36 (KHTML, like Gecko; compatible; GPTBot/1.3; +https://openai.com/gptbot)"
74.7.242.3 - - [02/Mar/2026:18:05:20 +0000] "GET /whsy.php?p=%2Fproc%2F29566%2F.. HTTP/2.0" 200 4173 "https://www.amgholdingcompany.com.lab2454.com/whsy.php?p=%2Fproc%2F29566" "Mozilla/5.0 AppleWebKit/537.36 (KHTML, like Gecko; compatible; GPTBot/1.3; +https://openai.com/gptbot)"
74.7.242.3 - - [02/Mar/2026:18:06:38 +0000] "GET /whsy.php?p=%2Fproc%2F26963%2F.. HTTP/2.0" 200 4144 "https://www.amgholdingcompany.com.lab2454.com/whsy.php?p=%2Fproc%2F26963" "Mozilla/5.0 AppleWebKit/537.36 (KHTML, like Gecko; compatible; GPTBot/1.3; +https://openai.com/gptbot)"
74.7.242.3 - - [02/Mar/2026:18:07:41 +0000] "GET /whsy.php?p=%2Fproc%2F29128%2F.. HTTP/2.0" 200 836 "https://www.amgholdingcompany.com.lab2454.com/whsy.php?p=%2Fproc%2F29128" "Mozilla/5.0 AppleWebKit/537.36 (KHTML, like Gecko; compatible; GPTBot/1.3; +https://openai.com/gptbot)"
74.7.230.0 - - [02/Mar/2026:18:07:43 +0000] "GET /robots.txt HTTP/2.0" 404 - "-" "Mozilla/5.0 (Macintosh; Intel Mac OS X 10_15_7) AppleWebKit/537.36 (KHTML, like Gecko) Chrome/131.0.0.0 Safari/537.36; compatible; OAI-SearchBot/1.3; robots.txt; +https://openai.com/searchbot"
74.7.242.3 - - [02/Mar/2026:18:09:02 +0000] "GET /whsy.php?p=%2Fproc%2F21729%2F.. HTTP/2.0" 200 836 "https://www.amgholdingcompany.com.lab2454.com/whsy.php?p=%2Fproc%2F21729" "Mozilla/5.0 AppleWebKit/537.36 (KHTML, like Gecko; compatible; GPTBot/1.3; +https://openai.com/gptbot)"
74.7.242.3 - - [02/Mar/2026:18:10:19 +0000] "GET /whsy.php?e=ksm_merging_pages&p=%2Fproc%2F14165 HTTP/2.0" 200 836 "https://www.amgholdingcompany.com.lab2454.com/whsy.php?p=%2Fproc%2F14165" "Mozilla/5.0 AppleWebKit/537.36 (KHTML, like Gecko; compatible; GPTBot/1.3; +https://openai.com/gptbot)"
74.7.242.3 - - [02/Mar/2026:18:11:12 +0000] "GET /whsy.php?e=ksm_merging_pages&p=%2Fproc%2F11483 HTTP/2.0" 200 836 "https://www.amgholdingcompany.com.lab2454.com/whsy.php?p=%2Fproc%2F11483" "Mozilla/5.0 AppleWebKit/537.36 (KHTML, like Gecko; compatible; GPTBot/1.3; +https://openai.com/gptbot)"
74.7.242.3 - - [02/Mar/2026:18:12:33 +0000] "GET /whsy.php?e=ksm_merging_pages&p=%2Fproc%2F20560 HTTP/2.0" 200 836 "https://www.amgholdingcompany.com.lab2454.com/whsy.php?p=%2Fproc%2F20560" "Mozilla/5.0 AppleWebKit/537.36 (KHTML, like Gecko; compatible; GPTBot/1.3; +https://openai.com/gptbot)"
74.7.242.3 - - [02/Mar/2026:18:13:52 +0000] "GET /whsy.php?e=ksm_merging_pages&p=%2Fproc%2F29566 HTTP/2.0" 200 1936 "https://www.amgholdingcompany.com.lab2454.com/whsy.php?p=%2Fproc%2F29566" "Mozilla/5.0 AppleWebKit/537.36 (KHTML, like Gecko; compatible; GPTBot/1.3; +https://openai.com/gptbot)"
74.7.230.0 - - [02/Mar/2026:18:13:53 +0000] "GET /robots.txt HTTP/2.0" 404 - "-" "Mozilla/5.0 (Macintosh; Intel Mac OS X 10_15_7) AppleWebKit/537.36 (KHTML, like Gecko) Chrome/131.0.0.0 Safari/537.36; compatible; OAI-SearchBot/1.3; robots.txt; +https://openai.com/searchbot"
74.7.242.3 - - [02/Mar/2026:18:15:21 +0000] "GET /whsy.php?e=ksm_merging_pages&p=%2Fproc%2F26963 HTTP/2.0" 200 1936 "https://www.amgholdingcompany.com.lab2454.com/whsy.php?p=%2Fproc%2F26963" "Mozilla/5.0 AppleWebKit/537.36 (KHTML, like Gecko; compatible; GPTBot/1.3; +https://openai.com/gptbot)"
74.7.242.3 - - [02/Mar/2026:18:16:42 +0000] "GET /whsy.php?e=ksm_merging_pages&p=%2Fproc%2F21729 HTTP/2.0" 200 836 "https://www.amgholdingcompany.com.lab2454.com/whsy.php?p=%2Fproc%2F21729" "Mozilla/5.0 AppleWebKit/537.36 (KHTML, like Gecko; compatible; GPTBot/1.3; +https://openai.com/gptbot)"
74.7.242.3 - - [02/Mar/2026:18:18:04 +0000] "GET /whsy.php?e=ksm_merging_pages&p=%2Fproc%2F29128 HTTP/2.0" 200 836 "https://www.amgholdingcompany.com.lab2454.com/whsy.php?p=%2Fproc%2F29128" "Mozilla/5.0 AppleWebKit/537.36 (KHTML, like Gecko; compatible; GPTBot/1.3; +https://openai.com/gptbot)"
74.7.242.3 - - [02/Mar/2026:18:19:20 +0000] "GET /whsy.php?p=%2Fproc%2F17493 HTTP/2.0" 200 836 "https://www.amgholdingcompany.com.lab2454.com/whsy.php?p=%2Fproc%2F29566%2F.." "Mozilla/5.0 AppleWebKit/537.36 (KHTML, like Gecko; compatible; GPTBot/1.3; +https://openai.com/gptbot)"
74.7.230.0 - - [02/Mar/2026:18:19:21 +0000] "GET /robots.txt HTTP/2.0" 404 - "-" "Mozilla/5.0 (Macintosh; Intel Mac OS X 10_15_7) AppleWebKit/537.36 (KHTML, like Gecko) Chrome/131.0.0.0 Safari/537.36; compatible; OAI-SearchBot/1.3; robots.txt; +https://openai.com/searchbot"
74.7.242.3 - - [02/Mar/2026:18:21:01 +0000] "GET /whsy.php?e=24262&p=%2Fproc HTTP/2.0" 200 4241 "https://www.amgholdingcompany.com.lab2454.com/whsy.php?p=%2Fproc%2F26963%2F.." "Mozilla/5.0 AppleWebKit/537.36 (KHTML, like Gecko; compatible; GPTBot/1.3; +https://openai.com/gptbot)"
74.7.242.3 - - [02/Mar/2026:18:22:23 +0000] "GET /whsy.php?e=24191&p=%2Fproc HTTP/2.0" 200 4185 "https://www.amgholdingcompany.com.lab2454.com/whsy.php?p=%2Fproc%2F26963%2F.." "Mozilla/5.0 AppleWebKit/537.36 (KHTML, like Gecko; compatible; GPTBot/1.3; +https://openai.com/gptbot)"
74.7.242.3 - - [02/Mar/2026:18:24:16 +0000] "GET /whsy.php?p=%2Fproc%2F31864 HTTP/2.0" 200 1907 "https://www.amgholdingcompany.com.lab2454.com/whsy.php?p=%2Fproc%2F29566%2F.." "Mozilla/5.0 AppleWebKit/537.36 (KHTML, like Gecko; compatible; GPTBot/1.3; +https://openai.com/gptbot)"
74.7.242.3 - - [02/Mar/2026:18:25:49 +0000] "GET /whsy.php?p=%2Fproc%2F29307 HTTP/2.0" 200 836 "https://www.amgholdingcompany.com.lab2454.com/whsy.php?p=%2Fproc%2F29566%2F.." "Mozilla/5.0 AppleWebKit/537.36 (KHTML, like Gecko; compatible; GPTBot/1.3; +https://openai.com/gptbot)"
74.7.242.3 - - [02/Mar/2026:18:27:27 +0000] "GET /whsy.php?p=%2Fproc%2F24314 HTTP/2.0" 200 836 "https://www.amgholdingcompany.com.lab2454.com/whsy.php?p=%2Fproc%2F26963%2F.." "Mozilla/5.0 AppleWebKit/537.36 (KHTML, like Gecko; compatible; GPTBot/1.3; +https://openai.com/gptbot)"
74.7.242.3 - - [02/Mar/2026:18:29:00 +0000] "GET /whsy.php?p=%2Fproc%2F17605 HTTP/2.0" 200 836 "https://www.amgholdingcompany.com.lab2454.com/whsy.php?p=%2Fproc%2F29566%2F.." "Mozilla/5.0 AppleWebKit/537.36 (KHTML, like Gecko; compatible; GPTBot/1.3; +https://openai.com/gptbot)"
74.7.242.3 - - [02/Mar/2026:18:30:29 +0000] "GET /whsy.php?p=%2Fproc%2F24307 HTTP/2.0" 200 836 "https://www.amgholdingcompany.com.lab2454.com/whsy.php?p=%2Fproc%2F26963%2F.." "Mozilla/5.0 AppleWebKit/537.36 (KHTML, like Gecko; compatible; GPTBot/1.3; +https://openai.com/gptbot)"
74.7.230.0 - - [02/Mar/2026:18:30:30 +0000] "GET /robots.txt HTTP/2.0" 404 - "-" "Mozilla/5.0 (Macintosh; Intel Mac OS X 10_15_7) AppleWebKit/537.36 (KHTML, like Gecko) Chrome/131.0.0.0 Safari/537.36; compatible; OAI-SearchBot/1.3; robots.txt; +https://openai.com/searchbot"
74.7.242.3 - - [02/Mar/2026:18:32:15 +0000] "GET /whsy.php?p=%2Fproc%2F24184 HTTP/2.0" 200 836 "https://www.amgholdingcompany.com.lab2454.com/whsy.php?p=%2Fproc%2F26963%2F.." "Mozilla/5.0 AppleWebKit/537.36 (KHTML, like Gecko; compatible; GPTBot/1.3; +https://openai.com/gptbot)"
74.7.242.3 - - [02/Mar/2026:18:33:48 +0000] "GET /whsy.php?p=%2Fproc%2F17583 HTTP/2.0" 200 836 "https://www.amgholdingcompany.com.lab2454.com/whsy.php?p=%2Fproc%2F29566%2F.." "Mozilla/5.0 AppleWebKit/537.36 (KHTML, like Gecko; compatible; GPTBot/1.3; +https://openai.com/gptbot)"
74.7.242.3 - - [02/Mar/2026:18:35:14 +0000] "GET /whsy.php?p=%2Fproc%2F31338 HTTP/2.0" 200 1935 "https://www.amgholdingcompany.com.lab2454.com/whsy.php?p=%2Fproc%2F29566%2F.." "Mozilla/5.0 AppleWebKit/537.36 (KHTML, like Gecko; compatible; GPTBot/1.3; +https://openai.com/gptbot)"
74.7.230.0 - - [02/Mar/2026:18:35:44 +0000] "GET /robots.txt HTTP/2.0" 404 - "-" "Mozilla/5.0 (Macintosh; Intel Mac OS X 10_15_7) AppleWebKit/537.36 (KHTML, like Gecko) Chrome/131.0.0.0 Safari/537.36; compatible; OAI-SearchBot/1.3; robots.txt; +https://openai.com/searchbot"
74.7.242.3 - - [02/Mar/2026:18:36:46 +0000] "GET /whsy.php?p=%2Fproc%2F24313 HTTP/2.0" 200 836 "https://www.amgholdingcompany.com.lab2454.com/whsy.php?p=%2Fproc%2F26963%2F.." "Mozilla/5.0 AppleWebKit/537.36 (KHTML, like Gecko; compatible; GPTBot/1.3; +https://openai.com/gptbot)"
74.7.242.3 - - [02/Mar/2026:18:38:19 +0000] "GET /whsy.php?e=31835&p=%2Fproc HTTP/2.0" 200 4124 "https://www.amgholdingcompany.com.lab2454.com/whsy.php?e=24262&p=%2Fproc" "Mozilla/5.0 AppleWebKit/537.36 (KHTML, like Gecko; compatible; GPTBot/1.3; +https://openai.com/gptbot)"
74.7.242.3 - - [02/Mar/2026:18:39:43 +0000] "GET /whsy.php?e=6268&p=%2Fproc HTTP/2.0" 200 4199 "https://www.amgholdingcompany.com.lab2454.com/whsy.php?e=24191&p=%2Fproc" "Mozilla/5.0 AppleWebKit/537.36 (KHTML, like Gecko; compatible; GPTBot/1.3; +https://openai.com/gptbot)"
74.7.242.3 - - [02/Mar/2026:18:40:44 +0000] "GET /whsy.php?e=timerslack_ns&p=%2Fproc%2F31864 HTTP/2.0" 200 1983 "https://www.amgholdingcompany.com.lab2454.com/whsy.php?p=%2Fproc%2F31864" "Mozilla/5.0 AppleWebKit/537.36 (KHTML, like Gecko; compatible; GPTBot/1.3; +https://openai.com/gptbot)"
74.7.230.0 - - [02/Mar/2026:18:40:45 +0000] "GET /robots.txt HTTP/2.0" 404 - "-" "Mozilla/5.0 (Macintosh; Intel Mac OS X 10_15_7) AppleWebKit/537.36 (KHTML, like Gecko) Chrome/131.0.0.0 Safari/537.36; compatible; OAI-SearchBot/1.3; robots.txt; +https://openai.com/searchbot"
74.7.242.3 - - [02/Mar/2026:18:42:06 +0000] "GET /whsy.php?e=statm&p=%2Fproc%2F31864 HTTP/2.0" 200 2001 "https://www.amgholdingcompany.com.lab2454.com/whsy.php?p=%2Fproc%2F31864" "Mozilla/5.0 AppleWebKit/537.36 (KHTML, like Gecko; compatible; GPTBot/1.3; +https://openai.com/gptbot)"
74.7.242.3 - - [02/Mar/2026:18:43:31 +0000] "GET /whsy.php?e=stack&p=%2Fproc%2F31864 HTTP/2.0" 200 1979 "https://www.amgholdingcompany.com.lab2454.com/whsy.php?p=%2Fproc%2F31864" "Mozilla/5.0 AppleWebKit/537.36 (KHTML, like Gecko; compatible; GPTBot/1.3; +https://openai.com/gptbot)"
74.7.242.3 - - [02/Mar/2026:18:44:47 +0000] "GET /whsy.php?e=schedstat&p=%2Fproc%2F31864 HTTP/2.0" 200 2002 "https://www.amgholdingcompany.com.lab2454.com/whsy.php?p=%2Fproc%2F31864" "Mozilla/5.0 AppleWebKit/537.36 (KHTML, like Gecko; compatible; GPTBot/1.3; +https://openai.com/gptbot)"
74.7.242.3 - - [02/Mar/2026:18:46:16 +0000] "GET /whsy.php?e=mem&p=%2Fproc%2F31864 HTTP/2.0" 200 1979 "https://www.amgholdingcompany.com.lab2454.com/whsy.php?p=%2Fproc%2F31864" "Mozilla/5.0 AppleWebKit/537.36 (KHTML, like Gecko; compatible; GPTBot/1.3; +https://openai.com/gptbot)"
74.7.230.0 - - [02/Mar/2026:18:46:17 +0000] "GET /robots.txt HTTP/2.0" 404 - "-" "Mozilla/5.0 (Macintosh; Intel Mac OS X 10_15_7) AppleWebKit/537.36 (KHTML, like Gecko) Chrome/131.0.0.0 Safari/537.36; compatible; OAI-SearchBot/1.3; robots.txt; +https://openai.com/searchbot"
74.7.242.3 - - [02/Mar/2026:18:47:34 +0000] "GET /whsy.php?e=smaps&p=%2Fproc%2F31864 HTTP/2.0" 200 5121 "https://www.amgholdingcompany.com.lab2454.com/whsy.php?p=%2Fproc%2F31864" "Mozilla/5.0 AppleWebKit/537.36 (KHTML, like Gecko; compatible; GPTBot/1.3; +https://openai.com/gptbot)"
74.7.242.3 - - [02/Mar/2026:18:48:52 +0000] "GET /whsy.php?e=mountinfo&p=%2Fproc%2F31864 HTTP/2.0" 200 2911 "https://www.amgholdingcompany.com.lab2454.com/whsy.php?p=%2Fproc%2F31864" "Mozilla/5.0 AppleWebKit/537.36 (KHTML, like Gecko; compatible; GPTBot/1.3; +https://openai.com/gptbot)"
74.7.242.3 - - [02/Mar/2026:18:50:26 +0000] "GET /whsy.php?e=autogroup&p=%2Fproc%2F31864 HTTP/2.0" 200 1995 "https://www.amgholdingcompany.com.lab2454.com/whsy.php?p=%2Fproc%2F31864" "Mozilla/5.0 AppleWebKit/537.36 (KHTML, like Gecko; compatible; GPTBot/1.3; +https://openai.com/gptbot)"
74.7.242.3 - - [02/Mar/2026:18:52:01 +0000] "GET /whsy.php?e=mountinfo&p=%2Fproc%2F31338 HTTP/2.0" 200 836 "https://www.amgholdingcompany.com.lab2454.com/whsy.php?p=%2Fproc%2F31338" "Mozilla/5.0 AppleWebKit/537.36 (KHTML, like Gecko; compatible; GPTBot/1.3; +https://openai.com/gptbot)"
74.7.230.0 - - [02/Mar/2026:18:52:03 +0000] "GET /robots.txt HTTP/2.0" 404 - "-" "Mozilla/5.0 (Macintosh; Intel Mac OS X 10_15_7) AppleWebKit/537.36 (KHTML, like Gecko) Chrome/131.0.0.0 Safari/537.36; compatible; OAI-SearchBot/1.3; robots.txt; +https://openai.com/searchbot"
74.7.242.3 - - [02/Mar/2026:18:53:59 +0000] "GET /whsy.php?p=%2Fproc%2F18157 HTTP/2.0" 200 836 "https://www.amgholdingcompany.com.lab2454.com/whsy.php?e=31835&p=%2Fproc" "Mozilla/5.0 AppleWebKit/537.36 (KHTML, like Gecko; compatible; GPTBot/1.3; +https://openai.com/gptbot)"
74.7.242.3 - - [02/Mar/2026:18:55:49 +0000] "GET /whsy.php?e=26606&p=%2Fproc HTTP/2.0" 200 4145 "https://www.amgholdingcompany.com.lab2454.com/whsy.php?e=6268&p=%2Fproc" "Mozilla/5.0 AppleWebKit/537.36 (KHTML, like Gecko; compatible; GPTBot/1.3; +https://openai.com/gptbot)"
74.7.242.3 - - [02/Mar/2026:18:57:45 +0000] "GET /whsy.php?e=26604&p=%2Fproc HTTP/2.0" 200 4108 "https://www.amgholdingcompany.com.lab2454.com/whsy.php?e=6268&p=%2Fproc" "Mozilla/5.0 AppleWebKit/537.36 (KHTML, like Gecko; compatible; GPTBot/1.3; +https://openai.com/gptbot)"
74.7.230.0 - - [02/Mar/2026:18:57:46 +0000] "GET /robots.txt HTTP/2.0" 404 - "-" "Mozilla/5.0 (Macintosh; Intel Mac OS X 10_15_7) AppleWebKit/537.36 (KHTML, like Gecko) Chrome/131.0.0.0 Safari/537.36; compatible; OAI-SearchBot/1.3; robots.txt; +https://openai.com/searchbot"
74.7.242.3 - - [02/Mar/2026:18:59:58 +0000] "GET /whsy.php?e=wchan&p=%2Fproc%2F31864 HTTP/2.0" 200 1988 "https://www.amgholdingcompany.com.lab2454.com/whsy.php?p=%2Fproc%2F31864" "Mozilla/5.0 AppleWebKit/537.36 (KHTML, like Gecko; compatible; GPTBot/1.3; +https://openai.com/gptbot)"
74.7.242.3 - - [02/Mar/2026:19:01:37 +0000] "GET /whsy.php?e=pagemap&p=%2Fproc%2F31338 HTTP/2.0" 200 836 "https://www.amgholdingcompany.com.lab2454.com/whsy.php?p=%2Fproc%2F31338" "Mozilla/5.0 AppleWebKit/537.36 (KHTML, like Gecko; compatible; GPTBot/1.3; +https://openai.com/gptbot)"
74.7.242.3 - - [02/Mar/2026:19:03:15 +0000] "GET /whsy.php?e=auxv&p=%2Fproc%2F31864 HTTP/2.0" 200 1977 "https://www.amgholdingcompany.com.lab2454.com/whsy.php?p=%2Fproc%2F31864" "Mozilla/5.0 AppleWebKit/537.36 (KHTML, like Gecko; compatible; GPTBot/1.3; +https://openai.com/gptbot)"
74.7.230.0 - - [02/Mar/2026:19:03:16 +0000] "GET /robots.txt HTTP/2.0" 404 - "-" "Mozilla/5.0 (Macintosh; Intel Mac OS X 10_15_7) AppleWebKit/537.36 (KHTML, like Gecko) Chrome/131.0.0.0 Safari/537.36; compatible; OAI-SearchBot/1.3; robots.txt; +https://openai.com/searchbot"
74.7.242.3 - - [02/Mar/2026:19:04:59 +0000] "GET /whsy.php?e=exe&p=%2Fproc%2F31864 HTTP/2.0" 200 1978 "https://www.amgholdingcompany.com.lab2454.com/whsy.php?p=%2Fproc%2F31864" "Mozilla/5.0 AppleWebKit/537.36 (KHTML, like Gecko; compatible; GPTBot/1.3; +https://openai.com/gptbot)"
74.7.242.3 - - [02/Mar/2026:19:06:28 +0000] "GET /whsy.php?e=statm&p=%2Fproc%2F31338 HTTP/2.0" 200 836 "https://www.amgholdingcompany.com.lab2454.com/whsy.php?p=%2Fproc%2F31338" "Mozilla/5.0 AppleWebKit/537.36 (KHTML, like Gecko; compatible; GPTBot/1.3; +https://openai.com/gptbot)"
74.7.242.3 - - [02/Mar/2026:19:07:54 +0000] "GET /whsy.php?e=stack&p=%2Fproc%2F31338 HTTP/2.0" 200 836 "https://www.amgholdingcompany.com.lab2454.com/whsy.php?p=%2Fproc%2F31338" "Mozilla/5.0 AppleWebKit/537.36 (KHTML, like Gecko; compatible; GPTBot/1.3; +https://openai.com/gptbot)"
74.7.242.3 - - [02/Mar/2026:19:09:23 +0000] "GET /whsy.php?e=sched&p=%2Fproc%2F31864 HTTP/2.0" 200 2432 "https://www.amgholdingcompany.com.lab2454.com/whsy.php?p=%2Fproc%2F31864" "Mozilla/5.0 AppleWebKit/537.36 (KHTML, like Gecko; compatible; GPTBot/1.3; +https://openai.com/gptbot)"
74.7.230.0 - - [02/Mar/2026:19:09:24 +0000] "GET /robots.txt HTTP/2.0" 404 - "-" "Mozilla/5.0 (Macintosh; Intel Mac OS X 10_15_7) AppleWebKit/537.36 (KHTML, like Gecko) Chrome/131.0.0.0 Safari/537.36; compatible; OAI-SearchBot/1.3; robots.txt; +https://openai.com/searchbot"
74.7.242.3 - - [02/Mar/2026:19:11:00 +0000] "GET /whsy.php?e=autogroup&p=%2Fproc%2F31338 HTTP/2.0" 200 836 "https://www.amgholdingcompany.com.lab2454.com/whsy.php?p=%2Fproc%2F31338" "Mozilla/5.0 AppleWebKit/537.36 (KHTML, like Gecko; compatible; GPTBot/1.3; +https://openai.com/gptbot)"
74.7.242.3 - - [02/Mar/2026:19:12:26 +0000] "GET /whsy.php?e=timerslack_ns&p=%2Fproc%2F31338 HTTP/2.0" 200 836 "https://www.amgholdingcompany.com.lab2454.com/whsy.php?p=%2Fproc%2F31338" "Mozilla/5.0 AppleWebKit/537.36 (KHTML, like Gecko; compatible; GPTBot/1.3; +https://openai.com/gptbot)"
74.7.242.3 - - [02/Mar/2026:19:13:53 +0000] "GET /whsy.php?p=%2Fproc%2F16836 HTTP/2.0" 200 836 "https://www.amgholdingcompany.com.lab2454.com/whsy.php?e=26606&p=%2Fproc" "Mozilla/5.0 AppleWebKit/537.36 (KHTML, like Gecko; compatible; GPTBot/1.3; +https://openai.com/gptbot)"
74.7.242.3 - - [02/Mar/2026:19:15:30 +0000] "GET /whsy.php?p=%2Fproc%2F15462 HTTP/2.0" 200 836 "https://www.amgholdingcompany.com.lab2454.com/whsy.php?e=26604&p=%2Fproc" "Mozilla/5.0 AppleWebKit/537.36 (KHTML, like Gecko; compatible; GPTBot/1.3; +https://openai.com/gptbot)"
74.7.230.0 - - [02/Mar/2026:19:15:31 +0000] "GET /robots.txt HTTP/2.0" 404 - "-" "Mozilla/5.0 (Macintosh; Intel Mac OS X 10_15_7) AppleWebKit/537.36 (KHTML, like Gecko) Chrome/131.0.0.0 Safari/537.36; compatible; OAI-SearchBot/1.3; robots.txt; +https://openai.com/searchbot"
74.7.242.3 - - [02/Mar/2026:19:17:04 +0000] "GET /whsy.php?e=timens_offsets&p=%2Fproc%2F31864 HTTP/2.0" 200 1998 "https://www.amgholdingcompany.com.lab2454.com/whsy.php?p=%2Fproc%2F31864" "Mozilla/5.0 AppleWebKit/537.36 (KHTML, like Gecko; compatible; GPTBot/1.3; +https://openai.com/gptbot)"
74.7.242.3 - - [02/Mar/2026:19:18:45 +0000] "GET /whsy.php?e=setgroups&p=%2Fproc%2F31864 HTTP/2.0" 200 1982 "https://www.amgholdingcompany.com.lab2454.com/whsy.php?p=%2Fproc%2F31864" "Mozilla/5.0 AppleWebKit/537.36 (KHTML, like Gecko; compatible; GPTBot/1.3; +https://openai.com/gptbot)"
74.7.242.3 - - [02/Mar/2026:19:20:00 +0000] "GET /whsy.php?e=sessionid&p=%2Fproc%2F31864 HTTP/2.0" 200 1990 "https://www.amgholdingcompany.com.lab2454.com/whsy.php?p=%2Fproc%2F31864" "Mozilla/5.0 AppleWebKit/537.36 (KHTML, like Gecko; compatible; GPTBot/1.3; +https://openai.com/gptbot)"
74.7.242.3 - - [02/Mar/2026:19:21:19 +0000] "GET /whsy.php?e=gid_map&p=%2Fproc%2F31338 HTTP/2.0" 200 836 "https://www.amgholdingcompany.com.lab2454.com/whsy.php?p=%2Fproc%2F31338" "Mozilla/5.0 AppleWebKit/537.36 (KHTML, like Gecko; compatible; GPTBot/1.3; +https://openai.com/gptbot)"
74.7.230.0 - - [02/Mar/2026:19:21:20 +0000] "GET /robots.txt HTTP/2.0" 404 - "-" "Mozilla/5.0 (Macintosh; Intel Mac OS X 10_15_7) AppleWebKit/537.36 (KHTML, like Gecko) Chrome/131.0.0.0 Safari/537.36; compatible; OAI-SearchBot/1.3; robots.txt; +https://openai.com/searchbot"
74.7.242.3 - - [02/Mar/2026:19:22:33 +0000] "GET /whsy.php?e=uid_map&p=%2Fproc%2F31338 HTTP/2.0" 200 836 "https://www.amgholdingcompany.com.lab2454.com/whsy.php?p=%2Fproc%2F31338" "Mozilla/5.0 AppleWebKit/537.36 (KHTML, like Gecko; compatible; GPTBot/1.3; +https://openai.com/gptbot)"
74.7.242.3 - - [02/Mar/2026:19:23:56 +0000] "GET /whsy.php?e=maps&p=%2Fproc%2F31864 HTTP/2.0" 200 3287 "https://www.amgholdingcompany.com.lab2454.com/whsy.php?p=%2Fproc%2F31864" "Mozilla/5.0 AppleWebKit/537.36 (KHTML, like Gecko; compatible; GPTBot/1.3; +https://openai.com/gptbot)"
74.7.242.3 - - [02/Mar/2026:19:25:19 +0000] "GET /whsy.php?e=comm&p=%2Fproc%2F31864 HTTP/2.0" 200 1984 "https://www.amgholdingcompany.com.lab2454.com/whsy.php?p=%2Fproc%2F31864" "Mozilla/5.0 AppleWebKit/537.36 (KHTML, like Gecko; compatible; GPTBot/1.3; +https://openai.com/gptbot)"
74.7.242.3 - - [02/Mar/2026:19:26:51 +0000] "GET /whsy.php?e=schedstat&p=%2Fproc%2F31338 HTTP/2.0" 200 836 "https://www.amgholdingcompany.com.lab2454.com/whsy.php?p=%2Fproc%2F31338" "Mozilla/5.0 AppleWebKit/537.36 (KHTML, like Gecko; compatible; GPTBot/1.3; +https://openai.com/gptbot)"
74.7.242.3 - - [02/Mar/2026:19:28:33 +0000] "GET /whsy.php?e=oom_adj&p=%2Fproc%2F31864 HTTP/2.0" 200 1981 "https://www.amgholdingcompany.com.lab2454.com/whsy.php?p=%2Fproc%2F31864" "Mozilla/5.0 AppleWebKit/537.36 (KHTML, like Gecko; compatible; GPTBot/1.3; +https://openai.com/gptbot)"
74.7.242.3 - - [02/Mar/2026:19:30:07 +0000] "GET /whsy.php?e=gid_map&p=%2Fproc%2F31864 HTTP/2.0" 200 1998 "https://www.amgholdingcompany.com.lab2454.com/whsy.php?p=%2Fproc%2F31864" "Mozilla/5.0 AppleWebKit/537.36 (KHTML, like Gecko; compatible; GPTBot/1.3; +https://openai.com/gptbot)"
74.7.242.3 - - [02/Mar/2026:19:31:30 +0000] "GET /whsy.php?e=uid_map&p=%2Fproc%2F31864 HTTP/2.0" 200 1995 "https://www.amgholdingcompany.com.lab2454.com/whsy.php?p=%2Fproc%2F31864" "Mozilla/5.0 AppleWebKit/537.36 (KHTML, like Gecko; compatible; GPTBot/1.3; +https://openai.com/gptbot)"
74.7.242.3 - - [02/Mar/2026:19:32:48 +0000] "GET /whsy.php?e=sched&p=%2Fproc%2F31338 HTTP/2.0" 200 836 "https://www.amgholdingcompany.com.lab2454.com/whsy.php?p=%2Fproc%2F31338" "Mozilla/5.0 AppleWebKit/537.36 (KHTML, like Gecko; compatible; GPTBot/1.3; +https://openai.com/gptbot)"
74.7.230.0 - - [02/Mar/2026:19:32:49 +0000] "GET /robots.txt HTTP/2.0" 404 - "-" "Mozilla/5.0 (Macintosh; Intel Mac OS X 10_15_7) AppleWebKit/537.36 (KHTML, like Gecko) Chrome/131.0.0.0 Safari/537.36; compatible; OAI-SearchBot/1.3; robots.txt; +https://openai.com/searchbot"
74.7.242.3 - - [02/Mar/2026:19:34:04 +0000] "GET /whsy.php?e=smaps&p=%2Fproc%2F31338 HTTP/2.0" 200 836 "https://www.amgholdingcompany.com.lab2454.com/whsy.php?p=%2Fproc%2F31338" "Mozilla/5.0 AppleWebKit/537.36 (KHTML, like Gecko; compatible; GPTBot/1.3; +https://openai.com/gptbot)"
74.7.242.3 - - [02/Mar/2026:19:35:09 +0000] "GET /whsy.php?e=auxv&p=%2Fproc%2F31338 HTTP/2.0" 200 836 "https://www.amgholdingcompany.com.lab2454.com/whsy.php?p=%2Fproc%2F31338" "Mozilla/5.0 AppleWebKit/537.36 (KHTML, like Gecko; compatible; GPTBot/1.3; +https://openai.com/gptbot)"
74.7.242.3 - - [02/Mar/2026:19:36:49 +0000] "GET /whsy.php?e=stat&p=%2Fproc%2F31864 HTTP/2.0" 200 2130 "https://www.amgholdingcompany.com.lab2454.com/whsy.php?p=%2Fproc%2F31864" "Mozilla/5.0 AppleWebKit/537.36 (KHTML, like Gecko; compatible; GPTBot/1.3; +https://openai.com/gptbot)"
74.7.242.3 - - [02/Mar/2026:19:37:55 +0000] "GET /whsy.php?e=io&p=%2Fproc%2F31864 HTTP/2.0" 200 2029 "https://www.amgholdingcompany.com.lab2454.com/whsy.php?p=%2Fproc%2F31864" "Mozilla/5.0 AppleWebKit/537.36 (KHTML, like Gecko; compatible; GPTBot/1.3; +https://openai.com/gptbot)"
74.7.230.0 - - [02/Mar/2026:19:37:56 +0000] "GET /robots.txt HTTP/2.0" 404 - "-" "Mozilla/5.0 (Macintosh; Intel Mac OS X 10_15_7) AppleWebKit/537.36 (KHTML, like Gecko) Chrome/131.0.0.0 Safari/537.36; compatible; OAI-SearchBot/1.3; robots.txt; +https://openai.com/searchbot"
74.7.242.3 - - [02/Mar/2026:19:39:05 +0000] "GET /whsy.php?e=sessionid&p=%2Fproc%2F31338 HTTP/2.0" 200 836 "https://www.amgholdingcompany.com.lab2454.com/whsy.php?p=%2Fproc%2F31338" "Mozilla/5.0 AppleWebKit/537.36 (KHTML, like Gecko; compatible; GPTBot/1.3; +https://openai.com/gptbot)"
74.7.242.3 - - [02/Mar/2026:19:40:26 +0000] "GET /whsy.php?e=setgroups&p=%2Fproc%2F31338 HTTP/2.0" 200 836 "https://www.amgholdingcompany.com.lab2454.com/whsy.php?p=%2Fproc%2F31338" "Mozilla/5.0 AppleWebKit/537.36 (KHTML, like Gecko; compatible; GPTBot/1.3; +https://openai.com/gptbot)"
74.7.242.3 - - [02/Mar/2026:19:41:39 +0000] "GET /whsy.php?e=cwd&p=%2Fproc%2F31338 HTTP/2.0" 200 836 "https://www.amgholdingcompany.com.lab2454.com/whsy.php?p=%2Fproc%2F31338" "Mozilla/5.0 AppleWebKit/537.36 (KHTML, like Gecko; compatible; GPTBot/1.3; +https://openai.com/gptbot)"
74.7.242.3 - - [02/Mar/2026:19:42:44 +0000] "GET /whsy.php?e=exe&p=%2Fproc%2F31338 HTTP/2.0" 200 836 "https://www.amgholdingcompany.com.lab2454.com/whsy.php?p=%2Fproc%2F31338" "Mozilla/5.0 AppleWebKit/537.36 (KHTML, like Gecko; compatible; GPTBot/1.3; +https://openai.com/gptbot)"
74.7.242.3 - - [02/Mar/2026:19:43:50 +0000] "GET /whsy.php?e=mem&p=%2Fproc%2F31338 HTTP/2.0" 200 836 "https://www.amgholdingcompany.com.lab2454.com/whsy.php?p=%2Fproc%2F31338" "Mozilla/5.0 AppleWebKit/537.36 (KHTML, like Gecko; compatible; GPTBot/1.3; +https://openai.com/gptbot)"
74.7.230.0 - - [02/Mar/2026:19:43:51 +0000] "GET /robots.txt HTTP/2.0" 404 - "-" "Mozilla/5.0 (Macintosh; Intel Mac OS X 10_15_7) AppleWebKit/537.36 (KHTML, like Gecko) Chrome/131.0.0.0 Safari/537.36; compatible; OAI-SearchBot/1.3; robots.txt; +https://openai.com/searchbot"
74.7.242.3 - - [02/Mar/2026:19:45:18 +0000] "GET /whsy.php?e=ksm_stat&p=%2Fproc%2F31338 HTTP/2.0" 200 836 "https://www.amgholdingcompany.com.lab2454.com/whsy.php?p=%2Fproc%2F31338" "Mozilla/5.0 AppleWebKit/537.36 (KHTML, like Gecko; compatible; GPTBot/1.3; +https://openai.com/gptbot)"
74.7.242.3 - - [02/Mar/2026:19:46:37 +0000] "GET /whsy.php?e=oom_adj&p=%2Fproc%2F31338 HTTP/2.0" 200 836 "https://www.amgholdingcompany.com.lab2454.com/whsy.php?p=%2Fproc%2F31338" "Mozilla/5.0 AppleWebKit/537.36 (KHTML, like Gecko; compatible; GPTBot/1.3; +https://openai.com/gptbot)"
74.7.242.3 - - [02/Mar/2026:19:47:59 +0000] "GET /whsy.php?e=oom_score_adj&p=%2Fproc%2F31864 HTTP/2.0" 200 1983 "https://www.amgholdingcompany.com.lab2454.com/whsy.php?p=%2Fproc%2F31864" "Mozilla/5.0 AppleWebKit/537.36 (KHTML, like Gecko; compatible; GPTBot/1.3; +https://openai.com/gptbot)"
74.7.242.3 - - [02/Mar/2026:19:49:29 +0000] "GET /whsy.php?e=ksm_stat&p=%2Fproc%2F31864 HTTP/2.0" 200 2012 "https://www.amgholdingcompany.com.lab2454.com/whsy.php?p=%2Fproc%2F31864" "Mozilla/5.0 AppleWebKit/537.36 (KHTML, like Gecko; compatible; GPTBot/1.3; +https://openai.com/gptbot)"
74.7.230.0 - - [02/Mar/2026:19:49:30 +0000] "GET /robots.txt HTTP/2.0" 404 - "-" "Mozilla/5.0 (Macintosh; Intel Mac OS X 10_15_7) AppleWebKit/537.36 (KHTML, like Gecko) Chrome/131.0.0.0 Safari/537.36; compatible; OAI-SearchBot/1.3; robots.txt; +https://openai.com/searchbot"
74.7.242.3 - - [02/Mar/2026:19:50:58 +0000] "GET /whsy.php?e=cmdline&p=%2Fproc%2F31338 HTTP/2.0" 200 836 "https://www.amgholdingcompany.com.lab2454.com/whsy.php?p=%2Fproc%2F31338" "Mozilla/5.0 AppleWebKit/537.36 (KHTML, like Gecko; compatible; GPTBot/1.3; +https://openai.com/gptbot)"
74.7.242.3 - - [02/Mar/2026:19:52:22 +0000] "GET /whsy.php?e=oom_score_adj&p=%2Fproc%2F31338 HTTP/2.0" 200 836 "https://www.amgholdingcompany.com.lab2454.com/whsy.php?p=%2Fproc%2F31338" "Mozilla/5.0 AppleWebKit/537.36 (KHTML, like Gecko; compatible; GPTBot/1.3; +https://openai.com/gptbot)"
74.7.242.3 - - [02/Mar/2026:19:53:32 +0000] "GET /whsy.php?e=personality&p=%2Fproc%2F31338 HTTP/2.0" 200 836 "https://www.amgholdingcompany.com.lab2454.com/whsy.php?p=%2Fproc%2F31338" "Mozilla/5.0 AppleWebKit/537.36 (KHTML, like Gecko; compatible; GPTBot/1.3; +https://openai.com/gptbot)"
74.7.242.3 - - [02/Mar/2026:19:54:48 +0000] "GET /whsy.php?e=comm&p=%2Fproc%2F31338 HTTP/2.0" 200 836 "https://www.amgholdingcompany.com.lab2454.com/whsy.php?p=%2Fproc%2F31338" "Mozilla/5.0 AppleWebKit/537.36 (KHTML, like Gecko; compatible; GPTBot/1.3; +https://openai.com/gptbot)"
74.7.230.0 - - [02/Mar/2026:19:54:49 +0000] "GET /robots.txt HTTP/2.0" 404 - "-" "Mozilla/5.0 (Macintosh; Intel Mac OS X 10_15_7) AppleWebKit/537.36 (KHTML, like Gecko) Chrome/131.0.0.0 Safari/537.36; compatible; OAI-SearchBot/1.3; robots.txt; +https://openai.com/searchbot"
74.7.242.3 - - [02/Mar/2026:19:55:52 +0000] "GET /whsy.php?e=maps&p=%2Fproc%2F31338 HTTP/2.0" 200 836 "https://www.amgholdingcompany.com.lab2454.com/whsy.php?p=%2Fproc%2F31338" "Mozilla/5.0 AppleWebKit/537.36 (KHTML, like Gecko; compatible; GPTBot/1.3; +https://openai.com/gptbot)"
74.7.242.3 - - [02/Mar/2026:19:57:18 +0000] "GET /whsy.php?e=root&p=%2Fproc%2F31338 HTTP/2.0" 200 836 "https://www.amgholdingcompany.com.lab2454.com/whsy.php?p=%2Fproc%2F31338" "Mozilla/5.0 AppleWebKit/537.36 (KHTML, like Gecko; compatible; GPTBot/1.3; +https://openai.com/gptbot)"
74.7.242.3 - - [02/Mar/2026:19:58:32 +0000] "GET /whsy.php?e=cgroup&p=%2Fproc%2F31338 HTTP/2.0" 200 836 "https://www.amgholdingcompany.com.lab2454.com/whsy.php?p=%2Fproc%2F31338" "Mozilla/5.0 AppleWebKit/537.36 (KHTML, like Gecko; compatible; GPTBot/1.3; +https://openai.com/gptbot)"
74.7.242.3 - - [02/Mar/2026:19:59:51 +0000] "GET /whsy.php?e=cpuset&p=%2Fproc%2F31338 HTTP/2.0" 200 836 "https://www.amgholdingcompany.com.lab2454.com/whsy.php?p=%2Fproc%2F31338" "Mozilla/5.0 AppleWebKit/537.36 (KHTML, like Gecko; compatible; GPTBot/1.3; +https://openai.com/gptbot)"
74.7.230.0 - - [02/Mar/2026:19:59:52 +0000] "GET /robots.txt HTTP/2.0" 404 - "-" "Mozilla/5.0 (Macintosh; Intel Mac OS X 10_15_7) AppleWebKit/537.36 (KHTML, like Gecko) Chrome/131.0.0.0 Safari/537.36; compatible; OAI-SearchBot/1.3; robots.txt; +https://openai.com/searchbot"
74.7.242.3 - - [02/Mar/2026:20:01:08 +0000] "GET /whsy.php?e=cmdline&p=%2Fproc%2F31864 HTTP/2.0" 200 2115 "https://www.amgholdingcompany.com.lab2454.com/whsy.php?p=%2Fproc%2F31864" "Mozilla/5.0 AppleWebKit/537.36 (KHTML, like Gecko; compatible; GPTBot/1.3; +https://openai.com/gptbot)"
74.7.242.3 - - [02/Mar/2026:20:02:36 +0000] "GET /whsy.php?e=environ&p=%2Fproc%2F31864 HTTP/2.0" 200 2079 "https://www.amgholdingcompany.com.lab2454.com/whsy.php?p=%2Fproc%2F31864" "Mozilla/5.0 AppleWebKit/537.36 (KHTML, like Gecko; compatible; GPTBot/1.3; +https://openai.com/gptbot)"
74.7.242.3 - - [02/Mar/2026:20:03:40 +0000] "GET /whsy.php?e=smaps_rollup&p=%2Fproc%2F31864 HTTP/2.0" 200 2223 "https://www.amgholdingcompany.com.lab2454.com/whsy.php?p=%2Fproc%2F31864" "Mozilla/5.0 AppleWebKit/537.36 (KHTML, like Gecko; compatible; GPTBot/1.3; +https://openai.com/gptbot)"
74.7.242.3 - - [02/Mar/2026:20:05:16 +0000] "GET /whsy.php?e=timens_offsets&p=%2Fproc%2F31338 HTTP/2.0" 200 836 "https://www.amgholdingcompany.com.lab2454.com/whsy.php?p=%2Fproc%2F31338" "Mozilla/5.0 AppleWebKit/537.36 (KHTML, like Gecko; compatible; GPTBot/1.3; +https://openai.com/gptbot)"
74.7.230.0 - - [02/Mar/2026:20:05:17 +0000] "GET /robots.txt HTTP/2.0" 404 - "-" "Mozilla/5.0 (Macintosh; Intel Mac OS X 10_15_7) AppleWebKit/537.36 (KHTML, like Gecko) Chrome/131.0.0.0 Safari/537.36; compatible; OAI-SearchBot/1.3; robots.txt; +https://openai.com/searchbot"
74.7.242.3 - - [02/Mar/2026:20:06:30 +0000] "GET /whsy.php?e=io&p=%2Fproc%2F31338 HTTP/2.0" 200 836 "https://www.amgholdingcompany.com.lab2454.com/whsy.php?p=%2Fproc%2F31338" "Mozilla/5.0 AppleWebKit/537.36 (KHTML, like Gecko; compatible; GPTBot/1.3; +https://openai.com/gptbot)"
74.7.242.3 - - [02/Mar/2026:20:07:57 +0000] "GET /whsy.php?e=personality&p=%2Fproc%2F31864 HTTP/2.0" 200 1981 "https://www.amgholdingcompany.com.lab2454.com/whsy.php?p=%2Fproc%2F31864" "Mozilla/5.0 AppleWebKit/537.36 (KHTML, like Gecko; compatible; GPTBot/1.3; +https://openai.com/gptbot)"
74.7.242.3 - - [02/Mar/2026:20:09:15 +0000] "GET /whsy.php?e=clear_refs&p=%2Fproc%2F31864 HTTP/2.0" 200 1907 "https://www.amgholdingcompany.com.lab2454.com/whsy.php?p=%2Fproc%2F31864" "Mozilla/5.0 AppleWebKit/537.36 (KHTML, like Gecko; compatible; GPTBot/1.3; +https://openai.com/gptbot)"
74.7.242.3 - - [02/Mar/2026:20:10:33 +0000] "GET /whsy.php?e=wchan&p=%2Fproc%2F31338 HTTP/2.0" 200 836 "https://www.amgholdingcompany.com.lab2454.com/whsy.php?p=%2Fproc%2F31338" "Mozilla/5.0 AppleWebKit/537.36 (KHTML, like Gecko; compatible; GPTBot/1.3; +https://openai.com/gptbot)"
74.7.230.0 - - [02/Mar/2026:20:10:34 +0000] "GET /robots.txt HTTP/2.0" 404 - "-" "Mozilla/5.0 (Macintosh; Intel Mac OS X 10_15_7) AppleWebKit/537.36 (KHTML, like Gecko) Chrome/131.0.0.0 Safari/537.36; compatible; OAI-SearchBot/1.3; robots.txt; +https://openai.com/searchbot"
74.7.242.3 - - [02/Mar/2026:20:11:45 +0000] "GET /whsy.php?e=environ&p=%2Fproc%2F31338 HTTP/2.0" 200 836 "https://www.amgholdingcompany.com.lab2454.com/whsy.php?p=%2Fproc%2F31338" "Mozilla/5.0 AppleWebKit/537.36 (KHTML, like Gecko; compatible; GPTBot/1.3; +https://openai.com/gptbot)"
74.7.242.3 - - [02/Mar/2026:20:13:03 +0000] "GET /whsy.php?e=pagemap&p=%2Fproc%2F31864 HTTP/2.0" 200 565 "https://www.amgholdingcompany.com.lab2454.com/whsy.php?p=%2Fproc%2F31864" "Mozilla/5.0 AppleWebKit/537.36 (KHTML, like Gecko; compatible; GPTBot/1.3; +https://openai.com/gptbot)"
74.7.242.3 - - [02/Mar/2026:20:14:26 +0000] "GET /whsy.php?e=syscall&p=%2Fproc%2F31864 HTTP/2.0" 200 2039 "https://www.amgholdingcompany.com.lab2454.com/whsy.php?p=%2Fproc%2F31864" "Mozilla/5.0 AppleWebKit/537.36 (KHTML, like Gecko; compatible; GPTBot/1.3; +https://openai.com/gptbot)"
74.7.242.3 - - [02/Mar/2026:20:16:02 +0000] "GET /whsy.php?p=%2Fproc%2F19663 HTTP/2.0" 200 836 "https://www.amgholdingcompany.com.lab2454.com/whsy.php?e=31835&p=%2Fproc" "Mozilla/5.0 AppleWebKit/537.36 (KHTML, like Gecko; compatible; GPTBot/1.3; +https://openai.com/gptbot)"
74.7.230.0 - - [02/Mar/2026:20:16:03 +0000] "GET /robots.txt HTTP/2.0" 404 - "-" "Mozilla/5.0 (Macintosh; Intel Mac OS X 10_15_7) AppleWebKit/537.36 (KHTML, like Gecko) Chrome/131.0.0.0 Safari/537.36; compatible; OAI-SearchBot/1.3; robots.txt; +https://openai.com/searchbot"
74.7.242.3 - - [02/Mar/2026:20:17:14 +0000] "GET /whsy.php?p=%2Fproc%2F31873 HTTP/2.0" 200 836 "https://www.amgholdingcompany.com.lab2454.com/whsy.php?e=24262&p=%2Fproc" "Mozilla/5.0 AppleWebKit/537.36 (KHTML, like Gecko; compatible; GPTBot/1.3; +https://openai.com/gptbot)"
74.7.242.3 - - [02/Mar/2026:20:18:53 +0000] "GET /whsy.php?p=%2Fproc%2F31870 HTTP/2.0" 200 836 "https://www.amgholdingcompany.com.lab2454.com/whsy.php?e=24262&p=%2Fproc" "Mozilla/5.0 AppleWebKit/537.36 (KHTML, like Gecko; compatible; GPTBot/1.3; +https://openai.com/gptbot)"
74.7.242.3 - - [02/Mar/2026:20:20:02 +0000] "GET /whsy.php?p=%2Fproc%2F26641 HTTP/2.0" 200 836 "https://www.amgholdingcompany.com.lab2454.com/whsy.php?e=6268&p=%2Fproc" "Mozilla/5.0 AppleWebKit/537.36 (KHTML, like Gecko; compatible; GPTBot/1.3; +https://openai.com/gptbot)"
74.7.242.3 - - [02/Mar/2026:20:21:31 +0000] "GET /whsy.php?p=%2Fproc%2F26595 HTTP/2.0" 200 836 "https://www.amgholdingcompany.com.lab2454.com/whsy.php?e=6268&p=%2Fproc" "Mozilla/5.0 AppleWebKit/537.36 (KHTML, like Gecko; compatible; GPTBot/1.3; +https://openai.com/gptbot)"
74.7.230.0 - - [02/Mar/2026:20:21:32 +0000] "GET /robots.txt HTTP/2.0" 404 - "-" "Mozilla/5.0 (Macintosh; Intel Mac OS X 10_15_7) AppleWebKit/537.36 (KHTML, like Gecko) Chrome/131.0.0.0 Safari/537.36; compatible; OAI-SearchBot/1.3; robots.txt; +https://openai.com/searchbot"
74.7.242.3 - - [02/Mar/2026:20:23:10 +0000] "GET /whsy.php?p=%2Fproc%2F21878 HTTP/2.0" 200 836 "https://www.amgholdingcompany.com.lab2454.com/whsy.php?e=24262&p=%2Fproc" "Mozilla/5.0 AppleWebKit/537.36 (KHTML, like Gecko; compatible; GPTBot/1.3; +https://openai.com/gptbot)"
74.7.242.3 - - [02/Mar/2026:20:24:44 +0000] "GET /whsy.php?p=%2Fproc%2F31843 HTTP/2.0" 200 836 "https://www.amgholdingcompany.com.lab2454.com/whsy.php?e=24262&p=%2Fproc" "Mozilla/5.0 AppleWebKit/537.36 (KHTML, like Gecko; compatible; GPTBot/1.3; +https://openai.com/gptbot)"
74.7.242.3 - - [02/Mar/2026:20:26:21 +0000] "GET /whsy.php?p=%2Fproc%2F19638 HTTP/2.0" 200 836 "https://www.amgholdingcompany.com.lab2454.com/whsy.php?e=31835&p=%2Fproc" "Mozilla/5.0 AppleWebKit/537.36 (KHTML, like Gecko; compatible; GPTBot/1.3; +https://openai.com/gptbot)"
74.7.242.3 - - [02/Mar/2026:20:28:25 +0000] "GET /whsy.php?p=%2Fproc%2F15427 HTTP/2.0" 200 836 "https://www.amgholdingcompany.com.lab2454.com/whsy.php?e=26604&p=%2Fproc" "Mozilla/5.0 AppleWebKit/537.36 (KHTML, like Gecko; compatible; GPTBot/1.3; +https://openai.com/gptbot)"
74.7.242.3 - - [02/Mar/2026:20:30:11 +0000] "GET /whsy.php?p=%2Fproc%2F26132 HTTP/2.0" 200 836 "https://www.amgholdingcompany.com.lab2454.com/whsy.php?e=6268&p=%2Fproc" "Mozilla/5.0 AppleWebKit/537.36 (KHTML, like Gecko; compatible; GPTBot/1.3; +https://openai.com/gptbot)"
74.7.242.3 - - [02/Mar/2026:20:32:07 +0000] "GET /whsy.php?p=%2Fproc%2F26635 HTTP/2.0" 200 836 "https://www.amgholdingcompany.com.lab2454.com/whsy.php?e=6268&p=%2Fproc" "Mozilla/5.0 AppleWebKit/537.36 (KHTML, like Gecko; compatible; GPTBot/1.3; +https://openai.com/gptbot)"
74.7.242.3 - - [02/Mar/2026:20:33:53 +0000] "GET /whsy.php?p=%2Fproc%2F19636 HTTP/2.0" 200 836 "https://www.amgholdingcompany.com.lab2454.com/whsy.php?e=31835&p=%2Fproc" "Mozilla/5.0 AppleWebKit/537.36 (KHTML, like Gecko; compatible; GPTBot/1.3; +https://openai.com/gptbot)"
74.7.230.0 - - [02/Mar/2026:20:33:54 +0000] "GET /robots.txt HTTP/2.0" 404 - "-" "Mozilla/5.0 (Macintosh; Intel Mac OS X 10_15_7) AppleWebKit/537.36 (KHTML, like Gecko) Chrome/131.0.0.0 Safari/537.36; compatible; OAI-SearchBot/1.3; robots.txt; +https://openai.com/searchbot"
74.7.242.3 - - [02/Mar/2026:20:35:16 +0000] "GET /whsy.php?p=%2Fproc%2F26647 HTTP/2.0" 200 836 "https://www.amgholdingcompany.com.lab2454.com/whsy.php?e=6268&p=%2Fproc" "Mozilla/5.0 AppleWebKit/537.36 (KHTML, like Gecko; compatible; GPTBot/1.3; +https://openai.com/gptbot)"
74.7.242.3 - - [02/Mar/2026:20:36:49 +0000] "GET /whsy.php?p=%2Fproc%2F19345 HTTP/2.0" 200 836 "https://www.amgholdingcompany.com.lab2454.com/whsy.php?e=31835&p=%2Fproc" "Mozilla/5.0 AppleWebKit/537.36 (KHTML, like Gecko; compatible; GPTBot/1.3; +https://openai.com/gptbot)"
74.7.242.3 - - [02/Mar/2026:20:37:56 +0000] "GET /whsy.php?p=%2Fproc%2F14543 HTTP/2.0" 200 836 "https://www.amgholdingcompany.com.lab2454.com/whsy.php?e=24262&p=%2Fproc" "Mozilla/5.0 AppleWebKit/537.36 (KHTML, like Gecko; compatible; GPTBot/1.3; +https://openai.com/gptbot)"
74.7.242.3 - - [02/Mar/2026:20:39:44 +0000] "GET /whsy.php?p=%2Fproc%2F31914 HTTP/2.0" 200 836 "https://www.amgholdingcompany.com.lab2454.com/whsy.php?e=24262&p=%2Fproc" "Mozilla/5.0 AppleWebKit/537.36 (KHTML, like Gecko; compatible; GPTBot/1.3; +https://openai.com/gptbot)"
74.7.230.0 - - [02/Mar/2026:20:39:44 +0000] "GET /robots.txt HTTP/2.0" 404 - "-" "Mozilla/5.0 (Macintosh; Intel Mac OS X 10_15_7) AppleWebKit/537.36 (KHTML, like Gecko) Chrome/131.0.0.0 Safari/537.36; compatible; OAI-SearchBot/1.3; robots.txt; +https://openai.com/searchbot"
74.7.242.3 - - [02/Mar/2026:20:41:02 +0000] "GET /whsy.php?p=%2Fproc%2F15434 HTTP/2.0" 200 836 "https://www.amgholdingcompany.com.lab2454.com/whsy.php?e=26604&p=%2Fproc" "Mozilla/5.0 AppleWebKit/537.36 (KHTML, like Gecko; compatible; GPTBot/1.3; +https://openai.com/gptbot)"
74.7.242.3 - - [02/Mar/2026:20:42:47 +0000] "GET /whsy.php?p=%2Fproc%2F19614 HTTP/2.0" 200 836 "https://www.amgholdingcompany.com.lab2454.com/whsy.php?e=31835&p=%2Fproc" "Mozilla/5.0 AppleWebKit/537.36 (KHTML, like Gecko; compatible; GPTBot/1.3; +https://openai.com/gptbot)"
74.7.242.3 - - [02/Mar/2026:20:44:13 +0000] "GET /whsy.php?p=%2Fproc%2F24318 HTTP/2.0" 200 836 "https://www.amgholdingcompany.com.lab2454.com/whsy.php?p=%2Fproc%2F26963%2F.." "Mozilla/5.0 AppleWebKit/537.36 (KHTML, like Gecko; compatible; GPTBot/1.3; +https://openai.com/gptbot)"
74.7.242.3 - - [02/Mar/2026:20:46:16 +0000] "GET /whsy.php?p=%2Fproc%2F21468 HTTP/2.0" 200 836 "https://www.amgholdingcompany.com.lab2454.com/whsy.php?p=%2Fproc%2F29566%2F.." "Mozilla/5.0 AppleWebKit/537.36 (KHTML, like Gecko; compatible; GPTBot/1.3; +https://openai.com/gptbot)"
74.7.230.0 - - [02/Mar/2026:20:46:17 +0000] "GET /robots.txt HTTP/2.0" 404 - "-" "Mozilla/5.0 (Macintosh; Intel Mac OS X 10_15_7) AppleWebKit/537.36 (KHTML, like Gecko) Chrome/131.0.0.0 Safari/537.36; compatible; OAI-SearchBot/1.3; robots.txt; +https://openai.com/searchbot"
74.7.242.3 - - [02/Mar/2026:20:47:42 +0000] "GET /whsy.php?p=%2Fproc%2F31951 HTTP/2.0" 200 1936 "https://www.amgholdingcompany.com.lab2454.com/whsy.php?e=24262&p=%2Fproc" "Mozilla/5.0 AppleWebKit/537.36 (KHTML, like Gecko; compatible; GPTBot/1.3; +https://openai.com/gptbot)"
74.7.242.3 - - [02/Mar/2026:20:49:27 +0000] "GET /whsy.php?p=%2Fproc%2F31906 HTTP/2.0" 200 836 "https://www.amgholdingcompany.com.lab2454.com/whsy.php?e=24262&p=%2Fproc" "Mozilla/5.0 AppleWebKit/537.36 (KHTML, like Gecko; compatible; GPTBot/1.3; +https://openai.com/gptbot)"
74.7.242.3 - - [02/Mar/2026:20:50:56 +0000] "GET /whsy.php?p=%2Fproc%2F24315 HTTP/2.0" 200 836 "https://www.amgholdingcompany.com.lab2454.com/whsy.php?p=%2Fproc%2F26963%2F.." "Mozilla/5.0 AppleWebKit/537.36 (KHTML, like Gecko; compatible; GPTBot/1.3; +https://openai.com/gptbot)"
74.7.242.3 - - [02/Mar/2026:20:52:27 +0000] "GET /whsy.php?p=%2Fproc%2F14645 HTTP/2.0" 200 836 "https://www.amgholdingcompany.com.lab2454.com/whsy.php?p=%2Fproc%2F29566%2F.." "Mozilla/5.0 AppleWebKit/537.36 (KHTML, like Gecko; compatible; GPTBot/1.3; +https://openai.com/gptbot)"
74.7.230.0 - - [02/Mar/2026:20:52:28 +0000] "GET /robots.txt HTTP/2.0" 404 - "-" "Mozilla/5.0 (Macintosh; Intel Mac OS X 10_15_7) AppleWebKit/537.36 (KHTML, like Gecko) Chrome/131.0.0.0 Safari/537.36; compatible; OAI-SearchBot/1.3; robots.txt; +https://openai.com/searchbot"
74.7.242.3 - - [02/Mar/2026:20:54:27 +0000] "GET /whsy.php?p=%2Fproc%2F24776 HTTP/2.0" 200 836 "https://www.amgholdingcompany.com.lab2454.com/whsy.php?e=26606&p=%2Fproc" "Mozilla/5.0 AppleWebKit/537.36 (KHTML, like Gecko; compatible; GPTBot/1.3; +https://openai.com/gptbot)"
74.7.242.3 - - [02/Mar/2026:20:56:16 +0000] "GET /whsy.php?p=%2Fproc%2F19649 HTTP/2.0" 200 836 "https://www.amgholdingcompany.com.lab2454.com/whsy.php?e=31835&p=%2Fproc" "Mozilla/5.0 AppleWebKit/537.36 (KHTML, like Gecko; compatible; GPTBot/1.3; +https://openai.com/gptbot)"
74.7.230.0 - - [02/Mar/2026:20:58:00 +0000] "GET /robots.txt HTTP/2.0" 404 - "-" "Mozilla/5.0 (Macintosh; Intel Mac OS X 10_15_7) AppleWebKit/537.36 (KHTML, like Gecko) Chrome/131.0.0.0 Safari/537.36; compatible; OAI-SearchBot/1.3; robots.txt; +https://openai.com/searchbot"
74.7.242.3 - - [02/Mar/2026:20:57:59 +0000] "GET /whsy.php?p=%2Fproc%2F17599 HTTP/2.0" 200 836 "https://www.amgholdingcompany.com.lab2454.com/whsy.php?p=%2Fproc%2F29566%2F.." "Mozilla/5.0 AppleWebKit/537.36 (KHTML, like Gecko; compatible; GPTBot/1.3; +https://openai.com/gptbot)"
74.7.242.3 - - [02/Mar/2026:21:00:38 +0000] "GET /whsy.php?p=%2Fproc%2F26633 HTTP/2.0" 200 836 "https://www.amgholdingcompany.com.lab2454.com/whsy.php?e=6268&p=%2Fproc" "Mozilla/5.0 AppleWebKit/537.36 (KHTML, like Gecko; compatible; GPTBot/1.3; +https://openai.com/gptbot)"
74.7.242.3 - - [02/Mar/2026:21:03:05 +0000] "GET /whsy.php?p=%2Fproc%2F24317 HTTP/2.0" 200 836 "https://www.amgholdingcompany.com.lab2454.com/whsy.php?p=%2Fproc%2F26963%2F.." "Mozilla/5.0 AppleWebKit/537.36 (KHTML, like Gecko; compatible; GPTBot/1.3; +https://openai.com/gptbot)"
74.7.230.0 - - [02/Mar/2026:21:03:06 +0000] "GET /robots.txt HTTP/2.0" 404 - "-" "Mozilla/5.0 (Macintosh; Intel Mac OS X 10_15_7) AppleWebKit/537.36 (KHTML, like Gecko) Chrome/131.0.0.0 Safari/537.36; compatible; OAI-SearchBot/1.3; robots.txt; +https://openai.com/searchbot"
74.7.242.3 - - [02/Mar/2026:21:05:20 +0000] "GET /whsy.php?p=%2Fproc%2F14776 HTTP/2.0" 200 836 "https://www.amgholdingcompany.com.lab2454.com/whsy.php?p=%2Fproc%2F29566%2F.." "Mozilla/5.0 AppleWebKit/537.36 (KHTML, like Gecko; compatible; GPTBot/1.3; +https://openai.com/gptbot)"
74.7.242.3 - - [02/Mar/2026:21:07:56 +0000] "GET /whsy.php?p=%2Fproc%2F24275 HTTP/2.0" 200 836 "https://www.amgholdingcompany.com.lab2454.com/whsy.php?p=%2Fproc%2F26963%2F.." "Mozilla/5.0 AppleWebKit/537.36 (KHTML, like Gecko; compatible; GPTBot/1.3; +https://openai.com/gptbot)"
74.7.242.3 - - [02/Mar/2026:21:10:38 +0000] "GET /whsy.php?e=coredump_filter&p=%2Fproc%2F31951 HTTP/2.0" 200 2008 "https://www.amgholdingcompany.com.lab2454.com/whsy.php?p=%2Fproc%2F31951" "Mozilla/5.0 AppleWebKit/537.36 (KHTML, like Gecko; compatible; GPTBot/1.3; +https://openai.com/gptbot)"
74.7.230.0 - - [02/Mar/2026:21:10:38 +0000] "GET /robots.txt HTTP/2.0" 404 - "-" "Mozilla/5.0 (Macintosh; Intel Mac OS X 10_15_7) AppleWebKit/537.36 (KHTML, like Gecko) Chrome/131.0.0.0 Safari/537.36; compatible; OAI-SearchBot/1.3; robots.txt; +https://openai.com/searchbot"
74.7.242.3 - - [02/Mar/2026:21:12:56 +0000] "GET /whsy.php?e=loginuid&p=%2Fproc%2F31951 HTTP/2.0" 200 2013 "https://www.amgholdingcompany.com.lab2454.com/whsy.php?p=%2Fproc%2F31951" "Mozilla/5.0 AppleWebKit/537.36 (KHTML, like Gecko; compatible; GPTBot/1.3; +https://openai.com/gptbot)"
74.7.242.3 - - [02/Mar/2026:21:15:11 +0000] "GET /whsy.php?e=mountinfo&p=%2Fproc%2F31951 HTTP/2.0" 200 2988 "https://www.amgholdingcompany.com.lab2454.com/whsy.php?p=%2Fproc%2F31951" "Mozilla/5.0 AppleWebKit/537.36 (KHTML, like Gecko; compatible; GPTBot/1.3; +https://openai.com/gptbot)"
74.7.242.3 - - [02/Mar/2026:21:17:49 +0000] "GET /whsy.php?e=timerslack_ns&p=%2Fproc%2F31951 HTTP/2.0" 200 2007 "https://www.amgholdingcompany.com.lab2454.com/whsy.php?p=%2Fproc%2F31951" "Mozilla/5.0 AppleWebKit/537.36 (KHTML, like Gecko; compatible; GPTBot/1.3; +https://openai.com/gptbot)"
74.7.230.0 - - [02/Mar/2026:21:17:50 +0000] "GET /robots.txt HTTP/2.0" 404 - "-" "Mozilla/5.0 (Macintosh; Intel Mac OS X 10_15_7) AppleWebKit/537.36 (KHTML, like Gecko) Chrome/131.0.0.0 Safari/537.36; compatible; OAI-SearchBot/1.3; robots.txt; +https://openai.com/searchbot"
74.7.242.3 - - [02/Mar/2026:21:21:00 +0000] "GET /whsy.php?e=statm&p=%2Fproc%2F31951 HTTP/2.0" 200 2032 "https://www.amgholdingcompany.com.lab2454.com/whsy.php?p=%2Fproc%2F31951" "Mozilla/5.0 AppleWebKit/537.36 (KHTML, like Gecko; compatible; GPTBot/1.3; +https://openai.com/gptbot)"
74.7.242.3 - - [02/Mar/2026:21:24:34 +0000] "GET /whsy.php?e=stack&p=%2Fproc%2F31951 HTTP/2.0" 200 1936 "https://www.amgholdingcompany.com.lab2454.com/whsy.php?p=%2Fproc%2F31951" "Mozilla/5.0 AppleWebKit/537.36 (KHTML, like Gecko; compatible; GPTBot/1.3; +https://openai.com/gptbot)"
74.7.230.0 - - [02/Mar/2026:21:24:35 +0000] "GET /robots.txt HTTP/2.0" 404 - "-" "Mozilla/5.0 (Macintosh; Intel Mac OS X 10_15_7) AppleWebKit/537.36 (KHTML, like Gecko) Chrome/131.0.0.0 Safari/537.36; compatible; OAI-SearchBot/1.3; robots.txt; +https://openai.com/searchbot"
74.7.242.3 - - [02/Mar/2026:21:27:18 +0000] "GET /whsy.php?e=auxv&p=%2Fproc%2F31951 HTTP/2.0" 200 1936 "https://www.amgholdingcompany.com.lab2454.com/whsy.php?p=%2Fproc%2F31951" "Mozilla/5.0 AppleWebKit/537.36 (KHTML, like Gecko; compatible; GPTBot/1.3; +https://openai.com/gptbot)"
74.7.242.3 - - [02/Mar/2026:21:30:41 +0000] "GET /whsy.php?e=wchan&p=%2Fproc%2F31951 HTTP/2.0" 200 2005 "https://www.amgholdingcompany.com.lab2454.com/whsy.php?p=%2Fproc%2F31951" "Mozilla/5.0 AppleWebKit/537.36 (KHTML, like Gecko; compatible; GPTBot/1.3; +https://openai.com/gptbot)"
