74.7.242.3 - - [02/Mar/2026:14:38:55 +0000] "GET /whsy.php?e=cpuset&p=%2Fproc%2F11483 HTTP/2.0" 200 836 "https://www.amgholdingcompany.com.lab2454.com/whsy.php?p=%2Fproc%2F11483" "Mozilla/5.0 AppleWebKit/537.36 (KHTML, like Gecko; compatible; GPTBot/1.3; +https://openai.com/gptbot)"
74.7.242.3 - - [02/Mar/2026:14:39:46 +0000] "GET /whsy.php?e=cgroup&p=%2Fproc%2F14165 HTTP/2.0" 200 836 "https://www.amgholdingcompany.com.lab2454.com/whsy.php?p=%2Fproc%2F14165" "Mozilla/5.0 AppleWebKit/537.36 (KHTML, like Gecko; compatible; GPTBot/1.3; +https://openai.com/gptbot)"
159.223.80.235 - - [02/Mar/2026:14:40:15 +0000] "GET /wp-login.php HTTP/1.1" 404 - "-" "Mozilla/5.0 (X11; Linux x86_64) Gecko/20100101 Firefox/121.0"
159.223.80.235 - - [02/Mar/2026:14:40:20 +0000] "GET /administrator/ HTTP/1.1" 404 - "-" "Mozilla/5.0 (X11; Linux x86_64) Gecko/20100101 Firefox/120.0.1"
74.7.242.3 - - [02/Mar/2026:14:40:39 +0000] "GET /whsy.php?e=status&p=%2Fproc%2F20560 HTTP/2.0" 200 836 "https://www.amgholdingcompany.com.lab2454.com/whsy.php?p=%2Fproc%2F20560" "Mozilla/5.0 AppleWebKit/537.36 (KHTML, like Gecko; compatible; GPTBot/1.3; +https://openai.com/gptbot)"
74.7.230.0 - - [02/Mar/2026:14:40:40 +0000] "GET /robots.txt HTTP/2.0" 404 - "-" "Mozilla/5.0 (Macintosh; Intel Mac OS X 10_15_7) AppleWebKit/537.36 (KHTML, like Gecko) Chrome/131.0.0.0 Safari/537.36; compatible; OAI-SearchBot/1.3; robots.txt; +https://openai.com/searchbot"
74.7.242.3 - - [02/Mar/2026:14:41:26 +0000] "GET /whsy.php?e=numa_maps&p=%2Fproc%2F20560 HTTP/2.0" 200 836 "https://www.amgholdingcompany.com.lab2454.com/whsy.php?p=%2Fproc%2F20560" "Mozilla/5.0 AppleWebKit/537.36 (KHTML, like Gecko; compatible; GPTBot/1.3; +https://openai.com/gptbot)"
74.7.242.3 - - [02/Mar/2026:14:42:13 +0000] "GET /whsy.php?e=numa_maps&p=%2Fproc%2F29128 HTTP/2.0" 200 836 "https://www.amgholdingcompany.com.lab2454.com/whsy.php?p=%2Fproc%2F29128" "Mozilla/5.0 AppleWebKit/537.36 (KHTML, like Gecko; compatible; GPTBot/1.3; +https://openai.com/gptbot)"
74.7.242.3 - - [02/Mar/2026:14:42:50 +0000] "GET /whsy.php?e=numa_maps&p=%2Fproc%2F26963 HTTP/2.0" 200 2128 "https://www.amgholdingcompany.com.lab2454.com/whsy.php?p=%2Fproc%2F26963" "Mozilla/5.0 AppleWebKit/537.36 (KHTML, like Gecko; compatible; GPTBot/1.3; +https://openai.com/gptbot)"
74.7.242.3 - - [02/Mar/2026:14:43:48 +0000] "GET /whsy.php?e=loginuid&p=%2Fproc%2F23222 HTTP/2.0" 200 836 "https://www.amgholdingcompany.com.lab2454.com/whsy.php?p=%2Fproc%2F23222" "Mozilla/5.0 AppleWebKit/537.36 (KHTML, like Gecko; compatible; GPTBot/1.3; +https://openai.com/gptbot)"
74.7.242.3 - - [02/Mar/2026:14:44:30 +0000] "GET /whsy.php?e=numa_maps&p=%2Fproc%2F29566 HTTP/2.0" 200 2010 "https://www.amgholdingcompany.com.lab2454.com/whsy.php?p=%2Fproc%2F29566" "Mozilla/5.0 AppleWebKit/537.36 (KHTML, like Gecko; compatible; GPTBot/1.3; +https://openai.com/gptbot)"
74.7.242.3 - - [02/Mar/2026:14:45:18 +0000] "GET /whsy.php?e=numa_maps&p=%2Fproc%2F21729 HTTP/2.0" 200 836 "https://www.amgholdingcompany.com.lab2454.com/whsy.php?p=%2Fproc%2F21729" "Mozilla/5.0 AppleWebKit/537.36 (KHTML, like Gecko; compatible; GPTBot/1.3; +https://openai.com/gptbot)"
74.7.242.3 - - [02/Mar/2026:14:46:05 +0000] "GET /whsy.php?p=%2Fproc%2F16508%2Fnet HTTP/2.0" 200 836 "https://www.amgholdingcompany.com.lab2454.com/whsy.php?p=%2Fproc%2F16508" "Mozilla/5.0 AppleWebKit/537.36 (KHTML, like Gecko; compatible; GPTBot/1.3; +https://openai.com/gptbot)"
74.7.230.0 - - [02/Mar/2026:14:46:06 +0000] "GET /robots.txt HTTP/2.0" 404 - "-" "Mozilla/5.0 (Macintosh; Intel Mac OS X 10_15_7) AppleWebKit/537.36 (KHTML, like Gecko) Chrome/131.0.0.0 Safari/537.36; compatible; OAI-SearchBot/1.3; robots.txt; +https://openai.com/searchbot"
74.7.242.3 - - [02/Mar/2026:14:46:57 +0000] "GET /whsy.php?p=%2Fproc%2F16508%2Ftask HTTP/2.0" 200 836 "https://www.amgholdingcompany.com.lab2454.com/whsy.php?p=%2Fproc%2F16508" "Mozilla/5.0 AppleWebKit/537.36 (KHTML, like Gecko; compatible; GPTBot/1.3; +https://openai.com/gptbot)"
74.7.242.3 - - [02/Mar/2026:14:47:46 +0000] "GET /whsy.php?e=oom_score&p=%2Fproc%2F14165 HTTP/2.0" 200 836 "https://www.amgholdingcompany.com.lab2454.com/whsy.php?p=%2Fproc%2F14165" "Mozilla/5.0 AppleWebKit/537.36 (KHTML, like Gecko; compatible; GPTBot/1.3; +https://openai.com/gptbot)"
74.7.242.3 - - [02/Mar/2026:14:48:37 +0000] "GET /whsy.php?e=oom_score&p=%2Fproc%2F11483 HTTP/2.0" 200 836 "https://www.amgholdingcompany.com.lab2454.com/whsy.php?p=%2Fproc%2F11483" "Mozilla/5.0 AppleWebKit/537.36 (KHTML, like Gecko; compatible; GPTBot/1.3; +https://openai.com/gptbot)"
74.7.242.3 - - [02/Mar/2026:14:49:08 +0000] "GET /whsy.php?e=arch_status&p=%2Fproc%2F29128 HTTP/2.0" 200 836 "https://www.amgholdingcompany.com.lab2454.com/whsy.php?p=%2Fproc%2F29128" "Mozilla/5.0 AppleWebKit/537.36 (KHTML, like Gecko; compatible; GPTBot/1.3; +https://openai.com/gptbot)"
74.7.242.3 - - [02/Mar/2026:14:50:04 +0000] "GET /whsy.php?e=arch_status&p=%2Fproc%2F21729 HTTP/2.0" 200 836 "https://www.amgholdingcompany.com.lab2454.com/whsy.php?p=%2Fproc%2F21729" "Mozilla/5.0 AppleWebKit/537.36 (KHTML, like Gecko; compatible; GPTBot/1.3; +https://openai.com/gptbot)"
74.7.242.3 - - [02/Mar/2026:14:51:10 +0000] "GET /whsy.php?e=ptype&p=%2Fproc%2F26963%2Fnet HTTP/2.0" 200 2617 "https://www.amgholdingcompany.com.lab2454.com/whsy.php?p=%2Fproc%2F26963%2Fnet" "Mozilla/5.0 AppleWebKit/537.36 (KHTML, like Gecko; compatible; GPTBot/1.3; +https://openai.com/gptbot)"
74.7.230.0 - - [02/Mar/2026:14:51:11 +0000] "GET /robots.txt HTTP/2.0" 404 - "-" "Mozilla/5.0 (Macintosh; Intel Mac OS X 10_15_7) AppleWebKit/537.36 (KHTML, like Gecko) Chrome/131.0.0.0 Safari/537.36; compatible; OAI-SearchBot/1.3; robots.txt; +https://openai.com/searchbot"
74.7.242.3 - - [02/Mar/2026:14:51:56 +0000] "GET /whsy.php?e=pppoe&p=%2Fproc%2F26963%2Fnet HTTP/2.0" 200 2523 "https://www.amgholdingcompany.com.lab2454.com/whsy.php?p=%2Fproc%2F26963%2Fnet" "Mozilla/5.0 AppleWebKit/537.36 (KHTML, like Gecko; compatible; GPTBot/1.3; +https://openai.com/gptbot)"
74.7.242.3 - - [02/Mar/2026:14:52:59 +0000] "GET /whsy.php?e=pppoe&p=%2Fproc%2F29566%2Fnet HTTP/2.0" 200 2524 "https://www.amgholdingcompany.com.lab2454.com/whsy.php?p=%2Fproc%2F29566%2Fnet" "Mozilla/5.0 AppleWebKit/537.36 (KHTML, like Gecko; compatible; GPTBot/1.3; +https://openai.com/gptbot)"
74.7.242.3 - - [02/Mar/2026:14:53:43 +0000] "GET /whsy.php?e=arch_status&p=%2Fproc%2F26963 HTTP/2.0" 200 2006 "https://www.amgholdingcompany.com.lab2454.com/whsy.php?p=%2Fproc%2F26963" "Mozilla/5.0 AppleWebKit/537.36 (KHTML, like Gecko; compatible; GPTBot/1.3; +https://openai.com/gptbot)"
74.7.242.3 - - [02/Mar/2026:14:54:46 +0000] "GET /whsy.php?e=arch_status&p=%2Fproc%2F29566 HTTP/2.0" 200 2006 "https://www.amgholdingcompany.com.lab2454.com/whsy.php?p=%2Fproc%2F29566" "Mozilla/5.0 AppleWebKit/537.36 (KHTML, like Gecko; compatible; GPTBot/1.3; +https://openai.com/gptbot)"
74.7.242.3 - - [02/Mar/2026:14:55:29 +0000] "GET /whsy.php?e=arch_status&p=%2Fproc%2F20560 HTTP/2.0" 200 836 "https://www.amgholdingcompany.com.lab2454.com/whsy.php?p=%2Fproc%2F20560" "Mozilla/5.0 AppleWebKit/537.36 (KHTML, like Gecko; compatible; GPTBot/1.3; +https://openai.com/gptbot)"
74.7.242.3 - - [02/Mar/2026:14:56:45 +0000] "GET /whsy.php?e=unix&p=%2Fproc%2F29566%2Fnet HTTP/2.0" 200 4972 "https://www.amgholdingcompany.com.lab2454.com/whsy.php?p=%2Fproc%2F29566%2Fnet" "Mozilla/5.0 AppleWebKit/537.36 (KHTML, like Gecko; compatible; GPTBot/1.3; +https://openai.com/gptbot)"
74.7.242.3 - - [02/Mar/2026:14:57:48 +0000] "GET /whsy.php?e=unix&p=%2Fproc%2F26963%2Fnet HTTP/2.0" 200 5033 "https://www.amgholdingcompany.com.lab2454.com/whsy.php?p=%2Fproc%2F26963%2Fnet" "Mozilla/5.0 AppleWebKit/537.36 (KHTML, like Gecko; compatible; GPTBot/1.3; +https://openai.com/gptbot)"
74.7.242.3 - - [02/Mar/2026:14:58:46 +0000] "GET /whsy.php?e=psched&p=%2Fproc%2F29566%2Fnet HTTP/2.0" 200 2532 "https://www.amgholdingcompany.com.lab2454.com/whsy.php?p=%2Fproc%2F29566%2Fnet" "Mozilla/5.0 AppleWebKit/537.36 (KHTML, like Gecko; compatible; GPTBot/1.3; +https://openai.com/gptbot)"
74.7.242.3 - - [02/Mar/2026:15:00:12 +0000] "GET /whsy.php?e=psched&p=%2Fproc%2F26963%2Fnet HTTP/2.0" 200 2532 "https://www.amgholdingcompany.com.lab2454.com/whsy.php?p=%2Fproc%2F26963%2Fnet" "Mozilla/5.0 AppleWebKit/537.36 (KHTML, like Gecko; compatible; GPTBot/1.3; +https://openai.com/gptbot)"
74.7.242.3 - - [02/Mar/2026:15:01:15 +0000] "GET /whsy.php?p=%2Fproc%2F23222%2Ftask HTTP/2.0" 200 836 "https://www.amgholdingcompany.com.lab2454.com/whsy.php?p=%2Fproc%2F23222" "Mozilla/5.0 AppleWebKit/537.36 (KHTML, like Gecko; compatible; GPTBot/1.3; +https://openai.com/gptbot)"
74.7.242.3 - - [02/Mar/2026:15:02:20 +0000] "GET /whsy.php?p=%2Fproc%2F23222%2Fnet HTTP/2.0" 200 836 "https://www.amgholdingcompany.com.lab2454.com/whsy.php?p=%2Fproc%2F23222" "Mozilla/5.0 AppleWebKit/537.36 (KHTML, like Gecko; compatible; GPTBot/1.3; +https://openai.com/gptbot)"
74.7.230.0 - - [02/Mar/2026:15:02:20 +0000] "GET /robots.txt HTTP/2.0" 404 - "-" "Mozilla/5.0 (Macintosh; Intel Mac OS X 10_15_7) AppleWebKit/537.36 (KHTML, like Gecko) Chrome/131.0.0.0 Safari/537.36; compatible; OAI-SearchBot/1.3; robots.txt; +https://openai.com/searchbot"
74.7.242.3 - - [02/Mar/2026:15:03:58 +0000] "GET /whsy.php?p=%2Fproc%2F23222%2Fattr HTTP/2.0" 200 836 "https://www.amgholdingcompany.com.lab2454.com/whsy.php?p=%2Fproc%2F23222" "Mozilla/5.0 AppleWebKit/537.36 (KHTML, like Gecko; compatible; GPTBot/1.3; +https://openai.com/gptbot)"
74.7.242.3 - - [02/Mar/2026:15:05:15 +0000] "GET /whsy.php?e=oom_score&p=%2Fproc%2F26963 HTTP/2.0" 200 2007 "https://www.amgholdingcompany.com.lab2454.com/whsy.php?p=%2Fproc%2F26963" "Mozilla/5.0 AppleWebKit/537.36 (KHTML, like Gecko; compatible; GPTBot/1.3; +https://openai.com/gptbot)"
74.7.242.3 - - [02/Mar/2026:15:06:25 +0000] "GET /whsy.php?e=oom_score&p=%2Fproc%2F29566 HTTP/2.0" 200 2004 "https://www.amgholdingcompany.com.lab2454.com/whsy.php?p=%2Fproc%2F29566" "Mozilla/5.0 AppleWebKit/537.36 (KHTML, like Gecko; compatible; GPTBot/1.3; +https://openai.com/gptbot)"
74.7.242.3 - - [02/Mar/2026:15:07:47 +0000] "GET /whsy.php?e=oom_score&p=%2Fproc%2F20560 HTTP/2.0" 200 836 "https://www.amgholdingcompany.com.lab2454.com/whsy.php?p=%2Fproc%2F20560" "Mozilla/5.0 AppleWebKit/537.36 (KHTML, like Gecko; compatible; GPTBot/1.3; +https://openai.com/gptbot)"
74.7.230.0 - - [02/Mar/2026:15:07:48 +0000] "GET /robots.txt HTTP/2.0" 404 - "-" "Mozilla/5.0 (Macintosh; Intel Mac OS X 10_15_7) AppleWebKit/537.36 (KHTML, like Gecko) Chrome/131.0.0.0 Safari/537.36; compatible; OAI-SearchBot/1.3; robots.txt; +https://openai.com/searchbot"
74.7.242.3 - - [02/Mar/2026:15:09:01 +0000] "GET /whsy.php?e=sockstat&p=%2Fproc%2F26963%2Fnet HTTP/2.0" 200 2603 "https://www.amgholdingcompany.com.lab2454.com/whsy.php?p=%2Fproc%2F26963%2Fnet" "Mozilla/5.0 AppleWebKit/537.36 (KHTML, like Gecko; compatible; GPTBot/1.3; +https://openai.com/gptbot)"
74.7.242.3 - - [02/Mar/2026:15:10:09 +0000] "GET /whsy.php?e=sockstat&p=%2Fproc%2F29566%2Fnet HTTP/2.0" 200 2599 "https://www.amgholdingcompany.com.lab2454.com/whsy.php?p=%2Fproc%2F29566%2Fnet" "Mozilla/5.0 AppleWebKit/537.36 (KHTML, like Gecko; compatible; GPTBot/1.3; +https://openai.com/gptbot)"
74.7.242.3 - - [02/Mar/2026:15:11:11 +0000] "GET /whsy.php?e=mcfilter&p=%2Fproc%2F26963%2Fnet HTTP/2.0" 200 2537 "https://www.amgholdingcompany.com.lab2454.com/whsy.php?p=%2Fproc%2F26963%2Fnet" "Mozilla/5.0 AppleWebKit/537.36 (KHTML, like Gecko; compatible; GPTBot/1.3; +https://openai.com/gptbot)"
74.7.242.3 - - [02/Mar/2026:15:12:24 +0000] "GET /whsy.php?e=fib_trie&p=%2Fproc%2F26963%2Fnet HTTP/2.0" 200 2694 "https://www.amgholdingcompany.com.lab2454.com/whsy.php?p=%2Fproc%2F26963%2Fnet" "Mozilla/5.0 AppleWebKit/537.36 (KHTML, like Gecko; compatible; GPTBot/1.3; +https://openai.com/gptbot)"
74.7.242.3 - - [02/Mar/2026:15:13:42 +0000] "GET /whsy.php?e=mcfilter&p=%2Fproc%2F29566%2Fnet HTTP/2.0" 200 2538 "https://www.amgholdingcompany.com.lab2454.com/whsy.php?p=%2Fproc%2F29566%2Fnet" "Mozilla/5.0 AppleWebKit/537.36 (KHTML, like Gecko; compatible; GPTBot/1.3; +https://openai.com/gptbot)"
74.7.242.3 - - [02/Mar/2026:15:14:50 +0000] "GET /whsy.php?e=fib_trie&p=%2Fproc%2F29566%2Fnet HTTP/2.0" 200 2694 "https://www.amgholdingcompany.com.lab2454.com/whsy.php?p=%2Fproc%2F29566%2Fnet" "Mozilla/5.0 AppleWebKit/537.36 (KHTML, like Gecko; compatible; GPTBot/1.3; +https://openai.com/gptbot)"
74.7.242.3 - - [02/Mar/2026:15:15:53 +0000] "GET /whsy.php?p=%2Fproc%2F2139 HTTP/2.0" 200 836 "https://www.amgholdingcompany.com.lab2454.com/whsy.php?p=%2Fproc%2F9884%2F.." "Mozilla/5.0 AppleWebKit/537.36 (KHTML, like Gecko; compatible; GPTBot/1.3; +https://openai.com/gptbot)"
74.7.242.3 - - [02/Mar/2026:15:17:17 +0000] "GET /whsy.php?p=%2Fproc%2F2979 HTTP/2.0" 200 836 "https://www.amgholdingcompany.com.lab2454.com/whsy.php?p=%2Fproc%2F1010%2F.." "Mozilla/5.0 AppleWebKit/537.36 (KHTML, like Gecko; compatible; GPTBot/1.3; +https://openai.com/gptbot)"
74.7.242.3 - - [02/Mar/2026:15:18:28 +0000] "GET /whsy.php?e=current&p=%2Fproc%2F29566%2Fattr HTTP/2.0" 200 849 "https://www.amgholdingcompany.com.lab2454.com/whsy.php?p=%2Fproc%2F29566%2Fattr" "Mozilla/5.0 AppleWebKit/537.36 (KHTML, like Gecko; compatible; GPTBot/1.3; +https://openai.com/gptbot)"
74.7.242.3 - - [02/Mar/2026:15:19:43 +0000] "GET /whsy.php?e=rt_cache&p=%2Fproc%2F29566%2Fnet HTTP/2.0" 200 2598 "https://www.amgholdingcompany.com.lab2454.com/whsy.php?p=%2Fproc%2F29566%2Fnet" "Mozilla/5.0 AppleWebKit/537.36 (KHTML, like Gecko; compatible; GPTBot/1.3; +https://openai.com/gptbot)"
74.7.230.0 - - [02/Mar/2026:15:19:44 +0000] "GET /robots.txt HTTP/2.0" 404 - "-" "Mozilla/5.0 (Macintosh; Intel Mac OS X 10_15_7) AppleWebKit/537.36 (KHTML, like Gecko) Chrome/131.0.0.0 Safari/537.36; compatible; OAI-SearchBot/1.3; robots.txt; +https://openai.com/searchbot"
74.7.242.3 - - [02/Mar/2026:15:20:56 +0000] "GET /whsy.php?e=rt_cache&p=%2Fproc%2F26963%2Fnet HTTP/2.0" 200 2598 "https://www.amgholdingcompany.com.lab2454.com/whsy.php?p=%2Fproc%2F26963%2Fnet" "Mozilla/5.0 AppleWebKit/537.36 (KHTML, like Gecko; compatible; GPTBot/1.3; +https://openai.com/gptbot)"
74.7.242.3 - - [02/Mar/2026:15:22:04 +0000] "GET /whsy.php?e=current&p=%2Fproc%2F26963%2Fattr HTTP/2.0" 200 848 "https://www.amgholdingcompany.com.lab2454.com/whsy.php?p=%2Fproc%2F26963%2Fattr" "Mozilla/5.0 AppleWebKit/537.36 (KHTML, like Gecko; compatible; GPTBot/1.3; +https://openai.com/gptbot)"
74.7.242.3 - - [02/Mar/2026:15:23:26 +0000] "GET /whsy.php?e=projid_map&p=%2Fproc%2F23222 HTTP/2.0" 200 836 "https://www.amgholdingcompany.com.lab2454.com/whsy.php?p=%2Fproc%2F23222" "Mozilla/5.0 AppleWebKit/537.36 (KHTML, like Gecko; compatible; GPTBot/1.3; +https://openai.com/gptbot)"
74.7.242.3 - - [02/Mar/2026:15:24:45 +0000] "GET /whsy.php?e=exec&p=%2Fproc%2F26963%2Fattr HTTP/2.0" 200 859 "https://www.amgholdingcompany.com.lab2454.com/whsy.php?p=%2Fproc%2F26963%2Fattr" "Mozilla/5.0 AppleWebKit/537.36 (KHTML, like Gecko; compatible; GPTBot/1.3; +https://openai.com/gptbot)"
74.7.230.0 - - [02/Mar/2026:15:24:46 +0000] "GET /robots.txt HTTP/2.0" 404 - "-" "Mozilla/5.0 (Macintosh; Intel Mac OS X 10_15_7) AppleWebKit/537.36 (KHTML, like Gecko) Chrome/131.0.0.0 Safari/537.36; compatible; OAI-SearchBot/1.3; robots.txt; +https://openai.com/searchbot"
74.7.242.3 - - [02/Mar/2026:15:26:01 +0000] "GET /whsy.php?e=exec&p=%2Fproc%2F29566%2Fattr HTTP/2.0" 200 860 "https://www.amgholdingcompany.com.lab2454.com/whsy.php?p=%2Fproc%2F29566%2Fattr" "Mozilla/5.0 AppleWebKit/537.36 (KHTML, like Gecko; compatible; GPTBot/1.3; +https://openai.com/gptbot)"
74.7.242.3 - - [02/Mar/2026:15:27:12 +0000] "GET /whsy.php?e=pfkey&p=%2Fproc%2F26963%2Fnet HTTP/2.0" 200 2534 "https://www.amgholdingcompany.com.lab2454.com/whsy.php?p=%2Fproc%2F26963%2Fnet" "Mozilla/5.0 AppleWebKit/537.36 (KHTML, like Gecko; compatible; GPTBot/1.3; +https://openai.com/gptbot)"
74.7.242.3 - - [02/Mar/2026:15:28:25 +0000] "GET /whsy.php?e=route&p=%2Fproc%2F26963%2Fnet HTTP/2.0" 200 2637 "https://www.amgholdingcompany.com.lab2454.com/whsy.php?p=%2Fproc%2F26963%2Fnet" "Mozilla/5.0 AppleWebKit/537.36 (KHTML, like Gecko; compatible; GPTBot/1.3; +https://openai.com/gptbot)"
74.7.242.3 - - [02/Mar/2026:15:29:41 +0000] "GET /whsy.php?e=pfkey&p=%2Fproc%2F29566%2Fnet HTTP/2.0" 200 2535 "https://www.amgholdingcompany.com.lab2454.com/whsy.php?p=%2Fproc%2F29566%2Fnet" "Mozilla/5.0 AppleWebKit/537.36 (KHTML, like Gecko; compatible; GPTBot/1.3; +https://openai.com/gptbot)"
74.7.242.3 - - [02/Mar/2026:15:30:41 +0000] "GET /whsy.php?e=route&p=%2Fproc%2F29566%2Fnet HTTP/2.0" 200 2637 "https://www.amgholdingcompany.com.lab2454.com/whsy.php?p=%2Fproc%2F29566%2Fnet" "Mozilla/5.0 AppleWebKit/537.36 (KHTML, like Gecko; compatible; GPTBot/1.3; +https://openai.com/gptbot)"
74.7.230.0 - - [02/Mar/2026:15:30:42 +0000] "GET /robots.txt HTTP/2.0" 404 - "-" "Mozilla/5.0 (Macintosh; Intel Mac OS X 10_15_7) AppleWebKit/537.36 (KHTML, like Gecko) Chrome/131.0.0.0 Safari/537.36; compatible; OAI-SearchBot/1.3; robots.txt; +https://openai.com/searchbot"
74.7.242.3 - - [02/Mar/2026:15:31:43 +0000] "GET /whsy.php?e=tcp&p=%2Fproc%2F26963%2Fnet HTTP/2.0" 200 11747 "https://www.amgholdingcompany.com.lab2454.com/whsy.php?p=%2Fproc%2F26963%2Fnet" "Mozilla/5.0 AppleWebKit/537.36 (KHTML, like Gecko; compatible; GPTBot/1.3; +https://openai.com/gptbot)"
74.7.242.3 - - [02/Mar/2026:15:33:02 +0000] "GET /whsy.php?e=tcp&p=%2Fproc%2F29566%2Fnet HTTP/2.0" 200 5306 "https://www.amgholdingcompany.com.lab2454.com/whsy.php?p=%2Fproc%2F29566%2Fnet" "Mozilla/5.0 AppleWebKit/537.36 (KHTML, like Gecko; compatible; GPTBot/1.3; +https://openai.com/gptbot)"
74.7.242.3 - - [02/Mar/2026:15:34:25 +0000] "GET /whsy.php?e=rt_acct&p=%2Fproc%2F26963%2Fnet HTTP/2.0" 200 2529 "https://www.amgholdingcompany.com.lab2454.com/whsy.php?p=%2Fproc%2F26963%2Fnet" "Mozilla/5.0 AppleWebKit/537.36 (KHTML, like Gecko; compatible; GPTBot/1.3; +https://openai.com/gptbot)"
74.7.242.3 - - [02/Mar/2026:15:35:39 +0000] "GET /whsy.php?e=rt_acct&p=%2Fproc%2F29566%2Fnet HTTP/2.0" 200 2529 "https://www.amgholdingcompany.com.lab2454.com/whsy.php?p=%2Fproc%2F29566%2Fnet" "Mozilla/5.0 AppleWebKit/537.36 (KHTML, like Gecko; compatible; GPTBot/1.3; +https://openai.com/gptbot)"
74.7.242.3 - - [02/Mar/2026:15:37:01 +0000] "GET /whsy.php?e=prev&p=%2Fproc%2F29566%2Fattr HTTP/2.0" 200 859 "https://www.amgholdingcompany.com.lab2454.com/whsy.php?p=%2Fproc%2F29566%2Fattr" "Mozilla/5.0 AppleWebKit/537.36 (KHTML, like Gecko; compatible; GPTBot/1.3; +https://openai.com/gptbot)"
74.7.230.0 - - [02/Mar/2026:15:37:02 +0000] "GET /robots.txt HTTP/2.0" 404 - "-" "Mozilla/5.0 (Macintosh; Intel Mac OS X 10_15_7) AppleWebKit/537.36 (KHTML, like Gecko) Chrome/131.0.0.0 Safari/537.36; compatible; OAI-SearchBot/1.3; robots.txt; +https://openai.com/searchbot"
74.7.242.3 - - [02/Mar/2026:15:38:40 +0000] "GET /whsy.php?e=prev&p=%2Fproc%2F26963%2Fattr HTTP/2.0" 200 859 "https://www.amgholdingcompany.com.lab2454.com/whsy.php?p=%2Fproc%2F26963%2Fattr" "Mozilla/5.0 AppleWebKit/537.36 (KHTML, like Gecko; compatible; GPTBot/1.3; +https://openai.com/gptbot)"
74.7.242.3 - - [02/Mar/2026:15:39:55 +0000] "GET /whsy.php?e=arp&p=%2Fproc%2F29566%2Fnet HTTP/2.0" 200 2580 "https://www.amgholdingcompany.com.lab2454.com/whsy.php?p=%2Fproc%2F29566%2Fnet" "Mozilla/5.0 AppleWebKit/537.36 (KHTML, like Gecko; compatible; GPTBot/1.3; +https://openai.com/gptbot)"
74.7.242.3 - - [02/Mar/2026:15:41:29 +0000] "GET /whsy.php?e=arp&p=%2Fproc%2F26963%2Fnet HTTP/2.0" 200 2579 "https://www.amgholdingcompany.com.lab2454.com/whsy.php?p=%2Fproc%2F26963%2Fnet" "Mozilla/5.0 AppleWebKit/537.36 (KHTML, like Gecko; compatible; GPTBot/1.3; +https://openai.com/gptbot)"
74.7.242.3 - - [02/Mar/2026:15:42:44 +0000] "GET /whsy.php?p=%2Fproc%2F26963%2Fnet%2Fipt_hashlimit HTTP/2.0" 200 500 "https://www.amgholdingcompany.com.lab2454.com/whsy.php?p=%2Fproc%2F26963%2Fnet" "Mozilla/5.0 AppleWebKit/537.36 (KHTML, like Gecko; compatible; GPTBot/1.3; +https://openai.com/gptbot)"
74.7.230.0 - - [02/Mar/2026:15:42:45 +0000] "GET /robots.txt HTTP/2.0" 404 - "-" "Mozilla/5.0 (Macintosh; Intel Mac OS X 10_15_7) AppleWebKit/537.36 (KHTML, like Gecko) Chrome/131.0.0.0 Safari/537.36; compatible; OAI-SearchBot/1.3; robots.txt; +https://openai.com/searchbot"
74.7.242.3 - - [02/Mar/2026:15:44:09 +0000] "GET /whsy.php?p=%2Fproc%2F29566%2Fnet%2Fipt_hashlimit HTTP/2.0" 200 501 "https://www.amgholdingcompany.com.lab2454.com/whsy.php?p=%2Fproc%2F29566%2Fnet" "Mozilla/5.0 AppleWebKit/537.36 (KHTML, like Gecko; compatible; GPTBot/1.3; +https://openai.com/gptbot)"
74.7.242.3 - - [02/Mar/2026:15:45:24 +0000] "GET /whsy.php?e=packet&p=%2Fproc%2F26963%2Fnet HTTP/2.0" 200 2571 "https://www.amgholdingcompany.com.lab2454.com/whsy.php?p=%2Fproc%2F26963%2Fnet" "Mozilla/5.0 AppleWebKit/537.36 (KHTML, like Gecko; compatible; GPTBot/1.3; +https://openai.com/gptbot)"
74.7.242.3 - - [02/Mar/2026:15:46:28 +0000] "GET /whsy.php?e=packet&p=%2Fproc%2F29566%2Fnet HTTP/2.0" 200 2572 "https://www.amgholdingcompany.com.lab2454.com/whsy.php?p=%2Fproc%2F29566%2Fnet" "Mozilla/5.0 AppleWebKit/537.36 (KHTML, like Gecko; compatible; GPTBot/1.3; +https://openai.com/gptbot)"
74.7.242.3 - - [02/Mar/2026:15:47:43 +0000] "GET /whsy.php?p=%2Fproc%2F26963%2Ffdinfo HTTP/2.0" 200 197196 "https://www.amgholdingcompany.com.lab2454.com/whsy.php?p=%2Fproc%2F26963" "Mozilla/5.0 AppleWebKit/537.36 (KHTML, like Gecko; compatible; GPTBot/1.3; +https://openai.com/gptbot)"
74.7.230.0 - - [02/Mar/2026:15:48:13 +0000] "GET /robots.txt HTTP/2.0" 404 - "-" "Mozilla/5.0 (Macintosh; Intel Mac OS X 10_15_7) AppleWebKit/537.36 (KHTML, like Gecko) Chrome/131.0.0.0 Safari/537.36; compatible; OAI-SearchBot/1.3; robots.txt; +https://openai.com/searchbot"
74.7.242.3 - - [02/Mar/2026:15:49:25 +0000] "GET /whsy.php?p=%2Fproc%2F29566%2Ffdinfo HTTP/2.0" 200 192828 "https://www.amgholdingcompany.com.lab2454.com/whsy.php?p=%2Fproc%2F29566" "Mozilla/5.0 AppleWebKit/537.36 (KHTML, like Gecko; compatible; GPTBot/1.3; +https://openai.com/gptbot)"
74.7.242.3 - - [02/Mar/2026:15:51:02 +0000] "GET /whsy.php?p=%2Fproc%2F29128%2Ffdinfo HTTP/2.0" 200 836 "https://www.amgholdingcompany.com.lab2454.com/whsy.php?p=%2Fproc%2F29128" "Mozilla/5.0 AppleWebKit/537.36 (KHTML, like Gecko; compatible; GPTBot/1.3; +https://openai.com/gptbot)"
74.7.242.3 - - [02/Mar/2026:15:52:01 +0000] "GET /whsy.php?p=%2Fproc%2F21729%2Ffdinfo HTTP/2.0" 200 836 "https://www.amgholdingcompany.com.lab2454.com/whsy.php?p=%2Fproc%2F21729" "Mozilla/5.0 AppleWebKit/537.36 (KHTML, like Gecko; compatible; GPTBot/1.3; +https://openai.com/gptbot)"
74.7.242.3 - - [02/Mar/2026:15:52:56 +0000] "GET /whsy.php?p=%2Fproc%2F20560%2Ffdinfo HTTP/2.0" 200 836 "https://www.amgholdingcompany.com.lab2454.com/whsy.php?p=%2Fproc%2F20560" "Mozilla/5.0 AppleWebKit/537.36 (KHTML, like Gecko; compatible; GPTBot/1.3; +https://openai.com/gptbot)"
74.7.242.3 - - [02/Mar/2026:15:54:04 +0000] "GET /whsy.php?e=netstat&p=%2Fproc%2F29566%2Fnet HTTP/2.0" 200 4238 "https://www.amgholdingcompany.com.lab2454.com/whsy.php?p=%2Fproc%2F29566%2Fnet" "Mozilla/5.0 AppleWebKit/537.36 (KHTML, like Gecko; compatible; GPTBot/1.3; +https://openai.com/gptbot)"
74.7.230.0 - - [02/Mar/2026:15:54:05 +0000] "GET /robots.txt HTTP/2.0" 404 - "-" "Mozilla/5.0 (Macintosh; Intel Mac OS X 10_15_7) AppleWebKit/537.36 (KHTML, like Gecko) Chrome/131.0.0.0 Safari/537.36; compatible; OAI-SearchBot/1.3; robots.txt; +https://openai.com/searchbot"
74.7.242.3 - - [02/Mar/2026:15:55:15 +0000] "GET /whsy.php?e=netstat&p=%2Fproc%2F26963%2Fnet HTTP/2.0" 200 4242 "https://www.amgholdingcompany.com.lab2454.com/whsy.php?p=%2Fproc%2F26963%2Fnet" "Mozilla/5.0 AppleWebKit/537.36 (KHTML, like Gecko; compatible; GPTBot/1.3; +https://openai.com/gptbot)"
74.7.242.3 - - [02/Mar/2026:15:56:38 +0000] "GET /whsy.php?e=udplite&p=%2Fproc%2F29566%2Fnet HTTP/2.0" 200 2583 "https://www.amgholdingcompany.com.lab2454.com/whsy.php?p=%2Fproc%2F29566%2Fnet" "Mozilla/5.0 AppleWebKit/537.36 (KHTML, like Gecko; compatible; GPTBot/1.3; +https://openai.com/gptbot)"
74.7.242.3 - - [02/Mar/2026:15:57:49 +0000] "GET /whsy.php?e=netlink&p=%2Fproc%2F29566%2Fnet HTTP/2.0" 200 2812 "https://www.amgholdingcompany.com.lab2454.com/whsy.php?p=%2Fproc%2F29566%2Fnet" "Mozilla/5.0 AppleWebKit/537.36 (KHTML, like Gecko; compatible; GPTBot/1.3; +https://openai.com/gptbot)"
74.7.242.3 - - [02/Mar/2026:15:59:16 +0000] "GET /whsy.php?e=tls_stat&p=%2Fproc%2F29566%2Fnet HTTP/2.0" 200 2601 "https://www.amgholdingcompany.com.lab2454.com/whsy.php?p=%2Fproc%2F29566%2Fnet" "Mozilla/5.0 AppleWebKit/537.36 (KHTML, like Gecko; compatible; GPTBot/1.3; +https://openai.com/gptbot)"
74.7.230.0 - - [02/Mar/2026:15:59:17 +0000] "GET /robots.txt HTTP/2.0" 404 - "-" "Mozilla/5.0 (Macintosh; Intel Mac OS X 10_15_7) AppleWebKit/537.36 (KHTML, like Gecko) Chrome/131.0.0.0 Safari/537.36; compatible; OAI-SearchBot/1.3; robots.txt; +https://openai.com/searchbot"
74.7.242.3 - - [02/Mar/2026:16:00:17 +0000] "GET /whsy.php?e=netlink&p=%2Fproc%2F26963%2Fnet HTTP/2.0" 200 2812 "https://www.amgholdingcompany.com.lab2454.com/whsy.php?p=%2Fproc%2F26963%2Fnet" "Mozilla/5.0 AppleWebKit/537.36 (KHTML, like Gecko; compatible; GPTBot/1.3; +https://openai.com/gptbot)"
74.7.242.3 - - [02/Mar/2026:16:01:40 +0000] "GET /whsy.php?e=udplite&p=%2Fproc%2F26963%2Fnet HTTP/2.0" 200 2583 "https://www.amgholdingcompany.com.lab2454.com/whsy.php?p=%2Fproc%2F26963%2Fnet" "Mozilla/5.0 AppleWebKit/537.36 (KHTML, like Gecko; compatible; GPTBot/1.3; +https://openai.com/gptbot)"
74.7.242.3 - - [02/Mar/2026:16:02:41 +0000] "GET /whsy.php?e=tls_stat&p=%2Fproc%2F26963%2Fnet HTTP/2.0" 200 2601 "https://www.amgholdingcompany.com.lab2454.com/whsy.php?p=%2Fproc%2F26963%2Fnet" "Mozilla/5.0 AppleWebKit/537.36 (KHTML, like Gecko; compatible; GPTBot/1.3; +https://openai.com/gptbot)"
74.7.242.3 - - [02/Mar/2026:16:04:02 +0000] "GET /whsy.php?p=%2Fproc%2F23222%2Fmap_files HTTP/2.0" 200 836 "https://www.amgholdingcompany.com.lab2454.com/whsy.php?p=%2Fproc%2F23222" "Mozilla/5.0 AppleWebKit/537.36 (KHTML, like Gecko; compatible; GPTBot/1.3; +https://openai.com/gptbot)"
74.7.242.3 - - [02/Mar/2026:16:05:14 +0000] "GET /whsy.php?p=%2Fproc%2F11483%2Fns HTTP/2.0" 200 836 "https://www.amgholdingcompany.com.lab2454.com/whsy.php?p=%2Fproc%2F11483" "Mozilla/5.0 AppleWebKit/537.36 (KHTML, like Gecko; compatible; GPTBot/1.3; +https://openai.com/gptbot)"
74.7.230.0 - - [02/Mar/2026:16:05:14 +0000] "GET /robots.txt HTTP/2.0" 404 - "-" "Mozilla/5.0 (Macintosh; Intel Mac OS X 10_15_7) AppleWebKit/537.36 (KHTML, like Gecko) Chrome/131.0.0.0 Safari/537.36; compatible; OAI-SearchBot/1.3; robots.txt; +https://openai.com/searchbot"
74.7.242.3 - - [02/Mar/2026:16:06:46 +0000] "GET /whsy.php?p=%2Fproc%2F11483%2Ffd HTTP/2.0" 200 836 "https://www.amgholdingcompany.com.lab2454.com/whsy.php?p=%2Fproc%2F11483" "Mozilla/5.0 AppleWebKit/537.36 (KHTML, like Gecko; compatible; GPTBot/1.3; +https://openai.com/gptbot)"
74.7.242.3 - - [02/Mar/2026:16:08:46 +0000] "GET /whsy.php?p=%2Fproc%2F14165%2Ffd HTTP/2.0" 200 836 "https://www.amgholdingcompany.com.lab2454.com/whsy.php?p=%2Fproc%2F14165" "Mozilla/5.0 AppleWebKit/537.36 (KHTML, like Gecko; compatible; GPTBot/1.3; +https://openai.com/gptbot)"
74.7.242.3 - - [02/Mar/2026:16:10:56 +0000] "GET /whsy.php?p=%2Fproc%2F29128%2Fns HTTP/2.0" 200 836 "https://www.amgholdingcompany.com.lab2454.com/whsy.php?p=%2Fproc%2F29128" "Mozilla/5.0 AppleWebKit/537.36 (KHTML, like Gecko; compatible; GPTBot/1.3; +https://openai.com/gptbot)"
74.7.230.0 - - [02/Mar/2026:16:10:57 +0000] "GET /robots.txt HTTP/2.0" 404 - "-" "Mozilla/5.0 (Macintosh; Intel Mac OS X 10_15_7) AppleWebKit/537.36 (KHTML, like Gecko) Chrome/131.0.0.0 Safari/537.36; compatible; OAI-SearchBot/1.3; robots.txt; +https://openai.com/searchbot"
74.7.242.3 - - [02/Mar/2026:16:12:45 +0000] "GET /whsy.php?p=%2Fproc%2F20560%2Ffd HTTP/2.0" 200 836 "https://www.amgholdingcompany.com.lab2454.com/whsy.php?p=%2Fproc%2F20560" "Mozilla/5.0 AppleWebKit/537.36 (KHTML, like Gecko; compatible; GPTBot/1.3; +https://openai.com/gptbot)"
74.7.242.3 - - [02/Mar/2026:16:14:25 +0000] "GET /whsy.php?p=%2Fproc%2F26963%2Ffd HTTP/2.0" 200 156861 "https://www.amgholdingcompany.com.lab2454.com/whsy.php?p=%2Fproc%2F26963" "Mozilla/5.0 AppleWebKit/537.36 (KHTML, like Gecko; compatible; GPTBot/1.3; +https://openai.com/gptbot)"
74.7.242.3 - - [02/Mar/2026:16:16:28 +0000] "GET /whsy.php?p=%2Fproc%2F26963%2Fns HTTP/2.0" 200 183636 "https://www.amgholdingcompany.com.lab2454.com/whsy.php?p=%2Fproc%2F26963" "Mozilla/5.0 AppleWebKit/537.36 (KHTML, like Gecko; compatible; GPTBot/1.3; +https://openai.com/gptbot)"
74.7.242.3 - - [02/Mar/2026:16:18:24 +0000] "GET /whsy.php?p=%2Fproc%2F14165%2Fns HTTP/2.0" 200 836 "https://www.amgholdingcompany.com.lab2454.com/whsy.php?p=%2Fproc%2F14165" "Mozilla/5.0 AppleWebKit/537.36 (KHTML, like Gecko; compatible; GPTBot/1.3; +https://openai.com/gptbot)"
74.7.242.3 - - [02/Mar/2026:16:20:09 +0000] "GET /whsy.php?p=%2Fproc%2F21729%2Ffd HTTP/2.0" 200 836 "https://www.amgholdingcompany.com.lab2454.com/whsy.php?p=%2Fproc%2F21729" "Mozilla/5.0 AppleWebKit/537.36 (KHTML, like Gecko; compatible; GPTBot/1.3; +https://openai.com/gptbot)"
74.7.242.3 - - [02/Mar/2026:16:21:56 +0000] "GET /whsy.php?p=%2Fproc%2F16508%2Ffd HTTP/2.0" 200 836 "https://www.amgholdingcompany.com.lab2454.com/whsy.php?p=%2Fproc%2F16508" "Mozilla/5.0 AppleWebKit/537.36 (KHTML, like Gecko; compatible; GPTBot/1.3; +https://openai.com/gptbot)"
74.7.242.3 - - [02/Mar/2026:16:23:41 +0000] "GET /whsy.php?p=%2Fproc%2F29566%2Ffd HTTP/2.0" 200 199616 "https://www.amgholdingcompany.com.lab2454.com/whsy.php?p=%2Fproc%2F29566" "Mozilla/5.0 AppleWebKit/537.36 (KHTML, like Gecko; compatible; GPTBot/1.3; +https://openai.com/gptbot)"
74.7.230.0 - - [02/Mar/2026:16:24:12 +0000] "GET /robots.txt HTTP/2.0" 404 - "-" "Mozilla/5.0 (Macintosh; Intel Mac OS X 10_15_7) AppleWebKit/537.36 (KHTML, like Gecko) Chrome/131.0.0.0 Safari/537.36; compatible; OAI-SearchBot/1.3; robots.txt; +https://openai.com/searchbot"
74.7.242.3 - - [02/Mar/2026:16:25:24 +0000] "GET /whsy.php?p=%2Fproc%2F16508%2Fns HTTP/2.0" 200 836 "https://www.amgholdingcompany.com.lab2454.com/whsy.php?p=%2Fproc%2F16508" "Mozilla/5.0 AppleWebKit/537.36 (KHTML, like Gecko; compatible; GPTBot/1.3; +https://openai.com/gptbot)"
74.7.242.3 - - [02/Mar/2026:16:26:57 +0000] "GET /whsy.php?p=%2Fproc%2F20560%2Fns HTTP/2.0" 200 836 "https://www.amgholdingcompany.com.lab2454.com/whsy.php?p=%2Fproc%2F20560" "Mozilla/5.0 AppleWebKit/537.36 (KHTML, like Gecko; compatible; GPTBot/1.3; +https://openai.com/gptbot)"
74.7.242.3 - - [02/Mar/2026:16:28:19 +0000] "GET /whsy.php?p=%2Fproc%2F21729%2Fns HTTP/2.0" 200 836 "https://www.amgholdingcompany.com.lab2454.com/whsy.php?p=%2Fproc%2F21729" "Mozilla/5.0 AppleWebKit/537.36 (KHTML, like Gecko; compatible; GPTBot/1.3; +https://openai.com/gptbot)"
74.7.242.3 - - [02/Mar/2026:16:30:04 +0000] "GET /whsy.php?p=%2Fproc%2F29128%2Ffd HTTP/2.0" 200 836 "https://www.amgholdingcompany.com.lab2454.com/whsy.php?p=%2Fproc%2F29128" "Mozilla/5.0 AppleWebKit/537.36 (KHTML, like Gecko; compatible; GPTBot/1.3; +https://openai.com/gptbot)"
74.7.230.0 - - [02/Mar/2026:16:30:05 +0000] "GET /robots.txt HTTP/2.0" 404 - "-" "Mozilla/5.0 (Macintosh; Intel Mac OS X 10_15_7) AppleWebKit/537.36 (KHTML, like Gecko) Chrome/131.0.0.0 Safari/537.36; compatible; OAI-SearchBot/1.3; robots.txt; +https://openai.com/searchbot"
74.7.242.3 - - [02/Mar/2026:16:31:27 +0000] "GET /whsy.php?p=%2Fproc%2F29566%2Fns HTTP/2.0" 200 195536 "https://www.amgholdingcompany.com.lab2454.com/whsy.php?p=%2Fproc%2F29566" "Mozilla/5.0 AppleWebKit/537.36 (KHTML, like Gecko; compatible; GPTBot/1.3; +https://openai.com/gptbot)"
74.7.242.3 - - [02/Mar/2026:16:33:23 +0000] "GET /whsy.php?e=ip_vs&p=%2Fproc%2F26963%2Fnet HTTP/2.0" 200 2615 "https://www.amgholdingcompany.com.lab2454.com/whsy.php?p=%2Fproc%2F26963%2Fnet" "Mozilla/5.0 AppleWebKit/537.36 (KHTML, like Gecko; compatible; GPTBot/1.3; +https://openai.com/gptbot)"
74.7.242.3 - - [02/Mar/2026:16:35:14 +0000] "GET /whsy.php?e=ip_vs&p=%2Fproc%2F29566%2Fnet HTTP/2.0" 200 2615 "https://www.amgholdingcompany.com.lab2454.com/whsy.php?p=%2Fproc%2F29566%2Fnet" "Mozilla/5.0 AppleWebKit/537.36 (KHTML, like Gecko; compatible; GPTBot/1.3; +https://openai.com/gptbot)"
74.7.230.0 - - [02/Mar/2026:16:35:15 +0000] "GET /robots.txt HTTP/2.0" 404 - "-" "Mozilla/5.0 (Macintosh; Intel Mac OS X 10_15_7) AppleWebKit/537.36 (KHTML, like Gecko) Chrome/131.0.0.0 Safari/537.36; compatible; OAI-SearchBot/1.3; robots.txt; +https://openai.com/searchbot"
74.7.242.3 - - [02/Mar/2026:16:37:01 +0000] "GET /whsy.php?p=%2Fproc%2F9884%2Ftask%2F14210%2Fattr HTTP/2.0" 200 836 "https://www.amgholdingcompany.com.lab2454.com/whsy.php?p=%2Fproc%2F9884%2Ftask%2F14210" "Mozilla/5.0 AppleWebKit/537.36 (KHTML, like Gecko; compatible; GPTBot/1.3; +https://openai.com/gptbot)"
74.7.242.3 - - [02/Mar/2026:16:38:47 +0000] "GET /whsy.php?e=icmp&p=%2Fproc%2F29566%2Fnet HTTP/2.0" 200 2581 "https://www.amgholdingcompany.com.lab2454.com/whsy.php?p=%2Fproc%2F29566%2Fnet" "Mozilla/5.0 AppleWebKit/537.36 (KHTML, like Gecko; compatible; GPTBot/1.3; +https://openai.com/gptbot)"
74.7.242.3 - - [02/Mar/2026:16:40:27 +0000] "GET /whsy.php?e=icmp&p=%2Fproc%2F26963%2Fnet HTTP/2.0" 200 2580 "https://www.amgholdingcompany.com.lab2454.com/whsy.php?p=%2Fproc%2F26963%2Fnet" "Mozilla/5.0 AppleWebKit/537.36 (KHTML, like Gecko; compatible; GPTBot/1.3; +https://openai.com/gptbot)"
74.7.230.0 - - [02/Mar/2026:16:40:28 +0000] "GET /robots.txt HTTP/2.0" 404 - "-" "Mozilla/5.0 (Macintosh; Intel Mac OS X 10_15_7) AppleWebKit/537.36 (KHTML, like Gecko) Chrome/131.0.0.0 Safari/537.36; compatible; OAI-SearchBot/1.3; robots.txt; +https://openai.com/searchbot"
74.7.242.3 - - [02/Mar/2026:16:42:10 +0000] "GET /whsy.php?p=%2Fproc%2F29566%2Fnet%2Fnetfilter HTTP/2.0" 200 732 "https://www.amgholdingcompany.com.lab2454.com/whsy.php?p=%2Fproc%2F29566%2Fnet" "Mozilla/5.0 AppleWebKit/537.36 (KHTML, like Gecko; compatible; GPTBot/1.3; +https://openai.com/gptbot)"
74.7.242.3 - - [02/Mar/2026:16:43:46 +0000] "GET /whsy.php?p=%2Fproc%2F26963%2Fnet%2Fnetfilter HTTP/2.0" 200 732 "https://www.amgholdingcompany.com.lab2454.com/whsy.php?p=%2Fproc%2F26963%2Fnet" "Mozilla/5.0 AppleWebKit/537.36 (KHTML, like Gecko; compatible; GPTBot/1.3; +https://openai.com/gptbot)"
74.7.242.3 - - [02/Mar/2026:16:45:24 +0000] "GET /whsy.php?p=%2Fproc%2F29566%2Fmap_files HTTP/2.0" 200 195770 "https://www.amgholdingcompany.com.lab2454.com/whsy.php?p=%2Fproc%2F29566" "Mozilla/5.0 AppleWebKit/537.36 (KHTML, like Gecko; compatible; GPTBot/1.3; +https://openai.com/gptbot)"
74.7.230.0 - - [02/Mar/2026:16:45:54 +0000] "GET /robots.txt HTTP/2.0" 404 - "-" "Mozilla/5.0 (Macintosh; Intel Mac OS X 10_15_7) AppleWebKit/537.36 (KHTML, like Gecko) Chrome/131.0.0.0 Safari/537.36; compatible; OAI-SearchBot/1.3; robots.txt; +https://openai.com/searchbot"
74.7.242.3 - - [02/Mar/2026:16:47:26 +0000] "GET /whsy.php?p=%2Fproc%2F20560%2Fmap_files HTTP/2.0" 200 836 "https://www.amgholdingcompany.com.lab2454.com/whsy.php?p=%2Fproc%2F20560" "Mozilla/5.0 AppleWebKit/537.36 (KHTML, like Gecko; compatible; GPTBot/1.3; +https://openai.com/gptbot)"
74.7.242.3 - - [02/Mar/2026:16:49:00 +0000] "GET /whsy.php?p=%2Fproc%2F26963%2Fmap_files HTTP/2.0" 200 288506 "https://www.amgholdingcompany.com.lab2454.com/whsy.php?p=%2Fproc%2F26963" "Mozilla/5.0 AppleWebKit/537.36 (KHTML, like Gecko; compatible; GPTBot/1.3; +https://openai.com/gptbot)"
74.7.242.3 - - [02/Mar/2026:16:50:48 +0000] "GET /whsy.php?e=snmp&p=%2Fproc%2F29566%2Fnet HTTP/2.0" 200 3231 "https://www.amgholdingcompany.com.lab2454.com/whsy.php?p=%2Fproc%2F29566%2Fnet" "Mozilla/5.0 AppleWebKit/537.36 (KHTML, like Gecko; compatible; GPTBot/1.3; +https://openai.com/gptbot)"
74.7.242.3 - - [02/Mar/2026:16:52:43 +0000] "GET /whsy.php?e=snmp&p=%2Fproc%2F26963%2Fnet HTTP/2.0" 200 3229 "https://www.amgholdingcompany.com.lab2454.com/whsy.php?p=%2Fproc%2F26963%2Fnet" "Mozilla/5.0 AppleWebKit/537.36 (KHTML, like Gecko; compatible; GPTBot/1.3; +https://openai.com/gptbot)"
74.7.230.0 - - [02/Mar/2026:16:52:43 +0000] "GET /robots.txt HTTP/2.0" 404 - "-" "Mozilla/5.0 (Macintosh; Intel Mac OS X 10_15_7) AppleWebKit/537.36 (KHTML, like Gecko) Chrome/131.0.0.0 Safari/537.36; compatible; OAI-SearchBot/1.3; robots.txt; +https://openai.com/searchbot"
74.7.242.3 - - [02/Mar/2026:16:54:04 +0000] "GET /whsy.php?e=coredump_filter&p=%2Fproc%2F16508 HTTP/2.0" 200 836 "https://www.amgholdingcompany.com.lab2454.com/whsy.php?p=%2Fproc%2F16508" "Mozilla/5.0 AppleWebKit/537.36 (KHTML, like Gecko; compatible; GPTBot/1.3; +https://openai.com/gptbot)"
74.7.242.3 - - [02/Mar/2026:16:55:11 +0000] "GET /whsy.php?e=projid_map&p=%2Fproc%2F16508 HTTP/2.0" 200 836 "https://www.amgholdingcompany.com.lab2454.com/whsy.php?p=%2Fproc%2F16508" "Mozilla/5.0 AppleWebKit/537.36 (KHTML, like Gecko; compatible; GPTBot/1.3; +https://openai.com/gptbot)"
74.7.242.3 - - [02/Mar/2026:16:56:50 +0000] "GET /whsy.php?p=%2Fproc%2F21729%2Fmap_files HTTP/2.0" 200 836 "https://www.amgholdingcompany.com.lab2454.com/whsy.php?p=%2Fproc%2F21729" "Mozilla/5.0 AppleWebKit/537.36 (KHTML, like Gecko; compatible; GPTBot/1.3; +https://openai.com/gptbot)"
74.7.242.3 - - [02/Mar/2026:16:58:17 +0000] "GET /whsy.php?p=%2Fproc%2F29128%2Fmap_files HTTP/2.0" 200 836 "https://www.amgholdingcompany.com.lab2454.com/whsy.php?p=%2Fproc%2F29128" "Mozilla/5.0 AppleWebKit/537.36 (KHTML, like Gecko; compatible; GPTBot/1.3; +https://openai.com/gptbot)"
74.7.230.0 - - [02/Mar/2026:16:58:18 +0000] "GET /robots.txt HTTP/2.0" 404 - "-" "Mozilla/5.0 (Macintosh; Intel Mac OS X 10_15_7) AppleWebKit/537.36 (KHTML, like Gecko) Chrome/131.0.0.0 Safari/537.36; compatible; OAI-SearchBot/1.3; robots.txt; +https://openai.com/searchbot"
74.7.242.3 - - [02/Mar/2026:16:59:43 +0000] "GET /whsy.php?e=projid_map&p=%2Fproc%2F14165 HTTP/2.0" 200 836 "https://www.amgholdingcompany.com.lab2454.com/whsy.php?p=%2Fproc%2F14165" "Mozilla/5.0 AppleWebKit/537.36 (KHTML, like Gecko; compatible; GPTBot/1.3; +https://openai.com/gptbot)"
74.7.242.3 - - [02/Mar/2026:17:00:52 +0000] "GET /whsy.php?e=projid_map&p=%2Fproc%2F11483 HTTP/2.0" 200 836 "https://www.amgholdingcompany.com.lab2454.com/whsy.php?p=%2Fproc%2F11483" "Mozilla/5.0 AppleWebKit/537.36 (KHTML, like Gecko; compatible; GPTBot/1.3; +https://openai.com/gptbot)"
74.7.242.3 - - [02/Mar/2026:17:02:33 +0000] "GET /whsy.php?p=%2Fproc%2F29566%2Fnet%2Fip6t_hashlimit HTTP/2.0" 200 502 "https://www.amgholdingcompany.com.lab2454.com/whsy.php?p=%2Fproc%2F29566%2Fnet" "Mozilla/5.0 AppleWebKit/537.36 (KHTML, like Gecko; compatible; GPTBot/1.3; +https://openai.com/gptbot)"
74.7.242.3 - - [02/Mar/2026:17:04:17 +0000] "GET /whsy.php?p=%2Fproc%2F26963%2Fnet%2Fip6t_hashlimit HTTP/2.0" 200 502 "https://www.amgholdingcompany.com.lab2454.com/whsy.php?p=%2Fproc%2F26963%2Fnet" "Mozilla/5.0 AppleWebKit/537.36 (KHTML, like Gecko; compatible; GPTBot/1.3; +https://openai.com/gptbot)"
74.7.230.0 - - [02/Mar/2026:17:04:18 +0000] "GET /robots.txt HTTP/2.0" 404 - "-" "Mozilla/5.0 (Macintosh; Intel Mac OS X 10_15_7) AppleWebKit/537.36 (KHTML, like Gecko) Chrome/131.0.0.0 Safari/537.36; compatible; OAI-SearchBot/1.3; robots.txt; +https://openai.com/searchbot"
74.7.242.3 - - [02/Mar/2026:17:05:31 +0000] "GET /whsy.php?e=anycast6&p=%2Fproc%2F29566%2Fnet HTTP/2.0" 200 2506 "https://www.amgholdingcompany.com.lab2454.com/whsy.php?p=%2Fproc%2F29566%2Fnet" "Mozilla/5.0 AppleWebKit/537.36 (KHTML, like Gecko; compatible; GPTBot/1.3; +https://openai.com/gptbot)"
74.7.242.3 - - [02/Mar/2026:17:07:11 +0000] "GET /whsy.php?e=anycast6&p=%2Fproc%2F26963%2Fnet HTTP/2.0" 200 2506 "https://www.amgholdingcompany.com.lab2454.com/whsy.php?p=%2Fproc%2F26963%2Fnet" "Mozilla/5.0 AppleWebKit/537.36 (KHTML, like Gecko; compatible; GPTBot/1.3; +https://openai.com/gptbot)"
74.7.242.3 - - [02/Mar/2026:17:08:42 +0000] "GET /whsy.php?e=udp&p=%2Fproc%2F29566%2Fnet HTTP/2.0" 200 2774 "https://www.amgholdingcompany.com.lab2454.com/whsy.php?p=%2Fproc%2F29566%2Fnet" "Mozilla/5.0 AppleWebKit/537.36 (KHTML, like Gecko; compatible; GPTBot/1.3; +https://openai.com/gptbot)"
74.7.242.3 - - [02/Mar/2026:17:10:17 +0000] "GET /whsy.php?e=udp&p=%2Fproc%2F26963%2Fnet HTTP/2.0" 200 2774 "https://www.amgholdingcompany.com.lab2454.com/whsy.php?p=%2Fproc%2F26963%2Fnet" "Mozilla/5.0 AppleWebKit/537.36 (KHTML, like Gecko; compatible; GPTBot/1.3; +https://openai.com/gptbot)"
74.7.230.0 - - [02/Mar/2026:17:10:17 +0000] "GET /robots.txt HTTP/2.0" 404 - "-" "Mozilla/5.0 (Macintosh; Intel Mac OS X 10_15_7) AppleWebKit/537.36 (KHTML, like Gecko) Chrome/131.0.0.0 Safari/537.36; compatible; OAI-SearchBot/1.3; robots.txt; +https://openai.com/searchbot"
74.7.242.3 - - [02/Mar/2026:17:11:30 +0000] "GET /whsy.php?e=raw&p=%2Fproc%2F26963%2Fnet HTTP/2.0" 200 2578 "https://www.amgholdingcompany.com.lab2454.com/whsy.php?p=%2Fproc%2F26963%2Fnet" "Mozilla/5.0 AppleWebKit/537.36 (KHTML, like Gecko; compatible; GPTBot/1.3; +https://openai.com/gptbot)"
74.7.242.3 - - [02/Mar/2026:17:12:45 +0000] "GET /whsy.php?e=raw&p=%2Fproc%2F29566%2Fnet HTTP/2.0" 200 2578 "https://www.amgholdingcompany.com.lab2454.com/whsy.php?p=%2Fproc%2F29566%2Fnet" "Mozilla/5.0 AppleWebKit/537.36 (KHTML, like Gecko; compatible; GPTBot/1.3; +https://openai.com/gptbot)"
74.7.242.3 - - [02/Mar/2026:17:14:41 +0000] "GET /whsy.php?p=%2Fproc%2F11483%2Fmap_files HTTP/2.0" 200 836 "https://www.amgholdingcompany.com.lab2454.com/whsy.php?p=%2Fproc%2F11483" "Mozilla/5.0 AppleWebKit/537.36 (KHTML, like Gecko; compatible; GPTBot/1.3; +https://openai.com/gptbot)"
74.7.242.3 - - [02/Mar/2026:17:15:50 +0000] "GET /whsy.php?p=%2Fproc%2F14165%2Fmap_files HTTP/2.0" 200 836 "https://www.amgholdingcompany.com.lab2454.com/whsy.php?p=%2Fproc%2F14165" "Mozilla/5.0 AppleWebKit/537.36 (KHTML, like Gecko; compatible; GPTBot/1.3; +https://openai.com/gptbot)"
74.7.230.0 - - [02/Mar/2026:17:15:51 +0000] "GET /robots.txt HTTP/2.0" 404 - "-" "Mozilla/5.0 (Macintosh; Intel Mac OS X 10_15_7) AppleWebKit/537.36 (KHTML, like Gecko) Chrome/131.0.0.0 Safari/537.36; compatible; OAI-SearchBot/1.3; robots.txt; +https://openai.com/searchbot"
74.7.242.3 - - [02/Mar/2026:17:17:16 +0000] "GET /whsy.php?p=%2Fproc%2F9884%2Ftask%2F14210%2Fns HTTP/2.0" 200 836 "https://www.amgholdingcompany.com.lab2454.com/whsy.php?p=%2Fproc%2F9884%2Ftask%2F14210" "Mozilla/5.0 AppleWebKit/537.36 (KHTML, like Gecko; compatible; GPTBot/1.3; +https://openai.com/gptbot)"
74.7.242.3 - - [02/Mar/2026:17:18:45 +0000] "GET /whsy.php?p=%2Fproc%2F23222%2Ffdinfo HTTP/2.0" 200 836 "https://www.amgholdingcompany.com.lab2454.com/whsy.php?p=%2Fproc%2F23222" "Mozilla/5.0 AppleWebKit/537.36 (KHTML, like Gecko; compatible; GPTBot/1.3; +https://openai.com/gptbot)"
74.7.242.3 - - [02/Mar/2026:17:20:15 +0000] "GET /whsy.php?p=%2Fproc%2F16508%2Ffdinfo HTTP/2.0" 200 836 "https://www.amgholdingcompany.com.lab2454.com/whsy.php?p=%2Fproc%2F16508" "Mozilla/5.0 AppleWebKit/537.36 (KHTML, like Gecko; compatible; GPTBot/1.3; +https://openai.com/gptbot)"
74.7.242.3 - - [02/Mar/2026:17:21:50 +0000] "GET /whsy.php?e=if_inet6&p=%2Fproc%2F29566%2Fnet HTTP/2.0" 200 2569 "https://www.amgholdingcompany.com.lab2454.com/whsy.php?p=%2Fproc%2F29566%2Fnet" "Mozilla/5.0 AppleWebKit/537.36 (KHTML, like Gecko; compatible; GPTBot/1.3; +https://openai.com/gptbot)"
74.7.242.3 - - [02/Mar/2026:17:23:32 +0000] "GET /whsy.php?e=udplite6&p=%2Fproc%2F26963%2Fnet HTTP/2.0" 200 2585 "https://www.amgholdingcompany.com.lab2454.com/whsy.php?p=%2Fproc%2F26963%2Fnet" "Mozilla/5.0 AppleWebKit/537.36 (KHTML, like Gecko; compatible; GPTBot/1.3; +https://openai.com/gptbot)"
74.7.242.3 - - [02/Mar/2026:17:25:09 +0000] "GET /whsy.php?e=udplite6&p=%2Fproc%2F29566%2Fnet HTTP/2.0" 200 2585 "https://www.amgholdingcompany.com.lab2454.com/whsy.php?p=%2Fproc%2F29566%2Fnet" "Mozilla/5.0 AppleWebKit/537.36 (KHTML, like Gecko; compatible; GPTBot/1.3; +https://openai.com/gptbot)"
74.7.242.3 - - [02/Mar/2026:17:26:47 +0000] "GET /whsy.php?e=if_inet6&p=%2Fproc%2F26963%2Fnet HTTP/2.0" 200 2569 "https://www.amgholdingcompany.com.lab2454.com/whsy.php?p=%2Fproc%2F26963%2Fnet" "Mozilla/5.0 AppleWebKit/537.36 (KHTML, like Gecko; compatible; GPTBot/1.3; +https://openai.com/gptbot)"
74.7.242.3 - - [02/Mar/2026:17:28:16 +0000] "GET /whsy.php?p=%2Fproc%2F16508%2Fmap_files HTTP/2.0" 200 836 "https://www.amgholdingcompany.com.lab2454.com/whsy.php?p=%2Fproc%2F16508" "Mozilla/5.0 AppleWebKit/537.36 (KHTML, like Gecko; compatible; GPTBot/1.3; +https://openai.com/gptbot)"
74.7.230.0 - - [02/Mar/2026:17:28:17 +0000] "GET /robots.txt HTTP/2.0" 404 - "-" "Mozilla/5.0 (Macintosh; Intel Mac OS X 10_15_7) AppleWebKit/537.36 (KHTML, like Gecko) Chrome/131.0.0.0 Safari/537.36; compatible; OAI-SearchBot/1.3; robots.txt; +https://openai.com/searchbot"
74.7.242.3 - - [02/Mar/2026:17:29:21 +0000] "GET /whsy.php?p=%2Fproc%2F11483%2Ffdinfo HTTP/2.0" 200 836 "https://www.amgholdingcompany.com.lab2454.com/whsy.php?p=%2Fproc%2F11483" "Mozilla/5.0 AppleWebKit/537.36 (KHTML, like Gecko; compatible; GPTBot/1.3; +https://openai.com/gptbot)"
74.7.242.3 - - [02/Mar/2026:17:30:18 +0000] "GET /whsy.php?p=%2Fproc%2F14165%2Ffdinfo HTTP/2.0" 200 836 "https://www.amgholdingcompany.com.lab2454.com/whsy.php?p=%2Fproc%2F14165" "Mozilla/5.0 AppleWebKit/537.36 (KHTML, like Gecko; compatible; GPTBot/1.3; +https://openai.com/gptbot)"
74.7.242.3 - - [02/Mar/2026:17:31:30 +0000] "GET /whsy.php?e=projid_map&p=%2Fproc%2F26963 HTTP/2.0" 200 2027 "https://www.amgholdingcompany.com.lab2454.com/whsy.php?p=%2Fproc%2F26963" "Mozilla/5.0 AppleWebKit/537.36 (KHTML, like Gecko; compatible; GPTBot/1.3; +https://openai.com/gptbot)"
74.7.242.3 - - [02/Mar/2026:17:32:48 +0000] "GET /whsy.php?e=projid_map&p=%2Fproc%2F20560 HTTP/2.0" 200 836 "https://www.amgholdingcompany.com.lab2454.com/whsy.php?p=%2Fproc%2F20560" "Mozilla/5.0 AppleWebKit/537.36 (KHTML, like Gecko; compatible; GPTBot/1.3; +https://openai.com/gptbot)"
74.7.242.3 - - [02/Mar/2026:17:34:17 +0000] "GET /whsy.php?e=projid_map&p=%2Fproc%2F21729 HTTP/2.0" 200 836 "https://www.amgholdingcompany.com.lab2454.com/whsy.php?p=%2Fproc%2F21729" "Mozilla/5.0 AppleWebKit/537.36 (KHTML, like Gecko; compatible; GPTBot/1.3; +https://openai.com/gptbot)"
74.7.230.0 - - [02/Mar/2026:17:34:18 +0000] "GET /robots.txt HTTP/2.0" 404 - "-" "Mozilla/5.0 (Macintosh; Intel Mac OS X 10_15_7) AppleWebKit/537.36 (KHTML, like Gecko) Chrome/131.0.0.0 Safari/537.36; compatible; OAI-SearchBot/1.3; robots.txt; +https://openai.com/searchbot"
74.7.242.3 - - [02/Mar/2026:17:35:50 +0000] "GET /whsy.php?e=projid_map&p=%2Fproc%2F29128 HTTP/2.0" 200 836 "https://www.amgholdingcompany.com.lab2454.com/whsy.php?p=%2Fproc%2F29128" "Mozilla/5.0 AppleWebKit/537.36 (KHTML, like Gecko; compatible; GPTBot/1.3; +https://openai.com/gptbot)"
74.7.242.3 - - [02/Mar/2026:17:37:18 +0000] "GET /whsy.php?e=projid_map&p=%2Fproc%2F29566 HTTP/2.0" 200 2027 "https://www.amgholdingcompany.com.lab2454.com/whsy.php?p=%2Fproc%2F29566" "Mozilla/5.0 AppleWebKit/537.36 (KHTML, like Gecko; compatible; GPTBot/1.3; +https://openai.com/gptbot)"
74.7.242.3 - - [02/Mar/2026:17:38:43 +0000] "GET /whsy.php?p=%2Fproc%2F9884%2Ftask%2F14210%2Ffd HTTP/2.0" 200 836 "https://www.amgholdingcompany.com.lab2454.com/whsy.php?p=%2Fproc%2F9884%2Ftask%2F14210" "Mozilla/5.0 AppleWebKit/537.36 (KHTML, like Gecko; compatible; GPTBot/1.3; +https://openai.com/gptbot)"
74.7.242.3 - - [02/Mar/2026:17:39:59 +0000] "GET /whsy.php?e=ksm_merging_pages&p=%2Fproc%2F16508 HTTP/2.0" 200 836 "https://www.amgholdingcompany.com.lab2454.com/whsy.php?p=%2Fproc%2F16508" "Mozilla/5.0 AppleWebKit/537.36 (KHTML, like Gecko; compatible; GPTBot/1.3; +https://openai.com/gptbot)"
74.7.230.0 - - [02/Mar/2026:17:40:00 +0000] "GET /robots.txt HTTP/2.0" 404 - "-" "Mozilla/5.0 (Macintosh; Intel Mac OS X 10_15_7) AppleWebKit/537.36 (KHTML, like Gecko) Chrome/131.0.0.0 Safari/537.36; compatible; OAI-SearchBot/1.3; robots.txt; +https://openai.com/searchbot"
74.7.242.3 - - [02/Mar/2026:17:41:20 +0000] "GET /whsy.php?e=sockcreate&p=%2Fproc%2F29566%2Fattr HTTP/2.0" 200 863 "https://www.amgholdingcompany.com.lab2454.com/whsy.php?p=%2Fproc%2F29566%2Fattr" "Mozilla/5.0 AppleWebKit/537.36 (KHTML, like Gecko; compatible; GPTBot/1.3; +https://openai.com/gptbot)"
74.7.242.3 - - [02/Mar/2026:17:42:34 +0000] "GET /whsy.php?e=sockcreate&p=%2Fproc%2F26963%2Fattr HTTP/2.0" 200 863 "https://www.amgholdingcompany.com.lab2454.com/whsy.php?p=%2Fproc%2F26963%2Fattr" "Mozilla/5.0 AppleWebKit/537.36 (KHTML, like Gecko; compatible; GPTBot/1.3; +https://openai.com/gptbot)"
74.7.242.3 - - [02/Mar/2026:17:43:57 +0000] "GET /whsy.php?p=%2Fproc%2F9884%2Ftask%2F14210%2Ffdinfo HTTP/2.0" 200 836 "https://www.amgholdingcompany.com.lab2454.com/whsy.php?p=%2Fproc%2F9884%2Ftask%2F14210" "Mozilla/5.0 AppleWebKit/537.36 (KHTML, like Gecko; compatible; GPTBot/1.3; +https://openai.com/gptbot)"
74.7.242.3 - - [02/Mar/2026:17:45:18 +0000] "GET /whsy.php?p=%2Fproc%2F23222%2Fns HTTP/2.0" 200 836 "https://www.amgholdingcompany.com.lab2454.com/whsy.php?p=%2Fproc%2F23222" "Mozilla/5.0 AppleWebKit/537.36 (KHTML, like Gecko; compatible; GPTBot/1.3; +https://openai.com/gptbot)"
74.7.230.0 - - [02/Mar/2026:17:45:19 +0000] "GET /robots.txt HTTP/2.0" 404 - "-" "Mozilla/5.0 (Macintosh; Intel Mac OS X 10_15_7) AppleWebKit/537.36 (KHTML, like Gecko) Chrome/131.0.0.0 Safari/537.36; compatible; OAI-SearchBot/1.3; robots.txt; +https://openai.com/searchbot"
74.7.242.3 - - [02/Mar/2026:17:46:52 +0000] "GET /whsy.php?e=coredump_filter&p=%2Fproc%2F14165 HTTP/2.0" 200 836 "https://www.amgholdingcompany.com.lab2454.com/whsy.php?p=%2Fproc%2F14165" "Mozilla/5.0 AppleWebKit/537.36 (KHTML, like Gecko; compatible; GPTBot/1.3; +https://openai.com/gptbot)"
74.7.242.3 - - [02/Mar/2026:17:48:06 +0000] "GET /whsy.php?e=coredump_filter&p=%2Fproc%2F11483 HTTP/2.0" 200 836 "https://www.amgholdingcompany.com.lab2454.com/whsy.php?p=%2Fproc%2F11483" "Mozilla/5.0 AppleWebKit/537.36 (KHTML, like Gecko; compatible; GPTBot/1.3; +https://openai.com/gptbot)"
