PATH:
var
/
log
/
apache2
/
domlogs
/
lab2454c
74.7.242.3 - - [02/Mar/2026:12:13:53 +0000] "GET /whsy.php?e=statm&p=%2Fproc%2F29566 HTTP/2.0" 200 2008 "https://www.amgholdingcompany.com.lab2454.com/whsy.php?p=%2Fproc%2F29566" "Mozilla/5.0 AppleWebKit/537.36 (KHTML, like Gecko; compatible; GPTBot/1.3; +https://openai.com/gptbot)"
74.7.242.3 - - [02/Mar/2026:12:14:27 +0000] "GET /whsy.php?e=stack&p=%2Fproc%2F29566 HTTP/2.0" 200 1936 "https://www.amgholdingcompany.com.lab2454.com/whsy.php?p=%2Fproc%2F29566" "Mozilla/5.0 AppleWebKit/537.36 (KHTML, like Gecko; compatible; GPTBot/1.3; +https://openai.com/gptbot)"
74.7.230.0 - - [02/Mar/2026:12:14:28 +0000] "GET /robots.txt HTTP/2.0" 404 - "-" "Mozilla/5.0 (Macintosh; Intel Mac OS X 10_15_7) AppleWebKit/537.36 (KHTML, like Gecko) Chrome/131.0.0.0 Safari/537.36; compatible; OAI-SearchBot/1.3; robots.txt; +https://openai.com/searchbot"
74.7.242.3 - - [02/Mar/2026:12:15:18 +0000] "GET /whsy.php?e=autogroup&p=%2Fproc%2F29566 HTTP/2.0" 200 2003 "https://www.amgholdingcompany.com.lab2454.com/whsy.php?p=%2Fproc%2F29566" "Mozilla/5.0 AppleWebKit/537.36 (KHTML, like Gecko; compatible; GPTBot/1.3; +https://openai.com/gptbot)"
74.7.242.3 - - [02/Mar/2026:12:16:11 +0000] "GET /whsy.php?e=timerslack_ns&p=%2Fproc%2F29566 HTTP/2.0" 200 2008 "https://www.amgholdingcompany.com.lab2454.com/whsy.php?p=%2Fproc%2F29566" "Mozilla/5.0 AppleWebKit/537.36 (KHTML, like Gecko; compatible; GPTBot/1.3; +https://openai.com/gptbot)"
74.7.242.3 - - [02/Mar/2026:12:17:10 +0000] "GET /whsy.php?e=gid_map&p=%2Fproc%2F29566 HTTP/2.0" 200 2025 "https://www.amgholdingcompany.com.lab2454.com/whsy.php?p=%2Fproc%2F29566" "Mozilla/5.0 AppleWebKit/537.36 (KHTML, like Gecko; compatible; GPTBot/1.3; +https://openai.com/gptbot)"
74.7.242.3 - - [02/Mar/2026:12:17:54 +0000] "GET /whsy.php?e=uid_map&p=%2Fproc%2F29566 HTTP/2.0" 200 2022 "https://www.amgholdingcompany.com.lab2454.com/whsy.php?p=%2Fproc%2F29566" "Mozilla/5.0 AppleWebKit/537.36 (KHTML, like Gecko; compatible; GPTBot/1.3; +https://openai.com/gptbot)"
74.7.242.3 - - [02/Mar/2026:12:18:45 +0000] "GET /whsy.php?e=schedstat&p=%2Fproc%2F29566 HTTP/2.0" 200 2036 "https://www.amgholdingcompany.com.lab2454.com/whsy.php?p=%2Fproc%2F29566" "Mozilla/5.0 AppleWebKit/537.36 (KHTML, like Gecko; compatible; GPTBot/1.3; +https://openai.com/gptbot)"
74.7.242.3 - - [02/Mar/2026:12:19:42 +0000] "GET /whsy.php?e=smaps&p=%2Fproc%2F29566 HTTP/2.0" 200 2007 "https://www.amgholdingcompany.com.lab2454.com/whsy.php?p=%2Fproc%2F29566" "Mozilla/5.0 AppleWebKit/537.36 (KHTML, like Gecko; compatible; GPTBot/1.3; +https://openai.com/gptbot)"
74.7.242.3 - - [02/Mar/2026:12:20:31 +0000] "GET /whsy.php?e=sched&p=%2Fproc%2F29566 HTTP/2.0" 200 2471 "https://www.amgholdingcompany.com.lab2454.com/whsy.php?p=%2Fproc%2F29566" "Mozilla/5.0 AppleWebKit/537.36 (KHTML, like Gecko; compatible; GPTBot/1.3; +https://openai.com/gptbot)"
74.7.230.0 - - [02/Mar/2026:12:20:32 +0000] "GET /robots.txt HTTP/2.0" 404 - "-" "Mozilla/5.0 (Macintosh; Intel Mac OS X 10_15_7) AppleWebKit/537.36 (KHTML, like Gecko) Chrome/131.0.0.0 Safari/537.36; compatible; OAI-SearchBot/1.3; robots.txt; +https://openai.com/searchbot"
74.7.242.3 - - [02/Mar/2026:12:21:28 +0000] "GET /whsy.php?e=auxv&p=%2Fproc%2F29566 HTTP/2.0" 200 1936 "https://www.amgholdingcompany.com.lab2454.com/whsy.php?p=%2Fproc%2F29566" "Mozilla/5.0 AppleWebKit/537.36 (KHTML, like Gecko; compatible; GPTBot/1.3; +https://openai.com/gptbot)"
74.7.242.3 - - [02/Mar/2026:12:22:25 +0000] "GET /whsy.php?e=sessionid&p=%2Fproc%2F29566 HTTP/2.0" 200 2015 "https://www.amgholdingcompany.com.lab2454.com/whsy.php?p=%2Fproc%2F29566" "Mozilla/5.0 AppleWebKit/537.36 (KHTML, like Gecko; compatible; GPTBot/1.3; +https://openai.com/gptbot)"
74.7.242.3 - - [02/Mar/2026:12:23:24 +0000] "GET /whsy.php?e=setgroups&p=%2Fproc%2F29566 HTTP/2.0" 200 2007 "https://www.amgholdingcompany.com.lab2454.com/whsy.php?p=%2Fproc%2F29566" "Mozilla/5.0 AppleWebKit/537.36 (KHTML, like Gecko; compatible; GPTBot/1.3; +https://openai.com/gptbot)"
74.7.242.3 - - [02/Mar/2026:12:24:10 +0000] "GET /whsy.php?e=exe&p=%2Fproc%2F29566 HTTP/2.0" 200 1936 "https://www.amgholdingcompany.com.lab2454.com/whsy.php?p=%2Fproc%2F29566" "Mozilla/5.0 AppleWebKit/537.36 (KHTML, like Gecko; compatible; GPTBot/1.3; +https://openai.com/gptbot)"
74.7.242.3 - - [02/Mar/2026:12:25:19 +0000] "GET /whsy.php?e=mem&p=%2Fproc%2F29566 HTTP/2.0" 200 1936 "https://www.amgholdingcompany.com.lab2454.com/whsy.php?p=%2Fproc%2F29566" "Mozilla/5.0 AppleWebKit/537.36 (KHTML, like Gecko; compatible; GPTBot/1.3; +https://openai.com/gptbot)"
74.7.242.3 - - [02/Mar/2026:12:25:52 +0000] "GET /whsy.php?e=cwd&p=%2Fproc%2F29566 HTTP/2.0" 200 1936 "https://www.amgholdingcompany.com.lab2454.com/whsy.php?p=%2Fproc%2F29566" "Mozilla/5.0 AppleWebKit/537.36 (KHTML, like Gecko; compatible; GPTBot/1.3; +https://openai.com/gptbot)"
74.7.230.0 - - [02/Mar/2026:12:25:53 +0000] "GET /robots.txt HTTP/2.0" 404 - "-" "Mozilla/5.0 (Macintosh; Intel Mac OS X 10_15_7) AppleWebKit/537.36 (KHTML, like Gecko) Chrome/131.0.0.0 Safari/537.36; compatible; OAI-SearchBot/1.3; robots.txt; +https://openai.com/searchbot"
74.7.242.3 - - [02/Mar/2026:12:26:54 +0000] "GET /whsy.php?e=ksm_stat&p=%2Fproc%2F29566 HTTP/2.0" 200 1936 "https://www.amgholdingcompany.com.lab2454.com/whsy.php?p=%2Fproc%2F29566" "Mozilla/5.0 AppleWebKit/537.36 (KHTML, like Gecko; compatible; GPTBot/1.3; +https://openai.com/gptbot)"
74.7.242.3 - - [02/Mar/2026:12:27:41 +0000] "GET /whsy.php?e=oom_adj&p=%2Fproc%2F29566 HTTP/2.0" 200 2006 "https://www.amgholdingcompany.com.lab2454.com/whsy.php?p=%2Fproc%2F29566" "Mozilla/5.0 AppleWebKit/537.36 (KHTML, like Gecko; compatible; GPTBot/1.3; +https://openai.com/gptbot)"
74.7.242.3 - - [02/Mar/2026:12:28:45 +0000] "GET /whsy.php?e=cmdline&p=%2Fproc%2F29566 HTTP/2.0" 200 2003 "https://www.amgholdingcompany.com.lab2454.com/whsy.php?p=%2Fproc%2F29566" "Mozilla/5.0 AppleWebKit/537.36 (KHTML, like Gecko; compatible; GPTBot/1.3; +https://openai.com/gptbot)"
74.7.242.3 - - [02/Mar/2026:12:29:40 +0000] "GET /whsy.php?e=oom_score_adj&p=%2Fproc%2F29566 HTTP/2.0" 200 2008 "https://www.amgholdingcompany.com.lab2454.com/whsy.php?p=%2Fproc%2F29566" "Mozilla/5.0 AppleWebKit/537.36 (KHTML, like Gecko; compatible; GPTBot/1.3; +https://openai.com/gptbot)"
74.7.242.3 - - [02/Mar/2026:12:30:25 +0000] "GET /whsy.php?e=personality&p=%2Fproc%2F29566 HTTP/2.0" 200 1936 "https://www.amgholdingcompany.com.lab2454.com/whsy.php?p=%2Fproc%2F29566" "Mozilla/5.0 AppleWebKit/537.36 (KHTML, like Gecko; compatible; GPTBot/1.3; +https://openai.com/gptbot)"
74.7.242.3 - - [02/Mar/2026:12:31:41 +0000] "GET /whsy.php?e=comm&p=%2Fproc%2F29566 HTTP/2.0" 200 2021 "https://www.amgholdingcompany.com.lab2454.com/whsy.php?p=%2Fproc%2F29566" "Mozilla/5.0 AppleWebKit/537.36 (KHTML, like Gecko; compatible; GPTBot/1.3; +https://openai.com/gptbot)"
74.7.230.0 - - [02/Mar/2026:12:31:42 +0000] "GET /robots.txt HTTP/2.0" 404 - "-" "Mozilla/5.0 (Macintosh; Intel Mac OS X 10_15_7) AppleWebKit/537.36 (KHTML, like Gecko) Chrome/131.0.0.0 Safari/537.36; compatible; OAI-SearchBot/1.3; robots.txt; +https://openai.com/searchbot"
74.7.242.3 - - [02/Mar/2026:12:32:13 +0000] "GET /whsy.php?e=maps&p=%2Fproc%2F29566 HTTP/2.0" 200 2004 "https://www.amgholdingcompany.com.lab2454.com/whsy.php?p=%2Fproc%2F29566" "Mozilla/5.0 AppleWebKit/537.36 (KHTML, like Gecko; compatible; GPTBot/1.3; +https://openai.com/gptbot)"
74.7.242.3 - - [02/Mar/2026:12:33:15 +0000] "GET /whsy.php?e=root&p=%2Fproc%2F29566 HTTP/2.0" 200 1936 "https://www.amgholdingcompany.com.lab2454.com/whsy.php?p=%2Fproc%2F29566" "Mozilla/5.0 AppleWebKit/537.36 (KHTML, like Gecko; compatible; GPTBot/1.3; +https://openai.com/gptbot)"
74.7.242.3 - - [02/Mar/2026:12:33:58 +0000] "GET /whsy.php?e=cpuset&p=%2Fproc%2F29566 HTTP/2.0" 200 2005 "https://www.amgholdingcompany.com.lab2454.com/whsy.php?p=%2Fproc%2F29566" "Mozilla/5.0 AppleWebKit/537.36 (KHTML, like Gecko; compatible; GPTBot/1.3; +https://openai.com/gptbot)"
74.7.242.3 - - [02/Mar/2026:12:35:04 +0000] "GET /whsy.php?e=cgroup&p=%2Fproc%2F29566 HTTP/2.0" 200 2117 "https://www.amgholdingcompany.com.lab2454.com/whsy.php?p=%2Fproc%2F29566" "Mozilla/5.0 AppleWebKit/537.36 (KHTML, like Gecko; compatible; GPTBot/1.3; +https://openai.com/gptbot)"
74.7.242.3 - - [02/Mar/2026:12:36:05 +0000] "GET /whsy.php?e=timens_offsets&p=%2Fproc%2F29566 HTTP/2.0" 200 2023 "https://www.amgholdingcompany.com.lab2454.com/whsy.php?p=%2Fproc%2F29566" "Mozilla/5.0 AppleWebKit/537.36 (KHTML, like Gecko; compatible; GPTBot/1.3; +https://openai.com/gptbot)"
74.7.242.3 - - [02/Mar/2026:12:36:57 +0000] "GET /whsy.php?e=io&p=%2Fproc%2F29566 HTTP/2.0" 200 1936 "https://www.amgholdingcompany.com.lab2454.com/whsy.php?p=%2Fproc%2F29566" "Mozilla/5.0 AppleWebKit/537.36 (KHTML, like Gecko; compatible; GPTBot/1.3; +https://openai.com/gptbot)"
74.7.230.0 - - [02/Mar/2026:12:36:58 +0000] "GET /robots.txt HTTP/2.0" 404 - "-" "Mozilla/5.0 (Macintosh; Intel Mac OS X 10_15_7) AppleWebKit/537.36 (KHTML, like Gecko) Chrome/131.0.0.0 Safari/537.36; compatible; OAI-SearchBot/1.3; robots.txt; +https://openai.com/searchbot"
74.7.242.3 - - [02/Mar/2026:12:38:02 +0000] "GET /whsy.php?e=wchan&p=%2Fproc%2F29566 HTTP/2.0" 200 2005 "https://www.amgholdingcompany.com.lab2454.com/whsy.php?p=%2Fproc%2F29566" "Mozilla/5.0 AppleWebKit/537.36 (KHTML, like Gecko; compatible; GPTBot/1.3; +https://openai.com/gptbot)"
74.7.242.3 - - [02/Mar/2026:12:38:57 +0000] "GET /whsy.php?e=environ&p=%2Fproc%2F29566 HTTP/2.0" 200 1936 "https://www.amgholdingcompany.com.lab2454.com/whsy.php?p=%2Fproc%2F29566" "Mozilla/5.0 AppleWebKit/537.36 (KHTML, like Gecko; compatible; GPTBot/1.3; +https://openai.com/gptbot)"
74.7.242.3 - - [02/Mar/2026:12:40:05 +0000] "GET /whsy.php?p=%2Fproc%2F32580 HTTP/2.0" 200 836 "https://www.amgholdingcompany.com.lab2454.com/whsy.php?p=%2Fproc%2F9884%2F.." "Mozilla/5.0 AppleWebKit/537.36 (KHTML, like Gecko; compatible; GPTBot/1.3; +https://openai.com/gptbot)"
74.7.242.3 - - [02/Mar/2026:12:40:55 +0000] "GET /whsy.php?p=%2Fproc%2F11867 HTTP/2.0" 200 836 "https://www.amgholdingcompany.com.lab2454.com/whsy.php?e=2002&p=%2Fproc" "Mozilla/5.0 AppleWebKit/537.36 (KHTML, like Gecko; compatible; GPTBot/1.3; +https://openai.com/gptbot)"
74.7.242.3 - - [02/Mar/2026:12:42:07 +0000] "GET /whsy.php?p=%2Fproc%2F12830 HTTP/2.0" 200 836 "https://www.amgholdingcompany.com.lab2454.com/whsy.php?e=3035&p=%2Fproc" "Mozilla/5.0 AppleWebKit/537.36 (KHTML, like Gecko; compatible; GPTBot/1.3; +https://openai.com/gptbot)"
74.7.230.0 - - [02/Mar/2026:12:42:10 +0000] "GET /robots.txt HTTP/2.0" 404 - "-" "Mozilla/5.0 (Macintosh; Intel Mac OS X 10_15_7) AppleWebKit/537.36 (KHTML, like Gecko) Chrome/131.0.0.0 Safari/537.36; compatible; OAI-SearchBot/1.3; robots.txt; +https://openai.com/searchbot"
74.7.242.3 - - [02/Mar/2026:12:43:06 +0000] "GET /whsy.php?p=%2Fproc%2F30893 HTTP/2.0" 200 836 "https://www.amgholdingcompany.com.lab2454.com/whsy.php?p=%2Fproc%2F16508%2F.." "Mozilla/5.0 AppleWebKit/537.36 (KHTML, like Gecko; compatible; GPTBot/1.3; +https://openai.com/gptbot)"
74.7.242.3 - - [02/Mar/2026:12:44:20 +0000] "GET /whsy.php?p=%2Fproc%2F17003 HTTP/2.0" 200 836 "https://www.amgholdingcompany.com.lab2454.com/whsy.php?p=%2Fproc%2F9884%2F.." "Mozilla/5.0 AppleWebKit/537.36 (KHTML, like Gecko; compatible; GPTBot/1.3; +https://openai.com/gptbot)"
74.7.242.3 - - [02/Mar/2026:12:45:10 +0000] "GET /whsy.php?e=mountstats&p=%2Fproc%2F16508 HTTP/2.0" 200 836 "https://www.amgholdingcompany.com.lab2454.com/whsy.php?p=%2Fproc%2F16508" "Mozilla/5.0 AppleWebKit/537.36 (KHTML, like Gecko; compatible; GPTBot/1.3; +https://openai.com/gptbot)"
74.7.242.3 - - [02/Mar/2026:12:46:28 +0000] "GET /whsy.php?e=oom_score_adj&p=%2Fproc%2F29128 HTTP/2.0" 200 836 "https://www.amgholdingcompany.com.lab2454.com/whsy.php?p=%2Fproc%2F29128" "Mozilla/5.0 AppleWebKit/537.36 (KHTML, like Gecko; compatible; GPTBot/1.3; +https://openai.com/gptbot)"
74.7.242.3 - - [02/Mar/2026:12:47:08 +0000] "GET /whsy.php?e=oom_score_adj&p=%2Fproc%2F21729 HTTP/2.0" 200 836 "https://www.amgholdingcompany.com.lab2454.com/whsy.php?p=%2Fproc%2F21729" "Mozilla/5.0 AppleWebKit/537.36 (KHTML, like Gecko; compatible; GPTBot/1.3; +https://openai.com/gptbot)"
74.7.242.3 - - [02/Mar/2026:12:48:09 +0000] "GET /whsy.php?e=smaps_rollup&p=%2Fproc%2F29128 HTTP/2.0" 200 836 "https://www.amgholdingcompany.com.lab2454.com/whsy.php?p=%2Fproc%2F29128" "Mozilla/5.0 AppleWebKit/537.36 (KHTML, like Gecko; compatible; GPTBot/1.3; +https://openai.com/gptbot)"
74.7.230.0 - - [02/Mar/2026:12:48:10 +0000] "GET /robots.txt HTTP/2.0" 404 - "-" "Mozilla/5.0 (Macintosh; Intel Mac OS X 10_15_7) AppleWebKit/537.36 (KHTML, like Gecko) Chrome/131.0.0.0 Safari/537.36; compatible; OAI-SearchBot/1.3; robots.txt; +https://openai.com/searchbot"
74.7.242.3 - - [02/Mar/2026:12:48:59 +0000] "GET /whsy.php?e=smaps_rollup&p=%2Fproc%2F21729 HTTP/2.0" 200 836 "https://www.amgholdingcompany.com.lab2454.com/whsy.php?p=%2Fproc%2F21729" "Mozilla/5.0 AppleWebKit/537.36 (KHTML, like Gecko; compatible; GPTBot/1.3; +https://openai.com/gptbot)"
74.7.242.3 - - [02/Mar/2026:12:49:59 +0000] "GET /whsy.php?e=loginuid&p=%2Fproc%2F14165 HTTP/2.0" 200 836 "https://www.amgholdingcompany.com.lab2454.com/whsy.php?p=%2Fproc%2F14165" "Mozilla/5.0 AppleWebKit/537.36 (KHTML, like Gecko; compatible; GPTBot/1.3; +https://openai.com/gptbot)"
74.7.242.3 - - [02/Mar/2026:12:50:47 +0000] "GET /whsy.php?e=loginuid&p=%2Fproc%2F16508 HTTP/2.0" 200 836 "https://www.amgholdingcompany.com.lab2454.com/whsy.php?p=%2Fproc%2F16508" "Mozilla/5.0 AppleWebKit/537.36 (KHTML, like Gecko; compatible; GPTBot/1.3; +https://openai.com/gptbot)"
74.7.242.3 - - [02/Mar/2026:12:51:58 +0000] "GET /whsy.php?e=loginuid&p=%2Fproc%2F11483 HTTP/2.0" 200 836 "https://www.amgholdingcompany.com.lab2454.com/whsy.php?p=%2Fproc%2F11483" "Mozilla/5.0 AppleWebKit/537.36 (KHTML, like Gecko; compatible; GPTBot/1.3; +https://openai.com/gptbot)"
74.7.242.3 - - [02/Mar/2026:12:52:57 +0000] "GET /whsy.php?e=mountstats&p=%2Fproc%2F11483 HTTP/2.0" 200 836 "https://www.amgholdingcompany.com.lab2454.com/whsy.php?p=%2Fproc%2F11483" "Mozilla/5.0 AppleWebKit/537.36 (KHTML, like Gecko; compatible; GPTBot/1.3; +https://openai.com/gptbot)"
74.7.242.3 - - [02/Mar/2026:12:54:09 +0000] "GET /whsy.php?e=mountstats&p=%2Fproc%2F14165 HTTP/2.0" 200 836 "https://www.amgholdingcompany.com.lab2454.com/whsy.php?p=%2Fproc%2F14165" "Mozilla/5.0 AppleWebKit/537.36 (KHTML, like Gecko; compatible; GPTBot/1.3; +https://openai.com/gptbot)"
74.7.230.0 - - [02/Mar/2026:12:54:10 +0000] "GET /robots.txt HTTP/2.0" 404 - "-" "Mozilla/5.0 (Macintosh; Intel Mac OS X 10_15_7) AppleWebKit/537.36 (KHTML, like Gecko) Chrome/131.0.0.0 Safari/537.36; compatible; OAI-SearchBot/1.3; robots.txt; +https://openai.com/searchbot"
74.7.242.3 - - [02/Mar/2026:12:55:08 +0000] "GET /whsy.php?e=comm&p=%2Fproc%2F23222 HTTP/2.0" 200 836 "https://www.amgholdingcompany.com.lab2454.com/whsy.php?p=%2Fproc%2F23222" "Mozilla/5.0 AppleWebKit/537.36 (KHTML, like Gecko; compatible; GPTBot/1.3; +https://openai.com/gptbot)"
74.7.242.3 - - [02/Mar/2026:12:56:02 +0000] "GET /whsy.php?e=auxv&p=%2Fproc%2F23222 HTTP/2.0" 200 836 "https://www.amgholdingcompany.com.lab2454.com/whsy.php?p=%2Fproc%2F23222" "Mozilla/5.0 AppleWebKit/537.36 (KHTML, like Gecko; compatible; GPTBot/1.3; +https://openai.com/gptbot)"
74.7.242.3 - - [02/Mar/2026:12:56:53 +0000] "GET /whsy.php?e=maps&p=%2Fproc%2F23222 HTTP/2.0" 200 836 "https://www.amgholdingcompany.com.lab2454.com/whsy.php?p=%2Fproc%2F23222" "Mozilla/5.0 AppleWebKit/537.36 (KHTML, like Gecko; compatible; GPTBot/1.3; +https://openai.com/gptbot)"
74.7.242.3 - - [02/Mar/2026:12:57:33 +0000] "GET /whsy.php?e=root&p=%2Fproc%2F23222 HTTP/2.0" 200 836 "https://www.amgholdingcompany.com.lab2454.com/whsy.php?p=%2Fproc%2F23222" "Mozilla/5.0 AppleWebKit/537.36 (KHTML, like Gecko; compatible; GPTBot/1.3; +https://openai.com/gptbot)"
74.7.242.3 - - [02/Mar/2026:12:58:10 +0000] "GET /whsy.php?e=stat&p=%2Fproc%2F23222 HTTP/2.0" 200 836 "https://www.amgholdingcompany.com.lab2454.com/whsy.php?p=%2Fproc%2F23222" "Mozilla/5.0 AppleWebKit/537.36 (KHTML, like Gecko; compatible; GPTBot/1.3; +https://openai.com/gptbot)"
74.7.242.3 - - [02/Mar/2026:12:58:56 +0000] "GET /whsy.php?e=personality&p=%2Fproc%2F29128 HTTP/2.0" 200 836 "https://www.amgholdingcompany.com.lab2454.com/whsy.php?p=%2Fproc%2F29128" "Mozilla/5.0 AppleWebKit/537.36 (KHTML, like Gecko; compatible; GPTBot/1.3; +https://openai.com/gptbot)"
74.7.242.3 - - [02/Mar/2026:12:59:40 +0000] "GET /whsy.php?e=personality&p=%2Fproc%2F21729 HTTP/2.0" 200 836 "https://www.amgholdingcompany.com.lab2454.com/whsy.php?p=%2Fproc%2F21729" "Mozilla/5.0 AppleWebKit/537.36 (KHTML, like Gecko; compatible; GPTBot/1.3; +https://openai.com/gptbot)"
74.7.230.0 - - [02/Mar/2026:12:59:41 +0000] "GET /robots.txt HTTP/2.0" 404 - "-" "Mozilla/5.0 (Macintosh; Intel Mac OS X 10_15_7) AppleWebKit/537.36 (KHTML, like Gecko) Chrome/131.0.0.0 Safari/537.36; compatible; OAI-SearchBot/1.3; robots.txt; +https://openai.com/searchbot"
74.7.242.3 - - [02/Mar/2026:13:00:26 +0000] "GET /whsy.php?p=%2Fproc%2F12822 HTTP/2.0" 200 836 "https://www.amgholdingcompany.com.lab2454.com/whsy.php?e=3035&p=%2Fproc" "Mozilla/5.0 AppleWebKit/537.36 (KHTML, like Gecko; compatible; GPTBot/1.3; +https://openai.com/gptbot)"
74.7.242.3 - - [02/Mar/2026:13:01:12 +0000] "GET /whsy.php?p=%2Fproc%2F21421 HTTP/2.0" 200 836 "https://www.amgholdingcompany.com.lab2454.com/whsy.php?p=%2Fproc%2F9884%2F.." "Mozilla/5.0 AppleWebKit/537.36 (KHTML, like Gecko; compatible; GPTBot/1.3; +https://openai.com/gptbot)"
74.7.242.3 - - [02/Mar/2026:13:01:51 +0000] "GET /whsy.php?p=%2Fproc%2F12812 HTTP/2.0" 200 836 "https://www.amgholdingcompany.com.lab2454.com/whsy.php?e=3035&p=%2Fproc" "Mozilla/5.0 AppleWebKit/537.36 (KHTML, like Gecko; compatible; GPTBot/1.3; +https://openai.com/gptbot)"
74.7.242.3 - - [02/Mar/2026:13:02:39 +0000] "GET /whsy.php?p=%2Fproc%2F22472 HTTP/2.0" 200 836 "https://www.amgholdingcompany.com.lab2454.com/whsy.php?p=%2Fproc%2F9884%2F.." "Mozilla/5.0 AppleWebKit/537.36 (KHTML, like Gecko; compatible; GPTBot/1.3; +https://openai.com/gptbot)"
74.7.242.3 - - [02/Mar/2026:13:03:25 +0000] "GET /whsy.php?p=%2Fproc%2F22882 HTTP/2.0" 200 836 "https://www.amgholdingcompany.com.lab2454.com/whsy.php?p=%2Fproc%2F9884%2F.." "Mozilla/5.0 AppleWebKit/537.36 (KHTML, like Gecko; compatible; GPTBot/1.3; +https://openai.com/gptbot)"
74.7.242.3 - - [02/Mar/2026:13:04:05 +0000] "GET /whsy.php?e=clear_refs&p=%2Fproc%2F29566 HTTP/2.0" 200 1936 "https://www.amgholdingcompany.com.lab2454.com/whsy.php?p=%2Fproc%2F29566" "Mozilla/5.0 AppleWebKit/537.36 (KHTML, like Gecko; compatible; GPTBot/1.3; +https://openai.com/gptbot)"
74.7.242.3 - - [02/Mar/2026:13:04:56 +0000] "GET /whsy.php?e=clear_refs&p=%2Fproc%2F26963 HTTP/2.0" 200 1936 "https://www.amgholdingcompany.com.lab2454.com/whsy.php?p=%2Fproc%2F26963" "Mozilla/5.0 AppleWebKit/537.36 (KHTML, like Gecko; compatible; GPTBot/1.3; +https://openai.com/gptbot)"
74.7.242.3 - - [02/Mar/2026:13:05:40 +0000] "GET /whsy.php?e=clear_refs&p=%2Fproc%2F20560 HTTP/2.0" 200 836 "https://www.amgholdingcompany.com.lab2454.com/whsy.php?p=%2Fproc%2F20560" "Mozilla/5.0 AppleWebKit/537.36 (KHTML, like Gecko; compatible; GPTBot/1.3; +https://openai.com/gptbot)"
74.7.242.3 - - [02/Mar/2026:13:06:47 +0000] "GET /whsy.php?e=loginuid&p=%2Fproc%2F26963 HTTP/2.0" 200 2013 "https://www.amgholdingcompany.com.lab2454.com/whsy.php?p=%2Fproc%2F26963" "Mozilla/5.0 AppleWebKit/537.36 (KHTML, like Gecko; compatible; GPTBot/1.3; +https://openai.com/gptbot)"
74.7.242.3 - - [02/Mar/2026:13:07:45 +0000] "GET /whsy.php?e=loginuid&p=%2Fproc%2F29566 HTTP/2.0" 200 2012 "https://www.amgholdingcompany.com.lab2454.com/whsy.php?p=%2Fproc%2F29566" "Mozilla/5.0 AppleWebKit/537.36 (KHTML, like Gecko; compatible; GPTBot/1.3; +https://openai.com/gptbot)"
74.7.242.3 - - [02/Mar/2026:13:08:39 +0000] "GET /whsy.php?e=loginuid&p=%2Fproc%2F29128 HTTP/2.0" 200 836 "https://www.amgholdingcompany.com.lab2454.com/whsy.php?p=%2Fproc%2F29128" "Mozilla/5.0 AppleWebKit/537.36 (KHTML, like Gecko; compatible; GPTBot/1.3; +https://openai.com/gptbot)"
74.7.242.3 - - [02/Mar/2026:13:09:35 +0000] "GET /whsy.php?e=loginuid&p=%2Fproc%2F20560 HTTP/2.0" 200 836 "https://www.amgholdingcompany.com.lab2454.com/whsy.php?p=%2Fproc%2F20560" "Mozilla/5.0 AppleWebKit/537.36 (KHTML, like Gecko; compatible; GPTBot/1.3; +https://openai.com/gptbot)"
74.7.242.3 - - [02/Mar/2026:13:10:35 +0000] "GET /whsy.php?e=loginuid&p=%2Fproc%2F21729 HTTP/2.0" 200 836 "https://www.amgholdingcompany.com.lab2454.com/whsy.php?p=%2Fproc%2F21729" "Mozilla/5.0 AppleWebKit/537.36 (KHTML, like Gecko; compatible; GPTBot/1.3; +https://openai.com/gptbot)"
74.7.230.0 - - [02/Mar/2026:13:10:36 +0000] "GET /robots.txt HTTP/2.0" 404 - "-" "Mozilla/5.0 (Macintosh; Intel Mac OS X 10_15_7) AppleWebKit/537.36 (KHTML, like Gecko) Chrome/131.0.0.0 Safari/537.36; compatible; OAI-SearchBot/1.3; robots.txt; +https://openai.com/searchbot"
74.7.242.3 - - [02/Mar/2026:13:11:35 +0000] "GET /whsy.php?e=mounts&p=%2Fproc%2F14165 HTTP/2.0" 200 836 "https://www.amgholdingcompany.com.lab2454.com/whsy.php?p=%2Fproc%2F14165" "Mozilla/5.0 AppleWebKit/537.36 (KHTML, like Gecko; compatible; GPTBot/1.3; +https://openai.com/gptbot)"
74.7.242.3 - - [02/Mar/2026:13:12:32 +0000] "GET /whsy.php?e=mounts&p=%2Fproc%2F11483 HTTP/2.0" 200 836 "https://www.amgholdingcompany.com.lab2454.com/whsy.php?p=%2Fproc%2F11483" "Mozilla/5.0 AppleWebKit/537.36 (KHTML, like Gecko; compatible; GPTBot/1.3; +https://openai.com/gptbot)"
74.7.242.3 - - [02/Mar/2026:13:13:38 +0000] "GET /whsy.php?e=limits&p=%2Fproc%2F11483 HTTP/2.0" 200 836 "https://www.amgholdingcompany.com.lab2454.com/whsy.php?p=%2Fproc%2F11483" "Mozilla/5.0 AppleWebKit/537.36 (KHTML, like Gecko; compatible; GPTBot/1.3; +https://openai.com/gptbot)"
74.7.242.3 - - [02/Mar/2026:13:14:24 +0000] "GET /whsy.php?e=timers&p=%2Fproc%2F16508 HTTP/2.0" 200 836 "https://www.amgholdingcompany.com.lab2454.com/whsy.php?p=%2Fproc%2F16508" "Mozilla/5.0 AppleWebKit/537.36 (KHTML, like Gecko; compatible; GPTBot/1.3; +https://openai.com/gptbot)"
74.7.242.3 - - [02/Mar/2026:13:15:30 +0000] "GET /whsy.php?e=limits&p=%2Fproc%2F14165 HTTP/2.0" 200 836 "https://www.amgholdingcompany.com.lab2454.com/whsy.php?p=%2Fproc%2F14165" "Mozilla/5.0 AppleWebKit/537.36 (KHTML, like Gecko; compatible; GPTBot/1.3; +https://openai.com/gptbot)"
74.7.242.3 - - [02/Mar/2026:13:16:17 +0000] "GET /whsy.php?e=status&p=%2Fproc%2F16508 HTTP/2.0" 200 836 "https://www.amgholdingcompany.com.lab2454.com/whsy.php?p=%2Fproc%2F16508" "Mozilla/5.0 AppleWebKit/537.36 (KHTML, like Gecko; compatible; GPTBot/1.3; +https://openai.com/gptbot)"
74.7.230.0 - - [02/Mar/2026:13:16:18 +0000] "GET /robots.txt HTTP/2.0" 404 - "-" "Mozilla/5.0 (Macintosh; Intel Mac OS X 10_15_7) AppleWebKit/537.36 (KHTML, like Gecko) Chrome/131.0.0.0 Safari/537.36; compatible; OAI-SearchBot/1.3; robots.txt; +https://openai.com/searchbot"
74.7.242.3 - - [02/Mar/2026:13:17:17 +0000] "GET /whsy.php?e=pagemap&p=%2Fproc%2F14165 HTTP/2.0" 200 836 "https://www.amgholdingcompany.com.lab2454.com/whsy.php?p=%2Fproc%2F14165" "Mozilla/5.0 AppleWebKit/537.36 (KHTML, like Gecko; compatible; GPTBot/1.3; +https://openai.com/gptbot)"
74.7.242.3 - - [02/Mar/2026:13:18:01 +0000] "GET /whsy.php?e=pagemap&p=%2Fproc%2F11483 HTTP/2.0" 200 836 "https://www.amgholdingcompany.com.lab2454.com/whsy.php?p=%2Fproc%2F11483" "Mozilla/5.0 AppleWebKit/537.36 (KHTML, like Gecko; compatible; GPTBot/1.3; +https://openai.com/gptbot)"
74.7.242.3 - - [02/Mar/2026:13:19:04 +0000] "GET /whsy.php?e=smaps_rollup&p=%2Fproc%2F29566 HTTP/2.0" 200 2009 "https://www.amgholdingcompany.com.lab2454.com/whsy.php?p=%2Fproc%2F29566" "Mozilla/5.0 AppleWebKit/537.36 (KHTML, like Gecko; compatible; GPTBot/1.3; +https://openai.com/gptbot)"
74.7.242.3 - - [02/Mar/2026:13:20:04 +0000] "GET /whsy.php?e=smaps_rollup&p=%2Fproc%2F20560 HTTP/2.0" 200 836 "https://www.amgholdingcompany.com.lab2454.com/whsy.php?p=%2Fproc%2F20560" "Mozilla/5.0 AppleWebKit/537.36 (KHTML, like Gecko; compatible; GPTBot/1.3; +https://openai.com/gptbot)"
74.7.242.3 - - [02/Mar/2026:13:21:02 +0000] "GET /whsy.php?e=smaps_rollup&p=%2Fproc%2F26963 HTTP/2.0" 200 2124 "https://www.amgholdingcompany.com.lab2454.com/whsy.php?p=%2Fproc%2F26963" "Mozilla/5.0 AppleWebKit/537.36 (KHTML, like Gecko; compatible; GPTBot/1.3; +https://openai.com/gptbot)"
74.7.242.3 - - [02/Mar/2026:13:22:27 +0000] "GET /whsy.php?e=timerslack_ns&p=%2Fproc%2F23222 HTTP/2.0" 200 836 "https://www.amgholdingcompany.com.lab2454.com/whsy.php?p=%2Fproc%2F23222" "Mozilla/5.0 AppleWebKit/537.36 (KHTML, like Gecko; compatible; GPTBot/1.3; +https://openai.com/gptbot)"
74.7.230.0 - - [02/Mar/2026:13:22:28 +0000] "GET /robots.txt HTTP/2.0" 404 - "-" "Mozilla/5.0 (Macintosh; Intel Mac OS X 10_15_7) AppleWebKit/537.36 (KHTML, like Gecko) Chrome/131.0.0.0 Safari/537.36; compatible; OAI-SearchBot/1.3; robots.txt; +https://openai.com/searchbot"
74.7.242.3 - - [02/Mar/2026:13:23:07 +0000] "GET /whsy.php?e=io&p=%2Fproc%2F14165 HTTP/2.0" 200 836 "https://www.amgholdingcompany.com.lab2454.com/whsy.php?p=%2Fproc%2F14165" "Mozilla/5.0 AppleWebKit/537.36 (KHTML, like Gecko; compatible; GPTBot/1.3; +https://openai.com/gptbot)"
74.7.242.3 - - [02/Mar/2026:13:23:53 +0000] "GET /whsy.php?e=io&p=%2Fproc%2F11483 HTTP/2.0" 200 836 "https://www.amgholdingcompany.com.lab2454.com/whsy.php?p=%2Fproc%2F11483" "Mozilla/5.0 AppleWebKit/537.36 (KHTML, like Gecko; compatible; GPTBot/1.3; +https://openai.com/gptbot)"
74.7.242.3 - - [02/Mar/2026:13:24:34 +0000] "GET /whsy.php?e=environ&p=%2Fproc%2F21729 HTTP/2.0" 200 836 "https://www.amgholdingcompany.com.lab2454.com/whsy.php?p=%2Fproc%2F21729" "Mozilla/5.0 AppleWebKit/537.36 (KHTML, like Gecko; compatible; GPTBot/1.3; +https://openai.com/gptbot)"
74.7.242.3 - - [02/Mar/2026:13:25:10 +0000] "GET /whsy.php?e=environ&p=%2Fproc%2F29128 HTTP/2.0" 200 836 "https://www.amgholdingcompany.com.lab2454.com/whsy.php?p=%2Fproc%2F29128" "Mozilla/5.0 AppleWebKit/537.36 (KHTML, like Gecko; compatible; GPTBot/1.3; +https://openai.com/gptbot)"
74.7.242.3 - - [02/Mar/2026:13:26:04 +0000] "GET /whsy.php?e=arch_status&p=%2Fproc%2F23222 HTTP/2.0" 200 836 "https://www.amgholdingcompany.com.lab2454.com/whsy.php?p=%2Fproc%2F23222" "Mozilla/5.0 AppleWebKit/537.36 (KHTML, like Gecko; compatible; GPTBot/1.3; +https://openai.com/gptbot)"
74.7.242.3 - - [02/Mar/2026:13:26:41 +0000] "GET /whsy.php?e=numa_maps&p=%2Fproc%2F23222 HTTP/2.0" 200 836 "https://www.amgholdingcompany.com.lab2454.com/whsy.php?p=%2Fproc%2F23222" "Mozilla/5.0 AppleWebKit/537.36 (KHTML, like Gecko; compatible; GPTBot/1.3; +https://openai.com/gptbot)"
74.7.242.3 - - [02/Mar/2026:13:27:35 +0000] "GET /whsy.php?e=syscall&p=%2Fproc%2F20560 HTTP/2.0" 200 836 "https://www.amgholdingcompany.com.lab2454.com/whsy.php?p=%2Fproc%2F20560" "Mozilla/5.0 AppleWebKit/537.36 (KHTML, like Gecko; compatible; GPTBot/1.3; +https://openai.com/gptbot)"
74.7.242.3 - - [02/Mar/2026:13:28:26 +0000] "GET /whsy.php?e=syscall&p=%2Fproc%2F29566 HTTP/2.0" 200 1936 "https://www.amgholdingcompany.com.lab2454.com/whsy.php?p=%2Fproc%2F29566" "Mozilla/5.0 AppleWebKit/537.36 (KHTML, like Gecko; compatible; GPTBot/1.3; +https://openai.com/gptbot)"
74.7.230.0 - - [02/Mar/2026:13:28:27 +0000] "GET /robots.txt HTTP/2.0" 404 - "-" "Mozilla/5.0 (Macintosh; Intel Mac OS X 10_15_7) AppleWebKit/537.36 (KHTML, like Gecko) Chrome/131.0.0.0 Safari/537.36; compatible; OAI-SearchBot/1.3; robots.txt; +https://openai.com/searchbot"
74.7.242.3 - - [02/Mar/2026:13:29:23 +0000] "GET /whsy.php?e=syscall&p=%2Fproc%2F26963 HTTP/2.0" 200 1936 "https://www.amgholdingcompany.com.lab2454.com/whsy.php?p=%2Fproc%2F26963" "Mozilla/5.0 AppleWebKit/537.36 (KHTML, like Gecko; compatible; GPTBot/1.3; +https://openai.com/gptbot)"
74.7.242.3 - - [02/Mar/2026:13:30:10 +0000] "GET /whsy.php?e=mounts&p=%2Fproc%2F16508 HTTP/2.0" 200 836 "https://www.amgholdingcompany.com.lab2454.com/whsy.php?p=%2Fproc%2F16508" "Mozilla/5.0 AppleWebKit/537.36 (KHTML, like Gecko; compatible; GPTBot/1.3; +https://openai.com/gptbot)"
74.7.242.3 - - [02/Mar/2026:13:30:54 +0000] "GET /whsy.php?e=limits&p=%2Fproc%2F16508 HTTP/2.0" 200 836 "https://www.amgholdingcompany.com.lab2454.com/whsy.php?p=%2Fproc%2F16508" "Mozilla/5.0 AppleWebKit/537.36 (KHTML, like Gecko; compatible; GPTBot/1.3; +https://openai.com/gptbot)"
74.7.242.3 - - [02/Mar/2026:13:31:39 +0000] "GET /whsy.php?e=root&p=%2Fproc%2F11483 HTTP/2.0" 200 836 "https://www.amgholdingcompany.com.lab2454.com/whsy.php?p=%2Fproc%2F11483" "Mozilla/5.0 AppleWebKit/537.36 (KHTML, like Gecko; compatible; GPTBot/1.3; +https://openai.com/gptbot)"
74.7.242.3 - - [02/Mar/2026:13:32:43 +0000] "GET /whsy.php?e=stat&p=%2Fproc%2F26963 HTTP/2.0" 200 2109 "https://www.amgholdingcompany.com.lab2454.com/whsy.php?p=%2Fproc%2F26963" "Mozilla/5.0 AppleWebKit/537.36 (KHTML, like Gecko; compatible; GPTBot/1.3; +https://openai.com/gptbot)"
74.7.242.3 - - [02/Mar/2026:13:33:34 +0000] "GET /whsy.php?e=stat&p=%2Fproc%2F20560 HTTP/2.0" 200 836 "https://www.amgholdingcompany.com.lab2454.com/whsy.php?p=%2Fproc%2F20560" "Mozilla/5.0 AppleWebKit/537.36 (KHTML, like Gecko; compatible; GPTBot/1.3; +https://openai.com/gptbot)"
74.7.230.0 - - [02/Mar/2026:13:33:35 +0000] "GET /robots.txt HTTP/2.0" 404 - "-" "Mozilla/5.0 (Macintosh; Intel Mac OS X 10_15_7) AppleWebKit/537.36 (KHTML, like Gecko) Chrome/131.0.0.0 Safari/537.36; compatible; OAI-SearchBot/1.3; robots.txt; +https://openai.com/searchbot"
74.7.242.3 - - [02/Mar/2026:13:34:41 +0000] "GET /whsy.php?e=stat&p=%2Fproc%2F29566 HTTP/2.0" 200 2105 "https://www.amgholdingcompany.com.lab2454.com/whsy.php?p=%2Fproc%2F29566" "Mozilla/5.0 AppleWebKit/537.36 (KHTML, like Gecko; compatible; GPTBot/1.3; +https://openai.com/gptbot)"
74.7.242.3 - - [02/Mar/2026:13:35:36 +0000] "GET /whsy.php?e=root&p=%2Fproc%2F14165 HTTP/2.0" 200 836 "https://www.amgholdingcompany.com.lab2454.com/whsy.php?p=%2Fproc%2F14165" "Mozilla/5.0 AppleWebKit/537.36 (KHTML, like Gecko; compatible; GPTBot/1.3; +https://openai.com/gptbot)"
74.7.242.3 - - [02/Mar/2026:13:37:08 +0000] "GET /whsy.php?e=mountstats&p=%2Fproc%2F26963 HTTP/2.0" 200 1936 "https://www.amgholdingcompany.com.lab2454.com/whsy.php?p=%2Fproc%2F26963" "Mozilla/5.0 AppleWebKit/537.36 (KHTML, like Gecko; compatible; GPTBot/1.3; +https://openai.com/gptbot)"
74.7.242.3 - - [02/Mar/2026:13:37:59 +0000] "GET /whsy.php?e=mountstats&p=%2Fproc%2F20560 HTTP/2.0" 200 836 "https://www.amgholdingcompany.com.lab2454.com/whsy.php?p=%2Fproc%2F20560" "Mozilla/5.0 AppleWebKit/537.36 (KHTML, like Gecko; compatible; GPTBot/1.3; +https://openai.com/gptbot)"
74.7.242.3 - - [02/Mar/2026:13:39:28 +0000] "GET /whsy.php?e=mountstats&p=%2Fproc%2F29128 HTTP/2.0" 200 836 "https://www.amgholdingcompany.com.lab2454.com/whsy.php?p=%2Fproc%2F29128" "Mozilla/5.0 AppleWebKit/537.36 (KHTML, like Gecko; compatible; GPTBot/1.3; +https://openai.com/gptbot)"
74.7.230.0 - - [02/Mar/2026:13:39:28 +0000] "GET /robots.txt HTTP/2.0" 404 - "-" "Mozilla/5.0 (Macintosh; Intel Mac OS X 10_15_7) AppleWebKit/537.36 (KHTML, like Gecko) Chrome/131.0.0.0 Safari/537.36; compatible; OAI-SearchBot/1.3; robots.txt; +https://openai.com/searchbot"
74.7.242.3 - - [02/Mar/2026:13:40:52 +0000] "GET /whsy.php?e=mountstats&p=%2Fproc%2F21729 HTTP/2.0" 200 836 "https://www.amgholdingcompany.com.lab2454.com/whsy.php?p=%2Fproc%2F21729" "Mozilla/5.0 AppleWebKit/537.36 (KHTML, like Gecko; compatible; GPTBot/1.3; +https://openai.com/gptbot)"
74.7.242.3 - - [02/Mar/2026:13:41:56 +0000] "GET /whsy.php?e=mountstats&p=%2Fproc%2F29566 HTTP/2.0" 200 1936 "https://www.amgholdingcompany.com.lab2454.com/whsy.php?p=%2Fproc%2F29566" "Mozilla/5.0 AppleWebKit/537.36 (KHTML, like Gecko; compatible; GPTBot/1.3; +https://openai.com/gptbot)"
74.7.242.3 - - [02/Mar/2026:13:43:40 +0000] "GET /whsy.php?e=status&p=%2Fproc%2F29128 HTTP/2.0" 200 836 "https://www.amgholdingcompany.com.lab2454.com/whsy.php?p=%2Fproc%2F29128" "Mozilla/5.0 AppleWebKit/537.36 (KHTML, like Gecko; compatible; GPTBot/1.3; +https://openai.com/gptbot)"
74.7.242.3 - - [02/Mar/2026:13:44:46 +0000] "GET /whsy.php?e=status&p=%2Fproc%2F21729 HTTP/2.0" 200 836 "https://www.amgholdingcompany.com.lab2454.com/whsy.php?p=%2Fproc%2F21729" "Mozilla/5.0 AppleWebKit/537.36 (KHTML, like Gecko; compatible; GPTBot/1.3; +https://openai.com/gptbot)"
74.7.230.0 - - [02/Mar/2026:13:44:47 +0000] "GET /robots.txt HTTP/2.0" 404 - "-" "Mozilla/5.0 (Macintosh; Intel Mac OS X 10_15_7) AppleWebKit/537.36 (KHTML, like Gecko) Chrome/131.0.0.0 Safari/537.36; compatible; OAI-SearchBot/1.3; robots.txt; +https://openai.com/searchbot"
74.7.242.3 - - [02/Mar/2026:13:45:55 +0000] "GET /whsy.php?e=mounts&p=%2Fproc%2F21729 HTTP/2.0" 200 836 "https://www.amgholdingcompany.com.lab2454.com/whsy.php?p=%2Fproc%2F21729" "Mozilla/5.0 AppleWebKit/537.36 (KHTML, like Gecko; compatible; GPTBot/1.3; +https://openai.com/gptbot)"
74.7.242.3 - - [02/Mar/2026:13:46:55 +0000] "GET /whsy.php?e=limits&p=%2Fproc%2F21729 HTTP/2.0" 200 836 "https://www.amgholdingcompany.com.lab2454.com/whsy.php?p=%2Fproc%2F21729" "Mozilla/5.0 AppleWebKit/537.36 (KHTML, like Gecko; compatible; GPTBot/1.3; +https://openai.com/gptbot)"
74.7.242.3 - - [02/Mar/2026:13:48:09 +0000] "GET /whsy.php?e=mounts&p=%2Fproc%2F29128 HTTP/2.0" 200 836 "https://www.amgholdingcompany.com.lab2454.com/whsy.php?p=%2Fproc%2F29128" "Mozilla/5.0 AppleWebKit/537.36 (KHTML, like Gecko; compatible; GPTBot/1.3; +https://openai.com/gptbot)"
74.7.242.3 - - [02/Mar/2026:13:49:12 +0000] "GET /whsy.php?e=limits&p=%2Fproc%2F29128 HTTP/2.0" 200 836 "https://www.amgholdingcompany.com.lab2454.com/whsy.php?p=%2Fproc%2F29128" "Mozilla/5.0 AppleWebKit/537.36 (KHTML, like Gecko; compatible; GPTBot/1.3; +https://openai.com/gptbot)"
74.7.242.3 - - [02/Mar/2026:13:50:38 +0000] "GET /whsy.php?e=mounts&p=%2Fproc%2F26963 HTTP/2.0" 200 2649 "https://www.amgholdingcompany.com.lab2454.com/whsy.php?p=%2Fproc%2F26963" "Mozilla/5.0 AppleWebKit/537.36 (KHTML, like Gecko; compatible; GPTBot/1.3; +https://openai.com/gptbot)"
74.7.230.0 - - [02/Mar/2026:13:50:39 +0000] "GET /robots.txt HTTP/2.0" 404 - "-" "Mozilla/5.0 (Macintosh; Intel Mac OS X 10_15_7) AppleWebKit/537.36 (KHTML, like Gecko) Chrome/131.0.0.0 Safari/537.36; compatible; OAI-SearchBot/1.3; robots.txt; +https://openai.com/searchbot"
74.7.242.3 - - [02/Mar/2026:13:51:26 +0000] "GET /whsy.php?e=status&p=%2Fproc%2F14165 HTTP/2.0" 200 836 "https://www.amgholdingcompany.com.lab2454.com/whsy.php?p=%2Fproc%2F14165" "Mozilla/5.0 AppleWebKit/537.36 (KHTML, like Gecko; compatible; GPTBot/1.3; +https://openai.com/gptbot)"
74.7.242.3 - - [02/Mar/2026:13:52:14 +0000] "GET /whsy.php?e=timers&p=%2Fproc%2F14165 HTTP/2.0" 200 836 "https://www.amgholdingcompany.com.lab2454.com/whsy.php?p=%2Fproc%2F14165" "Mozilla/5.0 AppleWebKit/537.36 (KHTML, like Gecko; compatible; GPTBot/1.3; +https://openai.com/gptbot)"
74.7.242.3 - - [02/Mar/2026:13:53:22 +0000] "GET /whsy.php?e=cgroup&p=%2Fproc%2F16508 HTTP/2.0" 200 836 "https://www.amgholdingcompany.com.lab2454.com/whsy.php?p=%2Fproc%2F16508" "Mozilla/5.0 AppleWebKit/537.36 (KHTML, like Gecko; compatible; GPTBot/1.3; +https://openai.com/gptbot)"
74.7.242.3 - - [02/Mar/2026:13:54:30 +0000] "GET /whsy.php?e=limits&p=%2Fproc%2F20560 HTTP/2.0" 200 836 "https://www.amgholdingcompany.com.lab2454.com/whsy.php?p=%2Fproc%2F20560" "Mozilla/5.0 AppleWebKit/537.36 (KHTML, like Gecko; compatible; GPTBot/1.3; +https://openai.com/gptbot)"
74.7.242.3 - - [02/Mar/2026:13:55:29 +0000] "GET /whsy.php?e=limits&p=%2Fproc%2F26963 HTTP/2.0" 200 2251 "https://www.amgholdingcompany.com.lab2454.com/whsy.php?p=%2Fproc%2F26963" "Mozilla/5.0 AppleWebKit/537.36 (KHTML, like Gecko; compatible; GPTBot/1.3; +https://openai.com/gptbot)"
74.7.242.3 - - [02/Mar/2026:13:56:54 +0000] "GET /whsy.php?e=mounts&p=%2Fproc%2F20560 HTTP/2.0" 200 836 "https://www.amgholdingcompany.com.lab2454.com/whsy.php?p=%2Fproc%2F20560" "Mozilla/5.0 AppleWebKit/537.36 (KHTML, like Gecko; compatible; GPTBot/1.3; +https://openai.com/gptbot)"
74.7.230.0 - - [02/Mar/2026:13:56:56 +0000] "GET /robots.txt HTTP/2.0" 404 - "-" "Mozilla/5.0 (Macintosh; Intel Mac OS X 10_15_7) AppleWebKit/537.36 (KHTML, like Gecko) Chrome/131.0.0.0 Safari/537.36; compatible; OAI-SearchBot/1.3; robots.txt; +https://openai.com/searchbot"
74.7.242.3 - - [02/Mar/2026:13:58:13 +0000] "GET /whsy.php?e=cpuset&p=%2Fproc%2F16508 HTTP/2.0" 200 836 "https://www.amgholdingcompany.com.lab2454.com/whsy.php?p=%2Fproc%2F16508" "Mozilla/5.0 AppleWebKit/537.36 (KHTML, like Gecko; compatible; GPTBot/1.3; +https://openai.com/gptbot)"
74.7.242.3 - - [02/Mar/2026:13:59:14 +0000] "GET /whsy.php?e=limits&p=%2Fproc%2F29566 HTTP/2.0" 200 2273 "https://www.amgholdingcompany.com.lab2454.com/whsy.php?p=%2Fproc%2F29566" "Mozilla/5.0 AppleWebKit/537.36 (KHTML, like Gecko; compatible; GPTBot/1.3; +https://openai.com/gptbot)"
74.7.242.3 - - [02/Mar/2026:14:00:42 +0000] "GET /whsy.php?e=timers&p=%2Fproc%2F11483 HTTP/2.0" 200 836 "https://www.amgholdingcompany.com.lab2454.com/whsy.php?p=%2Fproc%2F11483" "Mozilla/5.0 AppleWebKit/537.36 (KHTML, like Gecko; compatible; GPTBot/1.3; +https://openai.com/gptbot)"
74.7.242.3 - - [02/Mar/2026:14:02:09 +0000] "GET /whsy.php?e=status&p=%2Fproc%2F11483 HTTP/2.0" 200 836 "https://www.amgholdingcompany.com.lab2454.com/whsy.php?p=%2Fproc%2F11483" "Mozilla/5.0 AppleWebKit/537.36 (KHTML, like Gecko; compatible; GPTBot/1.3; +https://openai.com/gptbot)"
74.7.230.0 - - [02/Mar/2026:14:02:10 +0000] "GET /robots.txt HTTP/2.0" 404 - "-" "Mozilla/5.0 (Macintosh; Intel Mac OS X 10_15_7) AppleWebKit/537.36 (KHTML, like Gecko) Chrome/131.0.0.0 Safari/537.36; compatible; OAI-SearchBot/1.3; robots.txt; +https://openai.com/searchbot"
74.7.242.3 - - [02/Mar/2026:14:03:11 +0000] "GET /whsy.php?e=mounts&p=%2Fproc%2F29566 HTTP/2.0" 200 2678 "https://www.amgholdingcompany.com.lab2454.com/whsy.php?p=%2Fproc%2F29566" "Mozilla/5.0 AppleWebKit/537.36 (KHTML, like Gecko; compatible; GPTBot/1.3; +https://openai.com/gptbot)"
74.7.242.3 - - [02/Mar/2026:14:04:23 +0000] "GET /whsy.php?e=numa_maps&p=%2Fproc%2F16508 HTTP/2.0" 200 836 "https://www.amgholdingcompany.com.lab2454.com/whsy.php?p=%2Fproc%2F16508" "Mozilla/5.0 AppleWebKit/537.36 (KHTML, like Gecko; compatible; GPTBot/1.3; +https://openai.com/gptbot)"
74.7.242.3 - - [02/Mar/2026:14:05:17 +0000] "GET /whsy.php?e=timens_offsets&p=%2Fproc%2F23222 HTTP/2.0" 200 836 "https://www.amgholdingcompany.com.lab2454.com/whsy.php?p=%2Fproc%2F23222" "Mozilla/5.0 AppleWebKit/537.36 (KHTML, like Gecko; compatible; GPTBot/1.3; +https://openai.com/gptbot)"
74.7.242.3 - - [02/Mar/2026:14:06:26 +0000] "GET /whsy.php?e=numa_maps&p=%2Fproc%2F14165 HTTP/2.0" 200 836 "https://www.amgholdingcompany.com.lab2454.com/whsy.php?p=%2Fproc%2F14165" "Mozilla/5.0 AppleWebKit/537.36 (KHTML, like Gecko; compatible; GPTBot/1.3; +https://openai.com/gptbot)"
74.7.242.3 - - [02/Mar/2026:14:08:43 +0000] "GET /whsy.php?e=numa_maps&p=%2Fproc%2F11483 HTTP/2.0" 200 836 "https://www.amgholdingcompany.com.lab2454.com/whsy.php?p=%2Fproc%2F11483" "Mozilla/5.0 AppleWebKit/537.36 (KHTML, like Gecko; compatible; GPTBot/1.3; +https://openai.com/gptbot)"
74.7.242.3 - - [02/Mar/2026:14:09:50 +0000] "GET /whsy.php?e=timers&p=%2Fproc%2F29566 HTTP/2.0" 200 2005 "https://www.amgholdingcompany.com.lab2454.com/whsy.php?p=%2Fproc%2F29566" "Mozilla/5.0 AppleWebKit/537.36 (KHTML, like Gecko; compatible; GPTBot/1.3; +https://openai.com/gptbot)"
74.7.242.3 - - [02/Mar/2026:14:11:36 +0000] "GET /whsy.php?e=timers&p=%2Fproc%2F20560 HTTP/2.0" 200 836 "https://www.amgholdingcompany.com.lab2454.com/whsy.php?p=%2Fproc%2F20560" "Mozilla/5.0 AppleWebKit/537.36 (KHTML, like Gecko; compatible; GPTBot/1.3; +https://openai.com/gptbot)"
74.7.242.3 - - [02/Mar/2026:14:12:42 +0000] "GET /whsy.php?e=timers&p=%2Fproc%2F26963 HTTP/2.0" 200 2005 "https://www.amgholdingcompany.com.lab2454.com/whsy.php?p=%2Fproc%2F26963" "Mozilla/5.0 AppleWebKit/537.36 (KHTML, like Gecko; compatible; GPTBot/1.3; +https://openai.com/gptbot)"
74.7.242.3 - - [02/Mar/2026:14:13:57 +0000] "GET /whsy.php?p=%2Fproc%2F11483%2Fnet HTTP/2.0" 200 836 "https://www.amgholdingcompany.com.lab2454.com/whsy.php?p=%2Fproc%2F11483" "Mozilla/5.0 AppleWebKit/537.36 (KHTML, like Gecko; compatible; GPTBot/1.3; +https://openai.com/gptbot)"
74.7.230.0 - - [02/Mar/2026:14:13:59 +0000] "GET /robots.txt HTTP/2.0" 404 - "-" "Mozilla/5.0 (Macintosh; Intel Mac OS X 10_15_7) AppleWebKit/537.36 (KHTML, like Gecko) Chrome/131.0.0.0 Safari/537.36; compatible; OAI-SearchBot/1.3; robots.txt; +https://openai.com/searchbot"
74.7.242.3 - - [02/Mar/2026:14:14:46 +0000] "GET /whsy.php?p=%2Fproc%2F29128%2Fattr HTTP/2.0" 200 836 "https://www.amgholdingcompany.com.lab2454.com/whsy.php?p=%2Fproc%2F29128" "Mozilla/5.0 AppleWebKit/537.36 (KHTML, like Gecko; compatible; GPTBot/1.3; +https://openai.com/gptbot)"
74.7.242.3 - - [02/Mar/2026:14:15:49 +0000] "GET /whsy.php?p=%2Fproc%2F21729%2Ftask HTTP/2.0" 200 836 "https://www.amgholdingcompany.com.lab2454.com/whsy.php?p=%2Fproc%2F21729" "Mozilla/5.0 AppleWebKit/537.36 (KHTML, like Gecko; compatible; GPTBot/1.3; +https://openai.com/gptbot)"
74.7.242.3 - - [02/Mar/2026:14:16:46 +0000] "GET /whsy.php?p=%2Fproc%2F21729%2Fnet HTTP/2.0" 200 836 "https://www.amgholdingcompany.com.lab2454.com/whsy.php?p=%2Fproc%2F21729" "Mozilla/5.0 AppleWebKit/537.36 (KHTML, like Gecko; compatible; GPTBot/1.3; +https://openai.com/gptbot)"
74.7.242.3 - - [02/Mar/2026:14:17:41 +0000] "GET /whsy.php?p=%2Fproc%2F20560%2Ftask HTTP/2.0" 200 836 "https://www.amgholdingcompany.com.lab2454.com/whsy.php?p=%2Fproc%2F20560" "Mozilla/5.0 AppleWebKit/537.36 (KHTML, like Gecko; compatible; GPTBot/1.3; +https://openai.com/gptbot)"
74.7.242.3 - - [02/Mar/2026:14:18:38 +0000] "GET /whsy.php?p=%2Fproc%2F14165%2Fnet HTTP/2.0" 200 836 "https://www.amgholdingcompany.com.lab2454.com/whsy.php?p=%2Fproc%2F14165" "Mozilla/5.0 AppleWebKit/537.36 (KHTML, like Gecko; compatible; GPTBot/1.3; +https://openai.com/gptbot)"
74.7.242.3 - - [02/Mar/2026:14:19:35 +0000] "GET /whsy.php?p=%2Fproc%2F11483%2Fattr HTTP/2.0" 200 836 "https://www.amgholdingcompany.com.lab2454.com/whsy.php?p=%2Fproc%2F11483" "Mozilla/5.0 AppleWebKit/537.36 (KHTML, like Gecko; compatible; GPTBot/1.3; +https://openai.com/gptbot)"
74.7.230.0 - - [02/Mar/2026:14:19:36 +0000] "GET /robots.txt HTTP/2.0" 404 - "-" "Mozilla/5.0 (Macintosh; Intel Mac OS X 10_15_7) AppleWebKit/537.36 (KHTML, like Gecko) Chrome/131.0.0.0 Safari/537.36; compatible; OAI-SearchBot/1.3; robots.txt; +https://openai.com/searchbot"
74.7.242.3 - - [02/Mar/2026:14:20:23 +0000] "GET /whsy.php?p=%2Fproc%2F14165%2Ftask HTTP/2.0" 200 836 "https://www.amgholdingcompany.com.lab2454.com/whsy.php?p=%2Fproc%2F14165" "Mozilla/5.0 AppleWebKit/537.36 (KHTML, like Gecko; compatible; GPTBot/1.3; +https://openai.com/gptbot)"
74.7.242.3 - - [02/Mar/2026:14:21:14 +0000] "GET /whsy.php?p=%2Fproc%2F29128%2Fnet HTTP/2.0" 200 836 "https://www.amgholdingcompany.com.lab2454.com/whsy.php?p=%2Fproc%2F29128" "Mozilla/5.0 AppleWebKit/537.36 (KHTML, like Gecko; compatible; GPTBot/1.3; +https://openai.com/gptbot)"
74.7.242.3 - - [02/Mar/2026:14:22:07 +0000] "GET /whsy.php?p=%2Fproc%2F11483%2Ftask HTTP/2.0" 200 836 "https://www.amgholdingcompany.com.lab2454.com/whsy.php?p=%2Fproc%2F11483" "Mozilla/5.0 AppleWebKit/537.36 (KHTML, like Gecko; compatible; GPTBot/1.3; +https://openai.com/gptbot)"
74.7.242.3 - - [02/Mar/2026:14:23:12 +0000] "GET /whsy.php?p=%2Fproc%2F20560%2Fattr HTTP/2.0" 200 836 "https://www.amgholdingcompany.com.lab2454.com/whsy.php?p=%2Fproc%2F20560" "Mozilla/5.0 AppleWebKit/537.36 (KHTML, like Gecko; compatible; GPTBot/1.3; +https://openai.com/gptbot)"
74.7.242.3 - - [02/Mar/2026:14:23:50 +0000] "GET /whsy.php?p=%2Fproc%2F20560%2Fnet HTTP/2.0" 200 836 "https://www.amgholdingcompany.com.lab2454.com/whsy.php?p=%2Fproc%2F20560" "Mozilla/5.0 AppleWebKit/537.36 (KHTML, like Gecko; compatible; GPTBot/1.3; +https://openai.com/gptbot)"
74.7.242.3 - - [02/Mar/2026:14:24:42 +0000] "GET /whsy.php?p=%2Fproc%2F26963%2Ftask HTTP/2.0" 200 491 "https://www.amgholdingcompany.com.lab2454.com/whsy.php?p=%2Fproc%2F26963" "Mozilla/5.0 AppleWebKit/537.36 (KHTML, like Gecko; compatible; GPTBot/1.3; +https://openai.com/gptbot)"
74.7.230.0 - - [02/Mar/2026:14:24:43 +0000] "GET /robots.txt HTTP/2.0" 404 - "-" "Mozilla/5.0 (Macintosh; Intel Mac OS X 10_15_7) AppleWebKit/537.36 (KHTML, like Gecko) Chrome/131.0.0.0 Safari/537.36; compatible; OAI-SearchBot/1.3; robots.txt; +https://openai.com/searchbot"
74.7.242.3 - - [02/Mar/2026:14:25:11 +0000] "GET /whsy.php?p=%2Fproc%2F29566%2Fnet HTTP/2.0" 200 2441 "https://www.amgholdingcompany.com.lab2454.com/whsy.php?p=%2Fproc%2F29566" "Mozilla/5.0 AppleWebKit/537.36 (KHTML, like Gecko; compatible; GPTBot/1.3; +https://openai.com/gptbot)"
74.7.242.3 - - [02/Mar/2026:14:26:05 +0000] "GET /whsy.php?p=%2Fproc%2F29566%2Fattr HTTP/2.0" 200 799 "https://www.amgholdingcompany.com.lab2454.com/whsy.php?p=%2Fproc%2F29566" "Mozilla/5.0 AppleWebKit/537.36 (KHTML, like Gecko; compatible; GPTBot/1.3; +https://openai.com/gptbot)"
74.7.242.3 - - [02/Mar/2026:14:26:56 +0000] "GET /whsy.php?p=%2Fproc%2F26963%2Fnet HTTP/2.0" 200 2441 "https://www.amgholdingcompany.com.lab2454.com/whsy.php?p=%2Fproc%2F26963" "Mozilla/5.0 AppleWebKit/537.36 (KHTML, like Gecko; compatible; GPTBot/1.3; +https://openai.com/gptbot)"
74.7.242.3 - - [02/Mar/2026:14:27:45 +0000] "GET /whsy.php?p=%2Fproc%2F29566%2Ftask HTTP/2.0" 200 491 "https://www.amgholdingcompany.com.lab2454.com/whsy.php?p=%2Fproc%2F29566" "Mozilla/5.0 AppleWebKit/537.36 (KHTML, like Gecko; compatible; GPTBot/1.3; +https://openai.com/gptbot)"
74.7.242.3 - - [02/Mar/2026:14:28:45 +0000] "GET /whsy.php?p=%2Fproc%2F16508%2Fattr HTTP/2.0" 200 836 "https://www.amgholdingcompany.com.lab2454.com/whsy.php?p=%2Fproc%2F16508" "Mozilla/5.0 AppleWebKit/537.36 (KHTML, like Gecko; compatible; GPTBot/1.3; +https://openai.com/gptbot)"
74.7.242.3 - - [02/Mar/2026:14:29:42 +0000] "GET /whsy.php?p=%2Fproc%2F21729%2Fattr HTTP/2.0" 200 836 "https://www.amgholdingcompany.com.lab2454.com/whsy.php?p=%2Fproc%2F21729" "Mozilla/5.0 AppleWebKit/537.36 (KHTML, like Gecko; compatible; GPTBot/1.3; +https://openai.com/gptbot)"
74.7.230.0 - - [02/Mar/2026:14:29:43 +0000] "GET /robots.txt HTTP/2.0" 404 - "-" "Mozilla/5.0 (Macintosh; Intel Mac OS X 10_15_7) AppleWebKit/537.36 (KHTML, like Gecko) Chrome/131.0.0.0 Safari/537.36; compatible; OAI-SearchBot/1.3; robots.txt; +https://openai.com/searchbot"
74.7.242.3 - - [02/Mar/2026:14:30:25 +0000] "GET /whsy.php?p=%2Fproc%2F26963%2Fattr HTTP/2.0" 200 799 "https://www.amgholdingcompany.com.lab2454.com/whsy.php?p=%2Fproc%2F26963" "Mozilla/5.0 AppleWebKit/537.36 (KHTML, like Gecko; compatible; GPTBot/1.3; +https://openai.com/gptbot)"
74.7.242.3 - - [02/Mar/2026:14:31:18 +0000] "GET /whsy.php?p=%2Fproc%2F14165%2Fattr HTTP/2.0" 200 836 "https://www.amgholdingcompany.com.lab2454.com/whsy.php?p=%2Fproc%2F14165" "Mozilla/5.0 AppleWebKit/537.36 (KHTML, like Gecko; compatible; GPTBot/1.3; +https://openai.com/gptbot)"
74.7.242.3 - - [02/Mar/2026:14:32:11 +0000] "GET /whsy.php?p=%2Fproc%2F29128%2Ftask HTTP/2.0" 200 836 "https://www.amgholdingcompany.com.lab2454.com/whsy.php?p=%2Fproc%2F29128" "Mozilla/5.0 AppleWebKit/537.36 (KHTML, like Gecko; compatible; GPTBot/1.3; +https://openai.com/gptbot)"
74.7.242.3 - - [02/Mar/2026:14:32:46 +0000] "GET /whsy.php?e=arch_status&p=%2Fproc%2F14165 HTTP/2.0" 200 836 "https://www.amgholdingcompany.com.lab2454.com/whsy.php?p=%2Fproc%2F14165" "Mozilla/5.0 AppleWebKit/537.36 (KHTML, like Gecko; compatible; GPTBot/1.3; +https://openai.com/gptbot)"
74.7.242.3 - - [02/Mar/2026:14:33:46 +0000] "GET /whsy.php?e=arch_status&p=%2Fproc%2F11483 HTTP/2.0" 200 836 "https://www.amgholdingcompany.com.lab2454.com/whsy.php?p=%2Fproc%2F11483" "Mozilla/5.0 AppleWebKit/537.36 (KHTML, like Gecko; compatible; GPTBot/1.3; +https://openai.com/gptbot)"
74.7.242.3 - - [02/Mar/2026:14:34:32 +0000] "GET /whsy.php?p=%2Fproc%2F29566%2Fnet%2Fdev_snmp6 HTTP/2.0" 200 982 "https://www.amgholdingcompany.com.lab2454.com/whsy.php?p=%2Fproc%2F29566%2Fnet" "Mozilla/5.0 AppleWebKit/537.36 (KHTML, like Gecko; compatible; GPTBot/1.3; +https://openai.com/gptbot)"
74.7.230.0 - - [02/Mar/2026:14:35:00 +0000] "GET /robots.txt HTTP/2.0" 404 - "-" "Mozilla/5.0 (Macintosh; Intel Mac OS X 10_15_7) AppleWebKit/537.36 (KHTML, like Gecko) Chrome/131.0.0.0 Safari/537.36; compatible; OAI-SearchBot/1.3; robots.txt; +https://openai.com/searchbot"
74.7.242.3 - - [02/Mar/2026:14:35:27 +0000] "GET /whsy.php?p=%2Fproc%2F26963%2Ftask%2F.. HTTP/2.0" 200 1936 "https://www.amgholdingcompany.com.lab2454.com/whsy.php?p=%2Fproc%2F26963%2Ftask" "Mozilla/5.0 AppleWebKit/537.36 (KHTML, like Gecko; compatible; GPTBot/1.3; +https://openai.com/gptbot)"
74.7.242.3 - - [02/Mar/2026:14:36:10 +0000] "GET /whsy.php?e=igmp&p=%2Fproc%2F26963%2Fnet HTTP/2.0" 200 2592 "https://www.amgholdingcompany.com.lab2454.com/whsy.php?p=%2Fproc%2F26963%2Fnet" "Mozilla/5.0 AppleWebKit/537.36 (KHTML, like Gecko; compatible; GPTBot/1.3; +https://openai.com/gptbot)"
74.7.242.3 - - [02/Mar/2026:14:37:01 +0000] "GET /whsy.php?e=igmp&p=%2Fproc%2F29566%2Fnet HTTP/2.0" 200 2592 "https://www.amgholdingcompany.com.lab2454.com/whsy.php?p=%2Fproc%2F29566%2Fnet" "Mozilla/5.0 AppleWebKit/537.36 (KHTML, like Gecko; compatible; GPTBot/1.3; +https://openai.com/gptbot)"
74.7.242.3 - - [02/Mar/2026:14:37:35 +0000] "GET /whsy.php?e=cpuset&p=%2Fproc%2F14165 HTTP/2.0" 200 836 "https://www.amgholdingcompany.com.lab2454.com/whsy.php?p=%2Fproc%2F14165" "Mozilla/5.0 AppleWebKit/537.36 (KHTML, like Gecko; compatible; GPTBot/1.3; +https://openai.com/gptbot)"
74.7.242.3 - - [02/Mar/2026:14:38:13 +0000] "GET /whsy.php?e=timers&p=%2Fproc%2F29128 HTTP/2.0" 200 836 "https://www.amgholdingcompany.com.lab2454.com/whsy.php?p=%2Fproc%2F29128" "Mozilla/5.0 AppleWebKit/537.36 (KHTML, like Gecko; compatible; GPTBot/1.3; +https://openai.com/gptbot)"
