74.7.230.0 - - [02/Mar/2026:21:30:42 +0000] "GET /robots.txt HTTP/2.0" 404 - "-" "Mozilla/5.0 (Macintosh; Intel Mac OS X 10_15_7) AppleWebKit/537.36 (KHTML, like Gecko) Chrome/131.0.0.0 Safari/537.36; compatible; OAI-SearchBot/1.3; robots.txt; +https://openai.com/searchbot"
74.7.242.3 - - [02/Mar/2026:21:34:09 +0000] "GET /whsy.php?e=sessionid&p=%2Fproc%2F31951 HTTP/2.0" 200 2016 "https://www.amgholdingcompany.com.lab2454.com/whsy.php?p=%2Fproc%2F31951" "Mozilla/5.0 AppleWebKit/537.36 (KHTML, like Gecko; compatible; GPTBot/1.3; +https://openai.com/gptbot)"
74.7.242.3 - - [02/Mar/2026:21:37:01 +0000] "GET /whsy.php?e=setgroups&p=%2Fproc%2F31951 HTTP/2.0" 200 2007 "https://www.amgholdingcompany.com.lab2454.com/whsy.php?p=%2Fproc%2F31951" "Mozilla/5.0 AppleWebKit/537.36 (KHTML, like Gecko; compatible; GPTBot/1.3; +https://openai.com/gptbot)"
74.7.230.0 - - [02/Mar/2026:21:37:03 +0000] "GET /robots.txt HTTP/2.0" 404 - "-" "Mozilla/5.0 (Macintosh; Intel Mac OS X 10_15_7) AppleWebKit/537.36 (KHTML, like Gecko) Chrome/131.0.0.0 Safari/537.36; compatible; OAI-SearchBot/1.3; robots.txt; +https://openai.com/searchbot"
74.7.242.3 - - [02/Mar/2026:21:40:24 +0000] "GET /whsy.php?e=autogroup&p=%2Fproc%2F31951 HTTP/2.0" 200 2020 "https://www.amgholdingcompany.com.lab2454.com/whsy.php?p=%2Fproc%2F31951" "Mozilla/5.0 AppleWebKit/537.36 (KHTML, like Gecko; compatible; GPTBot/1.3; +https://openai.com/gptbot)"
74.7.242.3 - - [02/Mar/2026:21:43:35 +0000] "GET /whsy.php?e=schedstat&p=%2Fproc%2F31951 HTTP/2.0" 200 2025 "https://www.amgholdingcompany.com.lab2454.com/whsy.php?p=%2Fproc%2F31951" "Mozilla/5.0 AppleWebKit/537.36 (KHTML, like Gecko; compatible; GPTBot/1.3; +https://openai.com/gptbot)"
74.7.230.0 - - [02/Mar/2026:21:43:36 +0000] "GET /robots.txt HTTP/2.0" 404 - "-" "Mozilla/5.0 (Macintosh; Intel Mac OS X 10_15_7) AppleWebKit/537.36 (KHTML, like Gecko) Chrome/131.0.0.0 Safari/537.36; compatible; OAI-SearchBot/1.3; robots.txt; +https://openai.com/searchbot"
74.7.242.3 - - [02/Mar/2026:21:47:07 +0000] "GET /whsy.php?e=stat&p=%2Fproc%2F31951 HTTP/2.0" 200 2134 "https://www.amgholdingcompany.com.lab2454.com/whsy.php?p=%2Fproc%2F31951" "Mozilla/5.0 AppleWebKit/537.36 (KHTML, like Gecko; compatible; GPTBot/1.3; +https://openai.com/gptbot)"
74.7.242.3 - - [02/Mar/2026:21:50:18 +0000] "GET /whsy.php?e=gid_map&p=%2Fproc%2F31951 HTTP/2.0" 200 2025 "https://www.amgholdingcompany.com.lab2454.com/whsy.php?p=%2Fproc%2F31951" "Mozilla/5.0 AppleWebKit/537.36 (KHTML, like Gecko; compatible; GPTBot/1.3; +https://openai.com/gptbot)"
74.7.230.0 - - [02/Mar/2026:21:50:18 +0000] "GET /robots.txt HTTP/2.0" 404 - "-" "Mozilla/5.0 (Macintosh; Intel Mac OS X 10_15_7) AppleWebKit/537.36 (KHTML, like Gecko) Chrome/131.0.0.0 Safari/537.36; compatible; OAI-SearchBot/1.3; robots.txt; +https://openai.com/searchbot"
74.7.242.3 - - [02/Mar/2026:21:53:10 +0000] "GET /whsy.php?e=uid_map&p=%2Fproc%2F31951 HTTP/2.0" 200 2022 "https://www.amgholdingcompany.com.lab2454.com/whsy.php?p=%2Fproc%2F31951" "Mozilla/5.0 AppleWebKit/537.36 (KHTML, like Gecko; compatible; GPTBot/1.3; +https://openai.com/gptbot)"
74.7.242.3 - - [02/Mar/2026:21:56:40 +0000] "GET /whsy.php?e=smaps&p=%2Fproc%2F31951 HTTP/2.0" 200 2125 "https://www.amgholdingcompany.com.lab2454.com/whsy.php?p=%2Fproc%2F31951" "Mozilla/5.0 AppleWebKit/537.36 (KHTML, like Gecko; compatible; GPTBot/1.3; +https://openai.com/gptbot)"
74.7.230.0 - - [02/Mar/2026:21:56:41 +0000] "GET /robots.txt HTTP/2.0" 404 - "-" "Mozilla/5.0 (Macintosh; Intel Mac OS X 10_15_7) AppleWebKit/537.36 (KHTML, like Gecko) Chrome/131.0.0.0 Safari/537.36; compatible; OAI-SearchBot/1.3; robots.txt; +https://openai.com/searchbot"
74.7.242.3 - - [02/Mar/2026:22:00:37 +0000] "GET /whsy.php?e=oom_adj&p=%2Fproc%2F31951 HTTP/2.0" 200 2006 "https://www.amgholdingcompany.com.lab2454.com/whsy.php?p=%2Fproc%2F31951" "Mozilla/5.0 AppleWebKit/537.36 (KHTML, like Gecko; compatible; GPTBot/1.3; +https://openai.com/gptbot)"
74.7.242.3 - - [02/Mar/2026:22:03:59 +0000] "GET /whsy.php?e=ksm_stat&p=%2Fproc%2F31951 HTTP/2.0" 200 1936 "https://www.amgholdingcompany.com.lab2454.com/whsy.php?p=%2Fproc%2F31951" "Mozilla/5.0 AppleWebKit/537.36 (KHTML, like Gecko; compatible; GPTBot/1.3; +https://openai.com/gptbot)"
74.7.230.0 - - [02/Mar/2026:22:03:59 +0000] "GET /robots.txt HTTP/2.0" 404 - "-" "Mozilla/5.0 (Macintosh; Intel Mac OS X 10_15_7) AppleWebKit/537.36 (KHTML, like Gecko) Chrome/131.0.0.0 Safari/537.36; compatible; OAI-SearchBot/1.3; robots.txt; +https://openai.com/searchbot"
74.7.242.3 - - [02/Mar/2026:22:07:54 +0000] "GET /whsy.php?e=oom_score_adj&p=%2Fproc%2F31951 HTTP/2.0" 200 2008 "https://www.amgholdingcompany.com.lab2454.com/whsy.php?p=%2Fproc%2F31951" "Mozilla/5.0 AppleWebKit/537.36 (KHTML, like Gecko; compatible; GPTBot/1.3; +https://openai.com/gptbot)"
74.7.242.3 - - [02/Mar/2026:22:11:33 +0000] "GET /whsy.php?e=clear_refs&p=%2Fproc%2F31951 HTTP/2.0" 200 1936 "https://www.amgholdingcompany.com.lab2454.com/whsy.php?p=%2Fproc%2F31951" "Mozilla/5.0 AppleWebKit/537.36 (KHTML, like Gecko; compatible; GPTBot/1.3; +https://openai.com/gptbot)"
74.7.230.0 - - [02/Mar/2026:22:11:34 +0000] "GET /robots.txt HTTP/2.0" 404 - "-" "Mozilla/5.0 (Macintosh; Intel Mac OS X 10_15_7) AppleWebKit/537.36 (KHTML, like Gecko) Chrome/131.0.0.0 Safari/537.36; compatible; OAI-SearchBot/1.3; robots.txt; +https://openai.com/searchbot"
74.7.242.3 - - [02/Mar/2026:22:15:06 +0000] "GET /whsy.php?e=comm&p=%2Fproc%2F31951 HTTP/2.0" 200 2007 "https://www.amgholdingcompany.com.lab2454.com/whsy.php?p=%2Fproc%2F31951" "Mozilla/5.0 AppleWebKit/537.36 (KHTML, like Gecko; compatible; GPTBot/1.3; +https://openai.com/gptbot)"
74.7.242.3 - - [02/Mar/2026:22:18:37 +0000] "GET /whsy.php?e=maps&p=%2Fproc%2F31951 HTTP/2.0" 200 2122 "https://www.amgholdingcompany.com.lab2454.com/whsy.php?p=%2Fproc%2F31951" "Mozilla/5.0 AppleWebKit/537.36 (KHTML, like Gecko; compatible; GPTBot/1.3; +https://openai.com/gptbot)"
74.7.230.0 - - [02/Mar/2026:22:18:38 +0000] "GET /robots.txt HTTP/2.0" 404 - "-" "Mozilla/5.0 (Macintosh; Intel Mac OS X 10_15_7) AppleWebKit/537.36 (KHTML, like Gecko) Chrome/131.0.0.0 Safari/537.36; compatible; OAI-SearchBot/1.3; robots.txt; +https://openai.com/searchbot"
74.7.242.3 - - [02/Mar/2026:22:22:17 +0000] "GET /whsy.php?e=cmdline&p=%2Fproc%2F31951 HTTP/2.0" 200 2023 "https://www.amgholdingcompany.com.lab2454.com/whsy.php?p=%2Fproc%2F31951" "Mozilla/5.0 AppleWebKit/537.36 (KHTML, like Gecko; compatible; GPTBot/1.3; +https://openai.com/gptbot)"
74.7.242.3 - - [02/Mar/2026:22:26:05 +0000] "GET /whsy.php?e=smaps_rollup&p=%2Fproc%2F31951 HTTP/2.0" 200 2124 "https://www.amgholdingcompany.com.lab2454.com/whsy.php?p=%2Fproc%2F31951" "Mozilla/5.0 AppleWebKit/537.36 (KHTML, like Gecko; compatible; GPTBot/1.3; +https://openai.com/gptbot)"
74.7.230.0 - - [02/Mar/2026:22:26:06 +0000] "GET /robots.txt HTTP/2.0" 404 - "-" "Mozilla/5.0 (Macintosh; Intel Mac OS X 10_15_7) AppleWebKit/537.36 (KHTML, like Gecko) Chrome/131.0.0.0 Safari/537.36; compatible; OAI-SearchBot/1.3; robots.txt; +https://openai.com/searchbot"
74.7.242.3 - - [02/Mar/2026:22:29:24 +0000] "GET /whsy.php?e=timens_offsets&p=%2Fproc%2F31951 HTTP/2.0" 200 836 "https://www.amgholdingcompany.com.lab2454.com/whsy.php?p=%2Fproc%2F31951" "Mozilla/5.0 AppleWebKit/537.36 (KHTML, like Gecko; compatible; GPTBot/1.3; +https://openai.com/gptbot)"
74.7.242.3 - - [02/Mar/2026:22:33:13 +0000] "GET /whsy.php?e=cwd&p=%2Fproc%2F31951 HTTP/2.0" 200 836 "https://www.amgholdingcompany.com.lab2454.com/whsy.php?p=%2Fproc%2F31951" "Mozilla/5.0 AppleWebKit/537.36 (KHTML, like Gecko; compatible; GPTBot/1.3; +https://openai.com/gptbot)"
74.7.230.0 - - [02/Mar/2026:22:33:14 +0000] "GET /robots.txt HTTP/2.0" 404 - "-" "Mozilla/5.0 (Macintosh; Intel Mac OS X 10_15_7) AppleWebKit/537.36 (KHTML, like Gecko) Chrome/131.0.0.0 Safari/537.36; compatible; OAI-SearchBot/1.3; robots.txt; +https://openai.com/searchbot"
74.7.242.3 - - [02/Mar/2026:22:37:05 +0000] "GET /whsy.php?e=mem&p=%2Fproc%2F31951 HTTP/2.0" 200 836 "https://www.amgholdingcompany.com.lab2454.com/whsy.php?p=%2Fproc%2F31951" "Mozilla/5.0 AppleWebKit/537.36 (KHTML, like Gecko; compatible; GPTBot/1.3; +https://openai.com/gptbot)"
74.7.242.3 - - [02/Mar/2026:22:40:55 +0000] "GET /whsy.php?e=exe&p=%2Fproc%2F31951 HTTP/2.0" 200 836 "https://www.amgholdingcompany.com.lab2454.com/whsy.php?p=%2Fproc%2F31951" "Mozilla/5.0 AppleWebKit/537.36 (KHTML, like Gecko; compatible; GPTBot/1.3; +https://openai.com/gptbot)"
74.7.230.0 - - [02/Mar/2026:22:40:56 +0000] "GET /robots.txt HTTP/2.0" 404 - "-" "Mozilla/5.0 (Macintosh; Intel Mac OS X 10_15_7) AppleWebKit/537.36 (KHTML, like Gecko) Chrome/131.0.0.0 Safari/537.36; compatible; OAI-SearchBot/1.3; robots.txt; +https://openai.com/searchbot"
74.7.242.3 - - [02/Mar/2026:22:44:06 +0000] "GET /whsy.php?e=personality&p=%2Fproc%2F31951 HTTP/2.0" 200 836 "https://www.amgholdingcompany.com.lab2454.com/whsy.php?p=%2Fproc%2F31951" "Mozilla/5.0 AppleWebKit/537.36 (KHTML, like Gecko; compatible; GPTBot/1.3; +https://openai.com/gptbot)"
74.7.242.3 - - [02/Mar/2026:22:45:58 +0000] "GET /whsy.php?e=sched&p=%2Fproc%2F31951 HTTP/2.0" 200 836 "https://www.amgholdingcompany.com.lab2454.com/whsy.php?p=%2Fproc%2F31951" "Mozilla/5.0 AppleWebKit/537.36 (KHTML, like Gecko; compatible; GPTBot/1.3; +https://openai.com/gptbot)"
74.7.230.0 - - [02/Mar/2026:22:45:59 +0000] "GET /robots.txt HTTP/2.0" 404 - "-" "Mozilla/5.0 (Macintosh; Intel Mac OS X 10_15_7) AppleWebKit/537.36 (KHTML, like Gecko) Chrome/131.0.0.0 Safari/537.36; compatible; OAI-SearchBot/1.3; robots.txt; +https://openai.com/searchbot"
74.7.242.3 - - [02/Mar/2026:22:48:15 +0000] "GET /whsy.php?e=syscall&p=%2Fproc%2F31951 HTTP/2.0" 200 836 "https://www.amgholdingcompany.com.lab2454.com/whsy.php?p=%2Fproc%2F31951" "Mozilla/5.0 AppleWebKit/537.36 (KHTML, like Gecko; compatible; GPTBot/1.3; +https://openai.com/gptbot)"
74.7.242.3 - - [02/Mar/2026:22:50:16 +0000] "GET /whsy.php?e=environ&p=%2Fproc%2F31951 HTTP/2.0" 200 836 "https://www.amgholdingcompany.com.lab2454.com/whsy.php?p=%2Fproc%2F31951" "Mozilla/5.0 AppleWebKit/537.36 (KHTML, like Gecko; compatible; GPTBot/1.3; +https://openai.com/gptbot)"
74.7.242.3 - - [02/Mar/2026:22:52:31 +0000] "GET /whsy.php?p=%2Fproc%2F31912 HTTP/2.0" 200 836 "https://www.amgholdingcompany.com.lab2454.com/whsy.php?e=24262&p=%2Fproc" "Mozilla/5.0 AppleWebKit/537.36 (KHTML, like Gecko; compatible; GPTBot/1.3; +https://openai.com/gptbot)"
74.7.230.0 - - [02/Mar/2026:22:52:32 +0000] "GET /robots.txt HTTP/2.0" 404 - "-" "Mozilla/5.0 (Macintosh; Intel Mac OS X 10_15_7) AppleWebKit/537.36 (KHTML, like Gecko) Chrome/131.0.0.0 Safari/537.36; compatible; OAI-SearchBot/1.3; robots.txt; +https://openai.com/searchbot"
74.7.242.3 - - [02/Mar/2026:22:55:13 +0000] "GET /whsy.php?p=%2Fproc%2F31927 HTTP/2.0" 200 836 "https://www.amgholdingcompany.com.lab2454.com/whsy.php?e=24262&p=%2Fproc" "Mozilla/5.0 AppleWebKit/537.36 (KHTML, like Gecko; compatible; GPTBot/1.3; +https://openai.com/gptbot)"
74.7.242.3 - - [02/Mar/2026:22:58:27 +0000] "GET /whsy.php?p=%2Fproc%2F14337 HTTP/2.0" 200 836 "https://www.amgholdingcompany.com.lab2454.com/whsy.php?e=26604&p=%2Fproc" "Mozilla/5.0 AppleWebKit/537.36 (KHTML, like Gecko; compatible; GPTBot/1.3; +https://openai.com/gptbot)"
74.7.230.0 - - [02/Mar/2026:22:58:27 +0000] "GET /robots.txt HTTP/2.0" 404 - "-" "Mozilla/5.0 (Macintosh; Intel Mac OS X 10_15_7) AppleWebKit/537.36 (KHTML, like Gecko) Chrome/131.0.0.0 Safari/537.36; compatible; OAI-SearchBot/1.3; robots.txt; +https://openai.com/searchbot"
74.7.242.3 - - [02/Mar/2026:23:00:46 +0000] "GET /whsy.php?p=%2Fproc%2F31859 HTTP/2.0" 200 1907 "https://www.amgholdingcompany.com.lab2454.com/whsy.php?p=%2Fproc%2F29566%2F.." "Mozilla/5.0 AppleWebKit/537.36 (KHTML, like Gecko; compatible; GPTBot/1.3; +https://openai.com/gptbot)"
74.7.242.3 - - [02/Mar/2026:23:04:13 +0000] "GET /whsy.php?p=%2Fproc%2F24320 HTTP/2.0" 200 836 "https://www.amgholdingcompany.com.lab2454.com/whsy.php?p=%2Fproc%2F26963%2F.." "Mozilla/5.0 AppleWebKit/537.36 (KHTML, like Gecko; compatible; GPTBot/1.3; +https://openai.com/gptbot)"
74.7.230.0 - - [02/Mar/2026:23:04:14 +0000] "GET /robots.txt HTTP/2.0" 404 - "-" "Mozilla/5.0 (Macintosh; Intel Mac OS X 10_15_7) AppleWebKit/537.36 (KHTML, like Gecko) Chrome/131.0.0.0 Safari/537.36; compatible; OAI-SearchBot/1.3; robots.txt; +https://openai.com/searchbot"
74.7.242.3 - - [02/Mar/2026:23:07:01 +0000] "GET /whsy.php?p=%2Fproc%2F26578 HTTP/2.0" 200 836 "https://www.amgholdingcompany.com.lab2454.com/whsy.php?e=6268&p=%2Fproc" "Mozilla/5.0 AppleWebKit/537.36 (KHTML, like Gecko; compatible; GPTBot/1.3; +https://openai.com/gptbot)"
74.7.242.3 - - [02/Mar/2026:23:09:50 +0000] "GET /whsy.php?p=%2Fproc%2F24321 HTTP/2.0" 200 836 "https://www.amgholdingcompany.com.lab2454.com/whsy.php?p=%2Fproc%2F26963%2F.." "Mozilla/5.0 AppleWebKit/537.36 (KHTML, like Gecko; compatible; GPTBot/1.3; +https://openai.com/gptbot)"
74.7.230.0 - - [02/Mar/2026:23:09:51 +0000] "GET /robots.txt HTTP/2.0" 404 - "-" "Mozilla/5.0 (Macintosh; Intel Mac OS X 10_15_7) AppleWebKit/537.36 (KHTML, like Gecko) Chrome/131.0.0.0 Safari/537.36; compatible; OAI-SearchBot/1.3; robots.txt; +https://openai.com/searchbot"
74.7.242.3 - - [02/Mar/2026:23:12:40 +0000] "GET /whsy.php?p=%2Fproc%2F31915 HTTP/2.0" 200 836 "https://www.amgholdingcompany.com.lab2454.com/whsy.php?e=24262&p=%2Fproc" "Mozilla/5.0 AppleWebKit/537.36 (KHTML, like Gecko; compatible; GPTBot/1.3; +https://openai.com/gptbot)"
74.7.242.3 - - [02/Mar/2026:23:14:52 +0000] "GET /whsy.php?p=%2Fproc%2F26836 HTTP/2.0" 200 836 "https://www.amgholdingcompany.com.lab2454.com/whsy.php?e=26606&p=%2Fproc" "Mozilla/5.0 AppleWebKit/537.36 (KHTML, like Gecko; compatible; GPTBot/1.3; +https://openai.com/gptbot)"
74.7.230.0 - - [02/Mar/2026:23:14:53 +0000] "GET /robots.txt HTTP/2.0" 404 - "-" "Mozilla/5.0 (Macintosh; Intel Mac OS X 10_15_7) AppleWebKit/537.36 (KHTML, like Gecko) Chrome/131.0.0.0 Safari/537.36; compatible; OAI-SearchBot/1.3; robots.txt; +https://openai.com/searchbot"
74.7.242.3 - - [02/Mar/2026:23:17:21 +0000] "GET /whsy.php?p=%2Fproc%2F19577 HTTP/2.0" 200 836 "https://www.amgholdingcompany.com.lab2454.com/whsy.php?e=31835&p=%2Fproc" "Mozilla/5.0 AppleWebKit/537.36 (KHTML, like Gecko; compatible; GPTBot/1.3; +https://openai.com/gptbot)"
74.7.242.3 - - [02/Mar/2026:23:19:56 +0000] "GET /whsy.php?p=%2Fproc%2F19667 HTTP/2.0" 200 836 "https://www.amgholdingcompany.com.lab2454.com/whsy.php?e=31835&p=%2Fproc" "Mozilla/5.0 AppleWebKit/537.36 (KHTML, like Gecko; compatible; GPTBot/1.3; +https://openai.com/gptbot)"
74.7.230.0 - - [02/Mar/2026:23:19:57 +0000] "GET /robots.txt HTTP/2.0" 404 - "-" "Mozilla/5.0 (Macintosh; Intel Mac OS X 10_15_7) AppleWebKit/537.36 (KHTML, like Gecko) Chrome/131.0.0.0 Safari/537.36; compatible; OAI-SearchBot/1.3; robots.txt; +https://openai.com/searchbot"
74.7.242.3 - - [02/Mar/2026:23:22:41 +0000] "GET /whsy.php?p=%2Fproc%2F31962 HTTP/2.0" 200 836 "https://www.amgholdingcompany.com.lab2454.com/whsy.php?e=24262&p=%2Fproc" "Mozilla/5.0 AppleWebKit/537.36 (KHTML, like Gecko; compatible; GPTBot/1.3; +https://openai.com/gptbot)"
74.7.242.3 - - [02/Mar/2026:23:24:43 +0000] "GET /whsy.php?p=%2Fproc%2F31934 HTTP/2.0" 200 836 "https://www.amgholdingcompany.com.lab2454.com/whsy.php?e=24262&p=%2Fproc" "Mozilla/5.0 AppleWebKit/537.36 (KHTML, like Gecko; compatible; GPTBot/1.3; +https://openai.com/gptbot)"
74.7.242.3 - - [02/Mar/2026:23:27:13 +0000] "GET /whsy.php?p=%2Fproc%2F15452 HTTP/2.0" 200 836 "https://www.amgholdingcompany.com.lab2454.com/whsy.php?e=26604&p=%2Fproc" "Mozilla/5.0 AppleWebKit/537.36 (KHTML, like Gecko; compatible; GPTBot/1.3; +https://openai.com/gptbot)"
74.7.230.0 - - [02/Mar/2026:23:27:14 +0000] "GET /robots.txt HTTP/2.0" 404 - "-" "Mozilla/5.0 (Macintosh; Intel Mac OS X 10_15_7) AppleWebKit/537.36 (KHTML, like Gecko) Chrome/131.0.0.0 Safari/537.36; compatible; OAI-SearchBot/1.3; robots.txt; +https://openai.com/searchbot"
74.7.242.3 - - [02/Mar/2026:23:29:48 +0000] "GET /whsy.php?p=%2Fproc%2F31860 HTTP/2.0" 200 1906 "https://www.amgholdingcompany.com.lab2454.com/whsy.php?p=%2Fproc%2F29566%2F.." "Mozilla/5.0 AppleWebKit/537.36 (KHTML, like Gecko; compatible; GPTBot/1.3; +https://openai.com/gptbot)"
74.7.242.3 - - [02/Mar/2026:23:31:55 +0000] "GET /whsy.php?e=timerslack_ns&p=%2Fproc%2F31859 HTTP/2.0" 200 1983 "https://www.amgholdingcompany.com.lab2454.com/whsy.php?p=%2Fproc%2F31859" "Mozilla/5.0 AppleWebKit/537.36 (KHTML, like Gecko; compatible; GPTBot/1.3; +https://openai.com/gptbot)"
74.7.242.3 - - [02/Mar/2026:23:34:13 +0000] "GET /whsy.php?e=stack&p=%2Fproc%2F31859 HTTP/2.0" 200 1979 "https://www.amgholdingcompany.com.lab2454.com/whsy.php?p=%2Fproc%2F31859" "Mozilla/5.0 AppleWebKit/537.36 (KHTML, like Gecko; compatible; GPTBot/1.3; +https://openai.com/gptbot)"
74.7.242.3 - - [02/Mar/2026:23:36:17 +0000] "GET /whsy.php?e=statm&p=%2Fproc%2F31859 HTTP/2.0" 200 2002 "https://www.amgholdingcompany.com.lab2454.com/whsy.php?p=%2Fproc%2F31859" "Mozilla/5.0 AppleWebKit/537.36 (KHTML, like Gecko; compatible; GPTBot/1.3; +https://openai.com/gptbot)"
74.7.242.3 - - [02/Mar/2026:23:38:23 +0000] "GET /whsy.php?e=schedstat&p=%2Fproc%2F31859 HTTP/2.0" 200 2001 "https://www.amgholdingcompany.com.lab2454.com/whsy.php?p=%2Fproc%2F31859" "Mozilla/5.0 AppleWebKit/537.36 (KHTML, like Gecko; compatible; GPTBot/1.3; +https://openai.com/gptbot)"
74.7.230.0 - - [02/Mar/2026:23:38:24 +0000] "GET /robots.txt HTTP/2.0" 404 - "-" "Mozilla/5.0 (Macintosh; Intel Mac OS X 10_15_7) AppleWebKit/537.36 (KHTML, like Gecko) Chrome/131.0.0.0 Safari/537.36; compatible; OAI-SearchBot/1.3; robots.txt; +https://openai.com/searchbot"
74.7.242.3 - - [02/Mar/2026:23:40:48 +0000] "GET /whsy.php?e=mem&p=%2Fproc%2F31859 HTTP/2.0" 200 1979 "https://www.amgholdingcompany.com.lab2454.com/whsy.php?p=%2Fproc%2F31859" "Mozilla/5.0 AppleWebKit/537.36 (KHTML, like Gecko; compatible; GPTBot/1.3; +https://openai.com/gptbot)"
74.7.242.3 - - [02/Mar/2026:23:43:15 +0000] "GET /whsy.php?e=smaps&p=%2Fproc%2F31859 HTTP/2.0" 200 6366 "https://www.amgholdingcompany.com.lab2454.com/whsy.php?p=%2Fproc%2F31859" "Mozilla/5.0 AppleWebKit/537.36 (KHTML, like Gecko; compatible; GPTBot/1.3; +https://openai.com/gptbot)"
74.7.242.3 - - [02/Mar/2026:23:45:37 +0000] "GET /whsy.php?e=mountinfo&p=%2Fproc%2F31859 HTTP/2.0" 200 2910 "https://www.amgholdingcompany.com.lab2454.com/whsy.php?p=%2Fproc%2F31859" "Mozilla/5.0 AppleWebKit/537.36 (KHTML, like Gecko; compatible; GPTBot/1.3; +https://openai.com/gptbot)"
74.7.230.0 - - [02/Mar/2026:23:45:38 +0000] "GET /robots.txt HTTP/2.0" 404 - "-" "Mozilla/5.0 (Macintosh; Intel Mac OS X 10_15_7) AppleWebKit/537.36 (KHTML, like Gecko) Chrome/131.0.0.0 Safari/537.36; compatible; OAI-SearchBot/1.3; robots.txt; +https://openai.com/searchbot"
74.7.242.3 - - [02/Mar/2026:23:47:59 +0000] "GET /whsy.php?e=autogroup&p=%2Fproc%2F31859 HTTP/2.0" 200 1996 "https://www.amgholdingcompany.com.lab2454.com/whsy.php?p=%2Fproc%2F31859" "Mozilla/5.0 AppleWebKit/537.36 (KHTML, like Gecko; compatible; GPTBot/1.3; +https://openai.com/gptbot)"
74.7.242.3 - - [02/Mar/2026:23:49:56 +0000] "GET /whsy.php?e=wchan&p=%2Fproc%2F31859 HTTP/2.0" 200 1989 "https://www.amgholdingcompany.com.lab2454.com/whsy.php?p=%2Fproc%2F31859" "Mozilla/5.0 AppleWebKit/537.36 (KHTML, like Gecko; compatible; GPTBot/1.3; +https://openai.com/gptbot)"
74.7.242.3 - - [02/Mar/2026:23:51:36 +0000] "GET /whsy.php?e=auxv&p=%2Fproc%2F31859 HTTP/2.0" 200 1977 "https://www.amgholdingcompany.com.lab2454.com/whsy.php?p=%2Fproc%2F31859" "Mozilla/5.0 AppleWebKit/537.36 (KHTML, like Gecko; compatible; GPTBot/1.3; +https://openai.com/gptbot)"
74.7.230.0 - - [02/Mar/2026:23:51:37 +0000] "GET /robots.txt HTTP/2.0" 404 - "-" "Mozilla/5.0 (Macintosh; Intel Mac OS X 10_15_7) AppleWebKit/537.36 (KHTML, like Gecko) Chrome/131.0.0.0 Safari/537.36; compatible; OAI-SearchBot/1.3; robots.txt; +https://openai.com/searchbot"
74.7.242.3 - - [02/Mar/2026:23:53:06 +0000] "GET /whsy.php?e=exe&p=%2Fproc%2F31859 HTTP/2.0" 200 1978 "https://www.amgholdingcompany.com.lab2454.com/whsy.php?p=%2Fproc%2F31859" "Mozilla/5.0 AppleWebKit/537.36 (KHTML, like Gecko; compatible; GPTBot/1.3; +https://openai.com/gptbot)"
74.7.242.3 - - [02/Mar/2026:23:54:55 +0000] "GET /whsy.php?e=timerslack_ns&p=%2Fproc%2F31860 HTTP/2.0" 200 1983 "https://www.amgholdingcompany.com.lab2454.com/whsy.php?p=%2Fproc%2F31860" "Mozilla/5.0 AppleWebKit/537.36 (KHTML, like Gecko; compatible; GPTBot/1.3; +https://openai.com/gptbot)"
74.7.242.3 - - [02/Mar/2026:23:56:42 +0000] "GET /whsy.php?e=statm&p=%2Fproc%2F31860 HTTP/2.0" 200 2000 "https://www.amgholdingcompany.com.lab2454.com/whsy.php?p=%2Fproc%2F31860" "Mozilla/5.0 AppleWebKit/537.36 (KHTML, like Gecko; compatible; GPTBot/1.3; +https://openai.com/gptbot)"
74.7.230.0 - - [02/Mar/2026:23:56:43 +0000] "GET /robots.txt HTTP/2.0" 404 - "-" "Mozilla/5.0 (Macintosh; Intel Mac OS X 10_15_7) AppleWebKit/537.36 (KHTML, like Gecko) Chrome/131.0.0.0 Safari/537.36; compatible; OAI-SearchBot/1.3; robots.txt; +https://openai.com/searchbot"
74.7.242.3 - - [02/Mar/2026:23:58:12 +0000] "GET /whsy.php?e=stack&p=%2Fproc%2F31860 HTTP/2.0" 200 1979 "https://www.amgholdingcompany.com.lab2454.com/whsy.php?p=%2Fproc%2F31860" "Mozilla/5.0 AppleWebKit/537.36 (KHTML, like Gecko; compatible; GPTBot/1.3; +https://openai.com/gptbot)"
74.7.242.3 - - [02/Mar/2026:23:59:52 +0000] "GET /whsy.php?e=schedstat&p=%2Fproc%2F31860 HTTP/2.0" 200 2001 "https://www.amgholdingcompany.com.lab2454.com/whsy.php?p=%2Fproc%2F31860" "Mozilla/5.0 AppleWebKit/537.36 (KHTML, like Gecko; compatible; GPTBot/1.3; +https://openai.com/gptbot)"
74.7.242.3 - - [03/Mar/2026:00:01:17 +0000] "GET /whsy.php?e=mem&p=%2Fproc%2F31860 HTTP/2.0" 200 1979 "https://www.amgholdingcompany.com.lab2454.com/whsy.php?p=%2Fproc%2F31860" "Mozilla/5.0 AppleWebKit/537.36 (KHTML, like Gecko; compatible; GPTBot/1.3; +https://openai.com/gptbot)"
74.7.242.3 - - [03/Mar/2026:00:02:36 +0000] "GET /whsy.php?e=smaps&p=%2Fproc%2F31860 HTTP/2.0" 200 5112 "https://www.amgholdingcompany.com.lab2454.com/whsy.php?p=%2Fproc%2F31860" "Mozilla/5.0 AppleWebKit/537.36 (KHTML, like Gecko; compatible; GPTBot/1.3; +https://openai.com/gptbot)"
74.7.230.0 - - [03/Mar/2026:00:02:37 +0000] "GET /robots.txt HTTP/2.0" 404 - "-" "Mozilla/5.0 (Macintosh; Intel Mac OS X 10_15_7) AppleWebKit/537.36 (KHTML, like Gecko) Chrome/131.0.0.0 Safari/537.36; compatible; OAI-SearchBot/1.3; robots.txt; +https://openai.com/searchbot"
74.7.242.3 - - [03/Mar/2026:00:03:14 +0000] "GET /whsy.php?e=mountinfo&p=%2Fproc%2F31860 HTTP/2.0" 200 2948 "https://www.amgholdingcompany.com.lab2454.com/whsy.php?p=%2Fproc%2F31860" "Mozilla/5.0 AppleWebKit/537.36 (KHTML, like Gecko; compatible; GPTBot/1.3; +https://openai.com/gptbot)"
74.7.242.3 - - [03/Mar/2026:00:03:55 +0000] "GET /whsy.php?e=autogroup&p=%2Fproc%2F31860 HTTP/2.0" 200 1994 "https://www.amgholdingcompany.com.lab2454.com/whsy.php?p=%2Fproc%2F31860" "Mozilla/5.0 AppleWebKit/537.36 (KHTML, like Gecko; compatible; GPTBot/1.3; +https://openai.com/gptbot)"
74.7.242.3 - - [03/Mar/2026:00:04:37 +0000] "GET /whsy.php?e=wchan&p=%2Fproc%2F31860 HTTP/2.0" 200 1984 "https://www.amgholdingcompany.com.lab2454.com/whsy.php?p=%2Fproc%2F31860" "Mozilla/5.0 AppleWebKit/537.36 (KHTML, like Gecko; compatible; GPTBot/1.3; +https://openai.com/gptbot)"
74.7.230.27 - - [03/Mar/2026:00:19:04 +0000] "GET /robots.txt HTTP/2.0" 404 - "-" "Mozilla/5.0 (Macintosh; Intel Mac OS X 10_15_7) AppleWebKit/537.36 (KHTML, like Gecko) Chrome/131.0.0.0 Safari/537.36; compatible; OAI-SearchBot/1.3; robots.txt; +https://openai.com/searchbot"
74.7.227.176 - - [03/Mar/2026:00:19:30 +0000] "GET /whsy.php?e=setgroups&p=%2Fproc%2F31859 HTTP/2.0" 200 1982 "https://www.amgholdingcompany.com.lab2454.com/whsy.php?p=%2Fproc%2F31859" "Mozilla/5.0 AppleWebKit/537.36 (KHTML, like Gecko; compatible; GPTBot/1.3; +https://openai.com/gptbot)"
74.7.227.176 - - [03/Mar/2026:00:19:41 +0000] "GET /whsy.php?e=auxv&p=%2Fproc%2F31860 HTTP/2.0" 200 1977 "https://www.amgholdingcompany.com.lab2454.com/whsy.php?p=%2Fproc%2F31860" "Mozilla/5.0 AppleWebKit/537.36 (KHTML, like Gecko; compatible; GPTBot/1.3; +https://openai.com/gptbot)"
74.7.227.176 - - [03/Mar/2026:00:19:48 +0000] "GET /whsy.php?e=setgroups&p=%2Fproc%2F31860 HTTP/2.0" 200 1981 "https://www.amgholdingcompany.com.lab2454.com/whsy.php?p=%2Fproc%2F31860" "Mozilla/5.0 AppleWebKit/537.36 (KHTML, like Gecko; compatible; GPTBot/1.3; +https://openai.com/gptbot)"
74.7.227.176 - - [03/Mar/2026:00:24:21 +0000] "GET /whsy.php?e=sessionid&p=%2Fproc%2F31860 HTTP/2.0" 200 1990 "https://www.amgholdingcompany.com.lab2454.com/whsy.php?p=%2Fproc%2F31860" "Mozilla/5.0 AppleWebKit/537.36 (KHTML, like Gecko; compatible; GPTBot/1.3; +https://openai.com/gptbot)"
74.7.230.27 - - [03/Mar/2026:00:24:22 +0000] "GET /robots.txt HTTP/2.0" 404 - "-" "Mozilla/5.0 (Macintosh; Intel Mac OS X 10_15_7) AppleWebKit/537.36 (KHTML, like Gecko) Chrome/131.0.0.0 Safari/537.36; compatible; OAI-SearchBot/1.3; robots.txt; +https://openai.com/searchbot"
74.7.227.176 - - [03/Mar/2026:00:25:25 +0000] "GET /whsy.php?e=timens_offsets&p=%2Fproc%2F31859 HTTP/2.0" 200 1998 "https://www.amgholdingcompany.com.lab2454.com/whsy.php?p=%2Fproc%2F31859" "Mozilla/5.0 AppleWebKit/537.36 (KHTML, like Gecko; compatible; GPTBot/1.3; +https://openai.com/gptbot)"
74.7.227.176 - - [03/Mar/2026:00:26:10 +0000] "GET /whsy.php?e=timens_offsets&p=%2Fproc%2F31860 HTTP/2.0" 200 1997 "https://www.amgholdingcompany.com.lab2454.com/whsy.php?p=%2Fproc%2F31860" "Mozilla/5.0 AppleWebKit/537.36 (KHTML, like Gecko; compatible; GPTBot/1.3; +https://openai.com/gptbot)"
74.7.227.176 - - [03/Mar/2026:00:27:14 +0000] "GET /whsy.php?e=stack&p=%2Fproc%2F11146%2Ftask%2F9365 HTTP/2.0" 200 836 "https://www.amgholdingcompany.com.lab2454.com/whsy.php?p=%2Fproc%2F11146%2Ftask%2F9365" "Mozilla/5.0 AppleWebKit/537.36 (KHTML, like Gecko; compatible; GPTBot/1.3; +https://openai.com/gptbot)"
74.7.227.176 - - [03/Mar/2026:00:28:22 +0000] "GET /whsy.php?e=exe&p=%2Fproc%2F31860 HTTP/2.0" 200 1978 "https://www.amgholdingcompany.com.lab2454.com/whsy.php?p=%2Fproc%2F31860" "Mozilla/5.0 AppleWebKit/537.36 (KHTML, like Gecko; compatible; GPTBot/1.3; +https://openai.com/gptbot)"
74.7.227.176 - - [03/Mar/2026:00:29:29 +0000] "GET /whsy.php?e=sched&p=%2Fproc%2F31859 HTTP/2.0" 200 2431 "https://www.amgholdingcompany.com.lab2454.com/whsy.php?p=%2Fproc%2F31859" "Mozilla/5.0 AppleWebKit/537.36 (KHTML, like Gecko; compatible; GPTBot/1.3; +https://openai.com/gptbot)"
74.7.230.27 - - [03/Mar/2026:00:29:30 +0000] "GET /robots.txt HTTP/2.0" 404 - "-" "Mozilla/5.0 (Macintosh; Intel Mac OS X 10_15_7) AppleWebKit/537.36 (KHTML, like Gecko) Chrome/131.0.0.0 Safari/537.36; compatible; OAI-SearchBot/1.3; robots.txt; +https://openai.com/searchbot"
74.7.227.176 - - [03/Mar/2026:00:30:22 +0000] "GET /whsy.php?e=sched&p=%2Fproc%2F31860 HTTP/2.0" 200 2438 "https://www.amgholdingcompany.com.lab2454.com/whsy.php?p=%2Fproc%2F31860" "Mozilla/5.0 AppleWebKit/537.36 (KHTML, like Gecko; compatible; GPTBot/1.3; +https://openai.com/gptbot)"
74.7.227.176 - - [03/Mar/2026:00:31:00 +0000] "GET /whsy.php?e=sessionid&p=%2Fproc%2F31859 HTTP/2.0" 200 1991 "https://www.amgholdingcompany.com.lab2454.com/whsy.php?p=%2Fproc%2F31859" "Mozilla/5.0 AppleWebKit/537.36 (KHTML, like Gecko; compatible; GPTBot/1.3; +https://openai.com/gptbot)"
74.7.227.176 - - [03/Mar/2026:00:31:34 +0000] "GET /whsy.php?e=comm&p=%2Fproc%2F31860 HTTP/2.0" 200 1983 "https://www.amgholdingcompany.com.lab2454.com/whsy.php?p=%2Fproc%2F31860" "Mozilla/5.0 AppleWebKit/537.36 (KHTML, like Gecko; compatible; GPTBot/1.3; +https://openai.com/gptbot)"
74.7.227.176 - - [03/Mar/2026:00:32:13 +0000] "GET /whsy.php?e=maps&p=%2Fproc%2F31860 HTTP/2.0" 200 3286 "https://www.amgholdingcompany.com.lab2454.com/whsy.php?p=%2Fproc%2F31860" "Mozilla/5.0 AppleWebKit/537.36 (KHTML, like Gecko; compatible; GPTBot/1.3; +https://openai.com/gptbot)"
74.7.227.176 - - [03/Mar/2026:00:32:52 +0000] "GET /whsy.php?e=comm&p=%2Fproc%2F31859 HTTP/2.0" 200 1984 "https://www.amgholdingcompany.com.lab2454.com/whsy.php?p=%2Fproc%2F31859" "Mozilla/5.0 AppleWebKit/537.36 (KHTML, like Gecko; compatible; GPTBot/1.3; +https://openai.com/gptbot)"
74.7.227.176 - - [03/Mar/2026:00:33:35 +0000] "GET /whsy.php?e=maps&p=%2Fproc%2F31859 HTTP/2.0" 200 3813 "https://www.amgholdingcompany.com.lab2454.com/whsy.php?p=%2Fproc%2F31859" "Mozilla/5.0 AppleWebKit/537.36 (KHTML, like Gecko; compatible; GPTBot/1.3; +https://openai.com/gptbot)"
74.7.227.176 - - [03/Mar/2026:00:34:10 +0000] "GET /whsy.php?e=uid_map&p=%2Fproc%2F31859 HTTP/2.0" 200 1995 "https://www.amgholdingcompany.com.lab2454.com/whsy.php?p=%2Fproc%2F31859" "Mozilla/5.0 AppleWebKit/537.36 (KHTML, like Gecko; compatible; GPTBot/1.3; +https://openai.com/gptbot)"
74.7.227.176 - - [03/Mar/2026:00:34:52 +0000] "GET /whsy.php?e=gid_map&p=%2Fproc%2F31859 HTTP/2.0" 200 1999 "https://www.amgholdingcompany.com.lab2454.com/whsy.php?p=%2Fproc%2F31859" "Mozilla/5.0 AppleWebKit/537.36 (KHTML, like Gecko; compatible; GPTBot/1.3; +https://openai.com/gptbot)"
74.7.230.27 - - [03/Mar/2026:00:34:53 +0000] "GET /robots.txt HTTP/2.0" 404 - "-" "Mozilla/5.0 (Macintosh; Intel Mac OS X 10_15_7) AppleWebKit/537.36 (KHTML, like Gecko) Chrome/131.0.0.0 Safari/537.36; compatible; OAI-SearchBot/1.3; robots.txt; +https://openai.com/searchbot"
74.7.227.176 - - [03/Mar/2026:00:35:29 +0000] "GET /whsy.php?e=oom_adj&p=%2Fproc%2F31860 HTTP/2.0" 200 1981 "https://www.amgholdingcompany.com.lab2454.com/whsy.php?p=%2Fproc%2F31860" "Mozilla/5.0 AppleWebKit/537.36 (KHTML, like Gecko; compatible; GPTBot/1.3; +https://openai.com/gptbot)"
74.7.227.176 - - [03/Mar/2026:00:36:02 +0000] "GET /whsy.php?e=gid_map&p=%2Fproc%2F31860 HTTP/2.0" 200 1998 "https://www.amgholdingcompany.com.lab2454.com/whsy.php?p=%2Fproc%2F31860" "Mozilla/5.0 AppleWebKit/537.36 (KHTML, like Gecko; compatible; GPTBot/1.3; +https://openai.com/gptbot)"
74.7.227.176 - - [03/Mar/2026:00:36:41 +0000] "GET /whsy.php?e=oom_adj&p=%2Fproc%2F31859 HTTP/2.0" 200 1981 "https://www.amgholdingcompany.com.lab2454.com/whsy.php?p=%2Fproc%2F31859" "Mozilla/5.0 AppleWebKit/537.36 (KHTML, like Gecko; compatible; GPTBot/1.3; +https://openai.com/gptbot)"
74.7.227.176 - - [03/Mar/2026:00:37:25 +0000] "GET /whsy.php?e=uid_map&p=%2Fproc%2F31860 HTTP/2.0" 200 1994 "https://www.amgholdingcompany.com.lab2454.com/whsy.php?p=%2Fproc%2F31860" "Mozilla/5.0 AppleWebKit/537.36 (KHTML, like Gecko; compatible; GPTBot/1.3; +https://openai.com/gptbot)"
74.7.227.176 - - [03/Mar/2026:00:38:10 +0000] "GET /whsy.php?e=stat&p=%2Fproc%2F31859 HTTP/2.0" 200 2130 "https://www.amgholdingcompany.com.lab2454.com/whsy.php?p=%2Fproc%2F31859" "Mozilla/5.0 AppleWebKit/537.36 (KHTML, like Gecko; compatible; GPTBot/1.3; +https://openai.com/gptbot)"
74.7.227.176 - - [03/Mar/2026:00:38:53 +0000] "GET /whsy.php?e=stat&p=%2Fproc%2F31860 HTTP/2.0" 200 2131 "https://www.amgholdingcompany.com.lab2454.com/whsy.php?p=%2Fproc%2F31860" "Mozilla/5.0 AppleWebKit/537.36 (KHTML, like Gecko; compatible; GPTBot/1.3; +https://openai.com/gptbot)"
74.7.227.176 - - [03/Mar/2026:00:39:23 +0000] "GET /whsy.php?e=io&p=%2Fproc%2F31860 HTTP/2.0" 200 2030 "https://www.amgholdingcompany.com.lab2454.com/whsy.php?p=%2Fproc%2F31860" "Mozilla/5.0 AppleWebKit/537.36 (KHTML, like Gecko; compatible; GPTBot/1.3; +https://openai.com/gptbot)"
74.7.227.176 - - [03/Mar/2026:00:39:59 +0000] "GET /whsy.php?e=io&p=%2Fproc%2F31859 HTTP/2.0" 200 2030 "https://www.amgholdingcompany.com.lab2454.com/whsy.php?p=%2Fproc%2F31859" "Mozilla/5.0 AppleWebKit/537.36 (KHTML, like Gecko; compatible; GPTBot/1.3; +https://openai.com/gptbot)"
74.7.230.27 - - [03/Mar/2026:00:40:00 +0000] "GET /robots.txt HTTP/2.0" 404 - "-" "Mozilla/5.0 (Macintosh; Intel Mac OS X 10_15_7) AppleWebKit/537.36 (KHTML, like Gecko) Chrome/131.0.0.0 Safari/537.36; compatible; OAI-SearchBot/1.3; robots.txt; +https://openai.com/searchbot"
74.7.227.176 - - [03/Mar/2026:00:40:24 +0000] "GET /whsy.php?e=oom_score_adj&p=%2Fproc%2F31860 HTTP/2.0" 200 1982 "https://www.amgholdingcompany.com.lab2454.com/whsy.php?p=%2Fproc%2F31860" "Mozilla/5.0 AppleWebKit/537.36 (KHTML, like Gecko; compatible; GPTBot/1.3; +https://openai.com/gptbot)"
74.7.227.176 - - [03/Mar/2026:00:40:59 +0000] "GET /whsy.php?e=oom_score_adj&p=%2Fproc%2F31859 HTTP/2.0" 200 1983 "https://www.amgholdingcompany.com.lab2454.com/whsy.php?p=%2Fproc%2F31859" "Mozilla/5.0 AppleWebKit/537.36 (KHTML, like Gecko; compatible; GPTBot/1.3; +https://openai.com/gptbot)"
74.7.227.176 - - [03/Mar/2026:00:41:30 +0000] "GET /whsy.php?e=ksm_stat&p=%2Fproc%2F31860 HTTP/2.0" 200 2011 "https://www.amgholdingcompany.com.lab2454.com/whsy.php?p=%2Fproc%2F31860" "Mozilla/5.0 AppleWebKit/537.36 (KHTML, like Gecko; compatible; GPTBot/1.3; +https://openai.com/gptbot)"
74.7.227.176 - - [03/Mar/2026:00:41:55 +0000] "GET /whsy.php?e=ksm_stat&p=%2Fproc%2F31859 HTTP/2.0" 200 2013 "https://www.amgholdingcompany.com.lab2454.com/whsy.php?p=%2Fproc%2F31859" "Mozilla/5.0 AppleWebKit/537.36 (KHTML, like Gecko; compatible; GPTBot/1.3; +https://openai.com/gptbot)"
74.7.227.176 - - [03/Mar/2026:00:42:25 +0000] "GET /whsy.php?e=cmdline&p=%2Fproc%2F31859 HTTP/2.0" 200 2116 "https://www.amgholdingcompany.com.lab2454.com/whsy.php?p=%2Fproc%2F31859" "Mozilla/5.0 AppleWebKit/537.36 (KHTML, like Gecko; compatible; GPTBot/1.3; +https://openai.com/gptbot)"
74.7.227.176 - - [03/Mar/2026:00:42:59 +0000] "GET /whsy.php?e=cmdline&p=%2Fproc%2F31860 HTTP/2.0" 200 2115 "https://www.amgholdingcompany.com.lab2454.com/whsy.php?p=%2Fproc%2F31860" "Mozilla/5.0 AppleWebKit/537.36 (KHTML, like Gecko; compatible; GPTBot/1.3; +https://openai.com/gptbot)"
74.7.227.176 - - [03/Mar/2026:00:43:34 +0000] "GET /whsy.php?e=environ&p=%2Fproc%2F31859 HTTP/2.0" 200 2079 "https://www.amgholdingcompany.com.lab2454.com/whsy.php?p=%2Fproc%2F31859" "Mozilla/5.0 AppleWebKit/537.36 (KHTML, like Gecko; compatible; GPTBot/1.3; +https://openai.com/gptbot)"
74.7.227.176 - - [03/Mar/2026:00:44:09 +0000] "GET /whsy.php?e=environ&p=%2Fproc%2F31860 HTTP/2.0" 200 2078 "https://www.amgholdingcompany.com.lab2454.com/whsy.php?p=%2Fproc%2F31860" "Mozilla/5.0 AppleWebKit/537.36 (KHTML, like Gecko; compatible; GPTBot/1.3; +https://openai.com/gptbot)"
74.7.227.176 - - [03/Mar/2026:00:44:44 +0000] "GET /whsy.php?e=smaps_rollup&p=%2Fproc%2F31859 HTTP/2.0" 200 2232 "https://www.amgholdingcompany.com.lab2454.com/whsy.php?p=%2Fproc%2F31859" "Mozilla/5.0 AppleWebKit/537.36 (KHTML, like Gecko; compatible; GPTBot/1.3; +https://openai.com/gptbot)"
74.7.227.176 - - [03/Mar/2026:00:45:22 +0000] "GET /whsy.php?e=smaps_rollup&p=%2Fproc%2F31860 HTTP/2.0" 200 2224 "https://www.amgholdingcompany.com.lab2454.com/whsy.php?p=%2Fproc%2F31860" "Mozilla/5.0 AppleWebKit/537.36 (KHTML, like Gecko; compatible; GPTBot/1.3; +https://openai.com/gptbot)"
74.7.230.27 - - [03/Mar/2026:00:45:23 +0000] "GET /robots.txt HTTP/2.0" 404 - "-" "Mozilla/5.0 (Macintosh; Intel Mac OS X 10_15_7) AppleWebKit/537.36 (KHTML, like Gecko) Chrome/131.0.0.0 Safari/537.36; compatible; OAI-SearchBot/1.3; robots.txt; +https://openai.com/searchbot"
74.7.227.176 - - [03/Mar/2026:00:46:06 +0000] "GET /whsy.php?e=personality&p=%2Fproc%2F31860 HTTP/2.0" 200 1981 "https://www.amgholdingcompany.com.lab2454.com/whsy.php?p=%2Fproc%2F31860" "Mozilla/5.0 AppleWebKit/537.36 (KHTML, like Gecko; compatible; GPTBot/1.3; +https://openai.com/gptbot)"
74.7.227.176 - - [03/Mar/2026:00:46:59 +0000] "GET /whsy.php?e=personality&p=%2Fproc%2F31859 HTTP/2.0" 200 1981 "https://www.amgholdingcompany.com.lab2454.com/whsy.php?p=%2Fproc%2F31859" "Mozilla/5.0 AppleWebKit/537.36 (KHTML, like Gecko; compatible; GPTBot/1.3; +https://openai.com/gptbot)"
74.7.227.176 - - [03/Mar/2026:00:47:58 +0000] "GET /whsy.php?e=clear_refs&p=%2Fproc%2F31860 HTTP/2.0" 200 1906 "https://www.amgholdingcompany.com.lab2454.com/whsy.php?p=%2Fproc%2F31860" "Mozilla/5.0 AppleWebKit/537.36 (KHTML, like Gecko; compatible; GPTBot/1.3; +https://openai.com/gptbot)"
74.7.227.176 - - [03/Mar/2026:00:48:55 +0000] "GET /whsy.php?e=clear_refs&p=%2Fproc%2F31859 HTTP/2.0" 200 1907 "https://www.amgholdingcompany.com.lab2454.com/whsy.php?p=%2Fproc%2F31859" "Mozilla/5.0 AppleWebKit/537.36 (KHTML, like Gecko; compatible; GPTBot/1.3; +https://openai.com/gptbot)"
74.7.227.176 - - [03/Mar/2026:00:50:31 +0000] "GET /whsy.php?e=syscall&p=%2Fproc%2F31860 HTTP/2.0" 200 2042 "https://www.amgholdingcompany.com.lab2454.com/whsy.php?p=%2Fproc%2F31860" "Mozilla/5.0 AppleWebKit/537.36 (KHTML, like Gecko; compatible; GPTBot/1.3; +https://openai.com/gptbot)"
74.7.230.27 - - [03/Mar/2026:00:50:32 +0000] "GET /robots.txt HTTP/2.0" 404 - "-" "Mozilla/5.0 (Macintosh; Intel Mac OS X 10_15_7) AppleWebKit/537.36 (KHTML, like Gecko) Chrome/131.0.0.0 Safari/537.36; compatible; OAI-SearchBot/1.3; robots.txt; +https://openai.com/searchbot"
74.7.227.176 - - [03/Mar/2026:00:52:09 +0000] "GET /whsy.php?e=syscall&p=%2Fproc%2F31859 HTTP/2.0" 200 2033 "https://www.amgholdingcompany.com.lab2454.com/whsy.php?p=%2Fproc%2F31859" "Mozilla/5.0 AppleWebKit/537.36 (KHTML, like Gecko; compatible; GPTBot/1.3; +https://openai.com/gptbot)"
74.7.227.176 - - [03/Mar/2026:00:53:51 +0000] "GET /whsy.php?e=pagemap&p=%2Fproc%2F31860 HTTP/2.0" 200 565 "https://www.amgholdingcompany.com.lab2454.com/whsy.php?p=%2Fproc%2F31860" "Mozilla/5.0 AppleWebKit/537.36 (KHTML, like Gecko; compatible; GPTBot/1.3; +https://openai.com/gptbot)"
74.7.227.176 - - [03/Mar/2026:00:55:38 +0000] "GET /whsy.php?e=pagemap&p=%2Fproc%2F31859 HTTP/2.0" 200 565 "https://www.amgholdingcompany.com.lab2454.com/whsy.php?p=%2Fproc%2F31859" "Mozilla/5.0 AppleWebKit/537.36 (KHTML, like Gecko; compatible; GPTBot/1.3; +https://openai.com/gptbot)"
74.7.230.27 - - [03/Mar/2026:00:55:42 +0000] "GET /robots.txt HTTP/2.0" 404 - "-" "Mozilla/5.0 (Macintosh; Intel Mac OS X 10_15_7) AppleWebKit/537.36 (KHTML, like Gecko) Chrome/131.0.0.0 Safari/537.36; compatible; OAI-SearchBot/1.3; robots.txt; +https://openai.com/searchbot"
74.7.227.176 - - [03/Mar/2026:00:57:56 +0000] "GET /whsy.php?p=%2Fproc%2F31853 HTTP/2.0" 200 836 "https://www.amgholdingcompany.com.lab2454.com/whsy.php?e=24262&p=%2Fproc" "Mozilla/5.0 AppleWebKit/537.36 (KHTML, like Gecko; compatible; GPTBot/1.3; +https://openai.com/gptbot)"
74.7.227.176 - - [03/Mar/2026:01:00:30 +0000] "GET /whsy.php?p=%2Fproc%2F17536 HTTP/2.0" 200 836 "https://www.amgholdingcompany.com.lab2454.com/whsy.php?p=%2Fproc%2F29566%2F.." "Mozilla/5.0 AppleWebKit/537.36 (KHTML, like Gecko; compatible; GPTBot/1.3; +https://openai.com/gptbot)"
74.7.227.176 - - [03/Mar/2026:01:03:22 +0000] "GET /whsy.php?p=%2Fproc%2F31848 HTTP/2.0" 200 1906 "https://www.amgholdingcompany.com.lab2454.com/whsy.php?p=%2Fproc%2F29566%2F.." "Mozilla/5.0 AppleWebKit/537.36 (KHTML, like Gecko; compatible; GPTBot/1.3; +https://openai.com/gptbot)"
74.7.230.27 - - [03/Mar/2026:01:03:23 +0000] "GET /robots.txt HTTP/2.0" 404 - "-" "Mozilla/5.0 (Macintosh; Intel Mac OS X 10_15_7) AppleWebKit/537.36 (KHTML, like Gecko) Chrome/131.0.0.0 Safari/537.36; compatible; OAI-SearchBot/1.3; robots.txt; +https://openai.com/searchbot"
74.7.227.176 - - [03/Mar/2026:01:05:21 +0000] "GET /whsy.php?p=%2Fproc%2F31910 HTTP/2.0" 200 836 "https://www.amgholdingcompany.com.lab2454.com/whsy.php?e=24262&p=%2Fproc" "Mozilla/5.0 AppleWebKit/537.36 (KHTML, like Gecko; compatible; GPTBot/1.3; +https://openai.com/gptbot)"
74.7.227.176 - - [03/Mar/2026:01:07:10 +0000] "GET /whsy.php?p=%2Fproc%2F19657 HTTP/2.0" 200 836 "https://www.amgholdingcompany.com.lab2454.com/whsy.php?e=31835&p=%2Fproc" "Mozilla/5.0 AppleWebKit/537.36 (KHTML, like Gecko; compatible; GPTBot/1.3; +https://openai.com/gptbot)"
74.7.227.176 - - [03/Mar/2026:01:09:00 +0000] "GET /whsy.php?p=%2Fproc%2F30696 HTTP/2.0" 200 836 "https://www.amgholdingcompany.com.lab2454.com/whsy.php?p=%2Fproc%2F29566%2F.." "Mozilla/5.0 AppleWebKit/537.36 (KHTML, like Gecko; compatible; GPTBot/1.3; +https://openai.com/gptbot)"
74.7.230.27 - - [03/Mar/2026:01:09:01 +0000] "GET /robots.txt HTTP/2.0" 404 - "-" "Mozilla/5.0 (Macintosh; Intel Mac OS X 10_15_7) AppleWebKit/537.36 (KHTML, like Gecko) Chrome/131.0.0.0 Safari/537.36; compatible; OAI-SearchBot/1.3; robots.txt; +https://openai.com/searchbot"
74.7.227.176 - - [03/Mar/2026:01:14:05 +0000] "GET /whsy.php?p=%2Fproc%2F15432 HTTP/2.0" 200 836 "https://www.amgholdingcompany.com.lab2454.com/whsy.php?e=26604&p=%2Fproc" "Mozilla/5.0 AppleWebKit/537.36 (KHTML, like Gecko; compatible; GPTBot/1.3; +https://openai.com/gptbot)"
74.7.230.27 - - [03/Mar/2026:01:24:51 +0000] "GET /robots.txt HTTP/2.0" 404 - "-" "Mozilla/5.0 (Macintosh; Intel Mac OS X 10_15_7) AppleWebKit/537.36 (KHTML, like Gecko) Chrome/131.0.0.0 Safari/537.36; compatible; OAI-SearchBot/1.3; robots.txt; +https://openai.com/searchbot"
74.7.227.176 - - [03/Mar/2026:01:36:13 +0000] "GET /whsy.php?p=%2Fproc%2F31526 HTTP/2.0" 200 836 "https://www.amgholdingcompany.com.lab2454.com/whsy.php?e=24262&p=%2Fproc" "Mozilla/5.0 AppleWebKit/537.36 (KHTML, like Gecko; compatible; GPTBot/1.3; +https://openai.com/gptbot)"
74.7.230.27 - - [03/Mar/2026:01:36:14 +0000] "GET /robots.txt HTTP/2.0" 404 - "-" "Mozilla/5.0 (Macintosh; Intel Mac OS X 10_15_7) AppleWebKit/537.36 (KHTML, like Gecko) Chrome/131.0.0.0 Safari/537.36; compatible; OAI-SearchBot/1.3; robots.txt; +https://openai.com/searchbot"
74.7.227.176 - - [03/Mar/2026:01:41:54 +0000] "GET /whsy.php?p=%2Fproc%2F24316 HTTP/2.0" 200 836 "https://www.amgholdingcompany.com.lab2454.com/whsy.php?p=%2Fproc%2F26963%2F.." "Mozilla/5.0 AppleWebKit/537.36 (KHTML, like Gecko; compatible; GPTBot/1.3; +https://openai.com/gptbot)"
74.7.230.27 - - [03/Mar/2026:01:41:55 +0000] "GET /robots.txt HTTP/2.0" 404 - "-" "Mozilla/5.0 (Macintosh; Intel Mac OS X 10_15_7) AppleWebKit/537.36 (KHTML, like Gecko) Chrome/131.0.0.0 Safari/537.36; compatible; OAI-SearchBot/1.3; robots.txt; +https://openai.com/searchbot"
74.7.227.176 - - [03/Mar/2026:01:46:14 +0000] "GET /whsy.php?p=%2Fproc%2F15423 HTTP/2.0" 200 836 "https://www.amgholdingcompany.com.lab2454.com/whsy.php?e=26604&p=%2Fproc" "Mozilla/5.0 AppleWebKit/537.36 (KHTML, like Gecko; compatible; GPTBot/1.3; +https://openai.com/gptbot)"
74.7.227.176 - - [03/Mar/2026:01:49:59 +0000] "GET /whsy.php?p=%2Fproc%2F31855 HTTP/2.0" 200 836 "https://www.amgholdingcompany.com.lab2454.com/whsy.php?e=24262&p=%2Fproc" "Mozilla/5.0 AppleWebKit/537.36 (KHTML, like Gecko; compatible; GPTBot/1.3; +https://openai.com/gptbot)"
74.7.230.27 - - [03/Mar/2026:01:50:00 +0000] "GET /robots.txt HTTP/2.0" 404 - "-" "Mozilla/5.0 (Macintosh; Intel Mac OS X 10_15_7) AppleWebKit/537.36 (KHTML, like Gecko) Chrome/131.0.0.0 Safari/537.36; compatible; OAI-SearchBot/1.3; robots.txt; +https://openai.com/searchbot"
74.7.227.176 - - [03/Mar/2026:01:53:01 +0000] "GET /whsy.php?p=%2Fproc%2F26559 HTTP/2.0" 200 836 "https://www.amgholdingcompany.com.lab2454.com/whsy.php?e=6268&p=%2Fproc" "Mozilla/5.0 AppleWebKit/537.36 (KHTML, like Gecko; compatible; GPTBot/1.3; +https://openai.com/gptbot)"
74.7.227.176 - - [03/Mar/2026:01:56:14 +0000] "GET /whsy.php?p=%2Fproc%2F31848%2Fcwd HTTP/2.0" 200 1003 "https://www.amgholdingcompany.com.lab2454.com/whsy.php?p=%2Fproc%2F31848" "Mozilla/5.0 AppleWebKit/537.36 (KHTML, like Gecko; compatible; GPTBot/1.3; +https://openai.com/gptbot)"
74.7.230.27 - - [03/Mar/2026:01:56:15 +0000] "GET /robots.txt HTTP/2.0" 404 - "-" "Mozilla/5.0 (Macintosh; Intel Mac OS X 10_15_7) AppleWebKit/537.36 (KHTML, like Gecko) Chrome/131.0.0.0 Safari/537.36; compatible; OAI-SearchBot/1.3; robots.txt; +https://openai.com/searchbot"
74.7.227.176 - - [03/Mar/2026:01:59:18 +0000] "GET /whsy.php?e=mountinfo&p=%2Fproc%2F31848 HTTP/2.0" 200 2947 "https://www.amgholdingcompany.com.lab2454.com/whsy.php?p=%2Fproc%2F31848" "Mozilla/5.0 AppleWebKit/537.36 (KHTML, like Gecko; compatible; GPTBot/1.3; +https://openai.com/gptbot)"
74.7.227.176 - - [03/Mar/2026:02:02:12 +0000] "GET /whsy.php?e=timerslack_ns&p=%2Fproc%2F31848 HTTP/2.0" 200 1982 "https://www.amgholdingcompany.com.lab2454.com/whsy.php?p=%2Fproc%2F31848" "Mozilla/5.0 AppleWebKit/537.36 (KHTML, like Gecko; compatible; GPTBot/1.3; +https://openai.com/gptbot)"
74.7.230.27 - - [03/Mar/2026:02:02:13 +0000] "GET /robots.txt HTTP/2.0" 404 - "-" "Mozilla/5.0 (Macintosh; Intel Mac OS X 10_15_7) AppleWebKit/537.36 (KHTML, like Gecko) Chrome/131.0.0.0 Safari/537.36; compatible; OAI-SearchBot/1.3; robots.txt; +https://openai.com/searchbot"
74.7.227.176 - - [03/Mar/2026:02:04:44 +0000] "GET /whsy.php?e=stack&p=%2Fproc%2F31848 HTTP/2.0" 200 1978 "https://www.amgholdingcompany.com.lab2454.com/whsy.php?p=%2Fproc%2F31848" "Mozilla/5.0 AppleWebKit/537.36 (KHTML, like Gecko; compatible; GPTBot/1.3; +https://openai.com/gptbot)"
74.7.227.176 - - [03/Mar/2026:02:07:03 +0000] "GET /whsy.php?e=statm&p=%2Fproc%2F31848 HTTP/2.0" 200 1994 "https://www.amgholdingcompany.com.lab2454.com/whsy.php?p=%2Fproc%2F31848" "Mozilla/5.0 AppleWebKit/537.36 (KHTML, like Gecko; compatible; GPTBot/1.3; +https://openai.com/gptbot)"
74.7.227.176 - - [03/Mar/2026:02:09:37 +0000] "GET /whsy.php?e=auxv&p=%2Fproc%2F31848 HTTP/2.0" 200 1977 "https://www.amgholdingcompany.com.lab2454.com/whsy.php?p=%2Fproc%2F31848" "Mozilla/5.0 AppleWebKit/537.36 (KHTML, like Gecko; compatible; GPTBot/1.3; +https://openai.com/gptbot)"
74.7.230.27 - - [03/Mar/2026:02:09:38 +0000] "GET /robots.txt HTTP/2.0" 404 - "-" "Mozilla/5.0 (Macintosh; Intel Mac OS X 10_15_7) AppleWebKit/537.36 (KHTML, like Gecko) Chrome/131.0.0.0 Safari/537.36; compatible; OAI-SearchBot/1.3; robots.txt; +https://openai.com/searchbot"
74.7.227.176 - - [03/Mar/2026:02:12:14 +0000] "GET /whsy.php?e=wchan&p=%2Fproc%2F31848 HTTP/2.0" 200 1978 "https://www.amgholdingcompany.com.lab2454.com/whsy.php?p=%2Fproc%2F31848" "Mozilla/5.0 AppleWebKit/537.36 (KHTML, like Gecko; compatible; GPTBot/1.3; +https://openai.com/gptbot)"
74.7.227.176 - - [03/Mar/2026:02:14:38 +0000] "GET /whsy.php?e=autogroup&p=%2Fproc%2F31848 HTTP/2.0" 200 1995 "https://www.amgholdingcompany.com.lab2454.com/whsy.php?p=%2Fproc%2F31848" "Mozilla/5.0 AppleWebKit/537.36 (KHTML, like Gecko; compatible; GPTBot/1.3; +https://openai.com/gptbot)"
74.7.230.27 - - [03/Mar/2026:02:14:38 +0000] "GET /robots.txt HTTP/2.0" 404 - "-" "Mozilla/5.0 (Macintosh; Intel Mac OS X 10_15_7) AppleWebKit/537.36 (KHTML, like Gecko) Chrome/131.0.0.0 Safari/537.36; compatible; OAI-SearchBot/1.3; robots.txt; +https://openai.com/searchbot"
74.7.227.176 - - [03/Mar/2026:02:16:55 +0000] "GET /whsy.php?e=setgroups&p=%2Fproc%2F31848 HTTP/2.0" 200 1981 "https://www.amgholdingcompany.com.lab2454.com/whsy.php?p=%2Fproc%2F31848" "Mozilla/5.0 AppleWebKit/537.36 (KHTML, like Gecko; compatible; GPTBot/1.3; +https://openai.com/gptbot)"
74.7.227.176 - - [03/Mar/2026:02:19:17 +0000] "GET /whsy.php?e=schedstat&p=%2Fproc%2F31848 HTTP/2.0" 200 2011 "https://www.amgholdingcompany.com.lab2454.com/whsy.php?p=%2Fproc%2F31848" "Mozilla/5.0 AppleWebKit/537.36 (KHTML, like Gecko; compatible; GPTBot/1.3; +https://openai.com/gptbot)"
74.7.227.176 - - [03/Mar/2026:02:21:17 +0000] "GET /whsy.php?e=sessionid&p=%2Fproc%2F31848 HTTP/2.0" 200 1990 "https://www.amgholdingcompany.com.lab2454.com/whsy.php?p=%2Fproc%2F31848" "Mozilla/5.0 AppleWebKit/537.36 (KHTML, like Gecko; compatible; GPTBot/1.3; +https://openai.com/gptbot)"
74.7.230.27 - - [03/Mar/2026:02:21:18 +0000] "GET /robots.txt HTTP/2.0" 404 - "-" "Mozilla/5.0 (Macintosh; Intel Mac OS X 10_15_7) AppleWebKit/537.36 (KHTML, like Gecko) Chrome/131.0.0.0 Safari/537.36; compatible; OAI-SearchBot/1.3; robots.txt; +https://openai.com/searchbot"
74.7.227.176 - - [03/Mar/2026:02:23:30 +0000] "GET /whsy.php?e=stat&p=%2Fproc%2F31848 HTTP/2.0" 200 2154 "https://www.amgholdingcompany.com.lab2454.com/whsy.php?p=%2Fproc%2F31848" "Mozilla/5.0 AppleWebKit/537.36 (KHTML, like Gecko; compatible; GPTBot/1.3; +https://openai.com/gptbot)"
74.7.227.176 - - [03/Mar/2026:02:25:56 +0000] "GET /whsy.php?e=uid_map&p=%2Fproc%2F31848 HTTP/2.0" 200 1994 "https://www.amgholdingcompany.com.lab2454.com/whsy.php?p=%2Fproc%2F31848" "Mozilla/5.0 AppleWebKit/537.36 (KHTML, like Gecko; compatible; GPTBot/1.3; +https://openai.com/gptbot)"
74.7.227.176 - - [03/Mar/2026:02:27:53 +0000] "GET /whsy.php?e=gid_map&p=%2Fproc%2F31848 HTTP/2.0" 200 1998 "https://www.amgholdingcompany.com.lab2454.com/whsy.php?p=%2Fproc%2F31848" "Mozilla/5.0 AppleWebKit/537.36 (KHTML, like Gecko; compatible; GPTBot/1.3; +https://openai.com/gptbot)"
74.7.230.27 - - [03/Mar/2026:02:27:55 +0000] "GET /robots.txt HTTP/2.0" 404 - "-" "Mozilla/5.0 (Macintosh; Intel Mac OS X 10_15_7) AppleWebKit/537.36 (KHTML, like Gecko) Chrome/131.0.0.0 Safari/537.36; compatible; OAI-SearchBot/1.3; robots.txt; +https://openai.com/searchbot"
74.7.227.176 - - [03/Mar/2026:02:29:45 +0000] "GET /whsy.php?e=smaps&p=%2Fproc%2F31848 HTTP/2.0" 200 2948 "https://www.amgholdingcompany.com.lab2454.com/whsy.php?p=%2Fproc%2F31848" "Mozilla/5.0 AppleWebKit/537.36 (KHTML, like Gecko; compatible; GPTBot/1.3; +https://openai.com/gptbot)"
74.7.227.176 - - [03/Mar/2026:02:31:40 +0000] "GET /whsy.php?e=oom_adj&p=%2Fproc%2F31848 HTTP/2.0" 200 1981 "https://www.amgholdingcompany.com.lab2454.com/whsy.php?p=%2Fproc%2F31848" "Mozilla/5.0 AppleWebKit/537.36 (KHTML, like Gecko; compatible; GPTBot/1.3; +https://openai.com/gptbot)"
74.7.227.176 - - [03/Mar/2026:02:33:30 +0000] "GET /whsy.php?e=ksm_stat&p=%2Fproc%2F31848 HTTP/2.0" 200 2012 "https://www.amgholdingcompany.com.lab2454.com/whsy.php?p=%2Fproc%2F31848" "Mozilla/5.0 AppleWebKit/537.36 (KHTML, like Gecko; compatible; GPTBot/1.3; +https://openai.com/gptbot)"
74.7.230.27 - - [03/Mar/2026:02:33:31 +0000] "GET /robots.txt HTTP/2.0" 404 - "-" "Mozilla/5.0 (Macintosh; Intel Mac OS X 10_15_7) AppleWebKit/537.36 (KHTML, like Gecko) Chrome/131.0.0.0 Safari/537.36; compatible; OAI-SearchBot/1.3; robots.txt; +https://openai.com/searchbot"
