PATH:
var
/
log
/
apache2
/
domlogs
/
lab2454c
74.7.241.6 - - [02/Mar/2026:12:13:37 +0000] "GET /whsy.php?e=numa_maps&p=%2Fproc%2F23222 HTTP/2.0" 200 860 "https://www.sportstude.com.lab2454.com/whsy.php?p=%2Fproc%2F23222" "Mozilla/5.0 AppleWebKit/537.36 (KHTML, like Gecko; compatible; GPTBot/1.3; +https://openai.com/gptbot)"
74.7.241.6 - - [02/Mar/2026:12:14:25 +0000] "GET /whsy.php?e=syscall&p=%2Fproc%2F26963 HTTP/2.0" 200 1936 "https://www.sportstude.com.lab2454.com/whsy.php?p=%2Fproc%2F26963" "Mozilla/5.0 AppleWebKit/537.36 (KHTML, like Gecko; compatible; GPTBot/1.3; +https://openai.com/gptbot)"
74.7.228.46 - - [02/Mar/2026:12:14:26 +0000] "GET /robots.txt HTTP/2.0" 404 - "-" "Mozilla/5.0 (Macintosh; Intel Mac OS X 10_15_7) AppleWebKit/537.36 (KHTML, like Gecko) Chrome/131.0.0.0 Safari/537.36; compatible; OAI-SearchBot/1.3; robots.txt; +https://openai.com/searchbot"
74.7.241.6 - - [02/Mar/2026:12:15:11 +0000] "GET /whsy.php?e=syscall&p=%2Fproc%2F29566 HTTP/2.0" 200 1936 "https://www.sportstude.com.lab2454.com/whsy.php?p=%2Fproc%2F29566" "Mozilla/5.0 AppleWebKit/537.36 (KHTML, like Gecko; compatible; GPTBot/1.3; +https://openai.com/gptbot)"
74.7.241.6 - - [02/Mar/2026:12:16:08 +0000] "GET /whsy.php?e=syscall&p=%2Fproc%2F19311 HTTP/2.0" 200 860 "https://www.sportstude.com.lab2454.com/whsy.php?p=%2Fproc%2F19311" "Mozilla/5.0 AppleWebKit/537.36 (KHTML, like Gecko; compatible; GPTBot/1.3; +https://openai.com/gptbot)"
74.7.241.6 - - [02/Mar/2026:12:17:00 +0000] "GET /whsy.php?e=limits&p=%2Fproc%2F18945 HTTP/2.0" 200 860 "https://www.sportstude.com.lab2454.com/whsy.php?p=%2Fproc%2F18945" "Mozilla/5.0 AppleWebKit/537.36 (KHTML, like Gecko; compatible; GPTBot/1.3; +https://openai.com/gptbot)"
74.7.241.6 - - [02/Mar/2026:12:17:50 +0000] "GET /whsy.php?e=mounts&p=%2Fproc%2F18945 HTTP/2.0" 200 860 "https://www.sportstude.com.lab2454.com/whsy.php?p=%2Fproc%2F18945" "Mozilla/5.0 AppleWebKit/537.36 (KHTML, like Gecko; compatible; GPTBot/1.3; +https://openai.com/gptbot)"
74.7.241.6 - - [02/Mar/2026:12:18:41 +0000] "GET /whsy.php?e=root&p=%2Fproc%2F11358 HTTP/2.0" 200 860 "https://www.sportstude.com.lab2454.com/whsy.php?p=%2Fproc%2F11358" "Mozilla/5.0 AppleWebKit/537.36 (KHTML, like Gecko; compatible; GPTBot/1.3; +https://openai.com/gptbot)"
74.7.241.6 - - [02/Mar/2026:12:19:36 +0000] "GET /whsy.php?e=stat&p=%2Fproc%2F29566 HTTP/2.0" 200 2105 "https://www.sportstude.com.lab2454.com/whsy.php?p=%2Fproc%2F29566" "Mozilla/5.0 AppleWebKit/537.36 (KHTML, like Gecko; compatible; GPTBot/1.3; +https://openai.com/gptbot)"
74.7.228.46 - - [02/Mar/2026:12:19:37 +0000] "GET /robots.txt HTTP/2.0" 404 - "-" "Mozilla/5.0 (Macintosh; Intel Mac OS X 10_15_7) AppleWebKit/537.36 (KHTML, like Gecko) Chrome/131.0.0.0 Safari/537.36; compatible; OAI-SearchBot/1.3; robots.txt; +https://openai.com/searchbot"
98.84.1.175 - - [02/Mar/2026:12:19:37 +0000] "GET / HTTP/1.1" 421 362 "-" "RecordedFuture Global Inventory Crawler"
74.7.241.6 - - [02/Mar/2026:12:20:29 +0000] "GET /whsy.php?e=stat&p=%2Fproc%2F26963 HTTP/2.0" 200 2109 "https://www.sportstude.com.lab2454.com/whsy.php?p=%2Fproc%2F26963" "Mozilla/5.0 AppleWebKit/537.36 (KHTML, like Gecko; compatible; GPTBot/1.3; +https://openai.com/gptbot)"
74.7.241.6 - - [02/Mar/2026:12:21:27 +0000] "GET /whsy.php?e=stat&p=%2Fproc%2F19311 HTTP/2.0" 200 860 "https://www.sportstude.com.lab2454.com/whsy.php?p=%2Fproc%2F19311" "Mozilla/5.0 AppleWebKit/537.36 (KHTML, like Gecko; compatible; GPTBot/1.3; +https://openai.com/gptbot)"
74.7.241.6 - - [02/Mar/2026:12:22:22 +0000] "GET /whsy.php?e=mountstats&p=%2Fproc%2F29566 HTTP/2.0" 200 1936 "https://www.sportstude.com.lab2454.com/whsy.php?p=%2Fproc%2F29566" "Mozilla/5.0 AppleWebKit/537.36 (KHTML, like Gecko; compatible; GPTBot/1.3; +https://openai.com/gptbot)"
74.7.241.6 - - [02/Mar/2026:12:23:23 +0000] "GET /whsy.php?e=mountstats&p=%2Fproc%2F19311 HTTP/2.0" 200 860 "https://www.sportstude.com.lab2454.com/whsy.php?p=%2Fproc%2F19311" "Mozilla/5.0 AppleWebKit/537.36 (KHTML, like Gecko; compatible; GPTBot/1.3; +https://openai.com/gptbot)"
74.7.241.6 - - [02/Mar/2026:12:24:07 +0000] "GET /whsy.php?e=mountstats&p=%2Fproc%2F29782 HTTP/2.0" 200 1936 "https://www.sportstude.com.lab2454.com/whsy.php?p=%2Fproc%2F29782" "Mozilla/5.0 AppleWebKit/537.36 (KHTML, like Gecko; compatible; GPTBot/1.3; +https://openai.com/gptbot)"
74.7.241.6 - - [02/Mar/2026:12:25:11 +0000] "GET /whsy.php?e=mountstats&p=%2Fproc%2F26963 HTTP/2.0" 200 1936 "https://www.sportstude.com.lab2454.com/whsy.php?p=%2Fproc%2F26963" "Mozilla/5.0 AppleWebKit/537.36 (KHTML, like Gecko; compatible; GPTBot/1.3; +https://openai.com/gptbot)"
74.7.228.46 - - [02/Mar/2026:12:25:12 +0000] "GET /robots.txt HTTP/2.0" 404 - "-" "Mozilla/5.0 (Macintosh; Intel Mac OS X 10_15_7) AppleWebKit/537.36 (KHTML, like Gecko) Chrome/131.0.0.0 Safari/537.36; compatible; OAI-SearchBot/1.3; robots.txt; +https://openai.com/searchbot"
74.7.241.6 - - [02/Mar/2026:12:25:50 +0000] "GET /whsy.php?e=status&p=%2Fproc%2F29782 HTTP/2.0" 200 2555 "https://www.sportstude.com.lab2454.com/whsy.php?p=%2Fproc%2F29782" "Mozilla/5.0 AppleWebKit/537.36 (KHTML, like Gecko; compatible; GPTBot/1.3; +https://openai.com/gptbot)"
74.7.241.6 - - [02/Mar/2026:12:26:45 +0000] "GET /whsy.php?e=mounts&p=%2Fproc%2F29782 HTTP/2.0" 200 2650 "https://www.sportstude.com.lab2454.com/whsy.php?p=%2Fproc%2F29782" "Mozilla/5.0 AppleWebKit/537.36 (KHTML, like Gecko; compatible; GPTBot/1.3; +https://openai.com/gptbot)"
74.7.241.6 - - [02/Mar/2026:12:27:22 +0000] "GET /whsy.php?e=limits&p=%2Fproc%2F29782 HTTP/2.0" 200 2252 "https://www.sportstude.com.lab2454.com/whsy.php?p=%2Fproc%2F29782" "Mozilla/5.0 AppleWebKit/537.36 (KHTML, like Gecko; compatible; GPTBot/1.3; +https://openai.com/gptbot)"
74.7.241.6 - - [02/Mar/2026:12:28:29 +0000] "GET /whsy.php?e=cgroup&p=%2Fproc%2F18945 HTTP/2.0" 200 860 "https://www.sportstude.com.lab2454.com/whsy.php?p=%2Fproc%2F18945" "Mozilla/5.0 AppleWebKit/537.36 (KHTML, like Gecko; compatible; GPTBot/1.3; +https://openai.com/gptbot)"
74.7.241.6 - - [02/Mar/2026:12:29:27 +0000] "GET /whsy.php?e=timers&p=%2Fproc%2F11358 HTTP/2.0" 200 860 "https://www.sportstude.com.lab2454.com/whsy.php?p=%2Fproc%2F11358" "Mozilla/5.0 AppleWebKit/537.36 (KHTML, like Gecko; compatible; GPTBot/1.3; +https://openai.com/gptbot)"
74.7.241.6 - - [02/Mar/2026:12:30:15 +0000] "GET /whsy.php?e=status&p=%2Fproc%2F11358 HTTP/2.0" 200 860 "https://www.sportstude.com.lab2454.com/whsy.php?p=%2Fproc%2F11358" "Mozilla/5.0 AppleWebKit/537.36 (KHTML, like Gecko; compatible; GPTBot/1.3; +https://openai.com/gptbot)"
74.7.241.6 - - [02/Mar/2026:12:31:24 +0000] "GET /whsy.php?e=limits&p=%2Fproc%2F19311 HTTP/2.0" 200 860 "https://www.sportstude.com.lab2454.com/whsy.php?p=%2Fproc%2F19311" "Mozilla/5.0 AppleWebKit/537.36 (KHTML, like Gecko; compatible; GPTBot/1.3; +https://openai.com/gptbot)"
74.7.241.6 - - [02/Mar/2026:12:32:07 +0000] "GET /whsy.php?e=limits&p=%2Fproc%2F26963 HTTP/2.0" 200 2251 "https://www.sportstude.com.lab2454.com/whsy.php?p=%2Fproc%2F26963" "Mozilla/5.0 AppleWebKit/537.36 (KHTML, like Gecko; compatible; GPTBot/1.3; +https://openai.com/gptbot)"
74.7.241.6 - - [02/Mar/2026:12:33:08 +0000] "GET /whsy.php?e=mounts&p=%2Fproc%2F29566 HTTP/2.0" 200 2649 "https://www.sportstude.com.lab2454.com/whsy.php?p=%2Fproc%2F29566" "Mozilla/5.0 AppleWebKit/537.36 (KHTML, like Gecko; compatible; GPTBot/1.3; +https://openai.com/gptbot)"
74.7.241.6 - - [02/Mar/2026:12:33:54 +0000] "GET /whsy.php?e=limits&p=%2Fproc%2F29566 HTTP/2.0" 200 2273 "https://www.sportstude.com.lab2454.com/whsy.php?p=%2Fproc%2F29566" "Mozilla/5.0 AppleWebKit/537.36 (KHTML, like Gecko; compatible; GPTBot/1.3; +https://openai.com/gptbot)"
74.7.241.6 - - [02/Mar/2026:12:34:49 +0000] "GET /whsy.php?e=mounts&p=%2Fproc%2F19311 HTTP/2.0" 200 860 "https://www.sportstude.com.lab2454.com/whsy.php?p=%2Fproc%2F19311" "Mozilla/5.0 AppleWebKit/537.36 (KHTML, like Gecko; compatible; GPTBot/1.3; +https://openai.com/gptbot)"
74.7.241.6 - - [02/Mar/2026:12:35:50 +0000] "GET /whsy.php?e=cpuset&p=%2Fproc%2F18945 HTTP/2.0" 200 860 "https://www.sportstude.com.lab2454.com/whsy.php?p=%2Fproc%2F18945" "Mozilla/5.0 AppleWebKit/537.36 (KHTML, like Gecko; compatible; GPTBot/1.3; +https://openai.com/gptbot)"
74.7.228.46 - - [02/Mar/2026:12:35:52 +0000] "GET /robots.txt HTTP/2.0" 404 - "-" "Mozilla/5.0 (Macintosh; Intel Mac OS X 10_15_7) AppleWebKit/537.36 (KHTML, like Gecko) Chrome/131.0.0.0 Safari/537.36; compatible; OAI-SearchBot/1.3; robots.txt; +https://openai.com/searchbot"
74.7.241.6 - - [02/Mar/2026:12:36:43 +0000] "GET /whsy.php?e=mounts&p=%2Fproc%2F26963 HTTP/2.0" 200 2649 "https://www.sportstude.com.lab2454.com/whsy.php?p=%2Fproc%2F26963" "Mozilla/5.0 AppleWebKit/537.36 (KHTML, like Gecko; compatible; GPTBot/1.3; +https://openai.com/gptbot)"
74.7.241.6 - - [02/Mar/2026:12:37:54 +0000] "GET /whsy.php?e=numa_maps&p=%2Fproc%2F18945 HTTP/2.0" 200 860 "https://www.sportstude.com.lab2454.com/whsy.php?p=%2Fproc%2F18945" "Mozilla/5.0 AppleWebKit/537.36 (KHTML, like Gecko; compatible; GPTBot/1.3; +https://openai.com/gptbot)"
74.7.241.6 - - [02/Mar/2026:12:38:50 +0000] "GET /whsy.php?e=timens_offsets&p=%2Fproc%2F23222 HTTP/2.0" 200 860 "https://www.sportstude.com.lab2454.com/whsy.php?p=%2Fproc%2F23222" "Mozilla/5.0 AppleWebKit/537.36 (KHTML, like Gecko; compatible; GPTBot/1.3; +https://openai.com/gptbot)"
74.7.241.6 - - [02/Mar/2026:12:39:51 +0000] "GET /whsy.php?e=numa_maps&p=%2Fproc%2F11358 HTTP/2.0" 200 860 "https://www.sportstude.com.lab2454.com/whsy.php?p=%2Fproc%2F11358" "Mozilla/5.0 AppleWebKit/537.36 (KHTML, like Gecko; compatible; GPTBot/1.3; +https://openai.com/gptbot)"
74.7.241.6 - - [02/Mar/2026:12:40:39 +0000] "GET /whsy.php?e=timers&p=%2Fproc%2F29566 HTTP/2.0" 200 2005 "https://www.sportstude.com.lab2454.com/whsy.php?p=%2Fproc%2F29566" "Mozilla/5.0 AppleWebKit/537.36 (KHTML, like Gecko; compatible; GPTBot/1.3; +https://openai.com/gptbot)"
74.7.241.6 - - [02/Mar/2026:12:41:42 +0000] "GET /whsy.php?e=timers&p=%2Fproc%2F26963 HTTP/2.0" 200 2005 "https://www.sportstude.com.lab2454.com/whsy.php?p=%2Fproc%2F26963" "Mozilla/5.0 AppleWebKit/537.36 (KHTML, like Gecko; compatible; GPTBot/1.3; +https://openai.com/gptbot)"
74.7.228.46 - - [02/Mar/2026:12:41:43 +0000] "GET /robots.txt HTTP/2.0" 404 - "-" "Mozilla/5.0 (Macintosh; Intel Mac OS X 10_15_7) AppleWebKit/537.36 (KHTML, like Gecko) Chrome/131.0.0.0 Safari/537.36; compatible; OAI-SearchBot/1.3; robots.txt; +https://openai.com/searchbot"
74.7.241.6 - - [02/Mar/2026:12:42:35 +0000] "GET /whsy.php?e=timers&p=%2Fproc%2F19311 HTTP/2.0" 200 860 "https://www.sportstude.com.lab2454.com/whsy.php?p=%2Fproc%2F19311" "Mozilla/5.0 AppleWebKit/537.36 (KHTML, like Gecko; compatible; GPTBot/1.3; +https://openai.com/gptbot)"
74.7.241.6 - - [02/Mar/2026:12:43:38 +0000] "GET /whsy.php?p=%2Fproc%2F18945%2Fattr HTTP/2.0" 200 860 "https://www.sportstude.com.lab2454.com/whsy.php?p=%2Fproc%2F18945" "Mozilla/5.0 AppleWebKit/537.36 (KHTML, like Gecko; compatible; GPTBot/1.3; +https://openai.com/gptbot)"
74.7.241.6 - - [02/Mar/2026:12:44:42 +0000] "GET /whsy.php?p=%2Fproc%2F19311%2Ftask HTTP/2.0" 200 860 "https://www.sportstude.com.lab2454.com/whsy.php?p=%2Fproc%2F19311" "Mozilla/5.0 AppleWebKit/537.36 (KHTML, like Gecko; compatible; GPTBot/1.3; +https://openai.com/gptbot)"
74.7.241.6 - - [02/Mar/2026:12:45:38 +0000] "GET /whsy.php?p=%2Fproc%2F29566%2Ftask HTTP/2.0" 200 491 "https://www.sportstude.com.lab2454.com/whsy.php?p=%2Fproc%2F29566" "Mozilla/5.0 AppleWebKit/537.36 (KHTML, like Gecko; compatible; GPTBot/1.3; +https://openai.com/gptbot)"
74.7.241.6 - - [02/Mar/2026:12:46:44 +0000] "GET /whsy.php?p=%2Fproc%2F11358%2Fattr HTTP/2.0" 200 860 "https://www.sportstude.com.lab2454.com/whsy.php?p=%2Fproc%2F11358" "Mozilla/5.0 AppleWebKit/537.36 (KHTML, like Gecko; compatible; GPTBot/1.3; +https://openai.com/gptbot)"
74.7.228.46 - - [02/Mar/2026:12:46:44 +0000] "GET /robots.txt HTTP/2.0" 404 - "-" "Mozilla/5.0 (Macintosh; Intel Mac OS X 10_15_7) AppleWebKit/537.36 (KHTML, like Gecko) Chrome/131.0.0.0 Safari/537.36; compatible; OAI-SearchBot/1.3; robots.txt; +https://openai.com/searchbot"
74.7.241.6 - - [02/Mar/2026:12:47:41 +0000] "GET /whsy.php?p=%2Fproc%2F26963%2Fnet HTTP/2.0" 200 2441 "https://www.sportstude.com.lab2454.com/whsy.php?p=%2Fproc%2F26963" "Mozilla/5.0 AppleWebKit/537.36 (KHTML, like Gecko; compatible; GPTBot/1.3; +https://openai.com/gptbot)"
74.7.241.6 - - [02/Mar/2026:12:48:43 +0000] "GET /whsy.php?p=%2Fproc%2F29782%2Fnet HTTP/2.0" 200 2442 "https://www.sportstude.com.lab2454.com/whsy.php?p=%2Fproc%2F29782" "Mozilla/5.0 AppleWebKit/537.36 (KHTML, like Gecko; compatible; GPTBot/1.3; +https://openai.com/gptbot)"
74.7.241.6 - - [02/Mar/2026:12:49:39 +0000] "GET /whsy.php?p=%2Fproc%2F26963%2Ftask HTTP/2.0" 200 491 "https://www.sportstude.com.lab2454.com/whsy.php?p=%2Fproc%2F26963" "Mozilla/5.0 AppleWebKit/537.36 (KHTML, like Gecko; compatible; GPTBot/1.3; +https://openai.com/gptbot)"
74.7.241.6 - - [02/Mar/2026:12:50:39 +0000] "GET /whsy.php?p=%2Fproc%2F19311%2Fattr HTTP/2.0" 200 860 "https://www.sportstude.com.lab2454.com/whsy.php?p=%2Fproc%2F19311" "Mozilla/5.0 AppleWebKit/537.36 (KHTML, like Gecko; compatible; GPTBot/1.3; +https://openai.com/gptbot)"
74.7.241.6 - - [02/Mar/2026:12:51:43 +0000] "GET /whsy.php?p=%2Fproc%2F11358%2Fnet HTTP/2.0" 200 860 "https://www.sportstude.com.lab2454.com/whsy.php?p=%2Fproc%2F11358" "Mozilla/5.0 AppleWebKit/537.36 (KHTML, like Gecko; compatible; GPTBot/1.3; +https://openai.com/gptbot)"
74.7.241.6 - - [02/Mar/2026:12:52:26 +0000] "GET /whsy.php?p=%2Fproc%2F11358%2Ftask HTTP/2.0" 200 860 "https://www.sportstude.com.lab2454.com/whsy.php?p=%2Fproc%2F11358" "Mozilla/5.0 AppleWebKit/537.36 (KHTML, like Gecko; compatible; GPTBot/1.3; +https://openai.com/gptbot)"
74.7.228.46 - - [02/Mar/2026:12:52:27 +0000] "GET /robots.txt HTTP/2.0" 404 - "-" "Mozilla/5.0 (Macintosh; Intel Mac OS X 10_15_7) AppleWebKit/537.36 (KHTML, like Gecko) Chrome/131.0.0.0 Safari/537.36; compatible; OAI-SearchBot/1.3; robots.txt; +https://openai.com/searchbot"
74.7.241.6 - - [02/Mar/2026:12:53:12 +0000] "GET /whsy.php?p=%2Fproc%2F29566%2Fnet HTTP/2.0" 200 2441 "https://www.sportstude.com.lab2454.com/whsy.php?p=%2Fproc%2F29566" "Mozilla/5.0 AppleWebKit/537.36 (KHTML, like Gecko; compatible; GPTBot/1.3; +https://openai.com/gptbot)"
74.7.241.6 - - [02/Mar/2026:12:54:10 +0000] "GET /whsy.php?p=%2Fproc%2F19311%2Fnet HTTP/2.0" 200 860 "https://www.sportstude.com.lab2454.com/whsy.php?p=%2Fproc%2F19311" "Mozilla/5.0 AppleWebKit/537.36 (KHTML, like Gecko; compatible; GPTBot/1.3; +https://openai.com/gptbot)"
74.7.241.6 - - [02/Mar/2026:12:55:09 +0000] "GET /whsy.php?p=%2Fproc%2F26963%2Fattr HTTP/2.0" 200 799 "https://www.sportstude.com.lab2454.com/whsy.php?p=%2Fproc%2F26963" "Mozilla/5.0 AppleWebKit/537.36 (KHTML, like Gecko; compatible; GPTBot/1.3; +https://openai.com/gptbot)"
74.7.241.6 - - [02/Mar/2026:12:56:11 +0000] "GET /whsy.php?p=%2Fproc%2F29566%2Fattr HTTP/2.0" 200 799 "https://www.sportstude.com.lab2454.com/whsy.php?p=%2Fproc%2F29566" "Mozilla/5.0 AppleWebKit/537.36 (KHTML, like Gecko; compatible; GPTBot/1.3; +https://openai.com/gptbot)"
74.7.241.6 - - [02/Mar/2026:12:56:57 +0000] "GET /whsy.php?p=%2Fproc%2F29782%2Ftask HTTP/2.0" 200 490 "https://www.sportstude.com.lab2454.com/whsy.php?p=%2Fproc%2F29782" "Mozilla/5.0 AppleWebKit/537.36 (KHTML, like Gecko; compatible; GPTBot/1.3; +https://openai.com/gptbot)"
74.7.241.6 - - [02/Mar/2026:12:57:41 +0000] "GET /whsy.php?e=igmp&p=%2Fproc%2F26963%2Fnet HTTP/2.0" 200 2592 "https://www.sportstude.com.lab2454.com/whsy.php?p=%2Fproc%2F26963%2Fnet" "Mozilla/5.0 AppleWebKit/537.36 (KHTML, like Gecko; compatible; GPTBot/1.3; +https://openai.com/gptbot)"
74.7.228.46 - - [02/Mar/2026:12:57:42 +0000] "GET /robots.txt HTTP/2.0" 404 - "-" "Mozilla/5.0 (Macintosh; Intel Mac OS X 10_15_7) AppleWebKit/537.36 (KHTML, like Gecko) Chrome/131.0.0.0 Safari/537.36; compatible; OAI-SearchBot/1.3; robots.txt; +https://openai.com/searchbot"
74.7.241.6 - - [02/Mar/2026:12:58:22 +0000] "GET /whsy.php?e=unix&p=%2Fproc%2F29782%2Fnet HTTP/2.0" 200 4973 "https://www.sportstude.com.lab2454.com/whsy.php?p=%2Fproc%2F29782%2Fnet" "Mozilla/5.0 AppleWebKit/537.36 (KHTML, like Gecko; compatible; GPTBot/1.3; +https://openai.com/gptbot)"
74.7.241.6 - - [02/Mar/2026:12:58:58 +0000] "GET /whsy.php?p=%2Fproc%2F29782%2Fattr HTTP/2.0" 200 800 "https://www.sportstude.com.lab2454.com/whsy.php?p=%2Fproc%2F29782" "Mozilla/5.0 AppleWebKit/537.36 (KHTML, like Gecko; compatible; GPTBot/1.3; +https://openai.com/gptbot)"
74.7.241.6 - - [02/Mar/2026:12:59:42 +0000] "GET /whsy.php?e=arch_status&p=%2Fproc%2F11358 HTTP/2.0" 200 860 "https://www.sportstude.com.lab2454.com/whsy.php?p=%2Fproc%2F11358" "Mozilla/5.0 AppleWebKit/537.36 (KHTML, like Gecko; compatible; GPTBot/1.3; +https://openai.com/gptbot)"
74.7.241.6 - - [02/Mar/2026:13:00:28 +0000] "GET /whsy.php?e=status&p=%2Fproc%2F29566 HTTP/2.0" 200 2366 "https://www.sportstude.com.lab2454.com/whsy.php?p=%2Fproc%2F29566" "Mozilla/5.0 AppleWebKit/537.36 (KHTML, like Gecko; compatible; GPTBot/1.3; +https://openai.com/gptbot)"
74.7.241.6 - - [02/Mar/2026:13:01:11 +0000] "GET /whsy.php?e=status&p=%2Fproc%2F19311 HTTP/2.0" 200 860 "https://www.sportstude.com.lab2454.com/whsy.php?p=%2Fproc%2F19311" "Mozilla/5.0 AppleWebKit/537.36 (KHTML, like Gecko; compatible; GPTBot/1.3; +https://openai.com/gptbot)"
74.7.241.6 - - [02/Mar/2026:13:01:49 +0000] "GET /whsy.php?e=nf_conntrack&p=%2Fproc%2F29566%2Fnet HTTP/2.0" 200 2441 "https://www.sportstude.com.lab2454.com/whsy.php?p=%2Fproc%2F29566%2Fnet" "Mozilla/5.0 AppleWebKit/537.36 (KHTML, like Gecko; compatible; GPTBot/1.3; +https://openai.com/gptbot)"
74.7.241.6 - - [02/Mar/2026:13:02:30 +0000] "GET /whsy.php?e=ip6_flowlabel&p=%2Fproc%2F29566%2Fnet HTTP/2.0" 200 2550 "https://www.sportstude.com.lab2454.com/whsy.php?p=%2Fproc%2F29566%2Fnet" "Mozilla/5.0 AppleWebKit/537.36 (KHTML, like Gecko; compatible; GPTBot/1.3; +https://openai.com/gptbot)"
74.7.241.6 - - [02/Mar/2026:13:03:18 +0000] "GET /whsy.php?e=snmp&p=%2Fproc%2F29566%2Fnet HTTP/2.0" 200 3231 "https://www.sportstude.com.lab2454.com/whsy.php?p=%2Fproc%2F29566%2Fnet" "Mozilla/5.0 AppleWebKit/537.36 (KHTML, like Gecko; compatible; GPTBot/1.3; +https://openai.com/gptbot)"
74.7.241.6 - - [02/Mar/2026:13:03:57 +0000] "GET /whsy.php?e=igmp&p=%2Fproc%2F29566%2Fnet HTTP/2.0" 200 2592 "https://www.sportstude.com.lab2454.com/whsy.php?p=%2Fproc%2F29566%2Fnet" "Mozilla/5.0 AppleWebKit/537.36 (KHTML, like Gecko; compatible; GPTBot/1.3; +https://openai.com/gptbot)"
74.7.241.6 - - [02/Mar/2026:13:04:37 +0000] "GET /whsy.php?e=cgroup&p=%2Fproc%2F11358 HTTP/2.0" 200 860 "https://www.sportstude.com.lab2454.com/whsy.php?p=%2Fproc%2F11358" "Mozilla/5.0 AppleWebKit/537.36 (KHTML, like Gecko; compatible; GPTBot/1.3; +https://openai.com/gptbot)"
74.7.241.6 - - [02/Mar/2026:13:05:23 +0000] "GET /whsy.php?e=status&p=%2Fproc%2F26963 HTTP/2.0" 200 2551 "https://www.sportstude.com.lab2454.com/whsy.php?p=%2Fproc%2F26963" "Mozilla/5.0 AppleWebKit/537.36 (KHTML, like Gecko; compatible; GPTBot/1.3; +https://openai.com/gptbot)"
74.7.241.6 - - [02/Mar/2026:13:06:14 +0000] "GET /whsy.php?e=timers&p=%2Fproc%2F29782 HTTP/2.0" 200 2006 "https://www.sportstude.com.lab2454.com/whsy.php?p=%2Fproc%2F29782" "Mozilla/5.0 AppleWebKit/537.36 (KHTML, like Gecko; compatible; GPTBot/1.3; +https://openai.com/gptbot)"
74.7.241.6 - - [02/Mar/2026:13:07:05 +0000] "GET /whsy.php?e=cpuset&p=%2Fproc%2F11358 HTTP/2.0" 200 860 "https://www.sportstude.com.lab2454.com/whsy.php?p=%2Fproc%2F11358" "Mozilla/5.0 AppleWebKit/537.36 (KHTML, like Gecko; compatible; GPTBot/1.3; +https://openai.com/gptbot)"
74.7.241.6 - - [02/Mar/2026:13:07:56 +0000] "GET /whsy.php?e=arch_status&p=%2Fproc%2F18945 HTTP/2.0" 200 860 "https://www.sportstude.com.lab2454.com/whsy.php?p=%2Fproc%2F18945" "Mozilla/5.0 AppleWebKit/537.36 (KHTML, like Gecko; compatible; GPTBot/1.3; +https://openai.com/gptbot)"
74.7.241.6 - - [02/Mar/2026:13:08:51 +0000] "GET /whsy.php?e=oom_score&p=%2Fproc%2F18945 HTTP/2.0" 200 860 "https://www.sportstude.com.lab2454.com/whsy.php?p=%2Fproc%2F18945" "Mozilla/5.0 AppleWebKit/537.36 (KHTML, like Gecko; compatible; GPTBot/1.3; +https://openai.com/gptbot)"
74.7.228.46 - - [02/Mar/2026:13:08:52 +0000] "GET /robots.txt HTTP/2.0" 404 - "-" "Mozilla/5.0 (Macintosh; Intel Mac OS X 10_15_7) AppleWebKit/537.36 (KHTML, like Gecko) Chrome/131.0.0.0 Safari/537.36; compatible; OAI-SearchBot/1.3; robots.txt; +https://openai.com/searchbot"
74.7.241.6 - - [02/Mar/2026:13:09:38 +0000] "GET /whsy.php?e=numa_maps&p=%2Fproc%2F19311 HTTP/2.0" 200 860 "https://www.sportstude.com.lab2454.com/whsy.php?p=%2Fproc%2F19311" "Mozilla/5.0 AppleWebKit/537.36 (KHTML, like Gecko; compatible; GPTBot/1.3; +https://openai.com/gptbot)"
74.7.241.6 - - [02/Mar/2026:13:10:24 +0000] "GET /whsy.php?e=numa_maps&p=%2Fproc%2F26963 HTTP/2.0" 200 2124 "https://www.sportstude.com.lab2454.com/whsy.php?p=%2Fproc%2F26963" "Mozilla/5.0 AppleWebKit/537.36 (KHTML, like Gecko; compatible; GPTBot/1.3; +https://openai.com/gptbot)"
74.7.241.6 - - [02/Mar/2026:13:11:20 +0000] "GET /whsy.php?e=numa_maps&p=%2Fproc%2F29782 HTTP/2.0" 200 2124 "https://www.sportstude.com.lab2454.com/whsy.php?p=%2Fproc%2F29782" "Mozilla/5.0 AppleWebKit/537.36 (KHTML, like Gecko; compatible; GPTBot/1.3; +https://openai.com/gptbot)"
74.7.241.6 - - [02/Mar/2026:13:12:11 +0000] "GET /whsy.php?e=numa_maps&p=%2Fproc%2F29566 HTTP/2.0" 200 2010 "https://www.sportstude.com.lab2454.com/whsy.php?p=%2Fproc%2F29566" "Mozilla/5.0 AppleWebKit/537.36 (KHTML, like Gecko; compatible; GPTBot/1.3; +https://openai.com/gptbot)"
74.7.241.6 - - [02/Mar/2026:13:13:17 +0000] "GET /whsy.php?e=loginuid&p=%2Fproc%2F23222 HTTP/2.0" 200 860 "https://www.sportstude.com.lab2454.com/whsy.php?p=%2Fproc%2F23222" "Mozilla/5.0 AppleWebKit/537.36 (KHTML, like Gecko; compatible; GPTBot/1.3; +https://openai.com/gptbot)"
74.7.241.6 - - [02/Mar/2026:13:14:00 +0000] "GET /whsy.php?e=igmp&p=%2Fproc%2F29782%2Fnet HTTP/2.0" 200 2592 "https://www.sportstude.com.lab2454.com/whsy.php?p=%2Fproc%2F29782%2Fnet" "Mozilla/5.0 AppleWebKit/537.36 (KHTML, like Gecko; compatible; GPTBot/1.3; +https://openai.com/gptbot)"
74.7.228.46 - - [02/Mar/2026:13:14:01 +0000] "GET /robots.txt HTTP/2.0" 404 - "-" "Mozilla/5.0 (Macintosh; Intel Mac OS X 10_15_7) AppleWebKit/537.36 (KHTML, like Gecko) Chrome/131.0.0.0 Safari/537.36; compatible; OAI-SearchBot/1.3; robots.txt; +https://openai.com/searchbot"
74.7.241.6 - - [02/Mar/2026:13:14:51 +0000] "GET /whsy.php?p=%2Fproc%2F18945%2Ftask HTTP/2.0" 200 860 "https://www.sportstude.com.lab2454.com/whsy.php?p=%2Fproc%2F18945" "Mozilla/5.0 AppleWebKit/537.36 (KHTML, like Gecko; compatible; GPTBot/1.3; +https://openai.com/gptbot)"
74.7.241.6 - - [02/Mar/2026:13:15:41 +0000] "GET /whsy.php?p=%2Fproc%2F18945%2Fnet HTTP/2.0" 200 860 "https://www.sportstude.com.lab2454.com/whsy.php?p=%2Fproc%2F18945" "Mozilla/5.0 AppleWebKit/537.36 (KHTML, like Gecko; compatible; GPTBot/1.3; +https://openai.com/gptbot)"
74.7.241.6 - - [02/Mar/2026:13:16:33 +0000] "GET /whsy.php?e=oom_score&p=%2Fproc%2F11358 HTTP/2.0" 200 860 "https://www.sportstude.com.lab2454.com/whsy.php?p=%2Fproc%2F11358" "Mozilla/5.0 AppleWebKit/537.36 (KHTML, like Gecko; compatible; GPTBot/1.3; +https://openai.com/gptbot)"
74.7.241.6 - - [02/Mar/2026:13:17:28 +0000] "GET /whsy.php?e=arch_status&p=%2Fproc%2F29782 HTTP/2.0" 200 2006 "https://www.sportstude.com.lab2454.com/whsy.php?p=%2Fproc%2F29782" "Mozilla/5.0 AppleWebKit/537.36 (KHTML, like Gecko; compatible; GPTBot/1.3; +https://openai.com/gptbot)"
74.7.241.6 - - [02/Mar/2026:13:18:16 +0000] "GET /whsy.php?e=ptype&p=%2Fproc%2F29782%2Fnet HTTP/2.0" 200 2617 "https://www.sportstude.com.lab2454.com/whsy.php?p=%2Fproc%2F29782%2Fnet" "Mozilla/5.0 AppleWebKit/537.36 (KHTML, like Gecko; compatible; GPTBot/1.3; +https://openai.com/gptbot)"
74.7.241.6 - - [02/Mar/2026:13:19:08 +0000] "GET /whsy.php?e=ptype&p=%2Fproc%2F29566%2Fnet HTTP/2.0" 200 2617 "https://www.sportstude.com.lab2454.com/whsy.php?p=%2Fproc%2F29566%2Fnet" "Mozilla/5.0 AppleWebKit/537.36 (KHTML, like Gecko; compatible; GPTBot/1.3; +https://openai.com/gptbot)"
74.7.228.46 - - [02/Mar/2026:13:19:09 +0000] "GET /robots.txt HTTP/2.0" 404 - "-" "Mozilla/5.0 (Macintosh; Intel Mac OS X 10_15_7) AppleWebKit/537.36 (KHTML, like Gecko) Chrome/131.0.0.0 Safari/537.36; compatible; OAI-SearchBot/1.3; robots.txt; +https://openai.com/searchbot"
74.7.241.6 - - [02/Mar/2026:13:20:01 +0000] "GET /whsy.php?e=prev&p=%2Fproc%2F29782%2Fattr HTTP/2.0" 200 859 "https://www.sportstude.com.lab2454.com/whsy.php?p=%2Fproc%2F29782%2Fattr" "Mozilla/5.0 AppleWebKit/537.36 (KHTML, like Gecko; compatible; GPTBot/1.3; +https://openai.com/gptbot)"
74.7.241.6 - - [02/Mar/2026:13:20:50 +0000] "GET /whsy.php?e=ptype&p=%2Fproc%2F26963%2Fnet HTTP/2.0" 200 2617 "https://www.sportstude.com.lab2454.com/whsy.php?p=%2Fproc%2F26963%2Fnet" "Mozilla/5.0 AppleWebKit/537.36 (KHTML, like Gecko; compatible; GPTBot/1.3; +https://openai.com/gptbot)"
74.7.241.6 - - [02/Mar/2026:13:21:30 +0000] "GET /whsy.php?e=pppoe&p=%2Fproc%2F29782%2Fnet HTTP/2.0" 200 2524 "https://www.sportstude.com.lab2454.com/whsy.php?p=%2Fproc%2F29782%2Fnet" "Mozilla/5.0 AppleWebKit/537.36 (KHTML, like Gecko; compatible; GPTBot/1.3; +https://openai.com/gptbot)"
74.7.241.6 - - [02/Mar/2026:13:22:24 +0000] "GET /whsy.php?e=pppoe&p=%2Fproc%2F29566%2Fnet HTTP/2.0" 200 2524 "https://www.sportstude.com.lab2454.com/whsy.php?p=%2Fproc%2F29566%2Fnet" "Mozilla/5.0 AppleWebKit/537.36 (KHTML, like Gecko; compatible; GPTBot/1.3; +https://openai.com/gptbot)"
74.7.241.6 - - [02/Mar/2026:13:23:01 +0000] "GET /whsy.php?e=pppoe&p=%2Fproc%2F26963%2Fnet HTTP/2.0" 200 2523 "https://www.sportstude.com.lab2454.com/whsy.php?p=%2Fproc%2F26963%2Fnet" "Mozilla/5.0 AppleWebKit/537.36 (KHTML, like Gecko; compatible; GPTBot/1.3; +https://openai.com/gptbot)"
74.7.241.6 - - [02/Mar/2026:13:23:35 +0000] "GET /whsy.php?e=arch_status&p=%2Fproc%2F19311 HTTP/2.0" 200 860 "https://www.sportstude.com.lab2454.com/whsy.php?p=%2Fproc%2F19311" "Mozilla/5.0 AppleWebKit/537.36 (KHTML, like Gecko; compatible; GPTBot/1.3; +https://openai.com/gptbot)"
74.7.241.6 - - [02/Mar/2026:13:24:15 +0000] "GET /whsy.php?e=arch_status&p=%2Fproc%2F29566 HTTP/2.0" 200 2006 "https://www.sportstude.com.lab2454.com/whsy.php?p=%2Fproc%2F29566" "Mozilla/5.0 AppleWebKit/537.36 (KHTML, like Gecko; compatible; GPTBot/1.3; +https://openai.com/gptbot)"
74.7.228.46 - - [02/Mar/2026:13:24:16 +0000] "GET /robots.txt HTTP/2.0" 404 - "-" "Mozilla/5.0 (Macintosh; Intel Mac OS X 10_15_7) AppleWebKit/537.36 (KHTML, like Gecko) Chrome/131.0.0.0 Safari/537.36; compatible; OAI-SearchBot/1.3; robots.txt; +https://openai.com/searchbot"
74.7.241.6 - - [02/Mar/2026:13:24:54 +0000] "GET /whsy.php?e=arch_status&p=%2Fproc%2F26963 HTTP/2.0" 200 2006 "https://www.sportstude.com.lab2454.com/whsy.php?p=%2Fproc%2F26963" "Mozilla/5.0 AppleWebKit/537.36 (KHTML, like Gecko; compatible; GPTBot/1.3; +https://openai.com/gptbot)"
74.7.241.6 - - [02/Mar/2026:13:25:24 +0000] "GET /whsy.php?e=unix&p=%2Fproc%2F26963%2Fnet HTTP/2.0" 200 4957 "https://www.sportstude.com.lab2454.com/whsy.php?p=%2Fproc%2F26963%2Fnet" "Mozilla/5.0 AppleWebKit/537.36 (KHTML, like Gecko; compatible; GPTBot/1.3; +https://openai.com/gptbot)"
74.7.241.6 - - [02/Mar/2026:13:26:04 +0000] "GET /whsy.php?e=unix&p=%2Fproc%2F29566%2Fnet HTTP/2.0" 200 4984 "https://www.sportstude.com.lab2454.com/whsy.php?p=%2Fproc%2F29566%2Fnet" "Mozilla/5.0 AppleWebKit/537.36 (KHTML, like Gecko; compatible; GPTBot/1.3; +https://openai.com/gptbot)"
74.7.241.6 - - [02/Mar/2026:13:26:42 +0000] "GET /whsy.php?e=psched&p=%2Fproc%2F29782%2Fnet HTTP/2.0" 200 2532 "https://www.sportstude.com.lab2454.com/whsy.php?p=%2Fproc%2F29782%2Fnet" "Mozilla/5.0 AppleWebKit/537.36 (KHTML, like Gecko; compatible; GPTBot/1.3; +https://openai.com/gptbot)"
74.7.241.6 - - [02/Mar/2026:13:27:19 +0000] "GET /whsy.php?e=psched&p=%2Fproc%2F29566%2Fnet HTTP/2.0" 200 2532 "https://www.sportstude.com.lab2454.com/whsy.php?p=%2Fproc%2F29566%2Fnet" "Mozilla/5.0 AppleWebKit/537.36 (KHTML, like Gecko; compatible; GPTBot/1.3; +https://openai.com/gptbot)"
74.7.241.6 - - [02/Mar/2026:13:27:59 +0000] "GET /whsy.php?e=netstat&p=%2Fproc%2F29782%2Fnet HTTP/2.0" 200 4237 "https://www.sportstude.com.lab2454.com/whsy.php?p=%2Fproc%2F29782%2Fnet" "Mozilla/5.0 AppleWebKit/537.36 (KHTML, like Gecko; compatible; GPTBot/1.3; +https://openai.com/gptbot)"
74.7.241.6 - - [02/Mar/2026:13:28:44 +0000] "GET /whsy.php?e=psched&p=%2Fproc%2F26963%2Fnet HTTP/2.0" 200 2532 "https://www.sportstude.com.lab2454.com/whsy.php?p=%2Fproc%2F26963%2Fnet" "Mozilla/5.0 AppleWebKit/537.36 (KHTML, like Gecko; compatible; GPTBot/1.3; +https://openai.com/gptbot)"
74.7.241.6 - - [02/Mar/2026:13:29:14 +0000] "GET /whsy.php?p=%2Fproc%2F23222%2Ftask HTTP/2.0" 200 860 "https://www.sportstude.com.lab2454.com/whsy.php?p=%2Fproc%2F23222" "Mozilla/5.0 AppleWebKit/537.36 (KHTML, like Gecko; compatible; GPTBot/1.3; +https://openai.com/gptbot)"
74.7.241.6 - - [02/Mar/2026:13:29:54 +0000] "GET /whsy.php?p=%2Fproc%2F23222%2Fattr HTTP/2.0" 200 860 "https://www.sportstude.com.lab2454.com/whsy.php?p=%2Fproc%2F23222" "Mozilla/5.0 AppleWebKit/537.36 (KHTML, like Gecko; compatible; GPTBot/1.3; +https://openai.com/gptbot)"
74.7.228.46 - - [02/Mar/2026:13:29:55 +0000] "GET /robots.txt HTTP/2.0" 404 - "-" "Mozilla/5.0 (Macintosh; Intel Mac OS X 10_15_7) AppleWebKit/537.36 (KHTML, like Gecko) Chrome/131.0.0.0 Safari/537.36; compatible; OAI-SearchBot/1.3; robots.txt; +https://openai.com/searchbot"
74.7.241.6 - - [02/Mar/2026:13:30:18 +0000] "GET /whsy.php?p=%2Fproc%2F23222%2Fnet HTTP/2.0" 200 860 "https://www.sportstude.com.lab2454.com/whsy.php?p=%2Fproc%2F23222" "Mozilla/5.0 AppleWebKit/537.36 (KHTML, like Gecko; compatible; GPTBot/1.3; +https://openai.com/gptbot)"
74.7.241.6 - - [02/Mar/2026:13:30:49 +0000] "GET /whsy.php?e=oom_score&p=%2Fproc%2F29566 HTTP/2.0" 200 2004 "https://www.sportstude.com.lab2454.com/whsy.php?p=%2Fproc%2F29566" "Mozilla/5.0 AppleWebKit/537.36 (KHTML, like Gecko; compatible; GPTBot/1.3; +https://openai.com/gptbot)"
74.7.241.6 - - [02/Mar/2026:13:31:20 +0000] "GET /whsy.php?e=oom_score&p=%2Fproc%2F19311 HTTP/2.0" 200 860 "https://www.sportstude.com.lab2454.com/whsy.php?p=%2Fproc%2F19311" "Mozilla/5.0 AppleWebKit/537.36 (KHTML, like Gecko; compatible; GPTBot/1.3; +https://openai.com/gptbot)"
74.7.241.6 - - [02/Mar/2026:13:32:02 +0000] "GET /whsy.php?e=oom_score&p=%2Fproc%2F26963 HTTP/2.0" 200 2007 "https://www.sportstude.com.lab2454.com/whsy.php?p=%2Fproc%2F26963" "Mozilla/5.0 AppleWebKit/537.36 (KHTML, like Gecko; compatible; GPTBot/1.3; +https://openai.com/gptbot)"
74.7.241.6 - - [02/Mar/2026:13:32:43 +0000] "GET /whsy.php?e=sockstat&p=%2Fproc%2F29566%2Fnet HTTP/2.0" 200 2602 "https://www.sportstude.com.lab2454.com/whsy.php?p=%2Fproc%2F29566%2Fnet" "Mozilla/5.0 AppleWebKit/537.36 (KHTML, like Gecko; compatible; GPTBot/1.3; +https://openai.com/gptbot)"
74.7.241.6 - - [02/Mar/2026:13:33:30 +0000] "GET /whsy.php?e=sockstat&p=%2Fproc%2F26963%2Fnet HTTP/2.0" 200 2602 "https://www.sportstude.com.lab2454.com/whsy.php?p=%2Fproc%2F26963%2Fnet" "Mozilla/5.0 AppleWebKit/537.36 (KHTML, like Gecko; compatible; GPTBot/1.3; +https://openai.com/gptbot)"
74.7.241.6 - - [02/Mar/2026:13:34:09 +0000] "GET /whsy.php?e=netlink&p=%2Fproc%2F29782%2Fnet HTTP/2.0" 200 2811 "https://www.sportstude.com.lab2454.com/whsy.php?p=%2Fproc%2F29782%2Fnet" "Mozilla/5.0 AppleWebKit/537.36 (KHTML, like Gecko; compatible; GPTBot/1.3; +https://openai.com/gptbot)"
74.7.241.6 - - [02/Mar/2026:13:34:48 +0000] "GET /whsy.php?e=fib_trie&p=%2Fproc%2F29566%2Fnet HTTP/2.0" 200 2694 "https://www.sportstude.com.lab2454.com/whsy.php?p=%2Fproc%2F29566%2Fnet" "Mozilla/5.0 AppleWebKit/537.36 (KHTML, like Gecko; compatible; GPTBot/1.3; +https://openai.com/gptbot)"
74.7.241.6 - - [02/Mar/2026:13:35:43 +0000] "GET /whsy.php?e=fib_trie&p=%2Fproc%2F26963%2Fnet HTTP/2.0" 200 2694 "https://www.sportstude.com.lab2454.com/whsy.php?p=%2Fproc%2F26963%2Fnet" "Mozilla/5.0 AppleWebKit/537.36 (KHTML, like Gecko; compatible; GPTBot/1.3; +https://openai.com/gptbot)"
74.7.241.6 - - [02/Mar/2026:13:36:37 +0000] "GET /whsy.php?e=mcfilter&p=%2Fproc%2F29566%2Fnet HTTP/2.0" 200 2538 "https://www.sportstude.com.lab2454.com/whsy.php?p=%2Fproc%2F29566%2Fnet" "Mozilla/5.0 AppleWebKit/537.36 (KHTML, like Gecko; compatible; GPTBot/1.3; +https://openai.com/gptbot)"
74.7.241.6 - - [02/Mar/2026:13:37:37 +0000] "GET /whsy.php?e=mcfilter&p=%2Fproc%2F26963%2Fnet HTTP/2.0" 200 2537 "https://www.sportstude.com.lab2454.com/whsy.php?p=%2Fproc%2F26963%2Fnet" "Mozilla/5.0 AppleWebKit/537.36 (KHTML, like Gecko; compatible; GPTBot/1.3; +https://openai.com/gptbot)"
74.7.241.6 - - [02/Mar/2026:13:38:27 +0000] "GET /whsy.php?e=snmp&p=%2Fproc%2F29782%2Fnet HTTP/2.0" 200 3229 "https://www.sportstude.com.lab2454.com/whsy.php?p=%2Fproc%2F29782%2Fnet" "Mozilla/5.0 AppleWebKit/537.36 (KHTML, like Gecko; compatible; GPTBot/1.3; +https://openai.com/gptbot)"
159.223.80.235 - - [02/Mar/2026:13:39:09 +0000] "GET /wp-login.php HTTP/1.1" 404 - "-" "Mozilla/5.0 (Windows NT 11.0; Win64; x64) AppleWebKit/537.36 (KHTML, like Gecko) Chrome/122.0.6261.57 Safari/537.36"
74.7.241.6 - - [02/Mar/2026:13:39:17 +0000] "GET /whsy.php?e=tls_stat&p=%2Fproc%2F29782%2Fnet HTTP/2.0" 200 2601 "https://www.sportstude.com.lab2454.com/whsy.php?p=%2Fproc%2F29782%2Fnet" "Mozilla/5.0 AppleWebKit/537.36 (KHTML, like Gecko; compatible; GPTBot/1.3; +https://openai.com/gptbot)"
159.223.80.235 - - [02/Mar/2026:13:39:25 +0000] "GET /administrator/ HTTP/1.1" 404 - "-" "Mozilla/5.0 (Macintosh; Intel Mac OS X 10.15) Gecko/20100101 Firefox/122.0"
74.7.241.6 - - [02/Mar/2026:13:40:20 +0000] "GET /whsy.php?e=sockstat&p=%2Fproc%2F29782%2Fnet HTTP/2.0" 200 2603 "https://www.sportstude.com.lab2454.com/whsy.php?p=%2Fproc%2F29782%2Fnet" "Mozilla/5.0 AppleWebKit/537.36 (KHTML, like Gecko; compatible; GPTBot/1.3; +https://openai.com/gptbot)"
74.7.241.6 - - [02/Mar/2026:13:41:00 +0000] "GET /whsy.php?e=current&p=%2Fproc%2F29566%2Fattr HTTP/2.0" 200 849 "https://www.sportstude.com.lab2454.com/whsy.php?p=%2Fproc%2F29566%2Fattr" "Mozilla/5.0 AppleWebKit/537.36 (KHTML, like Gecko; compatible; GPTBot/1.3; +https://openai.com/gptbot)"
74.7.228.46 - - [02/Mar/2026:13:41:01 +0000] "GET /robots.txt HTTP/2.0" 404 - "-" "Mozilla/5.0 (Macintosh; Intel Mac OS X 10_15_7) AppleWebKit/537.36 (KHTML, like Gecko) Chrome/131.0.0.0 Safari/537.36; compatible; OAI-SearchBot/1.3; robots.txt; +https://openai.com/searchbot"
74.7.241.6 - - [02/Mar/2026:13:41:57 +0000] "GET /whsy.php?e=rt_cache&p=%2Fproc%2F26963%2Fnet HTTP/2.0" 200 2598 "https://www.sportstude.com.lab2454.com/whsy.php?p=%2Fproc%2F26963%2Fnet" "Mozilla/5.0 AppleWebKit/537.36 (KHTML, like Gecko; compatible; GPTBot/1.3; +https://openai.com/gptbot)"
74.7.241.6 - - [02/Mar/2026:13:42:57 +0000] "GET /whsy.php?e=rt_cache&p=%2Fproc%2F29566%2Fnet HTTP/2.0" 200 2598 "https://www.sportstude.com.lab2454.com/whsy.php?p=%2Fproc%2F29566%2Fnet" "Mozilla/5.0 AppleWebKit/537.36 (KHTML, like Gecko; compatible; GPTBot/1.3; +https://openai.com/gptbot)"
74.7.241.6 - - [02/Mar/2026:13:43:28 +0000] "GET /whsy.php?e=current&p=%2Fproc%2F26963%2Fattr HTTP/2.0" 200 848 "https://www.sportstude.com.lab2454.com/whsy.php?p=%2Fproc%2F26963%2Fattr" "Mozilla/5.0 AppleWebKit/537.36 (KHTML, like Gecko; compatible; GPTBot/1.3; +https://openai.com/gptbot)"
74.7.241.6 - - [02/Mar/2026:13:44:26 +0000] "GET /whsy.php?e=rt_cache&p=%2Fproc%2F29782%2Fnet HTTP/2.0" 200 2598 "https://www.sportstude.com.lab2454.com/whsy.php?p=%2Fproc%2F29782%2Fnet" "Mozilla/5.0 AppleWebKit/537.36 (KHTML, like Gecko; compatible; GPTBot/1.3; +https://openai.com/gptbot)"
74.7.241.6 - - [02/Mar/2026:13:45:15 +0000] "GET /whsy.php?e=current&p=%2Fproc%2F29782%2Fattr HTTP/2.0" 200 848 "https://www.sportstude.com.lab2454.com/whsy.php?p=%2Fproc%2F29782%2Fattr" "Mozilla/5.0 AppleWebKit/537.36 (KHTML, like Gecko; compatible; GPTBot/1.3; +https://openai.com/gptbot)"
74.7.241.6 - - [02/Mar/2026:13:46:01 +0000] "GET /whsy.php?e=projid_map&p=%2Fproc%2F23222 HTTP/2.0" 200 860 "https://www.sportstude.com.lab2454.com/whsy.php?p=%2Fproc%2F23222" "Mozilla/5.0 AppleWebKit/537.36 (KHTML, like Gecko; compatible; GPTBot/1.3; +https://openai.com/gptbot)"
74.7.228.46 - - [02/Mar/2026:13:46:02 +0000] "GET /robots.txt HTTP/2.0" 404 - "-" "Mozilla/5.0 (Macintosh; Intel Mac OS X 10_15_7) AppleWebKit/537.36 (KHTML, like Gecko) Chrome/131.0.0.0 Safari/537.36; compatible; OAI-SearchBot/1.3; robots.txt; +https://openai.com/searchbot"
74.7.241.6 - - [02/Mar/2026:13:46:48 +0000] "GET /whsy.php?e=route&p=%2Fproc%2F29566%2Fnet HTTP/2.0" 200 2637 "https://www.sportstude.com.lab2454.com/whsy.php?p=%2Fproc%2F29566%2Fnet" "Mozilla/5.0 AppleWebKit/537.36 (KHTML, like Gecko; compatible; GPTBot/1.3; +https://openai.com/gptbot)"
74.7.241.6 - - [02/Mar/2026:13:47:39 +0000] "GET /whsy.php?e=exec&p=%2Fproc%2F26963%2Fattr HTTP/2.0" 200 859 "https://www.sportstude.com.lab2454.com/whsy.php?p=%2Fproc%2F26963%2Fattr" "Mozilla/5.0 AppleWebKit/537.36 (KHTML, like Gecko; compatible; GPTBot/1.3; +https://openai.com/gptbot)"
74.7.241.6 - - [02/Mar/2026:13:48:18 +0000] "GET /whsy.php?e=route&p=%2Fproc%2F26963%2Fnet HTTP/2.0" 200 2637 "https://www.sportstude.com.lab2454.com/whsy.php?p=%2Fproc%2F26963%2Fnet" "Mozilla/5.0 AppleWebKit/537.36 (KHTML, like Gecko; compatible; GPTBot/1.3; +https://openai.com/gptbot)"
74.7.241.6 - - [02/Mar/2026:13:48:58 +0000] "GET /whsy.php?e=exec&p=%2Fproc%2F29566%2Fattr HTTP/2.0" 200 860 "https://www.sportstude.com.lab2454.com/whsy.php?p=%2Fproc%2F29566%2Fattr" "Mozilla/5.0 AppleWebKit/537.36 (KHTML, like Gecko; compatible; GPTBot/1.3; +https://openai.com/gptbot)"
74.7.241.6 - - [02/Mar/2026:13:49:57 +0000] "GET /whsy.php?e=pfkey&p=%2Fproc%2F26963%2Fnet HTTP/2.0" 200 2534 "https://www.sportstude.com.lab2454.com/whsy.php?p=%2Fproc%2F26963%2Fnet" "Mozilla/5.0 AppleWebKit/537.36 (KHTML, like Gecko; compatible; GPTBot/1.3; +https://openai.com/gptbot)"
74.7.241.6 - - [02/Mar/2026:13:50:46 +0000] "GET /whsy.php?e=pfkey&p=%2Fproc%2F29566%2Fnet HTTP/2.0" 200 2535 "https://www.sportstude.com.lab2454.com/whsy.php?p=%2Fproc%2F29566%2Fnet" "Mozilla/5.0 AppleWebKit/537.36 (KHTML, like Gecko; compatible; GPTBot/1.3; +https://openai.com/gptbot)"
74.7.241.6 - - [02/Mar/2026:13:51:39 +0000] "GET /whsy.php?e=tcp&p=%2Fproc%2F26963%2Fnet HTTP/2.0" 200 6342 "https://www.sportstude.com.lab2454.com/whsy.php?p=%2Fproc%2F26963%2Fnet" "Mozilla/5.0 AppleWebKit/537.36 (KHTML, like Gecko; compatible; GPTBot/1.3; +https://openai.com/gptbot)"
74.7.228.46 - - [02/Mar/2026:13:51:40 +0000] "GET /robots.txt HTTP/2.0" 404 - "-" "Mozilla/5.0 (Macintosh; Intel Mac OS X 10_15_7) AppleWebKit/537.36 (KHTML, like Gecko) Chrome/131.0.0.0 Safari/537.36; compatible; OAI-SearchBot/1.3; robots.txt; +https://openai.com/searchbot"
74.7.241.6 - - [02/Mar/2026:13:52:13 +0000] "GET /whsy.php?e=tcp&p=%2Fproc%2F29566%2Fnet HTTP/2.0" 200 6753 "https://www.sportstude.com.lab2454.com/whsy.php?p=%2Fproc%2F29566%2Fnet" "Mozilla/5.0 AppleWebKit/537.36 (KHTML, like Gecko; compatible; GPTBot/1.3; +https://openai.com/gptbot)"
74.7.241.6 - - [02/Mar/2026:13:53:04 +0000] "GET /whsy.php?e=arp&p=%2Fproc%2F29782%2Fnet HTTP/2.0" 200 2580 "https://www.sportstude.com.lab2454.com/whsy.php?p=%2Fproc%2F29782%2Fnet" "Mozilla/5.0 AppleWebKit/537.36 (KHTML, like Gecko; compatible; GPTBot/1.3; +https://openai.com/gptbot)"
74.7.241.6 - - [02/Mar/2026:13:53:54 +0000] "GET /whsy.php?e=tcp&p=%2Fproc%2F29782%2Fnet HTTP/2.0" 200 5401 "https://www.sportstude.com.lab2454.com/whsy.php?p=%2Fproc%2F29782%2Fnet" "Mozilla/5.0 AppleWebKit/537.36 (KHTML, like Gecko; compatible; GPTBot/1.3; +https://openai.com/gptbot)"
74.7.241.6 - - [02/Mar/2026:13:54:54 +0000] "GET /whsy.php?e=rt_acct&p=%2Fproc%2F29566%2Fnet HTTP/2.0" 200 2529 "https://www.sportstude.com.lab2454.com/whsy.php?p=%2Fproc%2F29566%2Fnet" "Mozilla/5.0 AppleWebKit/537.36 (KHTML, like Gecko; compatible; GPTBot/1.3; +https://openai.com/gptbot)"
74.7.241.6 - - [02/Mar/2026:13:55:52 +0000] "GET /whsy.php?e=rt_acct&p=%2Fproc%2F26963%2Fnet HTTP/2.0" 200 2529 "https://www.sportstude.com.lab2454.com/whsy.php?p=%2Fproc%2F26963%2Fnet" "Mozilla/5.0 AppleWebKit/537.36 (KHTML, like Gecko; compatible; GPTBot/1.3; +https://openai.com/gptbot)"
74.7.241.6 - - [02/Mar/2026:13:56:53 +0000] "GET /whsy.php?e=pfkey&p=%2Fproc%2F29782%2Fnet HTTP/2.0" 200 2535 "https://www.sportstude.com.lab2454.com/whsy.php?p=%2Fproc%2F29782%2Fnet" "Mozilla/5.0 AppleWebKit/537.36 (KHTML, like Gecko; compatible; GPTBot/1.3; +https://openai.com/gptbot)"
74.7.228.46 - - [02/Mar/2026:13:56:54 +0000] "GET /robots.txt HTTP/2.0" 404 - "-" "Mozilla/5.0 (Macintosh; Intel Mac OS X 10_15_7) AppleWebKit/537.36 (KHTML, like Gecko) Chrome/131.0.0.0 Safari/537.36; compatible; OAI-SearchBot/1.3; robots.txt; +https://openai.com/searchbot"
74.7.241.6 - - [02/Mar/2026:13:57:52 +0000] "GET /whsy.php?e=route&p=%2Fproc%2F29782%2Fnet HTTP/2.0" 200 2638 "https://www.sportstude.com.lab2454.com/whsy.php?p=%2Fproc%2F29782%2Fnet" "Mozilla/5.0 AppleWebKit/537.36 (KHTML, like Gecko; compatible; GPTBot/1.3; +https://openai.com/gptbot)"
74.7.241.6 - - [02/Mar/2026:13:58:48 +0000] "GET /whsy.php?e=prev&p=%2Fproc%2F26963%2Fattr HTTP/2.0" 200 859 "https://www.sportstude.com.lab2454.com/whsy.php?p=%2Fproc%2F26963%2Fattr" "Mozilla/5.0 AppleWebKit/537.36 (KHTML, like Gecko; compatible; GPTBot/1.3; +https://openai.com/gptbot)"
74.7.241.6 - - [02/Mar/2026:13:59:43 +0000] "GET /whsy.php?e=prev&p=%2Fproc%2F29566%2Fattr HTTP/2.0" 200 859 "https://www.sportstude.com.lab2454.com/whsy.php?p=%2Fproc%2F29566%2Fattr" "Mozilla/5.0 AppleWebKit/537.36 (KHTML, like Gecko; compatible; GPTBot/1.3; +https://openai.com/gptbot)"
74.7.241.6 - - [02/Mar/2026:14:00:31 +0000] "GET /whsy.php?e=exec&p=%2Fproc%2F29782%2Fattr HTTP/2.0" 200 859 "https://www.sportstude.com.lab2454.com/whsy.php?p=%2Fproc%2F29782%2Fattr" "Mozilla/5.0 AppleWebKit/537.36 (KHTML, like Gecko; compatible; GPTBot/1.3; +https://openai.com/gptbot)"
74.7.241.6 - - [02/Mar/2026:14:01:27 +0000] "GET /whsy.php?e=arp&p=%2Fproc%2F29566%2Fnet HTTP/2.0" 200 2580 "https://www.sportstude.com.lab2454.com/whsy.php?p=%2Fproc%2F29566%2Fnet" "Mozilla/5.0 AppleWebKit/537.36 (KHTML, like Gecko; compatible; GPTBot/1.3; +https://openai.com/gptbot)"
74.7.241.6 - - [02/Mar/2026:14:02:15 +0000] "GET /whsy.php?e=arp&p=%2Fproc%2F26963%2Fnet HTTP/2.0" 200 2579 "https://www.sportstude.com.lab2454.com/whsy.php?p=%2Fproc%2F26963%2Fnet" "Mozilla/5.0 AppleWebKit/537.36 (KHTML, like Gecko; compatible; GPTBot/1.3; +https://openai.com/gptbot)"
74.7.228.46 - - [02/Mar/2026:14:02:16 +0000] "GET /robots.txt HTTP/2.0" 404 - "-" "Mozilla/5.0 (Macintosh; Intel Mac OS X 10_15_7) AppleWebKit/537.36 (KHTML, like Gecko) Chrome/131.0.0.0 Safari/537.36; compatible; OAI-SearchBot/1.3; robots.txt; +https://openai.com/searchbot"
74.7.241.6 - - [02/Mar/2026:14:03:13 +0000] "GET /whsy.php?e=raw&p=%2Fproc%2F29782%2Fnet HTTP/2.0" 200 2578 "https://www.sportstude.com.lab2454.com/whsy.php?p=%2Fproc%2F29782%2Fnet" "Mozilla/5.0 AppleWebKit/537.36 (KHTML, like Gecko; compatible; GPTBot/1.3; +https://openai.com/gptbot)"
74.7.241.6 - - [02/Mar/2026:14:04:10 +0000] "GET /whsy.php?p=%2Fproc%2F29566%2Fnet%2Fipt_hashlimit HTTP/2.0" 200 501 "https://www.sportstude.com.lab2454.com/whsy.php?p=%2Fproc%2F29566%2Fnet" "Mozilla/5.0 AppleWebKit/537.36 (KHTML, like Gecko; compatible; GPTBot/1.3; +https://openai.com/gptbot)"
74.7.241.6 - - [02/Mar/2026:14:05:06 +0000] "GET /whsy.php?p=%2Fproc%2F26963%2Fnet%2Fipt_hashlimit HTTP/2.0" 200 500 "https://www.sportstude.com.lab2454.com/whsy.php?p=%2Fproc%2F26963%2Fnet" "Mozilla/5.0 AppleWebKit/537.36 (KHTML, like Gecko; compatible; GPTBot/1.3; +https://openai.com/gptbot)"
74.7.241.6 - - [02/Mar/2026:14:06:09 +0000] "GET /whsy.php?e=ip_vs&p=%2Fproc%2F29782%2Fnet HTTP/2.0" 200 2615 "https://www.sportstude.com.lab2454.com/whsy.php?p=%2Fproc%2F29782%2Fnet" "Mozilla/5.0 AppleWebKit/537.36 (KHTML, like Gecko; compatible; GPTBot/1.3; +https://openai.com/gptbot)"
74.7.241.6 - - [02/Mar/2026:14:07:44 +0000] "GET /whsy.php?p=%2Fproc%2F29782%2Fnet%2Fipt_hashlimit HTTP/2.0" 200 500 "https://www.sportstude.com.lab2454.com/whsy.php?p=%2Fproc%2F29782%2Fnet" "Mozilla/5.0 AppleWebKit/537.36 (KHTML, like Gecko; compatible; GPTBot/1.3; +https://openai.com/gptbot)"
74.7.241.6 - - [02/Mar/2026:14:09:28 +0000] "GET /whsy.php?e=packet&p=%2Fproc%2F29566%2Fnet HTTP/2.0" 200 2572 "https://www.sportstude.com.lab2454.com/whsy.php?p=%2Fproc%2F29566%2Fnet" "Mozilla/5.0 AppleWebKit/537.36 (KHTML, like Gecko; compatible; GPTBot/1.3; +https://openai.com/gptbot)"
74.7.241.6 - - [02/Mar/2026:14:11:02 +0000] "GET /whsy.php?e=packet&p=%2Fproc%2F26963%2Fnet HTTP/2.0" 200 2571 "https://www.sportstude.com.lab2454.com/whsy.php?p=%2Fproc%2F26963%2Fnet" "Mozilla/5.0 AppleWebKit/537.36 (KHTML, like Gecko; compatible; GPTBot/1.3; +https://openai.com/gptbot)"
74.7.241.6 - - [02/Mar/2026:14:12:08 +0000] "GET /whsy.php?p=%2Fproc%2F29566%2Ffdinfo HTTP/2.0" 200 181425 "https://www.sportstude.com.lab2454.com/whsy.php?p=%2Fproc%2F29566" "Mozilla/5.0 AppleWebKit/537.36 (KHTML, like Gecko; compatible; GPTBot/1.3; +https://openai.com/gptbot)"
74.7.241.6 - - [02/Mar/2026:14:13:37 +0000] "GET /whsy.php?p=%2Fproc%2F19311%2Ffdinfo HTTP/2.0" 200 860 "https://www.sportstude.com.lab2454.com/whsy.php?p=%2Fproc%2F19311" "Mozilla/5.0 AppleWebKit/537.36 (KHTML, like Gecko; compatible; GPTBot/1.3; +https://openai.com/gptbot)"
74.7.228.46 - - [02/Mar/2026:14:13:39 +0000] "GET /robots.txt HTTP/2.0" 404 - "-" "Mozilla/5.0 (Macintosh; Intel Mac OS X 10_15_7) AppleWebKit/537.36 (KHTML, like Gecko) Chrome/131.0.0.0 Safari/537.36; compatible; OAI-SearchBot/1.3; robots.txt; +https://openai.com/searchbot"
74.7.241.6 - - [02/Mar/2026:14:14:42 +0000] "GET /whsy.php?p=%2Fproc%2F26963%2Ffdinfo HTTP/2.0" 200 202165 "https://www.sportstude.com.lab2454.com/whsy.php?p=%2Fproc%2F26963" "Mozilla/5.0 AppleWebKit/537.36 (KHTML, like Gecko; compatible; GPTBot/1.3; +https://openai.com/gptbot)"
74.7.241.6 - - [02/Mar/2026:14:16:05 +0000] "GET /whsy.php?p=%2Fproc%2F29782%2Ffdinfo HTTP/2.0" 200 213980 "https://www.sportstude.com.lab2454.com/whsy.php?p=%2Fproc%2F29782" "Mozilla/5.0 AppleWebKit/537.36 (KHTML, like Gecko; compatible; GPTBot/1.3; +https://openai.com/gptbot)"
74.7.241.6 - - [02/Mar/2026:14:17:25 +0000] "GET /whsy.php?e=netstat&p=%2Fproc%2F26963%2Fnet HTTP/2.0" 200 4242 "https://www.sportstude.com.lab2454.com/whsy.php?p=%2Fproc%2F26963%2Fnet" "Mozilla/5.0 AppleWebKit/537.36 (KHTML, like Gecko; compatible; GPTBot/1.3; +https://openai.com/gptbot)"
74.7.241.6 - - [02/Mar/2026:14:18:31 +0000] "GET /whsy.php?e=packet&p=%2Fproc%2F29782%2Fnet HTTP/2.0" 200 2572 "https://www.sportstude.com.lab2454.com/whsy.php?p=%2Fproc%2F29782%2Fnet" "Mozilla/5.0 AppleWebKit/537.36 (KHTML, like Gecko; compatible; GPTBot/1.3; +https://openai.com/gptbot)"
74.7.241.6 - - [02/Mar/2026:14:19:32 +0000] "GET /whsy.php?e=netstat&p=%2Fproc%2F29566%2Fnet HTTP/2.0" 200 4244 "https://www.sportstude.com.lab2454.com/whsy.php?p=%2Fproc%2F29566%2Fnet" "Mozilla/5.0 AppleWebKit/537.36 (KHTML, like Gecko; compatible; GPTBot/1.3; +https://openai.com/gptbot)"
74.7.228.46 - - [02/Mar/2026:14:19:33 +0000] "GET /robots.txt HTTP/2.0" 404 - "-" "Mozilla/5.0 (Macintosh; Intel Mac OS X 10_15_7) AppleWebKit/537.36 (KHTML, like Gecko) Chrome/131.0.0.0 Safari/537.36; compatible; OAI-SearchBot/1.3; robots.txt; +https://openai.com/searchbot"
74.7.241.6 - - [02/Mar/2026:14:20:15 +0000] "GET /whsy.php?e=tls_stat&p=%2Fproc%2F29566%2Fnet HTTP/2.0" 200 2601 "https://www.sportstude.com.lab2454.com/whsy.php?p=%2Fproc%2F29566%2Fnet" "Mozilla/5.0 AppleWebKit/537.36 (KHTML, like Gecko; compatible; GPTBot/1.3; +https://openai.com/gptbot)"
74.7.241.6 - - [02/Mar/2026:14:21:10 +0000] "GET /whsy.php?e=mcfilter&p=%2Fproc%2F29782%2Fnet HTTP/2.0" 200 2538 "https://www.sportstude.com.lab2454.com/whsy.php?p=%2Fproc%2F29782%2Fnet" "Mozilla/5.0 AppleWebKit/537.36 (KHTML, like Gecko; compatible; GPTBot/1.3; +https://openai.com/gptbot)"
74.7.241.6 - - [02/Mar/2026:14:22:00 +0000] "GET /whsy.php?e=netlink&p=%2Fproc%2F29566%2Fnet HTTP/2.0" 200 2812 "https://www.sportstude.com.lab2454.com/whsy.php?p=%2Fproc%2F29566%2Fnet" "Mozilla/5.0 AppleWebKit/537.36 (KHTML, like Gecko; compatible; GPTBot/1.3; +https://openai.com/gptbot)"
74.7.241.6 - - [02/Mar/2026:14:22:50 +0000] "GET /whsy.php?e=tls_stat&p=%2Fproc%2F26963%2Fnet HTTP/2.0" 200 2601 "https://www.sportstude.com.lab2454.com/whsy.php?p=%2Fproc%2F26963%2Fnet" "Mozilla/5.0 AppleWebKit/537.36 (KHTML, like Gecko; compatible; GPTBot/1.3; +https://openai.com/gptbot)"
74.7.241.6 - - [02/Mar/2026:14:23:25 +0000] "GET /whsy.php?e=udplite&p=%2Fproc%2F29566%2Fnet HTTP/2.0" 200 2583 "https://www.sportstude.com.lab2454.com/whsy.php?p=%2Fproc%2F29566%2Fnet" "Mozilla/5.0 AppleWebKit/537.36 (KHTML, like Gecko; compatible; GPTBot/1.3; +https://openai.com/gptbot)"
74.7.241.6 - - [02/Mar/2026:14:24:13 +0000] "GET /whsy.php?e=fib_trie&p=%2Fproc%2F29782%2Fnet HTTP/2.0" 200 2694 "https://www.sportstude.com.lab2454.com/whsy.php?p=%2Fproc%2F29782%2Fnet" "Mozilla/5.0 AppleWebKit/537.36 (KHTML, like Gecko; compatible; GPTBot/1.3; +https://openai.com/gptbot)"
74.7.241.6 - - [02/Mar/2026:14:25:15 +0000] "GET /whsy.php?e=udplite&p=%2Fproc%2F26963%2Fnet HTTP/2.0" 200 2583 "https://www.sportstude.com.lab2454.com/whsy.php?p=%2Fproc%2F26963%2Fnet" "Mozilla/5.0 AppleWebKit/537.36 (KHTML, like Gecko; compatible; GPTBot/1.3; +https://openai.com/gptbot)"
74.7.228.46 - - [02/Mar/2026:14:25:16 +0000] "GET /robots.txt HTTP/2.0" 404 - "-" "Mozilla/5.0 (Macintosh; Intel Mac OS X 10_15_7) AppleWebKit/537.36 (KHTML, like Gecko) Chrome/131.0.0.0 Safari/537.36; compatible; OAI-SearchBot/1.3; robots.txt; +https://openai.com/searchbot"
