74.7.241.6 - - [02/Mar/2026:17:59:42 +0000] "GET /whsy.php?e=stat&p=%2Fproc%2F31860 HTTP/2.0" 200 2130 "https://www.sportstude.com.lab2454.com/whsy.php?p=%2Fproc%2F31860" "Mozilla/5.0 AppleWebKit/537.36 (KHTML, like Gecko; compatible; GPTBot/1.3; +https://openai.com/gptbot)"
74.7.241.6 - - [02/Mar/2026:18:01:04 +0000] "GET /whsy.php?e=io&p=%2Fproc%2F31860 HTTP/2.0" 200 2028 "https://www.sportstude.com.lab2454.com/whsy.php?p=%2Fproc%2F31860" "Mozilla/5.0 AppleWebKit/537.36 (KHTML, like Gecko; compatible; GPTBot/1.3; +https://openai.com/gptbot)"
74.7.228.46 - - [02/Mar/2026:18:01:06 +0000] "GET /robots.txt HTTP/2.0" 404 - "-" "Mozilla/5.0 (Macintosh; Intel Mac OS X 10_15_7) AppleWebKit/537.36 (KHTML, like Gecko) Chrome/131.0.0.0 Safari/537.36; compatible; OAI-SearchBot/1.3; robots.txt; +https://openai.com/searchbot"
74.7.241.6 - - [02/Mar/2026:18:02:26 +0000] "GET /whsy.php?e=oom_score_adj&p=%2Fproc%2F31860 HTTP/2.0" 200 1982 "https://www.sportstude.com.lab2454.com/whsy.php?p=%2Fproc%2F31860" "Mozilla/5.0 AppleWebKit/537.36 (KHTML, like Gecko; compatible; GPTBot/1.3; +https://openai.com/gptbot)"
74.7.241.6 - - [02/Mar/2026:18:04:10 +0000] "GET /whsy.php?e=ksm_stat&p=%2Fproc%2F31860 HTTP/2.0" 200 2011 "https://www.sportstude.com.lab2454.com/whsy.php?p=%2Fproc%2F31860" "Mozilla/5.0 AppleWebKit/537.36 (KHTML, like Gecko; compatible; GPTBot/1.3; +https://openai.com/gptbot)"
74.7.241.6 - - [02/Mar/2026:18:06:05 +0000] "GET /whsy.php?e=ksm_stat&p=%2Fproc%2F31848 HTTP/2.0" 200 2012 "https://www.sportstude.com.lab2454.com/whsy.php?p=%2Fproc%2F31848" "Mozilla/5.0 AppleWebKit/537.36 (KHTML, like Gecko; compatible; GPTBot/1.3; +https://openai.com/gptbot)"
74.7.228.46 - - [02/Mar/2026:18:06:06 +0000] "GET /robots.txt HTTP/2.0" 404 - "-" "Mozilla/5.0 (Macintosh; Intel Mac OS X 10_15_7) AppleWebKit/537.36 (KHTML, like Gecko) Chrome/131.0.0.0 Safari/537.36; compatible; OAI-SearchBot/1.3; robots.txt; +https://openai.com/searchbot"
74.7.241.6 - - [02/Mar/2026:18:07:41 +0000] "GET /whsy.php?e=oom_score_adj&p=%2Fproc%2F31848 HTTP/2.0" 200 1982 "https://www.sportstude.com.lab2454.com/whsy.php?p=%2Fproc%2F31848" "Mozilla/5.0 AppleWebKit/537.36 (KHTML, like Gecko; compatible; GPTBot/1.3; +https://openai.com/gptbot)"
74.7.241.6 - - [02/Mar/2026:18:09:10 +0000] "GET /whsy.php?e=clear_refs&p=%2Fproc%2F31848 HTTP/2.0" 200 1906 "https://www.sportstude.com.lab2454.com/whsy.php?p=%2Fproc%2F31848" "Mozilla/5.0 AppleWebKit/537.36 (KHTML, like Gecko; compatible; GPTBot/1.3; +https://openai.com/gptbot)"
74.7.241.6 - - [02/Mar/2026:18:10:24 +0000] "GET /whsy.php?e=comm&p=%2Fproc%2F31848 HTTP/2.0" 200 1985 "https://www.sportstude.com.lab2454.com/whsy.php?p=%2Fproc%2F31848" "Mozilla/5.0 AppleWebKit/537.36 (KHTML, like Gecko; compatible; GPTBot/1.3; +https://openai.com/gptbot)"
74.7.241.6 - - [02/Mar/2026:18:11:36 +0000] "GET /whsy.php?e=maps&p=%2Fproc%2F31848 HTTP/2.0" 200 2305 "https://www.sportstude.com.lab2454.com/whsy.php?p=%2Fproc%2F31848" "Mozilla/5.0 AppleWebKit/537.36 (KHTML, like Gecko; compatible; GPTBot/1.3; +https://openai.com/gptbot)"
74.7.228.46 - - [02/Mar/2026:18:11:37 +0000] "GET /robots.txt HTTP/2.0" 404 - "-" "Mozilla/5.0 (Macintosh; Intel Mac OS X 10_15_7) AppleWebKit/537.36 (KHTML, like Gecko) Chrome/131.0.0.0 Safari/537.36; compatible; OAI-SearchBot/1.3; robots.txt; +https://openai.com/searchbot"
74.7.241.6 - - [02/Mar/2026:18:13:00 +0000] "GET /whsy.php?e=cmdline&p=%2Fproc%2F31860 HTTP/2.0" 200 2115 "https://www.sportstude.com.lab2454.com/whsy.php?p=%2Fproc%2F31860" "Mozilla/5.0 AppleWebKit/537.36 (KHTML, like Gecko; compatible; GPTBot/1.3; +https://openai.com/gptbot)"
74.7.241.6 - - [02/Mar/2026:18:14:30 +0000] "GET /whsy.php?e=cmdline&p=%2Fproc%2F31848 HTTP/2.0" 200 2138 "https://www.sportstude.com.lab2454.com/whsy.php?p=%2Fproc%2F31848" "Mozilla/5.0 AppleWebKit/537.36 (KHTML, like Gecko; compatible; GPTBot/1.3; +https://openai.com/gptbot)"
74.7.241.6 - - [02/Mar/2026:18:16:12 +0000] "GET /whsy.php?e=smaps_rollup&p=%2Fproc%2F31848 HTTP/2.0" 200 2215 "https://www.sportstude.com.lab2454.com/whsy.php?p=%2Fproc%2F31848" "Mozilla/5.0 AppleWebKit/537.36 (KHTML, like Gecko; compatible; GPTBot/1.3; +https://openai.com/gptbot)"
74.7.241.6 - - [02/Mar/2026:18:17:26 +0000] "GET /whsy.php?e=timens_offsets&p=%2Fproc%2F31848 HTTP/2.0" 200 1998 "https://www.sportstude.com.lab2454.com/whsy.php?p=%2Fproc%2F31848" "Mozilla/5.0 AppleWebKit/537.36 (KHTML, like Gecko; compatible; GPTBot/1.3; +https://openai.com/gptbot)"
74.7.241.6 - - [02/Mar/2026:18:18:49 +0000] "GET /whsy.php?e=environ&p=%2Fproc%2F31860 HTTP/2.0" 200 2078 "https://www.sportstude.com.lab2454.com/whsy.php?p=%2Fproc%2F31860" "Mozilla/5.0 AppleWebKit/537.36 (KHTML, like Gecko; compatible; GPTBot/1.3; +https://openai.com/gptbot)"
74.7.241.6 - - [02/Mar/2026:18:20:10 +0000] "GET /whsy.php?e=smaps_rollup&p=%2Fproc%2F31860 HTTP/2.0" 200 2227 "https://www.sportstude.com.lab2454.com/whsy.php?p=%2Fproc%2F31860" "Mozilla/5.0 AppleWebKit/537.36 (KHTML, like Gecko; compatible; GPTBot/1.3; +https://openai.com/gptbot)"
74.7.241.6 - - [02/Mar/2026:18:21:41 +0000] "GET /whsy.php?e=personality&p=%2Fproc%2F31860 HTTP/2.0" 200 1981 "https://www.sportstude.com.lab2454.com/whsy.php?p=%2Fproc%2F31860" "Mozilla/5.0 AppleWebKit/537.36 (KHTML, like Gecko; compatible; GPTBot/1.3; +https://openai.com/gptbot)"
74.7.241.6 - - [02/Mar/2026:18:23:02 +0000] "GET /whsy.php?e=exe&p=%2Fproc%2F31848 HTTP/2.0" 200 1978 "https://www.sportstude.com.lab2454.com/whsy.php?p=%2Fproc%2F31848" "Mozilla/5.0 AppleWebKit/537.36 (KHTML, like Gecko; compatible; GPTBot/1.3; +https://openai.com/gptbot)"
74.7.228.46 - - [02/Mar/2026:18:23:03 +0000] "GET /robots.txt HTTP/2.0" 404 - "-" "Mozilla/5.0 (Macintosh; Intel Mac OS X 10_15_7) AppleWebKit/537.36 (KHTML, like Gecko) Chrome/131.0.0.0 Safari/537.36; compatible; OAI-SearchBot/1.3; robots.txt; +https://openai.com/searchbot"
74.7.241.6 - - [02/Mar/2026:18:24:50 +0000] "GET /whsy.php?e=mem&p=%2Fproc%2F31848 HTTP/2.0" 200 1979 "https://www.sportstude.com.lab2454.com/whsy.php?p=%2Fproc%2F31848" "Mozilla/5.0 AppleWebKit/537.36 (KHTML, like Gecko; compatible; GPTBot/1.3; +https://openai.com/gptbot)"
74.7.241.6 - - [02/Mar/2026:18:26:29 +0000] "GET /whsy.php?e=personality&p=%2Fproc%2F31848 HTTP/2.0" 200 1981 "https://www.sportstude.com.lab2454.com/whsy.php?p=%2Fproc%2F31848" "Mozilla/5.0 AppleWebKit/537.36 (KHTML, like Gecko; compatible; GPTBot/1.3; +https://openai.com/gptbot)"
74.7.241.6 - - [02/Mar/2026:18:27:49 +0000] "GET /whsy.php?e=clear_refs&p=%2Fproc%2F31860 HTTP/2.0" 200 1906 "https://www.sportstude.com.lab2454.com/whsy.php?p=%2Fproc%2F31860" "Mozilla/5.0 AppleWebKit/537.36 (KHTML, like Gecko; compatible; GPTBot/1.3; +https://openai.com/gptbot)"
74.7.241.6 - - [02/Mar/2026:18:29:13 +0000] "GET /whsy.php?e=sched&p=%2Fproc%2F31848 HTTP/2.0" 200 2447 "https://www.sportstude.com.lab2454.com/whsy.php?p=%2Fproc%2F31848" "Mozilla/5.0 AppleWebKit/537.36 (KHTML, like Gecko; compatible; GPTBot/1.3; +https://openai.com/gptbot)"
74.7.228.46 - - [02/Mar/2026:18:29:14 +0000] "GET /robots.txt HTTP/2.0" 404 - "-" "Mozilla/5.0 (Macintosh; Intel Mac OS X 10_15_7) AppleWebKit/537.36 (KHTML, like Gecko) Chrome/131.0.0.0 Safari/537.36; compatible; OAI-SearchBot/1.3; robots.txt; +https://openai.com/searchbot"
74.7.241.6 - - [02/Mar/2026:18:30:44 +0000] "GET /whsy.php?e=syscall&p=%2Fproc%2F31848 HTTP/2.0" 200 2018 "https://www.sportstude.com.lab2454.com/whsy.php?p=%2Fproc%2F31848" "Mozilla/5.0 AppleWebKit/537.36 (KHTML, like Gecko; compatible; GPTBot/1.3; +https://openai.com/gptbot)"
74.7.241.6 - - [02/Mar/2026:18:32:13 +0000] "GET /whsy.php?e=environ&p=%2Fproc%2F31848 HTTP/2.0" 200 2054 "https://www.sportstude.com.lab2454.com/whsy.php?p=%2Fproc%2F31848" "Mozilla/5.0 AppleWebKit/537.36 (KHTML, like Gecko; compatible; GPTBot/1.3; +https://openai.com/gptbot)"
74.7.241.6 - - [02/Mar/2026:18:33:44 +0000] "GET /whsy.php?e=syscall&p=%2Fproc%2F31860 HTTP/2.0" 200 2022 "https://www.sportstude.com.lab2454.com/whsy.php?p=%2Fproc%2F31860" "Mozilla/5.0 AppleWebKit/537.36 (KHTML, like Gecko; compatible; GPTBot/1.3; +https://openai.com/gptbot)"
74.7.241.6 - - [02/Mar/2026:18:34:55 +0000] "GET /whsy.php?e=pagemap&p=%2Fproc%2F31860 HTTP/2.0" 200 561 "https://www.sportstude.com.lab2454.com/whsy.php?p=%2Fproc%2F31860" "Mozilla/5.0 AppleWebKit/537.36 (KHTML, like Gecko; compatible; GPTBot/1.3; +https://openai.com/gptbot)"
74.7.228.46 - - [02/Mar/2026:18:34:58 +0000] "GET /robots.txt HTTP/2.0" 404 - "-" "Mozilla/5.0 (Macintosh; Intel Mac OS X 10_15_7) AppleWebKit/537.36 (KHTML, like Gecko) Chrome/131.0.0.0 Safari/537.36; compatible; OAI-SearchBot/1.3; robots.txt; +https://openai.com/searchbot"
74.7.241.6 - - [02/Mar/2026:18:36:40 +0000] "GET /whsy.php?p=%2Fproc%2F15479 HTTP/2.0" 200 860 "https://www.sportstude.com.lab2454.com/whsy.php?p=%2Fproc%2F29782%2F.." "Mozilla/5.0 AppleWebKit/537.36 (KHTML, like Gecko; compatible; GPTBot/1.3; +https://openai.com/gptbot)"
74.7.241.6 - - [02/Mar/2026:18:38:08 +0000] "GET /whsy.php?p=%2Fproc%2F31652 HTTP/2.0" 200 860 "https://www.sportstude.com.lab2454.com/whsy.php?p=%2Fproc%2F26963%2F.." "Mozilla/5.0 AppleWebKit/537.36 (KHTML, like Gecko; compatible; GPTBot/1.3; +https://openai.com/gptbot)"
74.7.241.6 - - [02/Mar/2026:18:39:37 +0000] "GET /whsy.php?p=%2Fproc%2F14511 HTTP/2.0" 200 860 "https://www.sportstude.com.lab2454.com/whsy.php?p=%2Fproc%2F29782%2F.." "Mozilla/5.0 AppleWebKit/537.36 (KHTML, like Gecko; compatible; GPTBot/1.3; +https://openai.com/gptbot)"
74.7.241.6 - - [02/Mar/2026:18:40:37 +0000] "GET /whsy.php?p=%2Fproc%2F15292 HTTP/2.0" 200 860 "https://www.sportstude.com.lab2454.com/whsy.php?p=%2Fproc%2F29782%2F.." "Mozilla/5.0 AppleWebKit/537.36 (KHTML, like Gecko; compatible; GPTBot/1.3; +https://openai.com/gptbot)"
74.7.228.46 - - [02/Mar/2026:18:40:38 +0000] "GET /robots.txt HTTP/2.0" 404 - "-" "Mozilla/5.0 (Macintosh; Intel Mac OS X 10_15_7) AppleWebKit/537.36 (KHTML, like Gecko) Chrome/131.0.0.0 Safari/537.36; compatible; OAI-SearchBot/1.3; robots.txt; +https://openai.com/searchbot"
74.7.241.6 - - [02/Mar/2026:18:42:03 +0000] "GET /whsy.php?p=%2Fproc%2F31862 HTTP/2.0" 200 1907 "https://www.sportstude.com.lab2454.com/whsy.php?p=%2Fproc%2F29566%2F.." "Mozilla/5.0 AppleWebKit/537.36 (KHTML, like Gecko; compatible; GPTBot/1.3; +https://openai.com/gptbot)"
74.7.241.6 - - [02/Mar/2026:18:43:23 +0000] "GET /whsy.php?p=%2Fproc%2F15472 HTTP/2.0" 200 860 "https://www.sportstude.com.lab2454.com/whsy.php?p=%2Fproc%2F29782%2F.." "Mozilla/5.0 AppleWebKit/537.36 (KHTML, like Gecko; compatible; GPTBot/1.3; +https://openai.com/gptbot)"
74.7.241.6 - - [02/Mar/2026:18:44:32 +0000] "GET /whsy.php?p=%2Fproc%2F15483 HTTP/2.0" 200 860 "https://www.sportstude.com.lab2454.com/whsy.php?p=%2Fproc%2F29782%2F.." "Mozilla/5.0 AppleWebKit/537.36 (KHTML, like Gecko; compatible; GPTBot/1.3; +https://openai.com/gptbot)"
74.7.241.6 - - [02/Mar/2026:18:45:58 +0000] "GET /whsy.php?p=%2Fproc%2F13140 HTTP/2.0" 200 860 "https://www.sportstude.com.lab2454.com/whsy.php?p=%2Fproc%2F29782%2F.." "Mozilla/5.0 AppleWebKit/537.36 (KHTML, like Gecko; compatible; GPTBot/1.3; +https://openai.com/gptbot)"
74.7.228.46 - - [02/Mar/2026:18:45:59 +0000] "GET /robots.txt HTTP/2.0" 404 - "-" "Mozilla/5.0 (Macintosh; Intel Mac OS X 10_15_7) AppleWebKit/537.36 (KHTML, like Gecko) Chrome/131.0.0.0 Safari/537.36; compatible; OAI-SearchBot/1.3; robots.txt; +https://openai.com/searchbot"
74.7.241.6 - - [02/Mar/2026:18:47:18 +0000] "GET /whsy.php?p=%2Fproc%2F32286 HTTP/2.0" 200 860 "https://www.sportstude.com.lab2454.com/whsy.php?e=7168&p=%2Fproc" "Mozilla/5.0 AppleWebKit/537.36 (KHTML, like Gecko; compatible; GPTBot/1.3; +https://openai.com/gptbot)"
74.7.241.6 - - [02/Mar/2026:18:48:33 +0000] "GET /whsy.php?p=%2Fproc%2F31749 HTTP/2.0" 200 860 "https://www.sportstude.com.lab2454.com/whsy.php?p=%2Fproc%2F26963%2F.." "Mozilla/5.0 AppleWebKit/537.36 (KHTML, like Gecko; compatible; GPTBot/1.3; +https://openai.com/gptbot)"
74.7.241.6 - - [02/Mar/2026:18:49:57 +0000] "GET /whsy.php?p=%2Fproc%2F29016 HTTP/2.0" 200 860 "https://www.sportstude.com.lab2454.com/whsy.php?p=%2Fproc%2F26963%2F.." "Mozilla/5.0 AppleWebKit/537.36 (KHTML, like Gecko; compatible; GPTBot/1.3; +https://openai.com/gptbot)"
74.7.241.6 - - [02/Mar/2026:18:51:27 +0000] "GET /whsy.php?p=%2Fproc%2F23458 HTTP/2.0" 200 860 "https://www.sportstude.com.lab2454.com/whsy.php?p=%2Fproc%2F29566%2F.." "Mozilla/5.0 AppleWebKit/537.36 (KHTML, like Gecko; compatible; GPTBot/1.3; +https://openai.com/gptbot)"
74.7.228.46 - - [02/Mar/2026:18:51:27 +0000] "GET /robots.txt HTTP/2.0" 404 - "-" "Mozilla/5.0 (Macintosh; Intel Mac OS X 10_15_7) AppleWebKit/537.36 (KHTML, like Gecko) Chrome/131.0.0.0 Safari/537.36; compatible; OAI-SearchBot/1.3; robots.txt; +https://openai.com/searchbot"
74.7.241.6 - - [02/Mar/2026:18:53:25 +0000] "GET /whsy.php?p=%2Fproc%2F31656 HTTP/2.0" 200 860 "https://www.sportstude.com.lab2454.com/whsy.php?p=%2Fproc%2F26963%2F.." "Mozilla/5.0 AppleWebKit/537.36 (KHTML, like Gecko; compatible; GPTBot/1.3; +https://openai.com/gptbot)"
74.7.241.6 - - [02/Mar/2026:18:55:02 +0000] "GET /whsy.php?p=%2Fproc%2F31861 HTTP/2.0" 200 1907 "https://www.sportstude.com.lab2454.com/whsy.php?p=%2Fproc%2F29566%2F.." "Mozilla/5.0 AppleWebKit/537.36 (KHTML, like Gecko; compatible; GPTBot/1.3; +https://openai.com/gptbot)"
74.7.241.6 - - [02/Mar/2026:18:57:24 +0000] "GET /whsy.php?p=%2Fproc%2F29961 HTTP/2.0" 200 860 "https://www.sportstude.com.lab2454.com/whsy.php?p=%2Fproc%2F29566%2F.." "Mozilla/5.0 AppleWebKit/537.36 (KHTML, like Gecko; compatible; GPTBot/1.3; +https://openai.com/gptbot)"
74.7.228.46 - - [02/Mar/2026:18:57:26 +0000] "GET /robots.txt HTTP/2.0" 404 - "-" "Mozilla/5.0 (Macintosh; Intel Mac OS X 10_15_7) AppleWebKit/537.36 (KHTML, like Gecko) Chrome/131.0.0.0 Safari/537.36; compatible; OAI-SearchBot/1.3; robots.txt; +https://openai.com/searchbot"
74.7.241.6 - - [02/Mar/2026:18:59:09 +0000] "GET /whsy.php?e=stat&p=%2Fproc%2F31862 HTTP/2.0" 200 2130 "https://www.sportstude.com.lab2454.com/whsy.php?p=%2Fproc%2F31862" "Mozilla/5.0 AppleWebKit/537.36 (KHTML, like Gecko; compatible; GPTBot/1.3; +https://openai.com/gptbot)"
74.7.241.6 - - [02/Mar/2026:19:00:52 +0000] "GET /whsy.php?e=mem&p=%2Fproc%2F31862 HTTP/2.0" 200 1979 "https://www.sportstude.com.lab2454.com/whsy.php?p=%2Fproc%2F31862" "Mozilla/5.0 AppleWebKit/537.36 (KHTML, like Gecko; compatible; GPTBot/1.3; +https://openai.com/gptbot)"
74.7.241.6 - - [02/Mar/2026:19:02:36 +0000] "GET /whsy.php?e=mountinfo&p=%2Fproc%2F31862 HTTP/2.0" 200 2949 "https://www.sportstude.com.lab2454.com/whsy.php?p=%2Fproc%2F31862" "Mozilla/5.0 AppleWebKit/537.36 (KHTML, like Gecko; compatible; GPTBot/1.3; +https://openai.com/gptbot)"
74.7.228.46 - - [02/Mar/2026:19:02:38 +0000] "GET /robots.txt HTTP/2.0" 404 - "-" "Mozilla/5.0 (Macintosh; Intel Mac OS X 10_15_7) AppleWebKit/537.36 (KHTML, like Gecko) Chrome/131.0.0.0 Safari/537.36; compatible; OAI-SearchBot/1.3; robots.txt; +https://openai.com/searchbot"
74.7.241.6 - - [02/Mar/2026:19:04:13 +0000] "GET /whsy.php?e=stack&p=%2Fproc%2F31862 HTTP/2.0" 200 1979 "https://www.sportstude.com.lab2454.com/whsy.php?p=%2Fproc%2F31862" "Mozilla/5.0 AppleWebKit/537.36 (KHTML, like Gecko; compatible; GPTBot/1.3; +https://openai.com/gptbot)"
74.7.241.6 - - [02/Mar/2026:19:06:03 +0000] "GET /whsy.php?e=statm&p=%2Fproc%2F31862 HTTP/2.0" 200 2001 "https://www.sportstude.com.lab2454.com/whsy.php?p=%2Fproc%2F31862" "Mozilla/5.0 AppleWebKit/537.36 (KHTML, like Gecko; compatible; GPTBot/1.3; +https://openai.com/gptbot)"
74.7.241.6 - - [02/Mar/2026:19:07:15 +0000] "GET /whsy.php?e=auxv&p=%2Fproc%2F31862 HTTP/2.0" 200 1977 "https://www.sportstude.com.lab2454.com/whsy.php?p=%2Fproc%2F31862" "Mozilla/5.0 AppleWebKit/537.36 (KHTML, like Gecko; compatible; GPTBot/1.3; +https://openai.com/gptbot)"
74.7.241.6 - - [02/Mar/2026:19:08:49 +0000] "GET /whsy.php?e=setgroups&p=%2Fproc%2F31862 HTTP/2.0" 200 1982 "https://www.sportstude.com.lab2454.com/whsy.php?p=%2Fproc%2F31862" "Mozilla/5.0 AppleWebKit/537.36 (KHTML, like Gecko; compatible; GPTBot/1.3; +https://openai.com/gptbot)"
74.7.228.46 - - [02/Mar/2026:19:08:50 +0000] "GET /robots.txt HTTP/2.0" 404 - "-" "Mozilla/5.0 (Macintosh; Intel Mac OS X 10_15_7) AppleWebKit/537.36 (KHTML, like Gecko) Chrome/131.0.0.0 Safari/537.36; compatible; OAI-SearchBot/1.3; robots.txt; +https://openai.com/searchbot"
74.7.241.6 - - [02/Mar/2026:19:10:19 +0000] "GET /whsy.php?e=sessionid&p=%2Fproc%2F31862 HTTP/2.0" 200 1990 "https://www.sportstude.com.lab2454.com/whsy.php?p=%2Fproc%2F31862" "Mozilla/5.0 AppleWebKit/537.36 (KHTML, like Gecko; compatible; GPTBot/1.3; +https://openai.com/gptbot)"
74.7.241.6 - - [02/Mar/2026:19:11:37 +0000] "GET /whsy.php?e=timerslack_ns&p=%2Fproc%2F31862 HTTP/2.0" 200 1983 "https://www.sportstude.com.lab2454.com/whsy.php?p=%2Fproc%2F31862" "Mozilla/5.0 AppleWebKit/537.36 (KHTML, like Gecko; compatible; GPTBot/1.3; +https://openai.com/gptbot)"
74.7.241.6 - - [02/Mar/2026:19:13:02 +0000] "GET /whsy.php?p=%2Fproc%2F31861%2Fnet HTTP/2.0" 200 2441 "https://www.sportstude.com.lab2454.com/whsy.php?p=%2Fproc%2F31861" "Mozilla/5.0 AppleWebKit/537.36 (KHTML, like Gecko; compatible; GPTBot/1.3; +https://openai.com/gptbot)"
74.7.241.6 - - [02/Mar/2026:19:14:55 +0000] "GET /whsy.php?e=mountinfo&p=%2Fproc%2F31861 HTTP/2.0" 200 2949 "https://www.sportstude.com.lab2454.com/whsy.php?p=%2Fproc%2F31861" "Mozilla/5.0 AppleWebKit/537.36 (KHTML, like Gecko; compatible; GPTBot/1.3; +https://openai.com/gptbot)"
74.7.228.46 - - [02/Mar/2026:19:14:56 +0000] "GET /robots.txt HTTP/2.0" 404 - "-" "Mozilla/5.0 (Macintosh; Intel Mac OS X 10_15_7) AppleWebKit/537.36 (KHTML, like Gecko) Chrome/131.0.0.0 Safari/537.36; compatible; OAI-SearchBot/1.3; robots.txt; +https://openai.com/searchbot"
74.7.241.6 - - [02/Mar/2026:19:16:26 +0000] "GET /whsy.php?e=timerslack_ns&p=%2Fproc%2F31861 HTTP/2.0" 200 1983 "https://www.sportstude.com.lab2454.com/whsy.php?p=%2Fproc%2F31861" "Mozilla/5.0 AppleWebKit/537.36 (KHTML, like Gecko; compatible; GPTBot/1.3; +https://openai.com/gptbot)"
74.7.241.6 - - [02/Mar/2026:19:17:46 +0000] "GET /whsy.php?e=statm&p=%2Fproc%2F31861 HTTP/2.0" 200 2001 "https://www.sportstude.com.lab2454.com/whsy.php?p=%2Fproc%2F31861" "Mozilla/5.0 AppleWebKit/537.36 (KHTML, like Gecko; compatible; GPTBot/1.3; +https://openai.com/gptbot)"
74.7.241.6 - - [02/Mar/2026:19:19:13 +0000] "GET /whsy.php?e=stack&p=%2Fproc%2F31861 HTTP/2.0" 200 1979 "https://www.sportstude.com.lab2454.com/whsy.php?p=%2Fproc%2F31861" "Mozilla/5.0 AppleWebKit/537.36 (KHTML, like Gecko; compatible; GPTBot/1.3; +https://openai.com/gptbot)"
74.7.241.6 - - [02/Mar/2026:19:20:40 +0000] "GET /whsy.php?e=auxv&p=%2Fproc%2F31861 HTTP/2.0" 200 1977 "https://www.sportstude.com.lab2454.com/whsy.php?p=%2Fproc%2F31861" "Mozilla/5.0 AppleWebKit/537.36 (KHTML, like Gecko; compatible; GPTBot/1.3; +https://openai.com/gptbot)"
74.7.241.6 - - [02/Mar/2026:19:22:02 +0000] "GET /whsy.php?e=wchan&p=%2Fproc%2F31861 HTTP/2.0" 200 1988 "https://www.sportstude.com.lab2454.com/whsy.php?p=%2Fproc%2F31861" "Mozilla/5.0 AppleWebKit/537.36 (KHTML, like Gecko; compatible; GPTBot/1.3; +https://openai.com/gptbot)"
74.7.241.6 - - [02/Mar/2026:19:23:09 +0000] "GET /whsy.php?e=autogroup&p=%2Fproc%2F31862 HTTP/2.0" 200 1995 "https://www.sportstude.com.lab2454.com/whsy.php?p=%2Fproc%2F31862" "Mozilla/5.0 AppleWebKit/537.36 (KHTML, like Gecko; compatible; GPTBot/1.3; +https://openai.com/gptbot)"
74.7.241.6 - - [02/Mar/2026:19:24:44 +0000] "GET /whsy.php?e=schedstat&p=%2Fproc%2F31861 HTTP/2.0" 200 1999 "https://www.sportstude.com.lab2454.com/whsy.php?p=%2Fproc%2F31861" "Mozilla/5.0 AppleWebKit/537.36 (KHTML, like Gecko; compatible; GPTBot/1.3; +https://openai.com/gptbot)"
74.7.241.6 - - [02/Mar/2026:19:26:26 +0000] "GET /whsy.php?e=setgroups&p=%2Fproc%2F31861 HTTP/2.0" 200 1982 "https://www.sportstude.com.lab2454.com/whsy.php?p=%2Fproc%2F31861" "Mozilla/5.0 AppleWebKit/537.36 (KHTML, like Gecko; compatible; GPTBot/1.3; +https://openai.com/gptbot)"
74.7.228.46 - - [02/Mar/2026:19:26:27 +0000] "GET /robots.txt HTTP/2.0" 404 - "-" "Mozilla/5.0 (Macintosh; Intel Mac OS X 10_15_7) AppleWebKit/537.36 (KHTML, like Gecko) Chrome/131.0.0.0 Safari/537.36; compatible; OAI-SearchBot/1.3; robots.txt; +https://openai.com/searchbot"
74.7.241.6 - - [02/Mar/2026:19:28:02 +0000] "GET /whsy.php?e=autogroup&p=%2Fproc%2F31861 HTTP/2.0" 200 1995 "https://www.sportstude.com.lab2454.com/whsy.php?p=%2Fproc%2F31861" "Mozilla/5.0 AppleWebKit/537.36 (KHTML, like Gecko; compatible; GPTBot/1.3; +https://openai.com/gptbot)"
74.7.241.6 - - [02/Mar/2026:19:29:39 +0000] "GET /whsy.php?e=unix&p=%2Fproc%2F31861%2Fnet HTTP/2.0" 200 5058 "https://www.sportstude.com.lab2454.com/whsy.php?p=%2Fproc%2F31861%2Fnet" "Mozilla/5.0 AppleWebKit/537.36 (KHTML, like Gecko; compatible; GPTBot/1.3; +https://openai.com/gptbot)"
74.7.241.6 - - [02/Mar/2026:19:30:51 +0000] "GET /whsy.php?e=snmp&p=%2Fproc%2F31861%2Fnet HTTP/2.0" 200 3230 "https://www.sportstude.com.lab2454.com/whsy.php?p=%2Fproc%2F31861%2Fnet" "Mozilla/5.0 AppleWebKit/537.36 (KHTML, like Gecko; compatible; GPTBot/1.3; +https://openai.com/gptbot)"
74.7.241.6 - - [02/Mar/2026:19:32:19 +0000] "GET /whsy.php?e=sessionid&p=%2Fproc%2F31861 HTTP/2.0" 200 1990 "https://www.sportstude.com.lab2454.com/whsy.php?p=%2Fproc%2F31861" "Mozilla/5.0 AppleWebKit/537.36 (KHTML, like Gecko; compatible; GPTBot/1.3; +https://openai.com/gptbot)"
74.7.228.46 - - [02/Mar/2026:19:32:19 +0000] "GET /robots.txt HTTP/2.0" 404 - "-" "Mozilla/5.0 (Macintosh; Intel Mac OS X 10_15_7) AppleWebKit/537.36 (KHTML, like Gecko) Chrome/131.0.0.0 Safari/537.36; compatible; OAI-SearchBot/1.3; robots.txt; +https://openai.com/searchbot"
74.7.241.6 - - [02/Mar/2026:19:33:27 +0000] "GET /whsy.php?e=schedstat&p=%2Fproc%2F31862 HTTP/2.0" 200 1999 "https://www.sportstude.com.lab2454.com/whsy.php?p=%2Fproc%2F31862" "Mozilla/5.0 AppleWebKit/537.36 (KHTML, like Gecko; compatible; GPTBot/1.3; +https://openai.com/gptbot)"
74.7.241.6 - - [02/Mar/2026:19:34:42 +0000] "GET /whsy.php?e=wchan&p=%2Fproc%2F31862 HTTP/2.0" 200 1988 "https://www.sportstude.com.lab2454.com/whsy.php?p=%2Fproc%2F31862" "Mozilla/5.0 AppleWebKit/537.36 (KHTML, like Gecko; compatible; GPTBot/1.3; +https://openai.com/gptbot)"
74.7.241.6 - - [02/Mar/2026:19:36:10 +0000] "GET /whsy.php?e=stat&p=%2Fproc%2F31861 HTTP/2.0" 200 2131 "https://www.sportstude.com.lab2454.com/whsy.php?p=%2Fproc%2F31861" "Mozilla/5.0 AppleWebKit/537.36 (KHTML, like Gecko; compatible; GPTBot/1.3; +https://openai.com/gptbot)"
74.7.241.6 - - [02/Mar/2026:19:37:25 +0000] "GET /whsy.php?e=gid_map&p=%2Fproc%2F31861 HTTP/2.0" 200 1998 "https://www.sportstude.com.lab2454.com/whsy.php?p=%2Fproc%2F31861" "Mozilla/5.0 AppleWebKit/537.36 (KHTML, like Gecko; compatible; GPTBot/1.3; +https://openai.com/gptbot)"
74.7.228.46 - - [02/Mar/2026:19:37:26 +0000] "GET /robots.txt HTTP/2.0" 404 - "-" "Mozilla/5.0 (Macintosh; Intel Mac OS X 10_15_7) AppleWebKit/537.36 (KHTML, like Gecko) Chrome/131.0.0.0 Safari/537.36; compatible; OAI-SearchBot/1.3; robots.txt; +https://openai.com/searchbot"
74.7.241.6 - - [02/Mar/2026:19:38:51 +0000] "GET /whsy.php?e=uid_map&p=%2Fproc%2F31861 HTTP/2.0" 200 1995 "https://www.sportstude.com.lab2454.com/whsy.php?p=%2Fproc%2F31861" "Mozilla/5.0 AppleWebKit/537.36 (KHTML, like Gecko; compatible; GPTBot/1.3; +https://openai.com/gptbot)"
74.7.241.6 - - [02/Mar/2026:19:39:52 +0000] "GET /whsy.php?e=smaps&p=%2Fproc%2F31861 HTTP/2.0" 200 5081 "https://www.sportstude.com.lab2454.com/whsy.php?p=%2Fproc%2F31861" "Mozilla/5.0 AppleWebKit/537.36 (KHTML, like Gecko; compatible; GPTBot/1.3; +https://openai.com/gptbot)"
74.7.241.6 - - [02/Mar/2026:19:41:17 +0000] "GET /whsy.php?e=gid_map&p=%2Fproc%2F31862 HTTP/2.0" 200 1998 "https://www.sportstude.com.lab2454.com/whsy.php?p=%2Fproc%2F31862" "Mozilla/5.0 AppleWebKit/537.36 (KHTML, like Gecko; compatible; GPTBot/1.3; +https://openai.com/gptbot)"
74.7.241.6 - - [02/Mar/2026:19:42:12 +0000] "GET /whsy.php?e=oom_adj&p=%2Fproc%2F31861 HTTP/2.0" 200 1981 "https://www.sportstude.com.lab2454.com/whsy.php?p=%2Fproc%2F31861" "Mozilla/5.0 AppleWebKit/537.36 (KHTML, like Gecko; compatible; GPTBot/1.3; +https://openai.com/gptbot)"
74.7.241.6 - - [02/Mar/2026:19:43:28 +0000] "GET /whsy.php?e=oom_adj&p=%2Fproc%2F31862 HTTP/2.0" 200 1981 "https://www.sportstude.com.lab2454.com/whsy.php?p=%2Fproc%2F31862" "Mozilla/5.0 AppleWebKit/537.36 (KHTML, like Gecko; compatible; GPTBot/1.3; +https://openai.com/gptbot)"
74.7.228.46 - - [02/Mar/2026:19:43:29 +0000] "GET /robots.txt HTTP/2.0" 404 - "-" "Mozilla/5.0 (Macintosh; Intel Mac OS X 10_15_7) AppleWebKit/537.36 (KHTML, like Gecko) Chrome/131.0.0.0 Safari/537.36; compatible; OAI-SearchBot/1.3; robots.txt; +https://openai.com/searchbot"
74.7.241.6 - - [02/Mar/2026:19:44:47 +0000] "GET /whsy.php?e=uid_map&p=%2Fproc%2F31862 HTTP/2.0" 200 1995 "https://www.sportstude.com.lab2454.com/whsy.php?p=%2Fproc%2F31862" "Mozilla/5.0 AppleWebKit/537.36 (KHTML, like Gecko; compatible; GPTBot/1.3; +https://openai.com/gptbot)"
74.7.241.6 - - [02/Mar/2026:19:46:10 +0000] "GET /whsy.php?e=exe&p=%2Fproc%2F31862 HTTP/2.0" 200 1978 "https://www.sportstude.com.lab2454.com/whsy.php?p=%2Fproc%2F31862" "Mozilla/5.0 AppleWebKit/537.36 (KHTML, like Gecko; compatible; GPTBot/1.3; +https://openai.com/gptbot)"
74.7.241.6 - - [02/Mar/2026:19:47:22 +0000] "GET /whsy.php?e=ksm_stat&p=%2Fproc%2F31862 HTTP/2.0" 200 2012 "https://www.sportstude.com.lab2454.com/whsy.php?p=%2Fproc%2F31862" "Mozilla/5.0 AppleWebKit/537.36 (KHTML, like Gecko; compatible; GPTBot/1.3; +https://openai.com/gptbot)"
74.7.241.6 - - [02/Mar/2026:19:48:43 +0000] "GET /whsy.php?e=ksm_stat&p=%2Fproc%2F31861 HTTP/2.0" 200 2012 "https://www.sportstude.com.lab2454.com/whsy.php?p=%2Fproc%2F31861" "Mozilla/5.0 AppleWebKit/537.36 (KHTML, like Gecko; compatible; GPTBot/1.3; +https://openai.com/gptbot)"
74.7.228.46 - - [02/Mar/2026:19:48:43 +0000] "GET /robots.txt HTTP/2.0" 404 - "-" "Mozilla/5.0 (Macintosh; Intel Mac OS X 10_15_7) AppleWebKit/537.36 (KHTML, like Gecko) Chrome/131.0.0.0 Safari/537.36; compatible; OAI-SearchBot/1.3; robots.txt; +https://openai.com/searchbot"
74.7.241.6 - - [02/Mar/2026:19:50:03 +0000] "GET /whsy.php?e=oom_score_adj&p=%2Fproc%2F31862 HTTP/2.0" 200 1983 "https://www.sportstude.com.lab2454.com/whsy.php?p=%2Fproc%2F31862" "Mozilla/5.0 AppleWebKit/537.36 (KHTML, like Gecko; compatible; GPTBot/1.3; +https://openai.com/gptbot)"
74.7.241.6 - - [02/Mar/2026:19:51:45 +0000] "GET /whsy.php?e=oom_score_adj&p=%2Fproc%2F31861 HTTP/2.0" 200 1983 "https://www.sportstude.com.lab2454.com/whsy.php?p=%2Fproc%2F31861" "Mozilla/5.0 AppleWebKit/537.36 (KHTML, like Gecko; compatible; GPTBot/1.3; +https://openai.com/gptbot)"
74.7.241.6 - - [02/Mar/2026:19:52:55 +0000] "GET /whsy.php?e=clear_refs&p=%2Fproc%2F31861 HTTP/2.0" 200 1907 "https://www.sportstude.com.lab2454.com/whsy.php?p=%2Fproc%2F31861" "Mozilla/5.0 AppleWebKit/537.36 (KHTML, like Gecko; compatible; GPTBot/1.3; +https://openai.com/gptbot)"
74.7.241.6 - - [02/Mar/2026:19:54:27 +0000] "GET /whsy.php?e=comm&p=%2Fproc%2F31861 HTTP/2.0" 200 1983 "https://www.sportstude.com.lab2454.com/whsy.php?p=%2Fproc%2F31861" "Mozilla/5.0 AppleWebKit/537.36 (KHTML, like Gecko; compatible; GPTBot/1.3; +https://openai.com/gptbot)"
74.7.228.46 - - [02/Mar/2026:19:54:29 +0000] "GET /robots.txt HTTP/2.0" 404 - "-" "Mozilla/5.0 (Macintosh; Intel Mac OS X 10_15_7) AppleWebKit/537.36 (KHTML, like Gecko) Chrome/131.0.0.0 Safari/537.36; compatible; OAI-SearchBot/1.3; robots.txt; +https://openai.com/searchbot"
74.7.241.6 - - [02/Mar/2026:19:55:23 +0000] "GET /whsy.php?e=maps&p=%2Fproc%2F31861 HTTP/2.0" 200 3287 "https://www.sportstude.com.lab2454.com/whsy.php?p=%2Fproc%2F31861" "Mozilla/5.0 AppleWebKit/537.36 (KHTML, like Gecko; compatible; GPTBot/1.3; +https://openai.com/gptbot)"
74.7.241.6 - - [02/Mar/2026:19:56:47 +0000] "GET /whsy.php?e=cmdline&p=%2Fproc%2F31861 HTTP/2.0" 200 2115 "https://www.sportstude.com.lab2454.com/whsy.php?p=%2Fproc%2F31861" "Mozilla/5.0 AppleWebKit/537.36 (KHTML, like Gecko; compatible; GPTBot/1.3; +https://openai.com/gptbot)"
74.7.241.6 - - [02/Mar/2026:19:58:08 +0000] "GET /whsy.php?e=smaps_rollup&p=%2Fproc%2F31861 HTTP/2.0" 200 2221 "https://www.sportstude.com.lab2454.com/whsy.php?p=%2Fproc%2F31861" "Mozilla/5.0 AppleWebKit/537.36 (KHTML, like Gecko; compatible; GPTBot/1.3; +https://openai.com/gptbot)"
74.7.241.6 - - [02/Mar/2026:19:59:19 +0000] "GET /whsy.php?e=timens_offsets&p=%2Fproc%2F31861 HTTP/2.0" 200 1998 "https://www.sportstude.com.lab2454.com/whsy.php?p=%2Fproc%2F31861" "Mozilla/5.0 AppleWebKit/537.36 (KHTML, like Gecko; compatible; GPTBot/1.3; +https://openai.com/gptbot)"
74.7.241.6 - - [02/Mar/2026:20:00:26 +0000] "GET /whsy.php?e=timens_offsets&p=%2Fproc%2F31862 HTTP/2.0" 200 1998 "https://www.sportstude.com.lab2454.com/whsy.php?p=%2Fproc%2F31862" "Mozilla/5.0 AppleWebKit/537.36 (KHTML, like Gecko; compatible; GPTBot/1.3; +https://openai.com/gptbot)"
74.7.228.46 - - [02/Mar/2026:20:00:27 +0000] "GET /robots.txt HTTP/2.0" 404 - "-" "Mozilla/5.0 (Macintosh; Intel Mac OS X 10_15_7) AppleWebKit/537.36 (KHTML, like Gecko) Chrome/131.0.0.0 Safari/537.36; compatible; OAI-SearchBot/1.3; robots.txt; +https://openai.com/searchbot"
74.7.241.6 - - [02/Mar/2026:20:01:53 +0000] "GET /whsy.php?e=cmdline&p=%2Fproc%2F31862 HTTP/2.0" 200 2115 "https://www.sportstude.com.lab2454.com/whsy.php?p=%2Fproc%2F31862" "Mozilla/5.0 AppleWebKit/537.36 (KHTML, like Gecko; compatible; GPTBot/1.3; +https://openai.com/gptbot)"
74.7.241.6 - - [02/Mar/2026:20:03:05 +0000] "GET /whsy.php?e=exe&p=%2Fproc%2F31861 HTTP/2.0" 200 1978 "https://www.sportstude.com.lab2454.com/whsy.php?p=%2Fproc%2F31861" "Mozilla/5.0 AppleWebKit/537.36 (KHTML, like Gecko; compatible; GPTBot/1.3; +https://openai.com/gptbot)"
74.7.241.6 - - [02/Mar/2026:20:04:26 +0000] "GET /whsy.php?e=mem&p=%2Fproc%2F31861 HTTP/2.0" 200 1979 "https://www.sportstude.com.lab2454.com/whsy.php?p=%2Fproc%2F31861" "Mozilla/5.0 AppleWebKit/537.36 (KHTML, like Gecko; compatible; GPTBot/1.3; +https://openai.com/gptbot)"
74.7.241.6 - - [02/Mar/2026:20:05:35 +0000] "GET /whsy.php?e=personality&p=%2Fproc%2F31861 HTTP/2.0" 200 1981 "https://www.sportstude.com.lab2454.com/whsy.php?p=%2Fproc%2F31861" "Mozilla/5.0 AppleWebKit/537.36 (KHTML, like Gecko; compatible; GPTBot/1.3; +https://openai.com/gptbot)"
74.7.228.46 - - [02/Mar/2026:20:05:36 +0000] "GET /robots.txt HTTP/2.0" 404 - "-" "Mozilla/5.0 (Macintosh; Intel Mac OS X 10_15_7) AppleWebKit/537.36 (KHTML, like Gecko) Chrome/131.0.0.0 Safari/537.36; compatible; OAI-SearchBot/1.3; robots.txt; +https://openai.com/searchbot"
74.7.241.6 - - [02/Mar/2026:20:06:59 +0000] "GET /whsy.php?e=personality&p=%2Fproc%2F31862 HTTP/2.0" 200 1981 "https://www.sportstude.com.lab2454.com/whsy.php?p=%2Fproc%2F31862" "Mozilla/5.0 AppleWebKit/537.36 (KHTML, like Gecko; compatible; GPTBot/1.3; +https://openai.com/gptbot)"
74.7.241.6 - - [02/Mar/2026:20:08:19 +0000] "GET /whsy.php?e=sched&p=%2Fproc%2F31862 HTTP/2.0" 200 2431 "https://www.sportstude.com.lab2454.com/whsy.php?p=%2Fproc%2F31862" "Mozilla/5.0 AppleWebKit/537.36 (KHTML, like Gecko; compatible; GPTBot/1.3; +https://openai.com/gptbot)"
74.7.241.6 - - [02/Mar/2026:20:09:40 +0000] "GET /whsy.php?e=sched&p=%2Fproc%2F31861 HTTP/2.0" 200 2430 "https://www.sportstude.com.lab2454.com/whsy.php?p=%2Fproc%2F31861" "Mozilla/5.0 AppleWebKit/537.36 (KHTML, like Gecko; compatible; GPTBot/1.3; +https://openai.com/gptbot)"
74.7.241.6 - - [02/Mar/2026:20:11:02 +0000] "GET /whsy.php?e=smaps&p=%2Fproc%2F31862 HTTP/2.0" 200 5080 "https://www.sportstude.com.lab2454.com/whsy.php?p=%2Fproc%2F31862" "Mozilla/5.0 AppleWebKit/537.36 (KHTML, like Gecko; compatible; GPTBot/1.3; +https://openai.com/gptbot)"
74.7.228.46 - - [02/Mar/2026:20:11:02 +0000] "GET /robots.txt HTTP/2.0" 404 - "-" "Mozilla/5.0 (Macintosh; Intel Mac OS X 10_15_7) AppleWebKit/537.36 (KHTML, like Gecko) Chrome/131.0.0.0 Safari/537.36; compatible; OAI-SearchBot/1.3; robots.txt; +https://openai.com/searchbot"
74.7.241.6 - - [02/Mar/2026:20:12:02 +0000] "GET /whsy.php?e=syscall&p=%2Fproc%2F31861 HTTP/2.0" 200 2022 "https://www.sportstude.com.lab2454.com/whsy.php?p=%2Fproc%2F31861" "Mozilla/5.0 AppleWebKit/537.36 (KHTML, like Gecko; compatible; GPTBot/1.3; +https://openai.com/gptbot)"
74.7.241.6 - - [02/Mar/2026:20:13:36 +0000] "GET /whsy.php?e=environ&p=%2Fproc%2F31861 HTTP/2.0" 200 2079 "https://www.sportstude.com.lab2454.com/whsy.php?p=%2Fproc%2F31861" "Mozilla/5.0 AppleWebKit/537.36 (KHTML, like Gecko; compatible; GPTBot/1.3; +https://openai.com/gptbot)"
74.7.241.6 - - [02/Mar/2026:20:14:55 +0000] "GET /whsy.php?e=environ&p=%2Fproc%2F31862 HTTP/2.0" 200 2079 "https://www.sportstude.com.lab2454.com/whsy.php?p=%2Fproc%2F31862" "Mozilla/5.0 AppleWebKit/537.36 (KHTML, like Gecko; compatible; GPTBot/1.3; +https://openai.com/gptbot)"
74.7.241.6 - - [02/Mar/2026:20:16:38 +0000] "GET /whsy.php?p=%2Fproc%2F31849 HTTP/2.0" 200 1907 "https://www.sportstude.com.lab2454.com/whsy.php?p=%2Fproc%2F29566%2F.." "Mozilla/5.0 AppleWebKit/537.36 (KHTML, like Gecko; compatible; GPTBot/1.3; +https://openai.com/gptbot)"
74.7.228.46 - - [02/Mar/2026:20:16:39 +0000] "GET /robots.txt HTTP/2.0" 404 - "-" "Mozilla/5.0 (Macintosh; Intel Mac OS X 10_15_7) AppleWebKit/537.36 (KHTML, like Gecko) Chrome/131.0.0.0 Safari/537.36; compatible; OAI-SearchBot/1.3; robots.txt; +https://openai.com/searchbot"
74.7.241.6 - - [02/Mar/2026:20:18:09 +0000] "GET /whsy.php?p=%2Fproc%2F28357 HTTP/2.0" 200 860 "https://www.sportstude.com.lab2454.com/whsy.php?e=7168&p=%2Fproc" "Mozilla/5.0 AppleWebKit/537.36 (KHTML, like Gecko; compatible; GPTBot/1.3; +https://openai.com/gptbot)"
74.7.241.6 - - [02/Mar/2026:20:19:31 +0000] "GET /whsy.php?p=%2Fproc%2F17786 HTTP/2.0" 200 860 "https://www.sportstude.com.lab2454.com/whsy.php?e=31672&p=%2Fproc" "Mozilla/5.0 AppleWebKit/537.36 (KHTML, like Gecko; compatible; GPTBot/1.3; +https://openai.com/gptbot)"
74.7.241.6 - - [02/Mar/2026:20:20:47 +0000] "GET /whsy.php?p=%2Fproc%2F28467 HTTP/2.0" 200 860 "https://www.sportstude.com.lab2454.com/whsy.php?e=7168&p=%2Fproc" "Mozilla/5.0 AppleWebKit/537.36 (KHTML, like Gecko; compatible; GPTBot/1.3; +https://openai.com/gptbot)"
74.7.241.6 - - [02/Mar/2026:20:22:23 +0000] "GET /whsy.php?p=%2Fproc%2F15449 HTTP/2.0" 200 860 "https://www.sportstude.com.lab2454.com/whsy.php?p=%2Fproc%2F29782%2F.." "Mozilla/5.0 AppleWebKit/537.36 (KHTML, like Gecko; compatible; GPTBot/1.3; +https://openai.com/gptbot)"
74.7.241.6 - - [02/Mar/2026:20:24:24 +0000] "GET /whsy.php?p=%2Fproc%2F17787 HTTP/2.0" 200 860 "https://www.sportstude.com.lab2454.com/whsy.php?e=31672&p=%2Fproc" "Mozilla/5.0 AppleWebKit/537.36 (KHTML, like Gecko; compatible; GPTBot/1.3; +https://openai.com/gptbot)"
74.7.241.6 - - [02/Mar/2026:20:25:48 +0000] "GET /whsy.php?p=%2Fproc%2F15372 HTTP/2.0" 200 860 "https://www.sportstude.com.lab2454.com/whsy.php?p=%2Fproc%2F29782%2F.." "Mozilla/5.0 AppleWebKit/537.36 (KHTML, like Gecko; compatible; GPTBot/1.3; +https://openai.com/gptbot)"
74.7.241.6 - - [02/Mar/2026:20:27:55 +0000] "GET /whsy.php?p=%2Fproc%2F15469 HTTP/2.0" 200 860 "https://www.sportstude.com.lab2454.com/whsy.php?p=%2Fproc%2F29782%2F.." "Mozilla/5.0 AppleWebKit/537.36 (KHTML, like Gecko; compatible; GPTBot/1.3; +https://openai.com/gptbot)"
74.7.228.46 - - [02/Mar/2026:20:27:56 +0000] "GET /robots.txt HTTP/2.0" 404 - "-" "Mozilla/5.0 (Macintosh; Intel Mac OS X 10_15_7) AppleWebKit/537.36 (KHTML, like Gecko) Chrome/131.0.0.0 Safari/537.36; compatible; OAI-SearchBot/1.3; robots.txt; +https://openai.com/searchbot"
74.7.241.6 - - [02/Mar/2026:20:29:50 +0000] "GET /whsy.php?p=%2Fproc%2F31676 HTTP/2.0" 200 860 "https://www.sportstude.com.lab2454.com/whsy.php?p=%2Fproc%2F26963%2F.." "Mozilla/5.0 AppleWebKit/537.36 (KHTML, like Gecko; compatible; GPTBot/1.3; +https://openai.com/gptbot)"
74.7.241.6 - - [02/Mar/2026:20:31:37 +0000] "GET /whsy.php?p=%2Fproc%2F15458 HTTP/2.0" 200 860 "https://www.sportstude.com.lab2454.com/whsy.php?p=%2Fproc%2F29782%2F.." "Mozilla/5.0 AppleWebKit/537.36 (KHTML, like Gecko; compatible; GPTBot/1.3; +https://openai.com/gptbot)"
74.7.241.6 - - [02/Mar/2026:20:33:33 +0000] "GET /whsy.php?p=%2Fproc%2F17782 HTTP/2.0" 200 860 "https://www.sportstude.com.lab2454.com/whsy.php?e=31672&p=%2Fproc" "Mozilla/5.0 AppleWebKit/537.36 (KHTML, like Gecko; compatible; GPTBot/1.3; +https://openai.com/gptbot)"
74.7.228.46 - - [02/Mar/2026:20:33:35 +0000] "GET /robots.txt HTTP/2.0" 404 - "-" "Mozilla/5.0 (Macintosh; Intel Mac OS X 10_15_7) AppleWebKit/537.36 (KHTML, like Gecko) Chrome/131.0.0.0 Safari/537.36; compatible; OAI-SearchBot/1.3; robots.txt; +https://openai.com/searchbot"
74.7.241.6 - - [02/Mar/2026:20:35:03 +0000] "GET /whsy.php?e=timerslack_ns&p=%2Fproc%2F31849 HTTP/2.0" 200 1983 "https://www.sportstude.com.lab2454.com/whsy.php?p=%2Fproc%2F31849" "Mozilla/5.0 AppleWebKit/537.36 (KHTML, like Gecko; compatible; GPTBot/1.3; +https://openai.com/gptbot)"
74.7.241.6 - - [02/Mar/2026:20:36:27 +0000] "GET /whsy.php?e=stack&p=%2Fproc%2F31849 HTTP/2.0" 200 1979 "https://www.sportstude.com.lab2454.com/whsy.php?p=%2Fproc%2F31849" "Mozilla/5.0 AppleWebKit/537.36 (KHTML, like Gecko; compatible; GPTBot/1.3; +https://openai.com/gptbot)"
74.7.241.6 - - [02/Mar/2026:20:37:47 +0000] "GET /whsy.php?e=statm&p=%2Fproc%2F31849 HTTP/2.0" 200 2001 "https://www.sportstude.com.lab2454.com/whsy.php?p=%2Fproc%2F31849" "Mozilla/5.0 AppleWebKit/537.36 (KHTML, like Gecko; compatible; GPTBot/1.3; +https://openai.com/gptbot)"
74.7.241.6 - - [02/Mar/2026:20:39:28 +0000] "GET /whsy.php?e=schedstat&p=%2Fproc%2F31849 HTTP/2.0" 200 2003 "https://www.sportstude.com.lab2454.com/whsy.php?p=%2Fproc%2F31849" "Mozilla/5.0 AppleWebKit/537.36 (KHTML, like Gecko; compatible; GPTBot/1.3; +https://openai.com/gptbot)"
74.7.228.46 - - [02/Mar/2026:20:39:29 +0000] "GET /robots.txt HTTP/2.0" 404 - "-" "Mozilla/5.0 (Macintosh; Intel Mac OS X 10_15_7) AppleWebKit/537.36 (KHTML, like Gecko) Chrome/131.0.0.0 Safari/537.36; compatible; OAI-SearchBot/1.3; robots.txt; +https://openai.com/searchbot"
74.7.241.6 - - [02/Mar/2026:20:40:56 +0000] "GET /whsy.php?e=mem&p=%2Fproc%2F31849 HTTP/2.0" 200 1979 "https://www.sportstude.com.lab2454.com/whsy.php?p=%2Fproc%2F31849" "Mozilla/5.0 AppleWebKit/537.36 (KHTML, like Gecko; compatible; GPTBot/1.3; +https://openai.com/gptbot)"
74.7.241.6 - - [02/Mar/2026:20:42:43 +0000] "GET /whsy.php?e=smaps&p=%2Fproc%2F31849 HTTP/2.0" 200 5145 "https://www.sportstude.com.lab2454.com/whsy.php?p=%2Fproc%2F31849" "Mozilla/5.0 AppleWebKit/537.36 (KHTML, like Gecko; compatible; GPTBot/1.3; +https://openai.com/gptbot)"
74.7.241.6 - - [02/Mar/2026:20:44:10 +0000] "GET /whsy.php?e=mountinfo&p=%2Fproc%2F31849 HTTP/2.0" 200 2910 "https://www.sportstude.com.lab2454.com/whsy.php?p=%2Fproc%2F31849" "Mozilla/5.0 AppleWebKit/537.36 (KHTML, like Gecko; compatible; GPTBot/1.3; +https://openai.com/gptbot)"
74.7.241.6 - - [02/Mar/2026:20:45:51 +0000] "GET /whsy.php?e=autogroup&p=%2Fproc%2F31849 HTTP/2.0" 200 1995 "https://www.sportstude.com.lab2454.com/whsy.php?p=%2Fproc%2F31849" "Mozilla/5.0 AppleWebKit/537.36 (KHTML, like Gecko; compatible; GPTBot/1.3; +https://openai.com/gptbot)"
74.7.228.46 - - [02/Mar/2026:20:45:52 +0000] "GET /robots.txt HTTP/2.0" 404 - "-" "Mozilla/5.0 (Macintosh; Intel Mac OS X 10_15_7) AppleWebKit/537.36 (KHTML, like Gecko) Chrome/131.0.0.0 Safari/537.36; compatible; OAI-SearchBot/1.3; robots.txt; +https://openai.com/searchbot"
74.7.241.6 - - [02/Mar/2026:20:47:21 +0000] "GET /whsy.php?e=wchan&p=%2Fproc%2F31849 HTTP/2.0" 200 1988 "https://www.sportstude.com.lab2454.com/whsy.php?p=%2Fproc%2F31849" "Mozilla/5.0 AppleWebKit/537.36 (KHTML, like Gecko; compatible; GPTBot/1.3; +https://openai.com/gptbot)"
74.7.241.6 - - [02/Mar/2026:20:49:09 +0000] "GET /whsy.php?e=auxv&p=%2Fproc%2F31849 HTTP/2.0" 200 1977 "https://www.sportstude.com.lab2454.com/whsy.php?p=%2Fproc%2F31849" "Mozilla/5.0 AppleWebKit/537.36 (KHTML, like Gecko; compatible; GPTBot/1.3; +https://openai.com/gptbot)"
74.7.241.6 - - [02/Mar/2026:20:50:34 +0000] "GET /whsy.php?e=exe&p=%2Fproc%2F31849 HTTP/2.0" 200 1978 "https://www.sportstude.com.lab2454.com/whsy.php?p=%2Fproc%2F31849" "Mozilla/5.0 AppleWebKit/537.36 (KHTML, like Gecko; compatible; GPTBot/1.3; +https://openai.com/gptbot)"
74.7.241.6 - - [02/Mar/2026:20:52:23 +0000] "GET /whsy.php?e=sched&p=%2Fproc%2F31849 HTTP/2.0" 200 2446 "https://www.sportstude.com.lab2454.com/whsy.php?p=%2Fproc%2F31849" "Mozilla/5.0 AppleWebKit/537.36 (KHTML, like Gecko; compatible; GPTBot/1.3; +https://openai.com/gptbot)"
74.7.228.46 - - [02/Mar/2026:20:52:24 +0000] "GET /robots.txt HTTP/2.0" 404 - "-" "Mozilla/5.0 (Macintosh; Intel Mac OS X 10_15_7) AppleWebKit/537.36 (KHTML, like Gecko) Chrome/131.0.0.0 Safari/537.36; compatible; OAI-SearchBot/1.3; robots.txt; +https://openai.com/searchbot"
74.7.241.6 - - [02/Mar/2026:20:54:13 +0000] "GET /whsy.php?e=timens_offsets&p=%2Fproc%2F31849 HTTP/2.0" 200 1998 "https://www.sportstude.com.lab2454.com/whsy.php?p=%2Fproc%2F31849" "Mozilla/5.0 AppleWebKit/537.36 (KHTML, like Gecko; compatible; GPTBot/1.3; +https://openai.com/gptbot)"
74.7.241.6 - - [02/Mar/2026:20:55:53 +0000] "GET /whsy.php?e=setgroups&p=%2Fproc%2F31849 HTTP/2.0" 200 1982 "https://www.sportstude.com.lab2454.com/whsy.php?p=%2Fproc%2F31849" "Mozilla/5.0 AppleWebKit/537.36 (KHTML, like Gecko; compatible; GPTBot/1.3; +https://openai.com/gptbot)"
74.7.241.6 - - [02/Mar/2026:20:57:50 +0000] "GET /whsy.php?e=sessionid&p=%2Fproc%2F31849 HTTP/2.0" 200 1990 "https://www.sportstude.com.lab2454.com/whsy.php?p=%2Fproc%2F31849" "Mozilla/5.0 AppleWebKit/537.36 (KHTML, like Gecko; compatible; GPTBot/1.3; +https://openai.com/gptbot)"
74.7.228.46 - - [02/Mar/2026:20:57:51 +0000] "GET /robots.txt HTTP/2.0" 404 - "-" "Mozilla/5.0 (Macintosh; Intel Mac OS X 10_15_7) AppleWebKit/537.36 (KHTML, like Gecko) Chrome/131.0.0.0 Safari/537.36; compatible; OAI-SearchBot/1.3; robots.txt; +https://openai.com/searchbot"
74.7.241.6 - - [02/Mar/2026:21:00:37 +0000] "GET /whsy.php?e=comm&p=%2Fproc%2F31849 HTTP/2.0" 200 1984 "https://www.sportstude.com.lab2454.com/whsy.php?p=%2Fproc%2F31849" "Mozilla/5.0 AppleWebKit/537.36 (KHTML, like Gecko; compatible; GPTBot/1.3; +https://openai.com/gptbot)"
74.7.241.6 - - [02/Mar/2026:21:03:12 +0000] "GET /whsy.php?e=maps&p=%2Fproc%2F31849 HTTP/2.0" 200 3257 "https://www.sportstude.com.lab2454.com/whsy.php?p=%2Fproc%2F31849" "Mozilla/5.0 AppleWebKit/537.36 (KHTML, like Gecko; compatible; GPTBot/1.3; +https://openai.com/gptbot)"
74.7.228.46 - - [02/Mar/2026:21:03:13 +0000] "GET /robots.txt HTTP/2.0" 404 - "-" "Mozilla/5.0 (Macintosh; Intel Mac OS X 10_15_7) AppleWebKit/537.36 (KHTML, like Gecko) Chrome/131.0.0.0 Safari/537.36; compatible; OAI-SearchBot/1.3; robots.txt; +https://openai.com/searchbot"
74.7.241.6 - - [02/Mar/2026:21:05:59 +0000] "GET /whsy.php?e=gid_map&p=%2Fproc%2F31849 HTTP/2.0" 200 1998 "https://www.sportstude.com.lab2454.com/whsy.php?p=%2Fproc%2F31849" "Mozilla/5.0 AppleWebKit/537.36 (KHTML, like Gecko; compatible; GPTBot/1.3; +https://openai.com/gptbot)"
74.7.241.6 - - [02/Mar/2026:21:09:04 +0000] "GET /whsy.php?e=uid_map&p=%2Fproc%2F31849 HTTP/2.0" 200 1995 "https://www.sportstude.com.lab2454.com/whsy.php?p=%2Fproc%2F31849" "Mozilla/5.0 AppleWebKit/537.36 (KHTML, like Gecko; compatible; GPTBot/1.3; +https://openai.com/gptbot)"
74.7.228.46 - - [02/Mar/2026:21:09:05 +0000] "GET /robots.txt HTTP/2.0" 404 - "-" "Mozilla/5.0 (Macintosh; Intel Mac OS X 10_15_7) AppleWebKit/537.36 (KHTML, like Gecko) Chrome/131.0.0.0 Safari/537.36; compatible; OAI-SearchBot/1.3; robots.txt; +https://openai.com/searchbot"
74.7.241.6 - - [02/Mar/2026:21:11:38 +0000] "GET /whsy.php?e=oom_adj&p=%2Fproc%2F31849 HTTP/2.0" 200 1981 "https://www.sportstude.com.lab2454.com/whsy.php?p=%2Fproc%2F31849" "Mozilla/5.0 AppleWebKit/537.36 (KHTML, like Gecko; compatible; GPTBot/1.3; +https://openai.com/gptbot)"
74.7.241.6 - - [02/Mar/2026:21:13:49 +0000] "GET /whsy.php?e=stat&p=%2Fproc%2F31849 HTTP/2.0" 200 2134 "https://www.sportstude.com.lab2454.com/whsy.php?p=%2Fproc%2F31849" "Mozilla/5.0 AppleWebKit/537.36 (KHTML, like Gecko; compatible; GPTBot/1.3; +https://openai.com/gptbot)"
74.7.241.6 - - [02/Mar/2026:21:16:12 +0000] "GET /whsy.php?e=io&p=%2Fproc%2F31849 HTTP/2.0" 200 2053 "https://www.sportstude.com.lab2454.com/whsy.php?p=%2Fproc%2F31849" "Mozilla/5.0 AppleWebKit/537.36 (KHTML, like Gecko; compatible; GPTBot/1.3; +https://openai.com/gptbot)"
74.7.228.46 - - [02/Mar/2026:21:16:13 +0000] "GET /robots.txt HTTP/2.0" 404 - "-" "Mozilla/5.0 (Macintosh; Intel Mac OS X 10_15_7) AppleWebKit/537.36 (KHTML, like Gecko) Chrome/131.0.0.0 Safari/537.36; compatible; OAI-SearchBot/1.3; robots.txt; +https://openai.com/searchbot"
74.7.241.6 - - [02/Mar/2026:21:18:52 +0000] "GET /whsy.php?e=oom_score_adj&p=%2Fproc%2F31849 HTTP/2.0" 200 1983 "https://www.sportstude.com.lab2454.com/whsy.php?p=%2Fproc%2F31849" "Mozilla/5.0 AppleWebKit/537.36 (KHTML, like Gecko; compatible; GPTBot/1.3; +https://openai.com/gptbot)"
74.7.241.6 - - [02/Mar/2026:21:21:26 +0000] "GET /whsy.php?e=ksm_stat&p=%2Fproc%2F31849 HTTP/2.0" 200 2012 "https://www.sportstude.com.lab2454.com/whsy.php?p=%2Fproc%2F31849" "Mozilla/5.0 AppleWebKit/537.36 (KHTML, like Gecko; compatible; GPTBot/1.3; +https://openai.com/gptbot)"
74.7.228.46 - - [02/Mar/2026:21:21:27 +0000] "GET /robots.txt HTTP/2.0" 404 - "-" "Mozilla/5.0 (Macintosh; Intel Mac OS X 10_15_7) AppleWebKit/537.36 (KHTML, like Gecko) Chrome/131.0.0.0 Safari/537.36; compatible; OAI-SearchBot/1.3; robots.txt; +https://openai.com/searchbot"
74.7.241.6 - - [02/Mar/2026:21:23:56 +0000] "GET /whsy.php?e=cmdline&p=%2Fproc%2F31849 HTTP/2.0" 200 2115 "https://www.sportstude.com.lab2454.com/whsy.php?p=%2Fproc%2F31849" "Mozilla/5.0 AppleWebKit/537.36 (KHTML, like Gecko; compatible; GPTBot/1.3; +https://openai.com/gptbot)"
74.7.241.6 - - [02/Mar/2026:21:27:09 +0000] "GET /whsy.php?e=environ&p=%2Fproc%2F31849 HTTP/2.0" 200 2079 "https://www.sportstude.com.lab2454.com/whsy.php?p=%2Fproc%2F31849" "Mozilla/5.0 AppleWebKit/537.36 (KHTML, like Gecko; compatible; GPTBot/1.3; +https://openai.com/gptbot)"
74.7.241.6 - - [02/Mar/2026:21:29:59 +0000] "GET /whsy.php?e=smaps_rollup&p=%2Fproc%2F31849 HTTP/2.0" 200 2234 "https://www.sportstude.com.lab2454.com/whsy.php?p=%2Fproc%2F31849" "Mozilla/5.0 AppleWebKit/537.36 (KHTML, like Gecko; compatible; GPTBot/1.3; +https://openai.com/gptbot)"
74.7.241.6 - - [02/Mar/2026:21:32:52 +0000] "GET /whsy.php?e=personality&p=%2Fproc%2F31849 HTTP/2.0" 200 1981 "https://www.sportstude.com.lab2454.com/whsy.php?p=%2Fproc%2F31849" "Mozilla/5.0 AppleWebKit/537.36 (KHTML, like Gecko; compatible; GPTBot/1.3; +https://openai.com/gptbot)"
74.7.228.46 - - [02/Mar/2026:21:32:53 +0000] "GET /robots.txt HTTP/2.0" 404 - "-" "Mozilla/5.0 (Macintosh; Intel Mac OS X 10_15_7) AppleWebKit/537.36 (KHTML, like Gecko) Chrome/131.0.0.0 Safari/537.36; compatible; OAI-SearchBot/1.3; robots.txt; +https://openai.com/searchbot"
74.7.241.6 - - [02/Mar/2026:21:35:49 +0000] "GET /whsy.php?e=clear_refs&p=%2Fproc%2F31849 HTTP/2.0" 200 1907 "https://www.sportstude.com.lab2454.com/whsy.php?p=%2Fproc%2F31849" "Mozilla/5.0 AppleWebKit/537.36 (KHTML, like Gecko; compatible; GPTBot/1.3; +https://openai.com/gptbot)"
74.7.241.6 - - [02/Mar/2026:21:38:50 +0000] "GET /whsy.php?e=pagemap&p=%2Fproc%2F31849 HTTP/2.0" 200 561 "https://www.sportstude.com.lab2454.com/whsy.php?p=%2Fproc%2F31849" "Mozilla/5.0 AppleWebKit/537.36 (KHTML, like Gecko; compatible; GPTBot/1.3; +https://openai.com/gptbot)"
74.7.228.46 - - [02/Mar/2026:21:38:54 +0000] "GET /robots.txt HTTP/2.0" 404 - "-" "Mozilla/5.0 (Macintosh; Intel Mac OS X 10_15_7) AppleWebKit/537.36 (KHTML, like Gecko) Chrome/131.0.0.0 Safari/537.36; compatible; OAI-SearchBot/1.3; robots.txt; +https://openai.com/searchbot"
74.7.241.6 - - [02/Mar/2026:21:41:36 +0000] "GET /whsy.php?e=syscall&p=%2Fproc%2F31849 HTTP/2.0" 200 2018 "https://www.sportstude.com.lab2454.com/whsy.php?p=%2Fproc%2F31849" "Mozilla/5.0 AppleWebKit/537.36 (KHTML, like Gecko; compatible; GPTBot/1.3; +https://openai.com/gptbot)"
74.7.241.6 - - [02/Mar/2026:21:43:58 +0000] "GET /whsy.php?p=%2Fproc%2F15471 HTTP/2.0" 200 860 "https://www.sportstude.com.lab2454.com/whsy.php?p=%2Fproc%2F29782%2F.." "Mozilla/5.0 AppleWebKit/537.36 (KHTML, like Gecko; compatible; GPTBot/1.3; +https://openai.com/gptbot)"
74.7.228.46 - - [02/Mar/2026:21:44:00 +0000] "GET /robots.txt HTTP/2.0" 404 - "-" "Mozilla/5.0 (Macintosh; Intel Mac OS X 10_15_7) AppleWebKit/537.36 (KHTML, like Gecko) Chrome/131.0.0.0 Safari/537.36; compatible; OAI-SearchBot/1.3; robots.txt; +https://openai.com/searchbot"
74.7.241.6 - - [02/Mar/2026:21:46:50 +0000] "GET /whsy.php?p=%2Fproc%2F31759 HTTP/2.0" 200 860 "https://www.sportstude.com.lab2454.com/whsy.php?p=%2Fproc%2F26963%2F.." "Mozilla/5.0 AppleWebKit/537.36 (KHTML, like Gecko; compatible; GPTBot/1.3; +https://openai.com/gptbot)"
74.7.241.6 - - [02/Mar/2026:21:49:38 +0000] "GET /whsy.php?p=%2Fproc%2F31868 HTTP/2.0" 200 1907 "https://www.sportstude.com.lab2454.com/whsy.php?p=%2Fproc%2F29566%2F.." "Mozilla/5.0 AppleWebKit/537.36 (KHTML, like Gecko; compatible; GPTBot/1.3; +https://openai.com/gptbot)"
74.7.228.46 - - [02/Mar/2026:21:49:39 +0000] "GET /robots.txt HTTP/2.0" 404 - "-" "Mozilla/5.0 (Macintosh; Intel Mac OS X 10_15_7) AppleWebKit/537.36 (KHTML, like Gecko) Chrome/131.0.0.0 Safari/537.36; compatible; OAI-SearchBot/1.3; robots.txt; +https://openai.com/searchbot"
74.7.241.6 - - [02/Mar/2026:21:52:17 +0000] "GET /whsy.php?p=%2Fproc%2F17918 HTTP/2.0" 200 860 "https://www.sportstude.com.lab2454.com/whsy.php?p=%2Fproc%2F26963%2F.." "Mozilla/5.0 AppleWebKit/537.36 (KHTML, like Gecko; compatible; GPTBot/1.3; +https://openai.com/gptbot)"
74.7.241.6 - - [02/Mar/2026:21:55:17 +0000] "GET /whsy.php?p=%2Fproc%2F31758 HTTP/2.0" 200 860 "https://www.sportstude.com.lab2454.com/whsy.php?p=%2Fproc%2F26963%2F.." "Mozilla/5.0 AppleWebKit/537.36 (KHTML, like Gecko; compatible; GPTBot/1.3; +https://openai.com/gptbot)"
