74.7.228.46 - - [02/Mar/2026:21:55:19 +0000] "GET /robots.txt HTTP/2.0" 404 - "-" "Mozilla/5.0 (Macintosh; Intel Mac OS X 10_15_7) AppleWebKit/537.36 (KHTML, like Gecko) Chrome/131.0.0.0 Safari/537.36; compatible; OAI-SearchBot/1.3; robots.txt; +https://openai.com/searchbot"
74.7.241.6 - - [02/Mar/2026:21:57:57 +0000] "GET /whsy.php?p=%2Fproc%2F17769 HTTP/2.0" 200 860 "https://www.sportstude.com.lab2454.com/whsy.php?e=31672&p=%2Fproc" "Mozilla/5.0 AppleWebKit/537.36 (KHTML, like Gecko; compatible; GPTBot/1.3; +https://openai.com/gptbot)"
74.7.241.6 - - [02/Mar/2026:22:01:02 +0000] "GET /whsy.php?p=%2Fproc%2F15477 HTTP/2.0" 200 860 "https://www.sportstude.com.lab2454.com/whsy.php?p=%2Fproc%2F29782%2F.." "Mozilla/5.0 AppleWebKit/537.36 (KHTML, like Gecko; compatible; GPTBot/1.3; +https://openai.com/gptbot)"
74.7.228.46 - - [02/Mar/2026:22:01:03 +0000] "GET /robots.txt HTTP/2.0" 404 - "-" "Mozilla/5.0 (Macintosh; Intel Mac OS X 10_15_7) AppleWebKit/537.36 (KHTML, like Gecko) Chrome/131.0.0.0 Safari/537.36; compatible; OAI-SearchBot/1.3; robots.txt; +https://openai.com/searchbot"
74.7.241.6 - - [02/Mar/2026:22:03:51 +0000] "GET /whsy.php?p=%2Fproc%2F15490 HTTP/2.0" 200 860 "https://www.sportstude.com.lab2454.com/whsy.php?p=%2Fproc%2F29782%2F.." "Mozilla/5.0 AppleWebKit/537.36 (KHTML, like Gecko; compatible; GPTBot/1.3; +https://openai.com/gptbot)"
74.7.241.6 - - [02/Mar/2026:22:07:22 +0000] "GET /whsy.php?p=%2Fproc%2F15475 HTTP/2.0" 200 860 "https://www.sportstude.com.lab2454.com/whsy.php?p=%2Fproc%2F29782%2F.." "Mozilla/5.0 AppleWebKit/537.36 (KHTML, like Gecko; compatible; GPTBot/1.3; +https://openai.com/gptbot)"
74.7.228.46 - - [02/Mar/2026:22:07:23 +0000] "GET /robots.txt HTTP/2.0" 404 - "-" "Mozilla/5.0 (Macintosh; Intel Mac OS X 10_15_7) AppleWebKit/537.36 (KHTML, like Gecko) Chrome/131.0.0.0 Safari/537.36; compatible; OAI-SearchBot/1.3; robots.txt; +https://openai.com/searchbot"
74.7.241.6 - - [02/Mar/2026:22:10:34 +0000] "GET /whsy.php?p=%2Fproc%2F31866 HTTP/2.0" 200 1907 "https://www.sportstude.com.lab2454.com/whsy.php?p=%2Fproc%2F29566%2F.." "Mozilla/5.0 AppleWebKit/537.36 (KHTML, like Gecko; compatible; GPTBot/1.3; +https://openai.com/gptbot)"
74.7.241.6 - - [02/Mar/2026:22:13:21 +0000] "GET /whsy.php?p=%2Fproc%2F15397 HTTP/2.0" 200 860 "https://www.sportstude.com.lab2454.com/whsy.php?p=%2Fproc%2F29782%2F.." "Mozilla/5.0 AppleWebKit/537.36 (KHTML, like Gecko; compatible; GPTBot/1.3; +https://openai.com/gptbot)"
74.7.228.46 - - [02/Mar/2026:22:13:22 +0000] "GET /robots.txt HTTP/2.0" 404 - "-" "Mozilla/5.0 (Macintosh; Intel Mac OS X 10_15_7) AppleWebKit/537.36 (KHTML, like Gecko) Chrome/131.0.0.0 Safari/537.36; compatible; OAI-SearchBot/1.3; robots.txt; +https://openai.com/searchbot"
74.7.241.6 - - [02/Mar/2026:22:15:57 +0000] "GET /whsy.php?p=%2Fproc%2F15486 HTTP/2.0" 200 860 "https://www.sportstude.com.lab2454.com/whsy.php?p=%2Fproc%2F29782%2F.." "Mozilla/5.0 AppleWebKit/537.36 (KHTML, like Gecko; compatible; GPTBot/1.3; +https://openai.com/gptbot)"
74.7.241.6 - - [02/Mar/2026:22:18:23 +0000] "GET /whsy.php?p=%2Fproc%2F15451 HTTP/2.0" 200 860 "https://www.sportstude.com.lab2454.com/whsy.php?p=%2Fproc%2F29782%2F.." "Mozilla/5.0 AppleWebKit/537.36 (KHTML, like Gecko; compatible; GPTBot/1.3; +https://openai.com/gptbot)"
74.7.228.46 - - [02/Mar/2026:22:18:24 +0000] "GET /robots.txt HTTP/2.0" 404 - "-" "Mozilla/5.0 (Macintosh; Intel Mac OS X 10_15_7) AppleWebKit/537.36 (KHTML, like Gecko) Chrome/131.0.0.0 Safari/537.36; compatible; OAI-SearchBot/1.3; robots.txt; +https://openai.com/searchbot"
74.7.241.6 - - [02/Mar/2026:22:21:06 +0000] "GET /whsy.php?e=mountinfo&p=%2Fproc%2F31868 HTTP/2.0" 200 2948 "https://www.sportstude.com.lab2454.com/whsy.php?p=%2Fproc%2F31868" "Mozilla/5.0 AppleWebKit/537.36 (KHTML, like Gecko; compatible; GPTBot/1.3; +https://openai.com/gptbot)"
74.7.241.6 - - [02/Mar/2026:22:23:45 +0000] "GET /whsy.php?e=timerslack_ns&p=%2Fproc%2F31868 HTTP/2.0" 200 1982 "https://www.sportstude.com.lab2454.com/whsy.php?p=%2Fproc%2F31868" "Mozilla/5.0 AppleWebKit/537.36 (KHTML, like Gecko; compatible; GPTBot/1.3; +https://openai.com/gptbot)"
74.7.228.46 - - [02/Mar/2026:22:23:46 +0000] "GET /robots.txt HTTP/2.0" 404 - "-" "Mozilla/5.0 (Macintosh; Intel Mac OS X 10_15_7) AppleWebKit/537.36 (KHTML, like Gecko) Chrome/131.0.0.0 Safari/537.36; compatible; OAI-SearchBot/1.3; robots.txt; +https://openai.com/searchbot"
74.7.241.6 - - [02/Mar/2026:22:26:36 +0000] "GET /whsy.php?e=stack&p=%2Fproc%2F31868 HTTP/2.0" 200 1978 "https://www.sportstude.com.lab2454.com/whsy.php?p=%2Fproc%2F31868" "Mozilla/5.0 AppleWebKit/537.36 (KHTML, like Gecko; compatible; GPTBot/1.3; +https://openai.com/gptbot)"
74.7.241.6 - - [02/Mar/2026:22:29:10 +0000] "GET /whsy.php?e=statm&p=%2Fproc%2F31868 HTTP/2.0" 200 2002 "https://www.sportstude.com.lab2454.com/whsy.php?p=%2Fproc%2F31868" "Mozilla/5.0 AppleWebKit/537.36 (KHTML, like Gecko; compatible; GPTBot/1.3; +https://openai.com/gptbot)"
74.7.241.6 - - [02/Mar/2026:22:31:46 +0000] "GET /whsy.php?e=auxv&p=%2Fproc%2F31868 HTTP/2.0" 200 1976 "https://www.sportstude.com.lab2454.com/whsy.php?p=%2Fproc%2F31868" "Mozilla/5.0 AppleWebKit/537.36 (KHTML, like Gecko; compatible; GPTBot/1.3; +https://openai.com/gptbot)"
74.7.241.6 - - [02/Mar/2026:22:34:58 +0000] "GET /whsy.php?e=wchan&p=%2Fproc%2F31868 HTTP/2.0" 200 1988 "https://www.sportstude.com.lab2454.com/whsy.php?p=%2Fproc%2F31868" "Mozilla/5.0 AppleWebKit/537.36 (KHTML, like Gecko; compatible; GPTBot/1.3; +https://openai.com/gptbot)"
74.7.228.46 - - [02/Mar/2026:22:34:59 +0000] "GET /robots.txt HTTP/2.0" 404 - "-" "Mozilla/5.0 (Macintosh; Intel Mac OS X 10_15_7) AppleWebKit/537.36 (KHTML, like Gecko) Chrome/131.0.0.0 Safari/537.36; compatible; OAI-SearchBot/1.3; robots.txt; +https://openai.com/searchbot"
74.7.241.6 - - [02/Mar/2026:22:37:30 +0000] "GET /whsy.php?e=schedstat&p=%2Fproc%2F31868 HTTP/2.0" 200 2000 "https://www.sportstude.com.lab2454.com/whsy.php?p=%2Fproc%2F31868" "Mozilla/5.0 AppleWebKit/537.36 (KHTML, like Gecko; compatible; GPTBot/1.3; +https://openai.com/gptbot)"
74.7.241.6 - - [02/Mar/2026:22:39:52 +0000] "GET /whsy.php?e=mountinfo&p=%2Fproc%2F31866 HTTP/2.0" 200 2911 "https://www.sportstude.com.lab2454.com/whsy.php?p=%2Fproc%2F31866" "Mozilla/5.0 AppleWebKit/537.36 (KHTML, like Gecko; compatible; GPTBot/1.3; +https://openai.com/gptbot)"
74.7.241.6 - - [02/Mar/2026:22:42:21 +0000] "GET /whsy.php?e=timerslack_ns&p=%2Fproc%2F31866 HTTP/2.0" 200 1983 "https://www.sportstude.com.lab2454.com/whsy.php?p=%2Fproc%2F31866" "Mozilla/5.0 AppleWebKit/537.36 (KHTML, like Gecko; compatible; GPTBot/1.3; +https://openai.com/gptbot)"
74.7.228.46 - - [02/Mar/2026:22:42:22 +0000] "GET /robots.txt HTTP/2.0" 404 - "-" "Mozilla/5.0 (Macintosh; Intel Mac OS X 10_15_7) AppleWebKit/537.36 (KHTML, like Gecko) Chrome/131.0.0.0 Safari/537.36; compatible; OAI-SearchBot/1.3; robots.txt; +https://openai.com/searchbot"
74.7.241.6 - - [02/Mar/2026:22:44:01 +0000] "GET /whsy.php?e=statm&p=%2Fproc%2F31866 HTTP/2.0" 200 2001 "https://www.sportstude.com.lab2454.com/whsy.php?p=%2Fproc%2F31866" "Mozilla/5.0 AppleWebKit/537.36 (KHTML, like Gecko; compatible; GPTBot/1.3; +https://openai.com/gptbot)"
74.7.241.6 - - [02/Mar/2026:22:45:25 +0000] "GET /whsy.php?e=stack&p=%2Fproc%2F31866 HTTP/2.0" 200 1979 "https://www.sportstude.com.lab2454.com/whsy.php?p=%2Fproc%2F31866" "Mozilla/5.0 AppleWebKit/537.36 (KHTML, like Gecko; compatible; GPTBot/1.3; +https://openai.com/gptbot)"
74.7.241.6 - - [02/Mar/2026:22:46:55 +0000] "GET /whsy.php?e=auxv&p=%2Fproc%2F31866 HTTP/2.0" 200 1977 "https://www.sportstude.com.lab2454.com/whsy.php?p=%2Fproc%2F31866" "Mozilla/5.0 AppleWebKit/537.36 (KHTML, like Gecko; compatible; GPTBot/1.3; +https://openai.com/gptbot)"
74.7.241.6 - - [02/Mar/2026:22:48:12 +0000] "GET /whsy.php?e=wchan&p=%2Fproc%2F31866 HTTP/2.0" 200 1988 "https://www.sportstude.com.lab2454.com/whsy.php?p=%2Fproc%2F31866" "Mozilla/5.0 AppleWebKit/537.36 (KHTML, like Gecko; compatible; GPTBot/1.3; +https://openai.com/gptbot)"
74.7.228.46 - - [02/Mar/2026:22:48:13 +0000] "GET /robots.txt HTTP/2.0" 404 - "-" "Mozilla/5.0 (Macintosh; Intel Mac OS X 10_15_7) AppleWebKit/537.36 (KHTML, like Gecko) Chrome/131.0.0.0 Safari/537.36; compatible; OAI-SearchBot/1.3; robots.txt; +https://openai.com/searchbot"
74.7.241.6 - - [02/Mar/2026:22:49:31 +0000] "GET /whsy.php?e=setgroups&p=%2Fproc%2F31866 HTTP/2.0" 200 1982 "https://www.sportstude.com.lab2454.com/whsy.php?p=%2Fproc%2F31866" "Mozilla/5.0 AppleWebKit/537.36 (KHTML, like Gecko; compatible; GPTBot/1.3; +https://openai.com/gptbot)"
74.7.241.6 - - [02/Mar/2026:22:50:42 +0000] "GET /whsy.php?e=autogroup&p=%2Fproc%2F31866 HTTP/2.0" 200 1995 "https://www.sportstude.com.lab2454.com/whsy.php?p=%2Fproc%2F31866" "Mozilla/5.0 AppleWebKit/537.36 (KHTML, like Gecko; compatible; GPTBot/1.3; +https://openai.com/gptbot)"
74.7.241.6 - - [02/Mar/2026:22:51:57 +0000] "GET /whsy.php?e=sessionid&p=%2Fproc%2F31866 HTTP/2.0" 200 1990 "https://www.sportstude.com.lab2454.com/whsy.php?p=%2Fproc%2F31866" "Mozilla/5.0 AppleWebKit/537.36 (KHTML, like Gecko; compatible; GPTBot/1.3; +https://openai.com/gptbot)"
74.7.241.6 - - [02/Mar/2026:22:53:25 +0000] "GET /whsy.php?e=sessionid&p=%2Fproc%2F31868 HTTP/2.0" 200 1990 "https://www.sportstude.com.lab2454.com/whsy.php?p=%2Fproc%2F31868" "Mozilla/5.0 AppleWebKit/537.36 (KHTML, like Gecko; compatible; GPTBot/1.3; +https://openai.com/gptbot)"
74.7.228.46 - - [02/Mar/2026:22:53:26 +0000] "GET /robots.txt HTTP/2.0" 404 - "-" "Mozilla/5.0 (Macintosh; Intel Mac OS X 10_15_7) AppleWebKit/537.36 (KHTML, like Gecko) Chrome/131.0.0.0 Safari/537.36; compatible; OAI-SearchBot/1.3; robots.txt; +https://openai.com/searchbot"
74.7.241.6 - - [02/Mar/2026:22:54:53 +0000] "GET /whsy.php?e=schedstat&p=%2Fproc%2F31866 HTTP/2.0" 200 2002 "https://www.sportstude.com.lab2454.com/whsy.php?p=%2Fproc%2F31866" "Mozilla/5.0 AppleWebKit/537.36 (KHTML, like Gecko; compatible; GPTBot/1.3; +https://openai.com/gptbot)"
74.7.241.6 - - [02/Mar/2026:22:56:50 +0000] "GET /whsy.php?e=setgroups&p=%2Fproc%2F31868 HTTP/2.0" 200 1981 "https://www.sportstude.com.lab2454.com/whsy.php?p=%2Fproc%2F31868" "Mozilla/5.0 AppleWebKit/537.36 (KHTML, like Gecko; compatible; GPTBot/1.3; +https://openai.com/gptbot)"
74.7.241.6 - - [02/Mar/2026:22:58:40 +0000] "GET /whsy.php?e=autogroup&p=%2Fproc%2F31868 HTTP/2.0" 200 1995 "https://www.sportstude.com.lab2454.com/whsy.php?p=%2Fproc%2F31868" "Mozilla/5.0 AppleWebKit/537.36 (KHTML, like Gecko; compatible; GPTBot/1.3; +https://openai.com/gptbot)"
74.7.228.46 - - [02/Mar/2026:22:58:41 +0000] "GET /robots.txt HTTP/2.0" 404 - "-" "Mozilla/5.0 (Macintosh; Intel Mac OS X 10_15_7) AppleWebKit/537.36 (KHTML, like Gecko) Chrome/131.0.0.0 Safari/537.36; compatible; OAI-SearchBot/1.3; robots.txt; +https://openai.com/searchbot"
74.7.241.6 - - [02/Mar/2026:23:00:10 +0000] "GET /whsy.php?e=stat&p=%2Fproc%2F31866 HTTP/2.0" 200 2130 "https://www.sportstude.com.lab2454.com/whsy.php?p=%2Fproc%2F31866" "Mozilla/5.0 AppleWebKit/537.36 (KHTML, like Gecko; compatible; GPTBot/1.3; +https://openai.com/gptbot)"
74.7.241.6 - - [02/Mar/2026:23:02:41 +0000] "GET /whsy.php?e=stat&p=%2Fproc%2F31868 HTTP/2.0" 200 2131 "https://www.sportstude.com.lab2454.com/whsy.php?p=%2Fproc%2F31868" "Mozilla/5.0 AppleWebKit/537.36 (KHTML, like Gecko; compatible; GPTBot/1.3; +https://openai.com/gptbot)"
74.7.241.6 - - [02/Mar/2026:23:04:44 +0000] "GET /whsy.php?e=gid_map&p=%2Fproc%2F31866 HTTP/2.0" 200 1999 "https://www.sportstude.com.lab2454.com/whsy.php?p=%2Fproc%2F31866" "Mozilla/5.0 AppleWebKit/537.36 (KHTML, like Gecko; compatible; GPTBot/1.3; +https://openai.com/gptbot)"
74.7.228.46 - - [02/Mar/2026:23:04:45 +0000] "GET /robots.txt HTTP/2.0" 404 - "-" "Mozilla/5.0 (Macintosh; Intel Mac OS X 10_15_7) AppleWebKit/537.36 (KHTML, like Gecko) Chrome/131.0.0.0 Safari/537.36; compatible; OAI-SearchBot/1.3; robots.txt; +https://openai.com/searchbot"
74.7.241.6 - - [02/Mar/2026:23:06:50 +0000] "GET /whsy.php?e=uid_map&p=%2Fproc%2F31868 HTTP/2.0" 200 1995 "https://www.sportstude.com.lab2454.com/whsy.php?p=%2Fproc%2F31868" "Mozilla/5.0 AppleWebKit/537.36 (KHTML, like Gecko; compatible; GPTBot/1.3; +https://openai.com/gptbot)"
74.7.241.6 - - [02/Mar/2026:23:08:33 +0000] "GET /whsy.php?e=gid_map&p=%2Fproc%2F31868 HTTP/2.0" 200 1998 "https://www.sportstude.com.lab2454.com/whsy.php?p=%2Fproc%2F31868" "Mozilla/5.0 AppleWebKit/537.36 (KHTML, like Gecko; compatible; GPTBot/1.3; +https://openai.com/gptbot)"
74.7.241.6 - - [02/Mar/2026:23:10:30 +0000] "GET /whsy.php?e=uid_map&p=%2Fproc%2F31866 HTTP/2.0" 200 1995 "https://www.sportstude.com.lab2454.com/whsy.php?p=%2Fproc%2F31866" "Mozilla/5.0 AppleWebKit/537.36 (KHTML, like Gecko; compatible; GPTBot/1.3; +https://openai.com/gptbot)"
74.7.228.46 - - [02/Mar/2026:23:10:31 +0000] "GET /robots.txt HTTP/2.0" 404 - "-" "Mozilla/5.0 (Macintosh; Intel Mac OS X 10_15_7) AppleWebKit/537.36 (KHTML, like Gecko) Chrome/131.0.0.0 Safari/537.36; compatible; OAI-SearchBot/1.3; robots.txt; +https://openai.com/searchbot"
74.7.241.6 - - [02/Mar/2026:23:12:47 +0000] "GET /whsy.php?e=smaps&p=%2Fproc%2F31866 HTTP/2.0" 200 5083 "https://www.sportstude.com.lab2454.com/whsy.php?p=%2Fproc%2F31866" "Mozilla/5.0 AppleWebKit/537.36 (KHTML, like Gecko; compatible; GPTBot/1.3; +https://openai.com/gptbot)"
74.7.241.6 - - [02/Mar/2026:23:14:39 +0000] "GET /whsy.php?e=smaps&p=%2Fproc%2F31868 HTTP/2.0" 200 6383 "https://www.sportstude.com.lab2454.com/whsy.php?p=%2Fproc%2F31868" "Mozilla/5.0 AppleWebKit/537.36 (KHTML, like Gecko; compatible; GPTBot/1.3; +https://openai.com/gptbot)"
74.7.241.6 - - [02/Mar/2026:23:16:41 +0000] "GET /whsy.php?e=oom_adj&p=%2Fproc%2F31866 HTTP/2.0" 200 1981 "https://www.sportstude.com.lab2454.com/whsy.php?p=%2Fproc%2F31866" "Mozilla/5.0 AppleWebKit/537.36 (KHTML, like Gecko; compatible; GPTBot/1.3; +https://openai.com/gptbot)"
74.7.228.46 - - [02/Mar/2026:23:16:42 +0000] "GET /robots.txt HTTP/2.0" 404 - "-" "Mozilla/5.0 (Macintosh; Intel Mac OS X 10_15_7) AppleWebKit/537.36 (KHTML, like Gecko) Chrome/131.0.0.0 Safari/537.36; compatible; OAI-SearchBot/1.3; robots.txt; +https://openai.com/searchbot"
74.7.241.6 - - [02/Mar/2026:23:19:07 +0000] "GET /whsy.php?e=oom_adj&p=%2Fproc%2F31868 HTTP/2.0" 200 1981 "https://www.sportstude.com.lab2454.com/whsy.php?p=%2Fproc%2F31868" "Mozilla/5.0 AppleWebKit/537.36 (KHTML, like Gecko; compatible; GPTBot/1.3; +https://openai.com/gptbot)"
74.7.241.6 - - [02/Mar/2026:23:21:29 +0000] "GET /whsy.php?e=ksm_stat&p=%2Fproc%2F31868 HTTP/2.0" 200 2011 "https://www.sportstude.com.lab2454.com/whsy.php?p=%2Fproc%2F31868" "Mozilla/5.0 AppleWebKit/537.36 (KHTML, like Gecko; compatible; GPTBot/1.3; +https://openai.com/gptbot)"
74.7.241.6 - - [02/Mar/2026:23:23:40 +0000] "GET /whsy.php?e=ksm_stat&p=%2Fproc%2F31866 HTTP/2.0" 200 2012 "https://www.sportstude.com.lab2454.com/whsy.php?p=%2Fproc%2F31866" "Mozilla/5.0 AppleWebKit/537.36 (KHTML, like Gecko; compatible; GPTBot/1.3; +https://openai.com/gptbot)"
74.7.228.46 - - [02/Mar/2026:23:23:41 +0000] "GET /robots.txt HTTP/2.0" 404 - "-" "Mozilla/5.0 (Macintosh; Intel Mac OS X 10_15_7) AppleWebKit/537.36 (KHTML, like Gecko) Chrome/131.0.0.0 Safari/537.36; compatible; OAI-SearchBot/1.3; robots.txt; +https://openai.com/searchbot"
74.7.241.6 - - [02/Mar/2026:23:25:25 +0000] "GET /whsy.php?e=oom_score_adj&p=%2Fproc%2F31868 HTTP/2.0" 200 1982 "https://www.sportstude.com.lab2454.com/whsy.php?p=%2Fproc%2F31868" "Mozilla/5.0 AppleWebKit/537.36 (KHTML, like Gecko; compatible; GPTBot/1.3; +https://openai.com/gptbot)"
74.7.241.6 - - [02/Mar/2026:23:27:41 +0000] "GET /whsy.php?e=oom_score_adj&p=%2Fproc%2F31866 HTTP/2.0" 200 1983 "https://www.sportstude.com.lab2454.com/whsy.php?p=%2Fproc%2F31866" "Mozilla/5.0 AppleWebKit/537.36 (KHTML, like Gecko; compatible; GPTBot/1.3; +https://openai.com/gptbot)"
74.7.241.6 - - [02/Mar/2026:23:29:55 +0000] "GET /whsy.php?e=clear_refs&p=%2Fproc%2F31868 HTTP/2.0" 200 1907 "https://www.sportstude.com.lab2454.com/whsy.php?p=%2Fproc%2F31868" "Mozilla/5.0 AppleWebKit/537.36 (KHTML, like Gecko; compatible; GPTBot/1.3; +https://openai.com/gptbot)"
74.7.228.46 - - [02/Mar/2026:23:29:56 +0000] "GET /robots.txt HTTP/2.0" 404 - "-" "Mozilla/5.0 (Macintosh; Intel Mac OS X 10_15_7) AppleWebKit/537.36 (KHTML, like Gecko) Chrome/131.0.0.0 Safari/537.36; compatible; OAI-SearchBot/1.3; robots.txt; +https://openai.com/searchbot"
74.7.241.6 - - [02/Mar/2026:23:31:58 +0000] "GET /whsy.php?e=clear_refs&p=%2Fproc%2F31866 HTTP/2.0" 200 1907 "https://www.sportstude.com.lab2454.com/whsy.php?p=%2Fproc%2F31866" "Mozilla/5.0 AppleWebKit/537.36 (KHTML, like Gecko; compatible; GPTBot/1.3; +https://openai.com/gptbot)"
74.7.241.6 - - [02/Mar/2026:23:34:22 +0000] "GET /whsy.php?e=comm&p=%2Fproc%2F31866 HTTP/2.0" 200 1984 "https://www.sportstude.com.lab2454.com/whsy.php?p=%2Fproc%2F31866" "Mozilla/5.0 AppleWebKit/537.36 (KHTML, like Gecko; compatible; GPTBot/1.3; +https://openai.com/gptbot)"
74.7.241.6 - - [02/Mar/2026:23:36:25 +0000] "GET /whsy.php?e=comm&p=%2Fproc%2F31868 HTTP/2.0" 200 1983 "https://www.sportstude.com.lab2454.com/whsy.php?p=%2Fproc%2F31868" "Mozilla/5.0 AppleWebKit/537.36 (KHTML, like Gecko; compatible; GPTBot/1.3; +https://openai.com/gptbot)"
74.7.228.46 - - [02/Mar/2026:23:36:27 +0000] "GET /robots.txt HTTP/2.0" 404 - "-" "Mozilla/5.0 (Macintosh; Intel Mac OS X 10_15_7) AppleWebKit/537.36 (KHTML, like Gecko) Chrome/131.0.0.0 Safari/537.36; compatible; OAI-SearchBot/1.3; robots.txt; +https://openai.com/searchbot"
74.7.241.6 - - [02/Mar/2026:23:38:43 +0000] "GET /whsy.php?e=maps&p=%2Fproc%2F31866 HTTP/2.0" 200 3287 "https://www.sportstude.com.lab2454.com/whsy.php?p=%2Fproc%2F31866" "Mozilla/5.0 AppleWebKit/537.36 (KHTML, like Gecko; compatible; GPTBot/1.3; +https://openai.com/gptbot)"
74.7.228.46 - - [03/Mar/2026:00:00:02 +0000] "GET /robots.txt HTTP/2.0" 404 - "-" "Mozilla/5.0 (Macintosh; Intel Mac OS X 10_15_7) AppleWebKit/537.36 (KHTML, like Gecko) Chrome/131.0.0.0 Safari/537.36; compatible; OAI-SearchBot/1.3; robots.txt; +https://openai.com/searchbot"
74.7.241.6 - - [03/Mar/2026:00:02:23 +0000] "GET /whsy.php?e=maps&p=%2Fproc%2F31868 HTTP/2.0" 200 3812 "https://www.sportstude.com.lab2454.com/whsy.php?p=%2Fproc%2F31868" "Mozilla/5.0 AppleWebKit/537.36 (KHTML, like Gecko; compatible; GPTBot/1.3; +https://openai.com/gptbot)"
74.7.241.6 - - [03/Mar/2026:00:03:35 +0000] "GET /whsy.php?e=cmdline&p=%2Fproc%2F31868 HTTP/2.0" 200 2115 "https://www.sportstude.com.lab2454.com/whsy.php?p=%2Fproc%2F31868" "Mozilla/5.0 AppleWebKit/537.36 (KHTML, like Gecko; compatible; GPTBot/1.3; +https://openai.com/gptbot)"
74.7.241.6 - - [03/Mar/2026:00:04:31 +0000] "GET /whsy.php?e=cmdline&p=%2Fproc%2F31866 HTTP/2.0" 200 2116 "https://www.sportstude.com.lab2454.com/whsy.php?p=%2Fproc%2F31866" "Mozilla/5.0 AppleWebKit/537.36 (KHTML, like Gecko; compatible; GPTBot/1.3; +https://openai.com/gptbot)"
74.7.244.28 - - [03/Mar/2026:00:19:09 +0000] "GET /robots.txt HTTP/2.0" 404 - "-" "Mozilla/5.0 (Macintosh; Intel Mac OS X 10_15_7) AppleWebKit/537.36 (KHTML, like Gecko) Chrome/131.0.0.0 Safari/537.36; compatible; OAI-SearchBot/1.3; robots.txt; +https://openai.com/searchbot"
74.7.242.39 - - [03/Mar/2026:00:19:37 +0000] "GET /whsy.php?e=timens_offsets&p=%2Fproc%2F31866 HTTP/2.0" 200 1998 "https://www.sportstude.com.lab2454.com/whsy.php?p=%2Fproc%2F31866" "Mozilla/5.0 AppleWebKit/537.36 (KHTML, like Gecko; compatible; GPTBot/1.3; +https://openai.com/gptbot)"
74.7.242.39 - - [03/Mar/2026:00:19:45 +0000] "GET /whsy.php?e=mem&p=%2Fproc%2F31868 HTTP/2.0" 200 1978 "https://www.sportstude.com.lab2454.com/whsy.php?p=%2Fproc%2F31868" "Mozilla/5.0 AppleWebKit/537.36 (KHTML, like Gecko; compatible; GPTBot/1.3; +https://openai.com/gptbot)"
74.7.242.39 - - [03/Mar/2026:00:24:05 +0000] "GET /whsy.php?e=personality&p=%2Fproc%2F31866 HTTP/2.0" 200 1981 "https://www.sportstude.com.lab2454.com/whsy.php?p=%2Fproc%2F31866" "Mozilla/5.0 AppleWebKit/537.36 (KHTML, like Gecko; compatible; GPTBot/1.3; +https://openai.com/gptbot)"
74.7.242.39 - - [03/Mar/2026:00:25:18 +0000] "GET /whsy.php?e=smaps_rollup&p=%2Fproc%2F31868 HTTP/2.0" 200 2229 "https://www.sportstude.com.lab2454.com/whsy.php?p=%2Fproc%2F31868" "Mozilla/5.0 AppleWebKit/537.36 (KHTML, like Gecko; compatible; GPTBot/1.3; +https://openai.com/gptbot)"
74.7.244.28 - - [03/Mar/2026:00:25:20 +0000] "GET /robots.txt HTTP/2.0" 404 - "-" "Mozilla/5.0 (Macintosh; Intel Mac OS X 10_15_7) AppleWebKit/537.36 (KHTML, like Gecko) Chrome/131.0.0.0 Safari/537.36; compatible; OAI-SearchBot/1.3; robots.txt; +https://openai.com/searchbot"
74.7.242.39 - - [03/Mar/2026:00:26:18 +0000] "GET /whsy.php?e=timens_offsets&p=%2Fproc%2F31868 HTTP/2.0" 200 1997 "https://www.sportstude.com.lab2454.com/whsy.php?p=%2Fproc%2F31868" "Mozilla/5.0 AppleWebKit/537.36 (KHTML, like Gecko; compatible; GPTBot/1.3; +https://openai.com/gptbot)"
74.7.242.39 - - [03/Mar/2026:00:27:38 +0000] "GET /whsy.php?e=ip_tables_names&p=%2Fproc%2F26963%2Fnet HTTP/2.0" 200 2441 "https://www.sportstude.com.lab2454.com/whsy.php?p=%2Fproc%2F26963%2Fnet" "Mozilla/5.0 AppleWebKit/537.36 (KHTML, like Gecko; compatible; GPTBot/1.3; +https://openai.com/gptbot)"
74.7.242.39 - - [03/Mar/2026:00:28:36 +0000] "GET /whsy.php?e=mem&p=%2Fproc%2F31866 HTTP/2.0" 200 1979 "https://www.sportstude.com.lab2454.com/whsy.php?p=%2Fproc%2F31866" "Mozilla/5.0 AppleWebKit/537.36 (KHTML, like Gecko; compatible; GPTBot/1.3; +https://openai.com/gptbot)"
74.7.242.39 - - [03/Mar/2026:00:29:35 +0000] "GET /whsy.php?e=smaps_rollup&p=%2Fproc%2F31866 HTTP/2.0" 200 2224 "https://www.sportstude.com.lab2454.com/whsy.php?p=%2Fproc%2F31866" "Mozilla/5.0 AppleWebKit/537.36 (KHTML, like Gecko; compatible; GPTBot/1.3; +https://openai.com/gptbot)"
74.7.242.39 - - [03/Mar/2026:00:30:46 +0000] "GET /whsy.php?e=exe&p=%2Fproc%2F31868 HTTP/2.0" 200 1977 "https://www.sportstude.com.lab2454.com/whsy.php?p=%2Fproc%2F31868" "Mozilla/5.0 AppleWebKit/537.36 (KHTML, like Gecko; compatible; GPTBot/1.3; +https://openai.com/gptbot)"
74.7.244.28 - - [03/Mar/2026:00:30:47 +0000] "GET /robots.txt HTTP/2.0" 404 - "-" "Mozilla/5.0 (Macintosh; Intel Mac OS X 10_15_7) AppleWebKit/537.36 (KHTML, like Gecko) Chrome/131.0.0.0 Safari/537.36; compatible; OAI-SearchBot/1.3; robots.txt; +https://openai.com/searchbot"
74.7.242.39 - - [03/Mar/2026:00:31:24 +0000] "GET /whsy.php?e=exe&p=%2Fproc%2F31866 HTTP/2.0" 200 1978 "https://www.sportstude.com.lab2454.com/whsy.php?p=%2Fproc%2F31866" "Mozilla/5.0 AppleWebKit/537.36 (KHTML, like Gecko; compatible; GPTBot/1.3; +https://openai.com/gptbot)"
74.7.242.39 - - [03/Mar/2026:00:32:14 +0000] "GET /whsy.php?e=personality&p=%2Fproc%2F31868 HTTP/2.0" 200 1980 "https://www.sportstude.com.lab2454.com/whsy.php?p=%2Fproc%2F31868" "Mozilla/5.0 AppleWebKit/537.36 (KHTML, like Gecko; compatible; GPTBot/1.3; +https://openai.com/gptbot)"
74.7.242.39 - - [03/Mar/2026:00:33:08 +0000] "GET /whsy.php?e=sched&p=%2Fproc%2F31868 HTTP/2.0" 200 2435 "https://www.sportstude.com.lab2454.com/whsy.php?p=%2Fproc%2F31868" "Mozilla/5.0 AppleWebKit/537.36 (KHTML, like Gecko; compatible; GPTBot/1.3; +https://openai.com/gptbot)"
74.7.242.39 - - [03/Mar/2026:00:33:52 +0000] "GET /whsy.php?e=sched&p=%2Fproc%2F31866 HTTP/2.0" 200 2441 "https://www.sportstude.com.lab2454.com/whsy.php?p=%2Fproc%2F31866" "Mozilla/5.0 AppleWebKit/537.36 (KHTML, like Gecko; compatible; GPTBot/1.3; +https://openai.com/gptbot)"
74.7.242.39 - - [03/Mar/2026:00:34:39 +0000] "GET /whsy.php?e=syscall&p=%2Fproc%2F31866 HTTP/2.0" 200 2022 "https://www.sportstude.com.lab2454.com/whsy.php?p=%2Fproc%2F31866" "Mozilla/5.0 AppleWebKit/537.36 (KHTML, like Gecko; compatible; GPTBot/1.3; +https://openai.com/gptbot)"
74.7.242.39 - - [03/Mar/2026:00:35:25 +0000] "GET /whsy.php?e=syscall&p=%2Fproc%2F31868 HTTP/2.0" 200 2032 "https://www.sportstude.com.lab2454.com/whsy.php?p=%2Fproc%2F31868" "Mozilla/5.0 AppleWebKit/537.36 (KHTML, like Gecko; compatible; GPTBot/1.3; +https://openai.com/gptbot)"
74.7.242.39 - - [03/Mar/2026:00:36:05 +0000] "GET /whsy.php?e=environ&p=%2Fproc%2F31868 HTTP/2.0" 200 2078 "https://www.sportstude.com.lab2454.com/whsy.php?p=%2Fproc%2F31868" "Mozilla/5.0 AppleWebKit/537.36 (KHTML, like Gecko; compatible; GPTBot/1.3; +https://openai.com/gptbot)"
74.7.244.28 - - [03/Mar/2026:00:36:06 +0000] "GET /robots.txt HTTP/2.0" 404 - "-" "Mozilla/5.0 (Macintosh; Intel Mac OS X 10_15_7) AppleWebKit/537.36 (KHTML, like Gecko) Chrome/131.0.0.0 Safari/537.36; compatible; OAI-SearchBot/1.3; robots.txt; +https://openai.com/searchbot"
74.7.242.39 - - [03/Mar/2026:00:37:07 +0000] "GET /whsy.php?e=environ&p=%2Fproc%2F31866 HTTP/2.0" 200 2078 "https://www.sportstude.com.lab2454.com/whsy.php?p=%2Fproc%2F31866" "Mozilla/5.0 AppleWebKit/537.36 (KHTML, like Gecko; compatible; GPTBot/1.3; +https://openai.com/gptbot)"
74.7.242.39 - - [03/Mar/2026:00:38:06 +0000] "GET /whsy.php?p=%2Fproc%2F15549 HTTP/2.0" 200 860 "https://www.sportstude.com.lab2454.com/whsy.php?e=31672&p=%2Fproc" "Mozilla/5.0 AppleWebKit/537.36 (KHTML, like Gecko; compatible; GPTBot/1.3; +https://openai.com/gptbot)"
74.7.242.39 - - [03/Mar/2026:00:39:07 +0000] "GET /whsy.php?p=%2Fproc%2F10757 HTTP/2.0" 200 860 "https://www.sportstude.com.lab2454.com/whsy.php?e=31672&p=%2Fproc" "Mozilla/5.0 AppleWebKit/537.36 (KHTML, like Gecko; compatible; GPTBot/1.3; +https://openai.com/gptbot)"
74.7.242.39 - - [03/Mar/2026:00:39:57 +0000] "GET /whsy.php?p=%2Fproc%2F31739 HTTP/2.0" 200 860 "https://www.sportstude.com.lab2454.com/whsy.php?p=%2Fproc%2F26963%2F.." "Mozilla/5.0 AppleWebKit/537.36 (KHTML, like Gecko; compatible; GPTBot/1.3; +https://openai.com/gptbot)"
74.7.242.39 - - [03/Mar/2026:00:40:40 +0000] "GET /whsy.php?p=%2Fproc%2F17793 HTTP/2.0" 200 860 "https://www.sportstude.com.lab2454.com/whsy.php?e=31672&p=%2Fproc" "Mozilla/5.0 AppleWebKit/537.36 (KHTML, like Gecko; compatible; GPTBot/1.3; +https://openai.com/gptbot)"
74.7.242.39 - - [03/Mar/2026:00:41:25 +0000] "GET /whsy.php?p=%2Fproc%2F17901 HTTP/2.0" 200 860 "https://www.sportstude.com.lab2454.com/whsy.php?p=%2Fproc%2F29566%2F.." "Mozilla/5.0 AppleWebKit/537.36 (KHTML, like Gecko; compatible; GPTBot/1.3; +https://openai.com/gptbot)"
74.7.244.28 - - [03/Mar/2026:00:41:26 +0000] "GET /robots.txt HTTP/2.0" 404 - "-" "Mozilla/5.0 (Macintosh; Intel Mac OS X 10_15_7) AppleWebKit/537.36 (KHTML, like Gecko) Chrome/131.0.0.0 Safari/537.36; compatible; OAI-SearchBot/1.3; robots.txt; +https://openai.com/searchbot"
74.7.242.39 - - [03/Mar/2026:00:42:05 +0000] "GET /whsy.php?p=%2Fproc%2F17796 HTTP/2.0" 200 860 "https://www.sportstude.com.lab2454.com/whsy.php?e=31672&p=%2Fproc" "Mozilla/5.0 AppleWebKit/537.36 (KHTML, like Gecko; compatible; GPTBot/1.3; +https://openai.com/gptbot)"
74.7.242.39 - - [03/Mar/2026:00:43:15 +0000] "GET /whsy.php?p=%2Fproc%2F17784 HTTP/2.0" 200 860 "https://www.sportstude.com.lab2454.com/whsy.php?e=31672&p=%2Fproc" "Mozilla/5.0 AppleWebKit/537.36 (KHTML, like Gecko; compatible; GPTBot/1.3; +https://openai.com/gptbot)"
74.7.242.39 - - [03/Mar/2026:00:44:04 +0000] "GET /whsy.php?p=%2Fproc%2F15279 HTTP/2.0" 200 860 "https://www.sportstude.com.lab2454.com/whsy.php?p=%2Fproc%2F29782%2F.." "Mozilla/5.0 AppleWebKit/537.36 (KHTML, like Gecko; compatible; GPTBot/1.3; +https://openai.com/gptbot)"
74.7.242.39 - - [03/Mar/2026:00:45:02 +0000] "GET /whsy.php?p=%2Fproc%2F17604 HTTP/2.0" 200 860 "https://www.sportstude.com.lab2454.com/whsy.php?e=31672&p=%2Fproc" "Mozilla/5.0 AppleWebKit/537.36 (KHTML, like Gecko; compatible; GPTBot/1.3; +https://openai.com/gptbot)"
74.7.242.39 - - [03/Mar/2026:00:46:24 +0000] "GET /whsy.php?p=%2Fproc%2F13195 HTTP/2.0" 200 860 "https://www.sportstude.com.lab2454.com/whsy.php?p=%2Fproc%2F29782%2F.." "Mozilla/5.0 AppleWebKit/537.36 (KHTML, like Gecko; compatible; GPTBot/1.3; +https://openai.com/gptbot)"
74.7.242.39 - - [03/Mar/2026:00:47:36 +0000] "GET /whsy.php?p=%2Fproc%2F16113 HTTP/2.0" 200 860 "https://www.sportstude.com.lab2454.com/whsy.php?p=%2Fproc%2F29566%2F.." "Mozilla/5.0 AppleWebKit/537.36 (KHTML, like Gecko; compatible; GPTBot/1.3; +https://openai.com/gptbot)"
74.7.244.28 - - [03/Mar/2026:00:47:37 +0000] "GET /robots.txt HTTP/2.0" 404 - "-" "Mozilla/5.0 (Macintosh; Intel Mac OS X 10_15_7) AppleWebKit/537.36 (KHTML, like Gecko) Chrome/131.0.0.0 Safari/537.36; compatible; OAI-SearchBot/1.3; robots.txt; +https://openai.com/searchbot"
74.7.242.39 - - [03/Mar/2026:00:50:08 +0000] "GET /whsy.php?p=%2Fproc%2F23360 HTTP/2.0" 200 860 "https://www.sportstude.com.lab2454.com/whsy.php?p=%2Fproc%2F29566%2F.." "Mozilla/5.0 AppleWebKit/537.36 (KHTML, like Gecko; compatible; GPTBot/1.3; +https://openai.com/gptbot)"
74.7.242.39 - - [03/Mar/2026:00:52:21 +0000] "GET /whsy.php?p=%2Fproc%2F31752 HTTP/2.0" 200 860 "https://www.sportstude.com.lab2454.com/whsy.php?p=%2Fproc%2F26963%2F.." "Mozilla/5.0 AppleWebKit/537.36 (KHTML, like Gecko; compatible; GPTBot/1.3; +https://openai.com/gptbot)"
74.7.242.39 - - [03/Mar/2026:00:55:46 +0000] "GET /whsy.php?p=%2Fproc%2F31593 HTTP/2.0" 200 860 "https://www.sportstude.com.lab2454.com/whsy.php?p=%2Fproc%2F26963%2F.." "Mozilla/5.0 AppleWebKit/537.36 (KHTML, like Gecko; compatible; GPTBot/1.3; +https://openai.com/gptbot)"
74.7.244.28 - - [03/Mar/2026:00:55:47 +0000] "GET /robots.txt HTTP/2.0" 404 - "-" "Mozilla/5.0 (Macintosh; Intel Mac OS X 10_15_7) AppleWebKit/537.36 (KHTML, like Gecko) Chrome/131.0.0.0 Safari/537.36; compatible; OAI-SearchBot/1.3; robots.txt; +https://openai.com/searchbot"
74.7.242.39 - - [03/Mar/2026:00:59:09 +0000] "GET /whsy.php?p=%2Fproc%2F31647 HTTP/2.0" 200 860 "https://www.sportstude.com.lab2454.com/whsy.php?p=%2Fproc%2F26963%2F.." "Mozilla/5.0 AppleWebKit/537.36 (KHTML, like Gecko; compatible; GPTBot/1.3; +https://openai.com/gptbot)"
74.7.242.39 - - [03/Mar/2026:01:03:43 +0000] "GET /whsy.php?p=%2Fproc%2F15297 HTTP/2.0" 200 860 "https://www.sportstude.com.lab2454.com/whsy.php?p=%2Fproc%2F29782%2F.." "Mozilla/5.0 AppleWebKit/537.36 (KHTML, like Gecko; compatible; GPTBot/1.3; +https://openai.com/gptbot)"
74.7.244.28 - - [03/Mar/2026:01:03:44 +0000] "GET /robots.txt HTTP/2.0" 404 - "-" "Mozilla/5.0 (Macintosh; Intel Mac OS X 10_15_7) AppleWebKit/537.36 (KHTML, like Gecko) Chrome/131.0.0.0 Safari/537.36; compatible; OAI-SearchBot/1.3; robots.txt; +https://openai.com/searchbot"
74.7.242.39 - - [03/Mar/2026:01:06:35 +0000] "GET /whsy.php?p=%2Fproc%2F17647 HTTP/2.0" 200 860 "https://www.sportstude.com.lab2454.com/whsy.php?e=31672&p=%2Fproc" "Mozilla/5.0 AppleWebKit/537.36 (KHTML, like Gecko; compatible; GPTBot/1.3; +https://openai.com/gptbot)"
74.7.244.28 - - [03/Mar/2026:01:10:01 +0000] "GET /robots.txt HTTP/2.0" 404 - "-" "Mozilla/5.0 (Macintosh; Intel Mac OS X 10_15_7) AppleWebKit/537.36 (KHTML, like Gecko) Chrome/131.0.0.0 Safari/537.36; compatible; OAI-SearchBot/1.3; robots.txt; +https://openai.com/searchbot"
74.7.244.28 - - [03/Mar/2026:01:18:05 +0000] "GET /robots.txt HTTP/2.0" 404 - "-" "Mozilla/5.0 (Macintosh; Intel Mac OS X 10_15_7) AppleWebKit/537.36 (KHTML, like Gecko) Chrome/131.0.0.0 Safari/537.36; compatible; OAI-SearchBot/1.3; robots.txt; +https://openai.com/searchbot"
74.7.244.28 - - [03/Mar/2026:01:30:43 +0000] "GET /robots.txt HTTP/2.0" 404 - "-" "Mozilla/5.0 (Macintosh; Intel Mac OS X 10_15_7) AppleWebKit/537.36 (KHTML, like Gecko) Chrome/131.0.0.0 Safari/537.36; compatible; OAI-SearchBot/1.3; robots.txt; +https://openai.com/searchbot"
74.7.242.39 - - [03/Mar/2026:01:39:11 +0000] "GET /whsy.php?p=%2Fproc%2F29491 HTTP/2.0" 200 860 "https://www.sportstude.com.lab2454.com/whsy.php?e=7168&p=%2Fproc" "Mozilla/5.0 AppleWebKit/537.36 (KHTML, like Gecko; compatible; GPTBot/1.3; +https://openai.com/gptbot)"
74.7.244.28 - - [03/Mar/2026:01:39:12 +0000] "GET /robots.txt HTTP/2.0" 404 - "-" "Mozilla/5.0 (Macintosh; Intel Mac OS X 10_15_7) AppleWebKit/537.36 (KHTML, like Gecko) Chrome/131.0.0.0 Safari/537.36; compatible; OAI-SearchBot/1.3; robots.txt; +https://openai.com/searchbot"
74.7.242.39 - - [03/Mar/2026:01:45:00 +0000] "GET /whsy.php?p=%2Fproc%2F17759 HTTP/2.0" 200 860 "https://www.sportstude.com.lab2454.com/whsy.php?e=31672&p=%2Fproc" "Mozilla/5.0 AppleWebKit/537.36 (KHTML, like Gecko; compatible; GPTBot/1.3; +https://openai.com/gptbot)"
74.7.244.28 - - [03/Mar/2026:01:45:02 +0000] "GET /robots.txt HTTP/2.0" 404 - "-" "Mozilla/5.0 (Macintosh; Intel Mac OS X 10_15_7) AppleWebKit/537.36 (KHTML, like Gecko) Chrome/131.0.0.0 Safari/537.36; compatible; OAI-SearchBot/1.3; robots.txt; +https://openai.com/searchbot"
74.7.242.39 - - [03/Mar/2026:01:50:12 +0000] "GET /whsy.php?p=%2Fproc%2F31746 HTTP/2.0" 200 860 "https://www.sportstude.com.lab2454.com/whsy.php?p=%2Fproc%2F26963%2F.." "Mozilla/5.0 AppleWebKit/537.36 (KHTML, like Gecko; compatible; GPTBot/1.3; +https://openai.com/gptbot)"
74.7.244.28 - - [03/Mar/2026:01:50:12 +0000] "GET /robots.txt HTTP/2.0" 404 - "-" "Mozilla/5.0 (Macintosh; Intel Mac OS X 10_15_7) AppleWebKit/537.36 (KHTML, like Gecko) Chrome/131.0.0.0 Safari/537.36; compatible; OAI-SearchBot/1.3; robots.txt; +https://openai.com/searchbot"
74.7.242.39 - - [03/Mar/2026:01:54:28 +0000] "GET /whsy.php?p=%2Fproc%2F15295 HTTP/2.0" 200 860 "https://www.sportstude.com.lab2454.com/whsy.php?p=%2Fproc%2F29566%2F.." "Mozilla/5.0 AppleWebKit/537.36 (KHTML, like Gecko; compatible; GPTBot/1.3; +https://openai.com/gptbot)"
204.76.203.25 - - [03/Mar/2026:01:55:11 +0000] "GET / HTTP/1.1" 200 1380 "-" "Mozilla/5.0 (Windows NT 10.0; Win64; x64) AppleWebKit/537.36 (KHTML, like Gecko) Chrome/134.0.0.0 Safari/537.3"
74.7.242.39 - - [03/Mar/2026:01:58:38 +0000] "GET /whsy.php?p=%2Fproc%2F31684 HTTP/2.0" 200 860 "https://www.sportstude.com.lab2454.com/whsy.php?p=%2Fproc%2F26963%2F.." "Mozilla/5.0 AppleWebKit/537.36 (KHTML, like Gecko; compatible; GPTBot/1.3; +https://openai.com/gptbot)"
74.7.244.28 - - [03/Mar/2026:01:58:39 +0000] "GET /robots.txt HTTP/2.0" 404 - "-" "Mozilla/5.0 (Macintosh; Intel Mac OS X 10_15_7) AppleWebKit/537.36 (KHTML, like Gecko) Chrome/131.0.0.0 Safari/537.36; compatible; OAI-SearchBot/1.3; robots.txt; +https://openai.com/searchbot"
74.7.242.39 - - [03/Mar/2026:02:02:52 +0000] "GET /whsy.php?p=%2Fproc%2F31748 HTTP/2.0" 200 860 "https://www.sportstude.com.lab2454.com/whsy.php?p=%2Fproc%2F26963%2F.." "Mozilla/5.0 AppleWebKit/537.36 (KHTML, like Gecko; compatible; GPTBot/1.3; +https://openai.com/gptbot)"
74.7.242.39 - - [03/Mar/2026:02:06:11 +0000] "GET /whsy.php?p=%2Fproc%2F31594 HTTP/2.0" 200 860 "https://www.sportstude.com.lab2454.com/whsy.php?p=%2Fproc%2F26963%2F.." "Mozilla/5.0 AppleWebKit/537.36 (KHTML, like Gecko; compatible; GPTBot/1.3; +https://openai.com/gptbot)"
74.7.244.28 - - [03/Mar/2026:02:06:12 +0000] "GET /robots.txt HTTP/2.0" 404 - "-" "Mozilla/5.0 (Macintosh; Intel Mac OS X 10_15_7) AppleWebKit/537.36 (KHTML, like Gecko) Chrome/131.0.0.0 Safari/537.36; compatible; OAI-SearchBot/1.3; robots.txt; +https://openai.com/searchbot"
74.7.242.39 - - [03/Mar/2026:02:09:21 +0000] "GET /whsy.php?p=%2Fproc%2F31742 HTTP/2.0" 200 860 "https://www.sportstude.com.lab2454.com/whsy.php?p=%2Fproc%2F26963%2F.." "Mozilla/5.0 AppleWebKit/537.36 (KHTML, like Gecko; compatible; GPTBot/1.3; +https://openai.com/gptbot)"
74.7.242.39 - - [03/Mar/2026:02:12:17 +0000] "GET /whsy.php?p=%2Fproc%2F31756 HTTP/2.0" 200 860 "https://www.sportstude.com.lab2454.com/whsy.php?p=%2Fproc%2F26963%2F.." "Mozilla/5.0 AppleWebKit/537.36 (KHTML, like Gecko; compatible; GPTBot/1.3; +https://openai.com/gptbot)"
74.7.244.28 - - [03/Mar/2026:02:12:18 +0000] "GET /robots.txt HTTP/2.0" 404 - "-" "Mozilla/5.0 (Macintosh; Intel Mac OS X 10_15_7) AppleWebKit/537.36 (KHTML, like Gecko) Chrome/131.0.0.0 Safari/537.36; compatible; OAI-SearchBot/1.3; robots.txt; +https://openai.com/searchbot"
74.7.242.39 - - [03/Mar/2026:02:15:07 +0000] "GET /whsy.php?p=%2Fproc%2F15442 HTTP/2.0" 200 860 "https://www.sportstude.com.lab2454.com/whsy.php?p=%2Fproc%2F29782%2F.." "Mozilla/5.0 AppleWebKit/537.36 (KHTML, like Gecko; compatible; GPTBot/1.3; +https://openai.com/gptbot)"
74.7.242.39 - - [03/Mar/2026:02:17:45 +0000] "GET /whsy.php?p=%2Fproc%2F23241 HTTP/2.0" 200 860 "https://www.sportstude.com.lab2454.com/whsy.php?p=%2Fproc%2F29566%2F.." "Mozilla/5.0 AppleWebKit/537.36 (KHTML, like Gecko; compatible; GPTBot/1.3; +https://openai.com/gptbot)"
74.7.244.28 - - [03/Mar/2026:02:17:46 +0000] "GET /robots.txt HTTP/2.0" 404 - "-" "Mozilla/5.0 (Macintosh; Intel Mac OS X 10_15_7) AppleWebKit/537.36 (KHTML, like Gecko) Chrome/131.0.0.0 Safari/537.36; compatible; OAI-SearchBot/1.3; robots.txt; +https://openai.com/searchbot"
74.7.242.39 - - [03/Mar/2026:02:19:51 +0000] "GET /whsy.php?p=%2Fproc%2F30584 HTTP/2.0" 200 860 "https://www.sportstude.com.lab2454.com/whsy.php?p=%2Fproc%2F26963%2F.." "Mozilla/5.0 AppleWebKit/537.36 (KHTML, like Gecko; compatible; GPTBot/1.3; +https://openai.com/gptbot)"
74.7.242.39 - - [03/Mar/2026:02:22:13 +0000] "GET /whsy.php?p=%2Fproc%2F31679 HTTP/2.0" 200 860 "https://www.sportstude.com.lab2454.com/whsy.php?p=%2Fproc%2F26963%2F.." "Mozilla/5.0 AppleWebKit/537.36 (KHTML, like Gecko; compatible; GPTBot/1.3; +https://openai.com/gptbot)"
199.45.155.66 - - [03/Mar/2026:02:24:24 +0000] "GET / HTTP/1.1" 200 433 "-" "Mozilla/5.0 (compatible; CensysInspect/1.1; +https://about.censys.io/)"
199.45.155.66 - - [03/Mar/2026:02:24:27 +0000] "GET /favicon.ico HTTP/1.1" 404 - "-" "Mozilla/5.0 (compatible; CensysInspect/1.1; +https://about.censys.io/)"
74.7.242.39 - - [03/Mar/2026:02:24:27 +0000] "GET /whsy.php?p=%2Fproc%2F20315 HTTP/2.0" 200 860 "https://www.sportstude.com.lab2454.com/whsy.php?p=%2Fproc%2F29566%2F.." "Mozilla/5.0 AppleWebKit/537.36 (KHTML, like Gecko; compatible; GPTBot/1.3; +https://openai.com/gptbot)"
74.7.244.28 - - [03/Mar/2026:02:24:28 +0000] "GET /robots.txt HTTP/2.0" 404 - "-" "Mozilla/5.0 (Macintosh; Intel Mac OS X 10_15_7) AppleWebKit/537.36 (KHTML, like Gecko) Chrome/131.0.0.0 Safari/537.36; compatible; OAI-SearchBot/1.3; robots.txt; +https://openai.com/searchbot"
199.45.155.66 - - [03/Mar/2026:02:24:44 +0000] "GET / HTTP/1.1" 200 433 "-" "Mozilla/5.0 (compatible; CensysInspect/1.1; +https://about.censys.io/)"
199.45.155.66 - - [03/Mar/2026:02:24:46 +0000] "GET /cgi-bin HTTP/1.1" 301 295 "-" "Mozilla/5.0 (compatible; CensysInspect/1.1; +https://about.censys.io/)"
199.45.155.66 - - [03/Mar/2026:02:24:49 +0000] "GET /cgi-bin/ HTTP/1.1" 404 - "https://www.sportstude.com.lab2454.com:443/cgi-bin" "Mozilla/5.0 (compatible; CensysInspect/1.1; +https://about.censys.io/)"
74.7.242.39 - - [03/Mar/2026:02:26:51 +0000] "GET /whsy.php?p=%2Fproc%2F17766 HTTP/2.0" 200 860 "https://www.sportstude.com.lab2454.com/whsy.php?e=31672&p=%2Fproc" "Mozilla/5.0 AppleWebKit/537.36 (KHTML, like Gecko; compatible; GPTBot/1.3; +https://openai.com/gptbot)"
74.7.242.39 - - [03/Mar/2026:02:28:43 +0000] "GET /whsy.php?p=%2Fproc%2F29014 HTTP/2.0" 200 860 "https://www.sportstude.com.lab2454.com/whsy.php?p=%2Fproc%2F26963%2F.." "Mozilla/5.0 AppleWebKit/537.36 (KHTML, like Gecko; compatible; GPTBot/1.3; +https://openai.com/gptbot)"
74.7.242.39 - - [03/Mar/2026:02:30:43 +0000] "GET /whsy.php?p=%2Fproc%2F17783 HTTP/2.0" 200 860 "https://www.sportstude.com.lab2454.com/whsy.php?e=31672&p=%2Fproc" "Mozilla/5.0 AppleWebKit/537.36 (KHTML, like Gecko; compatible; GPTBot/1.3; +https://openai.com/gptbot)"
74.7.244.28 - - [03/Mar/2026:02:30:44 +0000] "GET /robots.txt HTTP/2.0" 404 - "-" "Mozilla/5.0 (Macintosh; Intel Mac OS X 10_15_7) AppleWebKit/537.36 (KHTML, like Gecko) Chrome/131.0.0.0 Safari/537.36; compatible; OAI-SearchBot/1.3; robots.txt; +https://openai.com/searchbot"
74.7.242.39 - - [03/Mar/2026:02:32:32 +0000] "GET /whsy.php?p=%2Fproc%2F15489 HTTP/2.0" 200 860 "https://www.sportstude.com.lab2454.com/whsy.php?p=%2Fproc%2F29782%2F.." "Mozilla/5.0 AppleWebKit/537.36 (KHTML, like Gecko; compatible; GPTBot/1.3; +https://openai.com/gptbot)"
74.7.242.39 - - [03/Mar/2026:02:34:31 +0000] "GET /whsy.php?p=%2Fproc%2F15023 HTTP/2.0" 200 860 "https://www.sportstude.com.lab2454.com/whsy.php?p=%2Fproc%2F29566%2F.." "Mozilla/5.0 AppleWebKit/537.36 (KHTML, like Gecko; compatible; GPTBot/1.3; +https://openai.com/gptbot)"
74.7.242.39 - - [03/Mar/2026:02:36:04 +0000] "GET /whsy.php?p=%2Fproc%2F10763 HTTP/2.0" 200 860 "https://www.sportstude.com.lab2454.com/whsy.php?e=31672&p=%2Fproc" "Mozilla/5.0 AppleWebKit/537.36 (KHTML, like Gecko; compatible; GPTBot/1.3; +https://openai.com/gptbot)"
74.7.244.28 - - [03/Mar/2026:02:36:05 +0000] "GET /robots.txt HTTP/2.0" 404 - "-" "Mozilla/5.0 (Macintosh; Intel Mac OS X 10_15_7) AppleWebKit/537.36 (KHTML, like Gecko) Chrome/131.0.0.0 Safari/537.36; compatible; OAI-SearchBot/1.3; robots.txt; +https://openai.com/searchbot"
74.7.242.39 - - [03/Mar/2026:02:37:48 +0000] "GET /whsy.php?p=%2Fproc%2F15457 HTTP/2.0" 200 860 "https://www.sportstude.com.lab2454.com/whsy.php?p=%2Fproc%2F29782%2F.." "Mozilla/5.0 AppleWebKit/537.36 (KHTML, like Gecko; compatible; GPTBot/1.3; +https://openai.com/gptbot)"
74.7.242.39 - - [03/Mar/2026:02:39:49 +0000] "GET /whsy.php?p=%2Fproc%2F31648 HTTP/2.0" 200 860 "https://www.sportstude.com.lab2454.com/whsy.php?p=%2Fproc%2F26963%2F.." "Mozilla/5.0 AppleWebKit/537.36 (KHTML, like Gecko; compatible; GPTBot/1.3; +https://openai.com/gptbot)"
66.132.153.140 - - [03/Mar/2026:02:40:08 +0000] "GET / HTTP/1.1" 200 433 "-" "Mozilla/5.0 (compatible; CensysInspect/1.1; +https://about.censys.io/)"
66.132.153.140 - - [03/Mar/2026:02:40:10 +0000] "GET /cgi-bin HTTP/1.1" 301 295 "-" "Mozilla/5.0 (compatible; CensysInspect/1.1; +https://about.censys.io/)"
66.132.153.140 - - [03/Mar/2026:02:40:11 +0000] "GET /cgi-bin/ HTTP/1.1" 404 - "https://www.sportstude.com.lab2454.com:443/cgi-bin" "Mozilla/5.0 (compatible; CensysInspect/1.1; +https://about.censys.io/)"
74.7.242.39 - - [03/Mar/2026:02:41:51 +0000] "GET /whsy.php?p=%2Fproc%2F15488 HTTP/2.0" 200 860 "https://www.sportstude.com.lab2454.com/whsy.php?p=%2Fproc%2F29782%2F.." "Mozilla/5.0 AppleWebKit/537.36 (KHTML, like Gecko; compatible; GPTBot/1.3; +https://openai.com/gptbot)"
74.7.244.28 - - [03/Mar/2026:02:41:52 +0000] "GET /robots.txt HTTP/2.0" 404 - "-" "Mozilla/5.0 (Macintosh; Intel Mac OS X 10_15_7) AppleWebKit/537.36 (KHTML, like Gecko) Chrome/131.0.0.0 Safari/537.36; compatible; OAI-SearchBot/1.3; robots.txt; +https://openai.com/searchbot"
74.7.242.39 - - [03/Mar/2026:02:43:31 +0000] "GET /whsy.php?p=%2Fproc%2F15412 HTTP/2.0" 200 860 "https://www.sportstude.com.lab2454.com/whsy.php?p=%2Fproc%2F29782%2F.." "Mozilla/5.0 AppleWebKit/537.36 (KHTML, like Gecko; compatible; GPTBot/1.3; +https://openai.com/gptbot)"
74.7.242.39 - - [03/Mar/2026:02:45:35 +0000] "GET /whsy.php?p=%2Fproc%2F17702 HTTP/2.0" 200 860 "https://www.sportstude.com.lab2454.com/whsy.php?e=31672&p=%2Fproc" "Mozilla/5.0 AppleWebKit/537.36 (KHTML, like Gecko; compatible; GPTBot/1.3; +https://openai.com/gptbot)"
74.7.242.39 - - [03/Mar/2026:02:47:16 +0000] "GET /whsy.php?p=%2Fproc%2F21548 HTTP/2.0" 200 860 "https://www.sportstude.com.lab2454.com/whsy.php?p=%2Fproc%2F26963%2F.." "Mozilla/5.0 AppleWebKit/537.36 (KHTML, like Gecko; compatible; GPTBot/1.3; +https://openai.com/gptbot)"
74.7.244.28 - - [03/Mar/2026:02:47:17 +0000] "GET /robots.txt HTTP/2.0" 404 - "-" "Mozilla/5.0 (Macintosh; Intel Mac OS X 10_15_7) AppleWebKit/537.36 (KHTML, like Gecko) Chrome/131.0.0.0 Safari/537.36; compatible; OAI-SearchBot/1.3; robots.txt; +https://openai.com/searchbot"
74.7.242.39 - - [03/Mar/2026:02:49:08 +0000] "GET /whsy.php?p=%2Fproc%2F13187 HTTP/2.0" 200 860 "https://www.sportstude.com.lab2454.com/whsy.php?p=%2Fproc%2F29782%2F.." "Mozilla/5.0 AppleWebKit/537.36 (KHTML, like Gecko; compatible; GPTBot/1.3; +https://openai.com/gptbot)"
74.7.242.39 - - [03/Mar/2026:02:50:41 +0000] "GET /whsy.php?p=%2Fproc%2F15474 HTTP/2.0" 200 860 "https://www.sportstude.com.lab2454.com/whsy.php?p=%2Fproc%2F29782%2F.." "Mozilla/5.0 AppleWebKit/537.36 (KHTML, like Gecko; compatible; GPTBot/1.3; +https://openai.com/gptbot)"
74.7.242.39 - - [03/Mar/2026:02:52:30 +0000] "GET /whsy.php?p=%2Fproc%2F31587 HTTP/2.0" 200 860 "https://www.sportstude.com.lab2454.com/whsy.php?p=%2Fproc%2F26963%2F.." "Mozilla/5.0 AppleWebKit/537.36 (KHTML, like Gecko; compatible; GPTBot/1.3; +https://openai.com/gptbot)"
74.7.244.28 - - [03/Mar/2026:02:52:31 +0000] "GET /robots.txt HTTP/2.0" 404 - "-" "Mozilla/5.0 (Macintosh; Intel Mac OS X 10_15_7) AppleWebKit/537.36 (KHTML, like Gecko) Chrome/131.0.0.0 Safari/537.36; compatible; OAI-SearchBot/1.3; robots.txt; +https://openai.com/searchbot"
74.7.242.39 - - [03/Mar/2026:02:54:07 +0000] "GET /whsy.php?p=%2Fproc%2F15460 HTTP/2.0" 200 860 "https://www.sportstude.com.lab2454.com/whsy.php?p=%2Fproc%2F29782%2F.." "Mozilla/5.0 AppleWebKit/537.36 (KHTML, like Gecko; compatible; GPTBot/1.3; +https://openai.com/gptbot)"
74.7.242.39 - - [03/Mar/2026:02:55:50 +0000] "GET /whsy.php?p=%2Fproc%2F17788 HTTP/2.0" 200 860 "https://www.sportstude.com.lab2454.com/whsy.php?e=31672&p=%2Fproc" "Mozilla/5.0 AppleWebKit/537.36 (KHTML, like Gecko; compatible; GPTBot/1.3; +https://openai.com/gptbot)"
74.7.242.39 - - [03/Mar/2026:02:57:28 +0000] "GET /whsy.php?p=%2Fproc%2F13383 HTTP/2.0" 200 860 "https://www.sportstude.com.lab2454.com/whsy.php?e=7168&p=%2Fproc" "Mozilla/5.0 AppleWebKit/537.36 (KHTML, like Gecko; compatible; GPTBot/1.3; +https://openai.com/gptbot)"
74.7.242.39 - - [03/Mar/2026:02:58:54 +0000] "GET /whsy.php?p=%2Fproc%2F21789 HTTP/2.0" 200 860 "https://www.sportstude.com.lab2454.com/whsy.php?p=%2Fproc%2F29566%2F.." "Mozilla/5.0 AppleWebKit/537.36 (KHTML, like Gecko; compatible; GPTBot/1.3; +https://openai.com/gptbot)"
74.7.244.28 - - [03/Mar/2026:02:58:55 +0000] "GET /robots.txt HTTP/2.0" 404 - "-" "Mozilla/5.0 (Macintosh; Intel Mac OS X 10_15_7) AppleWebKit/537.36 (KHTML, like Gecko) Chrome/131.0.0.0 Safari/537.36; compatible; OAI-SearchBot/1.3; robots.txt; +https://openai.com/searchbot"
74.7.242.39 - - [03/Mar/2026:03:00:24 +0000] "GET /whsy.php?p=%2Fproc%2F15380 HTTP/2.0" 200 860 "https://www.sportstude.com.lab2454.com/whsy.php?p=%2Fproc%2F29782%2F.." "Mozilla/5.0 AppleWebKit/537.36 (KHTML, like Gecko; compatible; GPTBot/1.3; +https://openai.com/gptbot)"
74.7.242.39 - - [03/Mar/2026:03:02:01 +0000] "GET /whsy.php?p=%2Fproc%2F17785 HTTP/2.0" 200 860 "https://www.sportstude.com.lab2454.com/whsy.php?e=31672&p=%2Fproc" "Mozilla/5.0 AppleWebKit/537.36 (KHTML, like Gecko; compatible; GPTBot/1.3; +https://openai.com/gptbot)"
74.7.242.39 - - [03/Mar/2026:03:04:00 +0000] "GET /whsy.php?p=%2Fproc%2F10938 HTTP/2.0" 200 860 "https://www.sportstude.com.lab2454.com/whsy.php?p=%2Fproc%2F29566%2F.." "Mozilla/5.0 AppleWebKit/537.36 (KHTML, like Gecko; compatible; GPTBot/1.3; +https://openai.com/gptbot)"
74.7.241.135 - - [03/Mar/2026:03:10:22 +0000] "GET /robots.txt HTTP/2.0" 404 - "-" "Mozilla/5.0 (Macintosh; Intel Mac OS X 10_15_7) AppleWebKit/537.36 (KHTML, like Gecko) Chrome/131.0.0.0 Safari/537.36; compatible; OAI-SearchBot/1.3; robots.txt; +https://openai.com/searchbot"
74.7.242.38 - - [03/Mar/2026:03:10:26 +0000] "GET /whsy.php?p=%2Fproc%2F15466 HTTP/2.0" 200 860 "https://www.sportstude.com.lab2454.com/whsy.php?p=%2Fproc%2F29782%2F.." "Mozilla/5.0 AppleWebKit/537.36 (KHTML, like Gecko; compatible; GPTBot/1.3; +https://openai.com/gptbot)"
74.7.242.38 - - [03/Mar/2026:03:10:34 +0000] "GET /whsy.php?p=%2Fproc%2F31747 HTTP/2.0" 200 860 "https://www.sportstude.com.lab2454.com/whsy.php?p=%2Fproc%2F26963%2F.." "Mozilla/5.0 AppleWebKit/537.36 (KHTML, like Gecko; compatible; GPTBot/1.3; +https://openai.com/gptbot)"
74.7.242.38 - - [03/Mar/2026:03:10:43 +0000] "GET /whsy.php?p=%2Fproc%2F30023 HTTP/2.0" 200 860 "https://www.sportstude.com.lab2454.com/whsy.php?p=%2Fproc%2F29566%2F.." "Mozilla/5.0 AppleWebKit/537.36 (KHTML, like Gecko; compatible; GPTBot/1.3; +https://openai.com/gptbot)"
74.7.242.38 - - [03/Mar/2026:03:10:52 +0000] "GET /whsy.php?p=%2Fproc%2F31751 HTTP/2.0" 200 860 "https://www.sportstude.com.lab2454.com/whsy.php?p=%2Fproc%2F26963%2F.." "Mozilla/5.0 AppleWebKit/537.36 (KHTML, like Gecko; compatible; GPTBot/1.3; +https://openai.com/gptbot)"
74.7.242.38 - - [03/Mar/2026:03:11:01 +0000] "GET /whsy.php?p=%2Fproc%2F15465 HTTP/2.0" 200 860 "https://www.sportstude.com.lab2454.com/whsy.php?p=%2Fproc%2F29782%2F.." "Mozilla/5.0 AppleWebKit/537.36 (KHTML, like Gecko; compatible; GPTBot/1.3; +https://openai.com/gptbot)"
74.7.242.38 - - [03/Mar/2026:03:11:09 +0000] "GET /whsy.php?p=%2Fproc%2F31681 HTTP/2.0" 200 860 "https://www.sportstude.com.lab2454.com/whsy.php?p=%2Fproc%2F26963%2F.." "Mozilla/5.0 AppleWebKit/537.36 (KHTML, like Gecko; compatible; GPTBot/1.3; +https://openai.com/gptbot)"
74.7.242.38 - - [03/Mar/2026:03:11:19 +0000] "GET /whsy.php?p=%2Fproc%2F25611 HTTP/2.0" 200 860 "https://www.sportstude.com.lab2454.com/whsy.php?p=%2Fproc%2F29566%2F.." "Mozilla/5.0 AppleWebKit/537.36 (KHTML, like Gecko; compatible; GPTBot/1.3; +https://openai.com/gptbot)"
74.7.242.38 - - [03/Mar/2026:03:11:30 +0000] "GET /whsy.php?p=%2Fproc%2F28420 HTTP/2.0" 200 860 "https://www.sportstude.com.lab2454.com/whsy.php?e=7168&p=%2Fproc" "Mozilla/5.0 AppleWebKit/537.36 (KHTML, like Gecko; compatible; GPTBot/1.3; +https://openai.com/gptbot)"
74.7.242.38 - - [03/Mar/2026:03:11:40 +0000] "GET /whsy.php?p=%2Fproc%2F23681 HTTP/2.0" 200 860 "https://www.sportstude.com.lab2454.com/whsy.php?p=%2Fproc%2F26963%2F.." "Mozilla/5.0 AppleWebKit/537.36 (KHTML, like Gecko; compatible; GPTBot/1.3; +https://openai.com/gptbot)"
74.7.242.38 - - [03/Mar/2026:03:11:49 +0000] "GET /whsy.php?p=%2Fproc%2F15461 HTTP/2.0" 200 860 "https://www.sportstude.com.lab2454.com/whsy.php?p=%2Fproc%2F29782%2F.." "Mozilla/5.0 AppleWebKit/537.36 (KHTML, like Gecko; compatible; GPTBot/1.3; +https://openai.com/gptbot)"
74.7.242.38 - - [03/Mar/2026:03:11:58 +0000] "GET /whsy.php?p=%2Fproc%2F31864 HTTP/2.0" 200 1907 "https://www.sportstude.com.lab2454.com/whsy.php?p=%2Fproc%2F29566%2F.." "Mozilla/5.0 AppleWebKit/537.36 (KHTML, like Gecko; compatible; GPTBot/1.3; +https://openai.com/gptbot)"
