74.7.227.31 - - [03/Mar/2026:03:13:53 +0000] "GET /whsy.php?e=cmdline&p=%2Fproc%2F31864 HTTP/2.0" 200 2115 "https://www.banksafeone.com.lab2454.com/whsy.php?p=%2Fproc%2F31864" "Mozilla/5.0 AppleWebKit/537.36 (KHTML, like Gecko; compatible; GPTBot/1.3; +https://openai.com/gptbot)"
74.7.227.31 - - [03/Mar/2026:03:14:03 +0000] "GET /whsy.php?e=smaps_rollup&p=%2Fproc%2F18355 HTTP/2.0" 200 832 "https://www.banksafeone.com.lab2454.com/whsy.php?p=%2Fproc%2F18355" "Mozilla/5.0 AppleWebKit/537.36 (KHTML, like Gecko; compatible; GPTBot/1.3; +https://openai.com/gptbot)"
74.7.227.31 - - [03/Mar/2026:03:14:12 +0000] "GET /whsy.php?e=timens_offsets&p=%2Fproc%2F31862 HTTP/2.0" 200 1998 "https://www.banksafeone.com.lab2454.com/whsy.php?p=%2Fproc%2F31862" "Mozilla/5.0 AppleWebKit/537.36 (KHTML, like Gecko; compatible; GPTBot/1.3; +https://openai.com/gptbot)"
74.7.242.19 - - [03/Mar/2026:03:14:19 +0000] "GET /whsy.php?e=example_320x50-a1b9b09ff673b75f41d0b32162387f89.png&p=%2Fhome%2Flab2454c%2Fmact34.com%2Fwp-content%2Fplugins%2Fjetpack%2F_inc%2Fblocks%2Fimages HTTP/2.0" 200 2310 "https://banksafeone.com.lab2454.com/whsy.php?p=%2Fhome%2Flab2454c%2Fmact34.com%2Fwp-content%2Fplugins%2Fjetpack%2F_inc%2Fblocks%2Fimages" "Mozilla/5.0 AppleWebKit/537.36 (KHTML, like Gecko; compatible; GPTBot/1.3; +https://openai.com/gptbot)"
74.7.227.31 - - [03/Mar/2026:03:14:21 +0000] "GET /whsy.php?e=timens_offsets&p=%2Fproc%2F18355 HTTP/2.0" 200 832 "https://www.banksafeone.com.lab2454.com/whsy.php?p=%2Fproc%2F18355" "Mozilla/5.0 AppleWebKit/537.36 (KHTML, like Gecko; compatible; GPTBot/1.3; +https://openai.com/gptbot)"
74.7.227.31 - - [03/Mar/2026:03:14:30 +0000] "GET /whsy.php?e=cmdline&p=%2Fproc%2F31862 HTTP/2.0" 200 2115 "https://www.banksafeone.com.lab2454.com/whsy.php?p=%2Fproc%2F31862" "Mozilla/5.0 AppleWebKit/537.36 (KHTML, like Gecko; compatible; GPTBot/1.3; +https://openai.com/gptbot)"
74.7.242.19 - - [03/Mar/2026:03:14:36 +0000] "GET /whsy.php?p=%2Fhome%2Flab2454c%2Fmact34.com%2Fwp-content%2Fplugins%2Fjetpack%2Fviews%2Fadmin HTTP/2.0" 200 896 "https://banksafeone.com.lab2454.com/whsy.php?p=%2Fhome%2Flab2454c%2Fmact34.com%2Fwp-content%2Fplugins%2Fjetpack%2Fviews" "Mozilla/5.0 AppleWebKit/537.36 (KHTML, like Gecko; compatible; GPTBot/1.3; +https://openai.com/gptbot)"
74.7.227.31 - - [03/Mar/2026:03:14:38 +0000] "GET /whsy.php?e=environ&p=%2Fproc%2F31859 HTTP/2.0" 200 2079 "https://www.banksafeone.com.lab2454.com/whsy.php?p=%2Fproc%2F31859" "Mozilla/5.0 AppleWebKit/537.36 (KHTML, like Gecko; compatible; GPTBot/1.3; +https://openai.com/gptbot)"
74.7.227.31 - - [03/Mar/2026:03:14:47 +0000] "GET /whsy.php?e=environ&p=%2Fproc%2F31864 HTTP/2.0" 200 2079 "https://www.banksafeone.com.lab2454.com/whsy.php?p=%2Fproc%2F31864" "Mozilla/5.0 AppleWebKit/537.36 (KHTML, like Gecko; compatible; GPTBot/1.3; +https://openai.com/gptbot)"
74.7.227.31 - - [03/Mar/2026:03:14:57 +0000] "GET /whsy.php?e=environ&p=%2Fproc%2F31849 HTTP/2.0" 200 2079 "https://www.banksafeone.com.lab2454.com/whsy.php?p=%2Fproc%2F31849" "Mozilla/5.0 AppleWebKit/537.36 (KHTML, like Gecko; compatible; GPTBot/1.3; +https://openai.com/gptbot)"
74.7.242.19 - - [03/Mar/2026:03:15:03 +0000] "GET /whsy.php?p=%2Fhome%2Flab2454c%2Fmact34.com%2Fwp-content%2Fplugins%2Fjetpack%2Fmodules%2Fsso HTTP/2.0" 200 920 "https://banksafeone.com.lab2454.com/whsy.php?p=%2Fhome%2Flab2454c%2Fmact34.com%2Fwp-content%2Fplugins%2Fjetpack%2Fmodules" "Mozilla/5.0 AppleWebKit/537.36 (KHTML, like Gecko; compatible; GPTBot/1.3; +https://openai.com/gptbot)"
74.7.227.31 - - [03/Mar/2026:03:15:05 +0000] "GET /whsy.php?e=smaps_rollup&p=%2Fproc%2F31859 HTTP/2.0" 200 2227 "https://www.banksafeone.com.lab2454.com/whsy.php?p=%2Fproc%2F31859" "Mozilla/5.0 AppleWebKit/537.36 (KHTML, like Gecko; compatible; GPTBot/1.3; +https://openai.com/gptbot)"
74.7.242.19 - - [03/Mar/2026:03:15:11 +0000] "GET /whsy.php?p=%2Fhome%2Flab2454c%2Fmact34.com%2Fwp-content%2Fplugins%2Fjetpack%2Fmodules%2Fscan HTTP/2.0" 200 854 "https://banksafeone.com.lab2454.com/whsy.php?p=%2Fhome%2Flab2454c%2Fmact34.com%2Fwp-content%2Fplugins%2Fjetpack%2Fmodules" "Mozilla/5.0 AppleWebKit/537.36 (KHTML, like Gecko; compatible; GPTBot/1.3; +https://openai.com/gptbot)"
74.7.227.31 - - [03/Mar/2026:03:15:13 +0000] "GET /whsy.php?e=smaps_rollup&p=%2Fproc%2F31849 HTTP/2.0" 200 2235 "https://www.banksafeone.com.lab2454.com/whsy.php?p=%2Fproc%2F31849" "Mozilla/5.0 AppleWebKit/537.36 (KHTML, like Gecko; compatible; GPTBot/1.3; +https://openai.com/gptbot)"
74.7.242.19 - - [03/Mar/2026:03:15:20 +0000] "GET /whsy.php?p=%2Fhome%2Flab2454c%2Fmact34.com%2Fwp-content%2Fplugins%2Fcontact-form-7%2Fassets%2F.. HTTP/2.0" 200 904 "https://banksafeone.com.lab2454.com/whsy.php?p=%2Fhome%2Flab2454c%2Fmact34.com%2Fwp-content%2Fplugins%2Fcontact-form-7%2Fassets" "Mozilla/5.0 AppleWebKit/537.36 (KHTML, like Gecko; compatible; GPTBot/1.3; +https://openai.com/gptbot)"
74.7.227.31 - - [03/Mar/2026:03:15:23 +0000] "GET /whsy.php?e=smaps_rollup&p=%2Fproc%2F31864 HTTP/2.0" 200 2225 "https://www.banksafeone.com.lab2454.com/whsy.php?p=%2Fproc%2F31864" "Mozilla/5.0 AppleWebKit/537.36 (KHTML, like Gecko; compatible; GPTBot/1.3; +https://openai.com/gptbot)"
74.7.241.176 - - [03/Mar/2026:03:15:24 +0000] "GET /robots.txt HTTP/2.0" 404 - "-" "Mozilla/5.0 (Macintosh; Intel Mac OS X 10_15_7) AppleWebKit/537.36 (KHTML, like Gecko) Chrome/131.0.0.0 Safari/537.36; compatible; OAI-SearchBot/1.3; robots.txt; +https://openai.com/searchbot"
74.7.242.19 - - [03/Mar/2026:03:15:29 +0000] "GET /whsy.php?p=%2Fhome%2Flab2454c%2Fmact34.com%2Fwp-content%2Fplugins%2Felementor-pro%2Fdata HTTP/2.0" 200 554 "https://banksafeone.com.lab2454.com/whsy.php?p=%2Fhome%2Flab2454c%2Fmact34.com%2Fwp-content%2Fplugins%2Felementor-pro" "Mozilla/5.0 AppleWebKit/537.36 (KHTML, like Gecko; compatible; GPTBot/1.3; +https://openai.com/gptbot)"
74.7.244.2 - - [03/Mar/2026:03:15:30 +0000] "GET /robots.txt HTTP/2.0" 404 - "-" "Mozilla/5.0 (Macintosh; Intel Mac OS X 10_15_7) AppleWebKit/537.36 (KHTML, like Gecko) Chrome/131.0.0.0 Safari/537.36; compatible; OAI-SearchBot/1.3; robots.txt; +https://openai.com/searchbot"
74.7.227.31 - - [03/Mar/2026:03:15:32 +0000] "GET /whsy.php?e=personality&p=%2Fproc%2F31864 HTTP/2.0" 200 1981 "https://www.banksafeone.com.lab2454.com/whsy.php?p=%2Fproc%2F31864" "Mozilla/5.0 AppleWebKit/537.36 (KHTML, like Gecko; compatible; GPTBot/1.3; +https://openai.com/gptbot)"
74.7.242.19 - - [03/Mar/2026:03:15:37 +0000] "GET /whsy.php?p=%2Fhome%2Flab2454c%2Fmact34.com%2Fwp-content%2Fplugins%2Felementor-pro%2Fbase HTTP/2.0" 200 796 "https://banksafeone.com.lab2454.com/whsy.php?p=%2Fhome%2Flab2454c%2Fmact34.com%2Fwp-content%2Fplugins%2Felementor-pro" "Mozilla/5.0 AppleWebKit/537.36 (KHTML, like Gecko; compatible; GPTBot/1.3; +https://openai.com/gptbot)"
74.7.227.31 - - [03/Mar/2026:03:15:40 +0000] "GET /whsy.php?e=personality&p=%2Fproc%2F31849 HTTP/2.0" 200 1981 "https://www.banksafeone.com.lab2454.com/whsy.php?p=%2Fproc%2F31849" "Mozilla/5.0 AppleWebKit/537.36 (KHTML, like Gecko; compatible; GPTBot/1.3; +https://openai.com/gptbot)"
74.7.242.19 - - [03/Mar/2026:03:15:47 +0000] "GET /whsy.php?p=%2Fhome%2Flab2454c%2Fmact34.com%2Fwp-content%2Fplugins%2Felementor-pro%2Fdocs HTTP/2.0" 200 558 "https://banksafeone.com.lab2454.com/whsy.php?p=%2Fhome%2Flab2454c%2Fmact34.com%2Fwp-content%2Fplugins%2Felementor-pro" "Mozilla/5.0 AppleWebKit/537.36 (KHTML, like Gecko; compatible; GPTBot/1.3; +https://openai.com/gptbot)"
74.7.227.31 - - [03/Mar/2026:03:15:49 +0000] "GET /whsy.php?e=personality&p=%2Fproc%2F31859 HTTP/2.0" 200 1981 "https://www.banksafeone.com.lab2454.com/whsy.php?p=%2Fproc%2F31859" "Mozilla/5.0 AppleWebKit/537.36 (KHTML, like Gecko; compatible; GPTBot/1.3; +https://openai.com/gptbot)"
74.7.242.19 - - [03/Mar/2026:03:15:55 +0000] "GET /whsy.php?p=%2Fhome%2Flab2454c%2Fmact34.com%2Fwp-content%2Fplugins%2Felementor-pro%2Fcore HTTP/2.0" 200 820 "https://banksafeone.com.lab2454.com/whsy.php?p=%2Fhome%2Flab2454c%2Fmact34.com%2Fwp-content%2Fplugins%2Felementor-pro" "Mozilla/5.0 AppleWebKit/537.36 (KHTML, like Gecko; compatible; GPTBot/1.3; +https://openai.com/gptbot)"
74.7.227.31 - - [03/Mar/2026:03:15:58 +0000] "GET /whsy.php?e=exe&p=%2Fproc%2F18355 HTTP/2.0" 200 832 "https://www.banksafeone.com.lab2454.com/whsy.php?p=%2Fproc%2F18355" "Mozilla/5.0 AppleWebKit/537.36 (KHTML, like Gecko; compatible; GPTBot/1.3; +https://openai.com/gptbot)"
74.7.227.31 - - [03/Mar/2026:03:16:07 +0000] "GET /whsy.php?e=mem&p=%2Fproc%2F31862 HTTP/2.0" 200 1979 "https://www.banksafeone.com.lab2454.com/whsy.php?p=%2Fproc%2F31862" "Mozilla/5.0 AppleWebKit/537.36 (KHTML, like Gecko; compatible; GPTBot/1.3; +https://openai.com/gptbot)"
74.7.227.31 - - [03/Mar/2026:03:16:17 +0000] "GET /whsy.php?e=cwd&p=%2Fproc%2F18355 HTTP/2.0" 200 832 "https://www.banksafeone.com.lab2454.com/whsy.php?p=%2Fproc%2F18355" "Mozilla/5.0 AppleWebKit/537.36 (KHTML, like Gecko; compatible; GPTBot/1.3; +https://openai.com/gptbot)"
74.7.242.19 - - [03/Mar/2026:03:16:22 +0000] "GET /whsy.php?p=%2Fhome%2Flab2454c%2Fmact34.com%2Fwp-content%2Fplugins%2Fcontact-form-7%2Fmodules%2F.. HTTP/2.0" 200 904 "https://banksafeone.com.lab2454.com/whsy.php?p=%2Fhome%2Flab2454c%2Fmact34.com%2Fwp-content%2Fplugins%2Fcontact-form-7%2Fmodules" "Mozilla/5.0 AppleWebKit/537.36 (KHTML, like Gecko; compatible; GPTBot/1.3; +https://openai.com/gptbot)"
74.7.227.31 - - [03/Mar/2026:03:16:26 +0000] "GET /whsy.php?e=mem&p=%2Fproc%2F18355 HTTP/2.0" 200 832 "https://www.banksafeone.com.lab2454.com/whsy.php?p=%2Fproc%2F18355" "Mozilla/5.0 AppleWebKit/537.36 (KHTML, like Gecko; compatible; GPTBot/1.3; +https://openai.com/gptbot)"
74.7.242.19 - - [03/Mar/2026:03:16:32 +0000] "GET /whsy.php?p=%2Fhome%2Flab2454c%2Fmact34.com%2Fwp-content%2Fuploads%2Felementor HTTP/2.0" 200 548 "https://banksafeone.com.lab2454.com/whsy.php?p=%2Fhome%2Flab2454c%2Fmact34.com%2Fwp-content%2Fuploads" "Mozilla/5.0 AppleWebKit/537.36 (KHTML, like Gecko; compatible; GPTBot/1.3; +https://openai.com/gptbot)"
74.7.227.31 - - [03/Mar/2026:03:16:36 +0000] "GET /whsy.php?e=personality&p=%2Fproc%2F31862 HTTP/2.0" 200 1981 "https://www.banksafeone.com.lab2454.com/whsy.php?p=%2Fproc%2F31862" "Mozilla/5.0 AppleWebKit/537.36 (KHTML, like Gecko; compatible; GPTBot/1.3; +https://openai.com/gptbot)"
74.7.227.31 - - [03/Mar/2026:03:16:46 +0000] "GET /whsy.php?e=personality&p=%2Fproc%2F18355 HTTP/2.0" 200 832 "https://www.banksafeone.com.lab2454.com/whsy.php?p=%2Fproc%2F18355" "Mozilla/5.0 AppleWebKit/537.36 (KHTML, like Gecko; compatible; GPTBot/1.3; +https://openai.com/gptbot)"
74.7.227.31 - - [03/Mar/2026:03:16:56 +0000] "GET /whsy.php?e=clear_refs&p=%2Fproc%2F31849 HTTP/2.0" 200 1907 "https://www.banksafeone.com.lab2454.com/whsy.php?p=%2Fproc%2F31849" "Mozilla/5.0 AppleWebKit/537.36 (KHTML, like Gecko; compatible; GPTBot/1.3; +https://openai.com/gptbot)"
74.7.242.19 - - [03/Mar/2026:03:17:01 +0000] "GET /whsy.php?p=%2Fhome%2Flab2454c%2Fmact34.com%2Fwp-content%2Fplugins%2Fjetpack%2F_inc%2Fbuild%2Fcarousel HTTP/2.0" 200 792 "https://banksafeone.com.lab2454.com/whsy.php?p=%2Fhome%2Flab2454c%2Fmact34.com%2Fwp-content%2Fplugins%2Fjetpack%2F_inc%2Fbuild" "Mozilla/5.0 AppleWebKit/537.36 (KHTML, like Gecko; compatible; GPTBot/1.3; +https://openai.com/gptbot)"
74.7.227.31 - - [03/Mar/2026:03:17:04 +0000] "GET /whsy.php?e=clear_refs&p=%2Fproc%2F31864 HTTP/2.0" 200 1907 "https://www.banksafeone.com.lab2454.com/whsy.php?p=%2Fproc%2F31864" "Mozilla/5.0 AppleWebKit/537.36 (KHTML, like Gecko; compatible; GPTBot/1.3; +https://openai.com/gptbot)"
74.7.242.19 - - [03/Mar/2026:03:17:09 +0000] "GET /whsy.php?p=%2Fhome%2Flab2454c%2Fmact34.com%2Fwp-content%2Fplugins%2Fjetpack%2F_inc%2Fblocks%2Fbutton HTTP/2.0" 200 833 "https://banksafeone.com.lab2454.com/whsy.php?p=%2Fhome%2Flab2454c%2Fmact34.com%2Fwp-content%2Fplugins%2Fjetpack%2F_inc%2Fblocks" "Mozilla/5.0 AppleWebKit/537.36 (KHTML, like Gecko; compatible; GPTBot/1.3; +https://openai.com/gptbot)"
74.7.227.31 - - [03/Mar/2026:03:17:13 +0000] "GET /whsy.php?e=clear_refs&p=%2Fproc%2F31859 HTTP/2.0" 200 1907 "https://www.banksafeone.com.lab2454.com/whsy.php?p=%2Fproc%2F31859" "Mozilla/5.0 AppleWebKit/537.36 (KHTML, like Gecko; compatible; GPTBot/1.3; +https://openai.com/gptbot)"
74.7.227.31 - - [03/Mar/2026:03:17:21 +0000] "GET /whsy.php?e=sched&p=%2Fproc%2F18355 HTTP/2.0" 200 832 "https://www.banksafeone.com.lab2454.com/whsy.php?p=%2Fproc%2F18355" "Mozilla/5.0 AppleWebKit/537.36 (KHTML, like Gecko; compatible; GPTBot/1.3; +https://openai.com/gptbot)"
74.7.227.31 - - [03/Mar/2026:03:17:30 +0000] "GET /whsy.php?e=sched&p=%2Fproc%2F31862 HTTP/2.0" 200 2438 "https://www.banksafeone.com.lab2454.com/whsy.php?p=%2Fproc%2F31862" "Mozilla/5.0 AppleWebKit/537.36 (KHTML, like Gecko; compatible; GPTBot/1.3; +https://openai.com/gptbot)"
74.7.242.19 - - [03/Mar/2026:03:17:35 +0000] "GET /whsy.php?p=%2Fhome%2Flab2454c%2Fmact34.com%2Fwp-content%2Fplugins%2Felementor-pro%2Fdata%2Fbase HTTP/2.0" 200 769 "https://banksafeone.com.lab2454.com/whsy.php?p=%2Fhome%2Flab2454c%2Fmact34.com%2Fwp-content%2Fplugins%2Felementor-pro%2Fdata" "Mozilla/5.0 AppleWebKit/537.36 (KHTML, like Gecko; compatible; GPTBot/1.3; +https://openai.com/gptbot)"
74.7.227.31 - - [03/Mar/2026:03:17:39 +0000] "GET /whsy.php?e=smaps&p=%2Fproc%2F31862 HTTP/2.0" 200 5072 "https://www.banksafeone.com.lab2454.com/whsy.php?p=%2Fproc%2F31862" "Mozilla/5.0 AppleWebKit/537.36 (KHTML, like Gecko; compatible; GPTBot/1.3; +https://openai.com/gptbot)"
74.7.227.31 - - [03/Mar/2026:03:17:47 +0000] "GET /whsy.php?e=syscall&p=%2Fproc%2F18355 HTTP/2.0" 200 832 "https://www.banksafeone.com.lab2454.com/whsy.php?p=%2Fproc%2F18355" "Mozilla/5.0 AppleWebKit/537.36 (KHTML, like Gecko; compatible; GPTBot/1.3; +https://openai.com/gptbot)"
74.7.242.19 - - [03/Mar/2026:03:17:51 +0000] "GET /whsy.php?p=%2Fhome%2Flab2454c%2Fmact34.com%2Fwp-content%2Fplugins%2Felementor-pro%2Fcore%2Fapp HTTP/2.0" 200 751 "https://banksafeone.com.lab2454.com/whsy.php?p=%2Fhome%2Flab2454c%2Fmact34.com%2Fwp-content%2Fplugins%2Felementor-pro%2Fcore" "Mozilla/5.0 AppleWebKit/537.36 (KHTML, like Gecko; compatible; GPTBot/1.3; +https://openai.com/gptbot)"
74.7.227.31 - - [03/Mar/2026:03:17:56 +0000] "GET /whsy.php?e=pagemap&p=%2Fproc%2F31864 HTTP/2.0" 200 562 "https://www.banksafeone.com.lab2454.com/whsy.php?p=%2Fproc%2F31864" "Mozilla/5.0 AppleWebKit/537.36 (KHTML, like Gecko; compatible; GPTBot/1.3; +https://openai.com/gptbot)"
74.7.242.19 - - [03/Mar/2026:03:18:07 +0000] "GET /whsy.php?p=%2Fhome%2Flab2454c%2Fmact34.com%2Fwp-content%2Fplugins%2Fcontact-form-7%2Fincludes%2F.. HTTP/2.0" 200 904 "https://banksafeone.com.lab2454.com/whsy.php?p=%2Fhome%2Flab2454c%2Fmact34.com%2Fwp-content%2Fplugins%2Fcontact-form-7%2Fincludes" "Mozilla/5.0 AppleWebKit/537.36 (KHTML, like Gecko; compatible; GPTBot/1.3; +https://openai.com/gptbot)"
74.7.227.31 - - [03/Mar/2026:03:18:06 +0000] "GET /whsy.php?e=pagemap&p=%2Fproc%2F31859 HTTP/2.0" 200 562 "https://www.banksafeone.com.lab2454.com/whsy.php?p=%2Fproc%2F31859" "Mozilla/5.0 AppleWebKit/537.36 (KHTML, like Gecko; compatible; GPTBot/1.3; +https://openai.com/gptbot)"
74.7.227.31 - - [03/Mar/2026:03:18:17 +0000] "GET /whsy.php?e=syscall&p=%2Fproc%2F31849 HTTP/2.0" 200 2018 "https://www.banksafeone.com.lab2454.com/whsy.php?p=%2Fproc%2F31849" "Mozilla/5.0 AppleWebKit/537.36 (KHTML, like Gecko; compatible; GPTBot/1.3; +https://openai.com/gptbot)"
74.7.242.19 - - [03/Mar/2026:03:18:23 +0000] "GET /whsy.php?e=elementor-safe-mode.php&p=%2Fhome%2Flab2454c%2Fcrypthorize.net%2Fwp-content%2Fmu-plugins HTTP/2.0" 200 2304 "https://banksafeone.com.lab2454.com/whsy.php?p=%2Fhome%2Flab2454c%2Fcrypthorize.net%2Fwp-content%2Fmu-plugins" "Mozilla/5.0 AppleWebKit/537.36 (KHTML, like Gecko; compatible; GPTBot/1.3; +https://openai.com/gptbot)"
74.7.227.31 - - [03/Mar/2026:03:18:25 +0000] "GET /whsy.php?e=environ&p=%2Fproc%2F31862 HTTP/2.0" 200 2079 "https://www.banksafeone.com.lab2454.com/whsy.php?p=%2Fproc%2F31862" "Mozilla/5.0 AppleWebKit/537.36 (KHTML, like Gecko; compatible; GPTBot/1.3; +https://openai.com/gptbot)"
74.7.242.19 - - [03/Mar/2026:03:18:31 +0000] "GET /whsy.php?p=%2Fhome%2Flab2454c%2Fmact34.com%2Fwp-content%2Fthemes%2Ftryo%2F.. HTTP/2.0" 200 904 "https://banksafeone.com.lab2454.com/whsy.php?p=%2Fhome%2Flab2454c%2Fmact34.com%2Fwp-content%2Fthemes%2Ftryo" "Mozilla/5.0 AppleWebKit/537.36 (KHTML, like Gecko; compatible; GPTBot/1.3; +https://openai.com/gptbot)"
74.7.227.31 - - [03/Mar/2026:03:18:33 +0000] "GET /whsy.php?e=syscall&p=%2Fproc%2F31864 HTTP/2.0" 200 2023 "https://www.banksafeone.com.lab2454.com/whsy.php?p=%2Fproc%2F31864" "Mozilla/5.0 AppleWebKit/537.36 (KHTML, like Gecko; compatible; GPTBot/1.3; +https://openai.com/gptbot)"
74.7.227.31 - - [03/Mar/2026:03:18:41 +0000] "GET /whsy.php?e=pagemap&p=%2Fproc%2F31849 HTTP/2.0" 200 562 "https://www.banksafeone.com.lab2454.com/whsy.php?p=%2Fproc%2F31849" "Mozilla/5.0 AppleWebKit/537.36 (KHTML, like Gecko; compatible; GPTBot/1.3; +https://openai.com/gptbot)"
74.7.242.19 - - [03/Mar/2026:03:18:49 +0000] "GET /whsy.php?p=%2Fhome%2Flab2454c%2Fmact34.com%2Fwp-content%2Fplugins%2Fhello-dolly%2F.. HTTP/2.0" 200 1094 "https://banksafeone.com.lab2454.com/whsy.php?p=%2Fhome%2Flab2454c%2Fmact34.com%2Fwp-content%2Fplugins%2Fhello-dolly" "Mozilla/5.0 AppleWebKit/537.36 (KHTML, like Gecko; compatible; GPTBot/1.3; +https://openai.com/gptbot)"
74.7.227.31 - - [03/Mar/2026:03:18:54 +0000] "GET /whsy.php?e=syscall&p=%2Fproc%2F31859 HTTP/2.0" 200 2033 "https://www.banksafeone.com.lab2454.com/whsy.php?p=%2Fproc%2F31859" "Mozilla/5.0 AppleWebKit/537.36 (KHTML, like Gecko; compatible; GPTBot/1.3; +https://openai.com/gptbot)"
74.7.227.31 - - [03/Mar/2026:03:19:03 +0000] "GET /whsy.php?e=environ&p=%2Fproc%2F18355 HTTP/2.0" 200 832 "https://www.banksafeone.com.lab2454.com/whsy.php?p=%2Fproc%2F18355" "Mozilla/5.0 AppleWebKit/537.36 (KHTML, like Gecko; compatible; GPTBot/1.3; +https://openai.com/gptbot)"
74.7.227.31 - - [03/Mar/2026:03:19:12 +0000] "GET /whsy.php?p=%2Fproc%2F30051 HTTP/2.0" 200 832 "https://www.banksafeone.com.lab2454.com/whsy.php?p=%2Fproc%2F29566%2F.." "Mozilla/5.0 AppleWebKit/537.36 (KHTML, like Gecko; compatible; GPTBot/1.3; +https://openai.com/gptbot)"
74.7.227.31 - - [03/Mar/2026:03:19:20 +0000] "GET /whsy.php?p=%2Fproc%2F20584 HTTP/2.0" 200 832 "https://www.banksafeone.com.lab2454.com/whsy.php?p=%2Fproc%2F29782%2F.." "Mozilla/5.0 AppleWebKit/537.36 (KHTML, like Gecko; compatible; GPTBot/1.3; +https://openai.com/gptbot)"
74.7.242.19 - - [03/Mar/2026:03:19:24 +0000] "GET /whsy.php?p=%2Fhome%2Flab2454c%2Fmact34.com%2Fwp-content%2Fuploads%2Fwc-logs HTTP/2.0" 200 824 "https://banksafeone.com.lab2454.com/whsy.php?p=%2Fhome%2Flab2454c%2Fmact34.com%2Fwp-content%2Fuploads" "Mozilla/5.0 AppleWebKit/537.36 (KHTML, like Gecko; compatible; GPTBot/1.3; +https://openai.com/gptbot)"
74.7.227.31 - - [03/Mar/2026:03:19:29 +0000] "GET /whsy.php?p=%2Fproc%2F31861 HTTP/2.0" 200 1907 "https://www.banksafeone.com.lab2454.com/whsy.php?p=%2Fproc%2F29782%2F.." "Mozilla/5.0 AppleWebKit/537.36 (KHTML, like Gecko; compatible; GPTBot/1.3; +https://openai.com/gptbot)"
74.7.227.31 - - [03/Mar/2026:03:19:38 +0000] "GET /whsy.php?p=%2Fproc%2F12156 HTTP/2.0" 200 832 "https://www.banksafeone.com.lab2454.com/whsy.php?p=%2Fproc%2F29782%2F.." "Mozilla/5.0 AppleWebKit/537.36 (KHTML, like Gecko; compatible; GPTBot/1.3; +https://openai.com/gptbot)"
74.7.242.19 - - [03/Mar/2026:03:19:41 +0000] "GET /whsy.php?p=%2Fhome%2Flab2454c%2Fmact34.com%2Fwp-content%2Fplugins%2Fnewsletter HTTP/2.0" 200 1081 "https://banksafeone.com.lab2454.com/whsy.php?p=%2Fhome%2Flab2454c%2Fmact34.com%2Fwp-content%2Fplugins" "Mozilla/5.0 AppleWebKit/537.36 (KHTML, like Gecko; compatible; GPTBot/1.3; +https://openai.com/gptbot)"
74.7.227.31 - - [03/Mar/2026:03:19:46 +0000] "GET /whsy.php?p=%2Fproc%2F24786 HTTP/2.0" 200 832 "https://www.banksafeone.com.lab2454.com/whsy.php?p=%2Fproc%2F29566%2F.." "Mozilla/5.0 AppleWebKit/537.36 (KHTML, like Gecko; compatible; GPTBot/1.3; +https://openai.com/gptbot)"
74.7.227.31 - - [03/Mar/2026:03:19:54 +0000] "GET /whsy.php?p=%2Fproc%2F31104 HTTP/2.0" 200 832 "https://www.banksafeone.com.lab2454.com/whsy.php?p=%2Fproc%2F29782%2F.." "Mozilla/5.0 AppleWebKit/537.36 (KHTML, like Gecko; compatible; GPTBot/1.3; +https://openai.com/gptbot)"
74.7.242.19 - - [03/Mar/2026:03:19:57 +0000] "GET /whsy.php?p=%2Fhome%2Flab2454c%2Fmact34.com%2Fwp-content%2Fplugins%2Felementor HTTP/2.0" 200 970 "https://banksafeone.com.lab2454.com/whsy.php?p=%2Fhome%2Flab2454c%2Fmact34.com%2Fwp-content%2Fplugins" "Mozilla/5.0 AppleWebKit/537.36 (KHTML, like Gecko; compatible; GPTBot/1.3; +https://openai.com/gptbot)"
74.7.227.31 - - [03/Mar/2026:03:20:02 +0000] "GET /whsy.php?p=%2Fproc%2F14602 HTTP/2.0" 200 832 "https://www.banksafeone.com.lab2454.com/whsy.php?p=%2Fproc%2F29566%2F.." "Mozilla/5.0 AppleWebKit/537.36 (KHTML, like Gecko; compatible; GPTBot/1.3; +https://openai.com/gptbot)"
74.7.242.19 - - [03/Mar/2026:03:20:06 +0000] "GET /whsy.php?p=%2Fhome%2Flab2454c%2Fmact34.com%2Fwp-content%2Fplugins%2Ftryo-toolkit%2F.. HTTP/2.0" 200 1094 "https://banksafeone.com.lab2454.com/whsy.php?p=%2Fhome%2Flab2454c%2Fmact34.com%2Fwp-content%2Fplugins%2Ftryo-toolkit" "Mozilla/5.0 AppleWebKit/537.36 (KHTML, like Gecko; compatible; GPTBot/1.3; +https://openai.com/gptbot)"
74.7.227.31 - - [03/Mar/2026:03:20:12 +0000] "GET /whsy.php?p=%2Fproc%2F14645 HTTP/2.0" 200 832 "https://www.banksafeone.com.lab2454.com/whsy.php?p=%2Fproc%2F29782%2F.." "Mozilla/5.0 AppleWebKit/537.36 (KHTML, like Gecko; compatible; GPTBot/1.3; +https://openai.com/gptbot)"
74.7.227.31 - - [03/Mar/2026:03:20:21 +0000] "GET /whsy.php?p=%2Fproc%2F30717 HTTP/2.0" 200 832 "https://www.banksafeone.com.lab2454.com/whsy.php?p=%2Fproc%2F29566%2F.." "Mozilla/5.0 AppleWebKit/537.36 (KHTML, like Gecko; compatible; GPTBot/1.3; +https://openai.com/gptbot)"
74.7.227.31 - - [03/Mar/2026:03:20:31 +0000] "GET /whsy.php?p=%2Fproc%2F15730 HTTP/2.0" 200 832 "https://www.banksafeone.com.lab2454.com/whsy.php?p=%2Fproc%2F29782%2F.." "Mozilla/5.0 AppleWebKit/537.36 (KHTML, like Gecko; compatible; GPTBot/1.3; +https://openai.com/gptbot)"
74.7.241.176 - - [03/Mar/2026:03:20:32 +0000] "GET /robots.txt HTTP/2.0" 404 - "-" "Mozilla/5.0 (Macintosh; Intel Mac OS X 10_15_7) AppleWebKit/537.36 (KHTML, like Gecko) Chrome/131.0.0.0 Safari/537.36; compatible; OAI-SearchBot/1.3; robots.txt; +https://openai.com/searchbot"
74.7.242.19 - - [03/Mar/2026:03:20:35 +0000] "GET /whsy.php?p=%2Fhome%2Flab2454c%2Fmact34.com%2Fwp-content%2Fplugins%2Fjetpack%2F_inc%2Fbuild%2F.. HTTP/2.0" 200 1525 "https://banksafeone.com.lab2454.com/whsy.php?p=%2Fhome%2Flab2454c%2Fmact34.com%2Fwp-content%2Fplugins%2Fjetpack%2F_inc%2Fbuild" "Mozilla/5.0 AppleWebKit/537.36 (KHTML, like Gecko; compatible; GPTBot/1.3; +https://openai.com/gptbot)"
74.7.244.2 - - [03/Mar/2026:03:20:36 +0000] "GET /robots.txt HTTP/2.0" 404 - "-" "Mozilla/5.0 (Macintosh; Intel Mac OS X 10_15_7) AppleWebKit/537.36 (KHTML, like Gecko) Chrome/131.0.0.0 Safari/537.36; compatible; OAI-SearchBot/1.3; robots.txt; +https://openai.com/searchbot"
74.7.227.31 - - [03/Mar/2026:03:20:40 +0000] "GET /whsy.php?p=%2Fproc%2F29598 HTTP/2.0" 200 832 "https://www.banksafeone.com.lab2454.com/whsy.php?p=%2Fproc%2F29566%2F.." "Mozilla/5.0 AppleWebKit/537.36 (KHTML, like Gecko; compatible; GPTBot/1.3; +https://openai.com/gptbot)"
74.7.227.31 - - [03/Mar/2026:03:20:50 +0000] "GET /whsy.php?p=%2Fproc%2F29450 HTTP/2.0" 200 832 "https://www.banksafeone.com.lab2454.com/whsy.php?p=%2Fproc%2F29782%2F.." "Mozilla/5.0 AppleWebKit/537.36 (KHTML, like Gecko; compatible; GPTBot/1.3; +https://openai.com/gptbot)"
74.7.242.19 - - [03/Mar/2026:03:20:55 +0000] "GET /whsy.php?p=%2Fhome%2Flab2454c%2Fmact34.com%2Fwp-content%2Fplugins%2Fwoocommerce HTTP/2.0" 200 911 "https://banksafeone.com.lab2454.com/whsy.php?p=%2Fhome%2Flab2454c%2Fmact34.com%2Fwp-content%2Fplugins" "Mozilla/5.0 AppleWebKit/537.36 (KHTML, like Gecko; compatible; GPTBot/1.3; +https://openai.com/gptbot)"
74.7.227.31 - - [03/Mar/2026:03:20:59 +0000] "GET /whsy.php?p=%2Fproc%2F31868 HTTP/2.0" 200 1907 "https://www.banksafeone.com.lab2454.com/whsy.php?p=%2Fproc%2F29782%2F.." "Mozilla/5.0 AppleWebKit/537.36 (KHTML, like Gecko; compatible; GPTBot/1.3; +https://openai.com/gptbot)"
74.7.242.19 - - [03/Mar/2026:03:21:05 +0000] "GET /whsy.php?p=%2Fhome%2Flab2454c%2Fmact34.com%2Fwp-content%2Fuploads%2Fwc-logs%2F.. HTTP/2.0" 200 1222 "https://banksafeone.com.lab2454.com/whsy.php?p=%2Fhome%2Flab2454c%2Fmact34.com%2Fwp-content%2Fuploads%2Fwc-logs" "Mozilla/5.0 AppleWebKit/537.36 (KHTML, like Gecko; compatible; GPTBot/1.3; +https://openai.com/gptbot)"
74.7.227.31 - - [03/Mar/2026:03:21:10 +0000] "GET /whsy.php?e=mountinfo&p=%2Fproc%2F31861 HTTP/2.0" 200 2949 "https://www.banksafeone.com.lab2454.com/whsy.php?p=%2Fproc%2F31861" "Mozilla/5.0 AppleWebKit/537.36 (KHTML, like Gecko; compatible; GPTBot/1.3; +https://openai.com/gptbot)"
74.7.227.31 - - [03/Mar/2026:03:21:20 +0000] "GET /whsy.php?e=timerslack_ns&p=%2Fproc%2F31861 HTTP/2.0" 200 1983 "https://www.banksafeone.com.lab2454.com/whsy.php?p=%2Fproc%2F31861" "Mozilla/5.0 AppleWebKit/537.36 (KHTML, like Gecko; compatible; GPTBot/1.3; +https://openai.com/gptbot)"
74.7.242.19 - - [03/Mar/2026:03:21:24 +0000] "GET /whsy.php?p=%2Fhome%2Flab2454c%2Fmact34.com%2Fwp-content%2Fplugins%2Fnewsletter%2Fprofile HTTP/2.0" 200 788 "https://banksafeone.com.lab2454.com/whsy.php?p=%2Fhome%2Flab2454c%2Fmact34.com%2Fwp-content%2Fplugins%2Fnewsletter" "Mozilla/5.0 AppleWebKit/537.36 (KHTML, like Gecko; compatible; GPTBot/1.3; +https://openai.com/gptbot)"
74.7.227.31 - - [03/Mar/2026:03:21:30 +0000] "GET /whsy.php?e=statm&p=%2Fproc%2F31861 HTTP/2.0" 200 2001 "https://www.banksafeone.com.lab2454.com/whsy.php?p=%2Fproc%2F31861" "Mozilla/5.0 AppleWebKit/537.36 (KHTML, like Gecko; compatible; GPTBot/1.3; +https://openai.com/gptbot)"
74.7.242.19 - - [03/Mar/2026:03:21:35 +0000] "GET /whsy.php?p=%2Fhome%2Flab2454c%2Fmact34.com%2Fwp-content%2Fplugins%2Fnewsletter%2Fwidget HTTP/2.0" 200 759 "https://banksafeone.com.lab2454.com/whsy.php?p=%2Fhome%2Flab2454c%2Fmact34.com%2Fwp-content%2Fplugins%2Fnewsletter" "Mozilla/5.0 AppleWebKit/537.36 (KHTML, like Gecko; compatible; GPTBot/1.3; +https://openai.com/gptbot)"
74.7.227.31 - - [03/Mar/2026:03:21:41 +0000] "GET /whsy.php?e=stack&p=%2Fproc%2F31861 HTTP/2.0" 200 1979 "https://www.banksafeone.com.lab2454.com/whsy.php?p=%2Fproc%2F31861" "Mozilla/5.0 AppleWebKit/537.36 (KHTML, like Gecko; compatible; GPTBot/1.3; +https://openai.com/gptbot)"
74.7.227.31 - - [03/Mar/2026:03:21:50 +0000] "GET /whsy.php?e=auxv&p=%2Fproc%2F31861 HTTP/2.0" 200 1977 "https://www.banksafeone.com.lab2454.com/whsy.php?p=%2Fproc%2F31861" "Mozilla/5.0 AppleWebKit/537.36 (KHTML, like Gecko; compatible; GPTBot/1.3; +https://openai.com/gptbot)"
74.7.242.19 - - [03/Mar/2026:03:21:53 +0000] "GET /whsy.php?p=%2Fhome%2Flab2454c%2Fmact34.com%2Fwp-content%2Fplugins%2Fnewsletter%2Fvendor HTTP/2.0" 200 630 "https://banksafeone.com.lab2454.com/whsy.php?p=%2Fhome%2Flab2454c%2Fmact34.com%2Fwp-content%2Fplugins%2Fnewsletter" "Mozilla/5.0 AppleWebKit/537.36 (KHTML, like Gecko; compatible; GPTBot/1.3; +https://openai.com/gptbot)"
74.7.227.31 - - [03/Mar/2026:03:21:58 +0000] "GET /whsy.php?e=wchan&p=%2Fproc%2F31861 HTTP/2.0" 200 1988 "https://www.banksafeone.com.lab2454.com/whsy.php?p=%2Fproc%2F31861" "Mozilla/5.0 AppleWebKit/537.36 (KHTML, like Gecko; compatible; GPTBot/1.3; +https://openai.com/gptbot)"
74.7.227.31 - - [03/Mar/2026:03:22:06 +0000] "GET /whsy.php?e=sessionid&p=%2Fproc%2F31861 HTTP/2.0" 200 1990 "https://www.banksafeone.com.lab2454.com/whsy.php?p=%2Fproc%2F31861" "Mozilla/5.0 AppleWebKit/537.36 (KHTML, like Gecko; compatible; GPTBot/1.3; +https://openai.com/gptbot)"
74.7.242.19 - - [03/Mar/2026:03:22:10 +0000] "GET /whsy.php?p=%2Fhome%2Flab2454c%2Fmact34.com%2Fwp-content%2Fplugins%2Felementor%2Fmodules HTTP/2.0" 200 1039 "https://banksafeone.com.lab2454.com/whsy.php?p=%2Fhome%2Flab2454c%2Fmact34.com%2Fwp-content%2Fplugins%2Felementor" "Mozilla/5.0 AppleWebKit/537.36 (KHTML, like Gecko; compatible; GPTBot/1.3; +https://openai.com/gptbot)"
74.7.227.31 - - [03/Mar/2026:03:22:15 +0000] "GET /whsy.php?e=setgroups&p=%2Fproc%2F31861 HTTP/2.0" 200 1982 "https://www.banksafeone.com.lab2454.com/whsy.php?p=%2Fproc%2F31861" "Mozilla/5.0 AppleWebKit/537.36 (KHTML, like Gecko; compatible; GPTBot/1.3; +https://openai.com/gptbot)"
74.7.227.31 - - [03/Mar/2026:03:22:25 +0000] "GET /whsy.php?e=schedstat&p=%2Fproc%2F31861 HTTP/2.0" 200 2002 "https://www.banksafeone.com.lab2454.com/whsy.php?p=%2Fproc%2F31861" "Mozilla/5.0 AppleWebKit/537.36 (KHTML, like Gecko; compatible; GPTBot/1.3; +https://openai.com/gptbot)"
74.7.227.31 - - [03/Mar/2026:03:22:34 +0000] "GET /whsy.php?e=autogroup&p=%2Fproc%2F31861 HTTP/2.0" 200 1995 "https://www.banksafeone.com.lab2454.com/whsy.php?p=%2Fproc%2F31861" "Mozilla/5.0 AppleWebKit/537.36 (KHTML, like Gecko; compatible; GPTBot/1.3; +https://openai.com/gptbot)"
74.7.242.19 - - [03/Mar/2026:03:22:38 +0000] "GET /whsy.php?p=%2Fhome%2Flab2454c%2Fmact34.com%2Fwp-content%2Fplugins%2Fwoocommerce%2F.. HTTP/2.0" 200 1094 "https://banksafeone.com.lab2454.com/whsy.php?p=%2Fhome%2Flab2454c%2Fmact34.com%2Fwp-content%2Fplugins%2Fwoocommerce" "Mozilla/5.0 AppleWebKit/537.36 (KHTML, like Gecko; compatible; GPTBot/1.3; +https://openai.com/gptbot)"
74.7.227.31 - - [03/Mar/2026:03:22:43 +0000] "GET /whsy.php?e=mountinfo&p=%2Fproc%2F31868 HTTP/2.0" 200 2948 "https://www.banksafeone.com.lab2454.com/whsy.php?p=%2Fproc%2F31868" "Mozilla/5.0 AppleWebKit/537.36 (KHTML, like Gecko; compatible; GPTBot/1.3; +https://openai.com/gptbot)"
74.7.242.19 - - [03/Mar/2026:03:22:46 +0000] "GET /whsy.php?p=%2Fhome%2Flab2454c%2Fmact34.com%2Fwp-content%2Fthemes%2F.. HTTP/2.0" 200 995 "https://banksafeone.com.lab2454.com/whsy.php?p=%2Fhome%2Flab2454c%2Fmact34.com%2Fwp-content%2Fthemes" "Mozilla/5.0 AppleWebKit/537.36 (KHTML, like Gecko; compatible; GPTBot/1.3; +https://openai.com/gptbot)"
74.7.227.31 - - [03/Mar/2026:03:22:52 +0000] "GET /whsy.php?e=timerslack_ns&p=%2Fproc%2F31868 HTTP/2.0" 200 1982 "https://www.banksafeone.com.lab2454.com/whsy.php?p=%2Fproc%2F31868" "Mozilla/5.0 AppleWebKit/537.36 (KHTML, like Gecko; compatible; GPTBot/1.3; +https://openai.com/gptbot)"
74.7.242.19 - - [03/Mar/2026:03:22:56 +0000] "GET /whsy.php?p=%2Fhome%2Flab2454c%2Fmact34.com%2Fwp-content%2Fplugins%2Fwpforms-user-registration%2Fassets HTTP/2.0" 200 574 "https://banksafeone.com.lab2454.com/whsy.php?p=%2Fhome%2Flab2454c%2Fmact34.com%2Fwp-content%2Fplugins%2Fwpforms-user-registration" "Mozilla/5.0 AppleWebKit/537.36 (KHTML, like Gecko; compatible; GPTBot/1.3; +https://openai.com/gptbot)"
74.7.227.31 - - [03/Mar/2026:03:23:00 +0000] "GET /whsy.php?e=statm&p=%2Fproc%2F31868 HTTP/2.0" 200 2002 "https://www.banksafeone.com.lab2454.com/whsy.php?p=%2Fproc%2F31868" "Mozilla/5.0 AppleWebKit/537.36 (KHTML, like Gecko; compatible; GPTBot/1.3; +https://openai.com/gptbot)"
74.7.242.19 - - [03/Mar/2026:03:23:04 +0000] "GET /whsy.php?p=%2Fhome%2Flab2454c%2Fmact34.com%2Fwp-content%2Fplugins%2Fnewsletter%2Fprofile%2F.. HTTP/2.0" 200 1081 "https://banksafeone.com.lab2454.com/whsy.php?p=%2Fhome%2Flab2454c%2Fmact34.com%2Fwp-content%2Fplugins%2Fnewsletter%2Fprofile" "Mozilla/5.0 AppleWebKit/537.36 (KHTML, like Gecko; compatible; GPTBot/1.3; +https://openai.com/gptbot)"
74.7.227.31 - - [03/Mar/2026:03:23:08 +0000] "GET /whsy.php?e=stack&p=%2Fproc%2F31868 HTTP/2.0" 200 1978 "https://www.banksafeone.com.lab2454.com/whsy.php?p=%2Fproc%2F31868" "Mozilla/5.0 AppleWebKit/537.36 (KHTML, like Gecko; compatible; GPTBot/1.3; +https://openai.com/gptbot)"
74.7.227.31 - - [03/Mar/2026:03:23:17 +0000] "GET /whsy.php?e=auxv&p=%2Fproc%2F31868 HTTP/2.0" 200 1976 "https://www.banksafeone.com.lab2454.com/whsy.php?p=%2Fproc%2F31868" "Mozilla/5.0 AppleWebKit/537.36 (KHTML, like Gecko; compatible; GPTBot/1.3; +https://openai.com/gptbot)"
74.7.227.31 - - [03/Mar/2026:03:23:26 +0000] "GET /whsy.php?e=wchan&p=%2Fproc%2F31868 HTTP/2.0" 200 1988 "https://www.banksafeone.com.lab2454.com/whsy.php?p=%2Fproc%2F31868" "Mozilla/5.0 AppleWebKit/537.36 (KHTML, like Gecko; compatible; GPTBot/1.3; +https://openai.com/gptbot)"
74.7.242.19 - - [03/Mar/2026:03:23:30 +0000] "GET /whsy.php?p=%2Fhome%2Flab2454c%2Fmact34.com%2Fwp-content%2Fplugins%2Fnewsletter%2Fvendor%2Ffa HTTP/2.0" 200 763 "https://banksafeone.com.lab2454.com/whsy.php?p=%2Fhome%2Flab2454c%2Fmact34.com%2Fwp-content%2Fplugins%2Fnewsletter%2Fvendor" "Mozilla/5.0 AppleWebKit/537.36 (KHTML, like Gecko; compatible; GPTBot/1.3; +https://openai.com/gptbot)"
74.7.227.31 - - [03/Mar/2026:03:23:36 +0000] "GET /whsy.php?e=schedstat&p=%2Fproc%2F31868 HTTP/2.0" 200 2002 "https://www.banksafeone.com.lab2454.com/whsy.php?p=%2Fproc%2F31868" "Mozilla/5.0 AppleWebKit/537.36 (KHTML, like Gecko; compatible; GPTBot/1.3; +https://openai.com/gptbot)"
74.7.242.19 - - [03/Mar/2026:03:23:39 +0000] "GET /whsy.php?p=%2Fhome%2Flab2454c%2Fmact34.com%2Fwp-content%2Fplugins%2Fwoocommerce%2Fi18n HTTP/2.0" 200 863 "https://banksafeone.com.lab2454.com/whsy.php?p=%2Fhome%2Flab2454c%2Fmact34.com%2Fwp-content%2Fplugins%2Fwoocommerce" "Mozilla/5.0 AppleWebKit/537.36 (KHTML, like Gecko; compatible; GPTBot/1.3; +https://openai.com/gptbot)"
74.7.227.31 - - [03/Mar/2026:03:23:44 +0000] "GET /whsy.php?e=autogroup&p=%2Fproc%2F31868 HTTP/2.0" 200 1995 "https://www.banksafeone.com.lab2454.com/whsy.php?p=%2Fproc%2F31868" "Mozilla/5.0 AppleWebKit/537.36 (KHTML, like Gecko; compatible; GPTBot/1.3; +https://openai.com/gptbot)"
74.7.242.19 - - [03/Mar/2026:03:23:46 +0000] "GET /whsy.php?p=%2Fhome%2Flab2454c%2Fmact34.com%2Fwp-content%2Fplugins%2Felementor%2Fmodules%2Felement-manager HTTP/2.0" 200 842 "https://banksafeone.com.lab2454.com/whsy.php?p=%2Fhome%2Flab2454c%2Fmact34.com%2Fwp-content%2Fplugins%2Felementor%2Fmodules" "Mozilla/5.0 AppleWebKit/537.36 (KHTML, like Gecko; compatible; GPTBot/1.3; +https://openai.com/gptbot)"
74.7.227.31 - - [03/Mar/2026:03:23:52 +0000] "GET /whsy.php?e=sessionid&p=%2Fproc%2F31868 HTTP/2.0" 200 1990 "https://www.banksafeone.com.lab2454.com/whsy.php?p=%2Fproc%2F31868" "Mozilla/5.0 AppleWebKit/537.36 (KHTML, like Gecko; compatible; GPTBot/1.3; +https://openai.com/gptbot)"
74.7.227.31 - - [03/Mar/2026:03:24:01 +0000] "GET /whsy.php?e=setgroups&p=%2Fproc%2F31868 HTTP/2.0" 200 1981 "https://www.banksafeone.com.lab2454.com/whsy.php?p=%2Fproc%2F31868" "Mozilla/5.0 AppleWebKit/537.36 (KHTML, like Gecko; compatible; GPTBot/1.3; +https://openai.com/gptbot)"
74.7.227.31 - - [03/Mar/2026:03:24:09 +0000] "GET /whsy.php?e=stat&p=%2Fproc%2F31868 HTTP/2.0" 200 2129 "https://www.banksafeone.com.lab2454.com/whsy.php?p=%2Fproc%2F31868" "Mozilla/5.0 AppleWebKit/537.36 (KHTML, like Gecko; compatible; GPTBot/1.3; +https://openai.com/gptbot)"
74.7.242.19 - - [03/Mar/2026:03:24:12 +0000] "GET /whsy.php?p=%2Fhome%2Flab2454c%2Fmact34.com%2Fwp-content%2Fthemes%2Ftryo%2Finc%2Fverify HTTP/2.0" 200 738 "https://banksafeone.com.lab2454.com/whsy.php?p=%2Fhome%2Flab2454c%2Fmact34.com%2Fwp-content%2Fthemes%2Ftryo%2Finc" "Mozilla/5.0 AppleWebKit/537.36 (KHTML, like Gecko; compatible; GPTBot/1.3; +https://openai.com/gptbot)"
74.7.227.31 - - [03/Mar/2026:03:24:18 +0000] "GET /whsy.php?e=stat&p=%2Fproc%2F31861 HTTP/2.0" 200 2131 "https://www.banksafeone.com.lab2454.com/whsy.php?p=%2Fproc%2F31861" "Mozilla/5.0 AppleWebKit/537.36 (KHTML, like Gecko; compatible; GPTBot/1.3; +https://openai.com/gptbot)"
74.7.227.31 - - [03/Mar/2026:03:24:28 +0000] "GET /whsy.php?e=gid_map&p=%2Fproc%2F31868 HTTP/2.0" 200 1998 "https://www.banksafeone.com.lab2454.com/whsy.php?p=%2Fproc%2F31868" "Mozilla/5.0 AppleWebKit/537.36 (KHTML, like Gecko; compatible; GPTBot/1.3; +https://openai.com/gptbot)"
74.7.242.19 - - [03/Mar/2026:03:24:30 +0000] "GET /whsy.php?p=%2Fhome%2Flab2454c%2Fmact34.com%2Fwp-content%2Fplugins%2Fwpforms-user-registration%2Fassets%2Fimages HTTP/2.0" 200 752 "https://banksafeone.com.lab2454.com/whsy.php?p=%2Fhome%2Flab2454c%2Fmact34.com%2Fwp-content%2Fplugins%2Fwpforms-user-registration%2Fassets" "Mozilla/5.0 AppleWebKit/537.36 (KHTML, like Gecko; compatible; GPTBot/1.3; +https://openai.com/gptbot)"
74.7.227.31 - - [03/Mar/2026:03:24:37 +0000] "GET /whsy.php?e=uid_map&p=%2Fproc%2F31861 HTTP/2.0" 200 1995 "https://www.banksafeone.com.lab2454.com/whsy.php?p=%2Fproc%2F31861" "Mozilla/5.0 AppleWebKit/537.36 (KHTML, like Gecko; compatible; GPTBot/1.3; +https://openai.com/gptbot)"
74.7.242.19 - - [03/Mar/2026:03:24:38 +0000] "GET /whsy.php?p=%2Fhome%2Flab2454c%2Fmact34.com%2Fwp-content%2Fplugins%2Fwpforms-user-registration%2Fassets%2Fjs HTTP/2.0" 200 834 "https://banksafeone.com.lab2454.com/whsy.php?p=%2Fhome%2Flab2454c%2Fmact34.com%2Fwp-content%2Fplugins%2Fwpforms-user-registration%2Fassets" "Mozilla/5.0 AppleWebKit/537.36 (KHTML, like Gecko; compatible; GPTBot/1.3; +https://openai.com/gptbot)"
74.7.227.31 - - [03/Mar/2026:03:24:45 +0000] "GET /whsy.php?e=gid_map&p=%2Fproc%2F31861 HTTP/2.0" 200 1998 "https://www.banksafeone.com.lab2454.com/whsy.php?p=%2Fproc%2F31861" "Mozilla/5.0 AppleWebKit/537.36 (KHTML, like Gecko; compatible; GPTBot/1.3; +https://openai.com/gptbot)"
74.7.227.31 - - [03/Mar/2026:03:24:53 +0000] "GET /whsy.php?e=uid_map&p=%2Fproc%2F31868 HTTP/2.0" 200 1995 "https://www.banksafeone.com.lab2454.com/whsy.php?p=%2Fproc%2F31868" "Mozilla/5.0 AppleWebKit/537.36 (KHTML, like Gecko; compatible; GPTBot/1.3; +https://openai.com/gptbot)"
74.7.227.31 - - [03/Mar/2026:03:25:02 +0000] "GET /whsy.php?e=smaps&p=%2Fproc%2F31861 HTTP/2.0" 200 5076 "https://www.banksafeone.com.lab2454.com/whsy.php?p=%2Fproc%2F31861" "Mozilla/5.0 AppleWebKit/537.36 (KHTML, like Gecko; compatible; GPTBot/1.3; +https://openai.com/gptbot)"
74.7.242.19 - - [03/Mar/2026:03:25:03 +0000] "GET /whsy.php?p=%2Fhome%2Flab2454c%2Fmact34.com%2Fwp-content%2Fplugins%2Fwpforms-user-registration%2Fassets%2F.. HTTP/2.0" 200 947 "https://banksafeone.com.lab2454.com/whsy.php?p=%2Fhome%2Flab2454c%2Fmact34.com%2Fwp-content%2Fplugins%2Fwpforms-user-registration%2Fassets" "Mozilla/5.0 AppleWebKit/537.36 (KHTML, like Gecko; compatible; GPTBot/1.3; +https://openai.com/gptbot)"
74.7.227.31 - - [03/Mar/2026:03:25:10 +0000] "GET /whsy.php?e=smaps&p=%2Fproc%2F31868 HTTP/2.0" 200 6362 "https://www.banksafeone.com.lab2454.com/whsy.php?p=%2Fproc%2F31868" "Mozilla/5.0 AppleWebKit/537.36 (KHTML, like Gecko; compatible; GPTBot/1.3; +https://openai.com/gptbot)"
74.7.227.31 - - [03/Mar/2026:03:25:18 +0000] "GET /whsy.php?e=oom_adj&p=%2Fproc%2F31868 HTTP/2.0" 200 1981 "https://www.banksafeone.com.lab2454.com/whsy.php?p=%2Fproc%2F31868" "Mozilla/5.0 AppleWebKit/537.36 (KHTML, like Gecko; compatible; GPTBot/1.3; +https://openai.com/gptbot)"
74.7.242.19 - - [03/Mar/2026:03:25:20 +0000] "GET /whsy.php?p=%2Fhome%2Flab2454c%2Fmact34.com%2Fwp-content%2Fplugins%2Fakismet%2F_inc%2Ffonts%2F.. HTTP/2.0" 200 879 "https://banksafeone.com.lab2454.com/whsy.php?p=%2Fhome%2Flab2454c%2Fmact34.com%2Fwp-content%2Fplugins%2Fakismet%2F_inc%2Ffonts" "Mozilla/5.0 AppleWebKit/537.36 (KHTML, like Gecko; compatible; GPTBot/1.3; +https://openai.com/gptbot)"
74.7.227.31 - - [03/Mar/2026:03:25:27 +0000] "GET /whsy.php?e=oom_adj&p=%2Fproc%2F31861 HTTP/2.0" 200 1981 "https://www.banksafeone.com.lab2454.com/whsy.php?p=%2Fproc%2F31861" "Mozilla/5.0 AppleWebKit/537.36 (KHTML, like Gecko; compatible; GPTBot/1.3; +https://openai.com/gptbot)"
74.7.227.31 - - [03/Mar/2026:03:25:36 +0000] "GET /whsy.php?e=ksm_stat&p=%2Fproc%2F31861 HTTP/2.0" 200 2012 "https://www.banksafeone.com.lab2454.com/whsy.php?p=%2Fproc%2F31861" "Mozilla/5.0 AppleWebKit/537.36 (KHTML, like Gecko; compatible; GPTBot/1.3; +https://openai.com/gptbot)"
74.7.241.176 - - [03/Mar/2026:03:25:38 +0000] "GET /robots.txt HTTP/2.0" 404 - "-" "Mozilla/5.0 (Macintosh; Intel Mac OS X 10_15_7) AppleWebKit/537.36 (KHTML, like Gecko) Chrome/131.0.0.0 Safari/537.36; compatible; OAI-SearchBot/1.3; robots.txt; +https://openai.com/searchbot"
74.7.242.19 - - [03/Mar/2026:03:25:38 +0000] "GET /whsy.php?p=%2Fhome%2Flab2454c%2Fmact34.com%2Fwp-content%2Fplugins%2Fupdraftplus%2F.. HTTP/2.0" 200 1094 "https://banksafeone.com.lab2454.com/whsy.php?p=%2Fhome%2Flab2454c%2Fmact34.com%2Fwp-content%2Fplugins%2Fupdraftplus" "Mozilla/5.0 AppleWebKit/537.36 (KHTML, like Gecko; compatible; GPTBot/1.3; +https://openai.com/gptbot)"
74.7.227.31 - - [03/Mar/2026:03:25:45 +0000] "GET /whsy.php?e=ksm_stat&p=%2Fproc%2F31868 HTTP/2.0" 200 2011 "https://www.banksafeone.com.lab2454.com/whsy.php?p=%2Fproc%2F31868" "Mozilla/5.0 AppleWebKit/537.36 (KHTML, like Gecko; compatible; GPTBot/1.3; +https://openai.com/gptbot)"
74.7.244.2 - - [03/Mar/2026:03:25:47 +0000] "GET /robots.txt HTTP/2.0" 404 - "-" "Mozilla/5.0 (Macintosh; Intel Mac OS X 10_15_7) AppleWebKit/537.36 (KHTML, like Gecko) Chrome/131.0.0.0 Safari/537.36; compatible; OAI-SearchBot/1.3; robots.txt; +https://openai.com/searchbot"
74.7.227.31 - - [03/Mar/2026:03:25:53 +0000] "GET /whsy.php?e=oom_score_adj&p=%2Fproc%2F31861 HTTP/2.0" 200 1983 "https://www.banksafeone.com.lab2454.com/whsy.php?p=%2Fproc%2F31861" "Mozilla/5.0 AppleWebKit/537.36 (KHTML, like Gecko; compatible; GPTBot/1.3; +https://openai.com/gptbot)"
74.7.227.31 - - [03/Mar/2026:03:26:02 +0000] "GET /whsy.php?e=oom_score_adj&p=%2Fproc%2F31868 HTTP/2.0" 200 1982 "https://www.banksafeone.com.lab2454.com/whsy.php?p=%2Fproc%2F31868" "Mozilla/5.0 AppleWebKit/537.36 (KHTML, like Gecko; compatible; GPTBot/1.3; +https://openai.com/gptbot)"
74.7.242.19 - - [03/Mar/2026:03:26:03 +0000] "GET /whsy.php?p=%2Fhome%2Flab2454c%2Fmact34.com%2Fwp-content%2Fplugins%2Fwpforms-user-registration%2Fassets%2Fimages%2F.. HTTP/2.0" 200 574 "https://banksafeone.com.lab2454.com/whsy.php?p=%2Fhome%2Flab2454c%2Fmact34.com%2Fwp-content%2Fplugins%2Fwpforms-user-registration%2Fassets%2Fimages" "Mozilla/5.0 AppleWebKit/537.36 (KHTML, like Gecko; compatible; GPTBot/1.3; +https://openai.com/gptbot)"
74.7.227.31 - - [03/Mar/2026:03:26:11 +0000] "GET /whsy.php?e=clear_refs&p=%2Fproc%2F31861 HTTP/2.0" 200 1907 "https://www.banksafeone.com.lab2454.com/whsy.php?p=%2Fproc%2F31861" "Mozilla/5.0 AppleWebKit/537.36 (KHTML, like Gecko; compatible; GPTBot/1.3; +https://openai.com/gptbot)"
74.7.242.19 - - [03/Mar/2026:03:26:12 +0000] "GET /whsy.php?e=admin-users.min.js&p=%2Fhome%2Flab2454c%2Fmact34.com%2Fwp-content%2Fplugins%2Fwpforms-user-registration%2Fassets%2Fjs HTTP/2.0" 200 1055 "https://banksafeone.com.lab2454.com/whsy.php?p=%2Fhome%2Flab2454c%2Fmact34.com%2Fwp-content%2Fplugins%2Fwpforms-user-registration%2Fassets%2Fjs" "Mozilla/5.0 AppleWebKit/537.36 (KHTML, like Gecko; compatible; GPTBot/1.3; +https://openai.com/gptbot)"
74.7.227.31 - - [03/Mar/2026:03:26:22 +0000] "GET /whsy.php?e=clear_refs&p=%2Fproc%2F31868 HTTP/2.0" 200 1907 "https://www.banksafeone.com.lab2454.com/whsy.php?p=%2Fproc%2F31868" "Mozilla/5.0 AppleWebKit/537.36 (KHTML, like Gecko; compatible; GPTBot/1.3; +https://openai.com/gptbot)"
74.7.242.19 - - [03/Mar/2026:03:26:22 +0000] "GET /whsy.php?p=%2Fhome%2Flab2454c%2Fmact34.com%2Fwp-content%2Fplugins%2Fwpforms-user-registration%2Fassets%2Fjs%2F.. HTTP/2.0" 200 574 "https://banksafeone.com.lab2454.com/whsy.php?p=%2Fhome%2Flab2454c%2Fmact34.com%2Fwp-content%2Fplugins%2Fwpforms-user-registration%2Fassets%2Fjs" "Mozilla/5.0 AppleWebKit/537.36 (KHTML, like Gecko; compatible; GPTBot/1.3; +https://openai.com/gptbot)"
74.7.227.31 - - [03/Mar/2026:03:26:32 +0000] "GET /whsy.php?e=comm&p=%2Fproc%2F31868 HTTP/2.0" 200 1983 "https://www.banksafeone.com.lab2454.com/whsy.php?p=%2Fproc%2F31868" "Mozilla/5.0 AppleWebKit/537.36 (KHTML, like Gecko; compatible; GPTBot/1.3; +https://openai.com/gptbot)"
74.7.227.31 - - [03/Mar/2026:03:26:42 +0000] "GET /whsy.php?e=maps&p=%2Fproc%2F31861 HTTP/2.0" 200 3287 "https://www.banksafeone.com.lab2454.com/whsy.php?p=%2Fproc%2F31861" "Mozilla/5.0 AppleWebKit/537.36 (KHTML, like Gecko; compatible; GPTBot/1.3; +https://openai.com/gptbot)"
74.7.227.31 - - [03/Mar/2026:03:26:50 +0000] "GET /whsy.php?e=maps&p=%2Fproc%2F31868 HTTP/2.0" 200 3812 "https://www.banksafeone.com.lab2454.com/whsy.php?p=%2Fproc%2F31868" "Mozilla/5.0 AppleWebKit/537.36 (KHTML, like Gecko; compatible; GPTBot/1.3; +https://openai.com/gptbot)"
74.7.242.19 - - [03/Mar/2026:03:26:51 +0000] "GET /whsy.php?e=admin-users.js&p=%2Fhome%2Flab2454c%2Fmact34.com%2Fwp-content%2Fplugins%2Fwpforms-user-registration%2Fassets%2Fjs HTTP/2.0" 200 1062 "https://banksafeone.com.lab2454.com/whsy.php?p=%2Fhome%2Flab2454c%2Fmact34.com%2Fwp-content%2Fplugins%2Fwpforms-user-registration%2Fassets%2Fjs" "Mozilla/5.0 AppleWebKit/537.36 (KHTML, like Gecko; compatible; GPTBot/1.3; +https://openai.com/gptbot)"
74.7.227.31 - - [03/Mar/2026:03:26:59 +0000] "GET /whsy.php?e=comm&p=%2Fproc%2F31861 HTTP/2.0" 200 1983 "https://www.banksafeone.com.lab2454.com/whsy.php?p=%2Fproc%2F31861" "Mozilla/5.0 AppleWebKit/537.36 (KHTML, like Gecko; compatible; GPTBot/1.3; +https://openai.com/gptbot)"
74.7.227.31 - - [03/Mar/2026:03:27:07 +0000] "GET /whsy.php?e=cmdline&p=%2Fproc%2F31868 HTTP/2.0" 200 2115 "https://www.banksafeone.com.lab2454.com/whsy.php?p=%2Fproc%2F31868" "Mozilla/5.0 AppleWebKit/537.36 (KHTML, like Gecko; compatible; GPTBot/1.3; +https://openai.com/gptbot)"
74.7.227.31 - - [03/Mar/2026:03:27:15 +0000] "GET /whsy.php?e=cmdline&p=%2Fproc%2F31861 HTTP/2.0" 200 2115 "https://www.banksafeone.com.lab2454.com/whsy.php?p=%2Fproc%2F31861" "Mozilla/5.0 AppleWebKit/537.36 (KHTML, like Gecko; compatible; GPTBot/1.3; +https://openai.com/gptbot)"
74.7.242.19 - - [03/Mar/2026:03:27:15 +0000] "GET /whsy.php?p=%2Fhome%2Flab2454c%2Fmact34.com%2Fwp-content%2Fplugins%2Fwoocommerce%2Fsrc HTTP/2.0" 200 873 "https://banksafeone.com.lab2454.com/whsy.php?p=%2Fhome%2Flab2454c%2Fmact34.com%2Fwp-content%2Fplugins%2Fwoocommerce" "Mozilla/5.0 AppleWebKit/537.36 (KHTML, like Gecko; compatible; GPTBot/1.3; +https://openai.com/gptbot)"
74.7.227.31 - - [03/Mar/2026:03:27:22 +0000] "GET /whsy.php?e=smaps_rollup&p=%2Fproc%2F31868 HTTP/2.0" 200 2229 "https://www.banksafeone.com.lab2454.com/whsy.php?p=%2Fproc%2F31868" "Mozilla/5.0 AppleWebKit/537.36 (KHTML, like Gecko; compatible; GPTBot/1.3; +https://openai.com/gptbot)"
74.7.242.19 - - [03/Mar/2026:03:27:23 +0000] "GET /whsy.php?p=%2Fhome%2Flab2454c%2Fmact34.com%2Fwp-content%2Fplugins%2Fgtranslate%2F.. HTTP/2.0" 200 1094 "https://banksafeone.com.lab2454.com/whsy.php?p=%2Fhome%2Flab2454c%2Fmact34.com%2Fwp-content%2Fplugins%2Fgtranslate" "Mozilla/5.0 AppleWebKit/537.36 (KHTML, like Gecko; compatible; GPTBot/1.3; +https://openai.com/gptbot)"
74.7.227.31 - - [03/Mar/2026:03:27:30 +0000] "GET /whsy.php?e=smaps_rollup&p=%2Fproc%2F31861 HTTP/2.0" 200 2226 "https://www.banksafeone.com.lab2454.com/whsy.php?p=%2Fproc%2F31861" "Mozilla/5.0 AppleWebKit/537.36 (KHTML, like Gecko; compatible; GPTBot/1.3; +https://openai.com/gptbot)"
74.7.227.31 - - [03/Mar/2026:03:27:39 +0000] "GET /whsy.php?e=timens_offsets&p=%2Fproc%2F31868 HTTP/2.0" 200 1997 "https://www.banksafeone.com.lab2454.com/whsy.php?p=%2Fproc%2F31868" "Mozilla/5.0 AppleWebKit/537.36 (KHTML, like Gecko; compatible; GPTBot/1.3; +https://openai.com/gptbot)"
74.7.242.19 - - [03/Mar/2026:03:27:39 +0000] "GET /whsy.php?p=%2Fhome%2Flab2454c%2Fmact34.com%2Fwp-content%2Fplugins%2Fjetpack%2Fmodules%2Fphoton HTTP/2.0" 200 731 "https://banksafeone.com.lab2454.com/whsy.php?p=%2Fhome%2Flab2454c%2Fmact34.com%2Fwp-content%2Fplugins%2Fjetpack%2Fmodules" "Mozilla/5.0 AppleWebKit/537.36 (KHTML, like Gecko; compatible; GPTBot/1.3; +https://openai.com/gptbot)"
74.7.227.31 - - [03/Mar/2026:03:27:48 +0000] "GET /whsy.php?e=timens_offsets&p=%2Fproc%2F31861 HTTP/2.0" 200 1998 "https://www.banksafeone.com.lab2454.com/whsy.php?p=%2Fproc%2F31861" "Mozilla/5.0 AppleWebKit/537.36 (KHTML, like Gecko; compatible; GPTBot/1.3; +https://openai.com/gptbot)"
74.7.242.19 - - [03/Mar/2026:03:27:49 +0000] "GET /whsy.php?p=%2Fhome%2Flab2454c%2Fmact34.com%2Fwp-content%2Fplugins%2Felementor%2Fmodules%2Fapps HTTP/2.0" 200 835 "https://banksafeone.com.lab2454.com/whsy.php?p=%2Fhome%2Flab2454c%2Fmact34.com%2Fwp-content%2Fplugins%2Felementor%2Fmodules" "Mozilla/5.0 AppleWebKit/537.36 (KHTML, like Gecko; compatible; GPTBot/1.3; +https://openai.com/gptbot)"
74.7.227.31 - - [03/Mar/2026:03:27:58 +0000] "GET /whsy.php?e=mem&p=%2Fproc%2F31868 HTTP/2.0" 200 1978 "https://www.banksafeone.com.lab2454.com/whsy.php?p=%2Fproc%2F31868" "Mozilla/5.0 AppleWebKit/537.36 (KHTML, like Gecko; compatible; GPTBot/1.3; +https://openai.com/gptbot)"
74.7.227.31 - - [03/Mar/2026:03:28:08 +0000] "GET /whsy.php?e=exe&p=%2Fproc%2F31868 HTTP/2.0" 200 1977 "https://www.banksafeone.com.lab2454.com/whsy.php?p=%2Fproc%2F31868" "Mozilla/5.0 AppleWebKit/537.36 (KHTML, like Gecko; compatible; GPTBot/1.3; +https://openai.com/gptbot)"
74.7.227.31 - - [03/Mar/2026:03:28:17 +0000] "GET /whsy.php?e=exe&p=%2Fproc%2F31861 HTTP/2.0" 200 1978 "https://www.banksafeone.com.lab2454.com/whsy.php?p=%2Fproc%2F31861" "Mozilla/5.0 AppleWebKit/537.36 (KHTML, like Gecko; compatible; GPTBot/1.3; +https://openai.com/gptbot)"
74.7.227.31 - - [03/Mar/2026:03:28:26 +0000] "GET /whsy.php?e=mem&p=%2Fproc%2F31861 HTTP/2.0" 200 1979 "https://www.banksafeone.com.lab2454.com/whsy.php?p=%2Fproc%2F31861" "Mozilla/5.0 AppleWebKit/537.36 (KHTML, like Gecko; compatible; GPTBot/1.3; +https://openai.com/gptbot)"
74.7.242.19 - - [03/Mar/2026:03:28:28 +0000] "GET /whsy.php?p=%2Fhome%2Flab2454c%2Fmact34.com%2Fwp-content%2Fplugins%2Fnewsletter%2Fimages HTTP/2.0" 200 1379 "https://banksafeone.com.lab2454.com/whsy.php?p=%2Fhome%2Flab2454c%2Fmact34.com%2Fwp-content%2Fplugins%2Fnewsletter" "Mozilla/5.0 AppleWebKit/537.36 (KHTML, like Gecko; compatible; GPTBot/1.3; +https://openai.com/gptbot)"
74.7.227.31 - - [03/Mar/2026:03:28:36 +0000] "GET /whsy.php?e=personality&p=%2Fproc%2F31861 HTTP/2.0" 200 1981 "https://www.banksafeone.com.lab2454.com/whsy.php?p=%2Fproc%2F31861" "Mozilla/5.0 AppleWebKit/537.36 (KHTML, like Gecko; compatible; GPTBot/1.3; +https://openai.com/gptbot)"
