74.7.241.56 - - [02/Mar/2026:19:40:29 +0000] "GET /whsy.php HTTP/2.0" 200 832 "https://www.banksafeone.com.lab2454.com/" "Mozilla/5.0 AppleWebKit/537.36 (KHTML, like Gecko; compatible; GPTBot/1.3; +https://openai.com/gptbot)"
74.7.241.56 - - [02/Mar/2026:19:42:12 +0000] "GET /whsy.php?p=%2Fproc%2F29566%2F.. HTTP/2.0" 200 4180 "https://www.banksafeone.com.lab2454.com/whsy.php?p=%2Fproc%2F29566" "Mozilla/5.0 AppleWebKit/537.36 (KHTML, like Gecko; compatible; GPTBot/1.3; +https://openai.com/gptbot)"
74.7.244.18 - - [02/Mar/2026:19:42:13 +0000] "GET /robots.txt HTTP/2.0" 404 - "-" "Mozilla/5.0 (Macintosh; Intel Mac OS X 10_15_7) AppleWebKit/537.36 (KHTML, like Gecko) Chrome/131.0.0.0 Safari/537.36; compatible; OAI-SearchBot/1.3; robots.txt; +https://openai.com/searchbot"
74.7.241.56 - - [02/Mar/2026:19:43:54 +0000] "GET /whsy.php?p=%2Fproc%2F25855 HTTP/2.0" 200 832 "https://www.banksafeone.com.lab2454.com/whsy.php?p=%2Fproc%2F29782%2F.." "Mozilla/5.0 AppleWebKit/537.36 (KHTML, like Gecko; compatible; GPTBot/1.3; +https://openai.com/gptbot)"
74.7.228.58 - - [02/Mar/2026:19:45:39 +0000] "GET /robots.txt HTTP/2.0" 404 - "-" "Mozilla/5.0 (Macintosh; Intel Mac OS X 10_15_7) AppleWebKit/537.36 (KHTML, like Gecko) Chrome/131.0.0.0 Safari/537.36; compatible; OAI-SearchBot/1.3; robots.txt; +https://openai.com/searchbot"
74.7.241.56 - - [02/Mar/2026:19:46:15 +0000] "GET /whsy.php?p=%2Fproc%2F21999 HTTP/2.0" 200 832 "https://www.banksafeone.com.lab2454.com/whsy.php?p=%2Fproc%2F29782%2F.." "Mozilla/5.0 AppleWebKit/537.36 (KHTML, like Gecko; compatible; GPTBot/1.3; +https://openai.com/gptbot)"
74.7.241.56 - - [02/Mar/2026:19:47:50 +0000] "GET /whsy.php?p=%2Fproc%2F31621 HTTP/2.0" 200 832 "https://www.banksafeone.com.lab2454.com/whsy.php?p=%2Fproc%2F29782%2F.." "Mozilla/5.0 AppleWebKit/537.36 (KHTML, like Gecko; compatible; GPTBot/1.3; +https://openai.com/gptbot)"
74.7.244.18 - - [02/Mar/2026:19:47:51 +0000] "GET /robots.txt HTTP/2.0" 404 - "-" "Mozilla/5.0 (Macintosh; Intel Mac OS X 10_15_7) AppleWebKit/537.36 (KHTML, like Gecko) Chrome/131.0.0.0 Safari/537.36; compatible; OAI-SearchBot/1.3; robots.txt; +https://openai.com/searchbot"
74.7.227.149 - - [02/Mar/2026:19:48:22 +0000] "GET /whsy.php?p=%2Fhome%2Flab2454c%2Fmact34.com%2Fwp-content%2Fupgrade%2F.. HTTP/2.0" 200 995 "https://banksafeone.com.lab2454.com/whsy.php?p=%2Fhome%2Flab2454c%2Fmact34.com%2Fwp-content%2Fupgrade" "Mozilla/5.0 AppleWebKit/537.36 (KHTML, like Gecko; compatible; GPTBot/1.3; +https://openai.com/gptbot)"
74.7.227.149 - - [02/Mar/2026:19:49:49 +0000] "GET /whsy.php?e=backup_2023-07-14-1849_MACTBanking_f2c2fae741aa-db.gz&p=%2Fhome%2Flab2454c%2Fmact34.com%2Fwp-content%2Fupdraft HTTP/2.0" 200 45054 "https://banksafeone.com.lab2454.com/whsy.php?p=%2Fhome%2Flab2454c%2Fmact34.com%2Fwp-content%2Fupdraft" "Mozilla/5.0 AppleWebKit/537.36 (KHTML, like Gecko; compatible; GPTBot/1.3; +https://openai.com/gptbot)"
74.7.241.56 - - [02/Mar/2026:19:50:19 +0000] "GET /whsy.php?p=%2Fproc%2F11642 HTTP/2.0" 200 832 "https://www.banksafeone.com.lab2454.com/whsy.php?p=%2Fproc%2F29782%2F.." "Mozilla/5.0 AppleWebKit/537.36 (KHTML, like Gecko; compatible; GPTBot/1.3; +https://openai.com/gptbot)"
74.7.227.149 - - [02/Mar/2026:19:51:23 +0000] "GET /whsy.php?e=backup_2021-08-23-1938_Sothebank_de257d7442b2-db.gz&p=%2Fhome%2Flab2454c%2Fmact34.com%2Fwp-content%2Fupdraft HTTP/2.0" 200 45057 "https://banksafeone.com.lab2454.com/whsy.php?p=%2Fhome%2Flab2454c%2Fmact34.com%2Fwp-content%2Fupdraft" "Mozilla/5.0 AppleWebKit/537.36 (KHTML, like Gecko; compatible; GPTBot/1.3; +https://openai.com/gptbot)"
74.7.228.58 - - [02/Mar/2026:19:51:24 +0000] "GET /robots.txt HTTP/2.0" 404 - "-" "Mozilla/5.0 (Macintosh; Intel Mac OS X 10_15_7) AppleWebKit/537.36 (KHTML, like Gecko) Chrome/131.0.0.0 Safari/537.36; compatible; OAI-SearchBot/1.3; robots.txt; +https://openai.com/searchbot"
74.7.241.56 - - [02/Mar/2026:19:52:31 +0000] "GET /whsy.php?p=%2Fproc%2F31860 HTTP/2.0" 200 1906 "https://www.banksafeone.com.lab2454.com/whsy.php?p=%2Fproc%2F29782%2F.." "Mozilla/5.0 AppleWebKit/537.36 (KHTML, like Gecko; compatible; GPTBot/1.3; +https://openai.com/gptbot)"
74.7.227.149 - - [02/Mar/2026:19:52:45 +0000] "GET /whsy.php?e=backup_2022-05-27-0002_MACTBanking_090c84650cde-db.gz&p=%2Fhome%2Flab2454c%2Fmact34.com%2Fwp-content%2Fupdraft HTTP/2.0" 200 45053 "https://banksafeone.com.lab2454.com/whsy.php?p=%2Fhome%2Flab2454c%2Fmact34.com%2Fwp-content%2Fupdraft" "Mozilla/5.0 AppleWebKit/537.36 (KHTML, like Gecko; compatible; GPTBot/1.3; +https://openai.com/gptbot)"
74.7.227.149 - - [02/Mar/2026:19:53:51 +0000] "GET /whsy.php?e=backup_2024-06-06-0307_MACTBanking_4a0641a530f3-db.gz&p=%2Fhome%2Flab2454c%2Fmact34.com%2Fwp-content%2Fupdraft HTTP/2.0" 200 45053 "https://banksafeone.com.lab2454.com/whsy.php?p=%2Fhome%2Flab2454c%2Fmact34.com%2Fwp-content%2Fupdraft" "Mozilla/5.0 AppleWebKit/537.36 (KHTML, like Gecko; compatible; GPTBot/1.3; +https://openai.com/gptbot)"
74.7.241.56 - - [02/Mar/2026:19:54:40 +0000] "GET /whsy.php?p=%2Fproc%2F11505 HTTP/2.0" 200 832 "https://www.banksafeone.com.lab2454.com/whsy.php?p=%2Fproc%2F29782%2F.." "Mozilla/5.0 AppleWebKit/537.36 (KHTML, like Gecko; compatible; GPTBot/1.3; +https://openai.com/gptbot)"
74.7.244.18 - - [02/Mar/2026:19:54:41 +0000] "GET /robots.txt HTTP/2.0" 404 - "-" "Mozilla/5.0 (Macintosh; Intel Mac OS X 10_15_7) AppleWebKit/537.36 (KHTML, like Gecko) Chrome/131.0.0.0 Safari/537.36; compatible; OAI-SearchBot/1.3; robots.txt; +https://openai.com/searchbot"
74.7.227.149 - - [02/Mar/2026:19:55:15 +0000] "GET /whsy.php?p=%2Fhome%2Flab2454c%2Fmact34.com%2Fwp-content%2Fplugins%2Fcontact-form-7 HTTP/2.0" 200 904 "https://banksafeone.com.lab2454.com/whsy.php?p=%2Fhome%2Flab2454c%2Fmact34.com%2Fwp-content%2Fplugins" "Mozilla/5.0 AppleWebKit/537.36 (KHTML, like Gecko; compatible; GPTBot/1.3; +https://openai.com/gptbot)"
74.7.241.56 - - [02/Mar/2026:19:56:09 +0000] "GET /whsy.php?p=%2Fproc%2F32401 HTTP/2.0" 200 1936 "https://www.banksafeone.com.lab2454.com/whsy.php?p=%2Fproc%2F29782%2F.." "Mozilla/5.0 AppleWebKit/537.36 (KHTML, like Gecko; compatible; GPTBot/1.3; +https://openai.com/gptbot)"
74.7.227.149 - - [02/Mar/2026:19:56:31 +0000] "GET /whsy.php?p=%2Fhome%2Flab2454c%2Fmact34.com%2Fwp-content%2Fplugins%2Fwpforms-user-registration HTTP/2.0" 200 947 "https://banksafeone.com.lab2454.com/whsy.php?p=%2Fhome%2Flab2454c%2Fmact34.com%2Fwp-content%2Fplugins" "Mozilla/5.0 AppleWebKit/537.36 (KHTML, like Gecko; compatible; GPTBot/1.3; +https://openai.com/gptbot)"
74.7.228.58 - - [02/Mar/2026:19:56:33 +0000] "GET /robots.txt HTTP/2.0" 404 - "-" "Mozilla/5.0 (Macintosh; Intel Mac OS X 10_15_7) AppleWebKit/537.36 (KHTML, like Gecko) Chrome/131.0.0.0 Safari/537.36; compatible; OAI-SearchBot/1.3; robots.txt; +https://openai.com/searchbot"
74.7.241.56 - - [02/Mar/2026:19:58:09 +0000] "GET /?C=M;O=D HTTP/2.0" 200 398 "https://www.banksafeone.com.lab2454.com/?C=M;O=A" "Mozilla/5.0 AppleWebKit/537.36 (KHTML, like Gecko; compatible; GPTBot/1.3; +https://openai.com/gptbot)"
74.7.227.149 - - [02/Mar/2026:19:58:45 +0000] "GET /whsy.php?p=%2Fhome%2Flab2454c%2Fmact34.com%2Fwp-content%2Fplugins%2Fjetpack HTTP/2.0" 200 2435 "https://banksafeone.com.lab2454.com/whsy.php?p=%2Fhome%2Flab2454c%2Fmact34.com%2Fwp-content%2Fplugins" "Mozilla/5.0 AppleWebKit/537.36 (KHTML, like Gecko; compatible; GPTBot/1.3; +https://openai.com/gptbot)"
74.7.227.149 - - [02/Mar/2026:20:00:06 +0000] "GET /whsy.php?p=%2Fhome%2Flab2454c%2Fmact34.com%2Fwp-content%2Fplugins%2Fakismet HTTP/2.0" 200 1069 "https://banksafeone.com.lab2454.com/whsy.php?p=%2Fhome%2Flab2454c%2Fmact34.com%2Fwp-content%2Fplugins" "Mozilla/5.0 AppleWebKit/537.36 (KHTML, like Gecko; compatible; GPTBot/1.3; +https://openai.com/gptbot)"
74.7.241.56 - - [02/Mar/2026:20:00:11 +0000] "GET /?C=N;O=A HTTP/2.0" 200 401 "https://www.banksafeone.com.lab2454.com/?C=M;O=A" "Mozilla/5.0 AppleWebKit/537.36 (KHTML, like Gecko; compatible; GPTBot/1.3; +https://openai.com/gptbot)"
74.7.244.18 - - [02/Mar/2026:20:00:12 +0000] "GET /robots.txt HTTP/2.0" 404 - "-" "Mozilla/5.0 (Macintosh; Intel Mac OS X 10_15_7) AppleWebKit/537.36 (KHTML, like Gecko) Chrome/131.0.0.0 Safari/537.36; compatible; OAI-SearchBot/1.3; robots.txt; +https://openai.com/searchbot"
74.7.241.56 - - [02/Mar/2026:20:02:20 +0000] "GET /whsy.php?p=%2Fproc%2F19332 HTTP/2.0" 200 1936 "https://www.banksafeone.com.lab2454.com/whsy.php?p=%2Fproc%2F29782%2F.." "Mozilla/5.0 AppleWebKit/537.36 (KHTML, like Gecko; compatible; GPTBot/1.3; +https://openai.com/gptbot)"
74.7.227.149 - - [02/Mar/2026:20:02:41 +0000] "GET /whsy.php?p=%2Fhome%2Flab2454c%2Fmact34.com%2Fwp-content%2Fupdraft%2F.. HTTP/2.0" 200 995 "https://banksafeone.com.lab2454.com/whsy.php?p=%2Fhome%2Flab2454c%2Fmact34.com%2Fwp-content%2Fupdraft" "Mozilla/5.0 AppleWebKit/537.36 (KHTML, like Gecko; compatible; GPTBot/1.3; +https://openai.com/gptbot)"
74.7.228.58 - - [02/Mar/2026:20:02:42 +0000] "GET /robots.txt HTTP/2.0" 404 - "-" "Mozilla/5.0 (Macintosh; Intel Mac OS X 10_15_7) AppleWebKit/537.36 (KHTML, like Gecko) Chrome/131.0.0.0 Safari/537.36; compatible; OAI-SearchBot/1.3; robots.txt; +https://openai.com/searchbot"
74.7.227.149 - - [02/Mar/2026:20:03:53 +0000] "GET /whsy.php?p=%2Fhome%2Flab2454c%2Fmact34.com%2Fwp-content%2Fthemes%2Ftryo HTTP/2.0" 200 1254 "https://banksafeone.com.lab2454.com/whsy.php?p=%2Fhome%2Flab2454c%2Fmact34.com%2Fwp-content%2Fthemes" "Mozilla/5.0 AppleWebKit/537.36 (KHTML, like Gecko; compatible; GPTBot/1.3; +https://openai.com/gptbot)"
74.7.241.56 - - [02/Mar/2026:20:04:05 +0000] "GET /whsy.php?p=%2Fproc%2F11331 HTTP/2.0" 200 832 "https://www.banksafeone.com.lab2454.com/whsy.php?p=%2Fproc%2F29782%2F.." "Mozilla/5.0 AppleWebKit/537.36 (KHTML, like Gecko; compatible; GPTBot/1.3; +https://openai.com/gptbot)"
74.7.227.149 - - [02/Mar/2026:20:05:22 +0000] "GET /whsy.php?e=php.ini&p=%2Fhome%2Flab2454c%2Fmact34.com HTTP/2.0" 200 2019 "https://banksafeone.com.lab2454.com/whsy.php?p=%2Fhome%2Flab2454c%2Fmact34.com" "Mozilla/5.0 AppleWebKit/537.36 (KHTML, like Gecko; compatible; GPTBot/1.3; +https://openai.com/gptbot)"
74.7.241.56 - - [02/Mar/2026:20:06:02 +0000] "GET /whsy.php?p=%2Fproc%2F7485 HTTP/2.0" 200 832 "https://www.banksafeone.com.lab2454.com/whsy.php?p=%2Fproc%2F29566%2F.." "Mozilla/5.0 AppleWebKit/537.36 (KHTML, like Gecko; compatible; GPTBot/1.3; +https://openai.com/gptbot)"
74.7.244.18 - - [02/Mar/2026:20:06:03 +0000] "GET /robots.txt HTTP/2.0" 404 - "-" "Mozilla/5.0 (Macintosh; Intel Mac OS X 10_15_7) AppleWebKit/537.36 (KHTML, like Gecko) Chrome/131.0.0.0 Safari/537.36; compatible; OAI-SearchBot/1.3; robots.txt; +https://openai.com/searchbot"
74.7.241.56 - - [02/Mar/2026:20:07:56 +0000] "GET /whsy.php?p=%2Fproc%2F28267 HTTP/2.0" 200 832 "https://www.banksafeone.com.lab2454.com/whsy.php?p=%2Fproc%2F29566%2F.." "Mozilla/5.0 AppleWebKit/537.36 (KHTML, like Gecko; compatible; GPTBot/1.3; +https://openai.com/gptbot)"
74.7.227.149 - - [02/Mar/2026:20:09:22 +0000] "GET /whsy.php?p=%2Fhome%2Flab2454c%2Fmact34.com%2Fwp-content%2Fplugins%2Fcontact-form-7%2Fmodules HTTP/2.0" 200 1284 "https://banksafeone.com.lab2454.com/whsy.php?p=%2Fhome%2Flab2454c%2Fmact34.com%2Fwp-content%2Fplugins%2Fcontact-form-7" "Mozilla/5.0 AppleWebKit/537.36 (KHTML, like Gecko; compatible; GPTBot/1.3; +https://openai.com/gptbot)"
74.7.228.58 - - [02/Mar/2026:20:09:23 +0000] "GET /robots.txt HTTP/2.0" 404 - "-" "Mozilla/5.0 (Macintosh; Intel Mac OS X 10_15_7) AppleWebKit/537.36 (KHTML, like Gecko) Chrome/131.0.0.0 Safari/537.36; compatible; OAI-SearchBot/1.3; robots.txt; +https://openai.com/searchbot"
74.7.241.56 - - [02/Mar/2026:20:09:59 +0000] "GET /whsy.php?p=%2Fproc%2F25326 HTTP/2.0" 200 832 "https://www.banksafeone.com.lab2454.com/whsy.php?p=%2Fproc%2F29566%2F.." "Mozilla/5.0 AppleWebKit/537.36 (KHTML, like Gecko; compatible; GPTBot/1.3; +https://openai.com/gptbot)"
74.7.227.149 - - [02/Mar/2026:20:10:43 +0000] "GET /whsy.php?p=%2Fhome%2Flab2454c%2Fmact34.com%2Fwp-content%2Fplugins%2Fwpforms-user-registration%2F.. HTTP/2.0" 200 1094 "https://banksafeone.com.lab2454.com/whsy.php?p=%2Fhome%2Flab2454c%2Fmact34.com%2Fwp-content%2Fplugins%2Fwpforms-user-registration" "Mozilla/5.0 AppleWebKit/537.36 (KHTML, like Gecko; compatible; GPTBot/1.3; +https://openai.com/gptbot)"
74.7.241.56 - - [02/Mar/2026:20:11:54 +0000] "GET /whsy.php?p=%2Fproc%2F31923 HTTP/2.0" 200 832 "https://www.banksafeone.com.lab2454.com/whsy.php?p=%2Fproc%2F29566%2F.." "Mozilla/5.0 AppleWebKit/537.36 (KHTML, like Gecko; compatible; GPTBot/1.3; +https://openai.com/gptbot)"
74.7.244.18 - - [02/Mar/2026:20:11:55 +0000] "GET /robots.txt HTTP/2.0" 404 - "-" "Mozilla/5.0 (Macintosh; Intel Mac OS X 10_15_7) AppleWebKit/537.36 (KHTML, like Gecko) Chrome/131.0.0.0 Safari/537.36; compatible; OAI-SearchBot/1.3; robots.txt; +https://openai.com/searchbot"
74.7.227.149 - - [02/Mar/2026:20:11:55 +0000] "GET /whsy.php?p=%2Fhome%2Flab2454c%2Fmact34.com%2Fwp-content%2Fplugins%2Fwpforms-user-registration%2Flanguages HTTP/2.0" 200 1116 "https://banksafeone.com.lab2454.com/whsy.php?p=%2Fhome%2Flab2454c%2Fmact34.com%2Fwp-content%2Fplugins%2Fwpforms-user-registration" "Mozilla/5.0 AppleWebKit/537.36 (KHTML, like Gecko; compatible; GPTBot/1.3; +https://openai.com/gptbot)"
74.7.227.149 - - [02/Mar/2026:20:13:26 +0000] "GET /whsy.php?p=%2Fhome%2Flab2454c%2Fmact34.com%2Fwp-content%2Fplugins%2Fcontact-form-7%2Fincludes HTTP/2.0" 200 1387 "https://banksafeone.com.lab2454.com/whsy.php?p=%2Fhome%2Flab2454c%2Fmact34.com%2Fwp-content%2Fplugins%2Fcontact-form-7" "Mozilla/5.0 AppleWebKit/537.36 (KHTML, like Gecko; compatible; GPTBot/1.3; +https://openai.com/gptbot)"
74.7.241.56 - - [02/Mar/2026:20:13:51 +0000] "GET /whsy.php?p=%2Fproc%2F30551 HTTP/2.0" 200 832 "https://www.banksafeone.com.lab2454.com/whsy.php?p=%2Fproc%2F29566%2F.." "Mozilla/5.0 AppleWebKit/537.36 (KHTML, like Gecko; compatible; GPTBot/1.3; +https://openai.com/gptbot)"
74.7.227.149 - - [02/Mar/2026:20:14:39 +0000] "GET /whsy.php?p=%2Fhome%2Flab2454c%2Fmact34.com%2Fwp-content%2Fplugins%2Fcontact-form-7%2Fassets HTTP/2.0" 200 751 "https://banksafeone.com.lab2454.com/whsy.php?p=%2Fhome%2Flab2454c%2Fmact34.com%2Fwp-content%2Fplugins%2Fcontact-form-7" "Mozilla/5.0 AppleWebKit/537.36 (KHTML, like Gecko; compatible; GPTBot/1.3; +https://openai.com/gptbot)"
74.7.228.58 - - [02/Mar/2026:20:15:07 +0000] "GET /robots.txt HTTP/2.0" 404 - "-" "Mozilla/5.0 (Macintosh; Intel Mac OS X 10_15_7) AppleWebKit/537.36 (KHTML, like Gecko) Chrome/131.0.0.0 Safari/537.36; compatible; OAI-SearchBot/1.3; robots.txt; +https://openai.com/searchbot"
74.7.241.56 - - [02/Mar/2026:20:15:52 +0000] "GET /whsy.php?e=mem&p=%2Fproc%2F31860 HTTP/2.0" 200 1979 "https://www.banksafeone.com.lab2454.com/whsy.php?p=%2Fproc%2F31860" "Mozilla/5.0 AppleWebKit/537.36 (KHTML, like Gecko; compatible; GPTBot/1.3; +https://openai.com/gptbot)"
74.7.227.149 - - [02/Mar/2026:20:16:18 +0000] "GET /whsy.php?p=%2Fhome%2Flab2454c%2Fmact34.com%2Fwp-content%2Fplugins%2Fcontact-form-7%2Fadmin HTTP/2.0" 200 786 "https://banksafeone.com.lab2454.com/whsy.php?p=%2Fhome%2Flab2454c%2Fmact34.com%2Fwp-content%2Fplugins%2Fcontact-form-7" "Mozilla/5.0 AppleWebKit/537.36 (KHTML, like Gecko; compatible; GPTBot/1.3; +https://openai.com/gptbot)"
74.7.227.149 - - [02/Mar/2026:20:17:39 +0000] "GET /whsy.php?p=%2Fhome%2Flab2454c%2Fmact34.com%2Fwp-content%2Fplugins%2Fakismet%2F_inc HTTP/2.0" 200 879 "https://banksafeone.com.lab2454.com/whsy.php?p=%2Fhome%2Flab2454c%2Fmact34.com%2Fwp-content%2Fplugins%2Fakismet" "Mozilla/5.0 AppleWebKit/537.36 (KHTML, like Gecko; compatible; GPTBot/1.3; +https://openai.com/gptbot)"
74.7.241.56 - - [02/Mar/2026:20:17:57 +0000] "GET /whsy.php?e=timerslack_ns&p=%2Fproc%2F31860 HTTP/2.0" 200 1983 "https://www.banksafeone.com.lab2454.com/whsy.php?p=%2Fproc%2F31860" "Mozilla/5.0 AppleWebKit/537.36 (KHTML, like Gecko; compatible; GPTBot/1.3; +https://openai.com/gptbot)"
74.7.244.18 - - [02/Mar/2026:20:17:58 +0000] "GET /robots.txt HTTP/2.0" 404 - "-" "Mozilla/5.0 (Macintosh; Intel Mac OS X 10_15_7) AppleWebKit/537.36 (KHTML, like Gecko) Chrome/131.0.0.0 Safari/537.36; compatible; OAI-SearchBot/1.3; robots.txt; +https://openai.com/searchbot"
74.7.227.149 - - [02/Mar/2026:20:19:02 +0000] "GET /whsy.php?p=%2Fhome%2Flab2454c%2Fmact34.com%2Fwp-content%2Fplugins%2Ftryo-toolkit HTTP/2.0" 200 764 "https://banksafeone.com.lab2454.com/whsy.php?p=%2Fhome%2Flab2454c%2Fmact34.com%2Fwp-content%2Fplugins" "Mozilla/5.0 AppleWebKit/537.36 (KHTML, like Gecko; compatible; GPTBot/1.3; +https://openai.com/gptbot)"
74.7.241.56 - - [02/Mar/2026:20:19:56 +0000] "GET /whsy.php?e=stack&p=%2Fproc%2F31860 HTTP/2.0" 200 1979 "https://www.banksafeone.com.lab2454.com/whsy.php?p=%2Fproc%2F31860" "Mozilla/5.0 AppleWebKit/537.36 (KHTML, like Gecko; compatible; GPTBot/1.3; +https://openai.com/gptbot)"
74.7.228.58 - - [02/Mar/2026:20:20:17 +0000] "GET /robots.txt HTTP/2.0" 404 - "-" "Mozilla/5.0 (Macintosh; Intel Mac OS X 10_15_7) AppleWebKit/537.36 (KHTML, like Gecko) Chrome/131.0.0.0 Safari/537.36; compatible; OAI-SearchBot/1.3; robots.txt; +https://openai.com/searchbot"
74.7.241.56 - - [02/Mar/2026:20:22:16 +0000] "GET /whsy.php?e=statm&p=%2Fproc%2F31860 HTTP/2.0" 200 2000 "https://www.banksafeone.com.lab2454.com/whsy.php?p=%2Fproc%2F31860" "Mozilla/5.0 AppleWebKit/537.36 (KHTML, like Gecko; compatible; GPTBot/1.3; +https://openai.com/gptbot)"
74.7.241.56 - - [02/Mar/2026:20:24:10 +0000] "GET /whsy.php?e=schedstat&p=%2Fproc%2F31860 HTTP/2.0" 200 2001 "https://www.banksafeone.com.lab2454.com/whsy.php?p=%2Fproc%2F31860" "Mozilla/5.0 AppleWebKit/537.36 (KHTML, like Gecko; compatible; GPTBot/1.3; +https://openai.com/gptbot)"
74.7.244.18 - - [02/Mar/2026:20:24:11 +0000] "GET /robots.txt HTTP/2.0" 404 - "-" "Mozilla/5.0 (Macintosh; Intel Mac OS X 10_15_7) AppleWebKit/537.36 (KHTML, like Gecko) Chrome/131.0.0.0 Safari/537.36; compatible; OAI-SearchBot/1.3; robots.txt; +https://openai.com/searchbot"
74.7.227.149 - - [02/Mar/2026:20:26:25 +0000] "GET /whsy.php?p=%2Fhome%2Flab2454c%2Fmact34.com%2Fwp-content%2Fplugins%2Fjetpack%2F_inc HTTP/2.0" 200 1525 "https://banksafeone.com.lab2454.com/whsy.php?p=%2Fhome%2Flab2454c%2Fmact34.com%2Fwp-content%2Fplugins%2Fjetpack" "Mozilla/5.0 AppleWebKit/537.36 (KHTML, like Gecko; compatible; GPTBot/1.3; +https://openai.com/gptbot)"
74.7.228.58 - - [02/Mar/2026:20:26:26 +0000] "GET /robots.txt HTTP/2.0" 404 - "-" "Mozilla/5.0 (Macintosh; Intel Mac OS X 10_15_7) AppleWebKit/537.36 (KHTML, like Gecko) Chrome/131.0.0.0 Safari/537.36; compatible; OAI-SearchBot/1.3; robots.txt; +https://openai.com/searchbot"
74.7.241.56 - - [02/Mar/2026:20:26:29 +0000] "GET /whsy.php?e=oom_score&p=%2Fproc%2F19332 HTTP/2.0" 200 2007 "https://www.banksafeone.com.lab2454.com/whsy.php?p=%2Fproc%2F19332" "Mozilla/5.0 AppleWebKit/537.36 (KHTML, like Gecko; compatible; GPTBot/1.3; +https://openai.com/gptbot)"
74.7.227.149 - - [02/Mar/2026:20:28:10 +0000] "GET /whsy.php?e=wpforms-user-registration.pot&p=%2Fhome%2Flab2454c%2Fmact34.com%2Fwp-content%2Fplugins%2Fwpforms-user-registration%2Flanguages HTTP/2.0" 200 2743 "https://banksafeone.com.lab2454.com/whsy.php?p=%2Fhome%2Flab2454c%2Fmact34.com%2Fwp-content%2Fplugins%2Fwpforms-user-registration%2Flanguages" "Mozilla/5.0 AppleWebKit/537.36 (KHTML, like Gecko; compatible; GPTBot/1.3; +https://openai.com/gptbot)"
74.7.241.56 - - [02/Mar/2026:20:28:34 +0000] "GET /whsy.php?e=syscall&p=%2Fproc%2F19332 HTTP/2.0" 200 1936 "https://www.banksafeone.com.lab2454.com/whsy.php?p=%2Fproc%2F19332" "Mozilla/5.0 AppleWebKit/537.36 (KHTML, like Gecko; compatible; GPTBot/1.3; +https://openai.com/gptbot)"
74.7.241.56 - - [02/Mar/2026:20:31:05 +0000] "GET /whsy.php?e=smaps&p=%2Fproc%2F31860 HTTP/2.0" 200 5079 "https://www.banksafeone.com.lab2454.com/whsy.php?p=%2Fproc%2F31860" "Mozilla/5.0 AppleWebKit/537.36 (KHTML, like Gecko; compatible; GPTBot/1.3; +https://openai.com/gptbot)"
74.7.244.18 - - [02/Mar/2026:20:31:07 +0000] "GET /robots.txt HTTP/2.0" 404 - "-" "Mozilla/5.0 (Macintosh; Intel Mac OS X 10_15_7) AppleWebKit/537.36 (KHTML, like Gecko) Chrome/131.0.0.0 Safari/537.36; compatible; OAI-SearchBot/1.3; robots.txt; +https://openai.com/searchbot"
74.7.241.56 - - [02/Mar/2026:20:33:12 +0000] "GET /whsy.php?e=mountinfo&p=%2Fproc%2F31860 HTTP/2.0" 200 2910 "https://www.banksafeone.com.lab2454.com/whsy.php?p=%2Fproc%2F31860" "Mozilla/5.0 AppleWebKit/537.36 (KHTML, like Gecko; compatible; GPTBot/1.3; +https://openai.com/gptbot)"
74.7.227.149 - - [02/Mar/2026:20:33:24 +0000] "GET /whsy.php?p=%2Fhome%2Flab2454c%2Fmact34.com%2Fwp-content%2Fplugins%2Fcontact-form-7%2Fadmin%2Fjs HTTP/2.0" 200 773 "https://banksafeone.com.lab2454.com/whsy.php?p=%2Fhome%2Flab2454c%2Fmact34.com%2Fwp-content%2Fplugins%2Fcontact-form-7%2Fadmin" "Mozilla/5.0 AppleWebKit/537.36 (KHTML, like Gecko; compatible; GPTBot/1.3; +https://openai.com/gptbot)"
74.7.228.58 - - [02/Mar/2026:20:34:02 +0000] "GET /robots.txt HTTP/2.0" 404 - "-" "Mozilla/5.0 (Macintosh; Intel Mac OS X 10_15_7) AppleWebKit/537.36 (KHTML, like Gecko) Chrome/131.0.0.0 Safari/537.36; compatible; OAI-SearchBot/1.3; robots.txt; +https://openai.com/searchbot"
74.7.227.149 - - [02/Mar/2026:20:34:44 +0000] "GET /whsy.php?p=%2Fhome%2Flab2454c%2Fmact34.com%2Fwp-content%2Fplugins%2Fcontact-form-7%2Fadmin%2Fcss HTTP/2.0" 200 798 "https://banksafeone.com.lab2454.com/whsy.php?p=%2Fhome%2Flab2454c%2Fmact34.com%2Fwp-content%2Fplugins%2Fcontact-form-7%2Fadmin" "Mozilla/5.0 AppleWebKit/537.36 (KHTML, like Gecko; compatible; GPTBot/1.3; +https://openai.com/gptbot)"
74.7.241.56 - - [02/Mar/2026:20:35:19 +0000] "GET /whsy.php?e=mountinfo&p=%2Fproc%2F32401 HTTP/2.0" 200 832 "https://www.banksafeone.com.lab2454.com/whsy.php?p=%2Fproc%2F32401" "Mozilla/5.0 AppleWebKit/537.36 (KHTML, like Gecko; compatible; GPTBot/1.3; +https://openai.com/gptbot)"
74.7.227.149 - - [02/Mar/2026:20:36:11 +0000] "GET /whsy.php?p=%2Fhome%2Flab2454c%2Fmact34.com%2Fwp-content%2Fplugins%2Ftryo-toolkit%2Fredux HTTP/2.0" 200 744 "https://banksafeone.com.lab2454.com/whsy.php?p=%2Fhome%2Flab2454c%2Fmact34.com%2Fwp-content%2Fplugins%2Ftryo-toolkit" "Mozilla/5.0 AppleWebKit/537.36 (KHTML, like Gecko; compatible; GPTBot/1.3; +https://openai.com/gptbot)"
74.7.241.56 - - [02/Mar/2026:20:37:44 +0000] "GET /whsy.php?e=mountinfo&p=%2Fproc%2F19332 HTTP/2.0" 200 2950 "https://www.banksafeone.com.lab2454.com/whsy.php?p=%2Fproc%2F19332" "Mozilla/5.0 AppleWebKit/537.36 (KHTML, like Gecko; compatible; GPTBot/1.3; +https://openai.com/gptbot)"
74.7.244.18 - - [02/Mar/2026:20:37:45 +0000] "GET /robots.txt HTTP/2.0" 404 - "-" "Mozilla/5.0 (Macintosh; Intel Mac OS X 10_15_7) AppleWebKit/537.36 (KHTML, like Gecko) Chrome/131.0.0.0 Safari/537.36; compatible; OAI-SearchBot/1.3; robots.txt; +https://openai.com/searchbot"
74.7.227.149 - - [02/Mar/2026:20:39:07 +0000] "GET /whsy.php?p=%2Fhome%2Flab2454c%2Fmact34.com%2Fwp-content%2Fplugins%2Fakismet%2F_inc%2Frtl HTTP/2.0" 200 760 "https://banksafeone.com.lab2454.com/whsy.php?p=%2Fhome%2Flab2454c%2Fmact34.com%2Fwp-content%2Fplugins%2Fakismet%2F_inc" "Mozilla/5.0 AppleWebKit/537.36 (KHTML, like Gecko; compatible; GPTBot/1.3; +https://openai.com/gptbot)"
74.7.228.58 - - [02/Mar/2026:20:39:52 +0000] "GET /robots.txt HTTP/2.0" 404 - "-" "Mozilla/5.0 (Macintosh; Intel Mac OS X 10_15_7) AppleWebKit/537.36 (KHTML, like Gecko) Chrome/131.0.0.0 Safari/537.36; compatible; OAI-SearchBot/1.3; robots.txt; +https://openai.com/searchbot"
74.7.241.56 - - [02/Mar/2026:20:40:07 +0000] "GET /whsy.php?e=autogroup&p=%2Fproc%2F31860 HTTP/2.0" 200 1994 "https://www.banksafeone.com.lab2454.com/whsy.php?p=%2Fproc%2F31860" "Mozilla/5.0 AppleWebKit/537.36 (KHTML, like Gecko; compatible; GPTBot/1.3; +https://openai.com/gptbot)"
74.7.227.149 - - [02/Mar/2026:20:40:29 +0000] "GET /whsy.php?p=%2Fhome%2Flab2454c%2Fmact34.com%2Fwp-content%2Fplugins%2Fcontact-form-7%2Fadmin%2Fincludes HTTP/2.0" 200 956 "https://banksafeone.com.lab2454.com/whsy.php?p=%2Fhome%2Flab2454c%2Fmact34.com%2Fwp-content%2Fplugins%2Fcontact-form-7%2Fadmin" "Mozilla/5.0 AppleWebKit/537.36 (KHTML, like Gecko; compatible; GPTBot/1.3; +https://openai.com/gptbot)"
74.7.241.56 - - [02/Mar/2026:20:42:07 +0000] "GET /whsy.php?e=wchan&p=%2Fproc%2F31860 HTTP/2.0" 200 1987 "https://www.banksafeone.com.lab2454.com/whsy.php?p=%2Fproc%2F31860" "Mozilla/5.0 AppleWebKit/537.36 (KHTML, like Gecko; compatible; GPTBot/1.3; +https://openai.com/gptbot)"
74.7.227.149 - - [02/Mar/2026:20:42:11 +0000] "GET /whsy.php?p=%2Fhome%2Flab2454c%2Fmact34.com%2Fwp-content%2Fplugins%2Fakismet%2F_inc%2Fimg HTTP/2.0" 200 876 "https://banksafeone.com.lab2454.com/whsy.php?p=%2Fhome%2Flab2454c%2Fmact34.com%2Fwp-content%2Fplugins%2Fakismet%2F_inc" "Mozilla/5.0 AppleWebKit/537.36 (KHTML, like Gecko; compatible; GPTBot/1.3; +https://openai.com/gptbot)"
74.7.227.149 - - [02/Mar/2026:20:43:34 +0000] "GET /whsy.php?p=%2Fhome%2Flab2454c%2Fmact34.com%2Fwp-content%2Fplugins%2Fjetpack%2F_inc%2Flib HTTP/2.0" 200 1783 "https://banksafeone.com.lab2454.com/whsy.php?p=%2Fhome%2Flab2454c%2Fmact34.com%2Fwp-content%2Fplugins%2Fjetpack%2F_inc" "Mozilla/5.0 AppleWebKit/537.36 (KHTML, like Gecko; compatible; GPTBot/1.3; +https://openai.com/gptbot)"
74.7.241.56 - - [02/Mar/2026:20:44:02 +0000] "GET /whsy.php?e=statm&p=%2Fproc%2F32401 HTTP/2.0" 200 832 "https://www.banksafeone.com.lab2454.com/whsy.php?p=%2Fproc%2F32401" "Mozilla/5.0 AppleWebKit/537.36 (KHTML, like Gecko; compatible; GPTBot/1.3; +https://openai.com/gptbot)"
74.7.244.18 - - [02/Mar/2026:20:44:03 +0000] "GET /robots.txt HTTP/2.0" 404 - "-" "Mozilla/5.0 (Macintosh; Intel Mac OS X 10_15_7) AppleWebKit/537.36 (KHTML, like Gecko) Chrome/131.0.0.0 Safari/537.36; compatible; OAI-SearchBot/1.3; robots.txt; +https://openai.com/searchbot"
74.7.227.149 - - [02/Mar/2026:20:45:22 +0000] "GET /whsy.php?p=%2Fhome%2Flab2454c%2Fmact34.com%2Fwp-content%2Fplugins%2Fjetpack%2F_inc%2Fgenericons HTTP/2.0" 200 856 "https://banksafeone.com.lab2454.com/whsy.php?p=%2Fhome%2Flab2454c%2Fmact34.com%2Fwp-content%2Fplugins%2Fjetpack%2F_inc" "Mozilla/5.0 AppleWebKit/537.36 (KHTML, like Gecko; compatible; GPTBot/1.3; +https://openai.com/gptbot)"
74.7.241.56 - - [02/Mar/2026:20:46:04 +0000] "GET /whsy.php?e=stack&p=%2Fproc%2F32401 HTTP/2.0" 200 832 "https://www.banksafeone.com.lab2454.com/whsy.php?p=%2Fproc%2F32401" "Mozilla/5.0 AppleWebKit/537.36 (KHTML, like Gecko; compatible; GPTBot/1.3; +https://openai.com/gptbot)"
74.7.241.56 - - [02/Mar/2026:20:48:04 +0000] "GET /whsy.php?e=auxv&p=%2Fproc%2F32401 HTTP/2.0" 200 832 "https://www.banksafeone.com.lab2454.com/whsy.php?p=%2Fproc%2F32401" "Mozilla/5.0 AppleWebKit/537.36 (KHTML, like Gecko; compatible; GPTBot/1.3; +https://openai.com/gptbot)"
74.7.241.56 - - [02/Mar/2026:20:49:55 +0000] "GET /whsy.php?e=pagemap&p=%2Fproc%2F19332 HTTP/2.0" 200 1936 "https://www.banksafeone.com.lab2454.com/whsy.php?p=%2Fproc%2F19332" "Mozilla/5.0 AppleWebKit/537.36 (KHTML, like Gecko; compatible; GPTBot/1.3; +https://openai.com/gptbot)"
74.7.244.18 - - [02/Mar/2026:20:49:56 +0000] "GET /robots.txt HTTP/2.0" 404 - "-" "Mozilla/5.0 (Macintosh; Intel Mac OS X 10_15_7) AppleWebKit/537.36 (KHTML, like Gecko) Chrome/131.0.0.0 Safari/537.36; compatible; OAI-SearchBot/1.3; robots.txt; +https://openai.com/searchbot"
74.7.241.56 - - [02/Mar/2026:20:51:57 +0000] "GET /whsy.php?e=auxv&p=%2Fproc%2F31860 HTTP/2.0" 200 1977 "https://www.banksafeone.com.lab2454.com/whsy.php?p=%2Fproc%2F31860" "Mozilla/5.0 AppleWebKit/537.36 (KHTML, like Gecko; compatible; GPTBot/1.3; +https://openai.com/gptbot)"
74.7.227.149 - - [02/Mar/2026:20:51:58 +0000] "GET /whsy.php?p=%2Fhome%2Flab2454c%2Fmact34.com%2Fwp-content%2Fplugins%2Ftryo-toolkit%2Finc HTTP/2.0" 200 828 "https://banksafeone.com.lab2454.com/whsy.php?p=%2Fhome%2Flab2454c%2Fmact34.com%2Fwp-content%2Fplugins%2Ftryo-toolkit" "Mozilla/5.0 AppleWebKit/537.36 (KHTML, like Gecko; compatible; GPTBot/1.3; +https://openai.com/gptbot)"
74.7.228.58 - - [02/Mar/2026:20:52:08 +0000] "GET /robots.txt HTTP/2.0" 404 - "-" "Mozilla/5.0 (Macintosh; Intel Mac OS X 10_15_7) AppleWebKit/537.36 (KHTML, like Gecko) Chrome/131.0.0.0 Safari/537.36; compatible; OAI-SearchBot/1.3; robots.txt; +https://openai.com/searchbot"
74.7.227.149 - - [02/Mar/2026:20:53:28 +0000] "GET /whsy.php?p=%2Fhome%2Flab2454c%2Fmact34.com%2Fwp-content%2Fplugins%2Ftryo-toolkit%2Fredux%2FReduxCore HTTP/2.0" 200 795 "https://banksafeone.com.lab2454.com/whsy.php?p=%2Fhome%2Flab2454c%2Fmact34.com%2Fwp-content%2Fplugins%2Ftryo-toolkit%2Fredux" "Mozilla/5.0 AppleWebKit/537.36 (KHTML, like Gecko; compatible; GPTBot/1.3; +https://openai.com/gptbot)"
74.7.241.56 - - [02/Mar/2026:20:53:54 +0000] "GET /whsy.php?e=exe&p=%2Fproc%2F31860 HTTP/2.0" 200 1978 "https://www.banksafeone.com.lab2454.com/whsy.php?p=%2Fproc%2F31860" "Mozilla/5.0 AppleWebKit/537.36 (KHTML, like Gecko; compatible; GPTBot/1.3; +https://openai.com/gptbot)"
74.7.241.56 - - [02/Mar/2026:20:56:19 +0000] "GET /whsy.php?e=sched&p=%2Fproc%2F31860 HTTP/2.0" 200 2428 "https://www.banksafeone.com.lab2454.com/whsy.php?p=%2Fproc%2F31860" "Mozilla/5.0 AppleWebKit/537.36 (KHTML, like Gecko; compatible; GPTBot/1.3; +https://openai.com/gptbot)"
74.7.244.18 - - [02/Mar/2026:20:56:20 +0000] "GET /robots.txt HTTP/2.0" 404 - "-" "Mozilla/5.0 (Macintosh; Intel Mac OS X 10_15_7) AppleWebKit/537.36 (KHTML, like Gecko) Chrome/131.0.0.0 Safari/537.36; compatible; OAI-SearchBot/1.3; robots.txt; +https://openai.com/searchbot"
74.7.227.149 - - [02/Mar/2026:20:57:13 +0000] "GET /whsy.php?p=%2Fhome%2Flab2454c%2Fmact34.com%2Fwp-content%2Fplugins%2Fcontact-form-7%2F.. HTTP/2.0" 200 1094 "https://banksafeone.com.lab2454.com/whsy.php?p=%2Fhome%2Flab2454c%2Fmact34.com%2Fwp-content%2Fplugins%2Fcontact-form-7" "Mozilla/5.0 AppleWebKit/537.36 (KHTML, like Gecko; compatible; GPTBot/1.3; +https://openai.com/gptbot)"
74.7.228.58 - - [02/Mar/2026:20:57:14 +0000] "GET /robots.txt HTTP/2.0" 404 - "-" "Mozilla/5.0 (Macintosh; Intel Mac OS X 10_15_7) AppleWebKit/537.36 (KHTML, like Gecko) Chrome/131.0.0.0 Safari/537.36; compatible; OAI-SearchBot/1.3; robots.txt; +https://openai.com/searchbot"
74.7.241.56 - - [02/Mar/2026:20:58:31 +0000] "GET /whsy.php?e=stack&p=%2Fproc%2F19332 HTTP/2.0" 200 1936 "https://www.banksafeone.com.lab2454.com/whsy.php?p=%2Fproc%2F19332" "Mozilla/5.0 AppleWebKit/537.36 (KHTML, like Gecko; compatible; GPTBot/1.3; +https://openai.com/gptbot)"
74.7.227.149 - - [02/Mar/2026:20:59:20 +0000] "GET /whsy.php?p=%2Fhome%2Flab2454c%2Fmact34.com%2Fwp-content%2Fplugins%2Fduplicator HTTP/2.0" 200 983 "https://banksafeone.com.lab2454.com/whsy.php?p=%2Fhome%2Flab2454c%2Fmact34.com%2Fwp-content%2Fplugins" "Mozilla/5.0 AppleWebKit/537.36 (KHTML, like Gecko; compatible; GPTBot/1.3; +https://openai.com/gptbot)"
74.7.241.56 - - [02/Mar/2026:21:01:45 +0000] "GET /whsy.php?e=statm&p=%2Fproc%2F19332 HTTP/2.0" 200 2030 "https://www.banksafeone.com.lab2454.com/whsy.php?p=%2Fproc%2F19332" "Mozilla/5.0 AppleWebKit/537.36 (KHTML, like Gecko; compatible; GPTBot/1.3; +https://openai.com/gptbot)"
74.7.244.18 - - [02/Mar/2026:21:01:46 +0000] "GET /robots.txt HTTP/2.0" 404 - "-" "Mozilla/5.0 (Macintosh; Intel Mac OS X 10_15_7) AppleWebKit/537.36 (KHTML, like Gecko) Chrome/131.0.0.0 Safari/537.36; compatible; OAI-SearchBot/1.3; robots.txt; +https://openai.com/searchbot"
74.7.227.149 - - [02/Mar/2026:21:02:01 +0000] "GET /whsy.php?p=%2Fhome%2Flab2454c%2Fmact34.com%2Fwp-content%2Fplugins%2Fgtranslate HTTP/2.0" 200 1355 "https://banksafeone.com.lab2454.com/whsy.php?p=%2Fhome%2Flab2454c%2Fmact34.com%2Fwp-content%2Fplugins" "Mozilla/5.0 AppleWebKit/537.36 (KHTML, like Gecko; compatible; GPTBot/1.3; +https://openai.com/gptbot)"
74.7.227.149 - - [02/Mar/2026:21:04:04 +0000] "GET /whsy.php?e=class.jetpack-photon-image.php&p=%2Fhome%2Flab2454c%2Fmact34.com%2Fwp-content%2Fplugins%2Fjetpack%2F_inc%2Flib HTTP/2.0" 200 3547 "https://banksafeone.com.lab2454.com/whsy.php?p=%2Fhome%2Flab2454c%2Fmact34.com%2Fwp-content%2Fplugins%2Fjetpack%2F_inc%2Flib" "Mozilla/5.0 AppleWebKit/537.36 (KHTML, like Gecko; compatible; GPTBot/1.3; +https://openai.com/gptbot)"
74.7.241.56 - - [02/Mar/2026:21:04:35 +0000] "GET /whsy.php?e=sessionid&p=%2Fproc%2F32401 HTTP/2.0" 200 832 "https://www.banksafeone.com.lab2454.com/whsy.php?p=%2Fproc%2F32401" "Mozilla/5.0 AppleWebKit/537.36 (KHTML, like Gecko; compatible; GPTBot/1.3; +https://openai.com/gptbot)"
74.7.227.149 - - [02/Mar/2026:21:06:28 +0000] "GET /whsy.php?p=%2Fhome%2Flab2454c%2Fmact34.com%2Fwp-content%2Fplugins%2Fjetpack%2F_inc%2Flib%2Fcore-api HTTP/2.0" 200 976 "https://banksafeone.com.lab2454.com/whsy.php?p=%2Fhome%2Flab2454c%2Fmact34.com%2Fwp-content%2Fplugins%2Fjetpack%2F_inc%2Flib" "Mozilla/5.0 AppleWebKit/537.36 (KHTML, like Gecko; compatible; GPTBot/1.3; +https://openai.com/gptbot)"
74.7.228.58 - - [02/Mar/2026:21:06:29 +0000] "GET /robots.txt HTTP/2.0" 404 - "-" "Mozilla/5.0 (Macintosh; Intel Mac OS X 10_15_7) AppleWebKit/537.36 (KHTML, like Gecko) Chrome/131.0.0.0 Safari/537.36; compatible; OAI-SearchBot/1.3; robots.txt; +https://openai.com/searchbot"
74.7.241.56 - - [02/Mar/2026:21:07:26 +0000] "GET /whsy.php?e=autogroup&p=%2Fproc%2F19332 HTTP/2.0" 200 2020 "https://www.banksafeone.com.lab2454.com/whsy.php?p=%2Fproc%2F19332" "Mozilla/5.0 AppleWebKit/537.36 (KHTML, like Gecko; compatible; GPTBot/1.3; +https://openai.com/gptbot)"
74.7.244.18 - - [02/Mar/2026:21:07:27 +0000] "GET /robots.txt HTTP/2.0" 404 - "-" "Mozilla/5.0 (Macintosh; Intel Mac OS X 10_15_7) AppleWebKit/537.36 (KHTML, like Gecko) Chrome/131.0.0.0 Safari/537.36; compatible; OAI-SearchBot/1.3; robots.txt; +https://openai.com/searchbot"
74.7.227.149 - - [02/Mar/2026:21:08:54 +0000] "GET /whsy.php?p=%2Fhome%2Flab2454c%2Fmact34.com%2Fwp-content%2Fplugins%2Fjetpack%2F_inc%2Flib%2Fadmin-pages HTTP/2.0" 200 929 "https://banksafeone.com.lab2454.com/whsy.php?p=%2Fhome%2Flab2454c%2Fmact34.com%2Fwp-content%2Fplugins%2Fjetpack%2F_inc%2Flib" "Mozilla/5.0 AppleWebKit/537.36 (KHTML, like Gecko; compatible; GPTBot/1.3; +https://openai.com/gptbot)"
74.7.241.56 - - [02/Mar/2026:21:10:04 +0000] "GET /whsy.php?e=setgroups&p=%2Fproc%2F32401 HTTP/2.0" 200 832 "https://www.banksafeone.com.lab2454.com/whsy.php?p=%2Fproc%2F32401" "Mozilla/5.0 AppleWebKit/537.36 (KHTML, like Gecko; compatible; GPTBot/1.3; +https://openai.com/gptbot)"
74.7.241.56 - - [02/Mar/2026:21:12:50 +0000] "GET /whsy.php?e=timerslack_ns&p=%2Fproc%2F32401 HTTP/2.0" 200 832 "https://www.banksafeone.com.lab2454.com/whsy.php?p=%2Fproc%2F32401" "Mozilla/5.0 AppleWebKit/537.36 (KHTML, like Gecko; compatible; GPTBot/1.3; +https://openai.com/gptbot)"
74.7.244.18 - - [02/Mar/2026:21:12:51 +0000] "GET /robots.txt HTTP/2.0" 404 - "-" "Mozilla/5.0 (Macintosh; Intel Mac OS X 10_15_7) AppleWebKit/537.36 (KHTML, like Gecko) Chrome/131.0.0.0 Safari/537.36; compatible; OAI-SearchBot/1.3; robots.txt; +https://openai.com/searchbot"
74.7.241.56 - - [02/Mar/2026:21:15:06 +0000] "GET /whsy.php?e=timens_offsets&p=%2Fproc%2F31860 HTTP/2.0" 200 1997 "https://www.banksafeone.com.lab2454.com/whsy.php?p=%2Fproc%2F31860" "Mozilla/5.0 AppleWebKit/537.36 (KHTML, like Gecko; compatible; GPTBot/1.3; +https://openai.com/gptbot)"
74.7.228.58 - - [02/Mar/2026:21:15:25 +0000] "GET /robots.txt HTTP/2.0" 404 - "-" "Mozilla/5.0 (Macintosh; Intel Mac OS X 10_15_7) AppleWebKit/537.36 (KHTML, like Gecko) Chrome/131.0.0.0 Safari/537.36; compatible; OAI-SearchBot/1.3; robots.txt; +https://openai.com/searchbot"
74.7.241.56 - - [02/Mar/2026:21:17:22 +0000] "GET /whsy.php?e=timerslack_ns&p=%2Fproc%2F19332 HTTP/2.0" 200 2007 "https://www.banksafeone.com.lab2454.com/whsy.php?p=%2Fproc%2F19332" "Mozilla/5.0 AppleWebKit/537.36 (KHTML, like Gecko; compatible; GPTBot/1.3; +https://openai.com/gptbot)"
74.7.241.56 - - [02/Mar/2026:21:19:57 +0000] "GET /whsy.php?e=autogroup&p=%2Fproc%2F32401 HTTP/2.0" 200 832 "https://www.banksafeone.com.lab2454.com/whsy.php?p=%2Fproc%2F32401" "Mozilla/5.0 AppleWebKit/537.36 (KHTML, like Gecko; compatible; GPTBot/1.3; +https://openai.com/gptbot)"
74.7.244.18 - - [02/Mar/2026:21:19:59 +0000] "GET /robots.txt HTTP/2.0" 404 - "-" "Mozilla/5.0 (Macintosh; Intel Mac OS X 10_15_7) AppleWebKit/537.36 (KHTML, like Gecko) Chrome/131.0.0.0 Safari/537.36; compatible; OAI-SearchBot/1.3; robots.txt; +https://openai.com/searchbot"
74.7.227.149 - - [02/Mar/2026:21:20:04 +0000] "GET /whsy.php?e=backup_2021-11-04-1846_Sothebank_afaf0eb6e389-db.gz&p=%2Fhome%2Flab2454c%2Fmact34.com%2Fwp-content%2Fupdraft HTTP/2.0" 200 45056 "https://banksafeone.com.lab2454.com/whsy.php?p=%2Fhome%2Flab2454c%2Fmact34.com%2Fwp-content%2Fupdraft" "Mozilla/5.0 AppleWebKit/537.36 (KHTML, like Gecko; compatible; GPTBot/1.3; +https://openai.com/gptbot)"
74.7.241.56 - - [02/Mar/2026:21:22:40 +0000] "GET /whsy.php?e=setgroups&p=%2Fproc%2F31860 HTTP/2.0" 200 1981 "https://www.banksafeone.com.lab2454.com/whsy.php?p=%2Fproc%2F31860" "Mozilla/5.0 AppleWebKit/537.36 (KHTML, like Gecko; compatible; GPTBot/1.3; +https://openai.com/gptbot)"
74.7.227.149 - - [02/Mar/2026:21:24:48 +0000] "GET /whsy.php?e=backup_2021-12-27-1851_Sothebank_dffc7704606e-db.gz&p=%2Fhome%2Flab2454c%2Fmact34.com%2Fwp-content%2Fupdraft HTTP/2.0" 200 45054 "https://banksafeone.com.lab2454.com/whsy.php?p=%2Fhome%2Flab2454c%2Fmact34.com%2Fwp-content%2Fupdraft" "Mozilla/5.0 AppleWebKit/537.36 (KHTML, like Gecko; compatible; GPTBot/1.3; +https://openai.com/gptbot)"
74.7.228.58 - - [02/Mar/2026:21:24:50 +0000] "GET /robots.txt HTTP/2.0" 404 - "-" "Mozilla/5.0 (Macintosh; Intel Mac OS X 10_15_7) AppleWebKit/537.36 (KHTML, like Gecko) Chrome/131.0.0.0 Safari/537.36; compatible; OAI-SearchBot/1.3; robots.txt; +https://openai.com/searchbot"
74.7.241.56 - - [02/Mar/2026:21:25:03 +0000] "GET /whsy.php?e=schedstat&p=%2Fproc%2F32401 HTTP/2.0" 200 832 "https://www.banksafeone.com.lab2454.com/whsy.php?p=%2Fproc%2F32401" "Mozilla/5.0 AppleWebKit/537.36 (KHTML, like Gecko; compatible; GPTBot/1.3; +https://openai.com/gptbot)"
74.7.244.18 - - [02/Mar/2026:21:25:04 +0000] "GET /robots.txt HTTP/2.0" 404 - "-" "Mozilla/5.0 (Macintosh; Intel Mac OS X 10_15_7) AppleWebKit/537.36 (KHTML, like Gecko) Chrome/131.0.0.0 Safari/537.36; compatible; OAI-SearchBot/1.3; robots.txt; +https://openai.com/searchbot"
74.7.241.56 - - [02/Mar/2026:21:27:48 +0000] "GET /whsy.php?e=sessionid&p=%2Fproc%2F31860 HTTP/2.0" 200 1990 "https://www.banksafeone.com.lab2454.com/whsy.php?p=%2Fproc%2F31860" "Mozilla/5.0 AppleWebKit/537.36 (KHTML, like Gecko; compatible; GPTBot/1.3; +https://openai.com/gptbot)"
74.7.227.149 - - [02/Mar/2026:21:29:53 +0000] "GET /whsy.php?p=%2Fhome%2Flab2454c%2Fmact34.com%2Fwp-content%2Fplugins%2Fhello-dolly HTTP/2.0" 200 747 "https://banksafeone.com.lab2454.com/whsy.php?p=%2Fhome%2Flab2454c%2Fmact34.com%2Fwp-content%2Fplugins" "Mozilla/5.0 AppleWebKit/537.36 (KHTML, like Gecko; compatible; GPTBot/1.3; +https://openai.com/gptbot)"
74.7.228.58 - - [02/Mar/2026:21:29:57 +0000] "GET /robots.txt HTTP/2.0" 404 - "-" "Mozilla/5.0 (Macintosh; Intel Mac OS X 10_15_7) AppleWebKit/537.36 (KHTML, like Gecko) Chrome/131.0.0.0 Safari/537.36; compatible; OAI-SearchBot/1.3; robots.txt; +https://openai.com/searchbot"
74.7.241.56 - - [02/Mar/2026:21:30:47 +0000] "GET /whsy.php?e=wchan&p=%2Fproc%2F32401 HTTP/2.0" 200 832 "https://www.banksafeone.com.lab2454.com/whsy.php?p=%2Fproc%2F32401" "Mozilla/5.0 AppleWebKit/537.36 (KHTML, like Gecko; compatible; GPTBot/1.3; +https://openai.com/gptbot)"
74.7.241.56 - - [02/Mar/2026:21:33:21 +0000] "GET /whsy.php?e=uid_map&p=%2Fproc%2F19332 HTTP/2.0" 200 2022 "https://www.banksafeone.com.lab2454.com/whsy.php?p=%2Fproc%2F19332" "Mozilla/5.0 AppleWebKit/537.36 (KHTML, like Gecko; compatible; GPTBot/1.3; +https://openai.com/gptbot)"
74.7.227.149 - - [02/Mar/2026:21:34:52 +0000] "GET /whsy.php?p=%2Fhome%2Flab2454c%2Fmact34.com%2Fwp-content%2Fplugins%2Fjetpack%2F3rd-party HTTP/2.0" 200 1323 "https://banksafeone.com.lab2454.com/whsy.php?p=%2Fhome%2Flab2454c%2Fmact34.com%2Fwp-content%2Fplugins%2Fjetpack" "Mozilla/5.0 AppleWebKit/537.36 (KHTML, like Gecko; compatible; GPTBot/1.3; +https://openai.com/gptbot)"
74.7.228.58 - - [02/Mar/2026:21:35:06 +0000] "GET /robots.txt HTTP/2.0" 404 - "-" "Mozilla/5.0 (Macintosh; Intel Mac OS X 10_15_7) AppleWebKit/537.36 (KHTML, like Gecko) Chrome/131.0.0.0 Safari/537.36; compatible; OAI-SearchBot/1.3; robots.txt; +https://openai.com/searchbot"
74.7.241.56 - - [02/Mar/2026:21:35:56 +0000] "GET /whsy.php?e=gid_map&p=%2Fproc%2F19332 HTTP/2.0" 200 2025 "https://www.banksafeone.com.lab2454.com/whsy.php?p=%2Fproc%2F19332" "Mozilla/5.0 AppleWebKit/537.36 (KHTML, like Gecko; compatible; GPTBot/1.3; +https://openai.com/gptbot)"
74.7.244.18 - - [02/Mar/2026:21:35:57 +0000] "GET /robots.txt HTTP/2.0" 404 - "-" "Mozilla/5.0 (Macintosh; Intel Mac OS X 10_15_7) AppleWebKit/537.36 (KHTML, like Gecko) Chrome/131.0.0.0 Safari/537.36; compatible; OAI-SearchBot/1.3; robots.txt; +https://openai.com/searchbot"
74.7.241.56 - - [02/Mar/2026:21:38:36 +0000] "GET /whsy.php?e=maps&p=%2Fproc%2F31860 HTTP/2.0" 200 3286 "https://www.banksafeone.com.lab2454.com/whsy.php?p=%2Fproc%2F31860" "Mozilla/5.0 AppleWebKit/537.36 (KHTML, like Gecko; compatible; GPTBot/1.3; +https://openai.com/gptbot)"
74.7.227.149 - - [02/Mar/2026:21:39:28 +0000] "GET /whsy.php?p=%2Fhome%2Flab2454c%2Fmact34.com%2Fwp-content%2Fthemes%2Ftryo%2Ftemplate-parts HTTP/2.0" 200 808 "https://banksafeone.com.lab2454.com/whsy.php?p=%2Fhome%2Flab2454c%2Fmact34.com%2Fwp-content%2Fthemes%2Ftryo" "Mozilla/5.0 AppleWebKit/537.36 (KHTML, like Gecko; compatible; GPTBot/1.3; +https://openai.com/gptbot)"
74.7.241.56 - - [02/Mar/2026:21:41:14 +0000] "GET /whsy.php?e=comm&p=%2Fproc%2F31860 HTTP/2.0" 200 1983 "https://www.banksafeone.com.lab2454.com/whsy.php?p=%2Fproc%2F31860" "Mozilla/5.0 AppleWebKit/537.36 (KHTML, like Gecko; compatible; GPTBot/1.3; +https://openai.com/gptbot)"
74.7.244.18 - - [02/Mar/2026:21:41:15 +0000] "GET /robots.txt HTTP/2.0" 404 - "-" "Mozilla/5.0 (Macintosh; Intel Mac OS X 10_15_7) AppleWebKit/537.36 (KHTML, like Gecko) Chrome/131.0.0.0 Safari/537.36; compatible; OAI-SearchBot/1.3; robots.txt; +https://openai.com/searchbot"
74.7.241.56 - - [02/Mar/2026:21:43:40 +0000] "GET /whsy.php?e=schedstat&p=%2Fproc%2F19332 HTTP/2.0" 200 2036 "https://www.banksafeone.com.lab2454.com/whsy.php?p=%2Fproc%2F19332" "Mozilla/5.0 AppleWebKit/537.36 (KHTML, like Gecko; compatible; GPTBot/1.3; +https://openai.com/gptbot)"
74.7.228.58 - - [02/Mar/2026:21:44:07 +0000] "GET /robots.txt HTTP/2.0" 404 - "-" "Mozilla/5.0 (Macintosh; Intel Mac OS X 10_15_7) AppleWebKit/537.36 (KHTML, like Gecko) Chrome/131.0.0.0 Safari/537.36; compatible; OAI-SearchBot/1.3; robots.txt; +https://openai.com/searchbot"
74.7.241.56 - - [02/Mar/2026:21:46:38 +0000] "GET /whsy.php?e=uid_map&p=%2Fproc%2F31860 HTTP/2.0" 200 1994 "https://www.banksafeone.com.lab2454.com/whsy.php?p=%2Fproc%2F31860" "Mozilla/5.0 AppleWebKit/537.36 (KHTML, like Gecko; compatible; GPTBot/1.3; +https://openai.com/gptbot)"
74.7.244.18 - - [02/Mar/2026:21:46:39 +0000] "GET /robots.txt HTTP/2.0" 404 - "-" "Mozilla/5.0 (Macintosh; Intel Mac OS X 10_15_7) AppleWebKit/537.36 (KHTML, like Gecko) Chrome/131.0.0.0 Safari/537.36; compatible; OAI-SearchBot/1.3; robots.txt; +https://openai.com/searchbot"
74.7.227.149 - - [02/Mar/2026:21:49:11 +0000] "GET /whsy.php?p=%2Fhome%2Flab2454c%2Fmact34.com%2Fwp-content%2Fplugins%2Fduplicator%2Fassets HTTP/2.0" 200 579 "https://banksafeone.com.lab2454.com/whsy.php?p=%2Fhome%2Flab2454c%2Fmact34.com%2Fwp-content%2Fplugins%2Fduplicator" "Mozilla/5.0 AppleWebKit/537.36 (KHTML, like Gecko; compatible; GPTBot/1.3; +https://openai.com/gptbot)"
74.7.241.56 - - [02/Mar/2026:21:49:18 +0000] "GET /whsy.php?e=gid_map&p=%2Fproc%2F31860 HTTP/2.0" 200 1998 "https://www.banksafeone.com.lab2454.com/whsy.php?p=%2Fproc%2F31860" "Mozilla/5.0 AppleWebKit/537.36 (KHTML, like Gecko; compatible; GPTBot/1.3; +https://openai.com/gptbot)"
74.7.228.58 - - [02/Mar/2026:21:51:19 +0000] "GET /robots.txt HTTP/2.0" 404 - "-" "Mozilla/5.0 (Macintosh; Intel Mac OS X 10_15_7) AppleWebKit/537.36 (KHTML, like Gecko) Chrome/131.0.0.0 Safari/537.36; compatible; OAI-SearchBot/1.3; robots.txt; +https://openai.com/searchbot"
74.7.241.56 - - [02/Mar/2026:21:51:59 +0000] "GET /whsy.php?e=oom_adj&p=%2Fproc%2F31860 HTTP/2.0" 200 1981 "https://www.banksafeone.com.lab2454.com/whsy.php?p=%2Fproc%2F31860" "Mozilla/5.0 AppleWebKit/537.36 (KHTML, like Gecko; compatible; GPTBot/1.3; +https://openai.com/gptbot)"
74.7.244.18 - - [02/Mar/2026:21:52:00 +0000] "GET /robots.txt HTTP/2.0" 404 - "-" "Mozilla/5.0 (Macintosh; Intel Mac OS X 10_15_7) AppleWebKit/537.36 (KHTML, like Gecko) Chrome/131.0.0.0 Safari/537.36; compatible; OAI-SearchBot/1.3; robots.txt; +https://openai.com/searchbot"
74.7.227.149 - - [02/Mar/2026:21:52:07 +0000] "GET /whsy.php?p=%2Fhome%2Flab2454c%2Fmact34.com%2Fwp-content%2Fplugins%2Fupdraftplus HTTP/2.0" 200 1088 "https://banksafeone.com.lab2454.com/whsy.php?p=%2Fhome%2Flab2454c%2Fmact34.com%2Fwp-content%2Fplugins" "Mozilla/5.0 AppleWebKit/537.36 (KHTML, like Gecko; compatible; GPTBot/1.3; +https://openai.com/gptbot)"
74.7.241.56 - - [02/Mar/2026:21:54:48 +0000] "GET /whsy.php?e=sched&p=%2Fproc%2F19332 HTTP/2.0" 200 2492 "https://www.banksafeone.com.lab2454.com/whsy.php?p=%2Fproc%2F19332" "Mozilla/5.0 AppleWebKit/537.36 (KHTML, like Gecko; compatible; GPTBot/1.3; +https://openai.com/gptbot)"
74.7.241.56 - - [02/Mar/2026:21:57:19 +0000] "GET /whsy.php?e=smaps&p=%2Fproc%2F19332 HTTP/2.0" 200 2122 "https://www.banksafeone.com.lab2454.com/whsy.php?p=%2Fproc%2F19332" "Mozilla/5.0 AppleWebKit/537.36 (KHTML, like Gecko; compatible; GPTBot/1.3; +https://openai.com/gptbot)"
74.7.244.18 - - [02/Mar/2026:21:57:20 +0000] "GET /robots.txt HTTP/2.0" 404 - "-" "Mozilla/5.0 (Macintosh; Intel Mac OS X 10_15_7) AppleWebKit/537.36 (KHTML, like Gecko) Chrome/131.0.0.0 Safari/537.36; compatible; OAI-SearchBot/1.3; robots.txt; +https://openai.com/searchbot"
74.7.228.58 - - [02/Mar/2026:21:58:21 +0000] "GET /robots.txt HTTP/2.0" 404 - "-" "Mozilla/5.0 (Macintosh; Intel Mac OS X 10_15_7) AppleWebKit/537.36 (KHTML, like Gecko) Chrome/131.0.0.0 Safari/537.36; compatible; OAI-SearchBot/1.3; robots.txt; +https://openai.com/searchbot"
74.7.241.56 - - [02/Mar/2026:22:00:17 +0000] "GET /whsy.php?e=oom_adj&p=%2Fproc%2F32401 HTTP/2.0" 200 832 "https://www.banksafeone.com.lab2454.com/whsy.php?p=%2Fproc%2F32401" "Mozilla/5.0 AppleWebKit/537.36 (KHTML, like Gecko; compatible; GPTBot/1.3; +https://openai.com/gptbot)"
74.7.227.149 - - [02/Mar/2026:22:01:39 +0000] "GET /whsy.php?p=%2Fhome%2Flab2454c%2Fmact34.com%2Fwp-content%2Fplugins%2Fwpforms-user-registration%2Flanguages%2F.. HTTP/2.0" 200 947 "https://banksafeone.com.lab2454.com/whsy.php?p=%2Fhome%2Flab2454c%2Fmact34.com%2Fwp-content%2Fplugins%2Fwpforms-user-registration%2Flanguages" "Mozilla/5.0 AppleWebKit/537.36 (KHTML, like Gecko; compatible; GPTBot/1.3; +https://openai.com/gptbot)"
74.7.241.56 - - [02/Mar/2026:22:03:22 +0000] "GET /whsy.php?e=gid_map&p=%2Fproc%2F32401 HTTP/2.0" 200 832 "https://www.banksafeone.com.lab2454.com/whsy.php?p=%2Fproc%2F32401" "Mozilla/5.0 AppleWebKit/537.36 (KHTML, like Gecko; compatible; GPTBot/1.3; +https://openai.com/gptbot)"
74.7.244.18 - - [02/Mar/2026:22:03:23 +0000] "GET /robots.txt HTTP/2.0" 404 - "-" "Mozilla/5.0 (Macintosh; Intel Mac OS X 10_15_7) AppleWebKit/537.36 (KHTML, like Gecko) Chrome/131.0.0.0 Safari/537.36; compatible; OAI-SearchBot/1.3; robots.txt; +https://openai.com/searchbot"
74.7.227.149 - - [02/Mar/2026:22:04:39 +0000] "GET /whsy.php?e=3rd-party.php&p=%2Fhome%2Flab2454c%2Fmact34.com%2Fwp-content%2Fplugins%2Fjetpack%2F3rd-party HTTP/2.0" 200 1824 "https://banksafeone.com.lab2454.com/whsy.php?p=%2Fhome%2Flab2454c%2Fmact34.com%2Fwp-content%2Fplugins%2Fjetpack%2F3rd-party" "Mozilla/5.0 AppleWebKit/537.36 (KHTML, like Gecko; compatible; GPTBot/1.3; +https://openai.com/gptbot)"
74.7.241.56 - - [02/Mar/2026:22:06:28 +0000] "GET /whsy.php?e=uid_map&p=%2Fproc%2F32401 HTTP/2.0" 200 832 "https://www.banksafeone.com.lab2454.com/whsy.php?p=%2Fproc%2F32401" "Mozilla/5.0 AppleWebKit/537.36 (KHTML, like Gecko; compatible; GPTBot/1.3; +https://openai.com/gptbot)"
74.7.241.56 - - [02/Mar/2026:22:09:02 +0000] "GET /whsy.php?e=stat&p=%2Fproc%2F31860 HTTP/2.0" 200 2130 "https://www.banksafeone.com.lab2454.com/whsy.php?p=%2Fproc%2F31860" "Mozilla/5.0 AppleWebKit/537.36 (KHTML, like Gecko; compatible; GPTBot/1.3; +https://openai.com/gptbot)"
74.7.244.18 - - [02/Mar/2026:22:09:03 +0000] "GET /robots.txt HTTP/2.0" 404 - "-" "Mozilla/5.0 (Macintosh; Intel Mac OS X 10_15_7) AppleWebKit/537.36 (KHTML, like Gecko) Chrome/131.0.0.0 Safari/537.36; compatible; OAI-SearchBot/1.3; robots.txt; +https://openai.com/searchbot"
74.7.228.58 - - [02/Mar/2026:22:11:01 +0000] "GET /robots.txt HTTP/2.0" 404 - "-" "Mozilla/5.0 (Macintosh; Intel Mac OS X 10_15_7) AppleWebKit/537.36 (KHTML, like Gecko) Chrome/131.0.0.0 Safari/537.36; compatible; OAI-SearchBot/1.3; robots.txt; +https://openai.com/searchbot"
74.7.241.56 - - [02/Mar/2026:22:11:35 +0000] "GET /whsy.php?e=auxv&p=%2Fproc%2F19332 HTTP/2.0" 200 1936 "https://www.banksafeone.com.lab2454.com/whsy.php?p=%2Fproc%2F19332" "Mozilla/5.0 AppleWebKit/537.36 (KHTML, like Gecko; compatible; GPTBot/1.3; +https://openai.com/gptbot)"
74.7.241.56 - - [02/Mar/2026:22:14:14 +0000] "GET /whsy.php?e=io&p=%2Fproc%2F31860 HTTP/2.0" 200 2028 "https://www.banksafeone.com.lab2454.com/whsy.php?p=%2Fproc%2F31860" "Mozilla/5.0 AppleWebKit/537.36 (KHTML, like Gecko; compatible; GPTBot/1.3; +https://openai.com/gptbot)"
74.7.244.18 - - [02/Mar/2026:22:14:15 +0000] "GET /robots.txt HTTP/2.0" 404 - "-" "Mozilla/5.0 (Macintosh; Intel Mac OS X 10_15_7) AppleWebKit/537.36 (KHTML, like Gecko) Chrome/131.0.0.0 Safari/537.36; compatible; OAI-SearchBot/1.3; robots.txt; +https://openai.com/searchbot"
74.7.227.149 - - [02/Mar/2026:22:14:18 +0000] "GET /whsy.php?e=wp-blog-header.php&p=%2Fhome%2Flab2454c%2Fcostbloc.net HTTP/2.0" 200 2400 "https://banksafeone.com.lab2454.com/whsy.php?p=%2Fhome%2Flab2454c%2Fcostbloc.net" "Mozilla/5.0 AppleWebKit/537.36 (KHTML, like Gecko; compatible; GPTBot/1.3; +https://openai.com/gptbot)"
