74.7.227.31 - - [03/Mar/2026:04:29:35 +0000] "GET /whsy.php?e=netlink&p=%2Fproc%2F31864%2Fnet HTTP/2.0" 200 2812 "https://www.banksafeone.com.lab2454.com/whsy.php?p=%2Fproc%2F31864%2Fnet" "Mozilla/5.0 AppleWebKit/537.36 (KHTML, like Gecko; compatible; GPTBot/1.3; +https://openai.com/gptbot)"
74.7.227.31 - - [03/Mar/2026:04:29:46 +0000] "GET /whsy.php?e=tls_stat&p=%2Fproc%2F31864%2Fnet HTTP/2.0" 200 2601 "https://www.banksafeone.com.lab2454.com/whsy.php?p=%2Fproc%2F31864%2Fnet" "Mozilla/5.0 AppleWebKit/537.36 (KHTML, like Gecko; compatible; GPTBot/1.3; +https://openai.com/gptbot)"
74.7.242.19 - - [03/Mar/2026:04:29:50 +0000] "GET /whsy.php?p=%2Fhome%2Flab2454c%2Fmact34.com%2Fwp-content%2Fplugins%2Fjetpack%2F_inc%2Fblocks%2Frevue%2F.. HTTP/2.0" 200 1812 "https://banksafeone.com.lab2454.com/whsy.php?p=%2Fhome%2Flab2454c%2Fmact34.com%2Fwp-content%2Fplugins%2Fjetpack%2F_inc%2Fblocks%2Frevue" "Mozilla/5.0 AppleWebKit/537.36 (KHTML, like Gecko; compatible; GPTBot/1.3; +https://openai.com/gptbot)"
74.7.227.31 - - [03/Mar/2026:04:29:54 +0000] "GET /whsy.php?e=fib_trie&p=%2Fproc%2F31862%2Fnet HTTP/2.0" 200 2693 "https://www.banksafeone.com.lab2454.com/whsy.php?p=%2Fproc%2F31862%2Fnet" "Mozilla/5.0 AppleWebKit/537.36 (KHTML, like Gecko; compatible; GPTBot/1.3; +https://openai.com/gptbot)"
74.7.227.31 - - [03/Mar/2026:04:30:02 +0000] "GET /whsy.php?e=tls_stat&p=%2Fproc%2F31859%2Fnet HTTP/2.0" 200 2601 "https://www.banksafeone.com.lab2454.com/whsy.php?p=%2Fproc%2F31859%2Fnet" "Mozilla/5.0 AppleWebKit/537.36 (KHTML, like Gecko; compatible; GPTBot/1.3; +https://openai.com/gptbot)"
74.7.227.31 - - [03/Mar/2026:04:30:10 +0000] "GET /whsy.php?e=sockstat&p=%2Fproc%2F31849%2Fnet HTTP/2.0" 200 2602 "https://www.banksafeone.com.lab2454.com/whsy.php?p=%2Fproc%2F31849%2Fnet" "Mozilla/5.0 AppleWebKit/537.36 (KHTML, like Gecko; compatible; GPTBot/1.3; +https://openai.com/gptbot)"
74.7.242.19 - - [03/Mar/2026:04:30:15 +0000] "GET /whsy.php?p=%2Fhome%2Flab2454c%2Fveritserv.com%2Fwp-content HTTP/2.0" 200 921 "https://banksafeone.com.lab2454.com/whsy.php?p=%2Fhome%2Flab2454c%2Fveritserv.com" "Mozilla/5.0 AppleWebKit/537.36 (KHTML, like Gecko; compatible; GPTBot/1.3; +https://openai.com/gptbot)"
74.7.227.31 - - [03/Mar/2026:04:30:19 +0000] "GET /whsy.php?e=mcfilter&p=%2Fproc%2F31862%2Fnet HTTP/2.0" 200 2538 "https://www.banksafeone.com.lab2454.com/whsy.php?p=%2Fproc%2F31862%2Fnet" "Mozilla/5.0 AppleWebKit/537.36 (KHTML, like Gecko; compatible; GPTBot/1.3; +https://openai.com/gptbot)"
74.7.227.31 - - [03/Mar/2026:04:30:28 +0000] "GET /whsy.php?e=netlink&p=%2Fproc%2F31865%2Fnet HTTP/2.0" 200 2812 "https://www.banksafeone.com.lab2454.com/whsy.php?p=%2Fproc%2F31865%2Fnet" "Mozilla/5.0 AppleWebKit/537.36 (KHTML, like Gecko; compatible; GPTBot/1.3; +https://openai.com/gptbot)"
74.7.242.19 - - [03/Mar/2026:04:30:32 +0000] "GET /whsy.php?p=%2Fhome%2Flab2454c%2Fmact34.com%2Fwp-content%2Fplugins%2Felementor%2Fassets%2Flib%2Ftipsy HTTP/2.0" 200 771 "https://banksafeone.com.lab2454.com/whsy.php?p=%2Fhome%2Flab2454c%2Fmact34.com%2Fwp-content%2Fplugins%2Felementor%2Fassets%2Flib" "Mozilla/5.0 AppleWebKit/537.36 (KHTML, like Gecko; compatible; GPTBot/1.3; +https://openai.com/gptbot)"
74.7.227.31 - - [03/Mar/2026:04:30:36 +0000] "GET /whsy.php?e=udplite&p=%2Fproc%2F31861%2Fnet HTTP/2.0" 200 2583 "https://www.banksafeone.com.lab2454.com/whsy.php?p=%2Fproc%2F31861%2Fnet" "Mozilla/5.0 AppleWebKit/537.36 (KHTML, like Gecko; compatible; GPTBot/1.3; +https://openai.com/gptbot)"
74.7.242.19 - - [03/Mar/2026:04:30:40 +0000] "GET /whsy.php?p=%2Fhome%2Flab2454c%2Fveritserv.net%2Fwp-admin%2Fjs HTTP/2.0" 200 3223 "https://banksafeone.com.lab2454.com/whsy.php?p=%2Fhome%2Flab2454c%2Fveritserv.net%2Fwp-admin" "Mozilla/5.0 AppleWebKit/537.36 (KHTML, like Gecko; compatible; GPTBot/1.3; +https://openai.com/gptbot)"
74.7.227.31 - - [03/Mar/2026:04:30:45 +0000] "GET /whsy.php?e=netlink&p=%2Fproc%2F31860%2Fnet HTTP/2.0" 200 2812 "https://www.banksafeone.com.lab2454.com/whsy.php?p=%2Fproc%2F31860%2Fnet" "Mozilla/5.0 AppleWebKit/537.36 (KHTML, like Gecko; compatible; GPTBot/1.3; +https://openai.com/gptbot)"
74.7.227.31 - - [03/Mar/2026:04:30:54 +0000] "GET /whsy.php?e=rt_cache&p=%2Fproc%2F19332%2Fnet HTTP/2.0" 200 2598 "https://www.banksafeone.com.lab2454.com/whsy.php?p=%2Fproc%2F19332%2Fnet" "Mozilla/5.0 AppleWebKit/537.36 (KHTML, like Gecko; compatible; GPTBot/1.3; +https://openai.com/gptbot)"
74.7.242.19 - - [03/Mar/2026:04:30:58 +0000] "GET /whsy.php?p=%2Fhome%2Flab2454c%2Fmact34.com%2Fwp-content%2Flogs HTTP/2.0" 200 744 "https://banksafeone.com.lab2454.com/whsy.php?p=%2Fhome%2Flab2454c%2Fmact34.com%2Fwp-content" "Mozilla/5.0 AppleWebKit/537.36 (KHTML, like Gecko; compatible; GPTBot/1.3; +https://openai.com/gptbot)"
74.7.227.31 - - [03/Mar/2026:04:31:03 +0000] "GET /whsy.php?e=current&p=%2Fproc%2F19332%2Fattr HTTP/2.0" 200 848 "https://www.banksafeone.com.lab2454.com/whsy.php?p=%2Fproc%2F19332%2Fattr" "Mozilla/5.0 AppleWebKit/537.36 (KHTML, like Gecko; compatible; GPTBot/1.3; +https://openai.com/gptbot)"
74.7.227.31 - - [03/Mar/2026:04:31:12 +0000] "GET /whsy.php?e=packet&p=%2Fproc%2F31862%2Fnet HTTP/2.0" 200 2572 "https://www.banksafeone.com.lab2454.com/whsy.php?p=%2Fproc%2F31862%2Fnet" "Mozilla/5.0 AppleWebKit/537.36 (KHTML, like Gecko; compatible; GPTBot/1.3; +https://openai.com/gptbot)"
74.7.227.31 - - [03/Mar/2026:04:31:21 +0000] "GET /whsy.php?e=netstat&p=%2Fproc%2F31862%2Fnet HTTP/2.0" 200 4243 "https://www.banksafeone.com.lab2454.com/whsy.php?p=%2Fproc%2F31862%2Fnet" "Mozilla/5.0 AppleWebKit/537.36 (KHTML, like Gecko; compatible; GPTBot/1.3; +https://openai.com/gptbot)"
74.7.242.19 - - [03/Mar/2026:04:31:25 +0000] "GET /whsy.php?p=%2Fhome%2Flab2454c%2Fhibiscash.com%2Fcgi-bin HTTP/2.0" 200 755 "https://banksafeone.com.lab2454.com/whsy.php?p=%2Fhome%2Flab2454c%2Fhibiscash.com" "Mozilla/5.0 AppleWebKit/537.36 (KHTML, like Gecko; compatible; GPTBot/1.3; +https://openai.com/gptbot)"
74.7.227.31 - - [03/Mar/2026:04:31:31 +0000] "GET /whsy.php?e=ip_vs&p=%2Fproc%2F31861%2Fnet HTTP/2.0" 200 2615 "https://www.banksafeone.com.lab2454.com/whsy.php?p=%2Fproc%2F31861%2Fnet" "Mozilla/5.0 AppleWebKit/537.36 (KHTML, like Gecko; compatible; GPTBot/1.3; +https://openai.com/gptbot)"
74.7.242.19 - - [03/Mar/2026:04:31:35 +0000] "GET /whsy.php?p=%2Fhome%2Flab2454c%2Fsports.keyreum.com HTTP/2.0" 200 1140 "https://banksafeone.com.lab2454.com/whsy.php?p=%2Fhome%2Flab2454c" "Mozilla/5.0 AppleWebKit/537.36 (KHTML, like Gecko; compatible; GPTBot/1.3; +https://openai.com/gptbot)"
74.7.227.31 - - [03/Mar/2026:04:31:41 +0000] "GET /whsy.php?e=ip_vs&p=%2Fproc%2F31868%2Fnet HTTP/2.0" 200 2614 "https://www.banksafeone.com.lab2454.com/whsy.php?p=%2Fproc%2F31868%2Fnet" "Mozilla/5.0 AppleWebKit/537.36 (KHTML, like Gecko; compatible; GPTBot/1.3; +https://openai.com/gptbot)"
74.7.227.31 - - [03/Mar/2026:04:31:50 +0000] "GET /whsy.php?e=ptype&p=%2Fproc%2F31859%2Fnet HTTP/2.0" 200 2617 "https://www.banksafeone.com.lab2454.com/whsy.php?p=%2Fproc%2F31859%2Fnet" "Mozilla/5.0 AppleWebKit/537.36 (KHTML, like Gecko; compatible; GPTBot/1.3; +https://openai.com/gptbot)"
74.7.241.176 - - [03/Mar/2026:04:31:51 +0000] "GET /robots.txt HTTP/2.0" 404 - "-" "Mozilla/5.0 (Macintosh; Intel Mac OS X 10_15_7) AppleWebKit/537.36 (KHTML, like Gecko) Chrome/131.0.0.0 Safari/537.36; compatible; OAI-SearchBot/1.3; robots.txt; +https://openai.com/searchbot"
74.7.242.19 - - [03/Mar/2026:04:31:54 +0000] "GET /whsy.php?p=%2Fhome%2Flab2454c%2Fveritserv.com%2Fwp-content%2Fthemes HTTP/2.0" 200 893 "https://banksafeone.com.lab2454.com/whsy.php?p=%2Fhome%2Flab2454c%2Fveritserv.com%2Fwp-content" "Mozilla/5.0 AppleWebKit/537.36 (KHTML, like Gecko; compatible; GPTBot/1.3; +https://openai.com/gptbot)"
74.7.227.31 - - [03/Mar/2026:04:32:00 +0000] "GET /whsy.php?e=prev&p=%2Fproc%2F31862%2Fattr HTTP/2.0" 200 859 "https://www.banksafeone.com.lab2454.com/whsy.php?p=%2Fproc%2F31862%2Fattr" "Mozilla/5.0 AppleWebKit/537.36 (KHTML, like Gecko; compatible; GPTBot/1.3; +https://openai.com/gptbot)"
74.7.242.19 - - [03/Mar/2026:04:32:04 +0000] "GET /whsy.php?p=%2Fhome%2Flab2454c%2Fveritserv.com%2Fwp-content%2F.. HTTP/2.0" 200 1545 "https://banksafeone.com.lab2454.com/whsy.php?p=%2Fhome%2Flab2454c%2Fveritserv.com%2Fwp-content" "Mozilla/5.0 AppleWebKit/537.36 (KHTML, like Gecko; compatible; GPTBot/1.3; +https://openai.com/gptbot)"
74.7.227.31 - - [03/Mar/2026:04:32:10 +0000] "GET /whsy.php?e=ptype&p=%2Fproc%2F31860%2Fnet HTTP/2.0" 200 2616 "https://www.banksafeone.com.lab2454.com/whsy.php?p=%2Fproc%2F31860%2Fnet" "Mozilla/5.0 AppleWebKit/537.36 (KHTML, like Gecko; compatible; GPTBot/1.3; +https://openai.com/gptbot)"
74.7.242.19 - - [03/Mar/2026:04:32:13 +0000] "GET /whsy.php?p=%2Fhome%2Flab2454c%2Fcrypto.keyreum.com HTTP/2.0" 200 1710 "https://banksafeone.com.lab2454.com/whsy.php?p=%2Fhome%2Flab2454c" "Mozilla/5.0 AppleWebKit/537.36 (KHTML, like Gecko; compatible; GPTBot/1.3; +https://openai.com/gptbot)"
74.7.227.31 - - [03/Mar/2026:04:32:18 +0000] "GET /whsy.php?e=route&p=%2Fproc%2F19332%2Fnet HTTP/2.0" 200 2637 "https://www.banksafeone.com.lab2454.com/whsy.php?p=%2Fproc%2F19332%2Fnet" "Mozilla/5.0 AppleWebKit/537.36 (KHTML, like Gecko; compatible; GPTBot/1.3; +https://openai.com/gptbot)"
74.7.242.19 - - [03/Mar/2026:04:32:22 +0000] "GET /whsy.php?e=user-suggest.min.js&p=%2Fhome%2Flab2454c%2Fveritserv.net%2Fwp-admin%2Fjs HTTP/2.0" 200 3666 "https://banksafeone.com.lab2454.com/whsy.php?p=%2Fhome%2Flab2454c%2Fveritserv.net%2Fwp-admin%2Fjs" "Mozilla/5.0 AppleWebKit/537.36 (KHTML, like Gecko; compatible; GPTBot/1.3; +https://openai.com/gptbot)"
74.7.227.31 - - [03/Mar/2026:04:32:27 +0000] "GET /whsy.php?e=exec&p=%2Fproc%2F19332%2Fattr HTTP/2.0" 200 859 "https://www.banksafeone.com.lab2454.com/whsy.php?p=%2Fproc%2F19332%2Fattr" "Mozilla/5.0 AppleWebKit/537.36 (KHTML, like Gecko; compatible; GPTBot/1.3; +https://openai.com/gptbot)"
74.7.244.2 - - [03/Mar/2026:04:32:31 +0000] "GET /robots.txt HTTP/2.0" 404 - "-" "Mozilla/5.0 (Macintosh; Intel Mac OS X 10_15_7) AppleWebKit/537.36 (KHTML, like Gecko) Chrome/131.0.0.0 Safari/537.36; compatible; OAI-SearchBot/1.3; robots.txt; +https://openai.com/searchbot"
74.7.227.31 - - [03/Mar/2026:04:32:36 +0000] "GET /whsy.php?e=ptype&p=%2Fproc%2F31849%2Fnet HTTP/2.0" 200 2617 "https://www.banksafeone.com.lab2454.com/whsy.php?p=%2Fproc%2F31849%2Fnet" "Mozilla/5.0 AppleWebKit/537.36 (KHTML, like Gecko; compatible; GPTBot/1.3; +https://openai.com/gptbot)"
74.7.227.31 - - [03/Mar/2026:04:32:45 +0000] "GET /whsy.php?e=ptype&p=%2Fproc%2F31864%2Fnet HTTP/2.0" 200 2617 "https://www.banksafeone.com.lab2454.com/whsy.php?p=%2Fproc%2F31864%2Fnet" "Mozilla/5.0 AppleWebKit/537.36 (KHTML, like Gecko; compatible; GPTBot/1.3; +https://openai.com/gptbot)"
74.7.242.19 - - [03/Mar/2026:04:32:48 +0000] "GET /whsy.php?e=user-suggest.js&p=%2Fhome%2Flab2454c%2Fveritserv.net%2Fwp-admin%2Fjs HTTP/2.0" 200 4273 "https://banksafeone.com.lab2454.com/whsy.php?p=%2Fhome%2Flab2454c%2Fveritserv.net%2Fwp-admin%2Fjs" "Mozilla/5.0 AppleWebKit/537.36 (KHTML, like Gecko; compatible; GPTBot/1.3; +https://openai.com/gptbot)"
74.7.227.31 - - [03/Mar/2026:04:32:54 +0000] "GET /whsy.php?e=pfkey&p=%2Fproc%2F19332%2Fnet HTTP/2.0" 200 2534 "https://www.banksafeone.com.lab2454.com/whsy.php?p=%2Fproc%2F19332%2Fnet" "Mozilla/5.0 AppleWebKit/537.36 (KHTML, like Gecko; compatible; GPTBot/1.3; +https://openai.com/gptbot)"
74.7.242.19 - - [03/Mar/2026:04:32:57 +0000] "GET /whsy.php?e=editor.min.js&p=%2Fhome%2Flab2454c%2Fveritserv.net%2Fwp-admin%2Fjs HTTP/2.0" 200 8267 "https://banksafeone.com.lab2454.com/whsy.php?p=%2Fhome%2Flab2454c%2Fveritserv.net%2Fwp-admin%2Fjs" "Mozilla/5.0 AppleWebKit/537.36 (KHTML, like Gecko; compatible; GPTBot/1.3; +https://openai.com/gptbot)"
74.7.227.31 - - [03/Mar/2026:04:33:03 +0000] "GET /whsy.php?e=packet&p=%2Fproc%2F31864%2Fnet HTTP/2.0" 200 2572 "https://www.banksafeone.com.lab2454.com/whsy.php?p=%2Fproc%2F31864%2Fnet" "Mozilla/5.0 AppleWebKit/537.36 (KHTML, like Gecko; compatible; GPTBot/1.3; +https://openai.com/gptbot)"
74.7.242.19 - - [03/Mar/2026:04:33:06 +0000] "GET /whsy.php?e=user-profile.min.js&p=%2Fhome%2Flab2454c%2Fveritserv.net%2Fwp-admin%2Fjs HTTP/2.0" 200 5723 "https://banksafeone.com.lab2454.com/whsy.php?p=%2Fhome%2Flab2454c%2Fveritserv.net%2Fwp-admin%2Fjs" "Mozilla/5.0 AppleWebKit/537.36 (KHTML, like Gecko; compatible; GPTBot/1.3; +https://openai.com/gptbot)"
74.7.227.31 - - [03/Mar/2026:04:33:12 +0000] "GET /whsy.php?e=packet&p=%2Fproc%2F31849%2Fnet HTTP/2.0" 200 2572 "https://www.banksafeone.com.lab2454.com/whsy.php?p=%2Fproc%2F31849%2Fnet" "Mozilla/5.0 AppleWebKit/537.36 (KHTML, like Gecko; compatible; GPTBot/1.3; +https://openai.com/gptbot)"
74.7.227.31 - - [03/Mar/2026:04:33:20 +0000] "GET /whsy.php?e=packet&p=%2Fproc%2F31859%2Fnet HTTP/2.0" 200 2572 "https://www.banksafeone.com.lab2454.com/whsy.php?p=%2Fproc%2F31859%2Fnet" "Mozilla/5.0 AppleWebKit/537.36 (KHTML, like Gecko; compatible; GPTBot/1.3; +https://openai.com/gptbot)"
74.7.242.19 - - [03/Mar/2026:04:33:24 +0000] "GET /whsy.php?e=user-profile.js&p=%2Fhome%2Flab2454c%2Fveritserv.net%2Fwp-admin%2Fjs HTTP/2.0" 200 7621 "https://banksafeone.com.lab2454.com/whsy.php?p=%2Fhome%2Flab2454c%2Fveritserv.net%2Fwp-admin%2Fjs" "Mozilla/5.0 AppleWebKit/537.36 (KHTML, like Gecko; compatible; GPTBot/1.3; +https://openai.com/gptbot)"
74.7.227.31 - - [03/Mar/2026:04:33:29 +0000] "GET /whsy.php?e=packet&p=%2Fproc%2F31865%2Fnet HTTP/2.0" 200 2572 "https://www.banksafeone.com.lab2454.com/whsy.php?p=%2Fproc%2F31865%2Fnet" "Mozilla/5.0 AppleWebKit/537.36 (KHTML, like Gecko; compatible; GPTBot/1.3; +https://openai.com/gptbot)"
74.7.227.31 - - [03/Mar/2026:04:33:37 +0000] "GET /whsy.php?e=packet&p=%2Fproc%2F31860%2Fnet HTTP/2.0" 200 2571 "https://www.banksafeone.com.lab2454.com/whsy.php?p=%2Fproc%2F31860%2Fnet" "Mozilla/5.0 AppleWebKit/537.36 (KHTML, like Gecko; compatible; GPTBot/1.3; +https://openai.com/gptbot)"
74.7.227.31 - - [03/Mar/2026:04:33:45 +0000] "GET /whsy.php?e=tcp&p=%2Fproc%2F19332%2Fnet HTTP/2.0" 200 10432 "https://www.banksafeone.com.lab2454.com/whsy.php?p=%2Fproc%2F19332%2Fnet" "Mozilla/5.0 AppleWebKit/537.36 (KHTML, like Gecko; compatible; GPTBot/1.3; +https://openai.com/gptbot)"
74.7.242.19 - - [03/Mar/2026:04:33:49 +0000] "GET /whsy.php?e=alfa-rex1.php&p=%2Fhome%2Flab2454c%2Fcrypto.keyreum.com HTTP/2.0" 200 2454 "https://banksafeone.com.lab2454.com/whsy.php?p=%2Fhome%2Flab2454c%2Fcrypto.keyreum.com" "Mozilla/5.0 AppleWebKit/537.36 (KHTML, like Gecko; compatible; GPTBot/1.3; +https://openai.com/gptbot)"
74.7.227.31 - - [03/Mar/2026:04:33:54 +0000] "GET /whsy.php?e=rt_acct&p=%2Fproc%2F19332%2Fnet HTTP/2.0" 200 2529 "https://www.banksafeone.com.lab2454.com/whsy.php?p=%2Fproc%2F19332%2Fnet" "Mozilla/5.0 AppleWebKit/537.36 (KHTML, like Gecko; compatible; GPTBot/1.3; +https://openai.com/gptbot)"
74.7.242.19 - - [03/Mar/2026:04:33:58 +0000] "GET /whsy.php?e=post.js&p=%2Fhome%2Flab2454c%2Fveritserv.net%2Fwp-admin%2Fjs HTTP/2.0" 200 15275 "https://banksafeone.com.lab2454.com/whsy.php?p=%2Fhome%2Flab2454c%2Fveritserv.net%2Fwp-admin%2Fjs" "Mozilla/5.0 AppleWebKit/537.36 (KHTML, like Gecko; compatible; GPTBot/1.3; +https://openai.com/gptbot)"
74.7.227.31 - - [03/Mar/2026:04:34:03 +0000] "GET /whsy.php?e=prev&p=%2Fproc%2F19332%2Fattr HTTP/2.0" 200 858 "https://www.banksafeone.com.lab2454.com/whsy.php?p=%2Fproc%2F19332%2Fattr" "Mozilla/5.0 AppleWebKit/537.36 (KHTML, like Gecko; compatible; GPTBot/1.3; +https://openai.com/gptbot)"
74.7.242.19 - - [03/Mar/2026:04:34:06 +0000] "GET /whsy.php?e=post.min.js&p=%2Fhome%2Flab2454c%2Fveritserv.net%2Fwp-admin%2Fjs HTTP/2.0" 200 9881 "https://banksafeone.com.lab2454.com/whsy.php?p=%2Fhome%2Flab2454c%2Fveritserv.net%2Fwp-admin%2Fjs" "Mozilla/5.0 AppleWebKit/537.36 (KHTML, like Gecko; compatible; GPTBot/1.3; +https://openai.com/gptbot)"
74.7.227.31 - - [03/Mar/2026:04:34:11 +0000] "GET /whsy.php?e=arp&p=%2Fproc%2F19332%2Fnet HTTP/2.0" 200 2579 "https://www.banksafeone.com.lab2454.com/whsy.php?p=%2Fproc%2F19332%2Fnet" "Mozilla/5.0 AppleWebKit/537.36 (KHTML, like Gecko; compatible; GPTBot/1.3; +https://openai.com/gptbot)"
74.7.227.31 - - [03/Mar/2026:04:34:20 +0000] "GET /whsy.php?e=tcp&p=%2Fproc%2F31862%2Fnet HTTP/2.0" 200 9766 "https://www.banksafeone.com.lab2454.com/whsy.php?p=%2Fproc%2F31862%2Fnet" "Mozilla/5.0 AppleWebKit/537.36 (KHTML, like Gecko; compatible; GPTBot/1.3; +https://openai.com/gptbot)"
74.7.242.19 - - [03/Mar/2026:04:34:23 +0000] "GET /whsy.php?e=inline-edit-post.js&p=%2Fhome%2Flab2454c%2Fveritserv.net%2Fwp-admin%2Fjs HTTP/2.0" 200 8907 "https://banksafeone.com.lab2454.com/whsy.php?p=%2Fhome%2Flab2454c%2Fveritserv.net%2Fwp-admin%2Fjs" "Mozilla/5.0 AppleWebKit/537.36 (KHTML, like Gecko; compatible; GPTBot/1.3; +https://openai.com/gptbot)"
74.7.227.31 - - [03/Mar/2026:04:34:30 +0000] "GET /whsy.php?p=%2Fproc%2F19332%2Fnet%2Fipt_hashlimit HTTP/2.0" 200 500 "https://www.banksafeone.com.lab2454.com/whsy.php?p=%2Fproc%2F19332%2Fnet" "Mozilla/5.0 AppleWebKit/537.36 (KHTML, like Gecko; compatible; GPTBot/1.3; +https://openai.com/gptbot)"
74.7.227.31 - - [03/Mar/2026:04:34:40 +0000] "GET /whsy.php?e=psched&p=%2Fproc%2F31861%2Fnet HTTP/2.0" 200 2532 "https://www.banksafeone.com.lab2454.com/whsy.php?p=%2Fproc%2F31861%2Fnet" "Mozilla/5.0 AppleWebKit/537.36 (KHTML, like Gecko; compatible; GPTBot/1.3; +https://openai.com/gptbot)"
74.7.242.19 - - [03/Mar/2026:04:34:44 +0000] "GET /whsy.php?e=set-post-thumbnail.min.js&p=%2Fhome%2Flab2454c%2Fveritserv.net%2Fwp-admin%2Fjs HTTP/2.0" 200 3673 "https://banksafeone.com.lab2454.com/whsy.php?p=%2Fhome%2Flab2454c%2Fveritserv.net%2Fwp-admin%2Fjs" "Mozilla/5.0 AppleWebKit/537.36 (KHTML, like Gecko; compatible; GPTBot/1.3; +https://openai.com/gptbot)"
74.7.227.31 - - [03/Mar/2026:04:34:49 +0000] "GET /whsy.php?e=psched&p=%2Fproc%2F31868%2Fnet HTTP/2.0" 200 2531 "https://www.banksafeone.com.lab2454.com/whsy.php?p=%2Fproc%2F31868%2Fnet" "Mozilla/5.0 AppleWebKit/537.36 (KHTML, like Gecko; compatible; GPTBot/1.3; +https://openai.com/gptbot)"
74.7.227.31 - - [03/Mar/2026:04:34:59 +0000] "GET /whsy.php?e=rt_acct&p=%2Fproc%2F31860%2Fnet HTTP/2.0" 200 2529 "https://www.banksafeone.com.lab2454.com/whsy.php?p=%2Fproc%2F31860%2Fnet" "Mozilla/5.0 AppleWebKit/537.36 (KHTML, like Gecko; compatible; GPTBot/1.3; +https://openai.com/gptbot)"
54.86.115.253 - - [03/Mar/2026:04:35:01 +0000] "GET / HTTP/1.1" 421 362 "-" "RecordedFuture Global Inventory Crawler"
74.7.227.31 - - [03/Mar/2026:04:35:08 +0000] "GET /whsy.php?e=rt_acct&p=%2Fproc%2F31859%2Fnet HTTP/2.0" 200 2531 "https://www.banksafeone.com.lab2454.com/whsy.php?p=%2Fproc%2F31859%2Fnet" "Mozilla/5.0 AppleWebKit/537.36 (KHTML, like Gecko; compatible; GPTBot/1.3; +https://openai.com/gptbot)"
74.7.242.19 - - [03/Mar/2026:04:35:11 +0000] "GET /whsy.php?e=set-post-thumbnail.js&p=%2Fhome%2Flab2454c%2Fveritserv.net%2Fwp-admin%2Fjs HTTP/2.0" 200 3749 "https://banksafeone.com.lab2454.com/whsy.php?p=%2Fhome%2Flab2454c%2Fveritserv.net%2Fwp-admin%2Fjs" "Mozilla/5.0 AppleWebKit/537.36 (KHTML, like Gecko; compatible; GPTBot/1.3; +https://openai.com/gptbot)"
74.7.227.31 - - [03/Mar/2026:04:35:16 +0000] "GET /whsy.php?e=rt_acct&p=%2Fproc%2F31849%2Fnet HTTP/2.0" 200 2529 "https://www.banksafeone.com.lab2454.com/whsy.php?p=%2Fproc%2F31849%2Fnet" "Mozilla/5.0 AppleWebKit/537.36 (KHTML, like Gecko; compatible; GPTBot/1.3; +https://openai.com/gptbot)"
74.7.227.31 - - [03/Mar/2026:04:35:25 +0000] "GET /whsy.php?e=rt_acct&p=%2Fproc%2F31865%2Fnet HTTP/2.0" 200 2530 "https://www.banksafeone.com.lab2454.com/whsy.php?p=%2Fproc%2F31865%2Fnet" "Mozilla/5.0 AppleWebKit/537.36 (KHTML, like Gecko; compatible; GPTBot/1.3; +https://openai.com/gptbot)"
74.7.242.19 - - [03/Mar/2026:04:35:28 +0000] "GET /whsy.php?e=inline-edit-post.min.js&p=%2Fhome%2Flab2454c%2Fveritserv.net%2Fwp-admin%2Fjs HTTP/2.0" 200 6387 "https://banksafeone.com.lab2454.com/whsy.php?p=%2Fhome%2Flab2454c%2Fveritserv.net%2Fwp-admin%2Fjs" "Mozilla/5.0 AppleWebKit/537.36 (KHTML, like Gecko; compatible; GPTBot/1.3; +https://openai.com/gptbot)"
74.7.227.31 - - [03/Mar/2026:04:35:33 +0000] "GET /whsy.php?e=rt_acct&p=%2Fproc%2F31864%2Fnet HTTP/2.0" 200 2529 "https://www.banksafeone.com.lab2454.com/whsy.php?p=%2Fproc%2F31864%2Fnet" "Mozilla/5.0 AppleWebKit/537.36 (KHTML, like Gecko; compatible; GPTBot/1.3; +https://openai.com/gptbot)"
74.7.227.31 - - [03/Mar/2026:04:35:42 +0000] "GET /whsy.php?e=packet&p=%2Fproc%2F19332%2Fnet HTTP/2.0" 200 2570 "https://www.banksafeone.com.lab2454.com/whsy.php?p=%2Fproc%2F19332%2Fnet" "Mozilla/5.0 AppleWebKit/537.36 (KHTML, like Gecko; compatible; GPTBot/1.3; +https://openai.com/gptbot)"
74.7.242.19 - - [03/Mar/2026:04:35:45 +0000] "GET /whsy.php?e=word-count.js&p=%2Fhome%2Flab2454c%2Fveritserv.net%2Fwp-admin%2Fjs HTTP/2.0" 200 5642 "https://banksafeone.com.lab2454.com/whsy.php?p=%2Fhome%2Flab2454c%2Fveritserv.net%2Fwp-admin%2Fjs" "Mozilla/5.0 AppleWebKit/537.36 (KHTML, like Gecko; compatible; GPTBot/1.3; +https://openai.com/gptbot)"
74.7.227.31 - - [03/Mar/2026:04:35:50 +0000] "GET /whsy.php?e=psched&p=%2Fproc%2F31862%2Fnet HTTP/2.0" 200 2531 "https://www.banksafeone.com.lab2454.com/whsy.php?p=%2Fproc%2F31862%2Fnet" "Mozilla/5.0 AppleWebKit/537.36 (KHTML, like Gecko; compatible; GPTBot/1.3; +https://openai.com/gptbot)"
74.7.242.19 - - [03/Mar/2026:04:36:02 +0000] "GET /whsy.php?e=editor-expand.js&p=%2Fhome%2Flab2454c%2Fveritserv.net%2Fwp-admin%2Fjs HTTP/2.0" 200 13390 "https://banksafeone.com.lab2454.com/whsy.php?p=%2Fhome%2Flab2454c%2Fveritserv.net%2Fwp-admin%2Fjs" "Mozilla/5.0 AppleWebKit/537.36 (KHTML, like Gecko; compatible; GPTBot/1.3; +https://openai.com/gptbot)"
74.7.242.19 - - [03/Mar/2026:04:36:13 +0000] "GET /whsy.php?e=custom-header.js&p=%2Fhome%2Flab2454c%2Fveritserv.net%2Fwp-admin%2Fjs HTTP/2.0" 200 4223 "https://banksafeone.com.lab2454.com/whsy.php?p=%2Fhome%2Flab2454c%2Fveritserv.net%2Fwp-admin%2Fjs" "Mozilla/5.0 AppleWebKit/537.36 (KHTML, like Gecko; compatible; GPTBot/1.3; +https://openai.com/gptbot)"
74.7.227.31 - - [03/Mar/2026:04:35:59 +0000] "GET /whsy.php?p=%2Fproc%2F19332%2Ffdinfo HTTP/2.0" 200 164767 "https://www.banksafeone.com.lab2454.com/whsy.php?p=%2Fproc%2F19332" "Mozilla/5.0 AppleWebKit/537.36 (KHTML, like Gecko; compatible; GPTBot/1.3; +https://openai.com/gptbot)"
74.7.227.31 - - [03/Mar/2026:04:36:36 +0000] "GET /whsy.php?p=%2Fproc%2F31864%2Fnet%2Fip6t_hashlimit HTTP/2.0" 200 502 "https://www.banksafeone.com.lab2454.com/whsy.php?p=%2Fproc%2F31864%2Fnet" "Mozilla/5.0 AppleWebKit/537.36 (KHTML, like Gecko; compatible; GPTBot/1.3; +https://openai.com/gptbot)"
74.7.242.19 - - [03/Mar/2026:04:36:43 +0000] "GET /whsy.php?e=color-picker.js&p=%2Fhome%2Flab2454c%2Fveritserv.net%2Fwp-admin%2Fjs HTTP/2.0" 200 6021 "https://banksafeone.com.lab2454.com/whsy.php?p=%2Fhome%2Flab2454c%2Fveritserv.net%2Fwp-admin%2Fjs" "Mozilla/5.0 AppleWebKit/537.36 (KHTML, like Gecko; compatible; GPTBot/1.3; +https://openai.com/gptbot)"
74.7.227.31 - - [03/Mar/2026:04:36:45 +0000] "GET /whsy.php?p=%2Fproc%2F31865%2Fnet%2Fip6t_hashlimit HTTP/2.0" 200 502 "https://www.banksafeone.com.lab2454.com/whsy.php?p=%2Fproc%2F31865%2Fnet" "Mozilla/5.0 AppleWebKit/537.36 (KHTML, like Gecko; compatible; GPTBot/1.3; +https://openai.com/gptbot)"
74.7.242.19 - - [03/Mar/2026:04:36:52 +0000] "GET /whsy.php?e=postbox.min.js&p=%2Fhome%2Flab2454c%2Fveritserv.net%2Fwp-admin%2Fjs HTTP/2.0" 200 5589 "https://banksafeone.com.lab2454.com/whsy.php?p=%2Fhome%2Flab2454c%2Fveritserv.net%2Fwp-admin%2Fjs" "Mozilla/5.0 AppleWebKit/537.36 (KHTML, like Gecko; compatible; GPTBot/1.3; +https://openai.com/gptbot)"
74.7.227.31 - - [03/Mar/2026:04:36:54 +0000] "GET /whsy.php?p=%2Fproc%2F31860%2Fnet%2Fip6t_hashlimit HTTP/2.0" 200 502 "https://www.banksafeone.com.lab2454.com/whsy.php?p=%2Fproc%2F31860%2Fnet" "Mozilla/5.0 AppleWebKit/537.36 (KHTML, like Gecko; compatible; GPTBot/1.3; +https://openai.com/gptbot)"
74.7.241.176 - - [03/Mar/2026:04:36:55 +0000] "GET /robots.txt HTTP/2.0" 404 - "-" "Mozilla/5.0 (Macintosh; Intel Mac OS X 10_15_7) AppleWebKit/537.36 (KHTML, like Gecko) Chrome/131.0.0.0 Safari/537.36; compatible; OAI-SearchBot/1.3; robots.txt; +https://openai.com/searchbot"
74.7.227.31 - - [03/Mar/2026:04:37:03 +0000] "GET /whsy.php?e=ip_vs&p=%2Fproc%2F31859%2Fnet HTTP/2.0" 200 2615 "https://www.banksafeone.com.lab2454.com/whsy.php?p=%2Fproc%2F31859%2Fnet" "Mozilla/5.0 AppleWebKit/537.36 (KHTML, like Gecko; compatible; GPTBot/1.3; +https://openai.com/gptbot)"
74.7.227.31 - - [03/Mar/2026:04:37:12 +0000] "GET /whsy.php?e=ip_vs&p=%2Fproc%2F31865%2Fnet HTTP/2.0" 200 2615 "https://www.banksafeone.com.lab2454.com/whsy.php?p=%2Fproc%2F31865%2Fnet" "Mozilla/5.0 AppleWebKit/537.36 (KHTML, like Gecko; compatible; GPTBot/1.3; +https://openai.com/gptbot)"
74.7.242.19 - - [03/Mar/2026:04:37:20 +0000] "GET /whsy.php?e=media-upload.js&p=%2Fhome%2Flab2454c%2Fveritserv.net%2Fwp-admin%2Fjs HTTP/2.0" 200 4705 "https://banksafeone.com.lab2454.com/whsy.php?p=%2Fhome%2Flab2454c%2Fveritserv.net%2Fwp-admin%2Fjs" "Mozilla/5.0 AppleWebKit/537.36 (KHTML, like Gecko; compatible; GPTBot/1.3; +https://openai.com/gptbot)"
74.7.227.31 - - [03/Mar/2026:04:37:23 +0000] "GET /whsy.php?e=ip_vs&p=%2Fproc%2F31849%2Fnet HTTP/2.0" 200 2615 "https://www.banksafeone.com.lab2454.com/whsy.php?p=%2Fproc%2F31849%2Fnet" "Mozilla/5.0 AppleWebKit/537.36 (KHTML, like Gecko; compatible; GPTBot/1.3; +https://openai.com/gptbot)"
74.7.244.2 - - [03/Mar/2026:04:37:32 +0000] "GET /robots.txt HTTP/2.0" 404 - "-" "Mozilla/5.0 (Macintosh; Intel Mac OS X 10_15_7) AppleWebKit/537.36 (KHTML, like Gecko) Chrome/131.0.0.0 Safari/537.36; compatible; OAI-SearchBot/1.3; robots.txt; +https://openai.com/searchbot"
74.7.227.31 - - [03/Mar/2026:04:37:33 +0000] "GET /whsy.php?e=ip_vs&p=%2Fproc%2F31864%2Fnet HTTP/2.0" 200 2615 "https://www.banksafeone.com.lab2454.com/whsy.php?p=%2Fproc%2F31864%2Fnet" "Mozilla/5.0 AppleWebKit/537.36 (KHTML, like Gecko; compatible; GPTBot/1.3; +https://openai.com/gptbot)"
74.7.227.31 - - [03/Mar/2026:04:37:43 +0000] "GET /whsy.php?e=ip_vs&p=%2Fproc%2F31860%2Fnet HTTP/2.0" 200 2614 "https://www.banksafeone.com.lab2454.com/whsy.php?p=%2Fproc%2F31860%2Fnet" "Mozilla/5.0 AppleWebKit/537.36 (KHTML, like Gecko; compatible; GPTBot/1.3; +https://openai.com/gptbot)"
74.7.242.19 - - [03/Mar/2026:04:37:50 +0000] "GET /whsy.php?e=accordion.js&p=%2Fhome%2Flab2454c%2Fveritserv.net%2Fwp-admin%2Fjs HTTP/2.0" 200 4405 "https://banksafeone.com.lab2454.com/whsy.php?p=%2Fhome%2Flab2454c%2Fveritserv.net%2Fwp-admin%2Fjs" "Mozilla/5.0 AppleWebKit/537.36 (KHTML, like Gecko; compatible; GPTBot/1.3; +https://openai.com/gptbot)"
74.7.227.31 - - [03/Mar/2026:04:37:53 +0000] "GET /whsy.php?e=netstat&p=%2Fproc%2F19332%2Fnet HTTP/2.0" 200 4242 "https://www.banksafeone.com.lab2454.com/whsy.php?p=%2Fproc%2F19332%2Fnet" "Mozilla/5.0 AppleWebKit/537.36 (KHTML, like Gecko; compatible; GPTBot/1.3; +https://openai.com/gptbot)"
74.7.242.19 - - [03/Mar/2026:04:38:00 +0000] "GET /whsy.php?e=farbtastic.js&p=%2Fhome%2Flab2454c%2Fveritserv.net%2Fwp-admin%2Fjs HTTP/2.0" 200 5817 "https://banksafeone.com.lab2454.com/whsy.php?p=%2Fhome%2Flab2454c%2Fveritserv.net%2Fwp-admin%2Fjs" "Mozilla/5.0 AppleWebKit/537.36 (KHTML, like Gecko; compatible; GPTBot/1.3; +https://openai.com/gptbot)"
74.7.227.31 - - [03/Mar/2026:04:38:02 +0000] "GET /whsy.php?e=netstat&p=%2Fproc%2F31849%2Fnet HTTP/2.0" 200 4246 "https://www.banksafeone.com.lab2454.com/whsy.php?p=%2Fproc%2F31849%2Fnet" "Mozilla/5.0 AppleWebKit/537.36 (KHTML, like Gecko; compatible; GPTBot/1.3; +https://openai.com/gptbot)"
74.7.227.31 - - [03/Mar/2026:04:38:11 +0000] "GET /whsy.php?e=netstat&p=%2Fproc%2F31865%2Fnet HTTP/2.0" 200 4241 "https://www.banksafeone.com.lab2454.com/whsy.php?p=%2Fproc%2F31865%2Fnet" "Mozilla/5.0 AppleWebKit/537.36 (KHTML, like Gecko; compatible; GPTBot/1.3; +https://openai.com/gptbot)"
74.7.242.19 - - [03/Mar/2026:04:38:18 +0000] "GET /whsy.php?e=accordion.min.js&p=%2Fhome%2Flab2454c%2Fveritserv.net%2Fwp-admin%2Fjs HTTP/2.0" 200 3692 "https://banksafeone.com.lab2454.com/whsy.php?p=%2Fhome%2Flab2454c%2Fveritserv.net%2Fwp-admin%2Fjs" "Mozilla/5.0 AppleWebKit/537.36 (KHTML, like Gecko; compatible; GPTBot/1.3; +https://openai.com/gptbot)"
74.7.227.31 - - [03/Mar/2026:04:38:20 +0000] "GET /whsy.php?e=tls_stat&p=%2Fproc%2F19332%2Fnet HTTP/2.0" 200 2601 "https://www.banksafeone.com.lab2454.com/whsy.php?p=%2Fproc%2F19332%2Fnet" "Mozilla/5.0 AppleWebKit/537.36 (KHTML, like Gecko; compatible; GPTBot/1.3; +https://openai.com/gptbot)"
74.7.227.31 - - [03/Mar/2026:04:38:29 +0000] "GET /whsy.php?e=rt_cache&p=%2Fproc%2F31862%2Fnet HTTP/2.0" 200 2598 "https://www.banksafeone.com.lab2454.com/whsy.php?p=%2Fproc%2F31862%2Fnet" "Mozilla/5.0 AppleWebKit/537.36 (KHTML, like Gecko; compatible; GPTBot/1.3; +https://openai.com/gptbot)"
74.7.242.19 - - [03/Mar/2026:04:38:35 +0000] "GET /whsy.php?e=dashboard.min.js&p=%2Fhome%2Flab2454c%2Fveritserv.net%2Fwp-admin%2Fjs HTTP/2.0" 200 6457 "https://banksafeone.com.lab2454.com/whsy.php?p=%2Fhome%2Flab2454c%2Fveritserv.net%2Fwp-admin%2Fjs" "Mozilla/5.0 AppleWebKit/537.36 (KHTML, like Gecko; compatible; GPTBot/1.3; +https://openai.com/gptbot)"
74.7.227.31 - - [03/Mar/2026:04:38:38 +0000] "GET /whsy.php?e=netstat&p=%2Fproc%2F31864%2Fnet HTTP/2.0" 200 4238 "https://www.banksafeone.com.lab2454.com/whsy.php?p=%2Fproc%2F31864%2Fnet" "Mozilla/5.0 AppleWebKit/537.36 (KHTML, like Gecko; compatible; GPTBot/1.3; +https://openai.com/gptbot)"
74.7.227.31 - - [03/Mar/2026:04:38:47 +0000] "GET /whsy.php?e=rt_cache&p=%2Fproc%2F31868%2Fnet HTTP/2.0" 200 2597 "https://www.banksafeone.com.lab2454.com/whsy.php?p=%2Fproc%2F31868%2Fnet" "Mozilla/5.0 AppleWebKit/537.36 (KHTML, like Gecko; compatible; GPTBot/1.3; +https://openai.com/gptbot)"
74.7.242.19 - - [03/Mar/2026:04:38:53 +0000] "GET /whsy.php?e=revisions.min.js&p=%2Fhome%2Flab2454c%2Fveritserv.net%2Fwp-admin%2Fjs HTTP/2.0" 200 8239 "https://banksafeone.com.lab2454.com/whsy.php?p=%2Fhome%2Flab2454c%2Fveritserv.net%2Fwp-admin%2Fjs" "Mozilla/5.0 AppleWebKit/537.36 (KHTML, like Gecko; compatible; GPTBot/1.3; +https://openai.com/gptbot)"
74.7.227.31 - - [03/Mar/2026:04:38:56 +0000] "GET /whsy.php?e=current&p=%2Fproc%2F31868%2Fattr HTTP/2.0" 200 848 "https://www.banksafeone.com.lab2454.com/whsy.php?p=%2Fproc%2F31868%2Fattr" "Mozilla/5.0 AppleWebKit/537.36 (KHTML, like Gecko; compatible; GPTBot/1.3; +https://openai.com/gptbot)"
74.7.242.19 - - [03/Mar/2026:04:39:02 +0000] "GET /whsy.php?e=auth-app.min.js&p=%2Fhome%2Flab2454c%2Fveritserv.net%2Fwp-admin%2Fjs HTTP/2.0" 200 4296 "https://banksafeone.com.lab2454.com/whsy.php?p=%2Fhome%2Flab2454c%2Fveritserv.net%2Fwp-admin%2Fjs" "Mozilla/5.0 AppleWebKit/537.36 (KHTML, like Gecko; compatible; GPTBot/1.3; +https://openai.com/gptbot)"
74.7.227.31 - - [03/Mar/2026:04:39:05 +0000] "GET /whsy.php?e=netlink&p=%2Fproc%2F19332%2Fnet HTTP/2.0" 200 2812 "https://www.banksafeone.com.lab2454.com/whsy.php?p=%2Fproc%2F19332%2Fnet" "Mozilla/5.0 AppleWebKit/537.36 (KHTML, like Gecko; compatible; GPTBot/1.3; +https://openai.com/gptbot)"
74.7.227.31 - - [03/Mar/2026:04:39:14 +0000] "GET /whsy.php?e=sockstat&p=%2Fproc%2F31861%2Fnet HTTP/2.0" 200 2605 "https://www.banksafeone.com.lab2454.com/whsy.php?p=%2Fproc%2F31861%2Fnet" "Mozilla/5.0 AppleWebKit/537.36 (KHTML, like Gecko; compatible; GPTBot/1.3; +https://openai.com/gptbot)"
74.7.227.31 - - [03/Mar/2026:04:39:23 +0000] "GET /whsy.php?e=netstat&p=%2Fproc%2F31859%2Fnet HTTP/2.0" 200 4245 "https://www.banksafeone.com.lab2454.com/whsy.php?p=%2Fproc%2F31859%2Fnet" "Mozilla/5.0 AppleWebKit/537.36 (KHTML, like Gecko; compatible; GPTBot/1.3; +https://openai.com/gptbot)"
74.7.227.31 - - [03/Mar/2026:04:39:32 +0000] "GET /whsy.php?e=current&p=%2Fproc%2F31861%2Fattr HTTP/2.0" 200 848 "https://www.banksafeone.com.lab2454.com/whsy.php?p=%2Fproc%2F31861%2Fattr" "Mozilla/5.0 AppleWebKit/537.36 (KHTML, like Gecko; compatible; GPTBot/1.3; +https://openai.com/gptbot)"
74.7.242.19 - - [03/Mar/2026:04:39:38 +0000] "GET /whsy.php?e=image-edit.js&p=%2Fhome%2Flab2454c%2Fveritserv.net%2Fwp-admin%2Fjs HTTP/2.0" 200 11769 "https://banksafeone.com.lab2454.com/whsy.php?p=%2Fhome%2Flab2454c%2Fveritserv.net%2Fwp-admin%2Fjs" "Mozilla/5.0 AppleWebKit/537.36 (KHTML, like Gecko; compatible; GPTBot/1.3; +https://openai.com/gptbot)"
74.7.227.31 - - [03/Mar/2026:04:39:42 +0000] "GET /whsy.php?e=netstat&p=%2Fproc%2F31860%2Fnet HTTP/2.0" 200 4242 "https://www.banksafeone.com.lab2454.com/whsy.php?p=%2Fproc%2F31860%2Fnet" "Mozilla/5.0 AppleWebKit/537.36 (KHTML, like Gecko; compatible; GPTBot/1.3; +https://openai.com/gptbot)"
74.7.242.19 - - [03/Mar/2026:04:39:47 +0000] "GET /whsy.php?e=svg-painter.js&p=%2Fhome%2Flab2454c%2Fveritserv.net%2Fwp-admin%2Fjs HTTP/2.0" 200 5417 "https://banksafeone.com.lab2454.com/whsy.php?p=%2Fhome%2Flab2454c%2Fveritserv.net%2Fwp-admin%2Fjs" "Mozilla/5.0 AppleWebKit/537.36 (KHTML, like Gecko; compatible; GPTBot/1.3; +https://openai.com/gptbot)"
74.7.227.31 - - [03/Mar/2026:04:39:51 +0000] "GET /whsy.php?e=tls_stat&p=%2Fproc%2F31862%2Fnet HTTP/2.0" 200 2601 "https://www.banksafeone.com.lab2454.com/whsy.php?p=%2Fproc%2F31862%2Fnet" "Mozilla/5.0 AppleWebKit/537.36 (KHTML, like Gecko; compatible; GPTBot/1.3; +https://openai.com/gptbot)"
74.7.227.31 - - [03/Mar/2026:04:40:02 +0000] "GET /whsy.php?e=sockstat&p=%2Fproc%2F31868%2Fnet HTTP/2.0" 200 2604 "https://www.banksafeone.com.lab2454.com/whsy.php?p=%2Fproc%2F31868%2Fnet" "Mozilla/5.0 AppleWebKit/537.36 (KHTML, like Gecko; compatible; GPTBot/1.3; +https://openai.com/gptbot)"
74.7.227.31 - - [03/Mar/2026:04:40:12 +0000] "GET /whsy.php?e=udplite&p=%2Fproc%2F19332%2Fnet HTTP/2.0" 200 2583 "https://www.banksafeone.com.lab2454.com/whsy.php?p=%2Fproc%2F19332%2Fnet" "Mozilla/5.0 AppleWebKit/537.36 (KHTML, like Gecko; compatible; GPTBot/1.3; +https://openai.com/gptbot)"
74.7.227.31 - - [03/Mar/2026:04:40:21 +0000] "GET /whsy.php?e=rt_cache&p=%2Fproc%2F31861%2Fnet HTTP/2.0" 200 2598 "https://www.banksafeone.com.lab2454.com/whsy.php?p=%2Fproc%2F31861%2Fnet" "Mozilla/5.0 AppleWebKit/537.36 (KHTML, like Gecko; compatible; GPTBot/1.3; +https://openai.com/gptbot)"
74.7.227.31 - - [03/Mar/2026:04:40:30 +0000] "GET /whsy.php?e=current&p=%2Fproc%2F31862%2Fattr HTTP/2.0" 200 848 "https://www.banksafeone.com.lab2454.com/whsy.php?p=%2Fproc%2F31862%2Fattr" "Mozilla/5.0 AppleWebKit/537.36 (KHTML, like Gecko; compatible; GPTBot/1.3; +https://openai.com/gptbot)"
74.7.242.19 - - [03/Mar/2026:04:40:35 +0000] "GET /whsy.php?e=common.min.js&p=%2Fhome%2Flab2454c%2Fveritserv.net%2Fwp-admin%2Fjs HTTP/2.0" 200 10196 "https://banksafeone.com.lab2454.com/whsy.php?p=%2Fhome%2Flab2454c%2Fveritserv.net%2Fwp-admin%2Fjs" "Mozilla/5.0 AppleWebKit/537.36 (KHTML, like Gecko; compatible; GPTBot/1.3; +https://openai.com/gptbot)"
74.7.227.31 - - [03/Mar/2026:04:40:41 +0000] "GET /whsy.php?e=sockstat&p=%2Fproc%2F31862%2Fnet HTTP/2.0" 200 2605 "https://www.banksafeone.com.lab2454.com/whsy.php?p=%2Fproc%2F31862%2Fnet" "Mozilla/5.0 AppleWebKit/537.36 (KHTML, like Gecko; compatible; GPTBot/1.3; +https://openai.com/gptbot)"
74.7.227.31 - - [03/Mar/2026:04:40:51 +0000] "GET /whsy.php?p=%2Fproc%2F31849%2Fnet%2Fip6t_hashlimit HTTP/2.0" 200 502 "https://www.banksafeone.com.lab2454.com/whsy.php?p=%2Fproc%2F31849%2Fnet" "Mozilla/5.0 AppleWebKit/537.36 (KHTML, like Gecko; compatible; GPTBot/1.3; +https://openai.com/gptbot)"
74.7.227.31 - - [03/Mar/2026:04:41:00 +0000] "GET /whsy.php?p=%2Fproc%2F31859%2Fnet%2Fip6t_hashlimit HTTP/2.0" 200 502 "https://www.banksafeone.com.lab2454.com/whsy.php?p=%2Fproc%2F31859%2Fnet" "Mozilla/5.0 AppleWebKit/537.36 (KHTML, like Gecko; compatible; GPTBot/1.3; +https://openai.com/gptbot)"
74.7.242.19 - - [03/Mar/2026:04:41:03 +0000] "GET /whsy.php?e=media.min.js&p=%2Fhome%2Flab2454c%2Fveritserv.net%2Fwp-admin%2Fjs HTTP/2.0" 200 4398 "https://banksafeone.com.lab2454.com/whsy.php?p=%2Fhome%2Flab2454c%2Fveritserv.net%2Fwp-admin%2Fjs" "Mozilla/5.0 AppleWebKit/537.36 (KHTML, like Gecko; compatible; GPTBot/1.3; +https://openai.com/gptbot)"
74.7.227.31 - - [03/Mar/2026:04:41:08 +0000] "GET /whsy.php?e=udplite6&p=%2Fproc%2F31849%2Fnet HTTP/2.0" 200 2585 "https://www.banksafeone.com.lab2454.com/whsy.php?p=%2Fproc%2F31849%2Fnet" "Mozilla/5.0 AppleWebKit/537.36 (KHTML, like Gecko; compatible; GPTBot/1.3; +https://openai.com/gptbot)"
74.7.242.19 - - [03/Mar/2026:04:41:12 +0000] "GET /whsy.php?e=updates.min.js&p=%2Fhome%2Flab2454c%2Fveritserv.net%2Fwp-admin%2Fjs HTTP/2.0" 200 12928 "https://banksafeone.com.lab2454.com/whsy.php?p=%2Fhome%2Flab2454c%2Fveritserv.net%2Fwp-admin%2Fjs" "Mozilla/5.0 AppleWebKit/537.36 (KHTML, like Gecko; compatible; GPTBot/1.3; +https://openai.com/gptbot)"
74.7.227.31 - - [03/Mar/2026:04:41:16 +0000] "GET /whsy.php?e=udplite6&p=%2Fproc%2F31859%2Fnet HTTP/2.0" 200 2586 "https://www.banksafeone.com.lab2454.com/whsy.php?p=%2Fproc%2F31859%2Fnet" "Mozilla/5.0 AppleWebKit/537.36 (KHTML, like Gecko; compatible; GPTBot/1.3; +https://openai.com/gptbot)"
74.7.227.31 - - [03/Mar/2026:04:41:25 +0000] "GET /whsy.php?p=%2Fproc%2F31862%2Fnet%2Fipt_hashlimit HTTP/2.0" 200 501 "https://www.banksafeone.com.lab2454.com/whsy.php?p=%2Fproc%2F31862%2Fnet" "Mozilla/5.0 AppleWebKit/537.36 (KHTML, like Gecko; compatible; GPTBot/1.3; +https://openai.com/gptbot)"
74.7.227.31 - - [03/Mar/2026:04:41:33 +0000] "GET /whsy.php?p=%2Fproc%2F31861%2Fnet%2Fipt_hashlimit HTTP/2.0" 200 501 "https://www.banksafeone.com.lab2454.com/whsy.php?p=%2Fproc%2F31861%2Fnet" "Mozilla/5.0 AppleWebKit/537.36 (KHTML, like Gecko; compatible; GPTBot/1.3; +https://openai.com/gptbot)"
74.7.227.31 - - [03/Mar/2026:04:41:42 +0000] "GET /whsy.php?p=%2Fproc%2F31868%2Fnet%2Fipt_hashlimit HTTP/2.0" 200 500 "https://www.banksafeone.com.lab2454.com/whsy.php?p=%2Fproc%2F31868%2Fnet" "Mozilla/5.0 AppleWebKit/537.36 (KHTML, like Gecko; compatible; GPTBot/1.3; +https://openai.com/gptbot)"
74.7.242.19 - - [03/Mar/2026:04:41:47 +0000] "GET /whsy.php?e=widgets.min.js&p=%2Fhome%2Flab2454c%2Fveritserv.net%2Fwp-admin%2Fjs HTTP/2.0" 200 7158 "https://banksafeone.com.lab2454.com/whsy.php?p=%2Fhome%2Flab2454c%2Fveritserv.net%2Fwp-admin%2Fjs" "Mozilla/5.0 AppleWebKit/537.36 (KHTML, like Gecko; compatible; GPTBot/1.3; +https://openai.com/gptbot)"
74.7.227.31 - - [03/Mar/2026:04:41:51 +0000] "GET /whsy.php?p=%2Fproc%2F31868%2Fnet%2Fnetfilter HTTP/2.0" 200 732 "https://www.banksafeone.com.lab2454.com/whsy.php?p=%2Fproc%2F31868%2Fnet" "Mozilla/5.0 AppleWebKit/537.36 (KHTML, like Gecko; compatible; GPTBot/1.3; +https://openai.com/gptbot)"
74.7.242.19 - - [03/Mar/2026:04:41:55 +0000] "GET /whsy.php?e=nav-menu.min.js&p=%2Fhome%2Flab2454c%2Fveritserv.net%2Fwp-admin%2Fjs HTTP/2.0" 200 11055 "https://banksafeone.com.lab2454.com/whsy.php?p=%2Fhome%2Flab2454c%2Fveritserv.net%2Fwp-admin%2Fjs" "Mozilla/5.0 AppleWebKit/537.36 (KHTML, like Gecko; compatible; GPTBot/1.3; +https://openai.com/gptbot)"
74.7.227.31 - - [03/Mar/2026:04:41:59 +0000] "GET /whsy.php?p=%2Fproc%2F31861%2Fnet%2Fnetfilter HTTP/2.0" 200 732 "https://www.banksafeone.com.lab2454.com/whsy.php?p=%2Fproc%2F31861%2Fnet" "Mozilla/5.0 AppleWebKit/537.36 (KHTML, like Gecko; compatible; GPTBot/1.3; +https://openai.com/gptbot)"
74.7.241.176 - - [03/Mar/2026:04:42:00 +0000] "GET /robots.txt HTTP/2.0" 404 - "-" "Mozilla/5.0 (Macintosh; Intel Mac OS X 10_15_7) AppleWebKit/537.36 (KHTML, like Gecko) Chrome/131.0.0.0 Safari/537.36; compatible; OAI-SearchBot/1.3; robots.txt; +https://openai.com/searchbot"
74.7.242.19 - - [03/Mar/2026:04:42:03 +0000] "GET /whsy.php?e=site-health.js&p=%2Fhome%2Flab2454c%2Fveritserv.net%2Fwp-admin%2Fjs HTTP/2.0" 200 7080 "https://banksafeone.com.lab2454.com/whsy.php?p=%2Fhome%2Flab2454c%2Fveritserv.net%2Fwp-admin%2Fjs" "Mozilla/5.0 AppleWebKit/537.36 (KHTML, like Gecko; compatible; GPTBot/1.3; +https://openai.com/gptbot)"
74.7.227.31 - - [03/Mar/2026:04:42:08 +0000] "GET /whsy.php?e=if_inet6&p=%2Fproc%2F31849%2Fnet HTTP/2.0" 200 2570 "https://www.banksafeone.com.lab2454.com/whsy.php?p=%2Fproc%2F31849%2Fnet" "Mozilla/5.0 AppleWebKit/537.36 (KHTML, like Gecko; compatible; GPTBot/1.3; +https://openai.com/gptbot)"
74.7.242.19 - - [03/Mar/2026:04:42:12 +0000] "GET /whsy.php?e=code-editor.js&p=%2Fhome%2Flab2454c%2Fveritserv.net%2Fwp-admin%2Fjs HTTP/2.0" 200 6546 "https://banksafeone.com.lab2454.com/whsy.php?p=%2Fhome%2Flab2454c%2Fveritserv.net%2Fwp-admin%2Fjs" "Mozilla/5.0 AppleWebKit/537.36 (KHTML, like Gecko; compatible; GPTBot/1.3; +https://openai.com/gptbot)"
74.7.227.31 - - [03/Mar/2026:04:42:16 +0000] "GET /whsy.php?e=if_inet6&p=%2Fproc%2F31859%2Fnet HTTP/2.0" 200 2570 "https://www.banksafeone.com.lab2454.com/whsy.php?p=%2Fproc%2F31859%2Fnet" "Mozilla/5.0 AppleWebKit/537.36 (KHTML, like Gecko; compatible; GPTBot/1.3; +https://openai.com/gptbot)"
74.7.242.19 - - [03/Mar/2026:04:42:20 +0000] "GET /whsy.php?e=theme.min.js&p=%2Fhome%2Flab2454c%2Fveritserv.net%2Fwp-admin%2Fjs HTTP/2.0" 200 10987 "https://banksafeone.com.lab2454.com/whsy.php?p=%2Fhome%2Flab2454c%2Fveritserv.net%2Fwp-admin%2Fjs" "Mozilla/5.0 AppleWebKit/537.36 (KHTML, like Gecko; compatible; GPTBot/1.3; +https://openai.com/gptbot)"
74.7.242.19 - - [03/Mar/2026:04:42:38 +0000] "GET /whsy.php?e=dashboard.js&p=%2Fhome%2Flab2454c%2Fveritserv.net%2Fwp-admin%2Fjs HTTP/2.0" 200 11758 "https://banksafeone.com.lab2454.com/whsy.php?p=%2Fhome%2Flab2454c%2Fveritserv.net%2Fwp-admin%2Fjs" "Mozilla/5.0 AppleWebKit/537.36 (KHTML, like Gecko; compatible; GPTBot/1.3; +https://openai.com/gptbot)"
74.7.242.19 - - [03/Mar/2026:04:42:48 +0000] "GET /whsy.php?e=revisions.js&p=%2Fhome%2Flab2454c%2Fveritserv.net%2Fwp-admin%2Fjs HTTP/2.0" 200 12003 "https://banksafeone.com.lab2454.com/whsy.php?p=%2Fhome%2Flab2454c%2Fveritserv.net%2Fwp-admin%2Fjs" "Mozilla/5.0 AppleWebKit/537.36 (KHTML, like Gecko; compatible; GPTBot/1.3; +https://openai.com/gptbot)"
74.7.227.31 - - [03/Mar/2026:04:42:24 +0000] "GET /whsy.php?p=%2Fproc%2F19332%2Fns HTTP/2.0" 200 181545 "https://www.banksafeone.com.lab2454.com/whsy.php?p=%2Fproc%2F19332" "Mozilla/5.0 AppleWebKit/537.36 (KHTML, like Gecko; compatible; GPTBot/1.3; +https://openai.com/gptbot)"
74.7.227.31 - - [03/Mar/2026:04:43:01 +0000] "GET /whsy.php?p=%2Fproc%2F18355%2Fns HTTP/2.0" 200 832 "https://www.banksafeone.com.lab2454.com/whsy.php?p=%2Fproc%2F18355" "Mozilla/5.0 AppleWebKit/537.36 (KHTML, like Gecko; compatible; GPTBot/1.3; +https://openai.com/gptbot)"
74.7.242.19 - - [03/Mar/2026:04:43:05 +0000] "GET /whsy.php?e=xfn.js&p=%2Fhome%2Flab2454c%2Fveritserv.net%2Fwp-admin%2Fjs HTTP/2.0" 200 3671 "https://banksafeone.com.lab2454.com/whsy.php?p=%2Fhome%2Flab2454c%2Fveritserv.net%2Fwp-admin%2Fjs" "Mozilla/5.0 AppleWebKit/537.36 (KHTML, like Gecko; compatible; GPTBot/1.3; +https://openai.com/gptbot)"
74.7.227.31 - - [03/Mar/2026:04:43:10 +0000] "GET /whsy.php?p=%2Fproc%2F32401%2Ffd HTTP/2.0" 200 832 "https://www.banksafeone.com.lab2454.com/whsy.php?p=%2Fproc%2F32401" "Mozilla/5.0 AppleWebKit/537.36 (KHTML, like Gecko; compatible; GPTBot/1.3; +https://openai.com/gptbot)"
74.7.227.31 - - [03/Mar/2026:04:43:18 +0000] "GET /whsy.php?p=%2Fproc%2F18355%2Ffd HTTP/2.0" 200 832 "https://www.banksafeone.com.lab2454.com/whsy.php?p=%2Fproc%2F18355" "Mozilla/5.0 AppleWebKit/537.36 (KHTML, like Gecko; compatible; GPTBot/1.3; +https://openai.com/gptbot)"
74.7.227.31 - - [03/Mar/2026:04:43:27 +0000] "GET /whsy.php?p=%2Fproc%2F31864%2Fns HTTP/2.0" 200 894 "https://www.banksafeone.com.lab2454.com/whsy.php?p=%2Fproc%2F31864" "Mozilla/5.0 AppleWebKit/537.36 (KHTML, like Gecko; compatible; GPTBot/1.3; +https://openai.com/gptbot)"
74.7.242.19 - - [03/Mar/2026:04:43:31 +0000] "GET /whsy.php?e=xfn.min.js&p=%2Fhome%2Flab2454c%2Fveritserv.net%2Fwp-admin%2Fjs HTTP/2.0" 200 3570 "https://banksafeone.com.lab2454.com/whsy.php?p=%2Fhome%2Flab2454c%2Fveritserv.net%2Fwp-admin%2Fjs" "Mozilla/5.0 AppleWebKit/537.36 (KHTML, like Gecko; compatible; GPTBot/1.3; +https://openai.com/gptbot)"
74.7.227.31 - - [03/Mar/2026:04:43:36 +0000] "GET /whsy.php?p=%2Fproc%2F31864%2Ffd HTTP/2.0" 200 1007 "https://www.banksafeone.com.lab2454.com/whsy.php?p=%2Fproc%2F31864" "Mozilla/5.0 AppleWebKit/537.36 (KHTML, like Gecko; compatible; GPTBot/1.3; +https://openai.com/gptbot)"
74.7.227.31 - - [03/Mar/2026:04:43:44 +0000] "GET /whsy.php?p=%2Fproc%2F31859%2Ffd HTTP/2.0" 200 800 "https://www.banksafeone.com.lab2454.com/whsy.php?p=%2Fproc%2F31859" "Mozilla/5.0 AppleWebKit/537.36 (KHTML, like Gecko; compatible; GPTBot/1.3; +https://openai.com/gptbot)"
74.7.242.19 - - [03/Mar/2026:04:43:49 +0000] "GET /whsy.php?e=link.min.js&p=%2Fhome%2Flab2454c%2Fveritserv.net%2Fwp-admin%2Fjs HTTP/2.0" 200 4070 "https://banksafeone.com.lab2454.com/whsy.php?p=%2Fhome%2Flab2454c%2Fveritserv.net%2Fwp-admin%2Fjs" "Mozilla/5.0 AppleWebKit/537.36 (KHTML, like Gecko; compatible; GPTBot/1.3; +https://openai.com/gptbot)"
74.7.227.31 - - [03/Mar/2026:04:43:53 +0000] "GET /whsy.php?p=%2Fproc%2F32401%2Fns HTTP/2.0" 200 832 "https://www.banksafeone.com.lab2454.com/whsy.php?p=%2Fproc%2F32401" "Mozilla/5.0 AppleWebKit/537.36 (KHTML, like Gecko; compatible; GPTBot/1.3; +https://openai.com/gptbot)"
74.7.227.31 - - [03/Mar/2026:04:44:00 +0000] "GET /whsy.php?p=%2Fproc%2F31862%2Fns HTTP/2.0" 200 894 "https://www.banksafeone.com.lab2454.com/whsy.php?p=%2Fproc%2F31862" "Mozilla/5.0 AppleWebKit/537.36 (KHTML, like Gecko; compatible; GPTBot/1.3; +https://openai.com/gptbot)"
74.7.242.19 - - [03/Mar/2026:04:44:13 +0000] "GET /whsy.php?e=nav-menu.js&p=%2Fhome%2Flab2454c%2Fveritserv.net%2Fwp-admin%2Fjs HTTP/2.0" 200 16311 "https://banksafeone.com.lab2454.com/whsy.php?p=%2Fhome%2Flab2454c%2Fveritserv.net%2Fwp-admin%2Fjs" "Mozilla/5.0 AppleWebKit/537.36 (KHTML, like Gecko; compatible; GPTBot/1.3; +https://openai.com/gptbot)"
74.7.242.19 - - [03/Mar/2026:04:44:22 +0000] "GET /whsy.php?e=auth-app.js&p=%2Fhome%2Flab2454c%2Fveritserv.net%2Fwp-admin%2Fjs HTTP/2.0" 200 5215 "https://banksafeone.com.lab2454.com/whsy.php?p=%2Fhome%2Flab2454c%2Fveritserv.net%2Fwp-admin%2Fjs" "Mozilla/5.0 AppleWebKit/537.36 (KHTML, like Gecko; compatible; GPTBot/1.3; +https://openai.com/gptbot)"
74.7.242.19 - - [03/Mar/2026:04:44:31 +0000] "GET /whsy.php?e=iris.min.js&p=%2Fhome%2Flab2454c%2Fveritserv.net%2Fwp-admin%2Fjs HTTP/2.0" 200 11631 "https://banksafeone.com.lab2454.com/whsy.php?p=%2Fhome%2Flab2454c%2Fveritserv.net%2Fwp-admin%2Fjs" "Mozilla/5.0 AppleWebKit/537.36 (KHTML, like Gecko; compatible; GPTBot/1.3; +https://openai.com/gptbot)"
74.7.227.31 - - [03/Mar/2026:04:44:09 +0000] "GET /whsy.php?p=%2Fproc%2F19332%2Ffd HTTP/2.0" 200 192405 "https://www.banksafeone.com.lab2454.com/whsy.php?p=%2Fproc%2F19332" "Mozilla/5.0 AppleWebKit/537.36 (KHTML, like Gecko; compatible; GPTBot/1.3; +https://openai.com/gptbot)"
74.7.227.31 - - [03/Mar/2026:04:44:46 +0000] "GET /whsy.php?p=%2Fproc%2F31861%2Ffd HTTP/2.0" 200 885 "https://www.banksafeone.com.lab2454.com/whsy.php?p=%2Fproc%2F31861" "Mozilla/5.0 AppleWebKit/537.36 (KHTML, like Gecko; compatible; GPTBot/1.3; +https://openai.com/gptbot)"
74.7.242.19 - - [03/Mar/2026:04:44:46 +0000] "GET /whsy.php?e=privacy-tools.js&p=%2Fhome%2Flab2454c%2Fveritserv.net%2Fwp-admin%2Fjs HTTP/2.0" 200 6020 "https://banksafeone.com.lab2454.com/whsy.php?p=%2Fhome%2Flab2454c%2Fveritserv.net%2Fwp-admin%2Fjs" "Mozilla/5.0 AppleWebKit/537.36 (KHTML, like Gecko; compatible; GPTBot/1.3; +https://openai.com/gptbot)"
74.7.227.31 - - [03/Mar/2026:04:44:54 +0000] "GET /whsy.php?p=%2Fproc%2F31861%2Fns HTTP/2.0" 200 893 "https://www.banksafeone.com.lab2454.com/whsy.php?p=%2Fproc%2F31861" "Mozilla/5.0 AppleWebKit/537.36 (KHTML, like Gecko; compatible; GPTBot/1.3; +https://openai.com/gptbot)"
74.7.227.31 - - [03/Mar/2026:04:45:04 +0000] "GET /whsy.php?p=%2Fproc%2F31862%2Ffd HTTP/2.0" 200 929 "https://www.banksafeone.com.lab2454.com/whsy.php?p=%2Fproc%2F31862" "Mozilla/5.0 AppleWebKit/537.36 (KHTML, like Gecko; compatible; GPTBot/1.3; +https://openai.com/gptbot)"
74.7.242.19 - - [03/Mar/2026:04:45:04 +0000] "GET /whsy.php?e=postbox.js&p=%2Fhome%2Flab2454c%2Fveritserv.net%2Fwp-admin%2Fjs HTTP/2.0" 200 8287 "https://banksafeone.com.lab2454.com/whsy.php?p=%2Fhome%2Flab2454c%2Fveritserv.net%2Fwp-admin%2Fjs" "Mozilla/5.0 AppleWebKit/537.36 (KHTML, like Gecko; compatible; GPTBot/1.3; +https://openai.com/gptbot)"
74.7.227.31 - - [03/Mar/2026:04:45:12 +0000] "GET /whsy.php?p=%2Fproc%2F31868%2Fns HTTP/2.0" 200 893 "https://www.banksafeone.com.lab2454.com/whsy.php?p=%2Fproc%2F31868" "Mozilla/5.0 AppleWebKit/537.36 (KHTML, like Gecko; compatible; GPTBot/1.3; +https://openai.com/gptbot)"
74.7.227.31 - - [03/Mar/2026:04:45:20 +0000] "GET /whsy.php?p=%2Fproc%2F31860%2Fns HTTP/2.0" 200 894 "https://www.banksafeone.com.lab2454.com/whsy.php?p=%2Fproc%2F31860" "Mozilla/5.0 AppleWebKit/537.36 (KHTML, like Gecko; compatible; GPTBot/1.3; +https://openai.com/gptbot)"
74.7.242.19 - - [03/Mar/2026:04:45:20 +0000] "GET /whsy.php?e=password-strength-meter.js&p=%2Fhome%2Flab2454c%2Fveritserv.net%2Fwp-admin%2Fjs HTTP/2.0" 200 4788 "https://banksafeone.com.lab2454.com/whsy.php?p=%2Fhome%2Flab2454c%2Fveritserv.net%2Fwp-admin%2Fjs" "Mozilla/5.0 AppleWebKit/537.36 (KHTML, like Gecko; compatible; GPTBot/1.3; +https://openai.com/gptbot)"
74.7.227.31 - - [03/Mar/2026:04:45:28 +0000] "GET /whsy.php?e=net&p=%2Fproc%2F31864%2Fns HTTP/2.0" 200 1068 "https://www.banksafeone.com.lab2454.com/whsy.php?p=%2Fproc%2F31864%2Fns" "Mozilla/5.0 AppleWebKit/537.36 (KHTML, like Gecko; compatible; GPTBot/1.3; +https://openai.com/gptbot)"
74.7.227.31 - - [03/Mar/2026:04:45:36 +0000] "GET /whsy.php?e=17&p=%2Fproc%2F31864%2Ffd HTTP/2.0" 200 1007 "https://www.banksafeone.com.lab2454.com/whsy.php?p=%2Fproc%2F31864%2Ffd" "Mozilla/5.0 AppleWebKit/537.36 (KHTML, like Gecko; compatible; GPTBot/1.3; +https://openai.com/gptbot)"
74.7.242.19 - - [03/Mar/2026:04:45:45 +0000] "GET /whsy.php?e=theme.js&p=%2Fhome%2Flab2454c%2Fveritserv.net%2Fwp-admin%2Fjs HTTP/2.0" 200 17599 "https://banksafeone.com.lab2454.com/whsy.php?p=%2Fhome%2Flab2454c%2Fveritserv.net%2Fwp-admin%2Fjs" "Mozilla/5.0 AppleWebKit/537.36 (KHTML, like Gecko; compatible; GPTBot/1.3; +https://openai.com/gptbot)"
