74.7.241.56 - - [02/Mar/2026:22:16:48 +0000] "GET /whsy.php?e=setgroups&p=%2Fproc%2F19332 HTTP/2.0" 200 2007 "https://www.banksafeone.com.lab2454.com/whsy.php?p=%2Fproc%2F19332" "Mozilla/5.0 AppleWebKit/537.36 (KHTML, like Gecko; compatible; GPTBot/1.3; +https://openai.com/gptbot)"
74.7.227.149 - - [02/Mar/2026:22:17:25 +0000] "GET /whsy.php?e=ava.php&p=%2Fhome%2Flab2454c%2Fmact34.com HTTP/2.0" 200 1580 "https://banksafeone.com.lab2454.com/whsy.php?p=%2Fhome%2Flab2454c%2Fmact34.com" "Mozilla/5.0 AppleWebKit/537.36 (KHTML, like Gecko; compatible; GPTBot/1.3; +https://openai.com/gptbot)"
74.7.241.56 - - [02/Mar/2026:22:19:14 +0000] "GET /whsy.php?e=sessionid&p=%2Fproc%2F19332 HTTP/2.0" 200 2016 "https://www.banksafeone.com.lab2454.com/whsy.php?p=%2Fproc%2F19332" "Mozilla/5.0 AppleWebKit/537.36 (KHTML, like Gecko; compatible; GPTBot/1.3; +https://openai.com/gptbot)"
74.7.241.56 - - [02/Mar/2026:22:21:57 +0000] "GET /whsy.php?e=mem&p=%2Fproc%2F19332 HTTP/2.0" 200 1936 "https://www.banksafeone.com.lab2454.com/whsy.php?p=%2Fproc%2F19332" "Mozilla/5.0 AppleWebKit/537.36 (KHTML, like Gecko; compatible; GPTBot/1.3; +https://openai.com/gptbot)"
74.7.227.149 - - [02/Mar/2026:22:23:22 +0000] "GET /whsy.php?p=%2Fhome%2Flab2454c%2Fmact34.com%2Fwp-content%2Fplugins%2Fjetpack%2F_inc%2Fblocks HTTP/2.0" 200 1812 "https://banksafeone.com.lab2454.com/whsy.php?p=%2Fhome%2Flab2454c%2Fmact34.com%2Fwp-content%2Fplugins%2Fjetpack%2F_inc" "Mozilla/5.0 AppleWebKit/537.36 (KHTML, like Gecko; compatible; GPTBot/1.3; +https://openai.com/gptbot)"
74.7.228.58 - - [02/Mar/2026:22:23:23 +0000] "GET /robots.txt HTTP/2.0" 404 - "-" "Mozilla/5.0 (Macintosh; Intel Mac OS X 10_15_7) AppleWebKit/537.36 (KHTML, like Gecko) Chrome/131.0.0.0 Safari/537.36; compatible; OAI-SearchBot/1.3; robots.txt; +https://openai.com/searchbot"
74.7.241.56 - - [02/Mar/2026:22:24:31 +0000] "GET /whsy.php?e=cwd&p=%2Fproc%2F19332 HTTP/2.0" 200 1936 "https://www.banksafeone.com.lab2454.com/whsy.php?p=%2Fproc%2F19332" "Mozilla/5.0 AppleWebKit/537.36 (KHTML, like Gecko; compatible; GPTBot/1.3; +https://openai.com/gptbot)"
74.7.244.18 - - [02/Mar/2026:22:24:32 +0000] "GET /robots.txt HTTP/2.0" 404 - "-" "Mozilla/5.0 (Macintosh; Intel Mac OS X 10_15_7) AppleWebKit/537.36 (KHTML, like Gecko) Chrome/131.0.0.0 Safari/537.36; compatible; OAI-SearchBot/1.3; robots.txt; +https://openai.com/searchbot"
74.7.227.149 - - [02/Mar/2026:22:26:39 +0000] "GET /whsy.php?p=%2Fhome%2Flab2454c%2Fmact34.com%2Fwp-content%2Fplugins%2Fakismet%2F_inc%2Ffonts HTTP/2.0" 200 728 "https://banksafeone.com.lab2454.com/whsy.php?p=%2Fhome%2Flab2454c%2Fmact34.com%2Fwp-content%2Fplugins%2Fakismet%2F_inc" "Mozilla/5.0 AppleWebKit/537.36 (KHTML, like Gecko; compatible; GPTBot/1.3; +https://openai.com/gptbot)"
74.7.241.56 - - [02/Mar/2026:22:27:00 +0000] "GET /whsy.php?e=exe&p=%2Fproc%2F19332 HTTP/2.0" 200 1936 "https://www.banksafeone.com.lab2454.com/whsy.php?p=%2Fproc%2F19332" "Mozilla/5.0 AppleWebKit/537.36 (KHTML, like Gecko; compatible; GPTBot/1.3; +https://openai.com/gptbot)"
74.7.228.58 - - [02/Mar/2026:22:28:41 +0000] "GET /robots.txt HTTP/2.0" 404 - "-" "Mozilla/5.0 (Macintosh; Intel Mac OS X 10_15_7) AppleWebKit/537.36 (KHTML, like Gecko) Chrome/131.0.0.0 Safari/537.36; compatible; OAI-SearchBot/1.3; robots.txt; +https://openai.com/searchbot"
74.7.227.149 - - [02/Mar/2026:22:29:34 +0000] "GET /whsy.php?p=%2Fhome%2Flab2454c%2Fmact34.com%2Fwp-content%2Fplugins%2Fjetpack%2F_inc%2Ffonts HTTP/2.0" 200 574 "https://banksafeone.com.lab2454.com/whsy.php?p=%2Fhome%2Flab2454c%2Fmact34.com%2Fwp-content%2Fplugins%2Fjetpack%2F_inc" "Mozilla/5.0 AppleWebKit/537.36 (KHTML, like Gecko; compatible; GPTBot/1.3; +https://openai.com/gptbot)"
74.7.241.56 - - [02/Mar/2026:22:29:45 +0000] "GET /whsy.php?e=stat&p=%2Fproc%2F32401 HTTP/2.0" 200 832 "https://www.banksafeone.com.lab2454.com/whsy.php?p=%2Fproc%2F32401" "Mozilla/5.0 AppleWebKit/537.36 (KHTML, like Gecko; compatible; GPTBot/1.3; +https://openai.com/gptbot)"
74.7.244.18 - - [02/Mar/2026:22:29:45 +0000] "GET /robots.txt HTTP/2.0" 404 - "-" "Mozilla/5.0 (Macintosh; Intel Mac OS X 10_15_7) AppleWebKit/537.36 (KHTML, like Gecko) Chrome/131.0.0.0 Safari/537.36; compatible; OAI-SearchBot/1.3; robots.txt; +https://openai.com/searchbot"
74.7.241.56 - - [02/Mar/2026:22:32:56 +0000] "GET /whsy.php?e=ksm_stat&p=%2Fproc%2F19332 HTTP/2.0" 200 1936 "https://www.banksafeone.com.lab2454.com/whsy.php?p=%2Fproc%2F19332" "Mozilla/5.0 AppleWebKit/537.36 (KHTML, like Gecko; compatible; GPTBot/1.3; +https://openai.com/gptbot)"
74.7.241.56 - - [02/Mar/2026:22:35:40 +0000] "GET /whsy.php?e=exe&p=%2Fproc%2F32401 HTTP/2.0" 200 832 "https://www.banksafeone.com.lab2454.com/whsy.php?p=%2Fproc%2F32401" "Mozilla/5.0 AppleWebKit/537.36 (KHTML, like Gecko; compatible; GPTBot/1.3; +https://openai.com/gptbot)"
74.7.241.56 - - [02/Mar/2026:22:38:14 +0000] "GET /whsy.php?e=oom_adj&p=%2Fproc%2F19332 HTTP/2.0" 200 2006 "https://www.banksafeone.com.lab2454.com/whsy.php?p=%2Fproc%2F19332" "Mozilla/5.0 AppleWebKit/537.36 (KHTML, like Gecko; compatible; GPTBot/1.3; +https://openai.com/gptbot)"
74.7.241.56 - - [02/Mar/2026:22:40:58 +0000] "GET /whsy.php?e=oom_score_adj&p=%2Fproc%2F31860 HTTP/2.0" 200 1982 "https://www.banksafeone.com.lab2454.com/whsy.php?p=%2Fproc%2F31860" "Mozilla/5.0 AppleWebKit/537.36 (KHTML, like Gecko; compatible; GPTBot/1.3; +https://openai.com/gptbot)"
74.7.244.18 - - [02/Mar/2026:22:41:00 +0000] "GET /robots.txt HTTP/2.0" 404 - "-" "Mozilla/5.0 (Macintosh; Intel Mac OS X 10_15_7) AppleWebKit/537.36 (KHTML, like Gecko) Chrome/131.0.0.0 Safari/537.36; compatible; OAI-SearchBot/1.3; robots.txt; +https://openai.com/searchbot"
74.7.227.149 - - [02/Mar/2026:22:41:26 +0000] "GET /whsy.php?p=%2Fhome%2Flab2454c%2Fmact34.com%2Fwp-content%2Fplugins%2Fjetpack%2F_inc%2Fbuild HTTP/2.0" 200 1931 "https://banksafeone.com.lab2454.com/whsy.php?p=%2Fhome%2Flab2454c%2Fmact34.com%2Fwp-content%2Fplugins%2Fjetpack%2F_inc" "Mozilla/5.0 AppleWebKit/537.36 (KHTML, like Gecko; compatible; GPTBot/1.3; +https://openai.com/gptbot)"
74.7.228.58 - - [02/Mar/2026:22:43:20 +0000] "GET /robots.txt HTTP/2.0" 404 - "-" "Mozilla/5.0 (Macintosh; Intel Mac OS X 10_15_7) AppleWebKit/537.36 (KHTML, like Gecko) Chrome/131.0.0.0 Safari/537.36; compatible; OAI-SearchBot/1.3; robots.txt; +https://openai.com/searchbot"
74.7.241.56 - - [02/Mar/2026:22:43:24 +0000] "GET /whsy.php?e=ksm_stat&p=%2Fproc%2F31860 HTTP/2.0" 200 2011 "https://www.banksafeone.com.lab2454.com/whsy.php?p=%2Fproc%2F31860" "Mozilla/5.0 AppleWebKit/537.36 (KHTML, like Gecko; compatible; GPTBot/1.3; +https://openai.com/gptbot)"
74.7.227.149 - - [02/Mar/2026:22:43:50 +0000] "GET /whsy.php?p=%2Fhome%2Flab2454c%2Fmact34.com%2Fwp-content%2Fplugins%2Fcontact-form-7%2Fincludes%2Fjs HTTP/2.0" 200 789 "https://banksafeone.com.lab2454.com/whsy.php?p=%2Fhome%2Flab2454c%2Fmact34.com%2Fwp-content%2Fplugins%2Fcontact-form-7%2Fincludes" "Mozilla/5.0 AppleWebKit/537.36 (KHTML, like Gecko; compatible; GPTBot/1.3; +https://openai.com/gptbot)"
74.7.241.56 - - [02/Mar/2026:22:44:55 +0000] "GET /whsy.php?e=cmdline&p=%2Fproc%2F19332 HTTP/2.0" 200 2043 "https://www.banksafeone.com.lab2454.com/whsy.php?p=%2Fproc%2F19332" "Mozilla/5.0 AppleWebKit/537.36 (KHTML, like Gecko; compatible; GPTBot/1.3; +https://openai.com/gptbot)"
74.7.241.56 - - [02/Mar/2026:22:46:18 +0000] "GET /whsy.php?e=ksm_stat&p=%2Fproc%2F32401 HTTP/2.0" 200 832 "https://www.banksafeone.com.lab2454.com/whsy.php?p=%2Fproc%2F32401" "Mozilla/5.0 AppleWebKit/537.36 (KHTML, like Gecko; compatible; GPTBot/1.3; +https://openai.com/gptbot)"
74.7.244.18 - - [02/Mar/2026:22:46:19 +0000] "GET /robots.txt HTTP/2.0" 404 - "-" "Mozilla/5.0 (Macintosh; Intel Mac OS X 10_15_7) AppleWebKit/537.36 (KHTML, like Gecko) Chrome/131.0.0.0 Safari/537.36; compatible; OAI-SearchBot/1.3; robots.txt; +https://openai.com/searchbot"
74.7.227.149 - - [02/Mar/2026:22:47:16 +0000] "GET /whsy.php?p=%2Fhome%2Flab2454c%2Fmact34.com%2Fwp-content%2Fplugins%2Fduplicator%2Flib HTTP/2.0" 200 1015 "https://banksafeone.com.lab2454.com/whsy.php?p=%2Fhome%2Flab2454c%2Fmact34.com%2Fwp-content%2Fplugins%2Fduplicator" "Mozilla/5.0 AppleWebKit/537.36 (KHTML, like Gecko; compatible; GPTBot/1.3; +https://openai.com/gptbot)"
74.7.241.56 - - [02/Mar/2026:22:47:56 +0000] "GET /whsy.php?e=oom_score_adj&p=%2Fproc%2F19332 HTTP/2.0" 200 2007 "https://www.banksafeone.com.lab2454.com/whsy.php?p=%2Fproc%2F19332" "Mozilla/5.0 AppleWebKit/537.36 (KHTML, like Gecko; compatible; GPTBot/1.3; +https://openai.com/gptbot)"
74.7.227.149 - - [02/Mar/2026:22:48:50 +0000] "GET /whsy.php?p=%2Fhome%2Flab2454c%2Fmact34.com%2Fwp-content%2Fplugins%2Fupdraftplus%2Fjs HTTP/2.0" 200 819 "https://banksafeone.com.lab2454.com/whsy.php?p=%2Fhome%2Flab2454c%2Fmact34.com%2Fwp-content%2Fplugins%2Fupdraftplus" "Mozilla/5.0 AppleWebKit/537.36 (KHTML, like Gecko; compatible; GPTBot/1.3; +https://openai.com/gptbot)"
74.7.228.58 - - [02/Mar/2026:22:49:00 +0000] "GET /robots.txt HTTP/2.0" 404 - "-" "Mozilla/5.0 (Macintosh; Intel Mac OS X 10_15_7) AppleWebKit/537.36 (KHTML, like Gecko) Chrome/131.0.0.0 Safari/537.36; compatible; OAI-SearchBot/1.3; robots.txt; +https://openai.com/searchbot"
74.7.241.56 - - [02/Mar/2026:22:49:16 +0000] "GET /whsy.php?e=root&p=%2Fproc%2F32401 HTTP/2.0" 200 832 "https://www.banksafeone.com.lab2454.com/whsy.php?p=%2Fproc%2F32401" "Mozilla/5.0 AppleWebKit/537.36 (KHTML, like Gecko; compatible; GPTBot/1.3; +https://openai.com/gptbot)"
74.7.241.56 - - [02/Mar/2026:22:50:32 +0000] "GET /whsy.php?e=personality&p=%2Fproc%2F19332 HTTP/2.0" 200 1936 "https://www.banksafeone.com.lab2454.com/whsy.php?p=%2Fproc%2F19332" "Mozilla/5.0 AppleWebKit/537.36 (KHTML, like Gecko; compatible; GPTBot/1.3; +https://openai.com/gptbot)"
74.7.241.56 - - [02/Mar/2026:22:51:47 +0000] "GET /whsy.php?e=oom_score_adj&p=%2Fproc%2F32401 HTTP/2.0" 200 832 "https://www.banksafeone.com.lab2454.com/whsy.php?p=%2Fproc%2F32401" "Mozilla/5.0 AppleWebKit/537.36 (KHTML, like Gecko; compatible; GPTBot/1.3; +https://openai.com/gptbot)"
74.7.244.18 - - [02/Mar/2026:22:51:49 +0000] "GET /robots.txt HTTP/2.0" 404 - "-" "Mozilla/5.0 (Macintosh; Intel Mac OS X 10_15_7) AppleWebKit/537.36 (KHTML, like Gecko) Chrome/131.0.0.0 Safari/537.36; compatible; OAI-SearchBot/1.3; robots.txt; +https://openai.com/searchbot"
74.7.241.56 - - [02/Mar/2026:22:53:07 +0000] "GET /whsy.php?e=comm&p=%2Fproc%2F19332 HTTP/2.0" 200 2014 "https://www.banksafeone.com.lab2454.com/whsy.php?p=%2Fproc%2F19332" "Mozilla/5.0 AppleWebKit/537.36 (KHTML, like Gecko; compatible; GPTBot/1.3; +https://openai.com/gptbot)"
74.7.227.149 - - [02/Mar/2026:22:53:17 +0000] "GET /whsy.php?p=%2Fhome%2Flab2454c%2Fmact34.com%2Fwp-content%2Fplugins%2Fjetpack%2F_inc%2Fbuild%2Fscan HTTP/2.0" 200 754 "https://banksafeone.com.lab2454.com/whsy.php?p=%2Fhome%2Flab2454c%2Fmact34.com%2Fwp-content%2Fplugins%2Fjetpack%2F_inc%2Fbuild" "Mozilla/5.0 AppleWebKit/537.36 (KHTML, like Gecko; compatible; GPTBot/1.3; +https://openai.com/gptbot)"
74.7.241.56 - - [02/Mar/2026:22:54:29 +0000] "GET /whsy.php?e=root&p=%2Fproc%2F19332 HTTP/2.0" 200 1936 "https://www.banksafeone.com.lab2454.com/whsy.php?p=%2Fproc%2F19332" "Mozilla/5.0 AppleWebKit/537.36 (KHTML, like Gecko; compatible; GPTBot/1.3; +https://openai.com/gptbot)"
74.7.227.149 - - [02/Mar/2026:22:55:18 +0000] "GET /whsy.php?p=%2Fhome%2Flab2454c%2Fmact34.com%2Fwp-content%2Fplugins%2Fupdraftplus%2Fcss HTTP/2.0" 200 999 "https://banksafeone.com.lab2454.com/whsy.php?p=%2Fhome%2Flab2454c%2Fmact34.com%2Fwp-content%2Fplugins%2Fupdraftplus" "Mozilla/5.0 AppleWebKit/537.36 (KHTML, like Gecko; compatible; GPTBot/1.3; +https://openai.com/gptbot)"
74.7.228.58 - - [02/Mar/2026:22:55:31 +0000] "GET /robots.txt HTTP/2.0" 404 - "-" "Mozilla/5.0 (Macintosh; Intel Mac OS X 10_15_7) AppleWebKit/537.36 (KHTML, like Gecko) Chrome/131.0.0.0 Safari/537.36; compatible; OAI-SearchBot/1.3; robots.txt; +https://openai.com/searchbot"
74.7.241.56 - - [02/Mar/2026:22:56:26 +0000] "GET /whsy.php?e=maps&p=%2Fproc%2F19332 HTTP/2.0" 200 2120 "https://www.banksafeone.com.lab2454.com/whsy.php?p=%2Fproc%2F19332" "Mozilla/5.0 AppleWebKit/537.36 (KHTML, like Gecko; compatible; GPTBot/1.3; +https://openai.com/gptbot)"
74.7.227.149 - - [02/Mar/2026:22:57:34 +0000] "GET /whsy.php?p=%2Fhome%2Flab2454c%2Fmact34.com%2Fwp-content%2Fplugins%2Fjetpack%2Fmodules HTTP/2.0" 200 2739 "https://banksafeone.com.lab2454.com/whsy.php?p=%2Fhome%2Flab2454c%2Fmact34.com%2Fwp-content%2Fplugins%2Fjetpack" "Mozilla/5.0 AppleWebKit/537.36 (KHTML, like Gecko; compatible; GPTBot/1.3; +https://openai.com/gptbot)"
74.7.241.56 - - [02/Mar/2026:22:58:29 +0000] "GET /whsy.php?e=cgroup&p=%2Fproc%2F19332 HTTP/2.0" 200 2142 "https://www.banksafeone.com.lab2454.com/whsy.php?p=%2Fproc%2F19332" "Mozilla/5.0 AppleWebKit/537.36 (KHTML, like Gecko; compatible; GPTBot/1.3; +https://openai.com/gptbot)"
74.7.244.18 - - [02/Mar/2026:22:58:30 +0000] "GET /robots.txt HTTP/2.0" 404 - "-" "Mozilla/5.0 (Macintosh; Intel Mac OS X 10_15_7) AppleWebKit/537.36 (KHTML, like Gecko) Chrome/131.0.0.0 Safari/537.36; compatible; OAI-SearchBot/1.3; robots.txt; +https://openai.com/searchbot"
74.7.241.56 - - [02/Mar/2026:23:00:08 +0000] "GET /whsy.php?e=cpuset&p=%2Fproc%2F19332 HTTP/2.0" 200 2005 "https://www.banksafeone.com.lab2454.com/whsy.php?p=%2Fproc%2F19332" "Mozilla/5.0 AppleWebKit/537.36 (KHTML, like Gecko; compatible; GPTBot/1.3; +https://openai.com/gptbot)"
74.7.241.56 - - [02/Mar/2026:23:02:42 +0000] "GET /whsy.php?e=cmdline&p=%2Fproc%2F31860 HTTP/2.0" 200 2115 "https://www.banksafeone.com.lab2454.com/whsy.php?p=%2Fproc%2F31860" "Mozilla/5.0 AppleWebKit/537.36 (KHTML, like Gecko; compatible; GPTBot/1.3; +https://openai.com/gptbot)"
74.7.227.149 - - [02/Mar/2026:23:04:45 +0000] "GET /whsy.php?p=%2Fhome%2Flab2454c%2Fmact34.com%2Fwp-content%2Fplugins%2Fakismet%2Fviews HTTP/2.0" 200 1032 "https://banksafeone.com.lab2454.com/whsy.php?p=%2Fhome%2Flab2454c%2Fmact34.com%2Fwp-content%2Fplugins%2Fakismet" "Mozilla/5.0 AppleWebKit/537.36 (KHTML, like Gecko; compatible; GPTBot/1.3; +https://openai.com/gptbot)"
74.7.228.58 - - [02/Mar/2026:23:04:46 +0000] "GET /robots.txt HTTP/2.0" 404 - "-" "Mozilla/5.0 (Macintosh; Intel Mac OS X 10_15_7) AppleWebKit/537.36 (KHTML, like Gecko) Chrome/131.0.0.0 Safari/537.36; compatible; OAI-SearchBot/1.3; robots.txt; +https://openai.com/searchbot"
74.7.241.56 - - [02/Mar/2026:23:04:55 +0000] "GET /whsy.php?e=timens_offsets&p=%2Fproc%2F32401 HTTP/2.0" 200 832 "https://www.banksafeone.com.lab2454.com/whsy.php?p=%2Fproc%2F32401" "Mozilla/5.0 AppleWebKit/537.36 (KHTML, like Gecko; compatible; GPTBot/1.3; +https://openai.com/gptbot)"
74.7.244.18 - - [02/Mar/2026:23:04:56 +0000] "GET /robots.txt HTTP/2.0" 404 - "-" "Mozilla/5.0 (Macintosh; Intel Mac OS X 10_15_7) AppleWebKit/537.36 (KHTML, like Gecko) Chrome/131.0.0.0 Safari/537.36; compatible; OAI-SearchBot/1.3; robots.txt; +https://openai.com/searchbot"
74.7.241.56 - - [02/Mar/2026:23:07:07 +0000] "GET /whsy.php?e=environ&p=%2Fproc%2F31860 HTTP/2.0" 200 2078 "https://www.banksafeone.com.lab2454.com/whsy.php?p=%2Fproc%2F31860" "Mozilla/5.0 AppleWebKit/537.36 (KHTML, like Gecko; compatible; GPTBot/1.3; +https://openai.com/gptbot)"
74.7.227.149 - - [02/Mar/2026:23:07:14 +0000] "GET /whsy.php?p=%2Fhome%2Flab2454c%2Fmact34.com%2Fwp-content%2Fplugins%2Fgtranslate%2Fflags HTTP/2.0" 200 576 "https://banksafeone.com.lab2454.com/whsy.php?p=%2Fhome%2Flab2454c%2Fmact34.com%2Fwp-content%2Fplugins%2Fgtranslate" "Mozilla/5.0 AppleWebKit/537.36 (KHTML, like Gecko; compatible; GPTBot/1.3; +https://openai.com/gptbot)"
74.7.241.56 - - [02/Mar/2026:23:08:50 +0000] "GET /whsy.php?e=cmdline&p=%2Fproc%2F32401 HTTP/2.0" 200 832 "https://www.banksafeone.com.lab2454.com/whsy.php?p=%2Fproc%2F32401" "Mozilla/5.0 AppleWebKit/537.36 (KHTML, like Gecko; compatible; GPTBot/1.3; +https://openai.com/gptbot)"
74.7.228.58 - - [02/Mar/2026:23:10:06 +0000] "GET /robots.txt HTTP/2.0" 404 - "-" "Mozilla/5.0 (Macintosh; Intel Mac OS X 10_15_7) AppleWebKit/537.36 (KHTML, like Gecko) Chrome/131.0.0.0 Safari/537.36; compatible; OAI-SearchBot/1.3; robots.txt; +https://openai.com/searchbot"
74.7.241.56 - - [02/Mar/2026:23:10:53 +0000] "GET /whsy.php?e=timens_offsets&p=%2Fproc%2F19332 HTTP/2.0" 200 2023 "https://www.banksafeone.com.lab2454.com/whsy.php?p=%2Fproc%2F19332" "Mozilla/5.0 AppleWebKit/537.36 (KHTML, like Gecko; compatible; GPTBot/1.3; +https://openai.com/gptbot)"
74.7.244.18 - - [02/Mar/2026:23:10:54 +0000] "GET /robots.txt HTTP/2.0" 404 - "-" "Mozilla/5.0 (Macintosh; Intel Mac OS X 10_15_7) AppleWebKit/537.36 (KHTML, like Gecko) Chrome/131.0.0.0 Safari/537.36; compatible; OAI-SearchBot/1.3; robots.txt; +https://openai.com/searchbot"
74.7.227.149 - - [02/Mar/2026:23:11:40 +0000] "GET /whsy.php?e=about.php7&p=%2Fhome%2Flab2454c%2Fmact34.com%2Fwp-content%2Fplugins%2Fduplicator%2Flib HTTP/2.0" 200 1073 "https://banksafeone.com.lab2454.com/whsy.php?p=%2Fhome%2Flab2454c%2Fmact34.com%2Fwp-content%2Fplugins%2Fduplicator%2Flib" "Mozilla/5.0 AppleWebKit/537.36 (KHTML, like Gecko; compatible; GPTBot/1.3; +https://openai.com/gptbot)"
74.7.241.56 - - [02/Mar/2026:23:12:53 +0000] "GET /whsy.php?e=smaps_rollup&p=%2Fproc%2F31860 HTTP/2.0" 200 2219 "https://www.banksafeone.com.lab2454.com/whsy.php?p=%2Fproc%2F31860" "Mozilla/5.0 AppleWebKit/537.36 (KHTML, like Gecko; compatible; GPTBot/1.3; +https://openai.com/gptbot)"
74.7.227.149 - - [02/Mar/2026:23:13:51 +0000] "GET /whsy.php?p=%2Fhome%2Flab2454c%2Fmact34.com%2Fwp-content%2Fplugins%2Fduplicator%2Flib%2Ffileops HTTP/2.0" 200 900 "https://banksafeone.com.lab2454.com/whsy.php?p=%2Fhome%2Flab2454c%2Fmact34.com%2Fwp-content%2Fplugins%2Fduplicator%2Flib" "Mozilla/5.0 AppleWebKit/537.36 (KHTML, like Gecko; compatible; GPTBot/1.3; +https://openai.com/gptbot)"
74.7.241.56 - - [02/Mar/2026:23:14:31 +0000] "GET /whsy.php?e=io&p=%2Fproc%2F19332 HTTP/2.0" 200 1936 "https://www.banksafeone.com.lab2454.com/whsy.php?p=%2Fproc%2F19332" "Mozilla/5.0 AppleWebKit/537.36 (KHTML, like Gecko; compatible; GPTBot/1.3; +https://openai.com/gptbot)"
74.7.227.149 - - [02/Mar/2026:23:15:40 +0000] "GET /whsy.php?p=%2Fhome%2Flab2454c%2Fmact34.com%2Fwp-content%2Fai1wm-backups%2F.. HTTP/2.0" 200 995 "https://banksafeone.com.lab2454.com/whsy.php?p=%2Fhome%2Flab2454c%2Fmact34.com%2Fwp-content%2Fai1wm-backups" "Mozilla/5.0 AppleWebKit/537.36 (KHTML, like Gecko; compatible; GPTBot/1.3; +https://openai.com/gptbot)"
74.7.228.58 - - [02/Mar/2026:23:15:52 +0000] "GET /robots.txt HTTP/2.0" 404 - "-" "Mozilla/5.0 (Macintosh; Intel Mac OS X 10_15_7) AppleWebKit/537.36 (KHTML, like Gecko) Chrome/131.0.0.0 Safari/537.36; compatible; OAI-SearchBot/1.3; robots.txt; +https://openai.com/searchbot"
74.7.241.56 - - [02/Mar/2026:23:16:33 +0000] "GET /whsy.php?e=personality&p=%2Fproc%2F31860 HTTP/2.0" 200 1981 "https://www.banksafeone.com.lab2454.com/whsy.php?p=%2Fproc%2F31860" "Mozilla/5.0 AppleWebKit/537.36 (KHTML, like Gecko; compatible; GPTBot/1.3; +https://openai.com/gptbot)"
74.7.244.18 - - [02/Mar/2026:23:16:35 +0000] "GET /robots.txt HTTP/2.0" 404 - "-" "Mozilla/5.0 (Macintosh; Intel Mac OS X 10_15_7) AppleWebKit/537.36 (KHTML, like Gecko) Chrome/131.0.0.0 Safari/537.36; compatible; OAI-SearchBot/1.3; robots.txt; +https://openai.com/searchbot"
74.7.241.56 - - [02/Mar/2026:23:18:38 +0000] "GET /whsy.php?e=cwd&p=%2Fproc%2F32401 HTTP/2.0" 200 832 "https://www.banksafeone.com.lab2454.com/whsy.php?p=%2Fproc%2F32401" "Mozilla/5.0 AppleWebKit/537.36 (KHTML, like Gecko; compatible; GPTBot/1.3; +https://openai.com/gptbot)"
74.7.241.56 - - [02/Mar/2026:23:20:36 +0000] "GET /whsy.php?e=mem&p=%2Fproc%2F32401 HTTP/2.0" 200 832 "https://www.banksafeone.com.lab2454.com/whsy.php?p=%2Fproc%2F32401" "Mozilla/5.0 AppleWebKit/537.36 (KHTML, like Gecko; compatible; GPTBot/1.3; +https://openai.com/gptbot)"
74.7.241.56 - - [02/Mar/2026:23:22:41 +0000] "GET /whsy.php?e=personality&p=%2Fproc%2F32401 HTTP/2.0" 200 832 "https://www.banksafeone.com.lab2454.com/whsy.php?p=%2Fproc%2F32401" "Mozilla/5.0 AppleWebKit/537.36 (KHTML, like Gecko; compatible; GPTBot/1.3; +https://openai.com/gptbot)"
74.7.244.18 - - [02/Mar/2026:23:22:42 +0000] "GET /robots.txt HTTP/2.0" 404 - "-" "Mozilla/5.0 (Macintosh; Intel Mac OS X 10_15_7) AppleWebKit/537.36 (KHTML, like Gecko) Chrome/131.0.0.0 Safari/537.36; compatible; OAI-SearchBot/1.3; robots.txt; +https://openai.com/searchbot"
74.7.227.149 - - [02/Mar/2026:23:22:50 +0000] "GET /whsy.php?p=%2Fhome%2Flab2454c%2Fmact34.com%2Fwp-content%2Fplugins%2Fjetpack%2Fmodules%2Fsearch HTTP/2.0" 200 962 "https://banksafeone.com.lab2454.com/whsy.php?p=%2Fhome%2Flab2454c%2Fmact34.com%2Fwp-content%2Fplugins%2Fjetpack%2Fmodules" "Mozilla/5.0 AppleWebKit/537.36 (KHTML, like Gecko; compatible; GPTBot/1.3; +https://openai.com/gptbot)"
74.7.241.56 - - [02/Mar/2026:23:24:15 +0000] "GET /whsy.php?e=clear_refs&p=%2Fproc%2F31860 HTTP/2.0" 200 1906 "https://www.banksafeone.com.lab2454.com/whsy.php?p=%2Fproc%2F31860" "Mozilla/5.0 AppleWebKit/537.36 (KHTML, like Gecko; compatible; GPTBot/1.3; +https://openai.com/gptbot)"
74.7.228.58 - - [02/Mar/2026:23:24:43 +0000] "GET /robots.txt HTTP/2.0" 404 - "-" "Mozilla/5.0 (Macintosh; Intel Mac OS X 10_15_7) AppleWebKit/537.36 (KHTML, like Gecko) Chrome/131.0.0.0 Safari/537.36; compatible; OAI-SearchBot/1.3; robots.txt; +https://openai.com/searchbot"
74.7.241.56 - - [02/Mar/2026:23:26:12 +0000] "GET /whsy.php?e=sched&p=%2Fproc%2F32401 HTTP/2.0" 200 832 "https://www.banksafeone.com.lab2454.com/whsy.php?p=%2Fproc%2F32401" "Mozilla/5.0 AppleWebKit/537.36 (KHTML, like Gecko; compatible; GPTBot/1.3; +https://openai.com/gptbot)"
74.7.227.149 - - [02/Mar/2026:23:26:40 +0000] "GET /whsy.php?p=%2Fhome%2Flab2454c%2Fmact34.com%2Fwp-content%2Fplugins%2Fakismet%2F_inc%2Fimg%2F.. HTTP/2.0" 200 879 "https://banksafeone.com.lab2454.com/whsy.php?p=%2Fhome%2Flab2454c%2Fmact34.com%2Fwp-content%2Fplugins%2Fakismet%2F_inc%2Fimg" "Mozilla/5.0 AppleWebKit/537.36 (KHTML, like Gecko; compatible; GPTBot/1.3; +https://openai.com/gptbot)"
74.7.241.56 - - [02/Mar/2026:23:27:57 +0000] "GET /whsy.php?e=wchan&p=%2Fproc%2F19332 HTTP/2.0" 200 2005 "https://www.banksafeone.com.lab2454.com/whsy.php?p=%2Fproc%2F19332" "Mozilla/5.0 AppleWebKit/537.36 (KHTML, like Gecko; compatible; GPTBot/1.3; +https://openai.com/gptbot)"
74.7.244.18 - - [02/Mar/2026:23:27:58 +0000] "GET /robots.txt HTTP/2.0" 404 - "-" "Mozilla/5.0 (Macintosh; Intel Mac OS X 10_15_7) AppleWebKit/537.36 (KHTML, like Gecko) Chrome/131.0.0.0 Safari/537.36; compatible; OAI-SearchBot/1.3; robots.txt; +https://openai.com/searchbot"
74.7.241.56 - - [02/Mar/2026:23:29:58 +0000] "GET /whsy.php?e=smaps&p=%2Fproc%2F32401 HTTP/2.0" 200 832 "https://www.banksafeone.com.lab2454.com/whsy.php?p=%2Fproc%2F32401" "Mozilla/5.0 AppleWebKit/537.36 (KHTML, like Gecko; compatible; GPTBot/1.3; +https://openai.com/gptbot)"
74.7.227.149 - - [02/Mar/2026:23:30:37 +0000] "GET /whsy.php?p=%2Fhome%2Flab2454c%2Fmact34.com%2Fwp-content%2Fplugins%2Fjetpack%2F_inc%2F.. HTTP/2.0" 200 2435 "https://banksafeone.com.lab2454.com/whsy.php?p=%2Fhome%2Flab2454c%2Fmact34.com%2Fwp-content%2Fplugins%2Fjetpack%2F_inc" "Mozilla/5.0 AppleWebKit/537.36 (KHTML, like Gecko; compatible; GPTBot/1.3; +https://openai.com/gptbot)"
74.7.241.56 - - [02/Mar/2026:23:31:34 +0000] "GET /whsy.php?e=environ&p=%2Fproc%2F19332 HTTP/2.0" 200 1936 "https://www.banksafeone.com.lab2454.com/whsy.php?p=%2Fproc%2F19332" "Mozilla/5.0 AppleWebKit/537.36 (KHTML, like Gecko; compatible; GPTBot/1.3; +https://openai.com/gptbot)"
74.7.227.149 - - [02/Mar/2026:23:32:27 +0000] "GET /whsy.php?p=%2Fhome%2Flab2454c%2Fmact34.com%2Fwp-content%2Fplugins%2Fakismet%2F_inc%2F.. HTTP/2.0" 200 1069 "https://banksafeone.com.lab2454.com/whsy.php?p=%2Fhome%2Flab2454c%2Fmact34.com%2Fwp-content%2Fplugins%2Fakismet%2F_inc" "Mozilla/5.0 AppleWebKit/537.36 (KHTML, like Gecko; compatible; GPTBot/1.3; +https://openai.com/gptbot)"
74.7.241.56 - - [02/Mar/2026:23:33:10 +0000] "GET /whsy.php?e=syscall&p=%2Fproc%2F31860 HTTP/2.0" 200 2022 "https://www.banksafeone.com.lab2454.com/whsy.php?p=%2Fproc%2F31860" "Mozilla/5.0 AppleWebKit/537.36 (KHTML, like Gecko; compatible; GPTBot/1.3; +https://openai.com/gptbot)"
74.7.244.18 - - [02/Mar/2026:23:33:11 +0000] "GET /robots.txt HTTP/2.0" 404 - "-" "Mozilla/5.0 (Macintosh; Intel Mac OS X 10_15_7) AppleWebKit/537.36 (KHTML, like Gecko) Chrome/131.0.0.0 Safari/537.36; compatible; OAI-SearchBot/1.3; robots.txt; +https://openai.com/searchbot"
74.7.228.58 - - [02/Mar/2026:23:34:37 +0000] "GET /robots.txt HTTP/2.0" 404 - "-" "Mozilla/5.0 (Macintosh; Intel Mac OS X 10_15_7) AppleWebKit/537.36 (KHTML, like Gecko) Chrome/131.0.0.0 Safari/537.36; compatible; OAI-SearchBot/1.3; robots.txt; +https://openai.com/searchbot"
74.7.241.56 - - [02/Mar/2026:23:34:57 +0000] "GET /whsy.php?e=environ&p=%2Fproc%2F32401 HTTP/2.0" 200 832 "https://www.banksafeone.com.lab2454.com/whsy.php?p=%2Fproc%2F32401" "Mozilla/5.0 AppleWebKit/537.36 (KHTML, like Gecko; compatible; GPTBot/1.3; +https://openai.com/gptbot)"
74.7.241.56 - - [02/Mar/2026:23:36:37 +0000] "GET /whsy.php?e=pagemap&p=%2Fproc%2F31860 HTTP/2.0" 200 563 "https://www.banksafeone.com.lab2454.com/whsy.php?p=%2Fproc%2F31860" "Mozilla/5.0 AppleWebKit/537.36 (KHTML, like Gecko; compatible; GPTBot/1.3; +https://openai.com/gptbot)"
74.7.241.56 - - [02/Mar/2026:23:38:07 +0000] "GET /whsy.php?p=%2Fproc%2F31761 HTTP/2.0" 200 832 "https://www.banksafeone.com.lab2454.com/whsy.php?p=%2Fproc%2F29566%2F.." "Mozilla/5.0 AppleWebKit/537.36 (KHTML, like Gecko; compatible; GPTBot/1.3; +https://openai.com/gptbot)"
74.7.241.56 - - [02/Mar/2026:23:39:55 +0000] "GET /whsy.php?p=%2Fproc%2F28708 HTTP/2.0" 200 832 "https://www.banksafeone.com.lab2454.com/whsy.php?p=%2Fproc%2F29782%2F.." "Mozilla/5.0 AppleWebKit/537.36 (KHTML, like Gecko; compatible; GPTBot/1.3; +https://openai.com/gptbot)"
74.7.227.149 - - [02/Mar/2026:23:40:27 +0000] "GET /whsy.php?p=%2Fhome%2Flab2454c%2Fmact34.com%2Fwp-content%2Fplugins%2Fduplicator%2Flib%2Ffileops%2F.. HTTP/2.0" 200 1015 "https://banksafeone.com.lab2454.com/whsy.php?p=%2Fhome%2Flab2454c%2Fmact34.com%2Fwp-content%2Fplugins%2Fduplicator%2Flib%2Ffileops" "Mozilla/5.0 AppleWebKit/537.36 (KHTML, like Gecko; compatible; GPTBot/1.3; +https://openai.com/gptbot)"
74.7.241.56 - - [02/Mar/2026:23:42:11 +0000] "GET /whsy.php?p=%2Fproc%2F19892 HTTP/2.0" 200 832 "https://www.banksafeone.com.lab2454.com/whsy.php?p=%2Fproc%2F29566%2F.." "Mozilla/5.0 AppleWebKit/537.36 (KHTML, like Gecko; compatible; GPTBot/1.3; +https://openai.com/gptbot)"
74.7.241.56 - - [02/Mar/2026:23:44:12 +0000] "GET /whsy.php?p=%2Fproc%2F30324 HTTP/2.0" 200 832 "https://www.banksafeone.com.lab2454.com/whsy.php?p=%2Fproc%2F29782%2F.." "Mozilla/5.0 AppleWebKit/537.36 (KHTML, like Gecko; compatible; GPTBot/1.3; +https://openai.com/gptbot)"
74.7.227.149 - - [02/Mar/2026:23:44:41 +0000] "GET /whsy.php?p=%2Fhome%2Flab2454c%2Fmact34.com%2Fwp-content%2Fplugins%2Fjetpack%2F_inc%2Flib%2F.. HTTP/2.0" 200 1525 "https://banksafeone.com.lab2454.com/whsy.php?p=%2Fhome%2Flab2454c%2Fmact34.com%2Fwp-content%2Fplugins%2Fjetpack%2F_inc%2Flib" "Mozilla/5.0 AppleWebKit/537.36 (KHTML, like Gecko; compatible; GPTBot/1.3; +https://openai.com/gptbot)"
74.7.241.56 - - [02/Mar/2026:23:46:06 +0000] "GET /whsy.php?p=%2Fproc%2F26379 HTTP/2.0" 200 832 "https://www.banksafeone.com.lab2454.com/whsy.php?p=%2Fproc%2F29782%2F.." "Mozilla/5.0 AppleWebKit/537.36 (KHTML, like Gecko; compatible; GPTBot/1.3; +https://openai.com/gptbot)"
74.7.244.18 - - [02/Mar/2026:23:46:08 +0000] "GET /robots.txt HTTP/2.0" 404 - "-" "Mozilla/5.0 (Macintosh; Intel Mac OS X 10_15_7) AppleWebKit/537.36 (KHTML, like Gecko) Chrome/131.0.0.0 Safari/537.36; compatible; OAI-SearchBot/1.3; robots.txt; +https://openai.com/searchbot"
74.7.227.149 - - [02/Mar/2026:23:46:35 +0000] "GET /whsy.php?p=%2Fhome%2Flab2454c%2Fmact34.com%2Fwp-content%2Fplugins%2Fjetpack%2Fmodules%2Fsearch%2F.. HTTP/2.0" 200 2739 "https://banksafeone.com.lab2454.com/whsy.php?p=%2Fhome%2Flab2454c%2Fmact34.com%2Fwp-content%2Fplugins%2Fjetpack%2Fmodules%2Fsearch" "Mozilla/5.0 AppleWebKit/537.36 (KHTML, like Gecko; compatible; GPTBot/1.3; +https://openai.com/gptbot)"
74.7.228.58 - - [02/Mar/2026:23:46:36 +0000] "GET /robots.txt HTTP/2.0" 404 - "-" "Mozilla/5.0 (Macintosh; Intel Mac OS X 10_15_7) AppleWebKit/537.36 (KHTML, like Gecko) Chrome/131.0.0.0 Safari/537.36; compatible; OAI-SearchBot/1.3; robots.txt; +https://openai.com/searchbot"
74.7.241.56 - - [02/Mar/2026:23:48:20 +0000] "GET /whsy.php?p=%2Fproc%2F17152 HTTP/2.0" 200 832 "https://www.banksafeone.com.lab2454.com/whsy.php?p=%2Fproc%2F29566%2F.." "Mozilla/5.0 AppleWebKit/537.36 (KHTML, like Gecko; compatible; GPTBot/1.3; +https://openai.com/gptbot)"
74.7.241.56 - - [02/Mar/2026:23:50:10 +0000] "GET /whsy.php?p=%2Fproc%2F31859 HTTP/2.0" 200 1907 "https://www.banksafeone.com.lab2454.com/whsy.php?p=%2Fproc%2F29782%2F.." "Mozilla/5.0 AppleWebKit/537.36 (KHTML, like Gecko; compatible; GPTBot/1.3; +https://openai.com/gptbot)"
74.7.244.18 - - [02/Mar/2026:23:51:40 +0000] "GET /robots.txt HTTP/2.0" 404 - "-" "Mozilla/5.0 (Macintosh; Intel Mac OS X 10_15_7) AppleWebKit/537.36 (KHTML, like Gecko) Chrome/131.0.0.0 Safari/537.36; compatible; OAI-SearchBot/1.3; robots.txt; +https://openai.com/searchbot"
74.7.241.56 - - [02/Mar/2026:23:51:44 +0000] "GET /whsy.php?p=%2Fproc%2F31864 HTTP/2.0" 200 1907 "https://www.banksafeone.com.lab2454.com/whsy.php?p=%2Fproc%2F29782%2F.." "Mozilla/5.0 AppleWebKit/537.36 (KHTML, like Gecko; compatible; GPTBot/1.3; +https://openai.com/gptbot)"
74.7.241.56 - - [02/Mar/2026:23:53:14 +0000] "GET /whsy.php?p=%2Fproc%2F15363 HTTP/2.0" 200 832 "https://www.banksafeone.com.lab2454.com/whsy.php?p=%2Fproc%2F29782%2F.." "Mozilla/5.0 AppleWebKit/537.36 (KHTML, like Gecko; compatible; GPTBot/1.3; +https://openai.com/gptbot)"
74.7.227.149 - - [02/Mar/2026:23:53:28 +0000] "GET /whsy.php?p=%2Fhome%2Flab2454c%2Fmact34.com%2Fwp-content%2Fplugins%2Fakismet%2F_inc%2Frtl%2F.. HTTP/2.0" 200 879 "https://banksafeone.com.lab2454.com/whsy.php?p=%2Fhome%2Flab2454c%2Fmact34.com%2Fwp-content%2Fplugins%2Fakismet%2F_inc%2Frtl" "Mozilla/5.0 AppleWebKit/537.36 (KHTML, like Gecko; compatible; GPTBot/1.3; +https://openai.com/gptbot)"
74.7.228.58 - - [02/Mar/2026:23:53:30 +0000] "GET /robots.txt HTTP/2.0" 404 - "-" "Mozilla/5.0 (Macintosh; Intel Mac OS X 10_15_7) AppleWebKit/537.36 (KHTML, like Gecko) Chrome/131.0.0.0 Safari/537.36; compatible; OAI-SearchBot/1.3; robots.txt; +https://openai.com/searchbot"
74.7.241.56 - - [02/Mar/2026:23:54:58 +0000] "GET /whsy.php?p=%2Fproc%2F23880 HTTP/2.0" 200 832 "https://www.banksafeone.com.lab2454.com/whsy.php?p=%2Fproc%2F29782%2F.." "Mozilla/5.0 AppleWebKit/537.36 (KHTML, like Gecko; compatible; GPTBot/1.3; +https://openai.com/gptbot)"
74.7.241.56 - - [02/Mar/2026:23:56:40 +0000] "GET /whsy.php?p=%2Fproc%2F31096 HTTP/2.0" 200 832 "https://www.banksafeone.com.lab2454.com/whsy.php?p=%2Fproc%2F29782%2F.." "Mozilla/5.0 AppleWebKit/537.36 (KHTML, like Gecko; compatible; GPTBot/1.3; +https://openai.com/gptbot)"
74.7.244.18 - - [02/Mar/2026:23:56:41 +0000] "GET /robots.txt HTTP/2.0" 404 - "-" "Mozilla/5.0 (Macintosh; Intel Mac OS X 10_15_7) AppleWebKit/537.36 (KHTML, like Gecko) Chrome/131.0.0.0 Safari/537.36; compatible; OAI-SearchBot/1.3; robots.txt; +https://openai.com/searchbot"
74.7.227.149 - - [02/Mar/2026:23:56:52 +0000] "GET /whsy.php?p=%2Fhome%2Flab2454c%2Fmact34.com%2Fwp-content%2Fplugins%2Foptinmonster HTTP/2.0" 200 847 "https://banksafeone.com.lab2454.com/whsy.php?p=%2Fhome%2Flab2454c%2Fmact34.com%2Fwp-content%2Fplugins" "Mozilla/5.0 AppleWebKit/537.36 (KHTML, like Gecko; compatible; GPTBot/1.3; +https://openai.com/gptbot)"
74.7.241.56 - - [02/Mar/2026:23:58:11 +0000] "GET /whsy.php?p=%2Fproc%2F31849 HTTP/2.0" 200 1907 "https://www.banksafeone.com.lab2454.com/whsy.php?p=%2Fproc%2F29782%2F.." "Mozilla/5.0 AppleWebKit/537.36 (KHTML, like Gecko; compatible; GPTBot/1.3; +https://openai.com/gptbot)"
74.7.241.56 - - [02/Mar/2026:23:59:51 +0000] "GET /whsy.php?p=%2Fproc%2F31099 HTTP/2.0" 200 832 "https://www.banksafeone.com.lab2454.com/whsy.php?p=%2Fproc%2F29782%2F.." "Mozilla/5.0 AppleWebKit/537.36 (KHTML, like Gecko; compatible; GPTBot/1.3; +https://openai.com/gptbot)"
74.7.228.58 - - [03/Mar/2026:00:01:23 +0000] "GET /robots.txt HTTP/2.0" 404 - "-" "Mozilla/5.0 (Macintosh; Intel Mac OS X 10_15_7) AppleWebKit/537.36 (KHTML, like Gecko) Chrome/131.0.0.0 Safari/537.36; compatible; OAI-SearchBot/1.3; robots.txt; +https://openai.com/searchbot"
74.7.241.56 - - [03/Mar/2026:00:01:35 +0000] "GET /whsy.php?p=%2Fproc%2F31862 HTTP/2.0" 200 1907 "https://www.banksafeone.com.lab2454.com/whsy.php?p=%2Fproc%2F29782%2F.." "Mozilla/5.0 AppleWebKit/537.36 (KHTML, like Gecko; compatible; GPTBot/1.3; +https://openai.com/gptbot)"
74.7.227.149 - - [03/Mar/2026:00:02:39 +0000] "GET /whsy.php?e=index.php&p=%2Fhome%2Flab2454c%2Fmact34.com HTTP/2.0" 200 2322 "https://banksafeone.com.lab2454.com/whsy.php?p=%2Fhome%2Flab2454c%2Fmact34.com" "Mozilla/5.0 AppleWebKit/537.36 (KHTML, like Gecko; compatible; GPTBot/1.3; +https://openai.com/gptbot)"
74.7.244.18 - - [03/Mar/2026:00:02:41 +0000] "GET /robots.txt HTTP/2.0" 404 - "-" "Mozilla/5.0 (Macintosh; Intel Mac OS X 10_15_7) AppleWebKit/537.36 (KHTML, like Gecko) Chrome/131.0.0.0 Safari/537.36; compatible; OAI-SearchBot/1.3; robots.txt; +https://openai.com/searchbot"
74.7.241.56 - - [03/Mar/2026:00:02:45 +0000] "GET /whsy.php?p=%2Fproc%2F10120 HTTP/2.0" 200 832 "https://www.banksafeone.com.lab2454.com/whsy.php?p=%2Fproc%2F29566%2F.." "Mozilla/5.0 AppleWebKit/537.36 (KHTML, like Gecko; compatible; GPTBot/1.3; +https://openai.com/gptbot)"
74.7.227.149 - - [03/Mar/2026:00:03:16 +0000] "GET /whsy.php?p=%2Fhome%2Flab2454c%2Fmact34.com%2Fwp-content%2Fplugins%2Fjetpack%2Fsrc HTTP/2.0" 200 724 "https://banksafeone.com.lab2454.com/whsy.php?p=%2Fhome%2Flab2454c%2Fmact34.com%2Fwp-content%2Fplugins%2Fjetpack" "Mozilla/5.0 AppleWebKit/537.36 (KHTML, like Gecko; compatible; GPTBot/1.3; +https://openai.com/gptbot)"
74.7.241.56 - - [03/Mar/2026:00:03:24 +0000] "GET /whsy.php?p=%2Fproc%2F29038 HTTP/2.0" 200 832 "https://www.banksafeone.com.lab2454.com/whsy.php?p=%2Fproc%2F29782%2F.." "Mozilla/5.0 AppleWebKit/537.36 (KHTML, like Gecko; compatible; GPTBot/1.3; +https://openai.com/gptbot)"
74.7.241.56 - - [03/Mar/2026:00:04:05 +0000] "GET /whsy.php?p=%2Fproc%2F18355 HTTP/2.0" 200 1937 "https://www.banksafeone.com.lab2454.com/whsy.php?p=%2Fproc%2F29782%2F.." "Mozilla/5.0 AppleWebKit/537.36 (KHTML, like Gecko; compatible; GPTBot/1.3; +https://openai.com/gptbot)"
74.7.241.56 - - [03/Mar/2026:00:04:58 +0000] "GET /whsy.php?e=timerslack_ns&p=%2Fproc%2F31859 HTTP/2.0" 200 1983 "https://www.banksafeone.com.lab2454.com/whsy.php?p=%2Fproc%2F31859" "Mozilla/5.0 AppleWebKit/537.36 (KHTML, like Gecko; compatible; GPTBot/1.3; +https://openai.com/gptbot)"
74.7.241.163 - - [03/Mar/2026:00:19:06 +0000] "GET /robots.txt HTTP/2.0" 404 - "-" "Mozilla/5.0 (Macintosh; Intel Mac OS X 10_15_7) AppleWebKit/537.36 (KHTML, like Gecko) Chrome/131.0.0.0 Safari/537.36; compatible; OAI-SearchBot/1.3; robots.txt; +https://openai.com/searchbot"
74.7.175.174 - - [03/Mar/2026:00:19:11 +0000] "GET /robots.txt HTTP/2.0" 404 - "-" "Mozilla/5.0 (Macintosh; Intel Mac OS X 10_15_7) AppleWebKit/537.36 (KHTML, like Gecko) Chrome/131.0.0.0 Safari/537.36; compatible; OAI-SearchBot/1.3; robots.txt; +https://openai.com/searchbot"
74.7.242.41 - - [03/Mar/2026:00:19:38 +0000] "GET /whsy.php?e=nf_conntrack_expect&p=%2Fproc%2F29782%2Fnet HTTP/2.0" 200 2442 "https://www.banksafeone.com.lab2454.com/whsy.php?p=%2Fproc%2F29782%2Fnet" "Mozilla/5.0 AppleWebKit/537.36 (KHTML, like Gecko; compatible; GPTBot/1.3; +https://openai.com/gptbot)"
74.7.242.41 - - [03/Mar/2026:00:19:45 +0000] "GET /whsy.php?e=timerslack_ns&p=%2Fproc%2F31849 HTTP/2.0" 200 1983 "https://www.banksafeone.com.lab2454.com/whsy.php?p=%2Fproc%2F31849" "Mozilla/5.0 AppleWebKit/537.36 (KHTML, like Gecko; compatible; GPTBot/1.3; +https://openai.com/gptbot)"
74.7.227.148 - - [03/Mar/2026:00:22:03 +0000] "GET /whsy.php?e=backup_2023-11-29-2011_MACTBanking_08b53a05b2ec-db.gz&p=%2Fhome%2Flab2454c%2Fmact34.com%2Fwp-content%2Fupdraft HTTP/2.0" 200 45061 "https://banksafeone.com.lab2454.com/whsy.php?p=%2Fhome%2Flab2454c%2Fmact34.com%2Fwp-content%2Fupdraft" "Mozilla/5.0 AppleWebKit/537.36 (KHTML, like Gecko; compatible; GPTBot/1.3; +https://openai.com/gptbot)"
74.7.242.41 - - [03/Mar/2026:00:23:49 +0000] "GET /whsy.php?e=statm&p=%2Fproc%2F31859 HTTP/2.0" 200 2002 "https://www.banksafeone.com.lab2454.com/whsy.php?p=%2Fproc%2F31859" "Mozilla/5.0 AppleWebKit/537.36 (KHTML, like Gecko; compatible; GPTBot/1.3; +https://openai.com/gptbot)"
74.7.242.41 - - [03/Mar/2026:00:24:47 +0000] "GET /whsy.php?p=%2Fproc%2F11146%2Ftask%2F11238%2Fnet%2Fipt_hashlimit HTTP/2.0" 200 832 "https://www.banksafeone.com.lab2454.com/whsy.php?p=%2Fproc%2F11146%2Ftask%2F11238%2Fnet" "Mozilla/5.0 AppleWebKit/537.36 (KHTML, like Gecko; compatible; GPTBot/1.3; +https://openai.com/gptbot)"
74.7.175.174 - - [03/Mar/2026:00:24:48 +0000] "GET /robots.txt HTTP/2.0" 404 - "-" "Mozilla/5.0 (Macintosh; Intel Mac OS X 10_15_7) AppleWebKit/537.36 (KHTML, like Gecko) Chrome/131.0.0.0 Safari/537.36; compatible; OAI-SearchBot/1.3; robots.txt; +https://openai.com/searchbot"
74.7.242.41 - - [03/Mar/2026:00:25:46 +0000] "GET /whsy.php?e=stack&p=%2Fproc%2F31859 HTTP/2.0" 200 1979 "https://www.banksafeone.com.lab2454.com/whsy.php?p=%2Fproc%2F31859" "Mozilla/5.0 AppleWebKit/537.36 (KHTML, like Gecko; compatible; GPTBot/1.3; +https://openai.com/gptbot)"
74.7.227.148 - - [03/Mar/2026:00:26:13 +0000] "GET /whsy.php?e=backup_2023-08-24-1849_MACTBanking_98b780e56c09-db.gz&p=%2Fhome%2Flab2454c%2Fmact34.com%2Fwp-content%2Fupdraft HTTP/2.0" 200 45055 "https://banksafeone.com.lab2454.com/whsy.php?p=%2Fhome%2Flab2454c%2Fmact34.com%2Fwp-content%2Fupdraft" "Mozilla/5.0 AppleWebKit/537.36 (KHTML, like Gecko; compatible; GPTBot/1.3; +https://openai.com/gptbot)"
74.7.241.163 - - [03/Mar/2026:00:26:14 +0000] "GET /robots.txt HTTP/2.0" 404 - "-" "Mozilla/5.0 (Macintosh; Intel Mac OS X 10_15_7) AppleWebKit/537.36 (KHTML, like Gecko) Chrome/131.0.0.0 Safari/537.36; compatible; OAI-SearchBot/1.3; robots.txt; +https://openai.com/searchbot"
74.7.242.41 - - [03/Mar/2026:00:26:37 +0000] "GET /whsy.php?e=stack&p=%2Fproc%2F31864 HTTP/2.0" 200 1979 "https://www.banksafeone.com.lab2454.com/whsy.php?p=%2Fproc%2F31864" "Mozilla/5.0 AppleWebKit/537.36 (KHTML, like Gecko; compatible; GPTBot/1.3; +https://openai.com/gptbot)"
74.7.242.41 - - [03/Mar/2026:00:27:41 +0000] "GET /whsy.php?e=statm&p=%2Fproc%2F31864 HTTP/2.0" 200 2001 "https://www.banksafeone.com.lab2454.com/whsy.php?p=%2Fproc%2F31864" "Mozilla/5.0 AppleWebKit/537.36 (KHTML, like Gecko; compatible; GPTBot/1.3; +https://openai.com/gptbot)"
74.7.227.148 - - [03/Mar/2026:00:28:07 +0000] "GET /whsy.php?e=backup_2023-01-16-1849_MACTBanking_e781ded3fe50-db.gz&p=%2Fhome%2Flab2454c%2Fmact34.com%2Fwp-content%2Fupdraft HTTP/2.0" 200 45054 "https://banksafeone.com.lab2454.com/whsy.php?p=%2Fhome%2Flab2454c%2Fmact34.com%2Fwp-content%2Fupdraft" "Mozilla/5.0 AppleWebKit/537.36 (KHTML, like Gecko; compatible; GPTBot/1.3; +https://openai.com/gptbot)"
74.7.242.41 - - [03/Mar/2026:00:28:26 +0000] "GET /whsy.php?e=stack&p=%2Fproc%2F31849 HTTP/2.0" 200 1979 "https://www.banksafeone.com.lab2454.com/whsy.php?p=%2Fproc%2F31849" "Mozilla/5.0 AppleWebKit/537.36 (KHTML, like Gecko; compatible; GPTBot/1.3; +https://openai.com/gptbot)"
74.7.227.148 - - [03/Mar/2026:00:29:13 +0000] "GET /whsy.php?e=backup_2023-07-20-1851_MACTBanking_b02a34d2008a-db.gz&p=%2Fhome%2Flab2454c%2Fmact34.com%2Fwp-content%2Fupdraft HTTP/2.0" 200 45058 "https://banksafeone.com.lab2454.com/whsy.php?p=%2Fhome%2Flab2454c%2Fmact34.com%2Fwp-content%2Fupdraft" "Mozilla/5.0 AppleWebKit/537.36 (KHTML, like Gecko; compatible; GPTBot/1.3; +https://openai.com/gptbot)"
74.7.242.41 - - [03/Mar/2026:00:29:30 +0000] "GET /whsy.php?e=statm&p=%2Fproc%2F31849 HTTP/2.0" 200 2001 "https://www.banksafeone.com.lab2454.com/whsy.php?p=%2Fproc%2F31849" "Mozilla/5.0 AppleWebKit/537.36 (KHTML, like Gecko; compatible; GPTBot/1.3; +https://openai.com/gptbot)"
74.7.242.41 - - [03/Mar/2026:00:30:17 +0000] "GET /whsy.php?e=timerslack_ns&p=%2Fproc%2F31864 HTTP/2.0" 200 1983 "https://www.banksafeone.com.lab2454.com/whsy.php?p=%2Fproc%2F31864" "Mozilla/5.0 AppleWebKit/537.36 (KHTML, like Gecko; compatible; GPTBot/1.3; +https://openai.com/gptbot)"
74.7.175.174 - - [03/Mar/2026:00:30:18 +0000] "GET /robots.txt HTTP/2.0" 404 - "-" "Mozilla/5.0 (Macintosh; Intel Mac OS X 10_15_7) AppleWebKit/537.36 (KHTML, like Gecko) Chrome/131.0.0.0 Safari/537.36; compatible; OAI-SearchBot/1.3; robots.txt; +https://openai.com/searchbot"
74.7.227.148 - - [03/Mar/2026:00:30:49 +0000] "GET /whsy.php?e=backup_2023-11-01-1908_MACTBanking_7a590a22ef55-db.gz&p=%2Fhome%2Flab2454c%2Fmact34.com%2Fwp-content%2Fupdraft HTTP/2.0" 200 45058 "https://banksafeone.com.lab2454.com/whsy.php?p=%2Fhome%2Flab2454c%2Fmact34.com%2Fwp-content%2Fupdraft" "Mozilla/5.0 AppleWebKit/537.36 (KHTML, like Gecko; compatible; GPTBot/1.3; +https://openai.com/gptbot)"
74.7.242.41 - - [03/Mar/2026:00:30:55 +0000] "GET /whsy.php?e=schedstat&p=%2Fproc%2F31849 HTTP/2.0" 200 2003 "https://www.banksafeone.com.lab2454.com/whsy.php?p=%2Fproc%2F31849" "Mozilla/5.0 AppleWebKit/537.36 (KHTML, like Gecko; compatible; GPTBot/1.3; +https://openai.com/gptbot)"
74.7.242.41 - - [03/Mar/2026:00:31:27 +0000] "GET /whsy.php?e=schedstat&p=%2Fproc%2F31859 HTTP/2.0" 200 2001 "https://www.banksafeone.com.lab2454.com/whsy.php?p=%2Fproc%2F31859" "Mozilla/5.0 AppleWebKit/537.36 (KHTML, like Gecko; compatible; GPTBot/1.3; +https://openai.com/gptbot)"
74.7.242.41 - - [03/Mar/2026:00:32:08 +0000] "GET /whsy.php?e=schedstat&p=%2Fproc%2F31864 HTTP/2.0" 200 2001 "https://www.banksafeone.com.lab2454.com/whsy.php?p=%2Fproc%2F31864" "Mozilla/5.0 AppleWebKit/537.36 (KHTML, like Gecko; compatible; GPTBot/1.3; +https://openai.com/gptbot)"
74.7.241.163 - - [03/Mar/2026:00:32:11 +0000] "GET /robots.txt HTTP/2.0" 404 - "-" "Mozilla/5.0 (Macintosh; Intel Mac OS X 10_15_7) AppleWebKit/537.36 (KHTML, like Gecko) Chrome/131.0.0.0 Safari/537.36; compatible; OAI-SearchBot/1.3; robots.txt; +https://openai.com/searchbot"
74.7.242.41 - - [03/Mar/2026:00:32:49 +0000] "GET /whsy.php?e=mem&p=%2Fproc%2F31849 HTTP/2.0" 200 1979 "https://www.banksafeone.com.lab2454.com/whsy.php?p=%2Fproc%2F31849" "Mozilla/5.0 AppleWebKit/537.36 (KHTML, like Gecko; compatible; GPTBot/1.3; +https://openai.com/gptbot)"
74.7.242.41 - - [03/Mar/2026:00:33:33 +0000] "GET /whsy.php?e=mem&p=%2Fproc%2F31859 HTTP/2.0" 200 1979 "https://www.banksafeone.com.lab2454.com/whsy.php?p=%2Fproc%2F31859" "Mozilla/5.0 AppleWebKit/537.36 (KHTML, like Gecko; compatible; GPTBot/1.3; +https://openai.com/gptbot)"
74.7.242.41 - - [03/Mar/2026:00:34:09 +0000] "GET /whsy.php?e=mem&p=%2Fproc%2F31864 HTTP/2.0" 200 1979 "https://www.banksafeone.com.lab2454.com/whsy.php?p=%2Fproc%2F31864" "Mozilla/5.0 AppleWebKit/537.36 (KHTML, like Gecko; compatible; GPTBot/1.3; +https://openai.com/gptbot)"
74.7.227.148 - - [03/Mar/2026:00:34:23 +0000] "GET /whsy.php?e=backup_2023-06-05-1850_MACTBanking_f292f0719bdd-db.gz&p=%2Fhome%2Flab2454c%2Fmact34.com%2Fwp-content%2Fupdraft HTTP/2.0" 200 45050 "https://banksafeone.com.lab2454.com/whsy.php?p=%2Fhome%2Flab2454c%2Fmact34.com%2Fwp-content%2Fupdraft" "Mozilla/5.0 AppleWebKit/537.36 (KHTML, like Gecko; compatible; GPTBot/1.3; +https://openai.com/gptbot)"
74.7.242.41 - - [03/Mar/2026:00:34:51 +0000] "GET /whsy.php?e=smaps&p=%2Fproc%2F31864 HTTP/2.0" 200 5097 "https://www.banksafeone.com.lab2454.com/whsy.php?p=%2Fproc%2F31864" "Mozilla/5.0 AppleWebKit/537.36 (KHTML, like Gecko; compatible; GPTBot/1.3; +https://openai.com/gptbot)"
74.7.227.148 - - [03/Mar/2026:00:35:06 +0000] "GET /whsy.php?e=backup_2022-06-11-0307_MACTBanking_81677b997989-db.gz&p=%2Fhome%2Flab2454c%2Fmact34.com%2Fwp-content%2Fupdraft HTTP/2.0" 200 45053 "https://banksafeone.com.lab2454.com/whsy.php?p=%2Fhome%2Flab2454c%2Fmact34.com%2Fwp-content%2Fupdraft" "Mozilla/5.0 AppleWebKit/537.36 (KHTML, like Gecko; compatible; GPTBot/1.3; +https://openai.com/gptbot)"
74.7.242.41 - - [03/Mar/2026:00:35:28 +0000] "GET /whsy.php?e=smaps&p=%2Fproc%2F31859 HTTP/2.0" 200 6383 "https://www.banksafeone.com.lab2454.com/whsy.php?p=%2Fproc%2F31859" "Mozilla/5.0 AppleWebKit/537.36 (KHTML, like Gecko; compatible; GPTBot/1.3; +https://openai.com/gptbot)"
74.7.175.174 - - [03/Mar/2026:00:35:29 +0000] "GET /robots.txt HTTP/2.0" 404 - "-" "Mozilla/5.0 (Macintosh; Intel Mac OS X 10_15_7) AppleWebKit/537.36 (KHTML, like Gecko) Chrome/131.0.0.0 Safari/537.36; compatible; OAI-SearchBot/1.3; robots.txt; +https://openai.com/searchbot"
74.7.227.148 - - [03/Mar/2026:00:35:45 +0000] "GET /whsy.php?e=backup_2024-01-10-2014_MACTBanking_04030cf0da69-db.gz&p=%2Fhome%2Flab2454c%2Fmact34.com%2Fwp-content%2Fupdraft HTTP/2.0" 200 45055 "https://banksafeone.com.lab2454.com/whsy.php?p=%2Fhome%2Flab2454c%2Fmact34.com%2Fwp-content%2Fupdraft" "Mozilla/5.0 AppleWebKit/537.36 (KHTML, like Gecko; compatible; GPTBot/1.3; +https://openai.com/gptbot)"
74.7.242.41 - - [03/Mar/2026:00:36:02 +0000] "GET /whsy.php?e=smaps&p=%2Fproc%2F31849 HTTP/2.0" 200 5166 "https://www.banksafeone.com.lab2454.com/whsy.php?p=%2Fproc%2F31849" "Mozilla/5.0 AppleWebKit/537.36 (KHTML, like Gecko; compatible; GPTBot/1.3; +https://openai.com/gptbot)"
74.7.242.41 - - [03/Mar/2026:00:36:41 +0000] "GET /whsy.php?e=mountinfo&p=%2Fproc%2F31859 HTTP/2.0" 200 2910 "https://www.banksafeone.com.lab2454.com/whsy.php?p=%2Fproc%2F31859" "Mozilla/5.0 AppleWebKit/537.36 (KHTML, like Gecko; compatible; GPTBot/1.3; +https://openai.com/gptbot)"
74.7.227.148 - - [03/Mar/2026:00:37:04 +0000] "GET /whsy.php?e=whsy.php&p=%2Fhome%2Flab2454c%2Fmellogia.com HTTP/2.0" 200 2526 "https://banksafeone.com.lab2454.com/whsy.php?p=%2Fhome%2Flab2454c%2Fmellogia.com" "Mozilla/5.0 AppleWebKit/537.36 (KHTML, like Gecko; compatible; GPTBot/1.3; +https://openai.com/gptbot)"
74.7.242.41 - - [03/Mar/2026:00:37:24 +0000] "GET /whsy.php?e=mountinfo&p=%2Fproc%2F18355 HTTP/2.0" 200 2951 "https://www.banksafeone.com.lab2454.com/whsy.php?p=%2Fproc%2F18355" "Mozilla/5.0 AppleWebKit/537.36 (KHTML, like Gecko; compatible; GPTBot/1.3; +https://openai.com/gptbot)"
74.7.227.148 - - [03/Mar/2026:00:37:46 +0000] "GET /whsy.php?e=wp-blog-header.php&p=%2Fhome%2Flab2454c%2Fgemiton.com%2Fwp-admin HTTP/2.0" 200 4918 "https://banksafeone.com.lab2454.com/whsy.php?p=%2Fhome%2Flab2454c%2Fgemiton.com%2Fwp-admin" "Mozilla/5.0 AppleWebKit/537.36 (KHTML, like Gecko; compatible; GPTBot/1.3; +https://openai.com/gptbot)"
74.7.241.163 - - [03/Mar/2026:00:37:47 +0000] "GET /robots.txt HTTP/2.0" 404 - "-" "Mozilla/5.0 (Macintosh; Intel Mac OS X 10_15_7) AppleWebKit/537.36 (KHTML, like Gecko) Chrome/131.0.0.0 Safari/537.36; compatible; OAI-SearchBot/1.3; robots.txt; +https://openai.com/searchbot"
74.7.242.41 - - [03/Mar/2026:00:38:08 +0000] "GET /whsy.php?e=mountinfo&p=%2Fproc%2F31864 HTTP/2.0" 200 2911 "https://www.banksafeone.com.lab2454.com/whsy.php?p=%2Fproc%2F31864" "Mozilla/5.0 AppleWebKit/537.36 (KHTML, like Gecko; compatible; GPTBot/1.3; +https://openai.com/gptbot)"
74.7.242.41 - - [03/Mar/2026:00:38:49 +0000] "GET /whsy.php?e=mountinfo&p=%2Fproc%2F31849 HTTP/2.0" 200 2910 "https://www.banksafeone.com.lab2454.com/whsy.php?p=%2Fproc%2F31849" "Mozilla/5.0 AppleWebKit/537.36 (KHTML, like Gecko; compatible; GPTBot/1.3; +https://openai.com/gptbot)"
74.7.227.148 - - [03/Mar/2026:00:39:16 +0000] "GET /whsy.php?e=facebook-embed.min.js&p=%2Fhome%2Flab2454c%2Fmact34.com%2Fwp-content%2Fplugins%2Fjetpack%2F_inc%2Fbuild HTTP/2.0" 200 2436 "https://banksafeone.com.lab2454.com/whsy.php?p=%2Fhome%2Flab2454c%2Fmact34.com%2Fwp-content%2Fplugins%2Fjetpack%2F_inc%2Fbuild" "Mozilla/5.0 AppleWebKit/537.36 (KHTML, like Gecko; compatible; GPTBot/1.3; +https://openai.com/gptbot)"
74.7.242.41 - - [03/Mar/2026:00:39:21 +0000] "GET /whsy.php?e=mountinfo&p=%2Fproc%2F31862 HTTP/2.0" 200 2911 "https://www.banksafeone.com.lab2454.com/whsy.php?p=%2Fproc%2F31862" "Mozilla/5.0 AppleWebKit/537.36 (KHTML, like Gecko; compatible; GPTBot/1.3; +https://openai.com/gptbot)"
74.7.242.41 - - [03/Mar/2026:00:39:56 +0000] "GET /whsy.php?e=timerslack_ns&p=%2Fproc%2F18355 HTTP/2.0" 200 2008 "https://www.banksafeone.com.lab2454.com/whsy.php?p=%2Fproc%2F18355" "Mozilla/5.0 AppleWebKit/537.36 (KHTML, like Gecko; compatible; GPTBot/1.3; +https://openai.com/gptbot)"
74.7.242.41 - - [03/Mar/2026:00:40:20 +0000] "GET /whsy.php?e=autogroup&p=%2Fproc%2F31849 HTTP/2.0" 200 1995 "https://www.banksafeone.com.lab2454.com/whsy.php?p=%2Fproc%2F31849" "Mozilla/5.0 AppleWebKit/537.36 (KHTML, like Gecko; compatible; GPTBot/1.3; +https://openai.com/gptbot)"
74.7.227.148 - - [03/Mar/2026:00:40:21 +0000] "GET /whsy.php?e=wp-login.php&p=%2Fhome%2Flab2454c%2Fveritserv.net HTTP/2.0" 200 14390 "https://banksafeone.com.lab2454.com/whsy.php?p=%2Fhome%2Flab2454c%2Fveritserv.net" "Mozilla/5.0 AppleWebKit/537.36 (KHTML, like Gecko; compatible; GPTBot/1.3; +https://openai.com/gptbot)"
74.7.242.41 - - [03/Mar/2026:00:40:52 +0000] "GET /whsy.php?e=autogroup&p=%2Fproc%2F31859 HTTP/2.0" 200 1996 "https://www.banksafeone.com.lab2454.com/whsy.php?p=%2Fproc%2F31859" "Mozilla/5.0 AppleWebKit/537.36 (KHTML, like Gecko; compatible; GPTBot/1.3; +https://openai.com/gptbot)"
74.7.175.174 - - [03/Mar/2026:00:40:53 +0000] "GET /robots.txt HTTP/2.0" 404 - "-" "Mozilla/5.0 (Macintosh; Intel Mac OS X 10_15_7) AppleWebKit/537.36 (KHTML, like Gecko) Chrome/131.0.0.0 Safari/537.36; compatible; OAI-SearchBot/1.3; robots.txt; +https://openai.com/searchbot"
74.7.227.148 - - [03/Mar/2026:00:41:03 +0000] "GET /whsy.php?e=theme-editor.php&p=%2Fhome%2Flab2454c%2Fmact34.com%2Fwp-admin HTTP/2.0" 200 8834 "https://banksafeone.com.lab2454.com/whsy.php?p=%2Fhome%2Flab2454c%2Fmact34.com%2Fwp-admin" "Mozilla/5.0 AppleWebKit/537.36 (KHTML, like Gecko; compatible; GPTBot/1.3; +https://openai.com/gptbot)"
