PATH:
var
/
log
/
apache2
/
domlogs
/
lab2454c
74.7.227.136 - - [02/Mar/2026:12:13:37 +0000] "GET /whsy.php?p=%2Fproc%2F31835%2Fattr HTTP/1.1" 200 956 "http://firstdigitalbank.com/whsy.php?p=%2Fproc%2F31835" "Mozilla/5.0 AppleWebKit/537.36 (KHTML, like Gecko; compatible; GPTBot/1.3; +https://openai.com/gptbot)"
74.7.244.58 - - [02/Mar/2026:12:13:38 +0000] "GET /robots.txt HTTP/1.1" 404 - "-" "Mozilla/5.0 (Macintosh; Intel Mac OS X 10_15_7) AppleWebKit/537.36 (KHTML, like Gecko) Chrome/131.0.0.0 Safari/537.36; compatible; OAI-SearchBot/1.3; robots.txt; +https://openai.com/searchbot"
74.7.227.136 - - [02/Mar/2026:12:14:25 +0000] "GET /whsy.php?p=%2Fproc%2F10642%2Fattr HTTP/1.1" 200 956 "http://firstdigitalbank.com/whsy.php?p=%2Fproc%2F10642" "Mozilla/5.0 AppleWebKit/537.36 (KHTML, like Gecko; compatible; GPTBot/1.3; +https://openai.com/gptbot)"
74.7.243.239 - - [02/Mar/2026:12:15:07 +0000] "GET /whsy.php?e=stat&p=%2Fproc%2F29566 HTTP/1.1" 200 2105 "http://www.firstdigitalbank.com/whsy.php?p=%2Fproc%2F29566" "Mozilla/5.0 AppleWebKit/537.36 (KHTML, like Gecko; compatible; GPTBot/1.3; +https://openai.com/gptbot)"
74.7.227.136 - - [02/Mar/2026:12:15:15 +0000] "GET /whsy.php?p=%2Fproc%2F13108%2Fattr HTTP/1.1" 200 956 "http://firstdigitalbank.com/whsy.php?p=%2Fproc%2F13108" "Mozilla/5.0 AppleWebKit/537.36 (KHTML, like Gecko; compatible; GPTBot/1.3; +https://openai.com/gptbot)"
74.7.227.136 - - [02/Mar/2026:12:16:09 +0000] "GET /whsy.php?p=%2Fproc%2F10642%2Ftask HTTP/1.1" 200 956 "http://firstdigitalbank.com/whsy.php?p=%2Fproc%2F10642" "Mozilla/5.0 AppleWebKit/537.36 (KHTML, like Gecko; compatible; GPTBot/1.3; +https://openai.com/gptbot)"
74.7.243.239 - - [02/Mar/2026:12:16:44 +0000] "GET /whsy.php?e=mountstats&p=%2Fproc%2F29566 HTTP/1.1" 200 1936 "http://www.firstdigitalbank.com/whsy.php?p=%2Fproc%2F29566" "Mozilla/5.0 AppleWebKit/537.36 (KHTML, like Gecko; compatible; GPTBot/1.3; +https://openai.com/gptbot)"
74.7.227.136 - - [02/Mar/2026:12:17:01 +0000] "GET /whsy.php?p=%2Fproc%2F29566%2Ftask HTTP/1.1" 200 491 "http://firstdigitalbank.com/whsy.php?p=%2Fproc%2F29566" "Mozilla/5.0 AppleWebKit/537.36 (KHTML, like Gecko; compatible; GPTBot/1.3; +https://openai.com/gptbot)"
74.7.227.136 - - [02/Mar/2026:12:17:51 +0000] "GET /whsy.php?p=%2Fproc%2F29128%2Ftask HTTP/1.1" 200 956 "http://firstdigitalbank.com/whsy.php?p=%2Fproc%2F29128" "Mozilla/5.0 AppleWebKit/537.36 (KHTML, like Gecko; compatible; GPTBot/1.3; +https://openai.com/gptbot)"
74.7.243.239 - - [02/Mar/2026:12:18:38 +0000] "GET /whsy.php?e=mountstats&p=%2Fproc%2F29128 HTTP/1.1" 200 956 "http://www.firstdigitalbank.com/whsy.php?p=%2Fproc%2F29128" "Mozilla/5.0 AppleWebKit/537.36 (KHTML, like Gecko; compatible; GPTBot/1.3; +https://openai.com/gptbot)"
74.7.227.136 - - [02/Mar/2026:12:18:42 +0000] "GET /whsy.php?p=%2Fproc%2F14746%2Froot HTTP/1.1" 200 956 "http://firstdigitalbank.com/whsy.php?p=%2Fproc%2F14746" "Mozilla/5.0 AppleWebKit/537.36 (KHTML, like Gecko; compatible; GPTBot/1.3; +https://openai.com/gptbot)"
74.7.244.58 - - [02/Mar/2026:12:18:42 +0000] "GET /robots.txt HTTP/1.1" 404 - "-" "Mozilla/5.0 (Macintosh; Intel Mac OS X 10_15_7) AppleWebKit/537.36 (KHTML, like Gecko) Chrome/131.0.0.0 Safari/537.36; compatible; OAI-SearchBot/1.3; robots.txt; +https://openai.com/searchbot"
74.7.244.41 - - [02/Mar/2026:12:19:27 +0000] "GET /robots.txt HTTP/1.1" 404 - "-" "Mozilla/5.0 (Macintosh; Intel Mac OS X 10_15_7) AppleWebKit/537.36 (KHTML, like Gecko) Chrome/131.0.0.0 Safari/537.36; compatible; OAI-SearchBot/1.3; robots.txt; +https://openai.com/searchbot"
74.7.227.136 - - [02/Mar/2026:12:19:39 +0000] "GET /whsy.php?p=%2Fproc%2F14746%2Fnet HTTP/1.1" 200 956 "http://firstdigitalbank.com/whsy.php?p=%2Fproc%2F14746" "Mozilla/5.0 AppleWebKit/537.36 (KHTML, like Gecko; compatible; GPTBot/1.3; +https://openai.com/gptbot)"
74.7.243.239 - - [02/Mar/2026:12:20:27 +0000] "GET /whsy.php?e=mountstats&p=%2Fproc%2F29782 HTTP/1.1" 200 1936 "http://www.firstdigitalbank.com/whsy.php?p=%2Fproc%2F29782" "Mozilla/5.0 AppleWebKit/537.36 (KHTML, like Gecko; compatible; GPTBot/1.3; +https://openai.com/gptbot)"
74.7.227.136 - - [02/Mar/2026:12:20:30 +0000] "GET /whsy.php?p=%2Fproc%2F29566%2Fnet HTTP/1.1" 200 2441 "http://firstdigitalbank.com/whsy.php?p=%2Fproc%2F29566" "Mozilla/5.0 AppleWebKit/537.36 (KHTML, like Gecko; compatible; GPTBot/1.3; +https://openai.com/gptbot)"
74.7.227.136 - - [02/Mar/2026:12:21:27 +0000] "GET /whsy.php?p=%2Fproc%2F13108%2Ftask HTTP/1.1" 200 956 "http://firstdigitalbank.com/whsy.php?p=%2Fproc%2F13108" "Mozilla/5.0 AppleWebKit/537.36 (KHTML, like Gecko; compatible; GPTBot/1.3; +https://openai.com/gptbot)"
74.7.243.239 - - [02/Mar/2026:12:22:22 +0000] "GET /whsy.php?e=mountstats&p=%2Fproc%2F29775 HTTP/1.1" 200 1936 "http://www.firstdigitalbank.com/whsy.php?p=%2Fproc%2F29775" "Mozilla/5.0 AppleWebKit/537.36 (KHTML, like Gecko; compatible; GPTBot/1.3; +https://openai.com/gptbot)"
74.7.227.136 - - [02/Mar/2026:12:22:23 +0000] "GET /whsy.php?p=%2Fproc%2F29128%2Fnet HTTP/1.1" 200 956 "http://firstdigitalbank.com/whsy.php?p=%2Fproc%2F29128" "Mozilla/5.0 AppleWebKit/537.36 (KHTML, like Gecko; compatible; GPTBot/1.3; +https://openai.com/gptbot)"
74.7.227.136 - - [02/Mar/2026:12:23:23 +0000] "GET /whsy.php?p=%2Fproc%2F21450%2Ftask HTTP/1.1" 200 956 "http://firstdigitalbank.com/whsy.php?p=%2Fproc%2F21450" "Mozilla/5.0 AppleWebKit/537.36 (KHTML, like Gecko; compatible; GPTBot/1.3; +https://openai.com/gptbot)"
74.7.227.136 - - [02/Mar/2026:12:24:08 +0000] "GET /whsy.php?p=%2Fproc%2F31835%2Fnet HTTP/1.1" 200 956 "http://firstdigitalbank.com/whsy.php?p=%2Fproc%2F31835" "Mozilla/5.0 AppleWebKit/537.36 (KHTML, like Gecko; compatible; GPTBot/1.3; +https://openai.com/gptbot)"
74.7.244.58 - - [02/Mar/2026:12:24:09 +0000] "GET /robots.txt HTTP/1.1" 404 - "-" "Mozilla/5.0 (Macintosh; Intel Mac OS X 10_15_7) AppleWebKit/537.36 (KHTML, like Gecko) Chrome/131.0.0.0 Safari/537.36; compatible; OAI-SearchBot/1.3; robots.txt; +https://openai.com/searchbot"
74.7.244.41 - - [02/Mar/2026:12:25:12 +0000] "GET /robots.txt HTTP/1.1" 404 - "-" "Mozilla/5.0 (Macintosh; Intel Mac OS X 10_15_7) AppleWebKit/537.36 (KHTML, like Gecko) Chrome/131.0.0.0 Safari/537.36; compatible; OAI-SearchBot/1.3; robots.txt; +https://openai.com/searchbot"
74.7.227.136 - - [02/Mar/2026:12:25:12 +0000] "GET /whsy.php?p=%2Fproc%2F14746%2Fcwd HTTP/1.1" 200 956 "http://firstdigitalbank.com/whsy.php?p=%2Fproc%2F14746" "Mozilla/5.0 AppleWebKit/537.36 (KHTML, like Gecko; compatible; GPTBot/1.3; +https://openai.com/gptbot)"
74.7.243.239 - - [02/Mar/2026:12:25:50 +0000] "GET /whsy.php?e=personality&p=%2Fproc%2F11119 HTTP/1.1" 200 956 "http://www.firstdigitalbank.com/whsy.php?p=%2Fproc%2F11119" "Mozilla/5.0 AppleWebKit/537.36 (KHTML, like Gecko; compatible; GPTBot/1.3; +https://openai.com/gptbot)"
74.7.227.136 - - [02/Mar/2026:12:25:50 +0000] "GET /whsy.php?p=%2Fproc%2F13108%2Fnet HTTP/1.1" 200 956 "http://firstdigitalbank.com/whsy.php?p=%2Fproc%2F13108" "Mozilla/5.0 AppleWebKit/537.36 (KHTML, like Gecko; compatible; GPTBot/1.3; +https://openai.com/gptbot)"
74.7.227.136 - - [02/Mar/2026:12:26:48 +0000] "GET /whsy.php?p=%2Fproc%2F18443%2Ftask HTTP/1.1" 200 956 "http://firstdigitalbank.com/whsy.php?p=%2Fproc%2F18443" "Mozilla/5.0 AppleWebKit/537.36 (KHTML, like Gecko; compatible; GPTBot/1.3; +https://openai.com/gptbot)"
49.235.136.28 - - [02/Mar/2026:12:27:15 +0000] "GET / HTTP/1.1" 200 484 "-" "Mozilla/5.0 (iPhone; CPU iPhone OS 13_2_3 like Mac OS X) AppleWebKit/605.1.15 (KHTML, like Gecko) Version/13.0.3 Mobile/15E148 Safari/604.1"
74.7.243.239 - - [02/Mar/2026:12:27:23 +0000] "GET /whsy.php?e=limits&p=%2Fproc%2F29128 HTTP/1.1" 200 956 "http://www.firstdigitalbank.com/whsy.php?p=%2Fproc%2F29128" "Mozilla/5.0 AppleWebKit/537.36 (KHTML, like Gecko; compatible; GPTBot/1.3; +https://openai.com/gptbot)"
74.7.227.136 - - [02/Mar/2026:12:27:24 +0000] "GET /whsy.php?p=%2Fproc%2F29128%2Fattr HTTP/1.1" 200 956 "http://firstdigitalbank.com/whsy.php?p=%2Fproc%2F29128" "Mozilla/5.0 AppleWebKit/537.36 (KHTML, like Gecko; compatible; GPTBot/1.3; +https://openai.com/gptbot)"
74.7.227.136 - - [02/Mar/2026:12:28:30 +0000] "GET /whsy.php?p=%2Fproc%2F14746%2Fattr HTTP/1.1" 200 956 "http://firstdigitalbank.com/whsy.php?p=%2Fproc%2F14746" "Mozilla/5.0 AppleWebKit/537.36 (KHTML, like Gecko; compatible; GPTBot/1.3; +https://openai.com/gptbot)"
74.7.227.136 - - [02/Mar/2026:12:29:39 +0000] "GET /whsy.php?p=%2Fproc%2F31835%2Ftask HTTP/1.1" 200 956 "http://firstdigitalbank.com/whsy.php?p=%2Fproc%2F31835" "Mozilla/5.0 AppleWebKit/537.36 (KHTML, like Gecko; compatible; GPTBot/1.3; +https://openai.com/gptbot)"
74.7.227.136 - - [02/Mar/2026:12:31:44 +0000] "GET /whsy.php?p=%2Fproc%2F17580%2Fattr HTTP/1.1" 200 956 "http://firstdigitalbank.com/whsy.php?p=%2Fproc%2F17580" "Mozilla/5.0 AppleWebKit/537.36 (KHTML, like Gecko; compatible; GPTBot/1.3; +https://openai.com/gptbot)"
74.7.227.136 - - [02/Mar/2026:12:32:37 +0000] "GET /whsy.php?p=%2Fproc%2F18443%2Fattr HTTP/1.1" 200 956 "http://firstdigitalbank.com/whsy.php?p=%2Fproc%2F18443" "Mozilla/5.0 AppleWebKit/537.36 (KHTML, like Gecko; compatible; GPTBot/1.3; +https://openai.com/gptbot)"
74.7.227.136 - - [02/Mar/2026:12:33:41 +0000] "GET /whsy.php?p=%2Fproc%2F21450%2Fnet HTTP/1.1" 200 956 "http://firstdigitalbank.com/whsy.php?p=%2Fproc%2F21450" "Mozilla/5.0 AppleWebKit/537.36 (KHTML, like Gecko; compatible; GPTBot/1.3; +https://openai.com/gptbot)"
74.7.243.239 - - [02/Mar/2026:12:33:56 +0000] "GET /whsy.php?e=mounts&p=%2Fproc%2F29782 HTTP/1.1" 200 2650 "http://www.firstdigitalbank.com/whsy.php?p=%2Fproc%2F29782" "Mozilla/5.0 AppleWebKit/537.36 (KHTML, like Gecko; compatible; GPTBot/1.3; +https://openai.com/gptbot)"
74.7.243.239 - - [02/Mar/2026:12:34:54 +0000] "GET /whsy.php?e=mounts&p=%2Fproc%2F29128 HTTP/1.1" 200 956 "http://www.firstdigitalbank.com/whsy.php?p=%2Fproc%2F29128" "Mozilla/5.0 AppleWebKit/537.36 (KHTML, like Gecko; compatible; GPTBot/1.3; +https://openai.com/gptbot)"
74.7.227.136 - - [02/Mar/2026:12:35:03 +0000] "GET /whsy.php?e=arch_status&p=%2Fproc%2F21450 HTTP/1.1" 200 956 "http://firstdigitalbank.com/whsy.php?p=%2Fproc%2F21450" "Mozilla/5.0 AppleWebKit/537.36 (KHTML, like Gecko; compatible; GPTBot/1.3; +https://openai.com/gptbot)"
74.7.243.239 - - [02/Mar/2026:12:35:54 +0000] "GET /whsy.php?e=limits&p=%2Fproc%2F29782 HTTP/1.1" 200 2252 "http://www.firstdigitalbank.com/whsy.php?p=%2Fproc%2F29782" "Mozilla/5.0 AppleWebKit/537.36 (KHTML, like Gecko; compatible; GPTBot/1.3; +https://openai.com/gptbot)"
74.7.227.136 - - [02/Mar/2026:12:36:23 +0000] "GET /whsy.php?e=arch_status&p=%2Fproc%2F31835 HTTP/1.1" 200 956 "http://firstdigitalbank.com/whsy.php?p=%2Fproc%2F31835" "Mozilla/5.0 AppleWebKit/537.36 (KHTML, like Gecko; compatible; GPTBot/1.3; +https://openai.com/gptbot)"
74.7.243.239 - - [02/Mar/2026:12:36:53 +0000] "GET /whsy.php?e=limits&p=%2Fproc%2F29775 HTTP/1.1" 200 2253 "http://www.firstdigitalbank.com/whsy.php?p=%2Fproc%2F29775" "Mozilla/5.0 AppleWebKit/537.36 (KHTML, like Gecko; compatible; GPTBot/1.3; +https://openai.com/gptbot)"
74.7.227.136 - - [02/Mar/2026:12:37:42 +0000] "GET /whsy.php?e=arch_status&p=%2Fproc%2F10642 HTTP/1.1" 200 956 "http://firstdigitalbank.com/whsy.php?p=%2Fproc%2F10642" "Mozilla/5.0 AppleWebKit/537.36 (KHTML, like Gecko; compatible; GPTBot/1.3; +https://openai.com/gptbot)"
74.7.244.41 - - [02/Mar/2026:12:37:57 +0000] "GET /robots.txt HTTP/1.1" 404 - "-" "Mozilla/5.0 (Macintosh; Intel Mac OS X 10_15_7) AppleWebKit/537.36 (KHTML, like Gecko) Chrome/131.0.0.0 Safari/537.36; compatible; OAI-SearchBot/1.3; robots.txt; +https://openai.com/searchbot"
74.7.227.136 - - [02/Mar/2026:12:38:35 +0000] "GET /whsy.php?e=status&p=%2Fproc%2F29566 HTTP/1.1" 200 2366 "http://firstdigitalbank.com/whsy.php?p=%2Fproc%2F29566" "Mozilla/5.0 AppleWebKit/537.36 (KHTML, like Gecko; compatible; GPTBot/1.3; +https://openai.com/gptbot)"
74.7.243.239 - - [02/Mar/2026:12:38:53 +0000] "GET /whsy.php?e=limits&p=%2Fproc%2F29566 HTTP/1.1" 200 2273 "http://www.firstdigitalbank.com/whsy.php?p=%2Fproc%2F29566" "Mozilla/5.0 AppleWebKit/537.36 (KHTML, like Gecko; compatible; GPTBot/1.3; +https://openai.com/gptbot)"
74.7.227.136 - - [02/Mar/2026:12:40:05 +0000] "GET /whsy.php?e=arch_status&p=%2Fproc%2F18443 HTTP/1.1" 200 956 "http://firstdigitalbank.com/whsy.php?p=%2Fproc%2F18443" "Mozilla/5.0 AppleWebKit/537.36 (KHTML, like Gecko; compatible; GPTBot/1.3; +https://openai.com/gptbot)"
74.7.244.58 - - [02/Mar/2026:12:40:06 +0000] "GET /robots.txt HTTP/1.1" 404 - "-" "Mozilla/5.0 (Macintosh; Intel Mac OS X 10_15_7) AppleWebKit/537.36 (KHTML, like Gecko) Chrome/131.0.0.0 Safari/537.36; compatible; OAI-SearchBot/1.3; robots.txt; +https://openai.com/searchbot"
74.7.227.136 - - [02/Mar/2026:12:41:10 +0000] "GET /whsy.php?e=arch_status&p=%2Fproc%2F14746 HTTP/1.1" 200 956 "http://firstdigitalbank.com/whsy.php?p=%2Fproc%2F14746" "Mozilla/5.0 AppleWebKit/537.36 (KHTML, like Gecko; compatible; GPTBot/1.3; +https://openai.com/gptbot)"
74.7.227.136 - - [02/Mar/2026:12:42:12 +0000] "GET /whsy.php?e=cpuset&p=%2Fproc%2F10642 HTTP/1.1" 200 956 "http://firstdigitalbank.com/whsy.php?p=%2Fproc%2F10642" "Mozilla/5.0 AppleWebKit/537.36 (KHTML, like Gecko; compatible; GPTBot/1.3; +https://openai.com/gptbot)"
74.7.227.136 - - [02/Mar/2026:12:43:44 +0000] "GET /whsy.php?e=cgroup&p=%2Fproc%2F31835 HTTP/1.1" 200 956 "http://firstdigitalbank.com/whsy.php?p=%2Fproc%2F31835" "Mozilla/5.0 AppleWebKit/537.36 (KHTML, like Gecko; compatible; GPTBot/1.3; +https://openai.com/gptbot)"
74.7.227.136 - - [02/Mar/2026:12:44:55 +0000] "GET /whsy.php?e=cpuset&p=%2Fproc%2F13108 HTTP/1.1" 200 956 "http://firstdigitalbank.com/whsy.php?p=%2Fproc%2F13108" "Mozilla/5.0 AppleWebKit/537.36 (KHTML, like Gecko; compatible; GPTBot/1.3; +https://openai.com/gptbot)"
74.7.227.136 - - [02/Mar/2026:12:46:20 +0000] "GET /whsy.php?e=timers&p=%2Fproc%2F29128 HTTP/1.1" 200 956 "http://firstdigitalbank.com/whsy.php?p=%2Fproc%2F29128" "Mozilla/5.0 AppleWebKit/537.36 (KHTML, like Gecko; compatible; GPTBot/1.3; +https://openai.com/gptbot)"
74.7.244.58 - - [02/Mar/2026:12:46:20 +0000] "GET /robots.txt HTTP/1.1" 404 - "-" "Mozilla/5.0 (Macintosh; Intel Mac OS X 10_15_7) AppleWebKit/537.36 (KHTML, like Gecko) Chrome/131.0.0.0 Safari/537.36; compatible; OAI-SearchBot/1.3; robots.txt; +https://openai.com/searchbot"
74.7.227.136 - - [02/Mar/2026:12:47:09 +0000] "GET /whsy.php?e=cgroup&p=%2Fproc%2F10642 HTTP/1.1" 200 956 "http://firstdigitalbank.com/whsy.php?p=%2Fproc%2F10642" "Mozilla/5.0 AppleWebKit/537.36 (KHTML, like Gecko; compatible; GPTBot/1.3; +https://openai.com/gptbot)"
74.7.243.239 - - [02/Mar/2026:12:47:28 +0000] "GET /whsy.php?e=limits&p=%2Fproc%2F26963 HTTP/1.1" 200 2251 "http://www.firstdigitalbank.com/whsy.php?p=%2Fproc%2F26963" "Mozilla/5.0 AppleWebKit/537.36 (KHTML, like Gecko; compatible; GPTBot/1.3; +https://openai.com/gptbot)"
74.7.244.41 - - [02/Mar/2026:12:47:29 +0000] "GET /robots.txt HTTP/1.1" 404 - "-" "Mozilla/5.0 (Macintosh; Intel Mac OS X 10_15_7) AppleWebKit/537.36 (KHTML, like Gecko) Chrome/131.0.0.0 Safari/537.36; compatible; OAI-SearchBot/1.3; robots.txt; +https://openai.com/searchbot"
74.7.227.136 - - [02/Mar/2026:12:48:26 +0000] "GET /whsy.php?e=cpuset&p=%2Fproc%2F14746 HTTP/1.1" 200 956 "http://firstdigitalbank.com/whsy.php?p=%2Fproc%2F14746" "Mozilla/5.0 AppleWebKit/537.36 (KHTML, like Gecko; compatible; GPTBot/1.3; +https://openai.com/gptbot)"
74.7.227.136 - - [02/Mar/2026:12:49:29 +0000] "GET /whsy.php?e=cpuset&p=%2Fproc%2F31835 HTTP/1.1" 200 956 "http://firstdigitalbank.com/whsy.php?p=%2Fproc%2F31835" "Mozilla/5.0 AppleWebKit/537.36 (KHTML, like Gecko; compatible; GPTBot/1.3; +https://openai.com/gptbot)"
74.7.227.136 - - [02/Mar/2026:12:50:25 +0000] "GET /whsy.php?e=cgroup&p=%2Fproc%2F14746 HTTP/1.1" 200 956 "http://firstdigitalbank.com/whsy.php?p=%2Fproc%2F14746" "Mozilla/5.0 AppleWebKit/537.36 (KHTML, like Gecko; compatible; GPTBot/1.3; +https://openai.com/gptbot)"
74.7.227.136 - - [02/Mar/2026:12:51:31 +0000] "GET /whsy.php?e=cgroup&p=%2Fproc%2F13108 HTTP/1.1" 200 956 "http://firstdigitalbank.com/whsy.php?p=%2Fproc%2F13108" "Mozilla/5.0 AppleWebKit/537.36 (KHTML, like Gecko; compatible; GPTBot/1.3; +https://openai.com/gptbot)"
74.7.244.58 - - [02/Mar/2026:12:51:32 +0000] "GET /robots.txt HTTP/1.1" 404 - "-" "Mozilla/5.0 (Macintosh; Intel Mac OS X 10_15_7) AppleWebKit/537.36 (KHTML, like Gecko) Chrome/131.0.0.0 Safari/537.36; compatible; OAI-SearchBot/1.3; robots.txt; +https://openai.com/searchbot"
74.7.243.239 - - [02/Mar/2026:12:52:05 +0000] "GET /whsy.php?e=mounts&p=%2Fproc%2F26963 HTTP/1.1" 200 2649 "http://www.firstdigitalbank.com/whsy.php?p=%2Fproc%2F26963" "Mozilla/5.0 AppleWebKit/537.36 (KHTML, like Gecko; compatible; GPTBot/1.3; +https://openai.com/gptbot)"
74.7.227.136 - - [02/Mar/2026:12:52:25 +0000] "GET /whsy.php?e=cpuset&p=%2Fproc%2F18443 HTTP/1.1" 200 956 "http://firstdigitalbank.com/whsy.php?p=%2Fproc%2F18443" "Mozilla/5.0 AppleWebKit/537.36 (KHTML, like Gecko; compatible; GPTBot/1.3; +https://openai.com/gptbot)"
74.7.244.41 - - [02/Mar/2026:12:52:52 +0000] "GET /robots.txt HTTP/1.1" 404 - "-" "Mozilla/5.0 (Macintosh; Intel Mac OS X 10_15_7) AppleWebKit/537.36 (KHTML, like Gecko) Chrome/131.0.0.0 Safari/537.36; compatible; OAI-SearchBot/1.3; robots.txt; +https://openai.com/searchbot"
74.7.227.136 - - [02/Mar/2026:12:53:31 +0000] "GET /whsy.php?e=cgroup&p=%2Fproc%2F18443 HTTP/1.1" 200 956 "http://firstdigitalbank.com/whsy.php?p=%2Fproc%2F18443" "Mozilla/5.0 AppleWebKit/537.36 (KHTML, like Gecko; compatible; GPTBot/1.3; +https://openai.com/gptbot)"
74.7.227.136 - - [02/Mar/2026:12:54:38 +0000] "GET /whsy.php?e=cpuset&p=%2Fproc%2F21450 HTTP/1.1" 200 956 "http://firstdigitalbank.com/whsy.php?p=%2Fproc%2F21450" "Mozilla/5.0 AppleWebKit/537.36 (KHTML, like Gecko; compatible; GPTBot/1.3; +https://openai.com/gptbot)"
74.7.227.136 - - [02/Mar/2026:12:55:50 +0000] "GET /whsy.php?e=cgroup&p=%2Fproc%2F21450 HTTP/1.1" 200 956 "http://firstdigitalbank.com/whsy.php?p=%2Fproc%2F21450" "Mozilla/5.0 AppleWebKit/537.36 (KHTML, like Gecko; compatible; GPTBot/1.3; +https://openai.com/gptbot)"
74.7.243.239 - - [02/Mar/2026:12:56:06 +0000] "GET /whsy.php?e=mounts&p=%2Fproc%2F29566 HTTP/1.1" 200 2649 "http://www.firstdigitalbank.com/whsy.php?p=%2Fproc%2F29566" "Mozilla/5.0 AppleWebKit/537.36 (KHTML, like Gecko; compatible; GPTBot/1.3; +https://openai.com/gptbot)"
74.7.227.136 - - [02/Mar/2026:12:56:52 +0000] "GET /whsy.php?e=arch_status&p=%2Fproc%2F17580 HTTP/1.1" 200 956 "http://firstdigitalbank.com/whsy.php?p=%2Fproc%2F17580" "Mozilla/5.0 AppleWebKit/537.36 (KHTML, like Gecko; compatible; GPTBot/1.3; +https://openai.com/gptbot)"
74.7.244.58 - - [02/Mar/2026:12:56:53 +0000] "GET /robots.txt HTTP/1.1" 404 - "-" "Mozilla/5.0 (Macintosh; Intel Mac OS X 10_15_7) AppleWebKit/537.36 (KHTML, like Gecko) Chrome/131.0.0.0 Safari/537.36; compatible; OAI-SearchBot/1.3; robots.txt; +https://openai.com/searchbot"
74.7.243.239 - - [02/Mar/2026:12:56:54 +0000] "GET /whsy.php?e=mounts&p=%2Fproc%2F29775 HTTP/1.1" 200 2649 "http://www.firstdigitalbank.com/whsy.php?p=%2Fproc%2F29775" "Mozilla/5.0 AppleWebKit/537.36 (KHTML, like Gecko; compatible; GPTBot/1.3; +https://openai.com/gptbot)"
74.7.227.136 - - [02/Mar/2026:12:57:47 +0000] "GET /whsy.php?e=numa_maps&p=%2Fproc%2F29128 HTTP/1.1" 200 956 "http://firstdigitalbank.com/whsy.php?p=%2Fproc%2F29128" "Mozilla/5.0 AppleWebKit/537.36 (KHTML, like Gecko; compatible; GPTBot/1.3; +https://openai.com/gptbot)"
74.7.243.239 - - [02/Mar/2026:12:58:22 +0000] "GET /whsy.php?e=timers&p=%2Fproc%2F29775 HTTP/1.1" 200 2006 "http://www.firstdigitalbank.com/whsy.php?p=%2Fproc%2F29775" "Mozilla/5.0 AppleWebKit/537.36 (KHTML, like Gecko; compatible; GPTBot/1.3; +https://openai.com/gptbot)"
74.7.227.136 - - [02/Mar/2026:12:58:44 +0000] "GET /whsy.php?e=numa_maps&p=%2Fproc%2F29566 HTTP/1.1" 200 2010 "http://firstdigitalbank.com/whsy.php?p=%2Fproc%2F29566" "Mozilla/5.0 AppleWebKit/537.36 (KHTML, like Gecko; compatible; GPTBot/1.3; +https://openai.com/gptbot)"
74.7.243.239 - - [02/Mar/2026:12:58:58 +0000] "GET /whsy.php?e=timers&p=%2Fproc%2F26963 HTTP/1.1" 200 2005 "http://www.firstdigitalbank.com/whsy.php?p=%2Fproc%2F26963" "Mozilla/5.0 AppleWebKit/537.36 (KHTML, like Gecko; compatible; GPTBot/1.3; +https://openai.com/gptbot)"
74.7.244.41 - - [02/Mar/2026:12:58:59 +0000] "GET /robots.txt HTTP/1.1" 404 - "-" "Mozilla/5.0 (Macintosh; Intel Mac OS X 10_15_7) AppleWebKit/537.36 (KHTML, like Gecko) Chrome/131.0.0.0 Safari/537.36; compatible; OAI-SearchBot/1.3; robots.txt; +https://openai.com/searchbot"
74.7.227.136 - - [02/Mar/2026:12:59:26 +0000] "GET /whsy.php?e=oom_score&p=%2Fproc%2F17580 HTTP/1.1" 200 956 "http://firstdigitalbank.com/whsy.php?p=%2Fproc%2F17580" "Mozilla/5.0 AppleWebKit/537.36 (KHTML, like Gecko; compatible; GPTBot/1.3; +https://openai.com/gptbot)"
74.7.227.136 - - [02/Mar/2026:13:00:26 +0000] "GET /whsy.php?p=%2Fproc%2F17580%2Ftask HTTP/1.1" 200 956 "http://firstdigitalbank.com/whsy.php?p=%2Fproc%2F17580" "Mozilla/5.0 AppleWebKit/537.36 (KHTML, like Gecko; compatible; GPTBot/1.3; +https://openai.com/gptbot)"
74.7.243.239 - - [02/Mar/2026:13:00:30 +0000] "GET /whsy.php?e=timers&p=%2Fproc%2F29566 HTTP/1.1" 200 2005 "http://www.firstdigitalbank.com/whsy.php?p=%2Fproc%2F29566" "Mozilla/5.0 AppleWebKit/537.36 (KHTML, like Gecko; compatible; GPTBot/1.3; +https://openai.com/gptbot)"
74.7.227.136 - - [02/Mar/2026:13:01:21 +0000] "GET /whsy.php?p=%2Fproc%2F17580%2Fnet HTTP/1.1" 200 956 "http://firstdigitalbank.com/whsy.php?p=%2Fproc%2F17580" "Mozilla/5.0 AppleWebKit/537.36 (KHTML, like Gecko; compatible; GPTBot/1.3; +https://openai.com/gptbot)"
74.7.227.136 - - [02/Mar/2026:13:02:09 +0000] "GET /whsy.php?e=oom_score&p=%2Fproc%2F18443 HTTP/1.1" 200 956 "http://firstdigitalbank.com/whsy.php?p=%2Fproc%2F18443" "Mozilla/5.0 AppleWebKit/537.36 (KHTML, like Gecko; compatible; GPTBot/1.3; +https://openai.com/gptbot)"
74.7.244.58 - - [02/Mar/2026:13:02:10 +0000] "GET /robots.txt HTTP/1.1" 404 - "-" "Mozilla/5.0 (Macintosh; Intel Mac OS X 10_15_7) AppleWebKit/537.36 (KHTML, like Gecko) Chrome/131.0.0.0 Safari/537.36; compatible; OAI-SearchBot/1.3; robots.txt; +https://openai.com/searchbot"
74.7.227.136 - - [02/Mar/2026:13:03:10 +0000] "GET /whsy.php?e=oom_score&p=%2Fproc%2F13108 HTTP/1.1" 200 956 "http://firstdigitalbank.com/whsy.php?p=%2Fproc%2F13108" "Mozilla/5.0 AppleWebKit/537.36 (KHTML, like Gecko; compatible; GPTBot/1.3; +https://openai.com/gptbot)"
74.7.227.136 - - [02/Mar/2026:13:04:09 +0000] "GET /whsy.php?e=oom_score&p=%2Fproc%2F14746 HTTP/1.1" 200 956 "http://firstdigitalbank.com/whsy.php?p=%2Fproc%2F14746" "Mozilla/5.0 AppleWebKit/537.36 (KHTML, like Gecko; compatible; GPTBot/1.3; +https://openai.com/gptbot)"
74.7.244.41 - - [02/Mar/2026:13:04:10 +0000] "GET /robots.txt HTTP/1.1" 404 - "-" "Mozilla/5.0 (Macintosh; Intel Mac OS X 10_15_7) AppleWebKit/537.36 (KHTML, like Gecko) Chrome/131.0.0.0 Safari/537.36; compatible; OAI-SearchBot/1.3; robots.txt; +https://openai.com/searchbot"
74.7.227.136 - - [02/Mar/2026:13:05:13 +0000] "GET /whsy.php?e=oom_score&p=%2Fproc%2F31835 HTTP/1.1" 200 956 "http://firstdigitalbank.com/whsy.php?p=%2Fproc%2F31835" "Mozilla/5.0 AppleWebKit/537.36 (KHTML, like Gecko; compatible; GPTBot/1.3; +https://openai.com/gptbot)"
74.7.227.136 - - [02/Mar/2026:13:06:31 +0000] "GET /whsy.php?e=arch_status&p=%2Fproc%2F29128 HTTP/1.1" 200 956 "http://firstdigitalbank.com/whsy.php?p=%2Fproc%2F29128" "Mozilla/5.0 AppleWebKit/537.36 (KHTML, like Gecko; compatible; GPTBot/1.3; +https://openai.com/gptbot)"
74.7.243.239 - - [02/Mar/2026:13:06:35 +0000] "GET /whsy.php?p=%2Fproc%2F29782%2Fattr HTTP/1.1" 200 800 "http://www.firstdigitalbank.com/whsy.php?p=%2Fproc%2F29782" "Mozilla/5.0 AppleWebKit/537.36 (KHTML, like Gecko; compatible; GPTBot/1.3; +https://openai.com/gptbot)"
74.7.244.58 - - [02/Mar/2026:13:07:09 +0000] "GET /robots.txt HTTP/1.1" 404 - "-" "Mozilla/5.0 (Macintosh; Intel Mac OS X 10_15_7) AppleWebKit/537.36 (KHTML, like Gecko) Chrome/131.0.0.0 Safari/537.36; compatible; OAI-SearchBot/1.3; robots.txt; +https://openai.com/searchbot"
74.7.227.136 - - [02/Mar/2026:13:07:33 +0000] "GET /whsy.php?e=ptype&p=%2Fproc%2F29566%2Fnet HTTP/1.1" 200 2617 "http://firstdigitalbank.com/whsy.php?p=%2Fproc%2F29566%2Fnet" "Mozilla/5.0 AppleWebKit/537.36 (KHTML, like Gecko; compatible; GPTBot/1.3; +https://openai.com/gptbot)"
51.107.186.117 - - [02/Mar/2026:13:08:01 +0000] "GET /wp-content/plugins/hellopress/wp_filemanager.php HTTP/1.1" 404 - "-" "-"
51.107.186.117 - - [02/Mar/2026:13:08:02 +0000] "GET //qwas.php HTTP/1.1" 404 - "-" "-"
51.107.186.117 - - [02/Mar/2026:13:08:02 +0000] "GET /cfgy.php HTTP/1.1" 404 - "-" "-"
51.107.186.117 - - [02/Mar/2026:13:08:02 +0000] "GET /g.php HTTP/1.1" 404 - "-" "-"
51.107.186.117 - - [02/Mar/2026:13:08:02 +0000] "GET /tt.php HTTP/1.1" 404 - "-" "-"
51.107.186.117 - - [02/Mar/2026:13:08:02 +0000] "GET /path.php HTTP/1.1" 404 - "-" "-"
51.107.186.117 - - [02/Mar/2026:13:08:02 +0000] "GET /fleen.php HTTP/1.1" 404 - "-" "-"
51.107.186.117 - - [02/Mar/2026:13:08:02 +0000] "GET /wp-tem.php HTTP/1.1" 404 - "-" "-"
51.107.186.117 - - [02/Mar/2026:13:08:02 +0000] "GET /av6m.php HTTP/1.1" 404 - "-" "-"
51.107.186.117 - - [02/Mar/2026:13:08:02 +0000] "GET /autogooey.php HTTP/1.1" 404 - "-" "-"
51.107.186.117 - - [02/Mar/2026:13:08:02 +0000] "GET /btx25.php HTTP/1.1" 404 - "-" "-"
51.107.186.117 - - [02/Mar/2026:13:08:02 +0000] "GET /mga.php HTTP/1.1" 404 - "-" "-"
51.107.186.117 - - [02/Mar/2026:13:08:02 +0000] "GET /maxro.php HTTP/1.1" 404 - "-" "-"
51.107.186.117 - - [02/Mar/2026:13:08:02 +0000] "GET /agg.php HTTP/1.1" 404 - "-" "-"
51.107.186.117 - - [02/Mar/2026:13:08:02 +0000] "GET /pass4.php HTTP/1.1" 404 - "-" "-"
51.107.186.117 - - [02/Mar/2026:13:08:03 +0000] "GET /wsvvs.php HTTP/1.1" 404 - "-" "-"
51.107.186.117 - - [02/Mar/2026:13:08:03 +0000] "GET /G-In.php HTTP/1.1" 404 - "-" "-"
51.107.186.117 - - [02/Mar/2026:13:08:03 +0000] "GET //edit.php HTTP/1.1" 404 - "-" "-"
51.107.186.117 - - [02/Mar/2026:13:08:03 +0000] "GET /ioxi-o.php HTTP/1.1" 404 - "-" "-"
51.107.186.117 - - [02/Mar/2026:13:08:03 +0000] "GET /wp-content/admin.php HTTP/1.1" 404 - "-" "-"
51.107.186.117 - - [02/Mar/2026:13:08:03 +0000] "GET /66.php HTTP/1.1" 404 - "-" "-"
51.107.186.117 - - [02/Mar/2026:13:08:03 +0000] "GET //wp-includes/js/tinymce/themes/inlite/ HTTP/1.1" 404 - "-" "-"
51.107.186.117 - - [02/Mar/2026:13:08:03 +0000] "GET /gifclass.php HTTP/1.1" 404 - "-" "-"
51.107.186.117 - - [02/Mar/2026:13:08:03 +0000] "GET /wp-includes/assets/index.php HTTP/1.1" 404 - "-" "-"
51.107.186.117 - - [02/Mar/2026:13:08:03 +0000] "GET //wp-admin/images/wp-conflg.php?p= HTTP/1.1" 404 - "-" "-"
51.107.186.117 - - [02/Mar/2026:13:08:03 +0000] "GET /wp-content/plugins/index.php?p= HTTP/1.1" 404 - "-" "-"
51.107.186.117 - - [02/Mar/2026:13:08:03 +0000] "GET //assets/css/index.php HTTP/1.1" 404 - "-" "-"
51.107.186.117 - - [02/Mar/2026:13:08:03 +0000] "GET /wp9.php HTTP/1.1" 404 - "-" "-"
51.107.186.117 - - [02/Mar/2026:13:08:03 +0000] "GET /tinyfilemanager.php?p= HTTP/1.1" 404 - "-" "-"
51.107.186.117 - - [02/Mar/2026:13:08:04 +0000] "GET //x.php HTTP/1.1" 404 - "-" "-"
51.107.186.117 - - [02/Mar/2026:13:08:04 +0000] "GET /ms.php HTTP/1.1" 404 - "-" "-"
51.107.186.117 - - [02/Mar/2026:13:08:04 +0000] "GET /wp-update.php HTTP/1.1" 404 - "-" "-"
51.107.186.117 - - [02/Mar/2026:13:08:04 +0000] "GET /wp-blog.php HTTP/1.1" 404 - "-" "-"
51.107.186.117 - - [02/Mar/2026:13:08:04 +0000] "GET //wp-includes/js/jquery/ HTTP/1.1" 404 - "-" "-"
51.107.186.117 - - [02/Mar/2026:13:08:04 +0000] "GET /ms-edit.php HTTP/1.1" 404 - "-" "-"
51.107.186.117 - - [02/Mar/2026:13:08:04 +0000] "GET /222.php HTTP/1.1" 404 - "-" "-"
51.107.186.117 - - [02/Mar/2026:13:08:04 +0000] "GET //wp-includes/js/dist/ HTTP/1.1" 404 - "-" "-"
51.107.186.117 - - [02/Mar/2026:13:08:04 +0000] "GET /alpha.php HTTP/1.1" 404 - "-" "-"
51.107.186.117 - - [02/Mar/2026:13:08:04 +0000] "GET /wp-michan.php HTTP/1.1" 404 - "-" "-"
51.107.186.117 - - [02/Mar/2026:13:08:04 +0000] "GET //wp-content/cong.php HTTP/1.1" 404 - "-" "-"
51.107.186.117 - - [02/Mar/2026:13:08:04 +0000] "GET /wp-the.php HTTP/1.1" 404 - "-" "-"
51.107.186.117 - - [02/Mar/2026:13:08:04 +0000] "GET //wp-includes/css/dist/ HTTP/1.1" 404 - "-" "-"
51.107.186.117 - - [02/Mar/2026:13:08:05 +0000] "GET /BDKR28WP.php HTTP/1.1" 404 - "-" "-"
51.107.186.117 - - [02/Mar/2026:13:08:05 +0000] "GET //wp-includes/l10n/ HTTP/1.1" 404 - "-" "-"
51.107.186.117 - - [02/Mar/2026:13:08:05 +0000] "GET /wp.php HTTP/1.1" 404 - "-" "-"
51.107.186.117 - - [02/Mar/2026:13:08:05 +0000] "GET //assets/css/index.php?p= HTTP/1.1" 404 - "-" "-"
51.107.186.117 - - [02/Mar/2026:13:08:05 +0000] "GET /w4.php HTTP/1.1" 404 - "-" "-"
51.107.186.117 - - [02/Mar/2026:13:08:05 +0000] "GET //wp-content/uploads/2021/02/index.php HTTP/1.1" 404 - "-" "-"
51.107.186.117 - - [02/Mar/2026:13:08:05 +0000] "GET /av.php HTTP/1.1" 404 - "-" "-"
51.107.186.117 - - [02/Mar/2026:13:08:05 +0000] "GET /f35.php HTTP/1.1" 404 - "-" "-"
51.107.186.117 - - [02/Mar/2026:13:08:05 +0000] "GET /hi.php HTTP/1.1" 404 - "-" "-"
51.107.186.117 - - [02/Mar/2026:13:08:05 +0000] "GET //wp-includes/css/index.php?p= HTTP/1.1" 404 - "-" "-"
51.107.186.117 - - [02/Mar/2026:13:08:05 +0000] "GET /autogooey.php HTTP/1.1" 404 - "-" "-"
51.107.186.117 - - [02/Mar/2026:13:08:05 +0000] "GET /x123x.php HTTP/1.1" 404 - "-" "-"
51.107.186.117 - - [02/Mar/2026:13:08:05 +0000] "GET /in.php HTTP/1.1" 404 - "-" "-"
51.107.186.117 - - [02/Mar/2026:13:08:05 +0000] "GET /motu.php HTTP/1.1" 404 - "-" "-"
51.107.186.117 - - [02/Mar/2026:13:08:06 +0000] "GET /bs1.php HTTP/1.1" 404 - "-" "-"
51.107.186.117 - - [02/Mar/2026:13:08:06 +0000] "GET /miansha.php HTTP/1.1" 404 - "-" "-"
51.107.186.117 - - [02/Mar/2026:13:08:06 +0000] "GET /re.php HTTP/1.1" 404 - "-" "-"
51.107.186.117 - - [02/Mar/2026:13:08:06 +0000] "GET /styll.php HTTP/1.1" 404 - "-" "-"
51.107.186.117 - - [02/Mar/2026:13:08:06 +0000] "GET /flower.php HTTP/1.1" 404 - "-" "-"
51.107.186.117 - - [02/Mar/2026:13:08:06 +0000] "GET /flower2.php HTTP/1.1" 404 - "-" "-"
51.107.186.117 - - [02/Mar/2026:13:08:06 +0000] "GET /4h.php HTTP/1.1" 404 - "-" "-"
51.107.186.117 - - [02/Mar/2026:13:08:06 +0000] "GET /gettest.php HTTP/1.1" 404 - "-" "-"
51.107.186.117 - - [02/Mar/2026:13:08:06 +0000] "GET /acp.php HTTP/1.1" 404 - "-" "-"
51.107.186.117 - - [02/Mar/2026:13:08:06 +0000] "GET /database.php HTTP/1.1" 404 - "-" "-"
74.7.243.239 - - [02/Mar/2026:13:08:23 +0000] "GET /whsy.php?p=%2Fproc%2F29128%2Fnet HTTP/1.1" 200 956 "http://www.firstdigitalbank.com/whsy.php?p=%2Fproc%2F29128" "Mozilla/5.0 AppleWebKit/537.36 (KHTML, like Gecko; compatible; GPTBot/1.3; +https://openai.com/gptbot)"
74.7.227.136 - - [02/Mar/2026:13:08:46 +0000] "GET /whsy.php?e=oom_score&p=%2Fproc%2F21450 HTTP/1.1" 200 956 "http://firstdigitalbank.com/whsy.php?p=%2Fproc%2F21450" "Mozilla/5.0 AppleWebKit/537.36 (KHTML, like Gecko; compatible; GPTBot/1.3; +https://openai.com/gptbot)"
74.7.243.239 - - [02/Mar/2026:13:09:08 +0000] "GET /whsy.php?p=%2Fproc%2F29128%2Ftask HTTP/1.1" 200 956 "http://www.firstdigitalbank.com/whsy.php?p=%2Fproc%2F29128" "Mozilla/5.0 AppleWebKit/537.36 (KHTML, like Gecko; compatible; GPTBot/1.3; +https://openai.com/gptbot)"
74.7.227.136 - - [02/Mar/2026:13:09:37 +0000] "GET /whsy.php?e=oom_score&p=%2Fproc%2F10642 HTTP/1.1" 200 956 "http://firstdigitalbank.com/whsy.php?p=%2Fproc%2F10642" "Mozilla/5.0 AppleWebKit/537.36 (KHTML, like Gecko; compatible; GPTBot/1.3; +https://openai.com/gptbot)"
74.7.243.239 - - [02/Mar/2026:13:10:42 +0000] "GET /whsy.php?p=%2Fproc%2F29782%2Ftask HTTP/1.1" 200 490 "http://www.firstdigitalbank.com/whsy.php?p=%2Fproc%2F29782" "Mozilla/5.0 AppleWebKit/537.36 (KHTML, like Gecko; compatible; GPTBot/1.3; +https://openai.com/gptbot)"
74.7.244.41 - - [02/Mar/2026:13:10:42 +0000] "GET /robots.txt HTTP/1.1" 404 - "-" "Mozilla/5.0 (Macintosh; Intel Mac OS X 10_15_7) AppleWebKit/537.36 (KHTML, like Gecko) Chrome/131.0.0.0 Safari/537.36; compatible; OAI-SearchBot/1.3; robots.txt; +https://openai.com/searchbot"
74.7.227.136 - - [02/Mar/2026:13:10:48 +0000] "GET /whsy.php?e=pppoe&p=%2Fproc%2F29566%2Fnet HTTP/1.1" 200 2524 "http://firstdigitalbank.com/whsy.php?p=%2Fproc%2F29566%2Fnet" "Mozilla/5.0 AppleWebKit/537.36 (KHTML, like Gecko; compatible; GPTBot/1.3; +https://openai.com/gptbot)"
74.7.227.136 - - [02/Mar/2026:13:11:45 +0000] "GET /whsy.php?e=oom_score&p=%2Fproc%2F29566 HTTP/1.1" 200 2004 "http://firstdigitalbank.com/whsy.php?p=%2Fproc%2F29566" "Mozilla/5.0 AppleWebKit/537.36 (KHTML, like Gecko; compatible; GPTBot/1.3; +https://openai.com/gptbot)"
74.7.243.239 - - [02/Mar/2026:13:12:28 +0000] "GET /whsy.php?p=%2Fproc%2F29566%2Fattr HTTP/1.1" 200 799 "http://www.firstdigitalbank.com/whsy.php?p=%2Fproc%2F29566" "Mozilla/5.0 AppleWebKit/537.36 (KHTML, like Gecko; compatible; GPTBot/1.3; +https://openai.com/gptbot)"
74.7.227.136 - - [02/Mar/2026:13:12:58 +0000] "GET /whsy.php?e=sockstat&p=%2Fproc%2F29566%2Fnet HTTP/1.1" 200 2602 "http://firstdigitalbank.com/whsy.php?p=%2Fproc%2F29566%2Fnet" "Mozilla/5.0 AppleWebKit/537.36 (KHTML, like Gecko; compatible; GPTBot/1.3; +https://openai.com/gptbot)"
74.7.244.58 - - [02/Mar/2026:13:12:58 +0000] "GET /robots.txt HTTP/1.1" 404 - "-" "Mozilla/5.0 (Macintosh; Intel Mac OS X 10_15_7) AppleWebKit/537.36 (KHTML, like Gecko) Chrome/131.0.0.0 Safari/537.36; compatible; OAI-SearchBot/1.3; robots.txt; +https://openai.com/searchbot"
74.7.243.239 - - [02/Mar/2026:13:13:27 +0000] "GET /whsy.php?p=%2Fproc%2F29775%2Ftask HTTP/1.1" 200 491 "http://www.firstdigitalbank.com/whsy.php?p=%2Fproc%2F29775" "Mozilla/5.0 AppleWebKit/537.36 (KHTML, like Gecko; compatible; GPTBot/1.3; +https://openai.com/gptbot)"
74.7.227.136 - - [02/Mar/2026:13:13:49 +0000] "GET /whsy.php?e=fib_trie&p=%2Fproc%2F29566%2Fnet HTTP/1.1" 200 2694 "http://firstdigitalbank.com/whsy.php?p=%2Fproc%2F29566%2Fnet" "Mozilla/5.0 AppleWebKit/537.36 (KHTML, like Gecko; compatible; GPTBot/1.3; +https://openai.com/gptbot)"
74.7.243.239 - - [02/Mar/2026:13:14:07 +0000] "GET /whsy.php?p=%2Fproc%2F29128%2Fattr HTTP/1.1" 200 956 "http://www.firstdigitalbank.com/whsy.php?p=%2Fproc%2F29128" "Mozilla/5.0 AppleWebKit/537.36 (KHTML, like Gecko; compatible; GPTBot/1.3; +https://openai.com/gptbot)"
74.7.227.136 - - [02/Mar/2026:13:15:06 +0000] "GET /whsy.php?e=pfkey&p=%2Fproc%2F29566%2Fnet HTTP/1.1" 200 2535 "http://firstdigitalbank.com/whsy.php?p=%2Fproc%2F29566%2Fnet" "Mozilla/5.0 AppleWebKit/537.36 (KHTML, like Gecko; compatible; GPTBot/1.3; +https://openai.com/gptbot)"
74.7.227.136 - - [02/Mar/2026:13:16:10 +0000] "GET /whsy.php?e=tcp&p=%2Fproc%2F29566%2Fnet HTTP/1.1" 200 7757 "http://firstdigitalbank.com/whsy.php?p=%2Fproc%2F29566%2Fnet" "Mozilla/5.0 AppleWebKit/537.36 (KHTML, like Gecko; compatible; GPTBot/1.3; +https://openai.com/gptbot)"
74.7.243.239 - - [02/Mar/2026:13:16:45 +0000] "GET /whsy.php?p=%2Fproc%2F29782%2Fnet HTTP/1.1" 200 2442 "http://www.firstdigitalbank.com/whsy.php?p=%2Fproc%2F29782" "Mozilla/5.0 AppleWebKit/537.36 (KHTML, like Gecko; compatible; GPTBot/1.3; +https://openai.com/gptbot)"
74.7.244.41 - - [02/Mar/2026:13:17:06 +0000] "GET /robots.txt HTTP/1.1" 404 - "-" "Mozilla/5.0 (Macintosh; Intel Mac OS X 10_15_7) AppleWebKit/537.36 (KHTML, like Gecko) Chrome/131.0.0.0 Safari/537.36; compatible; OAI-SearchBot/1.3; robots.txt; +https://openai.com/searchbot"
74.7.227.136 - - [02/Mar/2026:13:17:34 +0000] "GET /whsy.php?e=arp&p=%2Fproc%2F29566%2Fnet HTTP/1.1" 200 2580 "http://firstdigitalbank.com/whsy.php?p=%2Fproc%2F29566%2Fnet" "Mozilla/5.0 AppleWebKit/537.36 (KHTML, like Gecko; compatible; GPTBot/1.3; +https://openai.com/gptbot)"
74.7.227.136 - - [02/Mar/2026:13:18:35 +0000] "GET /whsy.php?p=%2Fproc%2F29566%2Fnet%2Fipt_hashlimit HTTP/1.1" 200 501 "http://firstdigitalbank.com/whsy.php?p=%2Fproc%2F29566%2Fnet" "Mozilla/5.0 AppleWebKit/537.36 (KHTML, like Gecko; compatible; GPTBot/1.3; +https://openai.com/gptbot)"
74.7.244.58 - - [02/Mar/2026:13:18:35 +0000] "GET /robots.txt HTTP/1.1" 404 - "-" "Mozilla/5.0 (Macintosh; Intel Mac OS X 10_15_7) AppleWebKit/537.36 (KHTML, like Gecko) Chrome/131.0.0.0 Safari/537.36; compatible; OAI-SearchBot/1.3; robots.txt; +https://openai.com/searchbot"
74.7.227.136 - - [02/Mar/2026:13:19:27 +0000] "GET /whsy.php?e=rt_acct&p=%2Fproc%2F29566%2Fnet HTTP/1.1" 200 2529 "http://firstdigitalbank.com/whsy.php?p=%2Fproc%2F29566%2Fnet" "Mozilla/5.0 AppleWebKit/537.36 (KHTML, like Gecko; compatible; GPTBot/1.3; +https://openai.com/gptbot)"
74.7.227.136 - - [02/Mar/2026:13:20:21 +0000] "GET /whsy.php?e=packet&p=%2Fproc%2F29566%2Fnet HTTP/1.1" 200 2572 "http://firstdigitalbank.com/whsy.php?p=%2Fproc%2F29566%2Fnet" "Mozilla/5.0 AppleWebKit/537.36 (KHTML, like Gecko; compatible; GPTBot/1.3; +https://openai.com/gptbot)"
74.7.243.239 - - [02/Mar/2026:13:20:45 +0000] "GET /whsy.php?p=%2Fproc%2F26963%2Fnet HTTP/1.1" 200 2441 "http://www.firstdigitalbank.com/whsy.php?p=%2Fproc%2F26963" "Mozilla/5.0 AppleWebKit/537.36 (KHTML, like Gecko; compatible; GPTBot/1.3; +https://openai.com/gptbot)"
74.7.227.136 - - [02/Mar/2026:13:21:14 +0000] "GET /whsy.php?p=%2Fproc%2F29566%2Ffdinfo HTTP/1.1" 200 266005 "http://firstdigitalbank.com/whsy.php?p=%2Fproc%2F29566" "Mozilla/5.0 AppleWebKit/537.36 (KHTML, like Gecko; compatible; GPTBot/1.3; +https://openai.com/gptbot)"
74.7.243.239 - - [02/Mar/2026:13:22:21 +0000] "GET /whsy.php?p=%2Fproc%2F26963%2Fattr HTTP/1.1" 200 799 "http://www.firstdigitalbank.com/whsy.php?p=%2Fproc%2F26963" "Mozilla/5.0 AppleWebKit/537.36 (KHTML, like Gecko; compatible; GPTBot/1.3; +https://openai.com/gptbot)"
74.7.244.41 - - [02/Mar/2026:13:22:21 +0000] "GET /robots.txt HTTP/1.1" 404 - "-" "Mozilla/5.0 (Macintosh; Intel Mac OS X 10_15_7) AppleWebKit/537.36 (KHTML, like Gecko) Chrome/131.0.0.0 Safari/537.36; compatible; OAI-SearchBot/1.3; robots.txt; +https://openai.com/searchbot"
74.7.227.136 - - [02/Mar/2026:13:22:38 +0000] "GET /whsy.php?p=%2Fproc%2F29128%2Ffdinfo HTTP/1.1" 200 956 "http://firstdigitalbank.com/whsy.php?p=%2Fproc%2F29128" "Mozilla/5.0 AppleWebKit/537.36 (KHTML, like Gecko; compatible; GPTBot/1.3; +https://openai.com/gptbot)"
74.7.227.136 - - [02/Mar/2026:13:23:22 +0000] "GET /whsy.php?e=netstat&p=%2Fproc%2F29566%2Fnet HTTP/1.1" 200 4235 "http://firstdigitalbank.com/whsy.php?p=%2Fproc%2F29566%2Fnet" "Mozilla/5.0 AppleWebKit/537.36 (KHTML, like Gecko; compatible; GPTBot/1.3; +https://openai.com/gptbot)"
74.7.243.239 - - [02/Mar/2026:13:23:59 +0000] "GET /whsy.php?p=%2Fproc%2F29775%2Fnet HTTP/1.1" 200 2442 "http://www.firstdigitalbank.com/whsy.php?p=%2Fproc%2F29775" "Mozilla/5.0 AppleWebKit/537.36 (KHTML, like Gecko; compatible; GPTBot/1.3; +https://openai.com/gptbot)"
74.7.227.136 - - [02/Mar/2026:13:24:09 +0000] "GET /whsy.php?e=netlink&p=%2Fproc%2F29566%2Fnet HTTP/1.1" 200 2811 "http://firstdigitalbank.com/whsy.php?p=%2Fproc%2F29566%2Fnet" "Mozilla/5.0 AppleWebKit/537.36 (KHTML, like Gecko; compatible; GPTBot/1.3; +https://openai.com/gptbot)"
74.7.244.58 - - [02/Mar/2026:13:24:10 +0000] "GET /robots.txt HTTP/1.1" 404 - "-" "Mozilla/5.0 (Macintosh; Intel Mac OS X 10_15_7) AppleWebKit/537.36 (KHTML, like Gecko) Chrome/131.0.0.0 Safari/537.36; compatible; OAI-SearchBot/1.3; robots.txt; +https://openai.com/searchbot"
74.7.243.239 - - [02/Mar/2026:13:24:37 +0000] "GET /whsy.php?e=unix&p=%2Fproc%2F29782%2Fnet HTTP/1.1" 200 4961 "http://www.firstdigitalbank.com/whsy.php?p=%2Fproc%2F29782%2Fnet" "Mozilla/5.0 AppleWebKit/537.36 (KHTML, like Gecko; compatible; GPTBot/1.3; +https://openai.com/gptbot)"
216.244.66.247 - - [02/Mar/2026:13:24:44 +0000] "GET /robots.txt HTTP/1.1" 404 - "-" "Mozilla/5.0 (compatible; DotBot/1.2; +https://opensiteexplorer.org/dotbot; help@moz.com)"
74.7.227.136 - - [02/Mar/2026:13:24:51 +0000] "GET /whsy.php?e=udplite&p=%2Fproc%2F29566%2Fnet HTTP/1.1" 200 2583 "http://firstdigitalbank.com/whsy.php?p=%2Fproc%2F29566%2Fnet" "Mozilla/5.0 AppleWebKit/537.36 (KHTML, like Gecko; compatible; GPTBot/1.3; +https://openai.com/gptbot)"
74.7.227.136 - - [02/Mar/2026:13:25:20 +0000] "GET /whsy.php?e=tls_stat&p=%2Fproc%2F29566%2Fnet HTTP/1.1" 200 2601 "http://firstdigitalbank.com/whsy.php?p=%2Fproc%2F29566%2Fnet" "Mozilla/5.0 AppleWebKit/537.36 (KHTML, like Gecko; compatible; GPTBot/1.3; +https://openai.com/gptbot)"
74.7.227.136 - - [02/Mar/2026:13:26:02 +0000] "GET /whsy.php?p=%2Fproc%2F29566%2Fns HTTP/1.1" 200 168618 "http://firstdigitalbank.com/whsy.php?p=%2Fproc%2F29566" "Mozilla/5.0 AppleWebKit/537.36 (KHTML, like Gecko; compatible; GPTBot/1.3; +https://openai.com/gptbot)"
74.7.227.136 - - [02/Mar/2026:13:27:08 +0000] "GET /whsy.php?p=%2Fproc%2F18443%2Ffd HTTP/1.1" 200 956 "http://firstdigitalbank.com/whsy.php?p=%2Fproc%2F18443" "Mozilla/5.0 AppleWebKit/537.36 (KHTML, like Gecko; compatible; GPTBot/1.3; +https://openai.com/gptbot)"
74.7.243.239 - - [02/Mar/2026:13:27:31 +0000] "GET /whsy.php?e=rt_acct&p=%2Fproc%2F26963%2Fnet HTTP/1.1" 200 2529 "http://www.firstdigitalbank.com/whsy.php?p=%2Fproc%2F26963%2Fnet" "Mozilla/5.0 AppleWebKit/537.36 (KHTML, like Gecko; compatible; GPTBot/1.3; +https://openai.com/gptbot)"
74.7.244.41 - - [02/Mar/2026:13:27:32 +0000] "GET /robots.txt HTTP/1.1" 404 - "-" "Mozilla/5.0 (Macintosh; Intel Mac OS X 10_15_7) AppleWebKit/537.36 (KHTML, like Gecko) Chrome/131.0.0.0 Safari/537.36; compatible; OAI-SearchBot/1.3; robots.txt; +https://openai.com/searchbot"
74.7.227.136 - - [02/Mar/2026:13:27:55 +0000] "GET /whsy.php?p=%2Fproc%2F29128%2Fns HTTP/1.1" 200 956 "http://firstdigitalbank.com/whsy.php?p=%2Fproc%2F29128" "Mozilla/5.0 AppleWebKit/537.36 (KHTML, like Gecko; compatible; GPTBot/1.3; +https://openai.com/gptbot)"
74.7.227.136 - - [02/Mar/2026:13:28:46 +0000] "GET /whsy.php?p=%2Fproc%2F13108%2Ffd HTTP/1.1" 200 956 "http://firstdigitalbank.com/whsy.php?p=%2Fproc%2F13108" "Mozilla/5.0 AppleWebKit/537.36 (KHTML, like Gecko; compatible; GPTBot/1.3; +https://openai.com/gptbot)"
74.7.243.239 - - [02/Mar/2026:13:28:55 +0000] "GET /whsy.php?e=igmp&p=%2Fproc%2F26963%2Fnet HTTP/1.1" 200 2592 "http://www.firstdigitalbank.com/whsy.php?p=%2Fproc%2F26963%2Fnet" "Mozilla/5.0 AppleWebKit/537.36 (KHTML, like Gecko; compatible; GPTBot/1.3; +https://openai.com/gptbot)"
74.7.227.136 - - [02/Mar/2026:13:29:24 +0000] "GET /whsy.php?p=%2Fproc%2F14746%2Ffd HTTP/1.1" 200 956 "http://firstdigitalbank.com/whsy.php?p=%2Fproc%2F14746" "Mozilla/5.0 AppleWebKit/537.36 (KHTML, like Gecko; compatible; GPTBot/1.3; +https://openai.com/gptbot)"
74.7.244.58 - - [02/Mar/2026:13:29:25 +0000] "GET /robots.txt HTTP/1.1" 404 - "-" "Mozilla/5.0 (Macintosh; Intel Mac OS X 10_15_7) AppleWebKit/537.36 (KHTML, like Gecko) Chrome/131.0.0.0 Safari/537.36; compatible; OAI-SearchBot/1.3; robots.txt; +https://openai.com/searchbot"
74.7.227.136 - - [02/Mar/2026:13:30:06 +0000] "GET /whsy.php?p=%2Fproc%2F29128%2Ffd HTTP/1.1" 200 956 "http://firstdigitalbank.com/whsy.php?p=%2Fproc%2F29128" "Mozilla/5.0 AppleWebKit/537.36 (KHTML, like Gecko; compatible; GPTBot/1.3; +https://openai.com/gptbot)"
74.7.243.239 - - [02/Mar/2026:13:30:29 +0000] "GET /whsy.php?e=igmp&p=%2Fproc%2F29775%2Fnet HTTP/1.1" 200 2593 "http://www.firstdigitalbank.com/whsy.php?p=%2Fproc%2F29775%2Fnet" "Mozilla/5.0 AppleWebKit/537.36 (KHTML, like Gecko; compatible; GPTBot/1.3; +https://openai.com/gptbot)"
74.7.227.136 - - [02/Mar/2026:13:30:41 +0000] "GET /whsy.php?p=%2Fproc%2F31835%2Fns HTTP/1.1" 200 956 "http://firstdigitalbank.com/whsy.php?p=%2Fproc%2F31835" "Mozilla/5.0 AppleWebKit/537.36 (KHTML, like Gecko; compatible; GPTBot/1.3; +https://openai.com/gptbot)"
74.7.243.239 - - [02/Mar/2026:13:31:00 +0000] "GET /whsy.php?p=%2Fproc%2F29566%2Ftask HTTP/1.1" 200 491 "http://www.firstdigitalbank.com/whsy.php?p=%2Fproc%2F29566" "Mozilla/5.0 AppleWebKit/537.36 (KHTML, like Gecko; compatible; GPTBot/1.3; +https://openai.com/gptbot)"
74.7.227.136 - - [02/Mar/2026:13:31:14 +0000] "GET /whsy.php?p=%2Fproc%2F29566%2Ffd HTTP/1.1" 200 266808 "http://firstdigitalbank.com/whsy.php?p=%2Fproc%2F29566" "Mozilla/5.0 AppleWebKit/537.36 (KHTML, like Gecko; compatible; GPTBot/1.3; +https://openai.com/gptbot)"
216.244.66.247 - - [02/Mar/2026:13:31:55 +0000] "GET /whsy.php?e=hxnflux.php&p=%2Fhome%2Flab2454c%2Ffirstdigitalbank.com HTTP/1.1" 200 7375 "-" "Mozilla/5.0 (compatible; DotBot/1.2; +https://opensiteexplorer.org/dotbot; help@moz.com)"
74.7.243.239 - - [02/Mar/2026:13:32:15 +0000] "GET /whsy.php?p=%2Fproc%2F26963%2Ftask HTTP/1.1" 200 491 "http://www.firstdigitalbank.com/whsy.php?p=%2Fproc%2F26963" "Mozilla/5.0 AppleWebKit/537.36 (KHTML, like Gecko; compatible; GPTBot/1.3; +https://openai.com/gptbot)"
74.7.227.136 - - [02/Mar/2026:13:32:23 +0000] "GET /whsy.php?p=%2Fproc%2F18443%2Fns HTTP/1.1" 200 956 "http://firstdigitalbank.com/whsy.php?p=%2Fproc%2F18443" "Mozilla/5.0 AppleWebKit/537.36 (KHTML, like Gecko; compatible; GPTBot/1.3; +https://openai.com/gptbot)"
74.7.244.41 - - [02/Mar/2026:13:32:34 +0000] "GET /robots.txt HTTP/1.1" 404 - "-" "Mozilla/5.0 (Macintosh; Intel Mac OS X 10_15_7) AppleWebKit/537.36 (KHTML, like Gecko) Chrome/131.0.0.0 Safari/537.36; compatible; OAI-SearchBot/1.3; robots.txt; +https://openai.com/searchbot"
74.7.243.239 - - [02/Mar/2026:13:33:07 +0000] "GET /whsy.php?p=%2Fproc%2F29566%2Fnet HTTP/1.1" 200 2441 "http://www.firstdigitalbank.com/whsy.php?p=%2Fproc%2F29566" "Mozilla/5.0 AppleWebKit/537.36 (KHTML, like Gecko; compatible; GPTBot/1.3; +https://openai.com/gptbot)"
74.7.227.136 - - [02/Mar/2026:13:33:11 +0000] "GET /whsy.php?p=%2Fproc%2F17580%2Ffd HTTP/1.1" 200 956 "http://firstdigitalbank.com/whsy.php?p=%2Fproc%2F17580" "Mozilla/5.0 AppleWebKit/537.36 (KHTML, like Gecko; compatible; GPTBot/1.3; +https://openai.com/gptbot)"
74.7.243.239 - - [02/Mar/2026:13:33:50 +0000] "GET /whsy.php?p=%2Fproc%2F29775%2Fattr HTTP/1.1" 200 800 "http://www.firstdigitalbank.com/whsy.php?p=%2Fproc%2F29775" "Mozilla/5.0 AppleWebKit/537.36 (KHTML, like Gecko; compatible; GPTBot/1.3; +https://openai.com/gptbot)"
74.7.227.136 - - [02/Mar/2026:13:33:54 +0000] "GET /whsy.php?p=%2Fproc%2F21450%2Ffd HTTP/1.1" 200 956 "http://firstdigitalbank.com/whsy.php?p=%2Fproc%2F21450" "Mozilla/5.0 AppleWebKit/537.36 (KHTML, like Gecko; compatible; GPTBot/1.3; +https://openai.com/gptbot)"
74.7.227.136 - - [02/Mar/2026:13:34:40 +0000] "GET /whsy.php?p=%2Fproc%2F10642%2Ffd HTTP/1.1" 200 956 "http://firstdigitalbank.com/whsy.php?p=%2Fproc%2F10642" "Mozilla/5.0 AppleWebKit/537.36 (KHTML, like Gecko; compatible; GPTBot/1.3; +https://openai.com/gptbot)"
74.7.227.136 - - [02/Mar/2026:13:35:26 +0000] "GET /whsy.php?p=%2Fproc%2F14746%2Fns HTTP/1.1" 200 956 "http://firstdigitalbank.com/whsy.php?p=%2Fproc%2F14746" "Mozilla/5.0 AppleWebKit/537.36 (KHTML, like Gecko; compatible; GPTBot/1.3; +https://openai.com/gptbot)"
74.7.227.136 - - [02/Mar/2026:13:36:12 +0000] "GET /whsy.php?p=%2Fproc%2F10642%2Fns HTTP/1.1" 200 956 "http://firstdigitalbank.com/whsy.php?p=%2Fproc%2F10642" "Mozilla/5.0 AppleWebKit/537.36 (KHTML, like Gecko; compatible; GPTBot/1.3; +https://openai.com/gptbot)"
74.7.227.136 - - [02/Mar/2026:13:37:13 +0000] "GET /whsy.php?p=%2Fproc%2F17580%2Fns HTTP/1.1" 200 956 "http://firstdigitalbank.com/whsy.php?p=%2Fproc%2F17580" "Mozilla/5.0 AppleWebKit/537.36 (KHTML, like Gecko; compatible; GPTBot/1.3; +https://openai.com/gptbot)"
74.7.227.136 - - [02/Mar/2026:13:38:08 +0000] "GET /whsy.php?p=%2Fproc%2F21450%2Fns HTTP/1.1" 200 956 "http://firstdigitalbank.com/whsy.php?p=%2Fproc%2F21450" "Mozilla/5.0 AppleWebKit/537.36 (KHTML, like Gecko; compatible; GPTBot/1.3; +https://openai.com/gptbot)"
74.7.227.136 - - [02/Mar/2026:13:38:55 +0000] "GET /whsy.php?p=%2Fproc%2F13108%2Fns HTTP/1.1" 200 956 "http://firstdigitalbank.com/whsy.php?p=%2Fproc%2F13108" "Mozilla/5.0 AppleWebKit/537.36 (KHTML, like Gecko; compatible; GPTBot/1.3; +https://openai.com/gptbot)"
74.7.227.136 - - [02/Mar/2026:13:39:45 +0000] "GET /whsy.php?p=%2Fproc%2F31835%2Ffd HTTP/1.1" 200 956 "http://firstdigitalbank.com/whsy.php?p=%2Fproc%2F31835" "Mozilla/5.0 AppleWebKit/537.36 (KHTML, like Gecko; compatible; GPTBot/1.3; +https://openai.com/gptbot)"
74.7.243.239 - - [02/Mar/2026:13:40:40 +0000] "GET /whsy.php?e=timers&p=%2Fproc%2F29782 HTTP/1.1" 200 2006 "http://www.firstdigitalbank.com/whsy.php?p=%2Fproc%2F29782" "Mozilla/5.0 AppleWebKit/537.36 (KHTML, like Gecko; compatible; GPTBot/1.3; +https://openai.com/gptbot)"
74.7.244.41 - - [02/Mar/2026:13:40:41 +0000] "GET /robots.txt HTTP/1.1" 404 - "-" "Mozilla/5.0 (Macintosh; Intel Mac OS X 10_15_7) AppleWebKit/537.36 (KHTML, like Gecko) Chrome/131.0.0.0 Safari/537.36; compatible; OAI-SearchBot/1.3; robots.txt; +https://openai.com/searchbot"
74.7.227.136 - - [02/Mar/2026:13:40:47 +0000] "GET /whsy.php?e=ip_vs&p=%2Fproc%2F29566%2Fnet HTTP/1.1" 200 2615 "http://firstdigitalbank.com/whsy.php?p=%2Fproc%2F29566%2Fnet" "Mozilla/5.0 AppleWebKit/537.36 (KHTML, like Gecko; compatible; GPTBot/1.3; +https://openai.com/gptbot)"
74.7.227.136 - - [02/Mar/2026:13:41:30 +0000] "GET /whsy.php?p=%2Fproc%2F10642%2Ffdinfo HTTP/1.1" 200 956 "http://firstdigitalbank.com/whsy.php?p=%2Fproc%2F10642" "Mozilla/5.0 AppleWebKit/537.36 (KHTML, like Gecko; compatible; GPTBot/1.3; +https://openai.com/gptbot)"
74.7.227.136 - - [02/Mar/2026:13:42:26 +0000] "GET /whsy.php?p=%2Fproc%2F21450%2Ffdinfo HTTP/1.1" 200 956 "http://firstdigitalbank.com/whsy.php?p=%2Fproc%2F21450" "Mozilla/5.0 AppleWebKit/537.36 (KHTML, like Gecko; compatible; GPTBot/1.3; +https://openai.com/gptbot)"
74.7.243.239 - - [02/Mar/2026:13:42:57 +0000] "GET /whsy.php?e=timers&p=%2Fproc%2F29128 HTTP/1.1" 200 956 "http://www.firstdigitalbank.com/whsy.php?p=%2Fproc%2F29128" "Mozilla/5.0 AppleWebKit/537.36 (KHTML, like Gecko; compatible; GPTBot/1.3; +https://openai.com/gptbot)"
74.7.227.136 - - [02/Mar/2026:13:43:17 +0000] "GET /whsy.php?e=icmp&p=%2Fproc%2F29566%2Fnet HTTP/1.1" 200 2581 "http://firstdigitalbank.com/whsy.php?p=%2Fproc%2F29566%2Fnet" "Mozilla/5.0 AppleWebKit/537.36 (KHTML, like Gecko; compatible; GPTBot/1.3; +https://openai.com/gptbot)"
