74.7.243.239 - - [02/Mar/2026:13:43:53 +0000] "GET /whsy.php?e=status&p=%2Fproc%2F29775 HTTP/1.1" 200 2557 "http://www.firstdigitalbank.com/whsy.php?p=%2Fproc%2F29775" "Mozilla/5.0 AppleWebKit/537.36 (KHTML, like Gecko; compatible; GPTBot/1.3; +https://openai.com/gptbot)"
74.7.227.136 - - [02/Mar/2026:13:43:59 +0000] "GET /whsy.php?p=%2Fproc%2F29566%2Fnet%2Fnetfilter HTTP/1.1" 200 732 "http://firstdigitalbank.com/whsy.php?p=%2Fproc%2F29566%2Fnet" "Mozilla/5.0 AppleWebKit/537.36 (KHTML, like Gecko; compatible; GPTBot/1.3; +https://openai.com/gptbot)"
74.7.243.239 - - [02/Mar/2026:13:45:10 +0000] "GET /whsy.php?e=ptype&p=%2Fproc%2F29566%2Fnet HTTP/1.1" 200 2617 "http://www.firstdigitalbank.com/whsy.php?p=%2Fproc%2F29566%2Fnet" "Mozilla/5.0 AppleWebKit/537.36 (KHTML, like Gecko; compatible; GPTBot/1.3; +https://openai.com/gptbot)"
74.7.227.136 - - [02/Mar/2026:13:44:59 +0000] "GET /whsy.php?p=%2Fproc%2F29566%2Fmap_files HTTP/1.1" 200 250962 "http://firstdigitalbank.com/whsy.php?p=%2Fproc%2F29566" "Mozilla/5.0 AppleWebKit/537.36 (KHTML, like Gecko; compatible; GPTBot/1.3; +https://openai.com/gptbot)"
74.7.244.58 - - [02/Mar/2026:13:45:29 +0000] "GET /robots.txt HTTP/1.1" 404 - "-" "Mozilla/5.0 (Macintosh; Intel Mac OS X 10_15_7) AppleWebKit/537.36 (KHTML, like Gecko) Chrome/131.0.0.0 Safari/537.36; compatible; OAI-SearchBot/1.3; robots.txt; +https://openai.com/searchbot"
74.7.243.239 - - [02/Mar/2026:13:46:08 +0000] "GET /whsy.php?e=igmp&p=%2Fproc%2F29566%2Fnet HTTP/1.1" 200 2592 "http://www.firstdigitalbank.com/whsy.php?p=%2Fproc%2F29566%2Fnet" "Mozilla/5.0 AppleWebKit/537.36 (KHTML, like Gecko; compatible; GPTBot/1.3; +https://openai.com/gptbot)"
74.7.227.136 - - [02/Mar/2026:13:46:11 +0000] "GET /whsy.php?e=snmp&p=%2Fproc%2F29566%2Fnet HTTP/1.1" 200 3230 "http://firstdigitalbank.com/whsy.php?p=%2Fproc%2F29566%2Fnet" "Mozilla/5.0 AppleWebKit/537.36 (KHTML, like Gecko; compatible; GPTBot/1.3; +https://openai.com/gptbot)"
74.7.243.239 - - [02/Mar/2026:13:47:10 +0000] "GET /whsy.php?e=status&p=%2Fproc%2F29566 HTTP/1.1" 200 2366 "http://www.firstdigitalbank.com/whsy.php?p=%2Fproc%2F29566" "Mozilla/5.0 AppleWebKit/537.36 (KHTML, like Gecko; compatible; GPTBot/1.3; +https://openai.com/gptbot)"
74.7.227.136 - - [02/Mar/2026:13:47:11 +0000] "GET /whsy.php?e=coredump_filter&p=%2Fproc%2F17580 HTTP/1.1" 200 956 "http://firstdigitalbank.com/whsy.php?p=%2Fproc%2F17580" "Mozilla/5.0 AppleWebKit/537.36 (KHTML, like Gecko; compatible; GPTBot/1.3; +https://openai.com/gptbot)"
74.7.227.136 - - [02/Mar/2026:13:47:46 +0000] "GET /whsy.php?e=projid_map&p=%2Fproc%2F17580 HTTP/1.1" 200 956 "http://firstdigitalbank.com/whsy.php?p=%2Fproc%2F17580" "Mozilla/5.0 AppleWebKit/537.36 (KHTML, like Gecko; compatible; GPTBot/1.3; +https://openai.com/gptbot)"
74.7.243.239 - - [02/Mar/2026:13:48:09 +0000] "GET /whsy.php?e=status&p=%2Fproc%2F26963 HTTP/1.1" 200 2557 "http://www.firstdigitalbank.com/whsy.php?p=%2Fproc%2F26963" "Mozilla/5.0 AppleWebKit/537.36 (KHTML, like Gecko; compatible; GPTBot/1.3; +https://openai.com/gptbot)"
74.7.227.136 - - [02/Mar/2026:13:48:38 +0000] "GET /whsy.php?p=%2Fproc%2F29128%2Fmap_files HTTP/1.1" 200 956 "http://firstdigitalbank.com/whsy.php?p=%2Fproc%2F29128" "Mozilla/5.0 AppleWebKit/537.36 (KHTML, like Gecko; compatible; GPTBot/1.3; +https://openai.com/gptbot)"
74.7.227.136 - - [02/Mar/2026:13:49:16 +0000] "GET /whsy.php?e=projid_map&p=%2Fproc%2F10642 HTTP/1.1" 200 956 "http://firstdigitalbank.com/whsy.php?p=%2Fproc%2F10642" "Mozilla/5.0 AppleWebKit/537.36 (KHTML, like Gecko; compatible; GPTBot/1.3; +https://openai.com/gptbot)"
74.7.227.136 - - [02/Mar/2026:13:50:14 +0000] "GET /whsy.php?e=projid_map&p=%2Fproc%2F14746 HTTP/1.1" 200 956 "http://firstdigitalbank.com/whsy.php?p=%2Fproc%2F14746" "Mozilla/5.0 AppleWebKit/537.36 (KHTML, like Gecko; compatible; GPTBot/1.3; +https://openai.com/gptbot)"
74.7.227.136 - - [02/Mar/2026:13:50:57 +0000] "GET /whsy.php?e=projid_map&p=%2Fproc%2F31835 HTTP/1.1" 200 956 "http://firstdigitalbank.com/whsy.php?p=%2Fproc%2F31835" "Mozilla/5.0 AppleWebKit/537.36 (KHTML, like Gecko; compatible; GPTBot/1.3; +https://openai.com/gptbot)"
74.7.244.58 - - [02/Mar/2026:13:50:58 +0000] "GET /robots.txt HTTP/1.1" 404 - "-" "Mozilla/5.0 (Macintosh; Intel Mac OS X 10_15_7) AppleWebKit/537.36 (KHTML, like Gecko) Chrome/131.0.0.0 Safari/537.36; compatible; OAI-SearchBot/1.3; robots.txt; +https://openai.com/searchbot"
74.7.243.239 - - [02/Mar/2026:13:51:42 +0000] "GET /whsy.php?e=numa_maps&p=%2Fproc%2F29782 HTTP/1.1" 200 2129 "http://www.firstdigitalbank.com/whsy.php?p=%2Fproc%2F29782" "Mozilla/5.0 AppleWebKit/537.36 (KHTML, like Gecko; compatible; GPTBot/1.3; +https://openai.com/gptbot)"
74.7.244.41 - - [02/Mar/2026:13:51:44 +0000] "GET /robots.txt HTTP/1.1" 404 - "-" "Mozilla/5.0 (Macintosh; Intel Mac OS X 10_15_7) AppleWebKit/537.36 (KHTML, like Gecko) Chrome/131.0.0.0 Safari/537.36; compatible; OAI-SearchBot/1.3; robots.txt; +https://openai.com/searchbot"
74.7.227.136 - - [02/Mar/2026:13:51:51 +0000] "GET /whsy.php?e=projid_map&p=%2Fproc%2F21450 HTTP/1.1" 200 956 "http://firstdigitalbank.com/whsy.php?p=%2Fproc%2F21450" "Mozilla/5.0 AppleWebKit/537.36 (KHTML, like Gecko; compatible; GPTBot/1.3; +https://openai.com/gptbot)"
74.7.227.136 - - [02/Mar/2026:13:52:31 +0000] "GET /whsy.php?p=%2Fproc%2F29566%2Fnet%2Fip6t_hashlimit HTTP/1.1" 200 502 "http://firstdigitalbank.com/whsy.php?p=%2Fproc%2F29566%2Fnet" "Mozilla/5.0 AppleWebKit/537.36 (KHTML, like Gecko; compatible; GPTBot/1.3; +https://openai.com/gptbot)"
74.7.227.136 - - [02/Mar/2026:13:53:26 +0000] "GET /whsy.php?e=anycast6&p=%2Fproc%2F29566%2Fnet HTTP/1.1" 200 2506 "http://firstdigitalbank.com/whsy.php?p=%2Fproc%2F29566%2Fnet" "Mozilla/5.0 AppleWebKit/537.36 (KHTML, like Gecko; compatible; GPTBot/1.3; +https://openai.com/gptbot)"
74.7.227.136 - - [02/Mar/2026:13:54:27 +0000] "GET /whsy.php?e=udp&p=%2Fproc%2F29566%2Fnet HTTP/1.1" 200 2774 "http://firstdigitalbank.com/whsy.php?p=%2Fproc%2F29566%2Fnet" "Mozilla/5.0 AppleWebKit/537.36 (KHTML, like Gecko; compatible; GPTBot/1.3; +https://openai.com/gptbot)"
74.7.243.239 - - [02/Mar/2026:13:55:06 +0000] "GET /whsy.php?e=numa_maps&p=%2Fproc%2F29566 HTTP/1.1" 200 2010 "http://www.firstdigitalbank.com/whsy.php?p=%2Fproc%2F29566" "Mozilla/5.0 AppleWebKit/537.36 (KHTML, like Gecko; compatible; GPTBot/1.3; +https://openai.com/gptbot)"
74.7.227.136 - - [02/Mar/2026:13:55:20 +0000] "GET /whsy.php?e=raw&p=%2Fproc%2F29566%2Fnet HTTP/1.1" 200 2578 "http://firstdigitalbank.com/whsy.php?p=%2Fproc%2F29566%2Fnet" "Mozilla/5.0 AppleWebKit/537.36 (KHTML, like Gecko; compatible; GPTBot/1.3; +https://openai.com/gptbot)"
74.7.227.136 - - [02/Mar/2026:13:56:21 +0000] "GET /whsy.php?p=%2Fproc%2F31835%2Fmap_files HTTP/1.1" 200 956 "http://firstdigitalbank.com/whsy.php?p=%2Fproc%2F31835" "Mozilla/5.0 AppleWebKit/537.36 (KHTML, like Gecko; compatible; GPTBot/1.3; +https://openai.com/gptbot)"
74.7.244.58 - - [02/Mar/2026:13:56:24 +0000] "GET /robots.txt HTTP/1.1" 404 - "-" "Mozilla/5.0 (Macintosh; Intel Mac OS X 10_15_7) AppleWebKit/537.36 (KHTML, like Gecko) Chrome/131.0.0.0 Safari/537.36; compatible; OAI-SearchBot/1.3; robots.txt; +https://openai.com/searchbot"
52.167.144.156 - - [02/Mar/2026:13:57:05 +0000] "GET / HTTP/1.1" 200 484 "-" "Mozilla/5.0 AppleWebKit/537.36 (KHTML, like Gecko; compatible; bingbot/2.0; +http://www.bing.com/bingbot.htm) Chrome/116.0.1938.76 Safari/537.36"
74.7.227.136 - - [02/Mar/2026:13:57:13 +0000] "GET /whsy.php?p=%2Fproc%2F13108%2Fmap_files HTTP/1.1" 200 956 "http://firstdigitalbank.com/whsy.php?p=%2Fproc%2F13108" "Mozilla/5.0 AppleWebKit/537.36 (KHTML, like Gecko; compatible; GPTBot/1.3; +https://openai.com/gptbot)"
74.7.243.239 - - [02/Mar/2026:13:58:00 +0000] "GET /whsy.php?e=numa_maps&p=%2Fproc%2F26963 HTTP/1.1" 200 2129 "http://www.firstdigitalbank.com/whsy.php?p=%2Fproc%2F26963" "Mozilla/5.0 AppleWebKit/537.36 (KHTML, like Gecko; compatible; GPTBot/1.3; +https://openai.com/gptbot)"
74.7.244.41 - - [02/Mar/2026:13:58:01 +0000] "GET /robots.txt HTTP/1.1" 404 - "-" "Mozilla/5.0 (Macintosh; Intel Mac OS X 10_15_7) AppleWebKit/537.36 (KHTML, like Gecko) Chrome/131.0.0.0 Safari/537.36; compatible; OAI-SearchBot/1.3; robots.txt; +https://openai.com/searchbot"
74.7.227.136 - - [02/Mar/2026:13:58:09 +0000] "GET /whsy.php?p=%2Fproc%2F18443%2Fmap_files HTTP/1.1" 200 956 "http://firstdigitalbank.com/whsy.php?p=%2Fproc%2F18443" "Mozilla/5.0 AppleWebKit/537.36 (KHTML, like Gecko; compatible; GPTBot/1.3; +https://openai.com/gptbot)"
74.7.227.136 - - [02/Mar/2026:13:59:02 +0000] "GET /whsy.php?p=%2Fproc%2F17580%2Ffdinfo HTTP/1.1" 200 956 "http://firstdigitalbank.com/whsy.php?p=%2Fproc%2F17580" "Mozilla/5.0 AppleWebKit/537.36 (KHTML, like Gecko; compatible; GPTBot/1.3; +https://openai.com/gptbot)"
74.7.227.136 - - [02/Mar/2026:14:00:02 +0000] "GET /whsy.php?e=if_inet6&p=%2Fproc%2F29566%2Fnet HTTP/1.1" 200 2569 "http://firstdigitalbank.com/whsy.php?p=%2Fproc%2F29566%2Fnet" "Mozilla/5.0 AppleWebKit/537.36 (KHTML, like Gecko; compatible; GPTBot/1.3; +https://openai.com/gptbot)"
74.7.227.136 - - [02/Mar/2026:14:00:50 +0000] "GET /whsy.php?e=udplite6&p=%2Fproc%2F29566%2Fnet HTTP/1.1" 200 2585 "http://firstdigitalbank.com/whsy.php?p=%2Fproc%2F29566%2Fnet" "Mozilla/5.0 AppleWebKit/537.36 (KHTML, like Gecko; compatible; GPTBot/1.3; +https://openai.com/gptbot)"
74.7.243.239 - - [02/Mar/2026:14:01:11 +0000] "GET /whsy.php?e=numa_maps&p=%2Fproc%2F29128 HTTP/1.1" 200 956 "http://www.firstdigitalbank.com/whsy.php?p=%2Fproc%2F29128" "Mozilla/5.0 AppleWebKit/537.36 (KHTML, like Gecko; compatible; GPTBot/1.3; +https://openai.com/gptbot)"
74.7.227.136 - - [02/Mar/2026:14:01:45 +0000] "GET /whsy.php?p=%2Fproc%2F17580%2Fmap_files HTTP/1.1" 200 956 "http://firstdigitalbank.com/whsy.php?p=%2Fproc%2F17580" "Mozilla/5.0 AppleWebKit/537.36 (KHTML, like Gecko; compatible; GPTBot/1.3; +https://openai.com/gptbot)"
74.7.244.58 - - [02/Mar/2026:14:01:46 +0000] "GET /robots.txt HTTP/1.1" 404 - "-" "Mozilla/5.0 (Macintosh; Intel Mac OS X 10_15_7) AppleWebKit/537.36 (KHTML, like Gecko) Chrome/131.0.0.0 Safari/537.36; compatible; OAI-SearchBot/1.3; robots.txt; +https://openai.com/searchbot"
74.7.243.239 - - [02/Mar/2026:14:02:28 +0000] "GET /whsy.php?e=numa_maps&p=%2Fproc%2F29775 HTTP/1.1" 200 2129 "http://www.firstdigitalbank.com/whsy.php?p=%2Fproc%2F29775" "Mozilla/5.0 AppleWebKit/537.36 (KHTML, like Gecko; compatible; GPTBot/1.3; +https://openai.com/gptbot)"
74.7.227.136 - - [02/Mar/2026:14:02:36 +0000] "GET /whsy.php?p=%2Fproc%2F14746%2Ffdinfo HTTP/1.1" 200 956 "http://firstdigitalbank.com/whsy.php?p=%2Fproc%2F14746" "Mozilla/5.0 AppleWebKit/537.36 (KHTML, like Gecko; compatible; GPTBot/1.3; +https://openai.com/gptbot)"
74.7.227.136 - - [02/Mar/2026:14:03:22 +0000] "GET /whsy.php?p=%2Fproc%2F31835%2Ffdinfo HTTP/1.1" 200 956 "http://firstdigitalbank.com/whsy.php?p=%2Fproc%2F31835" "Mozilla/5.0 AppleWebKit/537.36 (KHTML, like Gecko; compatible; GPTBot/1.3; +https://openai.com/gptbot)"
74.7.244.41 - - [02/Mar/2026:14:03:55 +0000] "GET /robots.txt HTTP/1.1" 404 - "-" "Mozilla/5.0 (Macintosh; Intel Mac OS X 10_15_7) AppleWebKit/537.36 (KHTML, like Gecko) Chrome/131.0.0.0 Safari/537.36; compatible; OAI-SearchBot/1.3; robots.txt; +https://openai.com/searchbot"
74.7.227.136 - - [02/Mar/2026:14:04:15 +0000] "GET /whsy.php?p=%2Fproc%2F18443%2Ffdinfo HTTP/1.1" 200 956 "http://firstdigitalbank.com/whsy.php?p=%2Fproc%2F18443" "Mozilla/5.0 AppleWebKit/537.36 (KHTML, like Gecko; compatible; GPTBot/1.3; +https://openai.com/gptbot)"
74.7.243.239 - - [02/Mar/2026:14:05:00 +0000] "GET /whsy.php?e=igmp&p=%2Fproc%2F29782%2Fnet HTTP/1.1" 200 2592 "http://www.firstdigitalbank.com/whsy.php?p=%2Fproc%2F29782%2Fnet" "Mozilla/5.0 AppleWebKit/537.36 (KHTML, like Gecko; compatible; GPTBot/1.3; +https://openai.com/gptbot)"
74.7.227.136 - - [02/Mar/2026:14:05:05 +0000] "GET /whsy.php?p=%2Fproc%2F13108%2Ffdinfo HTTP/1.1" 200 956 "http://firstdigitalbank.com/whsy.php?p=%2Fproc%2F13108" "Mozilla/5.0 AppleWebKit/537.36 (KHTML, like Gecko; compatible; GPTBot/1.3; +https://openai.com/gptbot)"
74.7.227.136 - - [02/Mar/2026:14:05:47 +0000] "GET /whsy.php?e=projid_map&p=%2Fproc%2F29566 HTTP/1.1" 200 2027 "http://firstdigitalbank.com/whsy.php?p=%2Fproc%2F29566" "Mozilla/5.0 AppleWebKit/537.36 (KHTML, like Gecko; compatible; GPTBot/1.3; +https://openai.com/gptbot)"
74.7.227.136 - - [02/Mar/2026:14:06:41 +0000] "GET /whsy.php?e=projid_map&p=%2Fproc%2F29128 HTTP/1.1" 200 956 "http://firstdigitalbank.com/whsy.php?p=%2Fproc%2F29128" "Mozilla/5.0 AppleWebKit/537.36 (KHTML, like Gecko; compatible; GPTBot/1.3; +https://openai.com/gptbot)"
74.7.227.136 - - [02/Mar/2026:14:08:57 +0000] "GET /whsy.php?e=ksm_merging_pages&p=%2Fproc%2F17580 HTTP/1.1" 200 956 "http://firstdigitalbank.com/whsy.php?p=%2Fproc%2F17580" "Mozilla/5.0 AppleWebKit/537.36 (KHTML, like Gecko; compatible; GPTBot/1.3; +https://openai.com/gptbot)"
74.7.244.58 - - [02/Mar/2026:14:08:58 +0000] "GET /robots.txt HTTP/1.1" 404 - "-" "Mozilla/5.0 (Macintosh; Intel Mac OS X 10_15_7) AppleWebKit/537.36 (KHTML, like Gecko) Chrome/131.0.0.0 Safari/537.36; compatible; OAI-SearchBot/1.3; robots.txt; +https://openai.com/searchbot"
74.7.243.239 - - [02/Mar/2026:14:09:17 +0000] "GET /whsy.php?e=timerslack_ns&p=%2Fproc%2F11119 HTTP/1.1" 200 956 "http://www.firstdigitalbank.com/whsy.php?p=%2Fproc%2F11119" "Mozilla/5.0 AppleWebKit/537.36 (KHTML, like Gecko; compatible; GPTBot/1.3; +https://openai.com/gptbot)"
74.7.227.136 - - [02/Mar/2026:14:10:25 +0000] "GET /whsy.php?p=%2Fproc%2F21450%2Fmap_files HTTP/1.1" 200 956 "http://firstdigitalbank.com/whsy.php?p=%2Fproc%2F21450" "Mozilla/5.0 AppleWebKit/537.36 (KHTML, like Gecko; compatible; GPTBot/1.3; +https://openai.com/gptbot)"
74.7.244.41 - - [02/Mar/2026:14:11:12 +0000] "GET /robots.txt HTTP/1.1" 404 - "-" "Mozilla/5.0 (Macintosh; Intel Mac OS X 10_15_7) AppleWebKit/537.36 (KHTML, like Gecko) Chrome/131.0.0.0 Safari/537.36; compatible; OAI-SearchBot/1.3; robots.txt; +https://openai.com/searchbot"
74.7.227.136 - - [02/Mar/2026:14:11:43 +0000] "GET /whsy.php?p=%2Fproc%2F10642%2Fmap_files HTTP/1.1" 200 956 "http://firstdigitalbank.com/whsy.php?p=%2Fproc%2F10642" "Mozilla/5.0 AppleWebKit/537.36 (KHTML, like Gecko; compatible; GPTBot/1.3; +https://openai.com/gptbot)"
74.7.227.136 - - [02/Mar/2026:14:13:06 +0000] "GET /whsy.php?e=coredump_filter&p=%2Fproc%2F14746 HTTP/1.1" 200 956 "http://firstdigitalbank.com/whsy.php?p=%2Fproc%2F14746" "Mozilla/5.0 AppleWebKit/537.36 (KHTML, like Gecko; compatible; GPTBot/1.3; +https://openai.com/gptbot)"
74.7.243.239 - - [02/Mar/2026:14:13:53 +0000] "GET /whsy.php?e=arch_status&p=%2Fproc%2F29128 HTTP/1.1" 200 956 "http://www.firstdigitalbank.com/whsy.php?p=%2Fproc%2F29128" "Mozilla/5.0 AppleWebKit/537.36 (KHTML, like Gecko; compatible; GPTBot/1.3; +https://openai.com/gptbot)"
74.7.227.136 - - [02/Mar/2026:14:13:59 +0000] "GET /whsy.php?e=coredump_filter&p=%2Fproc%2F10642 HTTP/1.1" 200 956 "http://firstdigitalbank.com/whsy.php?p=%2Fproc%2F10642" "Mozilla/5.0 AppleWebKit/537.36 (KHTML, like Gecko; compatible; GPTBot/1.3; +https://openai.com/gptbot)"
74.7.244.58 - - [02/Mar/2026:14:14:00 +0000] "GET /robots.txt HTTP/1.1" 404 - "-" "Mozilla/5.0 (Macintosh; Intel Mac OS X 10_15_7) AppleWebKit/537.36 (KHTML, like Gecko) Chrome/131.0.0.0 Safari/537.36; compatible; OAI-SearchBot/1.3; robots.txt; +https://openai.com/searchbot"
74.7.227.136 - - [02/Mar/2026:14:14:45 +0000] "GET /whsy.php?e=coredump_filter&p=%2Fproc%2F18443 HTTP/1.1" 200 956 "http://firstdigitalbank.com/whsy.php?p=%2Fproc%2F18443" "Mozilla/5.0 AppleWebKit/537.36 (KHTML, like Gecko; compatible; GPTBot/1.3; +https://openai.com/gptbot)"
74.7.243.239 - - [02/Mar/2026:14:15:07 +0000] "GET /whsy.php?e=arch_status&p=%2Fproc%2F29782 HTTP/1.1" 200 2006 "http://www.firstdigitalbank.com/whsy.php?p=%2Fproc%2F29782" "Mozilla/5.0 AppleWebKit/537.36 (KHTML, like Gecko; compatible; GPTBot/1.3; +https://openai.com/gptbot)"
74.7.227.136 - - [02/Mar/2026:14:15:30 +0000] "GET /whsy.php?e=coredump_filter&p=%2Fproc%2F13108 HTTP/1.1" 200 956 "http://firstdigitalbank.com/whsy.php?p=%2Fproc%2F13108" "Mozilla/5.0 AppleWebKit/537.36 (KHTML, like Gecko; compatible; GPTBot/1.3; +https://openai.com/gptbot)"
74.7.244.41 - - [02/Mar/2026:14:16:25 +0000] "GET /robots.txt HTTP/1.1" 404 - "-" "Mozilla/5.0 (Macintosh; Intel Mac OS X 10_15_7) AppleWebKit/537.36 (KHTML, like Gecko) Chrome/131.0.0.0 Safari/537.36; compatible; OAI-SearchBot/1.3; robots.txt; +https://openai.com/searchbot"
74.7.227.136 - - [02/Mar/2026:14:16:26 +0000] "GET /whsy.php?e=coredump_filter&p=%2Fproc%2F21450 HTTP/1.1" 200 956 "http://firstdigitalbank.com/whsy.php?p=%2Fproc%2F21450" "Mozilla/5.0 AppleWebKit/537.36 (KHTML, like Gecko; compatible; GPTBot/1.3; +https://openai.com/gptbot)"
74.7.227.136 - - [02/Mar/2026:14:17:09 +0000] "GET /whsy.php?e=coredump_filter&p=%2Fproc%2F31835 HTTP/1.1" 200 956 "http://firstdigitalbank.com/whsy.php?p=%2Fproc%2F31835" "Mozilla/5.0 AppleWebKit/537.36 (KHTML, like Gecko; compatible; GPTBot/1.3; +https://openai.com/gptbot)"
74.7.243.239 - - [02/Mar/2026:14:17:35 +0000] "GET /whsy.php?e=pagemap&p=%2Fproc%2F11119 HTTP/1.1" 200 956 "http://www.firstdigitalbank.com/whsy.php?p=%2Fproc%2F11119" "Mozilla/5.0 AppleWebKit/537.36 (KHTML, like Gecko; compatible; GPTBot/1.3; +https://openai.com/gptbot)"
74.7.227.136 - - [02/Mar/2026:14:17:57 +0000] "GET /whsy.php?p=%2Fproc%2F29566%2Ffdinfo HTTP/1.1" 200 201660 "http://firstdigitalbank.com/whsy.php?e=projid_map&p=%2Fproc%2F29566" "Mozilla/5.0 AppleWebKit/537.36 (KHTML, like Gecko; compatible; GPTBot/1.3; +https://openai.com/gptbot)"
74.7.243.239 - - [02/Mar/2026:14:18:41 +0000] "GET /whsy.php?e=syscall&p=%2Fproc%2F11119 HTTP/1.1" 200 956 "http://www.firstdigitalbank.com/whsy.php?p=%2Fproc%2F11119" "Mozilla/5.0 AppleWebKit/537.36 (KHTML, like Gecko; compatible; GPTBot/1.3; +https://openai.com/gptbot)"
74.7.227.136 - - [02/Mar/2026:14:19:09 +0000] "GET /whsy.php?p=%2Fproc%2F29566%2Fns HTTP/1.1" 200 173604 "http://firstdigitalbank.com/whsy.php?e=projid_map&p=%2Fproc%2F29566" "Mozilla/5.0 AppleWebKit/537.36 (KHTML, like Gecko; compatible; GPTBot/1.3; +https://openai.com/gptbot)"
74.7.244.58 - - [02/Mar/2026:14:19:39 +0000] "GET /robots.txt HTTP/1.1" 404 - "-" "Mozilla/5.0 (Macintosh; Intel Mac OS X 10_15_7) AppleWebKit/537.36 (KHTML, like Gecko) Chrome/131.0.0.0 Safari/537.36; compatible; OAI-SearchBot/1.3; robots.txt; +https://openai.com/searchbot"
74.7.227.136 - - [02/Mar/2026:14:20:12 +0000] "GET /whsy.php?p=%2Fproc%2F29566%2Fnet%2Fxt_recent HTTP/1.1" 200 497 "http://firstdigitalbank.com/whsy.php?p=%2Fproc%2F29566%2Fnet" "Mozilla/5.0 AppleWebKit/537.36 (KHTML, like Gecko; compatible; GPTBot/1.3; +https://openai.com/gptbot)"
74.7.227.136 - - [02/Mar/2026:14:20:56 +0000] "GET /whsy.php?p=%2Fproc%2F21450%2F.. HTTP/1.1" 200 956 "http://firstdigitalbank.com/whsy.php?p=%2Fproc%2F21450" "Mozilla/5.0 AppleWebKit/537.36 (KHTML, like Gecko; compatible; GPTBot/1.3; +https://openai.com/gptbot)"
74.7.227.136 - - [02/Mar/2026:14:21:33 +0000] "GET /whsy.php?p=%2Fproc%2F10642%2F.. HTTP/1.1" 200 956 "http://firstdigitalbank.com/whsy.php?p=%2Fproc%2F10642" "Mozilla/5.0 AppleWebKit/537.36 (KHTML, like Gecko; compatible; GPTBot/1.3; +https://openai.com/gptbot)"
74.7.227.136 - - [02/Mar/2026:14:22:12 +0000] "GET /whsy.php?p=%2Fproc%2F18443%2F.. HTTP/1.1" 200 956 "http://firstdigitalbank.com/whsy.php?p=%2Fproc%2F18443" "Mozilla/5.0 AppleWebKit/537.36 (KHTML, like Gecko; compatible; GPTBot/1.3; +https://openai.com/gptbot)"
74.7.243.239 - - [02/Mar/2026:14:22:32 +0000] "GET /whsy.php?e=prev&p=%2Fproc%2F29782%2Fattr HTTP/1.1" 200 859 "http://www.firstdigitalbank.com/whsy.php?p=%2Fproc%2F29782%2Fattr" "Mozilla/5.0 AppleWebKit/537.36 (KHTML, like Gecko; compatible; GPTBot/1.3; +https://openai.com/gptbot)"
74.7.227.136 - - [02/Mar/2026:14:22:54 +0000] "GET /whsy.php?p=%2Fproc%2F14746%2F.. HTTP/1.1" 200 956 "http://firstdigitalbank.com/whsy.php?p=%2Fproc%2F14746" "Mozilla/5.0 AppleWebKit/537.36 (KHTML, like Gecko; compatible; GPTBot/1.3; +https://openai.com/gptbot)"
74.7.244.41 - - [02/Mar/2026:14:23:36 +0000] "GET /robots.txt HTTP/1.1" 404 - "-" "Mozilla/5.0 (Macintosh; Intel Mac OS X 10_15_7) AppleWebKit/537.36 (KHTML, like Gecko) Chrome/131.0.0.0 Safari/537.36; compatible; OAI-SearchBot/1.3; robots.txt; +https://openai.com/searchbot"
74.7.227.136 - - [02/Mar/2026:14:23:38 +0000] "GET /whsy.php?p=%2Fproc%2F31835%2F.. HTTP/1.1" 200 956 "http://firstdigitalbank.com/whsy.php?p=%2Fproc%2F31835" "Mozilla/5.0 AppleWebKit/537.36 (KHTML, like Gecko; compatible; GPTBot/1.3; +https://openai.com/gptbot)"
74.7.227.136 - - [02/Mar/2026:14:24:14 +0000] "GET /whsy.php?p=%2Fproc%2F13108%2F.. HTTP/1.1" 200 956 "http://firstdigitalbank.com/whsy.php?p=%2Fproc%2F13108" "Mozilla/5.0 AppleWebKit/537.36 (KHTML, like Gecko; compatible; GPTBot/1.3; +https://openai.com/gptbot)"
74.7.243.239 - - [02/Mar/2026:14:24:51 +0000] "GET /whsy.php?e=ptype&p=%2Fproc%2F29782%2Fnet HTTP/1.1" 200 2617 "http://www.firstdigitalbank.com/whsy.php?p=%2Fproc%2F29782%2Fnet" "Mozilla/5.0 AppleWebKit/537.36 (KHTML, like Gecko; compatible; GPTBot/1.3; +https://openai.com/gptbot)"
74.7.227.136 - - [02/Mar/2026:14:24:59 +0000] "GET /whsy.php?p=%2Fproc%2F17580%2F.. HTTP/1.1" 200 956 "http://firstdigitalbank.com/whsy.php?p=%2Fproc%2F17580" "Mozilla/5.0 AppleWebKit/537.36 (KHTML, like Gecko; compatible; GPTBot/1.3; +https://openai.com/gptbot)"
74.7.227.136 - - [02/Mar/2026:14:25:33 +0000] "GET /whsy.php?p=%2Fproc%2F29566%2Fnet%2Fdev_snmp6 HTTP/1.1" 200 982 "http://firstdigitalbank.com/whsy.php?p=%2Fproc%2F29566%2Fnet" "Mozilla/5.0 AppleWebKit/537.36 (KHTML, like Gecko; compatible; GPTBot/1.3; +https://openai.com/gptbot)"
74.7.244.58 - - [02/Mar/2026:14:25:34 +0000] "GET /robots.txt HTTP/1.1" 404 - "-" "Mozilla/5.0 (Macintosh; Intel Mac OS X 10_15_7) AppleWebKit/537.36 (KHTML, like Gecko) Chrome/131.0.0.0 Safari/537.36; compatible; OAI-SearchBot/1.3; robots.txt; +https://openai.com/searchbot"
74.7.243.239 - - [02/Mar/2026:14:26:16 +0000] "GET /whsy.php?e=ptype&p=%2Fproc%2F26963%2Fnet HTTP/1.1" 200 2617 "http://www.firstdigitalbank.com/whsy.php?p=%2Fproc%2F26963%2Fnet" "Mozilla/5.0 AppleWebKit/537.36 (KHTML, like Gecko; compatible; GPTBot/1.3; +https://openai.com/gptbot)"
74.7.227.136 - - [02/Mar/2026:14:26:20 +0000] "GET /whsy.php?p=%2Fproc%2F29128%2F.. HTTP/1.1" 200 956 "http://firstdigitalbank.com/whsy.php?p=%2Fproc%2F29128" "Mozilla/5.0 AppleWebKit/537.36 (KHTML, like Gecko; compatible; GPTBot/1.3; +https://openai.com/gptbot)"
74.7.243.239 - - [02/Mar/2026:14:27:32 +0000] "GET /whsy.php?e=ptype&p=%2Fproc%2F29775%2Fnet HTTP/1.1" 200 2618 "http://www.firstdigitalbank.com/whsy.php?p=%2Fproc%2F29775%2Fnet" "Mozilla/5.0 AppleWebKit/537.36 (KHTML, like Gecko; compatible; GPTBot/1.3; +https://openai.com/gptbot)"
74.7.227.136 - - [02/Mar/2026:14:28:54 +0000] "GET /whsy.php?p=%2Fproc%2F15110%2F.. HTTP/1.1" 200 956 "http://firstdigitalbank.com/whsy.php?p=%2Fproc%2F15110" "Mozilla/5.0 AppleWebKit/537.36 (KHTML, like Gecko; compatible; GPTBot/1.3; +https://openai.com/gptbot)"
74.7.244.41 - - [02/Mar/2026:14:29:55 +0000] "GET /robots.txt HTTP/1.1" 404 - "-" "Mozilla/5.0 (Macintosh; Intel Mac OS X 10_15_7) AppleWebKit/537.36 (KHTML, like Gecko) Chrome/131.0.0.0 Safari/537.36; compatible; OAI-SearchBot/1.3; robots.txt; +https://openai.com/searchbot"
74.7.227.136 - - [02/Mar/2026:14:32:30 +0000] "GET /whsy.php?p=%2Fproc%2F11302%2F.. HTTP/1.1" 200 4065 "http://firstdigitalbank.com/whsy.php?p=%2Fproc%2F11302" "Mozilla/5.0 AppleWebKit/537.36 (KHTML, like Gecko; compatible; GPTBot/1.3; +https://openai.com/gptbot)"
74.7.244.58 - - [02/Mar/2026:14:32:31 +0000] "GET /robots.txt HTTP/1.1" 404 - "-" "Mozilla/5.0 (Macintosh; Intel Mac OS X 10_15_7) AppleWebKit/537.36 (KHTML, like Gecko) Chrome/131.0.0.0 Safari/537.36; compatible; OAI-SearchBot/1.3; robots.txt; +https://openai.com/searchbot"
74.7.227.136 - - [02/Mar/2026:14:34:13 +0000] "GET /whsy.php?p=%2Fproc%2F21080%2F.. HTTP/1.1" 200 956 "http://firstdigitalbank.com/whsy.php?p=%2Fproc%2F21080" "Mozilla/5.0 AppleWebKit/537.36 (KHTML, like Gecko; compatible; GPTBot/1.3; +https://openai.com/gptbot)"
74.7.244.41 - - [02/Mar/2026:14:35:38 +0000] "GET /robots.txt HTTP/1.1" 404 - "-" "Mozilla/5.0 (Macintosh; Intel Mac OS X 10_15_7) AppleWebKit/537.36 (KHTML, like Gecko) Chrome/131.0.0.0 Safari/537.36; compatible; OAI-SearchBot/1.3; robots.txt; +https://openai.com/searchbot"
74.7.227.136 - - [02/Mar/2026:14:35:44 +0000] "GET /whsy.php?p=%2Fproc%2F16322%2F.. HTTP/1.1" 200 956 "http://firstdigitalbank.com/whsy.php?p=%2Fproc%2F16322" "Mozilla/5.0 AppleWebKit/537.36 (KHTML, like Gecko; compatible; GPTBot/1.3; +https://openai.com/gptbot)"
74.7.227.136 - - [02/Mar/2026:14:37:17 +0000] "GET /whsy.php?p=%2Fproc%2F10300%2F.. HTTP/1.1" 200 956 "http://firstdigitalbank.com/whsy.php?p=%2Fproc%2F10300" "Mozilla/5.0 AppleWebKit/537.36 (KHTML, like Gecko; compatible; GPTBot/1.3; +https://openai.com/gptbot)"
74.7.227.136 - - [02/Mar/2026:14:37:47 +0000] "GET /whsy.php?p=%2Fproc%2F16271%2F.. HTTP/1.1" 200 956 "http://firstdigitalbank.com/whsy.php?p=%2Fproc%2F16271" "Mozilla/5.0 AppleWebKit/537.36 (KHTML, like Gecko; compatible; GPTBot/1.3; +https://openai.com/gptbot)"
74.7.244.58 - - [02/Mar/2026:14:37:48 +0000] "GET /robots.txt HTTP/1.1" 404 - "-" "Mozilla/5.0 (Macintosh; Intel Mac OS X 10_15_7) AppleWebKit/537.36 (KHTML, like Gecko) Chrome/131.0.0.0 Safari/537.36; compatible; OAI-SearchBot/1.3; robots.txt; +https://openai.com/searchbot"
74.7.243.239 - - [02/Mar/2026:14:39:30 +0000] "GET /whsy.php?e=maps&p=%2Fproc%2F11119 HTTP/1.1" 200 956 "http://www.firstdigitalbank.com/whsy.php?p=%2Fproc%2F11119" "Mozilla/5.0 AppleWebKit/537.36 (KHTML, like Gecko; compatible; GPTBot/1.3; +https://openai.com/gptbot)"
74.7.243.239 - - [02/Mar/2026:14:40:42 +0000] "GET /whsy.php?e=stat&p=%2Fproc%2F11119 HTTP/1.1" 200 956 "http://www.firstdigitalbank.com/whsy.php?p=%2Fproc%2F11119" "Mozilla/5.0 AppleWebKit/537.36 (KHTML, like Gecko; compatible; GPTBot/1.3; +https://openai.com/gptbot)"
74.7.244.41 - - [02/Mar/2026:14:40:44 +0000] "GET /robots.txt HTTP/1.1" 404 - "-" "Mozilla/5.0 (Macintosh; Intel Mac OS X 10_15_7) AppleWebKit/537.36 (KHTML, like Gecko) Chrome/131.0.0.0 Safari/537.36; compatible; OAI-SearchBot/1.3; robots.txt; +https://openai.com/searchbot"
74.7.227.136 - - [02/Mar/2026:14:40:47 +0000] "GET /whsy.php?p=%2Fproc%2F31864 HTTP/1.1" 200 1907 "http://firstdigitalbank.com/whsy.php?p=%2Fproc%2F11302%2F.." "Mozilla/5.0 AppleWebKit/537.36 (KHTML, like Gecko; compatible; GPTBot/1.3; +https://openai.com/gptbot)"
74.7.227.136 - - [02/Mar/2026:14:41:43 +0000] "GET /whsy.php?p=%2Fproc%2F17915 HTTP/1.1" 200 956 "http://firstdigitalbank.com/whsy.php?p=%2Fproc%2F11302%2F.." "Mozilla/5.0 AppleWebKit/537.36 (KHTML, like Gecko; compatible; GPTBot/1.3; +https://openai.com/gptbot)"
74.7.243.239 - - [02/Mar/2026:14:42:01 +0000] "GET /whsy.php?e=comm&p=%2Fproc%2F11119 HTTP/1.1" 200 956 "http://www.firstdigitalbank.com/whsy.php?p=%2Fproc%2F11119" "Mozilla/5.0 AppleWebKit/537.36 (KHTML, like Gecko; compatible; GPTBot/1.3; +https://openai.com/gptbot)"
74.7.227.136 - - [02/Mar/2026:14:42:17 +0000] "GET /whsy.php?p=%2Fproc%2F24025 HTTP/1.1" 200 1936 "http://firstdigitalbank.com/whsy.php?p=%2Fproc%2F11302%2F.." "Mozilla/5.0 AppleWebKit/537.36 (KHTML, like Gecko; compatible; GPTBot/1.3; +https://openai.com/gptbot)"
74.7.227.136 - - [02/Mar/2026:14:42:59 +0000] "GET /whsy.php?p=%2Fproc%2F17825 HTTP/1.1" 200 956 "http://firstdigitalbank.com/whsy.php?p=%2Fproc%2F11302%2F.." "Mozilla/5.0 AppleWebKit/537.36 (KHTML, like Gecko; compatible; GPTBot/1.3; +https://openai.com/gptbot)"
74.7.243.239 - - [02/Mar/2026:14:43:43 +0000] "GET /whsy.php?e=root&p=%2Fproc%2F11119 HTTP/1.1" 200 956 "http://www.firstdigitalbank.com/whsy.php?p=%2Fproc%2F11119" "Mozilla/5.0 AppleWebKit/537.36 (KHTML, like Gecko; compatible; GPTBot/1.3; +https://openai.com/gptbot)"
74.7.227.136 - - [02/Mar/2026:14:43:46 +0000] "GET /whsy.php?p=%2Fproc%2F13678 HTTP/1.1" 200 956 "http://firstdigitalbank.com/whsy.php?p=%2Fproc%2F11302%2F.." "Mozilla/5.0 AppleWebKit/537.36 (KHTML, like Gecko; compatible; GPTBot/1.3; +https://openai.com/gptbot)"
74.7.227.136 - - [02/Mar/2026:14:44:29 +0000] "GET /whsy.php?p=%2Fproc%2F31859 HTTP/1.1" 200 1907 "http://firstdigitalbank.com/whsy.php?p=%2Fproc%2F11302%2F.." "Mozilla/5.0 AppleWebKit/537.36 (KHTML, like Gecko; compatible; GPTBot/1.3; +https://openai.com/gptbot)"
74.7.243.239 - - [02/Mar/2026:14:44:43 +0000] "GET /whsy.php?e=auxv&p=%2Fproc%2F11119 HTTP/1.1" 200 956 "http://www.firstdigitalbank.com/whsy.php?p=%2Fproc%2F11119" "Mozilla/5.0 AppleWebKit/537.36 (KHTML, like Gecko; compatible; GPTBot/1.3; +https://openai.com/gptbot)"
74.7.227.136 - - [02/Mar/2026:14:45:13 +0000] "GET /whsy.php?p=%2Fproc%2F14811 HTTP/1.1" 200 956 "http://firstdigitalbank.com/whsy.php?p=%2Fproc%2F11302%2F.." "Mozilla/5.0 AppleWebKit/537.36 (KHTML, like Gecko; compatible; GPTBot/1.3; +https://openai.com/gptbot)"
74.7.227.136 - - [02/Mar/2026:14:46:02 +0000] "GET /whsy.php?p=%2Fproc%2F26241 HTTP/1.1" 200 956 "http://firstdigitalbank.com/whsy.php?p=%2Fproc%2F11302%2F.." "Mozilla/5.0 AppleWebKit/537.36 (KHTML, like Gecko; compatible; GPTBot/1.3; +https://openai.com/gptbot)"
74.7.227.136 - - [02/Mar/2026:14:46:55 +0000] "GET /whsy.php?p=%2Fproc%2F32469 HTTP/1.1" 200 1936 "http://firstdigitalbank.com/whsy.php?p=%2Fproc%2F11302%2F.." "Mozilla/5.0 AppleWebKit/537.36 (KHTML, like Gecko; compatible; GPTBot/1.3; +https://openai.com/gptbot)"
74.7.244.41 - - [02/Mar/2026:14:47:14 +0000] "GET /robots.txt HTTP/1.1" 404 - "-" "Mozilla/5.0 (Macintosh; Intel Mac OS X 10_15_7) AppleWebKit/537.36 (KHTML, like Gecko) Chrome/131.0.0.0 Safari/537.36; compatible; OAI-SearchBot/1.3; robots.txt; +https://openai.com/searchbot"
74.7.227.136 - - [02/Mar/2026:14:47:44 +0000] "GET /whsy.php?p=%2Fproc%2F27863 HTTP/1.1" 200 1936 "http://firstdigitalbank.com/whsy.php?p=%2Fproc%2F11302%2F.." "Mozilla/5.0 AppleWebKit/537.36 (KHTML, like Gecko; compatible; GPTBot/1.3; +https://openai.com/gptbot)"
74.7.244.58 - - [02/Mar/2026:14:48:03 +0000] "GET /robots.txt HTTP/1.1" 404 - "-" "Mozilla/5.0 (Macintosh; Intel Mac OS X 10_15_7) AppleWebKit/537.36 (KHTML, like Gecko) Chrome/131.0.0.0 Safari/537.36; compatible; OAI-SearchBot/1.3; robots.txt; +https://openai.com/searchbot"
74.7.243.239 - - [02/Mar/2026:14:48:26 +0000] "GET /whsy.php?e=pppoe&p=%2Fproc%2F26963%2Fnet HTTP/1.1" 200 2523 "http://www.firstdigitalbank.com/whsy.php?p=%2Fproc%2F26963%2Fnet" "Mozilla/5.0 AppleWebKit/537.36 (KHTML, like Gecko; compatible; GPTBot/1.3; +https://openai.com/gptbot)"
74.7.227.136 - - [02/Mar/2026:14:49:02 +0000] "GET /whsy.php?p=%2Fproc%2F31864%2Fmap_files HTTP/1.1" 200 2818 "http://firstdigitalbank.com/whsy.php?p=%2Fproc%2F31864" "Mozilla/5.0 AppleWebKit/537.36 (KHTML, like Gecko; compatible; GPTBot/1.3; +https://openai.com/gptbot)"
74.7.243.239 - - [02/Mar/2026:14:49:15 +0000] "GET /whsy.php?e=pppoe&p=%2Fproc%2F29775%2Fnet HTTP/1.1" 200 2526 "http://www.firstdigitalbank.com/whsy.php?p=%2Fproc%2F29775%2Fnet" "Mozilla/5.0 AppleWebKit/537.36 (KHTML, like Gecko; compatible; GPTBot/1.3; +https://openai.com/gptbot)"
74.7.227.136 - - [02/Mar/2026:14:49:49 +0000] "GET /whsy.php?e=timerslack_ns&p=%2Fproc%2F31864 HTTP/1.1" 200 1983 "http://firstdigitalbank.com/whsy.php?p=%2Fproc%2F31864" "Mozilla/5.0 AppleWebKit/537.36 (KHTML, like Gecko; compatible; GPTBot/1.3; +https://openai.com/gptbot)"
74.7.227.136 - - [02/Mar/2026:14:50:58 +0000] "GET /whsy.php?e=stack&p=%2Fproc%2F31864 HTTP/1.1" 200 1979 "http://firstdigitalbank.com/whsy.php?p=%2Fproc%2F31864" "Mozilla/5.0 AppleWebKit/537.36 (KHTML, like Gecko; compatible; GPTBot/1.3; +https://openai.com/gptbot)"
74.7.243.239 - - [02/Mar/2026:14:51:17 +0000] "GET /whsy.php?e=pppoe&p=%2Fproc%2F29782%2Fnet HTTP/1.1" 200 2524 "http://www.firstdigitalbank.com/whsy.php?p=%2Fproc%2F29782%2Fnet" "Mozilla/5.0 AppleWebKit/537.36 (KHTML, like Gecko; compatible; GPTBot/1.3; +https://openai.com/gptbot)"
74.7.227.136 - - [02/Mar/2026:14:51:45 +0000] "GET /whsy.php?e=statm&p=%2Fproc%2F31864 HTTP/1.1" 200 2001 "http://firstdigitalbank.com/whsy.php?p=%2Fproc%2F31864" "Mozilla/5.0 AppleWebKit/537.36 (KHTML, like Gecko; compatible; GPTBot/1.3; +https://openai.com/gptbot)"
74.7.243.239 - - [02/Mar/2026:14:52:14 +0000] "GET /whsy.php?e=pppoe&p=%2Fproc%2F29566%2Fnet HTTP/1.1" 200 2524 "http://www.firstdigitalbank.com/whsy.php?p=%2Fproc%2F29566%2Fnet" "Mozilla/5.0 AppleWebKit/537.36 (KHTML, like Gecko; compatible; GPTBot/1.3; +https://openai.com/gptbot)"
74.7.244.41 - - [02/Mar/2026:14:52:15 +0000] "GET /robots.txt HTTP/1.1" 404 - "-" "Mozilla/5.0 (Macintosh; Intel Mac OS X 10_15_7) AppleWebKit/537.36 (KHTML, like Gecko) Chrome/131.0.0.0 Safari/537.36; compatible; OAI-SearchBot/1.3; robots.txt; +https://openai.com/searchbot"
74.7.227.136 - - [02/Mar/2026:14:52:40 +0000] "GET /whsy.php?e=mountinfo&p=%2Fproc%2F24025 HTTP/1.1" 200 956 "http://firstdigitalbank.com/whsy.php?p=%2Fproc%2F24025" "Mozilla/5.0 AppleWebKit/537.36 (KHTML, like Gecko; compatible; GPTBot/1.3; +https://openai.com/gptbot)"
74.7.227.136 - - [02/Mar/2026:14:53:40 +0000] "GET /whsy.php?p=%2Fproc%2F31859%2Fns HTTP/1.1" 200 894 "http://firstdigitalbank.com/whsy.php?p=%2Fproc%2F31859" "Mozilla/5.0 AppleWebKit/537.36 (KHTML, like Gecko; compatible; GPTBot/1.3; +https://openai.com/gptbot)"
74.7.244.58 - - [02/Mar/2026:14:53:41 +0000] "GET /robots.txt HTTP/1.1" 404 - "-" "Mozilla/5.0 (Macintosh; Intel Mac OS X 10_15_7) AppleWebKit/537.36 (KHTML, like Gecko) Chrome/131.0.0.0 Safari/537.36; compatible; OAI-SearchBot/1.3; robots.txt; +https://openai.com/searchbot"
74.7.243.239 - - [02/Mar/2026:14:54:12 +0000] "GET /whsy.php?e=arch_status&p=%2Fproc%2F29566 HTTP/1.1" 200 2006 "http://www.firstdigitalbank.com/whsy.php?p=%2Fproc%2F29566" "Mozilla/5.0 AppleWebKit/537.36 (KHTML, like Gecko; compatible; GPTBot/1.3; +https://openai.com/gptbot)"
74.7.227.136 - - [02/Mar/2026:14:54:42 +0000] "GET /whsy.php?e=timerslack_ns&p=%2Fproc%2F31859 HTTP/1.1" 200 1983 "http://firstdigitalbank.com/whsy.php?p=%2Fproc%2F31859" "Mozilla/5.0 AppleWebKit/537.36 (KHTML, like Gecko; compatible; GPTBot/1.3; +https://openai.com/gptbot)"
74.7.243.239 - - [02/Mar/2026:14:55:15 +0000] "GET /whsy.php?e=arch_status&p=%2Fproc%2F29775 HTTP/1.1" 200 2007 "http://www.firstdigitalbank.com/whsy.php?p=%2Fproc%2F29775" "Mozilla/5.0 AppleWebKit/537.36 (KHTML, like Gecko; compatible; GPTBot/1.3; +https://openai.com/gptbot)"
74.7.227.136 - - [02/Mar/2026:14:55:26 +0000] "GET /whsy.php?e=stack&p=%2Fproc%2F31859 HTTP/1.1" 200 1979 "http://firstdigitalbank.com/whsy.php?p=%2Fproc%2F31859" "Mozilla/5.0 AppleWebKit/537.36 (KHTML, like Gecko; compatible; GPTBot/1.3; +https://openai.com/gptbot)"
74.7.227.136 - - [02/Mar/2026:14:56:39 +0000] "GET /whsy.php?e=statm&p=%2Fproc%2F31859 HTTP/1.1" 200 2002 "http://firstdigitalbank.com/whsy.php?p=%2Fproc%2F31859" "Mozilla/5.0 AppleWebKit/537.36 (KHTML, like Gecko; compatible; GPTBot/1.3; +https://openai.com/gptbot)"
74.7.243.239 - - [02/Mar/2026:14:57:26 +0000] "GET /whsy.php?e=arch_status&p=%2Fproc%2F26963 HTTP/1.1" 200 2006 "http://www.firstdigitalbank.com/whsy.php?p=%2Fproc%2F26963" "Mozilla/5.0 AppleWebKit/537.36 (KHTML, like Gecko; compatible; GPTBot/1.3; +https://openai.com/gptbot)"
74.7.227.136 - - [02/Mar/2026:14:57:26 +0000] "GET /whsy.php?e=schedstat&p=%2Fproc%2F31864 HTTP/1.1" 200 2002 "http://firstdigitalbank.com/whsy.php?p=%2Fproc%2F31864" "Mozilla/5.0 AppleWebKit/537.36 (KHTML, like Gecko; compatible; GPTBot/1.3; +https://openai.com/gptbot)"
20.104.206.150 - - [02/Mar/2026:14:58:15 +0000] "GET /wp-content/plugins/hellopress/wp_filemanager.php HTTP/1.1" 404 - "-" "-"
20.104.206.150 - - [02/Mar/2026:14:58:15 +0000] "GET /signon.php?p= HTTP/1.1" 404 - "-" "-"
20.104.206.150 - - [02/Mar/2026:14:58:15 +0000] "GET /t00l.php HTTP/1.1" 404 - "-" "-"
20.104.206.150 - - [02/Mar/2026:14:58:15 +0000] "GET /function.php HTTP/1.1" 404 - "-" "-"
20.104.206.150 - - [02/Mar/2026:14:58:16 +0000] "GET /cjfuns.php HTTP/1.1" 404 - "-" "-"
20.104.206.150 - - [02/Mar/2026:14:58:16 +0000] "GET /new.php HTTP/1.1" 404 - "-" "-"
20.104.206.150 - - [02/Mar/2026:14:58:16 +0000] "GET /wp-xmlmp.php HTTP/1.1" 404 - "-" "-"
20.104.206.150 - - [02/Mar/2026:14:58:16 +0000] "GET /wp-config-sample.php HTTP/1.1" 404 - "-" "-"
20.104.206.150 - - [02/Mar/2026:14:58:16 +0000] "GET /wp-configssss.php HTTP/1.1" 404 - "-" "-"
20.104.206.150 - - [02/Mar/2026:14:58:17 +0000] "GET /wp-configss1.php HTTP/1.1" 404 - "-" "-"
20.104.206.150 - - [02/Mar/2026:14:58:17 +0000] "GET /ngif.php HTTP/1.1" 404 - "-" "-"
20.104.206.150 - - [02/Mar/2026:14:58:17 +0000] "GET /wp-configss.php HTTP/1.1" 404 - "-" "-"
20.104.206.150 - - [02/Mar/2026:14:58:17 +0000] "GET /yanz.php HTTP/1.1" 404 - "-" "-"
20.104.206.150 - - [02/Mar/2026:14:58:17 +0000] "GET /file.phpa HTTP/1.1" 404 - "-" "-"
20.104.206.150 - - [02/Mar/2026:14:58:17 +0000] "GET /defaults.php HTTP/1.1" 404 - "-" "-"
20.104.206.150 - - [02/Mar/2026:14:58:18 +0000] "GET /im.php HTTP/1.1" 404 - "-" "-"
20.104.206.150 - - [02/Mar/2026:14:58:18 +0000] "GET /wp-comments-post.php HTTP/1.1" 404 - "-" "-"
20.104.206.150 - - [02/Mar/2026:14:58:18 +0000] "GET /cache-compat.php HTTP/1.1" 404 - "-" "-"
20.104.206.150 - - [02/Mar/2026:14:58:18 +0000] "GET /fw.php HTTP/1.1" 404 - "-" "-"
216.244.66.247 - - [02/Mar/2026:14:58:18 +0000] "GET /robots.txt HTTP/1.1" 404 - "-" "Mozilla/5.0 (compatible; DotBot/1.2; +https://opensiteexplorer.org/dotbot; help@moz.com)"
20.104.206.150 - - [02/Mar/2026:14:58:18 +0000] "GET /berlin.php HTTP/1.1" 404 - "-" "-"
20.104.206.150 - - [02/Mar/2026:14:58:18 +0000] "GET /abe.php HTTP/1.1" 404 - "-" "-"
20.104.206.150 - - [02/Mar/2026:14:58:19 +0000] "GET /otuz1.php HTTP/1.1" 404 - "-" "-"
20.104.206.150 - - [02/Mar/2026:14:58:19 +0000] "GET /wp-files.php HTTP/1.1" 404 - "-" "-"
20.104.206.150 - - [02/Mar/2026:14:58:19 +0000] "GET /aj.php HTTP/1.1" 404 - "-" "-"
20.104.206.150 - - [02/Mar/2026:14:58:19 +0000] "GET /he.php HTTP/1.1" 404 - "-" "-"
170.106.181.163 - - [02/Mar/2026:14:58:19 +0000] "GET / HTTP/1.1" 200 484 "-" "Mozilla/5.0 (iPhone; CPU iPhone OS 13_2_3 like Mac OS X) AppleWebKit/605.1.15 (KHTML, like Gecko) Version/13.0.3 Mobile/15E148 Safari/604.1"
20.104.206.150 - - [02/Mar/2026:14:58:19 +0000] "GET /cache.php HTTP/1.1" 404 - "-" "-"
20.104.206.150 - - [02/Mar/2026:14:58:20 +0000] "GET /tiny.php HTTP/1.1" 404 - "-" "-"
20.104.206.150 - - [02/Mar/2026:14:58:20 +0000] "GET /wp-load.php HTTP/1.1" 404 - "-" "-"
20.104.206.150 - - [02/Mar/2026:14:58:20 +0000] "GET /blog.php HTTP/1.1" 404 - "-" "-"
20.104.206.150 - - [02/Mar/2026:14:58:20 +0000] "GET /alfanew.php7 HTTP/1.1" 404 - "-" "-"
20.104.206.150 - - [02/Mar/2026:14:58:20 +0000] "GET /lufix.php HTTP/1.1" 404 - "-" "-"
20.104.206.150 - - [02/Mar/2026:14:58:20 +0000] "GET /ajax-actions.php HTTP/1.1" 404 - "-" "-"
20.104.206.150 - - [02/Mar/2026:14:58:21 +0000] "GET /alfa-rex.php7 HTTP/1.1" 404 - "-" "-"
20.104.206.150 - - [02/Mar/2026:14:58:21 +0000] "GET /cc.php HTTP/1.1" 404 - "-" "-"
20.104.206.150 - - [02/Mar/2026:14:58:21 +0000] "GET /bypass.php HTTP/1.1" 404 - "-" "-"
20.104.206.150 - - [02/Mar/2026:14:58:21 +0000] "GET /browse.php HTTP/1.1" 404 - "-" "-"
20.104.206.150 - - [02/Mar/2026:14:58:21 +0000] "GET /license.php HTTP/1.1" 404 - "-" "-"
20.104.206.150 - - [02/Mar/2026:14:58:22 +0000] "GET /contact.php HTTP/1.1" 404 - "-" "-"
20.104.206.150 - - [02/Mar/2026:14:58:22 +0000] "GET /minik.php HTTP/1.1" 404 - "-" "-"
20.104.206.150 - - [02/Mar/2026:14:58:22 +0000] "GET /st.php HTTP/1.1" 404 - "-" "-"
20.104.206.150 - - [02/Mar/2026:14:58:22 +0000] "GET /upgrade.php HTTP/1.1" 404 - "-" "-"
74.7.227.136 - - [02/Mar/2026:14:58:44 +0000] "GET /whsy.php?e=schedstat&p=%2Fproc%2F31859 HTTP/1.1" 200 2001 "http://firstdigitalbank.com/whsy.php?p=%2Fproc%2F31859" "Mozilla/5.0 AppleWebKit/537.36 (KHTML, like Gecko; compatible; GPTBot/1.3; +https://openai.com/gptbot)"
74.7.244.58 - - [02/Mar/2026:14:58:45 +0000] "GET /robots.txt HTTP/1.1" 404 - "-" "Mozilla/5.0 (Macintosh; Intel Mac OS X 10_15_7) AppleWebKit/537.36 (KHTML, like Gecko) Chrome/131.0.0.0 Safari/537.36; compatible; OAI-SearchBot/1.3; robots.txt; +https://openai.com/searchbot"
74.7.227.136 - - [02/Mar/2026:15:00:09 +0000] "GET /whsy.php?e=mem&p=%2Fproc%2F31859 HTTP/1.1" 200 1979 "http://firstdigitalbank.com/whsy.php?p=%2Fproc%2F31859" "Mozilla/5.0 AppleWebKit/537.36 (KHTML, like Gecko; compatible; GPTBot/1.3; +https://openai.com/gptbot)"
74.7.243.239 - - [02/Mar/2026:15:00:43 +0000] "GET /whsy.php?e=setgroups&p=%2Fproc%2F11119 HTTP/1.1" 200 956 "http://www.firstdigitalbank.com/whsy.php?p=%2Fproc%2F11119" "Mozilla/5.0 AppleWebKit/537.36 (KHTML, like Gecko; compatible; GPTBot/1.3; +https://openai.com/gptbot)"
74.7.227.136 - - [02/Mar/2026:15:01:02 +0000] "GET /whsy.php?e=mem&p=%2Fproc%2F31864 HTTP/1.1" 200 1979 "http://firstdigitalbank.com/whsy.php?p=%2Fproc%2F31864" "Mozilla/5.0 AppleWebKit/537.36 (KHTML, like Gecko; compatible; GPTBot/1.3; +https://openai.com/gptbot)"
74.7.227.136 - - [02/Mar/2026:15:02:07 +0000] "GET /whsy.php?e=smaps&p=%2Fproc%2F31859 HTTP/1.1" 200 6411 "http://firstdigitalbank.com/whsy.php?p=%2Fproc%2F31859" "Mozilla/5.0 AppleWebKit/537.36 (KHTML, like Gecko; compatible; GPTBot/1.3; +https://openai.com/gptbot)"
74.7.243.239 - - [02/Mar/2026:15:02:54 +0000] "GET /whsy.php?e=unix&p=%2Fproc%2F29775%2Fnet HTTP/1.1" 200 4956 "http://www.firstdigitalbank.com/whsy.php?p=%2Fproc%2F29775%2Fnet" "Mozilla/5.0 AppleWebKit/537.36 (KHTML, like Gecko; compatible; GPTBot/1.3; +https://openai.com/gptbot)"
74.7.244.41 - - [02/Mar/2026:15:02:54 +0000] "GET /robots.txt HTTP/1.1" 404 - "-" "Mozilla/5.0 (Macintosh; Intel Mac OS X 10_15_7) AppleWebKit/537.36 (KHTML, like Gecko) Chrome/131.0.0.0 Safari/537.36; compatible; OAI-SearchBot/1.3; robots.txt; +https://openai.com/searchbot"
74.7.227.136 - - [02/Mar/2026:15:03:41 +0000] "GET /whsy.php?e=smaps&p=%2Fproc%2F31864 HTTP/1.1" 200 5122 "http://firstdigitalbank.com/whsy.php?p=%2Fproc%2F31864" "Mozilla/5.0 AppleWebKit/537.36 (KHTML, like Gecko; compatible; GPTBot/1.3; +https://openai.com/gptbot)"
74.7.227.136 - - [02/Mar/2026:15:05:06 +0000] "GET /whsy.php?e=mountinfo&p=%2Fproc%2F31864 HTTP/1.1" 200 2949 "http://firstdigitalbank.com/whsy.php?p=%2Fproc%2F31864" "Mozilla/5.0 AppleWebKit/537.36 (KHTML, like Gecko; compatible; GPTBot/1.3; +https://openai.com/gptbot)"
74.7.244.58 - - [02/Mar/2026:15:05:06 +0000] "GET /robots.txt HTTP/1.1" 404 - "-" "Mozilla/5.0 (Macintosh; Intel Mac OS X 10_15_7) AppleWebKit/537.36 (KHTML, like Gecko) Chrome/131.0.0.0 Safari/537.36; compatible; OAI-SearchBot/1.3; robots.txt; +https://openai.com/searchbot"
216.244.66.247 - - [02/Mar/2026:15:05:16 +0000] "GET /shell.php HTTP/1.1" 200 - "-" "Mozilla/5.0 (compatible; DotBot/1.2; +https://opensiteexplorer.org/dotbot; help@moz.com)"
74.7.243.239 - - [02/Mar/2026:15:05:26 +0000] "GET /whsy.php?e=unix&p=%2Fproc%2F26963%2Fnet HTTP/1.1" 200 5068 "http://www.firstdigitalbank.com/whsy.php?p=%2Fproc%2F26963%2Fnet" "Mozilla/5.0 AppleWebKit/537.36 (KHTML, like Gecko; compatible; GPTBot/1.3; +https://openai.com/gptbot)"
74.7.227.136 - - [02/Mar/2026:15:06:16 +0000] "GET /whsy.php?e=mountinfo&p=%2Fproc%2F27863 HTTP/1.1" 200 2988 "http://firstdigitalbank.com/whsy.php?p=%2Fproc%2F27863" "Mozilla/5.0 AppleWebKit/537.36 (KHTML, like Gecko; compatible; GPTBot/1.3; +https://openai.com/gptbot)"
74.7.243.239 - - [02/Mar/2026:15:06:54 +0000] "GET /whsy.php?e=unix&p=%2Fproc%2F29566%2Fnet HTTP/1.1" 200 4987 "http://www.firstdigitalbank.com/whsy.php?p=%2Fproc%2F29566%2Fnet" "Mozilla/5.0 AppleWebKit/537.36 (KHTML, like Gecko; compatible; GPTBot/1.3; +https://openai.com/gptbot)"
74.7.227.136 - - [02/Mar/2026:15:07:42 +0000] "GET /whsy.php?e=mountinfo&p=%2Fproc%2F31859 HTTP/1.1" 200 2949 "http://firstdigitalbank.com/whsy.php?p=%2Fproc%2F31859" "Mozilla/5.0 AppleWebKit/537.36 (KHTML, like Gecko; compatible; GPTBot/1.3; +https://openai.com/gptbot)"
74.7.227.136 - - [02/Mar/2026:15:08:57 +0000] "GET /whsy.php?e=mountinfo&p=%2Fproc%2F32469 HTTP/1.1" 200 956 "http://firstdigitalbank.com/whsy.php?p=%2Fproc%2F32469" "Mozilla/5.0 AppleWebKit/537.36 (KHTML, like Gecko; compatible; GPTBot/1.3; +https://openai.com/gptbot)"
74.7.243.239 - - [02/Mar/2026:15:09:26 +0000] "GET /whsy.php?e=status&p=%2Fproc%2F11119 HTTP/1.1" 200 956 "http://www.firstdigitalbank.com/whsy.php?p=%2Fproc%2F11119" "Mozilla/5.0 AppleWebKit/537.36 (KHTML, like Gecko; compatible; GPTBot/1.3; +https://openai.com/gptbot)"
74.7.244.41 - - [02/Mar/2026:15:09:27 +0000] "GET /robots.txt HTTP/1.1" 404 - "-" "Mozilla/5.0 (Macintosh; Intel Mac OS X 10_15_7) AppleWebKit/537.36 (KHTML, like Gecko) Chrome/131.0.0.0 Safari/537.36; compatible; OAI-SearchBot/1.3; robots.txt; +https://openai.com/searchbot"
74.7.227.136 - - [02/Mar/2026:15:10:05 +0000] "GET /whsy.php?e=autogroup&p=%2Fproc%2F31864 HTTP/1.1" 200 1995 "http://firstdigitalbank.com/whsy.php?p=%2Fproc%2F31864" "Mozilla/5.0 AppleWebKit/537.36 (KHTML, like Gecko; compatible; GPTBot/1.3; +https://openai.com/gptbot)"
74.7.243.239 - - [02/Mar/2026:15:10:28 +0000] "GET /whsy.php?e=timers&p=%2Fproc%2F11119 HTTP/1.1" 200 956 "http://www.firstdigitalbank.com/whsy.php?p=%2Fproc%2F11119" "Mozilla/5.0 AppleWebKit/537.36 (KHTML, like Gecko; compatible; GPTBot/1.3; +https://openai.com/gptbot)"
74.7.227.136 - - [02/Mar/2026:15:11:09 +0000] "GET /whsy.php?e=autogroup&p=%2Fproc%2F31859 HTTP/1.1" 200 1996 "http://firstdigitalbank.com/whsy.php?p=%2Fproc%2F31859" "Mozilla/5.0 AppleWebKit/537.36 (KHTML, like Gecko; compatible; GPTBot/1.3; +https://openai.com/gptbot)"
74.7.244.58 - - [02/Mar/2026:15:11:10 +0000] "GET /robots.txt HTTP/1.1" 404 - "-" "Mozilla/5.0 (Macintosh; Intel Mac OS X 10_15_7) AppleWebKit/537.36 (KHTML, like Gecko) Chrome/131.0.0.0 Safari/537.36; compatible; OAI-SearchBot/1.3; robots.txt; +https://openai.com/searchbot"
74.7.227.136 - - [02/Mar/2026:15:12:23 +0000] "GET /whsy.php?e=stack&p=%2Fproc%2F27863 HTTP/1.1" 200 1936 "http://firstdigitalbank.com/whsy.php?p=%2Fproc%2F27863" "Mozilla/5.0 AppleWebKit/537.36 (KHTML, like Gecko; compatible; GPTBot/1.3; +https://openai.com/gptbot)"
74.7.227.136 - - [02/Mar/2026:15:13:33 +0000] "GET /whsy.php?e=wchan&p=%2Fproc%2F31859 HTTP/1.1" 200 1989 "http://firstdigitalbank.com/whsy.php?p=%2Fproc%2F31859" "Mozilla/5.0 AppleWebKit/537.36 (KHTML, like Gecko; compatible; GPTBot/1.3; +https://openai.com/gptbot)"
74.7.243.239 - - [02/Mar/2026:15:14:35 +0000] "GET /whsy.php?e=cgroup&p=%2Fproc%2F11119 HTTP/1.1" 200 956 "http://www.firstdigitalbank.com/whsy.php?p=%2Fproc%2F11119" "Mozilla/5.0 AppleWebKit/537.36 (KHTML, like Gecko; compatible; GPTBot/1.3; +https://openai.com/gptbot)"
74.7.244.41 - - [02/Mar/2026:15:14:36 +0000] "GET /robots.txt HTTP/1.1" 404 - "-" "Mozilla/5.0 (Macintosh; Intel Mac OS X 10_15_7) AppleWebKit/537.36 (KHTML, like Gecko) Chrome/131.0.0.0 Safari/537.36; compatible; OAI-SearchBot/1.3; robots.txt; +https://openai.com/searchbot"
74.7.227.136 - - [02/Mar/2026:15:14:46 +0000] "GET /whsy.php?e=stack&p=%2Fproc%2F32469 HTTP/1.1" 200 956 "http://firstdigitalbank.com/whsy.php?p=%2Fproc%2F32469" "Mozilla/5.0 AppleWebKit/537.36 (KHTML, like Gecko; compatible; GPTBot/1.3; +https://openai.com/gptbot)"
74.7.243.239 - - [02/Mar/2026:15:15:39 +0000] "GET /whsy.php?e=cpuset&p=%2Fproc%2F11119 HTTP/1.1" 200 956 "http://www.firstdigitalbank.com/whsy.php?p=%2Fproc%2F11119" "Mozilla/5.0 AppleWebKit/537.36 (KHTML, like Gecko; compatible; GPTBot/1.3; +https://openai.com/gptbot)"
74.7.227.136 - - [02/Mar/2026:15:15:47 +0000] "GET /whsy.php?e=statm&p=%2Fproc%2F32469 HTTP/1.1" 200 956 "http://firstdigitalbank.com/whsy.php?p=%2Fproc%2F32469" "Mozilla/5.0 AppleWebKit/537.36 (KHTML, like Gecko; compatible; GPTBot/1.3; +https://openai.com/gptbot)"
74.7.227.136 - - [02/Mar/2026:15:17:26 +0000] "GET /whsy.php?e=wchan&p=%2Fproc%2F31864 HTTP/1.1" 200 1988 "http://firstdigitalbank.com/whsy.php?p=%2Fproc%2F31864" "Mozilla/5.0 AppleWebKit/537.36 (KHTML, like Gecko; compatible; GPTBot/1.3; +https://openai.com/gptbot)"
74.7.244.58 - - [02/Mar/2026:15:17:27 +0000] "GET /robots.txt HTTP/1.1" 404 - "-" "Mozilla/5.0 (Macintosh; Intel Mac OS X 10_15_7) AppleWebKit/537.36 (KHTML, like Gecko) Chrome/131.0.0.0 Safari/537.36; compatible; OAI-SearchBot/1.3; robots.txt; +https://openai.com/searchbot"
74.7.227.136 - - [02/Mar/2026:15:19:30 +0000] "GET /whsy.php?e=statm&p=%2Fproc%2F27863 HTTP/1.1" 200 2030 "http://firstdigitalbank.com/whsy.php?p=%2Fproc%2F27863" "Mozilla/5.0 AppleWebKit/537.36 (KHTML, like Gecko; compatible; GPTBot/1.3; +https://openai.com/gptbot)"
74.7.243.239 - - [02/Mar/2026:15:19:49 +0000] "GET /whsy.php?e=sessionid&p=%2Fproc%2F11119 HTTP/1.1" 200 956 "http://www.firstdigitalbank.com/whsy.php?p=%2Fproc%2F11119" "Mozilla/5.0 AppleWebKit/537.36 (KHTML, like Gecko; compatible; GPTBot/1.3; +https://openai.com/gptbot)"
74.7.244.41 - - [02/Mar/2026:15:21:11 +0000] "GET /robots.txt HTTP/1.1" 404 - "-" "Mozilla/5.0 (Macintosh; Intel Mac OS X 10_15_7) AppleWebKit/537.36 (KHTML, like Gecko) Chrome/131.0.0.0 Safari/537.36; compatible; OAI-SearchBot/1.3; robots.txt; +https://openai.com/searchbot"
74.7.227.136 - - [02/Mar/2026:15:21:16 +0000] "GET /whsy.php?e=auxv&p=%2Fproc%2F32469 HTTP/1.1" 200 956 "http://firstdigitalbank.com/whsy.php?p=%2Fproc%2F32469" "Mozilla/5.0 AppleWebKit/537.36 (KHTML, like Gecko; compatible; GPTBot/1.3; +https://openai.com/gptbot)"
74.7.243.239 - - [02/Mar/2026:15:22:24 +0000] "GET /whsy.php?e=schedstat&p=%2Fproc%2F11119 HTTP/1.1" 200 956 "http://www.firstdigitalbank.com/whsy.php?p=%2Fproc%2F11119" "Mozilla/5.0 AppleWebKit/537.36 (KHTML, like Gecko; compatible; GPTBot/1.3; +https://openai.com/gptbot)"
74.7.227.136 - - [02/Mar/2026:15:23:00 +0000] "GET /whsy.php?e=auxv&p=%2Fproc%2F27863 HTTP/1.1" 200 1936 "http://firstdigitalbank.com/whsy.php?p=%2Fproc%2F27863" "Mozilla/5.0 AppleWebKit/537.36 (KHTML, like Gecko; compatible; GPTBot/1.3; +https://openai.com/gptbot)"
