74.7.175.191 - - [03/Mar/2026:03:36:29 +0000] "GET /robots.txt HTTP/1.1" 404 - "-" "Mozilla/5.0 (Macintosh; Intel Mac OS X 10_15_7) AppleWebKit/537.36 (KHTML, like Gecko) Chrome/131.0.0.0 Safari/537.36; compatible; OAI-SearchBot/1.3; robots.txt; +https://openai.com/searchbot"
74.7.227.168 - - [03/Mar/2026:03:36:35 +0000] "GET /whsy.php?e=mountinfo&p=%2Fproc%2F31864 HTTP/1.1" 200 2949 "http://www.firstdigitalbank.com/whsy.php?p=%2Fproc%2F31864" "Mozilla/5.0 AppleWebKit/537.36 (KHTML, like Gecko; compatible; GPTBot/1.3; +https://openai.com/gptbot)"
74.7.227.168 - - [03/Mar/2026:03:36:43 +0000] "GET /whsy.php?e=autogroup&p=%2Fproc%2F31864 HTTP/1.1" 200 1995 "http://www.firstdigitalbank.com/whsy.php?p=%2Fproc%2F31864" "Mozilla/5.0 AppleWebKit/537.36 (KHTML, like Gecko; compatible; GPTBot/1.3; +https://openai.com/gptbot)"
74.7.227.168 - - [03/Mar/2026:03:36:51 +0000] "GET /whsy.php?e=wchan&p=%2Fproc%2F31864 HTTP/1.1" 200 1988 "http://www.firstdigitalbank.com/whsy.php?p=%2Fproc%2F31864" "Mozilla/5.0 AppleWebKit/537.36 (KHTML, like Gecko; compatible; GPTBot/1.3; +https://openai.com/gptbot)"
74.7.227.168 - - [03/Mar/2026:03:37:01 +0000] "GET /whsy.php?e=auxv&p=%2Fproc%2F31864 HTTP/1.1" 200 1977 "http://www.firstdigitalbank.com/whsy.php?p=%2Fproc%2F31864" "Mozilla/5.0 AppleWebKit/537.36 (KHTML, like Gecko; compatible; GPTBot/1.3; +https://openai.com/gptbot)"
74.7.227.168 - - [03/Mar/2026:03:37:12 +0000] "GET /whsy.php?e=exe&p=%2Fproc%2F31864 HTTP/1.1" 200 1978 "http://www.firstdigitalbank.com/whsy.php?p=%2Fproc%2F31864" "Mozilla/5.0 AppleWebKit/537.36 (KHTML, like Gecko; compatible; GPTBot/1.3; +https://openai.com/gptbot)"
74.7.227.168 - - [03/Mar/2026:03:37:21 +0000] "GET /whsy.php?e=sched&p=%2Fproc%2F31864 HTTP/1.1" 200 2436 "http://www.firstdigitalbank.com/whsy.php?p=%2Fproc%2F31864" "Mozilla/5.0 AppleWebKit/537.36 (KHTML, like Gecko; compatible; GPTBot/1.3; +https://openai.com/gptbot)"
74.7.227.168 - - [03/Mar/2026:03:37:32 +0000] "GET /whsy.php?e=timens_offsets&p=%2Fproc%2F31864 HTTP/1.1" 200 1998 "http://www.firstdigitalbank.com/whsy.php?p=%2Fproc%2F31864" "Mozilla/5.0 AppleWebKit/537.36 (KHTML, like Gecko; compatible; GPTBot/1.3; +https://openai.com/gptbot)"
74.7.227.168 - - [03/Mar/2026:03:37:42 +0000] "GET /whsy.php?e=sessionid&p=%2Fproc%2F31864 HTTP/1.1" 200 1990 "http://www.firstdigitalbank.com/whsy.php?p=%2Fproc%2F31864" "Mozilla/5.0 AppleWebKit/537.36 (KHTML, like Gecko; compatible; GPTBot/1.3; +https://openai.com/gptbot)"
74.7.227.168 - - [03/Mar/2026:03:37:52 +0000] "GET /whsy.php?e=setgroups&p=%2Fproc%2F31864 HTTP/1.1" 200 1982 "http://www.firstdigitalbank.com/whsy.php?p=%2Fproc%2F31864" "Mozilla/5.0 AppleWebKit/537.36 (KHTML, like Gecko; compatible; GPTBot/1.3; +https://openai.com/gptbot)"
74.7.227.168 - - [03/Mar/2026:03:38:01 +0000] "GET /whsy.php?e=maps&p=%2Fproc%2F31864 HTTP/1.1" 200 3287 "http://www.firstdigitalbank.com/whsy.php?p=%2Fproc%2F31864" "Mozilla/5.0 AppleWebKit/537.36 (KHTML, like Gecko; compatible; GPTBot/1.3; +https://openai.com/gptbot)"
74.7.242.43 - - [03/Mar/2026:03:38:04 +0000] "GET /whsy.php?e=cmdline&p=%2Fproc%2F31860 HTTP/1.1" 200 2115 "http://firstdigitalbank.com/whsy.php?p=%2Fproc%2F31860" "Mozilla/5.0 AppleWebKit/537.36 (KHTML, like Gecko; compatible; GPTBot/1.3; +https://openai.com/gptbot)"
74.7.227.168 - - [03/Mar/2026:03:38:11 +0000] "GET /whsy.php?e=comm&p=%2Fproc%2F31864 HTTP/1.1" 200 1984 "http://www.firstdigitalbank.com/whsy.php?p=%2Fproc%2F31864" "Mozilla/5.0 AppleWebKit/537.36 (KHTML, like Gecko; compatible; GPTBot/1.3; +https://openai.com/gptbot)"
74.7.227.168 - - [03/Mar/2026:03:38:21 +0000] "GET /whsy.php?e=uid_map&p=%2Fproc%2F31864 HTTP/1.1" 200 1995 "http://www.firstdigitalbank.com/whsy.php?p=%2Fproc%2F31864" "Mozilla/5.0 AppleWebKit/537.36 (KHTML, like Gecko; compatible; GPTBot/1.3; +https://openai.com/gptbot)"
74.7.242.43 - - [03/Mar/2026:03:38:25 +0000] "GET /whsy.php?e=environ&p=%2Fproc%2F31860 HTTP/1.1" 200 2078 "http://firstdigitalbank.com/whsy.php?p=%2Fproc%2F31860" "Mozilla/5.0 AppleWebKit/537.36 (KHTML, like Gecko; compatible; GPTBot/1.3; +https://openai.com/gptbot)"
74.7.227.168 - - [03/Mar/2026:03:38:31 +0000] "GET /whsy.php?e=gid_map&p=%2Fproc%2F31864 HTTP/1.1" 200 1998 "http://www.firstdigitalbank.com/whsy.php?p=%2Fproc%2F31864" "Mozilla/5.0 AppleWebKit/537.36 (KHTML, like Gecko; compatible; GPTBot/1.3; +https://openai.com/gptbot)"
74.7.242.43 - - [03/Mar/2026:03:38:34 +0000] "GET /whsy.php?e=smaps_rollup&p=%2Fproc%2F31860 HTTP/1.1" 200 2226 "http://firstdigitalbank.com/whsy.php?p=%2Fproc%2F31860" "Mozilla/5.0 AppleWebKit/537.36 (KHTML, like Gecko; compatible; GPTBot/1.3; +https://openai.com/gptbot)"
74.7.227.168 - - [03/Mar/2026:03:38:39 +0000] "GET /whsy.php?e=oom_adj&p=%2Fproc%2F31864 HTTP/1.1" 200 1981 "http://www.firstdigitalbank.com/whsy.php?p=%2Fproc%2F31864" "Mozilla/5.0 AppleWebKit/537.36 (KHTML, like Gecko; compatible; GPTBot/1.3; +https://openai.com/gptbot)"
74.7.227.168 - - [03/Mar/2026:03:38:47 +0000] "GET /whsy.php?e=stat&p=%2Fproc%2F31864 HTTP/1.1" 200 2129 "http://www.firstdigitalbank.com/whsy.php?p=%2Fproc%2F31864" "Mozilla/5.0 AppleWebKit/537.36 (KHTML, like Gecko; compatible; GPTBot/1.3; +https://openai.com/gptbot)"
74.7.227.168 - - [03/Mar/2026:03:38:55 +0000] "GET /whsy.php?e=io&p=%2Fproc%2F31864 HTTP/1.1" 200 2029 "http://www.firstdigitalbank.com/whsy.php?p=%2Fproc%2F31864" "Mozilla/5.0 AppleWebKit/537.36 (KHTML, like Gecko; compatible; GPTBot/1.3; +https://openai.com/gptbot)"
74.7.227.168 - - [03/Mar/2026:03:39:05 +0000] "GET /whsy.php?e=oom_score_adj&p=%2Fproc%2F31864 HTTP/1.1" 200 1983 "http://www.firstdigitalbank.com/whsy.php?p=%2Fproc%2F31864" "Mozilla/5.0 AppleWebKit/537.36 (KHTML, like Gecko; compatible; GPTBot/1.3; +https://openai.com/gptbot)"
74.7.242.43 - - [03/Mar/2026:03:39:08 +0000] "GET /whsy.php?e=personality&p=%2Fproc%2F31860 HTTP/1.1" 200 1981 "http://firstdigitalbank.com/whsy.php?p=%2Fproc%2F31860" "Mozilla/5.0 AppleWebKit/537.36 (KHTML, like Gecko; compatible; GPTBot/1.3; +https://openai.com/gptbot)"
74.7.227.168 - - [03/Mar/2026:03:39:14 +0000] "GET /whsy.php?e=ksm_stat&p=%2Fproc%2F31864 HTTP/1.1" 200 2012 "http://www.firstdigitalbank.com/whsy.php?p=%2Fproc%2F31864" "Mozilla/5.0 AppleWebKit/537.36 (KHTML, like Gecko; compatible; GPTBot/1.3; +https://openai.com/gptbot)"
74.7.227.168 - - [03/Mar/2026:03:39:21 +0000] "GET /whsy.php?e=cmdline&p=%2Fproc%2F31864 HTTP/1.1" 200 2115 "http://www.firstdigitalbank.com/whsy.php?p=%2Fproc%2F31864" "Mozilla/5.0 AppleWebKit/537.36 (KHTML, like Gecko; compatible; GPTBot/1.3; +https://openai.com/gptbot)"
74.7.227.168 - - [03/Mar/2026:03:39:29 +0000] "GET /whsy.php?e=environ&p=%2Fproc%2F31864 HTTP/1.1" 200 2079 "http://www.firstdigitalbank.com/whsy.php?p=%2Fproc%2F31864" "Mozilla/5.0 AppleWebKit/537.36 (KHTML, like Gecko; compatible; GPTBot/1.3; +https://openai.com/gptbot)"
74.7.242.43 - - [03/Mar/2026:03:39:32 +0000] "GET /whsy.php?e=clear_refs&p=%2Fproc%2F31860 HTTP/1.1" 200 1906 "http://firstdigitalbank.com/whsy.php?p=%2Fproc%2F31860" "Mozilla/5.0 AppleWebKit/537.36 (KHTML, like Gecko; compatible; GPTBot/1.3; +https://openai.com/gptbot)"
74.7.227.168 - - [03/Mar/2026:03:39:38 +0000] "GET /whsy.php?e=smaps_rollup&p=%2Fproc%2F31864 HTTP/1.1" 200 2226 "http://www.firstdigitalbank.com/whsy.php?p=%2Fproc%2F31864" "Mozilla/5.0 AppleWebKit/537.36 (KHTML, like Gecko; compatible; GPTBot/1.3; +https://openai.com/gptbot)"
74.7.227.168 - - [03/Mar/2026:03:39:47 +0000] "GET /whsy.php?e=personality&p=%2Fproc%2F31864 HTTP/1.1" 200 1981 "http://www.firstdigitalbank.com/whsy.php?p=%2Fproc%2F31864" "Mozilla/5.0 AppleWebKit/537.36 (KHTML, like Gecko; compatible; GPTBot/1.3; +https://openai.com/gptbot)"
74.7.227.168 - - [03/Mar/2026:03:39:55 +0000] "GET /whsy.php?e=clear_refs&p=%2Fproc%2F31864 HTTP/1.1" 200 1907 "http://www.firstdigitalbank.com/whsy.php?p=%2Fproc%2F31864" "Mozilla/5.0 AppleWebKit/537.36 (KHTML, like Gecko; compatible; GPTBot/1.3; +https://openai.com/gptbot)"
74.7.242.43 - - [03/Mar/2026:03:39:59 +0000] "GET /whsy.php?e=syscall&p=%2Fproc%2F31860 HTTP/1.1" 200 2042 "http://firstdigitalbank.com/whsy.php?p=%2Fproc%2F31860" "Mozilla/5.0 AppleWebKit/537.36 (KHTML, like Gecko; compatible; GPTBot/1.3; +https://openai.com/gptbot)"
74.7.227.168 - - [03/Mar/2026:03:40:04 +0000] "GET /whsy.php?e=syscall&p=%2Fproc%2F31864 HTTP/1.1" 200 2023 "http://www.firstdigitalbank.com/whsy.php?p=%2Fproc%2F31864" "Mozilla/5.0 AppleWebKit/537.36 (KHTML, like Gecko; compatible; GPTBot/1.3; +https://openai.com/gptbot)"
74.7.227.168 - - [03/Mar/2026:03:40:13 +0000] "GET /whsy.php?e=pagemap&p=%2Fproc%2F31864 HTTP/1.1" 200 565 "http://www.firstdigitalbank.com/whsy.php?p=%2Fproc%2F31864" "Mozilla/5.0 AppleWebKit/537.36 (KHTML, like Gecko; compatible; GPTBot/1.3; +https://openai.com/gptbot)"
74.7.242.43 - - [03/Mar/2026:03:40:18 +0000] "GET /whsy.php?e=pagemap&p=%2Fproc%2F31860 HTTP/1.1" 200 565 "http://firstdigitalbank.com/whsy.php?p=%2Fproc%2F31860" "Mozilla/5.0 AppleWebKit/537.36 (KHTML, like Gecko; compatible; GPTBot/1.3; +https://openai.com/gptbot)"
74.7.227.168 - - [03/Mar/2026:03:40:57 +0000] "GET /whsy.php?p=%2Fproc%2F27901 HTTP/1.1" 200 956 "http://www.firstdigitalbank.com/whsy.php?p=%2Fproc%2F31393%2F.." "Mozilla/5.0 AppleWebKit/537.36 (KHTML, like Gecko; compatible; GPTBot/1.3; +https://openai.com/gptbot)"
74.7.227.168 - - [03/Mar/2026:03:41:25 +0000] "GET /whsy.php?p=%2Fproc%2F23682 HTTP/1.1" 200 956 "http://www.firstdigitalbank.com/whsy.php?p=%2Fproc%2F26963%2F.." "Mozilla/5.0 AppleWebKit/537.36 (KHTML, like Gecko; compatible; GPTBot/1.3; +https://openai.com/gptbot)"
74.7.227.168 - - [03/Mar/2026:03:41:32 +0000] "GET /whsy.php?p=%2Fproc%2F23692 HTTP/1.1" 200 956 "http://www.firstdigitalbank.com/whsy.php?p=%2Fproc%2F26963%2F.." "Mozilla/5.0 AppleWebKit/537.36 (KHTML, like Gecko; compatible; GPTBot/1.3; +https://openai.com/gptbot)"
74.7.242.43 - - [03/Mar/2026:03:41:37 +0000] "GET /whsy.php?p=%2Fproc%2F19185 HTTP/1.1" 200 956 "http://firstdigitalbank.com/whsy.php?p=%2Fproc%2F11302%2F.." "Mozilla/5.0 AppleWebKit/537.36 (KHTML, like Gecko; compatible; GPTBot/1.3; +https://openai.com/gptbot)"
74.7.175.191 - - [03/Mar/2026:03:41:38 +0000] "GET /robots.txt HTTP/1.1" 404 - "-" "Mozilla/5.0 (Macintosh; Intel Mac OS X 10_15_7) AppleWebKit/537.36 (KHTML, like Gecko) Chrome/131.0.0.0 Safari/537.36; compatible; OAI-SearchBot/1.3; robots.txt; +https://openai.com/searchbot"
74.7.242.43 - - [03/Mar/2026:03:43:09 +0000] "GET /whsy.php?p=%2Fproc%2F31865 HTTP/1.1" 200 1907 "http://firstdigitalbank.com/whsy.php?p=%2Fproc%2F11302%2F.." "Mozilla/5.0 AppleWebKit/537.36 (KHTML, like Gecko; compatible; GPTBot/1.3; +https://openai.com/gptbot)"
74.7.242.43 - - [03/Mar/2026:03:43:37 +0000] "GET /whsy.php?p=%2Fproc%2F24546 HTTP/1.1" 200 956 "http://firstdigitalbank.com/whsy.php?p=%2Fproc%2F11302%2F.." "Mozilla/5.0 AppleWebKit/537.36 (KHTML, like Gecko; compatible; GPTBot/1.3; +https://openai.com/gptbot)"
74.7.242.43 - - [03/Mar/2026:03:44:48 +0000] "GET /whsy.php?e=arch_status&p=%2Fproc%2F31865 HTTP/1.1" 200 1982 "http://firstdigitalbank.com/whsy.php?p=%2Fproc%2F31865" "Mozilla/5.0 AppleWebKit/537.36 (KHTML, like Gecko; compatible; GPTBot/1.3; +https://openai.com/gptbot)"
74.7.242.43 - - [03/Mar/2026:03:44:57 +0000] "GET /whsy.php?e=timerslack_ns&p=%2Fproc%2F31865 HTTP/1.1" 200 1983 "http://firstdigitalbank.com/whsy.php?p=%2Fproc%2F31865" "Mozilla/5.0 AppleWebKit/537.36 (KHTML, like Gecko; compatible; GPTBot/1.3; +https://openai.com/gptbot)"
74.7.242.43 - - [03/Mar/2026:03:45:05 +0000] "GET /whsy.php?e=statm&p=%2Fproc%2F31865 HTTP/1.1" 200 2001 "http://firstdigitalbank.com/whsy.php?p=%2Fproc%2F31865" "Mozilla/5.0 AppleWebKit/537.36 (KHTML, like Gecko; compatible; GPTBot/1.3; +https://openai.com/gptbot)"
74.7.242.43 - - [03/Mar/2026:03:45:13 +0000] "GET /whsy.php?e=stack&p=%2Fproc%2F31865 HTTP/1.1" 200 1979 "http://firstdigitalbank.com/whsy.php?p=%2Fproc%2F31865" "Mozilla/5.0 AppleWebKit/537.36 (KHTML, like Gecko; compatible; GPTBot/1.3; +https://openai.com/gptbot)"
74.7.242.43 - - [03/Mar/2026:03:45:21 +0000] "GET /whsy.php?e=schedstat&p=%2Fproc%2F31865 HTTP/1.1" 200 2002 "http://firstdigitalbank.com/whsy.php?p=%2Fproc%2F31865" "Mozilla/5.0 AppleWebKit/537.36 (KHTML, like Gecko; compatible; GPTBot/1.3; +https://openai.com/gptbot)"
74.7.242.43 - - [03/Mar/2026:03:45:29 +0000] "GET /whsy.php?e=mem&p=%2Fproc%2F31865 HTTP/1.1" 200 1979 "http://firstdigitalbank.com/whsy.php?p=%2Fproc%2F31865" "Mozilla/5.0 AppleWebKit/537.36 (KHTML, like Gecko; compatible; GPTBot/1.3; +https://openai.com/gptbot)"
74.7.242.43 - - [03/Mar/2026:03:45:38 +0000] "GET /whsy.php?e=smaps&p=%2Fproc%2F31865 HTTP/1.1" 200 5073 "http://firstdigitalbank.com/whsy.php?p=%2Fproc%2F31865" "Mozilla/5.0 AppleWebKit/537.36 (KHTML, like Gecko; compatible; GPTBot/1.3; +https://openai.com/gptbot)"
216.244.66.247 - - [03/Mar/2026:03:45:39 +0000] "GET /robots.txt HTTP/1.1" 404 - "-" "Mozilla/5.0 (compatible; DotBot/1.2; +https://opensiteexplorer.org/dotbot; help@moz.com)"
74.7.242.43 - - [03/Mar/2026:03:45:47 +0000] "GET /whsy.php?e=mountinfo&p=%2Fproc%2F31865 HTTP/1.1" 200 2949 "http://firstdigitalbank.com/whsy.php?p=%2Fproc%2F31865" "Mozilla/5.0 AppleWebKit/537.36 (KHTML, like Gecko; compatible; GPTBot/1.3; +https://openai.com/gptbot)"
74.7.242.43 - - [03/Mar/2026:03:45:55 +0000] "GET /whsy.php?e=autogroup&p=%2Fproc%2F31865 HTTP/1.1" 200 1996 "http://firstdigitalbank.com/whsy.php?p=%2Fproc%2F31865" "Mozilla/5.0 AppleWebKit/537.36 (KHTML, like Gecko; compatible; GPTBot/1.3; +https://openai.com/gptbot)"
74.7.242.43 - - [03/Mar/2026:03:46:04 +0000] "GET /whsy.php?e=wchan&p=%2Fproc%2F31865 HTTP/1.1" 200 1989 "http://firstdigitalbank.com/whsy.php?p=%2Fproc%2F31865" "Mozilla/5.0 AppleWebKit/537.36 (KHTML, like Gecko; compatible; GPTBot/1.3; +https://openai.com/gptbot)"
74.7.242.43 - - [03/Mar/2026:03:46:13 +0000] "GET /whsy.php?e=auxv&p=%2Fproc%2F31865 HTTP/1.1" 200 1977 "http://firstdigitalbank.com/whsy.php?p=%2Fproc%2F31865" "Mozilla/5.0 AppleWebKit/537.36 (KHTML, like Gecko; compatible; GPTBot/1.3; +https://openai.com/gptbot)"
74.7.242.43 - - [03/Mar/2026:03:46:22 +0000] "GET /whsy.php?e=exe&p=%2Fproc%2F31865 HTTP/1.1" 200 1978 "http://firstdigitalbank.com/whsy.php?p=%2Fproc%2F31865" "Mozilla/5.0 AppleWebKit/537.36 (KHTML, like Gecko; compatible; GPTBot/1.3; +https://openai.com/gptbot)"
74.7.242.43 - - [03/Mar/2026:03:46:30 +0000] "GET /whsy.php?e=sched&p=%2Fproc%2F31865 HTTP/1.1" 200 2439 "http://firstdigitalbank.com/whsy.php?p=%2Fproc%2F31865" "Mozilla/5.0 AppleWebKit/537.36 (KHTML, like Gecko; compatible; GPTBot/1.3; +https://openai.com/gptbot)"
74.7.242.43 - - [03/Mar/2026:03:46:39 +0000] "GET /whsy.php?e=timens_offsets&p=%2Fproc%2F31865 HTTP/1.1" 200 1998 "http://firstdigitalbank.com/whsy.php?p=%2Fproc%2F31865" "Mozilla/5.0 AppleWebKit/537.36 (KHTML, like Gecko; compatible; GPTBot/1.3; +https://openai.com/gptbot)"
74.7.175.191 - - [03/Mar/2026:03:46:39 +0000] "GET /robots.txt HTTP/1.1" 404 - "-" "Mozilla/5.0 (Macintosh; Intel Mac OS X 10_15_7) AppleWebKit/537.36 (KHTML, like Gecko) Chrome/131.0.0.0 Safari/537.36; compatible; OAI-SearchBot/1.3; robots.txt; +https://openai.com/searchbot"
74.7.242.43 - - [03/Mar/2026:03:46:48 +0000] "GET /whsy.php?e=sessionid&p=%2Fproc%2F31865 HTTP/1.1" 200 1989 "http://firstdigitalbank.com/whsy.php?p=%2Fproc%2F31865" "Mozilla/5.0 AppleWebKit/537.36 (KHTML, like Gecko; compatible; GPTBot/1.3; +https://openai.com/gptbot)"
74.7.242.43 - - [03/Mar/2026:03:46:57 +0000] "GET /whsy.php?e=setgroups&p=%2Fproc%2F31865 HTTP/1.1" 200 1982 "http://firstdigitalbank.com/whsy.php?p=%2Fproc%2F31865" "Mozilla/5.0 AppleWebKit/537.36 (KHTML, like Gecko; compatible; GPTBot/1.3; +https://openai.com/gptbot)"
74.7.242.43 - - [03/Mar/2026:03:47:06 +0000] "GET /whsy.php?e=comm&p=%2Fproc%2F31865 HTTP/1.1" 200 1984 "http://firstdigitalbank.com/whsy.php?p=%2Fproc%2F31865" "Mozilla/5.0 AppleWebKit/537.36 (KHTML, like Gecko; compatible; GPTBot/1.3; +https://openai.com/gptbot)"
74.7.242.43 - - [03/Mar/2026:03:47:15 +0000] "GET /whsy.php?e=maps&p=%2Fproc%2F31865 HTTP/1.1" 200 3287 "http://firstdigitalbank.com/whsy.php?p=%2Fproc%2F31865" "Mozilla/5.0 AppleWebKit/537.36 (KHTML, like Gecko; compatible; GPTBot/1.3; +https://openai.com/gptbot)"
74.7.242.43 - - [03/Mar/2026:03:47:23 +0000] "GET /whsy.php?e=uid_map&p=%2Fproc%2F31865 HTTP/1.1" 200 1996 "http://firstdigitalbank.com/whsy.php?p=%2Fproc%2F31865" "Mozilla/5.0 AppleWebKit/537.36 (KHTML, like Gecko; compatible; GPTBot/1.3; +https://openai.com/gptbot)"
74.7.242.43 - - [03/Mar/2026:03:47:32 +0000] "GET /whsy.php?e=oom_adj&p=%2Fproc%2F31865 HTTP/1.1" 200 1981 "http://firstdigitalbank.com/whsy.php?p=%2Fproc%2F31865" "Mozilla/5.0 AppleWebKit/537.36 (KHTML, like Gecko; compatible; GPTBot/1.3; +https://openai.com/gptbot)"
74.7.242.43 - - [03/Mar/2026:03:47:41 +0000] "GET /whsy.php?e=gid_map&p=%2Fproc%2F31865 HTTP/1.1" 200 1999 "http://firstdigitalbank.com/whsy.php?p=%2Fproc%2F31865" "Mozilla/5.0 AppleWebKit/537.36 (KHTML, like Gecko; compatible; GPTBot/1.3; +https://openai.com/gptbot)"
74.7.242.43 - - [03/Mar/2026:03:47:50 +0000] "GET /whsy.php?e=stat&p=%2Fproc%2F31865 HTTP/1.1" 200 2132 "http://firstdigitalbank.com/whsy.php?p=%2Fproc%2F31865" "Mozilla/5.0 AppleWebKit/537.36 (KHTML, like Gecko; compatible; GPTBot/1.3; +https://openai.com/gptbot)"
74.7.242.43 - - [03/Mar/2026:03:47:58 +0000] "GET /whsy.php?e=io&p=%2Fproc%2F31865 HTTP/1.1" 200 2030 "http://firstdigitalbank.com/whsy.php?p=%2Fproc%2F31865" "Mozilla/5.0 AppleWebKit/537.36 (KHTML, like Gecko; compatible; GPTBot/1.3; +https://openai.com/gptbot)"
74.7.242.43 - - [03/Mar/2026:03:48:08 +0000] "GET /whsy.php?e=oom_score_adj&p=%2Fproc%2F31865 HTTP/1.1" 200 1983 "http://firstdigitalbank.com/whsy.php?p=%2Fproc%2F31865" "Mozilla/5.0 AppleWebKit/537.36 (KHTML, like Gecko; compatible; GPTBot/1.3; +https://openai.com/gptbot)"
74.7.242.43 - - [03/Mar/2026:03:48:17 +0000] "GET /whsy.php?e=ksm_stat&p=%2Fproc%2F31865 HTTP/1.1" 200 2013 "http://firstdigitalbank.com/whsy.php?p=%2Fproc%2F31865" "Mozilla/5.0 AppleWebKit/537.36 (KHTML, like Gecko; compatible; GPTBot/1.3; +https://openai.com/gptbot)"
74.7.242.43 - - [03/Mar/2026:03:48:26 +0000] "GET /whsy.php?e=cmdline&p=%2Fproc%2F31865 HTTP/1.1" 200 2115 "http://firstdigitalbank.com/whsy.php?p=%2Fproc%2F31865" "Mozilla/5.0 AppleWebKit/537.36 (KHTML, like Gecko; compatible; GPTBot/1.3; +https://openai.com/gptbot)"
74.7.242.43 - - [03/Mar/2026:03:48:35 +0000] "GET /whsy.php?e=environ&p=%2Fproc%2F31865 HTTP/1.1" 200 2079 "http://firstdigitalbank.com/whsy.php?p=%2Fproc%2F31865" "Mozilla/5.0 AppleWebKit/537.36 (KHTML, like Gecko; compatible; GPTBot/1.3; +https://openai.com/gptbot)"
74.7.242.43 - - [03/Mar/2026:03:48:43 +0000] "GET /whsy.php?e=smaps_rollup&p=%2Fproc%2F31865 HTTP/1.1" 200 2226 "http://firstdigitalbank.com/whsy.php?p=%2Fproc%2F31865" "Mozilla/5.0 AppleWebKit/537.36 (KHTML, like Gecko; compatible; GPTBot/1.3; +https://openai.com/gptbot)"
74.7.242.43 - - [03/Mar/2026:03:48:52 +0000] "GET /whsy.php?e=personality&p=%2Fproc%2F31865 HTTP/1.1" 200 1981 "http://firstdigitalbank.com/whsy.php?p=%2Fproc%2F31865" "Mozilla/5.0 AppleWebKit/537.36 (KHTML, like Gecko; compatible; GPTBot/1.3; +https://openai.com/gptbot)"
74.7.242.43 - - [03/Mar/2026:03:49:01 +0000] "GET /whsy.php?e=clear_refs&p=%2Fproc%2F31865 HTTP/1.1" 200 1907 "http://firstdigitalbank.com/whsy.php?p=%2Fproc%2F31865" "Mozilla/5.0 AppleWebKit/537.36 (KHTML, like Gecko; compatible; GPTBot/1.3; +https://openai.com/gptbot)"
43.158.91.71 - - [03/Mar/2026:03:49:04 +0000] "GET / HTTP/1.1" 200 484 "-" "Mozilla/5.0 (iPhone; CPU iPhone OS 13_2_3 like Mac OS X) AppleWebKit/605.1.15 (KHTML, like Gecko) Version/13.0.3 Mobile/15E148 Safari/604.1"
74.7.242.43 - - [03/Mar/2026:03:49:11 +0000] "GET /whsy.php?e=syscall&p=%2Fproc%2F31865 HTTP/1.1" 200 2040 "http://firstdigitalbank.com/whsy.php?p=%2Fproc%2F31865" "Mozilla/5.0 AppleWebKit/537.36 (KHTML, like Gecko; compatible; GPTBot/1.3; +https://openai.com/gptbot)"
74.7.242.43 - - [03/Mar/2026:03:49:20 +0000] "GET /whsy.php?e=pagemap&p=%2Fproc%2F31865 HTTP/1.1" 200 565 "http://firstdigitalbank.com/whsy.php?p=%2Fproc%2F31865" "Mozilla/5.0 AppleWebKit/537.36 (KHTML, like Gecko; compatible; GPTBot/1.3; +https://openai.com/gptbot)"
74.7.242.43 - - [03/Mar/2026:03:50:10 +0000] "GET /whsy.php?p=%2Fproc%2F31848 HTTP/1.1" 200 1906 "http://firstdigitalbank.com/whsy.php?p=%2Fproc%2F11302%2F.." "Mozilla/5.0 AppleWebKit/537.36 (KHTML, like Gecko; compatible; GPTBot/1.3; +https://openai.com/gptbot)"
74.7.230.39 - - [03/Mar/2026:03:50:35 +0000] "GET /robots.txt HTTP/1.1" 404 - "-" "Mozilla/5.0 (Macintosh; Intel Mac OS X 10_15_7) AppleWebKit/537.36 (KHTML, like Gecko) Chrome/131.0.0.0 Safari/537.36; compatible; OAI-SearchBot/1.3; robots.txt; +https://openai.com/searchbot"
74.7.242.43 - - [03/Mar/2026:03:51:47 +0000] "GET /whsy.php?e=mountinfo&p=%2Fproc%2F31848 HTTP/1.1" 200 2947 "http://firstdigitalbank.com/whsy.php?p=%2Fproc%2F31848" "Mozilla/5.0 AppleWebKit/537.36 (KHTML, like Gecko; compatible; GPTBot/1.3; +https://openai.com/gptbot)"
74.7.175.191 - - [03/Mar/2026:03:51:48 +0000] "GET /robots.txt HTTP/1.1" 404 - "-" "Mozilla/5.0 (Macintosh; Intel Mac OS X 10_15_7) AppleWebKit/537.36 (KHTML, like Gecko) Chrome/131.0.0.0 Safari/537.36; compatible; OAI-SearchBot/1.3; robots.txt; +https://openai.com/searchbot"
74.7.242.43 - - [03/Mar/2026:03:51:56 +0000] "GET /whsy.php?e=timerslack_ns&p=%2Fproc%2F31848 HTTP/1.1" 200 1982 "http://firstdigitalbank.com/whsy.php?p=%2Fproc%2F31848" "Mozilla/5.0 AppleWebKit/537.36 (KHTML, like Gecko; compatible; GPTBot/1.3; +https://openai.com/gptbot)"
216.244.66.247 - - [03/Mar/2026:03:52:00 +0000] "GET /whsy.php?p=%2Fhome%2Flab2454c%2Ffirstdigitalbank.com%2Fcgi-bin HTTP/1.1" 200 3050 "-" "Mozilla/5.0 (compatible; DotBot/1.2; +https://opensiteexplorer.org/dotbot; help@moz.com)"
74.7.242.43 - - [03/Mar/2026:03:52:04 +0000] "GET /whsy.php?e=statm&p=%2Fproc%2F31848 HTTP/1.1" 200 1994 "http://firstdigitalbank.com/whsy.php?p=%2Fproc%2F31848" "Mozilla/5.0 AppleWebKit/537.36 (KHTML, like Gecko; compatible; GPTBot/1.3; +https://openai.com/gptbot)"
74.7.227.168 - - [03/Mar/2026:03:52:07 +0000] "GET /whsy.php?p=%2Fproc%2F15165 HTTP/1.1" 200 956 "http://www.firstdigitalbank.com/whsy.php?p=%2Fproc%2F26963%2F.." "Mozilla/5.0 AppleWebKit/537.36 (KHTML, like Gecko; compatible; GPTBot/1.3; +https://openai.com/gptbot)"
74.7.242.43 - - [03/Mar/2026:03:52:13 +0000] "GET /whsy.php?e=stack&p=%2Fproc%2F31848 HTTP/1.1" 200 1978 "http://firstdigitalbank.com/whsy.php?p=%2Fproc%2F31848" "Mozilla/5.0 AppleWebKit/537.36 (KHTML, like Gecko; compatible; GPTBot/1.3; +https://openai.com/gptbot)"
74.7.227.168 - - [03/Mar/2026:03:52:15 +0000] "GET /whsy.php?p=%2Fproc%2F28593 HTTP/1.1" 200 956 "http://www.firstdigitalbank.com/whsy.php?p=%2Fproc%2F31393%2F.." "Mozilla/5.0 AppleWebKit/537.36 (KHTML, like Gecko; compatible; GPTBot/1.3; +https://openai.com/gptbot)"
74.7.242.43 - - [03/Mar/2026:03:52:21 +0000] "GET /whsy.php?e=auxv&p=%2Fproc%2F31848 HTTP/1.1" 200 1977 "http://firstdigitalbank.com/whsy.php?p=%2Fproc%2F31848" "Mozilla/5.0 AppleWebKit/537.36 (KHTML, like Gecko; compatible; GPTBot/1.3; +https://openai.com/gptbot)"
74.7.227.168 - - [03/Mar/2026:03:52:24 +0000] "GET /whsy.php?p=%2Fproc%2F23635 HTTP/1.1" 200 956 "http://www.firstdigitalbank.com/whsy.php?p=%2Fproc%2F26963%2F.." "Mozilla/5.0 AppleWebKit/537.36 (KHTML, like Gecko; compatible; GPTBot/1.3; +https://openai.com/gptbot)"
74.7.242.43 - - [03/Mar/2026:03:52:30 +0000] "GET /whsy.php?e=wchan&p=%2Fproc%2F31848 HTTP/1.1" 200 1988 "http://firstdigitalbank.com/whsy.php?p=%2Fproc%2F31848" "Mozilla/5.0 AppleWebKit/537.36 (KHTML, like Gecko; compatible; GPTBot/1.3; +https://openai.com/gptbot)"
74.7.227.168 - - [03/Mar/2026:03:52:32 +0000] "GET /whsy.php?p=%2Fproc%2F23680 HTTP/1.1" 200 956 "http://www.firstdigitalbank.com/whsy.php?p=%2Fproc%2F26963%2F.." "Mozilla/5.0 AppleWebKit/537.36 (KHTML, like Gecko; compatible; GPTBot/1.3; +https://openai.com/gptbot)"
74.7.242.43 - - [03/Mar/2026:03:52:38 +0000] "GET /whsy.php?e=setgroups&p=%2Fproc%2F31848 HTTP/1.1" 200 1981 "http://firstdigitalbank.com/whsy.php?p=%2Fproc%2F31848" "Mozilla/5.0 AppleWebKit/537.36 (KHTML, like Gecko; compatible; GPTBot/1.3; +https://openai.com/gptbot)"
74.7.227.168 - - [03/Mar/2026:03:52:40 +0000] "GET /whsy.php?p=%2Fproc%2F31869 HTTP/1.1" 200 1906 "http://www.firstdigitalbank.com/whsy.php?p=%2Fproc%2F26963%2F.." "Mozilla/5.0 AppleWebKit/537.36 (KHTML, like Gecko; compatible; GPTBot/1.3; +https://openai.com/gptbot)"
74.7.242.43 - - [03/Mar/2026:03:52:46 +0000] "GET /whsy.php?e=sessionid&p=%2Fproc%2F31848 HTTP/1.1" 200 1990 "http://firstdigitalbank.com/whsy.php?p=%2Fproc%2F31848" "Mozilla/5.0 AppleWebKit/537.36 (KHTML, like Gecko; compatible; GPTBot/1.3; +https://openai.com/gptbot)"
74.7.242.43 - - [03/Mar/2026:03:52:57 +0000] "GET /whsy.php?e=schedstat&p=%2Fproc%2F31848 HTTP/1.1" 200 2009 "http://firstdigitalbank.com/whsy.php?p=%2Fproc%2F31848" "Mozilla/5.0 AppleWebKit/537.36 (KHTML, like Gecko; compatible; GPTBot/1.3; +https://openai.com/gptbot)"
74.7.227.168 - - [03/Mar/2026:03:53:00 +0000] "GET /whsy.php?p=%2Fproc%2F23691 HTTP/1.1" 200 956 "http://www.firstdigitalbank.com/whsy.php?p=%2Fproc%2F26963%2F.." "Mozilla/5.0 AppleWebKit/537.36 (KHTML, like Gecko; compatible; GPTBot/1.3; +https://openai.com/gptbot)"
74.7.242.43 - - [03/Mar/2026:03:53:06 +0000] "GET /whsy.php?e=autogroup&p=%2Fproc%2F31848 HTTP/1.1" 200 1995 "http://firstdigitalbank.com/whsy.php?p=%2Fproc%2F31848" "Mozilla/5.0 AppleWebKit/537.36 (KHTML, like Gecko; compatible; GPTBot/1.3; +https://openai.com/gptbot)"
74.7.242.43 - - [03/Mar/2026:03:53:16 +0000] "GET /whsy.php?e=stat&p=%2Fproc%2F31848 HTTP/1.1" 200 2155 "http://firstdigitalbank.com/whsy.php?p=%2Fproc%2F31848" "Mozilla/5.0 AppleWebKit/537.36 (KHTML, like Gecko; compatible; GPTBot/1.3; +https://openai.com/gptbot)"
74.7.242.43 - - [03/Mar/2026:03:53:25 +0000] "GET /whsy.php?e=gid_map&p=%2Fproc%2F31848 HTTP/1.1" 200 1998 "http://firstdigitalbank.com/whsy.php?p=%2Fproc%2F31848" "Mozilla/5.0 AppleWebKit/537.36 (KHTML, like Gecko; compatible; GPTBot/1.3; +https://openai.com/gptbot)"
74.7.242.43 - - [03/Mar/2026:03:53:35 +0000] "GET /whsy.php?e=uid_map&p=%2Fproc%2F31848 HTTP/1.1" 200 1994 "http://firstdigitalbank.com/whsy.php?p=%2Fproc%2F31848" "Mozilla/5.0 AppleWebKit/537.36 (KHTML, like Gecko; compatible; GPTBot/1.3; +https://openai.com/gptbot)"
74.7.242.43 - - [03/Mar/2026:03:53:46 +0000] "GET /whsy.php?e=smaps&p=%2Fproc%2F31848 HTTP/1.1" 200 2948 "http://firstdigitalbank.com/whsy.php?p=%2Fproc%2F31848" "Mozilla/5.0 AppleWebKit/537.36 (KHTML, like Gecko; compatible; GPTBot/1.3; +https://openai.com/gptbot)"
74.7.242.43 - - [03/Mar/2026:03:53:55 +0000] "GET /whsy.php?e=oom_adj&p=%2Fproc%2F31848 HTTP/1.1" 200 1981 "http://firstdigitalbank.com/whsy.php?p=%2Fproc%2F31848" "Mozilla/5.0 AppleWebKit/537.36 (KHTML, like Gecko; compatible; GPTBot/1.3; +https://openai.com/gptbot)"
74.7.242.43 - - [03/Mar/2026:03:54:05 +0000] "GET /whsy.php?e=ksm_stat&p=%2Fproc%2F31848 HTTP/1.1" 200 2012 "http://firstdigitalbank.com/whsy.php?p=%2Fproc%2F31848" "Mozilla/5.0 AppleWebKit/537.36 (KHTML, like Gecko; compatible; GPTBot/1.3; +https://openai.com/gptbot)"
74.7.242.43 - - [03/Mar/2026:03:54:15 +0000] "GET /whsy.php?e=oom_score_adj&p=%2Fproc%2F31848 HTTP/1.1" 200 1982 "http://firstdigitalbank.com/whsy.php?p=%2Fproc%2F31848" "Mozilla/5.0 AppleWebKit/537.36 (KHTML, like Gecko; compatible; GPTBot/1.3; +https://openai.com/gptbot)"
74.7.242.43 - - [03/Mar/2026:03:54:23 +0000] "GET /whsy.php?e=clear_refs&p=%2Fproc%2F31848 HTTP/1.1" 200 1906 "http://firstdigitalbank.com/whsy.php?p=%2Fproc%2F31848" "Mozilla/5.0 AppleWebKit/537.36 (KHTML, like Gecko; compatible; GPTBot/1.3; +https://openai.com/gptbot)"
74.7.227.168 - - [03/Mar/2026:03:54:26 +0000] "GET /whsy.php?e=timerslack_ns&p=%2Fproc%2F31869 HTTP/1.1" 200 1982 "http://www.firstdigitalbank.com/whsy.php?p=%2Fproc%2F31869" "Mozilla/5.0 AppleWebKit/537.36 (KHTML, like Gecko; compatible; GPTBot/1.3; +https://openai.com/gptbot)"
74.7.242.43 - - [03/Mar/2026:03:54:32 +0000] "GET /whsy.php?e=maps&p=%2Fproc%2F31848 HTTP/1.1" 200 2305 "http://firstdigitalbank.com/whsy.php?p=%2Fproc%2F31848" "Mozilla/5.0 AppleWebKit/537.36 (KHTML, like Gecko; compatible; GPTBot/1.3; +https://openai.com/gptbot)"
74.7.227.168 - - [03/Mar/2026:03:54:35 +0000] "GET /whsy.php?e=stack&p=%2Fproc%2F31869 HTTP/1.1" 200 1978 "http://www.firstdigitalbank.com/whsy.php?p=%2Fproc%2F31869" "Mozilla/5.0 AppleWebKit/537.36 (KHTML, like Gecko; compatible; GPTBot/1.3; +https://openai.com/gptbot)"
74.7.242.43 - - [03/Mar/2026:03:54:40 +0000] "GET /whsy.php?e=comm&p=%2Fproc%2F31848 HTTP/1.1" 200 1985 "http://firstdigitalbank.com/whsy.php?p=%2Fproc%2F31848" "Mozilla/5.0 AppleWebKit/537.36 (KHTML, like Gecko; compatible; GPTBot/1.3; +https://openai.com/gptbot)"
74.7.227.168 - - [03/Mar/2026:03:54:43 +0000] "GET /whsy.php?e=statm&p=%2Fproc%2F31869 HTTP/1.1" 200 2001 "http://www.firstdigitalbank.com/whsy.php?p=%2Fproc%2F31869" "Mozilla/5.0 AppleWebKit/537.36 (KHTML, like Gecko; compatible; GPTBot/1.3; +https://openai.com/gptbot)"
74.7.242.43 - - [03/Mar/2026:03:54:47 +0000] "GET /whsy.php?e=cmdline&p=%2Fproc%2F31848 HTTP/1.1" 200 2138 "http://firstdigitalbank.com/whsy.php?p=%2Fproc%2F31848" "Mozilla/5.0 AppleWebKit/537.36 (KHTML, like Gecko; compatible; GPTBot/1.3; +https://openai.com/gptbot)"
74.7.227.168 - - [03/Mar/2026:03:54:50 +0000] "GET /whsy.php?e=schedstat&p=%2Fproc%2F31869 HTTP/1.1" 200 2001 "http://www.firstdigitalbank.com/whsy.php?p=%2Fproc%2F31869" "Mozilla/5.0 AppleWebKit/537.36 (KHTML, like Gecko; compatible; GPTBot/1.3; +https://openai.com/gptbot)"
74.7.242.43 - - [03/Mar/2026:03:54:55 +0000] "GET /whsy.php?e=smaps_rollup&p=%2Fproc%2F31848 HTTP/1.1" 200 2217 "http://firstdigitalbank.com/whsy.php?p=%2Fproc%2F31848" "Mozilla/5.0 AppleWebKit/537.36 (KHTML, like Gecko; compatible; GPTBot/1.3; +https://openai.com/gptbot)"
74.7.227.168 - - [03/Mar/2026:03:54:58 +0000] "GET /whsy.php?e=mem&p=%2Fproc%2F31869 HTTP/1.1" 200 1979 "http://www.firstdigitalbank.com/whsy.php?p=%2Fproc%2F31869" "Mozilla/5.0 AppleWebKit/537.36 (KHTML, like Gecko; compatible; GPTBot/1.3; +https://openai.com/gptbot)"
74.7.242.43 - - [03/Mar/2026:03:55:02 +0000] "GET /whsy.php?e=timens_offsets&p=%2Fproc%2F31848 HTTP/1.1" 200 1998 "http://firstdigitalbank.com/whsy.php?p=%2Fproc%2F31848" "Mozilla/5.0 AppleWebKit/537.36 (KHTML, like Gecko; compatible; GPTBot/1.3; +https://openai.com/gptbot)"
74.7.227.168 - - [03/Mar/2026:03:55:06 +0000] "GET /whsy.php?e=smaps&p=%2Fproc%2F31869 HTTP/1.1" 200 5075 "http://www.firstdigitalbank.com/whsy.php?p=%2Fproc%2F31869" "Mozilla/5.0 AppleWebKit/537.36 (KHTML, like Gecko; compatible; GPTBot/1.3; +https://openai.com/gptbot)"
74.7.242.43 - - [03/Mar/2026:03:55:10 +0000] "GET /whsy.php?e=mem&p=%2Fproc%2F31848 HTTP/1.1" 200 1979 "http://firstdigitalbank.com/whsy.php?p=%2Fproc%2F31848" "Mozilla/5.0 AppleWebKit/537.36 (KHTML, like Gecko; compatible; GPTBot/1.3; +https://openai.com/gptbot)"
74.7.227.168 - - [03/Mar/2026:03:55:13 +0000] "GET /whsy.php?e=mountinfo&p=%2Fproc%2F31869 HTTP/1.1" 200 2949 "http://www.firstdigitalbank.com/whsy.php?p=%2Fproc%2F31869" "Mozilla/5.0 AppleWebKit/537.36 (KHTML, like Gecko; compatible; GPTBot/1.3; +https://openai.com/gptbot)"
74.7.242.43 - - [03/Mar/2026:03:55:17 +0000] "GET /whsy.php?e=exe&p=%2Fproc%2F31848 HTTP/1.1" 200 1978 "http://firstdigitalbank.com/whsy.php?p=%2Fproc%2F31848" "Mozilla/5.0 AppleWebKit/537.36 (KHTML, like Gecko; compatible; GPTBot/1.3; +https://openai.com/gptbot)"
74.7.242.43 - - [03/Mar/2026:03:55:25 +0000] "GET /whsy.php?e=personality&p=%2Fproc%2F31848 HTTP/1.1" 200 1981 "http://firstdigitalbank.com/whsy.php?p=%2Fproc%2F31848" "Mozilla/5.0 AppleWebKit/537.36 (KHTML, like Gecko; compatible; GPTBot/1.3; +https://openai.com/gptbot)"
74.7.242.43 - - [03/Mar/2026:03:55:33 +0000] "GET /whsy.php?e=sched&p=%2Fproc%2F31848 HTTP/1.1" 200 2440 "http://firstdigitalbank.com/whsy.php?p=%2Fproc%2F31848" "Mozilla/5.0 AppleWebKit/537.36 (KHTML, like Gecko; compatible; GPTBot/1.3; +https://openai.com/gptbot)"
74.7.227.168 - - [03/Mar/2026:03:55:37 +0000] "GET /whsy.php?e=autogroup&p=%2Fproc%2F31869 HTTP/1.1" 200 1995 "http://www.firstdigitalbank.com/whsy.php?p=%2Fproc%2F31869" "Mozilla/5.0 AppleWebKit/537.36 (KHTML, like Gecko; compatible; GPTBot/1.3; +https://openai.com/gptbot)"
74.7.242.43 - - [03/Mar/2026:03:55:43 +0000] "GET /whsy.php?e=syscall&p=%2Fproc%2F31848 HTTP/1.1" 200 2018 "http://firstdigitalbank.com/whsy.php?p=%2Fproc%2F31848" "Mozilla/5.0 AppleWebKit/537.36 (KHTML, like Gecko; compatible; GPTBot/1.3; +https://openai.com/gptbot)"
74.7.227.168 - - [03/Mar/2026:03:55:48 +0000] "GET /whsy.php?e=wchan&p=%2Fproc%2F31869 HTTP/1.1" 200 1989 "http://www.firstdigitalbank.com/whsy.php?p=%2Fproc%2F31869" "Mozilla/5.0 AppleWebKit/537.36 (KHTML, like Gecko; compatible; GPTBot/1.3; +https://openai.com/gptbot)"
74.7.242.43 - - [03/Mar/2026:03:55:53 +0000] "GET /whsy.php?e=environ&p=%2Fproc%2F31848 HTTP/1.1" 200 2054 "http://firstdigitalbank.com/whsy.php?p=%2Fproc%2F31848" "Mozilla/5.0 AppleWebKit/537.36 (KHTML, like Gecko; compatible; GPTBot/1.3; +https://openai.com/gptbot)"
74.7.242.43 - - [03/Mar/2026:03:56:11 +0000] "GET /whsy.php?p=%2Fproc%2F23241 HTTP/1.1" 200 956 "http://firstdigitalbank.com/whsy.php?p=%2Fproc%2F11302%2F.." "Mozilla/5.0 AppleWebKit/537.36 (KHTML, like Gecko; compatible; GPTBot/1.3; +https://openai.com/gptbot)"
74.7.227.168 - - [03/Mar/2026:03:56:36 +0000] "GET /whsy.php?e=auxv&p=%2Fproc%2F31869 HTTP/1.1" 200 1978 "http://www.firstdigitalbank.com/whsy.php?p=%2Fproc%2F31869" "Mozilla/5.0 AppleWebKit/537.36 (KHTML, like Gecko; compatible; GPTBot/1.3; +https://openai.com/gptbot)"
74.7.230.39 - - [03/Mar/2026:03:56:36 +0000] "GET /robots.txt HTTP/1.1" 404 - "-" "Mozilla/5.0 (Macintosh; Intel Mac OS X 10_15_7) AppleWebKit/537.36 (KHTML, like Gecko) Chrome/131.0.0.0 Safari/537.36; compatible; OAI-SearchBot/1.3; robots.txt; +https://openai.com/searchbot"
74.7.227.168 - - [03/Mar/2026:03:56:44 +0000] "GET /whsy.php?e=exe&p=%2Fproc%2F31869 HTTP/1.1" 200 1978 "http://www.firstdigitalbank.com/whsy.php?p=%2Fproc%2F31869" "Mozilla/5.0 AppleWebKit/537.36 (KHTML, like Gecko; compatible; GPTBot/1.3; +https://openai.com/gptbot)"
74.7.227.168 - - [03/Mar/2026:03:56:53 +0000] "GET /whsy.php?e=sched&p=%2Fproc%2F31869 HTTP/1.1" 200 2436 "http://www.firstdigitalbank.com/whsy.php?p=%2Fproc%2F31869" "Mozilla/5.0 AppleWebKit/537.36 (KHTML, like Gecko; compatible; GPTBot/1.3; +https://openai.com/gptbot)"
74.7.242.43 - - [03/Mar/2026:03:56:57 +0000] "GET /whsy.php?p=%2Fproc%2F16347 HTTP/1.1" 200 956 "http://firstdigitalbank.com/whsy.php?p=%2Fproc%2F11302%2F.." "Mozilla/5.0 AppleWebKit/537.36 (KHTML, like Gecko; compatible; GPTBot/1.3; +https://openai.com/gptbot)"
74.7.227.168 - - [03/Mar/2026:03:58:09 +0000] "GET /whsy.php?e=timens_offsets&p=%2Fproc%2F31869 HTTP/1.1" 200 1998 "http://www.firstdigitalbank.com/whsy.php?p=%2Fproc%2F31869" "Mozilla/5.0 AppleWebKit/537.36 (KHTML, like Gecko; compatible; GPTBot/1.3; +https://openai.com/gptbot)"
74.7.227.168 - - [03/Mar/2026:03:58:27 +0000] "GET /whsy.php?e=setgroups&p=%2Fproc%2F31869 HTTP/1.1" 200 1981 "http://www.firstdigitalbank.com/whsy.php?p=%2Fproc%2F31869" "Mozilla/5.0 AppleWebKit/537.36 (KHTML, like Gecko; compatible; GPTBot/1.3; +https://openai.com/gptbot)"
74.7.227.168 - - [03/Mar/2026:03:59:36 +0000] "GET /whsy.php?e=sessionid&p=%2Fproc%2F31869 HTTP/1.1" 200 1990 "http://www.firstdigitalbank.com/whsy.php?p=%2Fproc%2F31869" "Mozilla/5.0 AppleWebKit/537.36 (KHTML, like Gecko; compatible; GPTBot/1.3; +https://openai.com/gptbot)"
74.7.227.168 - - [03/Mar/2026:04:00:12 +0000] "GET /whsy.php?e=maps&p=%2Fproc%2F31869 HTTP/1.1" 200 3287 "http://www.firstdigitalbank.com/whsy.php?p=%2Fproc%2F31869" "Mozilla/5.0 AppleWebKit/537.36 (KHTML, like Gecko; compatible; GPTBot/1.3; +https://openai.com/gptbot)"
74.7.227.168 - - [03/Mar/2026:04:00:29 +0000] "GET /whsy.php?e=comm&p=%2Fproc%2F31869 HTTP/1.1" 200 1984 "http://www.firstdigitalbank.com/whsy.php?p=%2Fproc%2F31869" "Mozilla/5.0 AppleWebKit/537.36 (KHTML, like Gecko; compatible; GPTBot/1.3; +https://openai.com/gptbot)"
74.7.227.168 - - [03/Mar/2026:04:00:47 +0000] "GET /whsy.php?e=oom_adj&p=%2Fproc%2F31869 HTTP/1.1" 200 1981 "http://www.firstdigitalbank.com/whsy.php?p=%2Fproc%2F31869" "Mozilla/5.0 AppleWebKit/537.36 (KHTML, like Gecko; compatible; GPTBot/1.3; +https://openai.com/gptbot)"
74.7.227.168 - - [03/Mar/2026:04:01:10 +0000] "GET /whsy.php?e=gid_map&p=%2Fproc%2F31869 HTTP/1.1" 200 1998 "http://www.firstdigitalbank.com/whsy.php?p=%2Fproc%2F31869" "Mozilla/5.0 AppleWebKit/537.36 (KHTML, like Gecko; compatible; GPTBot/1.3; +https://openai.com/gptbot)"
74.7.227.168 - - [03/Mar/2026:04:01:18 +0000] "GET /whsy.php?e=uid_map&p=%2Fproc%2F31869 HTTP/1.1" 200 1995 "http://www.firstdigitalbank.com/whsy.php?p=%2Fproc%2F31869" "Mozilla/5.0 AppleWebKit/537.36 (KHTML, like Gecko; compatible; GPTBot/1.3; +https://openai.com/gptbot)"
74.7.227.168 - - [03/Mar/2026:04:02:49 +0000] "GET /whsy.php?e=stat&p=%2Fproc%2F31869 HTTP/1.1" 200 2129 "http://www.firstdigitalbank.com/whsy.php?p=%2Fproc%2F31869" "Mozilla/5.0 AppleWebKit/537.36 (KHTML, like Gecko; compatible; GPTBot/1.3; +https://openai.com/gptbot)"
74.7.227.168 - - [03/Mar/2026:04:02:57 +0000] "GET /whsy.php?e=io&p=%2Fproc%2F31869 HTTP/1.1" 200 2030 "http://www.firstdigitalbank.com/whsy.php?p=%2Fproc%2F31869" "Mozilla/5.0 AppleWebKit/537.36 (KHTML, like Gecko; compatible; GPTBot/1.3; +https://openai.com/gptbot)"
74.7.230.39 - - [03/Mar/2026:04:02:58 +0000] "GET /robots.txt HTTP/1.1" 404 - "-" "Mozilla/5.0 (Macintosh; Intel Mac OS X 10_15_7) AppleWebKit/537.36 (KHTML, like Gecko) Chrome/131.0.0.0 Safari/537.36; compatible; OAI-SearchBot/1.3; robots.txt; +https://openai.com/searchbot"
74.7.175.191 - - [03/Mar/2026:04:03:12 +0000] "GET /robots.txt HTTP/1.1" 404 - "-" "Mozilla/5.0 (Macintosh; Intel Mac OS X 10_15_7) AppleWebKit/537.36 (KHTML, like Gecko) Chrome/131.0.0.0 Safari/537.36; compatible; OAI-SearchBot/1.3; robots.txt; +https://openai.com/searchbot"
74.7.227.168 - - [03/Mar/2026:04:04:27 +0000] "GET /whsy.php?e=oom_score_adj&p=%2Fproc%2F31869 HTTP/1.1" 200 1983 "http://www.firstdigitalbank.com/whsy.php?p=%2Fproc%2F31869" "Mozilla/5.0 AppleWebKit/537.36 (KHTML, like Gecko; compatible; GPTBot/1.3; +https://openai.com/gptbot)"
74.7.227.168 - - [03/Mar/2026:04:04:35 +0000] "GET /whsy.php?e=ksm_stat&p=%2Fproc%2F31869 HTTP/1.1" 200 2012 "http://www.firstdigitalbank.com/whsy.php?p=%2Fproc%2F31869" "Mozilla/5.0 AppleWebKit/537.36 (KHTML, like Gecko; compatible; GPTBot/1.3; +https://openai.com/gptbot)"
74.7.242.43 - - [03/Mar/2026:04:04:44 +0000] "GET /whsy.php?p=%2Fproc%2F15197 HTTP/1.1" 200 956 "http://firstdigitalbank.com/whsy.php?p=%2Fproc%2F11302%2F.." "Mozilla/5.0 AppleWebKit/537.36 (KHTML, like Gecko; compatible; GPTBot/1.3; +https://openai.com/gptbot)"
74.7.242.43 - - [03/Mar/2026:04:05:27 +0000] "GET /whsy.php?p=%2Fproc%2F10340 HTTP/1.1" 200 956 "http://firstdigitalbank.com/whsy.php?p=%2Fproc%2F11302%2F.." "Mozilla/5.0 AppleWebKit/537.36 (KHTML, like Gecko; compatible; GPTBot/1.3; +https://openai.com/gptbot)"
74.7.242.43 - - [03/Mar/2026:04:06:21 +0000] "GET /whsy.php?p=%2Fproc%2F10606 HTTP/1.1" 200 956 "http://firstdigitalbank.com/whsy.php?p=%2Fproc%2F11302%2F.." "Mozilla/5.0 AppleWebKit/537.36 (KHTML, like Gecko; compatible; GPTBot/1.3; +https://openai.com/gptbot)"
74.7.242.43 - - [03/Mar/2026:04:06:33 +0000] "GET /whsy.php?p=%2Fproc%2F22587 HTTP/1.1" 200 956 "http://firstdigitalbank.com/whsy.php?p=%2Fproc%2F11302%2F.." "Mozilla/5.0 AppleWebKit/537.36 (KHTML, like Gecko; compatible; GPTBot/1.3; +https://openai.com/gptbot)"
74.7.227.168 - - [03/Mar/2026:04:07:05 +0000] "GET /whsy.php?e=cmdline&p=%2Fproc%2F31869 HTTP/1.1" 200 2116 "http://www.firstdigitalbank.com/whsy.php?p=%2Fproc%2F31869" "Mozilla/5.0 AppleWebKit/537.36 (KHTML, like Gecko; compatible; GPTBot/1.3; +https://openai.com/gptbot)"
74.7.242.43 - - [03/Mar/2026:04:07:14 +0000] "GET /whsy.php?p=%2Fproc%2F15295 HTTP/1.1" 200 956 "http://firstdigitalbank.com/whsy.php?p=%2Fproc%2F11302%2F.." "Mozilla/5.0 AppleWebKit/537.36 (KHTML, like Gecko; compatible; GPTBot/1.3; +https://openai.com/gptbot)"
74.7.242.43 - - [03/Mar/2026:04:07:40 +0000] "GET /whsy.php?p=%2Fproc%2F18217 HTTP/1.1" 200 956 "http://firstdigitalbank.com/whsy.php?p=%2Fproc%2F11302%2F.." "Mozilla/5.0 AppleWebKit/537.36 (KHTML, like Gecko; compatible; GPTBot/1.3; +https://openai.com/gptbot)"
74.7.227.168 - - [03/Mar/2026:04:07:50 +0000] "GET /whsy.php?e=environ&p=%2Fproc%2F31869 HTTP/1.1" 200 2079 "http://www.firstdigitalbank.com/whsy.php?p=%2Fproc%2F31869" "Mozilla/5.0 AppleWebKit/537.36 (KHTML, like Gecko; compatible; GPTBot/1.3; +https://openai.com/gptbot)"
74.7.230.39 - - [03/Mar/2026:04:08:00 +0000] "GET /robots.txt HTTP/1.1" 404 - "-" "Mozilla/5.0 (Macintosh; Intel Mac OS X 10_15_7) AppleWebKit/537.36 (KHTML, like Gecko) Chrome/131.0.0.0 Safari/537.36; compatible; OAI-SearchBot/1.3; robots.txt; +https://openai.com/searchbot"
74.7.227.168 - - [03/Mar/2026:04:08:16 +0000] "GET /whsy.php?e=smaps_rollup&p=%2Fproc%2F31869 HTTP/1.1" 200 2224 "http://www.firstdigitalbank.com/whsy.php?p=%2Fproc%2F31869" "Mozilla/5.0 AppleWebKit/537.36 (KHTML, like Gecko; compatible; GPTBot/1.3; +https://openai.com/gptbot)"
74.7.227.168 - - [03/Mar/2026:04:08:33 +0000] "GET /whsy.php?e=personality&p=%2Fproc%2F31869 HTTP/1.1" 200 1981 "http://www.firstdigitalbank.com/whsy.php?p=%2Fproc%2F31869" "Mozilla/5.0 AppleWebKit/537.36 (KHTML, like Gecko; compatible; GPTBot/1.3; +https://openai.com/gptbot)"
74.7.227.168 - - [03/Mar/2026:04:09:29 +0000] "GET /whsy.php?e=clear_refs&p=%2Fproc%2F31869 HTTP/1.1" 200 1906 "http://www.firstdigitalbank.com/whsy.php?p=%2Fproc%2F31869" "Mozilla/5.0 AppleWebKit/537.36 (KHTML, like Gecko; compatible; GPTBot/1.3; +https://openai.com/gptbot)"
74.7.227.168 - - [03/Mar/2026:04:10:28 +0000] "GET /whsy.php?e=pagemap&p=%2Fproc%2F31869 HTTP/1.1" 200 565 "http://www.firstdigitalbank.com/whsy.php?p=%2Fproc%2F31869" "Mozilla/5.0 AppleWebKit/537.36 (KHTML, like Gecko; compatible; GPTBot/1.3; +https://openai.com/gptbot)"
74.7.227.168 - - [03/Mar/2026:04:10:48 +0000] "GET /whsy.php?e=syscall&p=%2Fproc%2F31869 HTTP/1.1" 200 2042 "http://www.firstdigitalbank.com/whsy.php?p=%2Fproc%2F31869" "Mozilla/5.0 AppleWebKit/537.36 (KHTML, like Gecko; compatible; GPTBot/1.3; +https://openai.com/gptbot)"
74.7.227.168 - - [03/Mar/2026:04:11:18 +0000] "GET /whsy.php?p=%2Fproc%2F24077 HTTP/1.1" 200 956 "http://www.firstdigitalbank.com/whsy.php?p=%2Fproc%2F26963%2F.." "Mozilla/5.0 AppleWebKit/537.36 (KHTML, like Gecko; compatible; GPTBot/1.3; +https://openai.com/gptbot)"
74.7.227.168 - - [03/Mar/2026:04:11:36 +0000] "GET /whsy.php?p=%2Fproc%2F23456 HTTP/1.1" 200 956 "http://www.firstdigitalbank.com/whsy.php?p=%2Fproc%2F26963%2F.." "Mozilla/5.0 AppleWebKit/537.36 (KHTML, like Gecko; compatible; GPTBot/1.3; +https://openai.com/gptbot)"
74.7.227.168 - - [03/Mar/2026:04:11:46 +0000] "GET /whsy.php?p=%2Fproc%2F23459 HTTP/1.1" 200 956 "http://www.firstdigitalbank.com/whsy.php?p=%2Fproc%2F26963%2F.." "Mozilla/5.0 AppleWebKit/537.36 (KHTML, like Gecko; compatible; GPTBot/1.3; +https://openai.com/gptbot)"
74.7.227.168 - - [03/Mar/2026:04:12:03 +0000] "GET /whsy.php?p=%2Fproc%2F23684 HTTP/1.1" 200 956 "http://www.firstdigitalbank.com/whsy.php?p=%2Fproc%2F26963%2F.." "Mozilla/5.0 AppleWebKit/537.36 (KHTML, like Gecko; compatible; GPTBot/1.3; +https://openai.com/gptbot)"
74.7.227.168 - - [03/Mar/2026:04:12:12 +0000] "GET /whsy.php?p=%2Fproc%2F28598 HTTP/1.1" 200 956 "http://www.firstdigitalbank.com/whsy.php?p=%2Fproc%2F31393%2F.." "Mozilla/5.0 AppleWebKit/537.36 (KHTML, like Gecko; compatible; GPTBot/1.3; +https://openai.com/gptbot)"
74.7.227.168 - - [03/Mar/2026:04:12:38 +0000] "GET /whsy.php?p=%2Fproc%2F10669 HTTP/1.1" 200 956 "http://www.firstdigitalbank.com/whsy.php?p=%2Fproc%2F26963%2F.." "Mozilla/5.0 AppleWebKit/537.36 (KHTML, like Gecko; compatible; GPTBot/1.3; +https://openai.com/gptbot)"
74.7.227.168 - - [03/Mar/2026:04:12:46 +0000] "GET /whsy.php?p=%2Fproc%2F28594 HTTP/1.1" 200 956 "http://www.firstdigitalbank.com/whsy.php?p=%2Fproc%2F31393%2F.." "Mozilla/5.0 AppleWebKit/537.36 (KHTML, like Gecko; compatible; GPTBot/1.3; +https://openai.com/gptbot)"
74.7.175.191 - - [03/Mar/2026:04:14:46 +0000] "GET /robots.txt HTTP/1.1" 404 - "-" "Mozilla/5.0 (Macintosh; Intel Mac OS X 10_15_7) AppleWebKit/537.36 (KHTML, like Gecko) Chrome/131.0.0.0 Safari/537.36; compatible; OAI-SearchBot/1.3; robots.txt; +https://openai.com/searchbot"
74.7.242.43 - - [03/Mar/2026:04:16:11 +0000] "GET /whsy.php?p=%2Fproc%2F31862 HTTP/1.1" 200 1907 "http://firstdigitalbank.com/whsy.php?p=%2Fproc%2F11302%2F.." "Mozilla/5.0 AppleWebKit/537.36 (KHTML, like Gecko; compatible; GPTBot/1.3; +https://openai.com/gptbot)"
74.7.242.43 - - [03/Mar/2026:04:17:53 +0000] "GET /whsy.php?p=%2Fproc%2F31862%2Ffd HTTP/1.1" 200 929 "http://firstdigitalbank.com/whsy.php?p=%2Fproc%2F31862" "Mozilla/5.0 AppleWebKit/537.36 (KHTML, like Gecko; compatible; GPTBot/1.3; +https://openai.com/gptbot)"
74.7.242.43 - - [03/Mar/2026:04:18:03 +0000] "GET /whsy.php?e=mountinfo&p=%2Fproc%2F31862 HTTP/1.1" 200 2949 "http://firstdigitalbank.com/whsy.php?p=%2Fproc%2F31862" "Mozilla/5.0 AppleWebKit/537.36 (KHTML, like Gecko; compatible; GPTBot/1.3; +https://openai.com/gptbot)"
74.7.242.43 - - [03/Mar/2026:04:18:12 +0000] "GET /whsy.php?e=stack&p=%2Fproc%2F31862 HTTP/1.1" 200 1979 "http://firstdigitalbank.com/whsy.php?p=%2Fproc%2F31862" "Mozilla/5.0 AppleWebKit/537.36 (KHTML, like Gecko; compatible; GPTBot/1.3; +https://openai.com/gptbot)"
74.7.242.43 - - [03/Mar/2026:04:18:22 +0000] "GET /whsy.php?e=statm&p=%2Fproc%2F31862 HTTP/1.1" 200 2001 "http://firstdigitalbank.com/whsy.php?p=%2Fproc%2F31862" "Mozilla/5.0 AppleWebKit/537.36 (KHTML, like Gecko; compatible; GPTBot/1.3; +https://openai.com/gptbot)"
74.7.242.43 - - [03/Mar/2026:04:18:31 +0000] "GET /whsy.php?e=auxv&p=%2Fproc%2F31862 HTTP/1.1" 200 1977 "http://firstdigitalbank.com/whsy.php?p=%2Fproc%2F31862" "Mozilla/5.0 AppleWebKit/537.36 (KHTML, like Gecko; compatible; GPTBot/1.3; +https://openai.com/gptbot)"
74.7.242.43 - - [03/Mar/2026:04:18:40 +0000] "GET /whsy.php?e=setgroups&p=%2Fproc%2F31862 HTTP/1.1" 200 1982 "http://firstdigitalbank.com/whsy.php?p=%2Fproc%2F31862" "Mozilla/5.0 AppleWebKit/537.36 (KHTML, like Gecko; compatible; GPTBot/1.3; +https://openai.com/gptbot)"
74.7.242.43 - - [03/Mar/2026:04:18:49 +0000] "GET /whsy.php?e=sessionid&p=%2Fproc%2F31862 HTTP/1.1" 200 1990 "http://firstdigitalbank.com/whsy.php?p=%2Fproc%2F31862" "Mozilla/5.0 AppleWebKit/537.36 (KHTML, like Gecko; compatible; GPTBot/1.3; +https://openai.com/gptbot)"
74.7.242.43 - - [03/Mar/2026:04:18:57 +0000] "GET /whsy.php?e=timerslack_ns&p=%2Fproc%2F31862 HTTP/1.1" 200 1983 "http://firstdigitalbank.com/whsy.php?p=%2Fproc%2F31862" "Mozilla/5.0 AppleWebKit/537.36 (KHTML, like Gecko; compatible; GPTBot/1.3; +https://openai.com/gptbot)"
74.7.242.43 - - [03/Mar/2026:04:19:06 +0000] "GET /whsy.php?e=autogroup&p=%2Fproc%2F31862 HTTP/1.1" 200 1995 "http://firstdigitalbank.com/whsy.php?p=%2Fproc%2F31862" "Mozilla/5.0 AppleWebKit/537.36 (KHTML, like Gecko; compatible; GPTBot/1.3; +https://openai.com/gptbot)"
74.7.242.43 - - [03/Mar/2026:04:19:13 +0000] "GET /whsy.php?e=schedstat&p=%2Fproc%2F31862 HTTP/1.1" 200 2002 "http://firstdigitalbank.com/whsy.php?p=%2Fproc%2F31862" "Mozilla/5.0 AppleWebKit/537.36 (KHTML, like Gecko; compatible; GPTBot/1.3; +https://openai.com/gptbot)"
74.7.242.43 - - [03/Mar/2026:04:19:22 +0000] "GET /whsy.php?e=wchan&p=%2Fproc%2F31862 HTTP/1.1" 200 1988 "http://firstdigitalbank.com/whsy.php?p=%2Fproc%2F31862" "Mozilla/5.0 AppleWebKit/537.36 (KHTML, like Gecko; compatible; GPTBot/1.3; +https://openai.com/gptbot)"
74.7.242.43 - - [03/Mar/2026:04:19:32 +0000] "GET /whsy.php?e=gid_map&p=%2Fproc%2F31862 HTTP/1.1" 200 1998 "http://firstdigitalbank.com/whsy.php?p=%2Fproc%2F31862" "Mozilla/5.0 AppleWebKit/537.36 (KHTML, like Gecko; compatible; GPTBot/1.3; +https://openai.com/gptbot)"
74.7.242.43 - - [03/Mar/2026:04:19:41 +0000] "GET /whsy.php?e=uid_map&p=%2Fproc%2F31862 HTTP/1.1" 200 1995 "http://firstdigitalbank.com/whsy.php?p=%2Fproc%2F31862" "Mozilla/5.0 AppleWebKit/537.36 (KHTML, like Gecko; compatible; GPTBot/1.3; +https://openai.com/gptbot)"
74.7.242.43 - - [03/Mar/2026:04:19:51 +0000] "GET /whsy.php?e=oom_adj&p=%2Fproc%2F31862 HTTP/1.1" 200 1981 "http://firstdigitalbank.com/whsy.php?p=%2Fproc%2F31862" "Mozilla/5.0 AppleWebKit/537.36 (KHTML, like Gecko; compatible; GPTBot/1.3; +https://openai.com/gptbot)"
74.7.175.191 - - [03/Mar/2026:04:19:52 +0000] "GET /robots.txt HTTP/1.1" 404 - "-" "Mozilla/5.0 (Macintosh; Intel Mac OS X 10_15_7) AppleWebKit/537.36 (KHTML, like Gecko) Chrome/131.0.0.0 Safari/537.36; compatible; OAI-SearchBot/1.3; robots.txt; +https://openai.com/searchbot"
74.7.242.43 - - [03/Mar/2026:04:20:00 +0000] "GET /whsy.php?e=stat&p=%2Fproc%2F31862 HTTP/1.1" 200 2129 "http://firstdigitalbank.com/whsy.php?p=%2Fproc%2F31862" "Mozilla/5.0 AppleWebKit/537.36 (KHTML, like Gecko; compatible; GPTBot/1.3; +https://openai.com/gptbot)"
74.7.242.43 - - [03/Mar/2026:04:20:09 +0000] "GET /whsy.php?e=exe&p=%2Fproc%2F31862 HTTP/1.1" 200 1978 "http://firstdigitalbank.com/whsy.php?p=%2Fproc%2F31862" "Mozilla/5.0 AppleWebKit/537.36 (KHTML, like Gecko; compatible; GPTBot/1.3; +https://openai.com/gptbot)"
74.7.242.43 - - [03/Mar/2026:04:20:19 +0000] "GET /whsy.php?e=ksm_stat&p=%2Fproc%2F31862 HTTP/1.1" 200 2012 "http://firstdigitalbank.com/whsy.php?p=%2Fproc%2F31862" "Mozilla/5.0 AppleWebKit/537.36 (KHTML, like Gecko; compatible; GPTBot/1.3; +https://openai.com/gptbot)"
74.7.242.43 - - [03/Mar/2026:04:20:28 +0000] "GET /whsy.php?e=oom_score_adj&p=%2Fproc%2F31862 HTTP/1.1" 200 1983 "http://firstdigitalbank.com/whsy.php?p=%2Fproc%2F31862" "Mozilla/5.0 AppleWebKit/537.36 (KHTML, like Gecko; compatible; GPTBot/1.3; +https://openai.com/gptbot)"
