74.7.243.239 - - [02/Mar/2026:17:30:21 +0000] "GET /whsy.php?e=pfkey&p=%2Fproc%2F29782%2Fnet HTTP/1.1" 200 2535 "http://www.firstdigitalbank.com/whsy.php?p=%2Fproc%2F29782%2Fnet" "Mozilla/5.0 AppleWebKit/537.36 (KHTML, like Gecko; compatible; GPTBot/1.3; +https://openai.com/gptbot)"
74.7.227.136 - - [02/Mar/2026:17:31:30 +0000] "GET /whsy.php?e=timens_offsets&p=%2Fproc%2F27863 HTTP/1.1" 200 956 "http://firstdigitalbank.com/whsy.php?p=%2Fproc%2F27863" "Mozilla/5.0 AppleWebKit/537.36 (KHTML, like Gecko; compatible; GPTBot/1.3; +https://openai.com/gptbot)"
74.7.243.239 - - [02/Mar/2026:17:32:58 +0000] "GET /whsy.php?e=route&p=%2Fproc%2F29782%2Fnet HTTP/1.1" 200 2638 "http://www.firstdigitalbank.com/whsy.php?p=%2Fproc%2F29782%2Fnet" "Mozilla/5.0 AppleWebKit/537.36 (KHTML, like Gecko; compatible; GPTBot/1.3; +https://openai.com/gptbot)"
74.7.227.136 - - [02/Mar/2026:17:33:10 +0000] "GET /whsy.php?e=timens_offsets&p=%2Fproc%2F32469 HTTP/1.1" 200 956 "http://firstdigitalbank.com/whsy.php?p=%2Fproc%2F32469" "Mozilla/5.0 AppleWebKit/537.36 (KHTML, like Gecko; compatible; GPTBot/1.3; +https://openai.com/gptbot)"
74.7.244.58 - - [02/Mar/2026:17:33:11 +0000] "GET /robots.txt HTTP/1.1" 404 - "-" "Mozilla/5.0 (Macintosh; Intel Mac OS X 10_15_7) AppleWebKit/537.36 (KHTML, like Gecko) Chrome/131.0.0.0 Safari/537.36; compatible; OAI-SearchBot/1.3; robots.txt; +https://openai.com/searchbot"
74.7.244.41 - - [02/Mar/2026:17:34:30 +0000] "GET /robots.txt HTTP/1.1" 404 - "-" "Mozilla/5.0 (Macintosh; Intel Mac OS X 10_15_7) AppleWebKit/537.36 (KHTML, like Gecko) Chrome/131.0.0.0 Safari/537.36; compatible; OAI-SearchBot/1.3; robots.txt; +https://openai.com/searchbot"
74.7.227.136 - - [02/Mar/2026:17:34:44 +0000] "GET /whsy.php?e=environ&p=%2Fproc%2F31864 HTTP/1.1" 200 2079 "http://firstdigitalbank.com/whsy.php?p=%2Fproc%2F31864" "Mozilla/5.0 AppleWebKit/537.36 (KHTML, like Gecko; compatible; GPTBot/1.3; +https://openai.com/gptbot)"
74.7.243.239 - - [02/Mar/2026:17:36:01 +0000] "GET /whsy.php?e=prev&p=%2Fproc%2F29775%2Fattr HTTP/1.1" 200 860 "http://www.firstdigitalbank.com/whsy.php?p=%2Fproc%2F29775%2Fattr" "Mozilla/5.0 AppleWebKit/537.36 (KHTML, like Gecko; compatible; GPTBot/1.3; +https://openai.com/gptbot)"
74.7.227.136 - - [02/Mar/2026:17:36:27 +0000] "GET /whsy.php?e=cmdline&p=%2Fproc%2F32469 HTTP/1.1" 200 956 "http://firstdigitalbank.com/whsy.php?p=%2Fproc%2F32469" "Mozilla/5.0 AppleWebKit/537.36 (KHTML, like Gecko; compatible; GPTBot/1.3; +https://openai.com/gptbot)"
74.7.243.239 - - [02/Mar/2026:17:37:36 +0000] "GET /whsy.php?e=prev&p=%2Fproc%2F26963%2Fattr HTTP/1.1" 200 859 "http://www.firstdigitalbank.com/whsy.php?p=%2Fproc%2F26963%2Fattr" "Mozilla/5.0 AppleWebKit/537.36 (KHTML, like Gecko; compatible; GPTBot/1.3; +https://openai.com/gptbot)"
74.7.227.136 - - [02/Mar/2026:17:38:07 +0000] "GET /whsy.php?e=cmdline&p=%2Fproc%2F27863 HTTP/1.1" 200 956 "http://firstdigitalbank.com/whsy.php?p=%2Fproc%2F27863" "Mozilla/5.0 AppleWebKit/537.36 (KHTML, like Gecko; compatible; GPTBot/1.3; +https://openai.com/gptbot)"
74.7.243.239 - - [02/Mar/2026:17:39:00 +0000] "GET /whsy.php?e=prev&p=%2Fproc%2F29566%2Fattr HTTP/1.1" 200 859 "http://www.firstdigitalbank.com/whsy.php?p=%2Fproc%2F29566%2Fattr" "Mozilla/5.0 AppleWebKit/537.36 (KHTML, like Gecko; compatible; GPTBot/1.3; +https://openai.com/gptbot)"
74.7.227.136 - - [02/Mar/2026:17:39:35 +0000] "GET /whsy.php?e=environ&p=%2Fproc%2F31859 HTTP/1.1" 200 2079 "http://firstdigitalbank.com/whsy.php?p=%2Fproc%2F31859" "Mozilla/5.0 AppleWebKit/537.36 (KHTML, like Gecko; compatible; GPTBot/1.3; +https://openai.com/gptbot)"
74.7.244.58 - - [02/Mar/2026:17:39:35 +0000] "GET /robots.txt HTTP/1.1" 404 - "-" "Mozilla/5.0 (Macintosh; Intel Mac OS X 10_15_7) AppleWebKit/537.36 (KHTML, like Gecko) Chrome/131.0.0.0 Safari/537.36; compatible; OAI-SearchBot/1.3; robots.txt; +https://openai.com/searchbot"
74.7.243.239 - - [02/Mar/2026:17:40:08 +0000] "GET /whsy.php?e=exec&p=%2Fproc%2F29782%2Fattr HTTP/1.1" 200 859 "http://www.firstdigitalbank.com/whsy.php?p=%2Fproc%2F29782%2Fattr" "Mozilla/5.0 AppleWebKit/537.36 (KHTML, like Gecko; compatible; GPTBot/1.3; +https://openai.com/gptbot)"
74.248.112.126 - - [02/Mar/2026:17:40:32 +0000] "GET /wp-content/plugins/hellopress/wp_filemanager.php HTTP/1.1" 404 - "-" "-"
74.248.112.126 - - [02/Mar/2026:17:40:32 +0000] "GET /gfile.php HTTP/1.1" 404 - "-" "-"
74.248.112.126 - - [02/Mar/2026:17:40:32 +0000] "GET /bitch.php HTTP/1.1" 404 - "-" "-"
74.248.112.126 - - [02/Mar/2026:17:40:33 +0000] "GET /file61.php HTTP/1.1" 404 - "-" "-"
74.248.112.126 - - [02/Mar/2026:17:40:33 +0000] "GET /eee.php HTTP/1.1" 404 - "-" "-"
74.248.112.126 - - [02/Mar/2026:17:40:34 +0000] "GET /swallowable.php HTTP/1.1" 404 - "-" "-"
74.248.112.126 - - [02/Mar/2026:17:40:34 +0000] "GET //dox.php HTTP/1.1" 404 - "-" "-"
74.248.112.126 - - [02/Mar/2026:17:40:35 +0000] "GET //qwas.php HTTP/1.1" 404 - "-" "-"
74.248.112.126 - - [02/Mar/2026:17:40:35 +0000] "GET /claw.php HTTP/1.1" 404 - "-" "-"
74.248.112.126 - - [02/Mar/2026:17:40:36 +0000] "GET /cfgy.php HTTP/1.1" 404 - "-" "-"
74.248.112.126 - - [02/Mar/2026:17:40:36 +0000] "GET /jbuft.php HTTP/1.1" 404 - "-" "-"
74.248.112.126 - - [02/Mar/2026:17:40:37 +0000] "GET /fvvff.php HTTP/1.1" 404 - "-" "-"
74.248.112.126 - - [02/Mar/2026:17:40:37 +0000] "GET /vaza.php HTTP/1.1" 404 - "-" "-"
74.248.112.126 - - [02/Mar/2026:17:40:38 +0000] "GET /a2.php HTTP/1.1" 404 - "-" "-"
74.248.112.126 - - [02/Mar/2026:17:40:39 +0000] "GET /sty.php HTTP/1.1" 404 - "-" "-"
74.248.112.126 - - [02/Mar/2026:17:40:39 +0000] "GET /xxxx.php HTTP/1.1" 404 - "-" "-"
74.248.112.126 - - [02/Mar/2026:17:40:40 +0000] "GET //h.php HTTP/1.1" 404 - "-" "-"
74.248.112.126 - - [02/Mar/2026:17:40:40 +0000] "GET /g.php HTTP/1.1" 404 - "-" "-"
74.248.112.126 - - [02/Mar/2026:17:40:41 +0000] "GET /pp.php HTTP/1.1" 404 - "-" "-"
74.248.112.126 - - [02/Mar/2026:17:40:41 +0000] "GET //sys.php HTTP/1.1" 404 - "-" "-"
74.248.112.126 - - [02/Mar/2026:17:40:42 +0000] "GET /txets.php HTTP/1.1" 404 - "-" "-"
74.248.112.126 - - [02/Mar/2026:17:40:42 +0000] "GET /tt.php HTTP/1.1" 404 - "-" "-"
74.248.112.126 - - [02/Mar/2026:17:40:42 +0000] "GET /wp9.php HTTP/1.1" 404 - "-" "-"
74.248.112.126 - - [02/Mar/2026:17:40:43 +0000] "GET /path.php HTTP/1.1" 404 - "-" "-"
74.248.112.126 - - [02/Mar/2026:17:40:43 +0000] "GET /wdf.php HTTP/1.1" 404 - "-" "-"
74.248.112.126 - - [02/Mar/2026:17:40:43 +0000] "GET /fleen.php HTTP/1.1" 404 - "-" "-"
74.248.112.126 - - [02/Mar/2026:17:40:43 +0000] "GET /wp-tem.php HTTP/1.1" 404 - "-" "-"
74.248.112.126 - - [02/Mar/2026:17:40:43 +0000] "GET /av6m.php HTTP/1.1" 404 - "-" "-"
74.248.112.126 - - [02/Mar/2026:17:40:44 +0000] "GET /autogooey.php HTTP/1.1" 404 - "-" "-"
74.248.112.126 - - [02/Mar/2026:17:40:44 +0000] "GET /btx25.php HTTP/1.1" 404 - "-" "-"
74.248.112.126 - - [02/Mar/2026:17:40:44 +0000] "GET /mga.php HTTP/1.1" 404 - "-" "-"
74.248.112.126 - - [02/Mar/2026:17:40:45 +0000] "GET /maxro.php HTTP/1.1" 404 - "-" "-"
74.248.112.126 - - [02/Mar/2026:17:40:45 +0000] "GET /agg.php HTTP/1.1" 404 - "-" "-"
74.248.112.126 - - [02/Mar/2026:17:40:45 +0000] "GET /pass4.php HTTP/1.1" 404 - "-" "-"
74.248.112.126 - - [02/Mar/2026:17:40:46 +0000] "GET /wsvvs.php HTTP/1.1" 404 - "-" "-"
74.248.112.126 - - [02/Mar/2026:17:40:46 +0000] "GET /G-In.php HTTP/1.1" 404 - "-" "-"
74.248.112.126 - - [02/Mar/2026:17:40:46 +0000] "GET //edit.php HTTP/1.1" 404 - "-" "-"
74.248.112.126 - - [02/Mar/2026:17:40:46 +0000] "GET /ioxi-o.php HTTP/1.1" 404 - "-" "-"
74.248.112.126 - - [02/Mar/2026:17:40:47 +0000] "GET /wp-content/admin.php HTTP/1.1" 404 - "-" "-"
74.248.112.126 - - [02/Mar/2026:17:40:47 +0000] "GET /66.php HTTP/1.1" 404 - "-" "-"
74.248.112.126 - - [02/Mar/2026:17:40:47 +0000] "GET //wp-includes/js/tinymce/themes/inlite/ HTTP/1.1" 404 - "-" "-"
74.248.112.126 - - [02/Mar/2026:17:40:47 +0000] "GET /gifclass.php HTTP/1.1" 404 - "-" "-"
74.248.112.126 - - [02/Mar/2026:17:40:47 +0000] "GET /wp-includes/assets/index.php HTTP/1.1" 404 - "-" "-"
74.7.227.136 - - [02/Mar/2026:17:40:47 +0000] "GET /whsy.php?e=smaps_rollup&p=%2Fproc%2F31859 HTTP/1.1" 200 2229 "http://firstdigitalbank.com/whsy.php?p=%2Fproc%2F31859" "Mozilla/5.0 AppleWebKit/537.36 (KHTML, like Gecko; compatible; GPTBot/1.3; +https://openai.com/gptbot)"
74.248.112.126 - - [02/Mar/2026:17:40:48 +0000] "GET //wp-admin/images/wp-conflg.php?p= HTTP/1.1" 404 - "-" "-"
74.248.112.126 - - [02/Mar/2026:17:40:48 +0000] "GET /wp-content/plugins/index.php?p= HTTP/1.1" 404 - "-" "-"
74.248.112.126 - - [02/Mar/2026:17:40:48 +0000] "GET //assets/css/index.php HTTP/1.1" 404 - "-" "-"
74.248.112.126 - - [02/Mar/2026:17:40:48 +0000] "GET /sc.php HTTP/1.1" 404 - "-" "-"
74.248.112.126 - - [02/Mar/2026:17:40:49 +0000] "GET /xmlrpc.php HTTP/1.1" 404 - "-" "-"
74.248.112.126 - - [02/Mar/2026:17:40:49 +0000] "GET /ol.php HTTP/1.1" 404 - "-" "-"
74.248.112.126 - - [02/Mar/2026:17:40:49 +0000] "GET //f6.php HTTP/1.1" 404 - "-" "-"
74.248.112.126 - - [02/Mar/2026:17:40:49 +0000] "GET //inputs.php HTTP/1.1" 404 - "-" "-"
74.248.112.126 - - [02/Mar/2026:17:40:50 +0000] "GET /style.php HTTP/1.1" 404 - "-" "-"
74.248.112.126 - - [02/Mar/2026:17:40:50 +0000] "GET /bgymj.php HTTP/1.1" 404 - "-" "-"
74.248.112.126 - - [02/Mar/2026:17:40:50 +0000] "GET //aa.php HTTP/1.1" 404 - "-" "-"
74.248.112.126 - - [02/Mar/2026:17:40:50 +0000] "GET //1.php HTTP/1.1" 404 - "-" "-"
74.248.112.126 - - [02/Mar/2026:17:40:50 +0000] "GET //sc.php HTTP/1.1" 404 - "-" "-"
74.248.112.126 - - [02/Mar/2026:17:40:50 +0000] "GET //av.php HTTP/1.1" 404 - "-" "-"
74.248.112.126 - - [02/Mar/2026:17:40:51 +0000] "GET /file.php? HTTP/1.1" 404 - "-" "-"
74.248.112.126 - - [02/Mar/2026:17:40:51 +0000] "GET /666.php HTTP/1.1" 404 - "-" "-"
74.248.112.126 - - [02/Mar/2026:17:40:51 +0000] "GET /file59.php HTTP/1.1" 404 - "-" "-"
74.248.112.126 - - [02/Mar/2026:17:40:51 +0000] "GET /bless.php HTTP/1.1" 404 - "-" "-"
74.248.112.126 - - [02/Mar/2026:17:40:51 +0000] "GET /wp9.php HTTP/1.1" 404 - "-" "-"
74.248.112.126 - - [02/Mar/2026:17:40:51 +0000] "GET /wp-act.php HTTP/1.1" 404 - "-" "-"
74.248.112.126 - - [02/Mar/2026:17:40:51 +0000] "GET /class-t.api.php HTTP/1.1" 404 - "-" "-"
74.248.112.126 - - [02/Mar/2026:17:40:52 +0000] "GET /xqq.php HTTP/1.1" 404 - "-" "-"
74.248.112.126 - - [02/Mar/2026:17:40:52 +0000] "GET /wp-admin/css/bolt.php HTTP/1.1" 404 - "-" "-"
74.248.112.126 - - [02/Mar/2026:17:40:52 +0000] "GET /a.php?p= HTTP/1.1" 404 - "-" "-"
74.248.112.126 - - [02/Mar/2026:17:40:52 +0000] "GET /06.php HTTP/1.1" 404 - "-" "-"
74.248.112.126 - - [02/Mar/2026:17:40:52 +0000] "GET /plss3.php HTTP/1.1" 404 - "-" "-"
74.248.112.126 - - [02/Mar/2026:17:40:52 +0000] "GET /aaa.php?p= HTTP/1.1" 404 - "-" "-"
74.248.112.126 - - [02/Mar/2026:17:40:52 +0000] "GET /classwithtostring.php?p= HTTP/1.1" 404 - "-" "-"
74.248.112.126 - - [02/Mar/2026:17:40:52 +0000] "GET /wp-content/themes/index.php HTTP/1.1" 404 - "-" "-"
74.248.112.126 - - [02/Mar/2026:17:40:53 +0000] "GET /tinyfilemanager.php?p= HTTP/1.1" 404 - "-" "-"
74.248.112.126 - - [02/Mar/2026:17:40:53 +0000] "GET //x.php HTTP/1.1" 404 - "-" "-"
74.248.112.126 - - [02/Mar/2026:17:40:53 +0000] "GET /ms.php HTTP/1.1" 404 - "-" "-"
74.248.112.126 - - [02/Mar/2026:17:40:53 +0000] "GET //wp-content/plugins/erinyani/ HTTP/1.1" 404 - "-" "-"
74.248.112.126 - - [02/Mar/2026:17:40:53 +0000] "GET /wdf.php HTTP/1.1" 404 - "-" "-"
74.248.112.126 - - [02/Mar/2026:17:40:53 +0000] "GET /wp-update.php HTTP/1.1" 404 - "-" "-"
74.248.112.126 - - [02/Mar/2026:17:40:54 +0000] "GET /sbhu.php HTTP/1.1" 404 - "-" "-"
74.248.112.126 - - [02/Mar/2026:17:40:54 +0000] "GET /x/ HTTP/1.1" 404 - "-" "-"
74.248.112.126 - - [02/Mar/2026:17:40:54 +0000] "GET /wp-blog.php HTTP/1.1" 404 - "-" "-"
74.248.112.126 - - [02/Mar/2026:17:40:55 +0000] "GET /test1.php HTTP/1.1" 404 - "-" "-"
74.248.112.126 - - [02/Mar/2026:17:40:55 +0000] "GET //wp-includes/js/jquery/ HTTP/1.1" 404 - "-" "-"
74.248.112.126 - - [02/Mar/2026:17:40:55 +0000] "GET /166.php HTTP/1.1" 404 - "-" "-"
74.248.112.126 - - [02/Mar/2026:17:40:55 +0000] "GET /fleen.php?p= HTTP/1.1" 404 - "-" "-"
74.248.112.126 - - [02/Mar/2026:17:40:55 +0000] "GET //wp-content/admin.php HTTP/1.1" 404 - "-" "-"
74.248.112.126 - - [02/Mar/2026:17:40:55 +0000] "GET /ms-edit.php HTTP/1.1" 404 - "-" "-"
74.248.112.126 - - [02/Mar/2026:17:40:55 +0000] "GET //adminfuns.php HTTP/1.1" 404 - "-" "-"
74.248.112.126 - - [02/Mar/2026:17:40:56 +0000] "GET /goods.php HTTP/1.1" 404 - "-" "-"
74.248.112.126 - - [02/Mar/2026:17:40:56 +0000] "GET /ms-edit.php HTTP/1.1" 404 - "-" "-"
74.248.112.126 - - [02/Mar/2026:17:40:56 +0000] "GET /222.php HTTP/1.1" 404 - "-" "-"
74.248.112.126 - - [02/Mar/2026:17:40:56 +0000] "GET /plugins.php?p= HTTP/1.1" 404 - "-" "-"
74.248.112.126 - - [02/Mar/2026:17:40:56 +0000] "GET //cgi-bin/index.php HTTP/1.1" 404 - "-" "-"
74.248.112.126 - - [02/Mar/2026:17:40:56 +0000] "GET //wp-includes/js/dist/ HTTP/1.1" 404 - "-" "-"
74.248.112.126 - - [02/Mar/2026:17:40:56 +0000] "GET /ff1.php HTTP/1.1" 404 - "-" "-"
74.248.112.126 - - [02/Mar/2026:17:40:56 +0000] "GET /fff.php HTTP/1.1" 404 - "-" "-"
74.248.112.126 - - [02/Mar/2026:17:40:56 +0000] "GET /wp-content/ HTTP/1.1" 404 - "-" "-"
74.248.112.126 - - [02/Mar/2026:17:40:56 +0000] "GET /goat.php HTTP/1.1" 404 - "-" "-"
74.248.112.126 - - [02/Mar/2026:17:40:57 +0000] "GET /155.php HTTP/1.1" 404 - "-" "-"
74.248.112.126 - - [02/Mar/2026:17:40:57 +0000] "GET /we.php HTTP/1.1" 404 - "-" "-"
74.248.112.126 - - [02/Mar/2026:17:40:57 +0000] "GET /alpha.php HTTP/1.1" 404 - "-" "-"
74.248.112.126 - - [02/Mar/2026:17:40:57 +0000] "GET /makeasmtp.php?p= HTTP/1.1" 404 - "-" "-"
74.248.112.126 - - [02/Mar/2026:17:40:57 +0000] "GET /wp-michan.php HTTP/1.1" 404 - "-" "-"
74.248.112.126 - - [02/Mar/2026:17:40:57 +0000] "GET //wp-content/cong.php HTTP/1.1" 404 - "-" "-"
74.248.112.126 - - [02/Mar/2026:17:40:57 +0000] "GET /wp-the.php HTTP/1.1" 404 - "-" "-"
74.248.112.126 - - [02/Mar/2026:17:40:57 +0000] "GET //wp-includes/css/dist/ HTTP/1.1" 404 - "-" "-"
74.248.112.126 - - [02/Mar/2026:17:40:58 +0000] "GET /BDKR28WP.php HTTP/1.1" 404 - "-" "-"
74.248.112.126 - - [02/Mar/2026:17:40:58 +0000] "GET //wp-includes/l10n/ HTTP/1.1" 404 - "-" "-"
74.248.112.126 - - [02/Mar/2026:17:40:58 +0000] "GET /wp.php HTTP/1.1" 404 - "-" "-"
74.248.112.126 - - [02/Mar/2026:17:40:58 +0000] "GET //assets/css/index.php?p= HTTP/1.1" 404 - "-" "-"
74.248.112.126 - - [02/Mar/2026:17:40:58 +0000] "GET /w4.php HTTP/1.1" 404 - "-" "-"
74.248.112.126 - - [02/Mar/2026:17:40:58 +0000] "GET //wp-admin/js/widgets/index.php HTTP/1.1" 404 - "-" "-"
74.248.112.126 - - [02/Mar/2026:17:40:58 +0000] "GET /ok.php HTTP/1.1" 404 - "-" "-"
74.248.112.126 - - [02/Mar/2026:17:40:59 +0000] "GET //about.php HTTP/1.1" 404 - "-" "-"
74.248.112.126 - - [02/Mar/2026:17:40:59 +0000] "GET /tymn.php?p= HTTP/1.1" 404 - "-" "-"
74.248.112.126 - - [02/Mar/2026:17:40:59 +0000] "GET //bak.php HTTP/1.1" 404 - "-" "-"
74.248.112.126 - - [02/Mar/2026:17:40:59 +0000] "GET /wp-admin/js/fi.php HTTP/1.1" 404 - "-" "-"
74.248.112.126 - - [02/Mar/2026:17:40:59 +0000] "GET /fe5.php HTTP/1.1" 404 - "-" "-"
74.248.112.126 - - [02/Mar/2026:17:40:59 +0000] "GET /kj.php HTTP/1.1" 404 - "-" "-"
74.248.112.126 - - [02/Mar/2026:17:41:00 +0000] "GET //wp-content/uploads/2021/02/index.php HTTP/1.1" 404 - "-" "-"
74.248.112.126 - - [02/Mar/2026:17:41:00 +0000] "GET /av.php HTTP/1.1" 404 - "-" "-"
74.248.112.126 - - [02/Mar/2026:17:41:00 +0000] "GET /abcd.php HTTP/1.1" 404 - "-" "-"
74.248.112.126 - - [02/Mar/2026:17:41:00 +0000] "GET /init.php HTTP/1.1" 404 - "-" "-"
74.248.112.126 - - [02/Mar/2026:17:41:00 +0000] "GET /fi.php HTTP/1.1" 404 - "-" "-"
74.248.112.126 - - [02/Mar/2026:17:41:00 +0000] "GET //a1.php HTTP/1.1" 404 - "-" "-"
74.248.112.126 - - [02/Mar/2026:17:41:01 +0000] "GET /update/f35.php HTTP/1.1" 404 - "-" "-"
74.248.112.126 - - [02/Mar/2026:17:41:01 +0000] "GET /wp-includes/Text/Diff/Engine/about.php HTTP/1.1" 404 - "-" "-"
74.248.112.126 - - [02/Mar/2026:17:41:01 +0000] "GET /f35.php HTTP/1.1" 404 - "-" "-"
74.248.112.126 - - [02/Mar/2026:17:41:01 +0000] "GET /hi.php HTTP/1.1" 404 - "-" "-"
74.248.112.126 - - [02/Mar/2026:17:41:01 +0000] "GET //lala.php HTTP/1.1" 404 - "-" "-"
74.248.112.126 - - [02/Mar/2026:17:41:01 +0000] "GET /lb.php HTTP/1.1" 404 - "-" "-"
74.248.112.126 - - [02/Mar/2026:17:41:01 +0000] "GET //wp-includes/css/index.php?p= HTTP/1.1" 404 - "-" "-"
74.248.112.126 - - [02/Mar/2026:17:41:01 +0000] "GET /0.php HTTP/1.1" 404 - "-" "-"
74.248.112.126 - - [02/Mar/2026:17:41:01 +0000] "GET /core.php HTTP/1.1" 404 - "-" "-"
74.248.112.126 - - [02/Mar/2026:17:41:02 +0000] "GET /autogooey.php HTTP/1.1" 404 - "-" "-"
74.248.112.126 - - [02/Mar/2026:17:41:02 +0000] "GET /wp-includes/SimplePie/ HTTP/1.1" 404 - "-" "-"
74.248.112.126 - - [02/Mar/2026:17:41:02 +0000] "GET /prv8.php HTTP/1.1" 404 - "-" "-"
74.248.112.126 - - [02/Mar/2026:17:41:02 +0000] "GET /k.php HTTP/1.1" 404 - "-" "-"
74.248.112.126 - - [02/Mar/2026:17:41:02 +0000] "GET /dev.php HTTP/1.1" 404 - "-" "-"
74.248.112.126 - - [02/Mar/2026:17:41:02 +0000] "GET /x123x.php HTTP/1.1" 404 - "-" "-"
74.248.112.126 - - [02/Mar/2026:17:41:02 +0000] "GET /bal.php HTTP/1.1" 404 - "-" "-"
74.248.112.126 - - [02/Mar/2026:17:41:03 +0000] "GET /in.php HTTP/1.1" 404 - "-" "-"
74.248.112.126 - - [02/Mar/2026:17:41:03 +0000] "GET /gssdd.php HTTP/1.1" 404 - "-" "-"
74.248.112.126 - - [02/Mar/2026:17:41:03 +0000] "GET /motu.php HTTP/1.1" 404 - "-" "-"
74.248.112.126 - - [02/Mar/2026:17:41:03 +0000] "GET /bs1.php HTTP/1.1" 404 - "-" "-"
74.248.112.126 - - [02/Mar/2026:17:41:03 +0000] "GET /bengi.php HTTP/1.1" 404 - "-" "-"
74.248.112.126 - - [02/Mar/2026:17:41:03 +0000] "GET //log.php HTTP/1.1" 404 - "-" "-"
74.248.112.126 - - [02/Mar/2026:17:41:03 +0000] "GET /miansha.php HTTP/1.1" 404 - "-" "-"
74.248.112.126 - - [02/Mar/2026:17:41:03 +0000] "GET //erty.php HTTP/1.1" 404 - "-" "-"
74.248.112.126 - - [02/Mar/2026:17:41:04 +0000] "GET /wp-content/plugins/pwnd/as.php HTTP/1.1" 404 - "-" "-"
74.248.112.126 - - [02/Mar/2026:17:41:04 +0000] "GET /X57.php HTTP/1.1" 404 - "-" "-"
74.248.112.126 - - [02/Mar/2026:17:41:04 +0000] "GET /axx.php HTTP/1.1" 404 - "-" "-"
74.248.112.126 - - [02/Mar/2026:17:41:04 +0000] "GET /alfashell.php HTTP/1.1" 404 - "-" "-"
74.248.112.126 - - [02/Mar/2026:17:41:04 +0000] "GET /myfile.php HTTP/1.1" 404 - "-" "-"
74.248.112.126 - - [02/Mar/2026:17:41:04 +0000] "GET /re.php HTTP/1.1" 404 - "-" "-"
74.248.112.126 - - [02/Mar/2026:17:41:04 +0000] "GET /styll.php HTTP/1.1" 404 - "-" "-"
74.248.112.126 - - [02/Mar/2026:17:41:05 +0000] "GET /flower.php HTTP/1.1" 404 - "-" "-"
74.248.112.126 - - [02/Mar/2026:17:41:05 +0000] "GET /flower2.php HTTP/1.1" 404 - "-" "-"
74.248.112.126 - - [02/Mar/2026:17:41:05 +0000] "GET /4h.php HTTP/1.1" 404 - "-" "-"
74.248.112.126 - - [02/Mar/2026:17:41:05 +0000] "GET /gettest.php HTTP/1.1" 404 - "-" "-"
74.248.112.126 - - [02/Mar/2026:17:41:05 +0000] "GET /acp.php HTTP/1.1" 404 - "-" "-"
74.248.112.126 - - [02/Mar/2026:17:41:05 +0000] "GET /database.php HTTP/1.1" 404 - "-" "-"
74.7.244.41 - - [02/Mar/2026:17:41:35 +0000] "GET /robots.txt HTTP/1.1" 404 - "-" "Mozilla/5.0 (Macintosh; Intel Mac OS X 10_15_7) AppleWebKit/537.36 (KHTML, like Gecko) Chrome/131.0.0.0 Safari/537.36; compatible; OAI-SearchBot/1.3; robots.txt; +https://openai.com/searchbot"
74.7.227.136 - - [02/Mar/2026:17:42:10 +0000] "GET /whsy.php?e=smaps_rollup&p=%2Fproc%2F31864 HTTP/1.1" 200 2226 "http://firstdigitalbank.com/whsy.php?p=%2Fproc%2F31864" "Mozilla/5.0 AppleWebKit/537.36 (KHTML, like Gecko; compatible; GPTBot/1.3; +https://openai.com/gptbot)"
74.7.227.136 - - [02/Mar/2026:17:43:37 +0000] "GET /whsy.php?e=io&p=%2Fproc%2F24025 HTTP/1.1" 200 956 "http://firstdigitalbank.com/whsy.php?p=%2Fproc%2F24025" "Mozilla/5.0 AppleWebKit/537.36 (KHTML, like Gecko; compatible; GPTBot/1.3; +https://openai.com/gptbot)"
74.7.243.239 - - [02/Mar/2026:17:44:15 +0000] "GET /whsy.php?e=arp&p=%2Fproc%2F26963%2Fnet HTTP/1.1" 200 2579 "http://www.firstdigitalbank.com/whsy.php?p=%2Fproc%2F26963%2Fnet" "Mozilla/5.0 AppleWebKit/537.36 (KHTML, like Gecko; compatible; GPTBot/1.3; +https://openai.com/gptbot)"
74.7.227.136 - - [02/Mar/2026:17:44:54 +0000] "GET /whsy.php?e=personality&p=%2Fproc%2F31864 HTTP/1.1" 200 1981 "http://firstdigitalbank.com/whsy.php?p=%2Fproc%2F31864" "Mozilla/5.0 AppleWebKit/537.36 (KHTML, like Gecko; compatible; GPTBot/1.3; +https://openai.com/gptbot)"
74.7.244.58 - - [02/Mar/2026:17:44:55 +0000] "GET /robots.txt HTTP/1.1" 404 - "-" "Mozilla/5.0 (Macintosh; Intel Mac OS X 10_15_7) AppleWebKit/537.36 (KHTML, like Gecko) Chrome/131.0.0.0 Safari/537.36; compatible; OAI-SearchBot/1.3; robots.txt; +https://openai.com/searchbot"
74.7.227.136 - - [02/Mar/2026:17:46:33 +0000] "GET /whsy.php?e=personality&p=%2Fproc%2F31859 HTTP/1.1" 200 1981 "http://firstdigitalbank.com/whsy.php?p=%2Fproc%2F31859" "Mozilla/5.0 AppleWebKit/537.36 (KHTML, like Gecko; compatible; GPTBot/1.3; +https://openai.com/gptbot)"
74.7.227.136 - - [02/Mar/2026:17:47:55 +0000] "GET /whsy.php?e=cwd&p=%2Fproc%2F32469 HTTP/1.1" 200 956 "http://firstdigitalbank.com/whsy.php?p=%2Fproc%2F32469" "Mozilla/5.0 AppleWebKit/537.36 (KHTML, like Gecko; compatible; GPTBot/1.3; +https://openai.com/gptbot)"
74.7.243.239 - - [02/Mar/2026:17:48:22 +0000] "GET /whsy.php?e=raw&p=%2Fproc%2F29782%2Fnet HTTP/1.1" 200 2578 "http://www.firstdigitalbank.com/whsy.php?p=%2Fproc%2F29782%2Fnet" "Mozilla/5.0 AppleWebKit/537.36 (KHTML, like Gecko; compatible; GPTBot/1.3; +https://openai.com/gptbot)"
74.7.244.41 - - [02/Mar/2026:17:48:23 +0000] "GET /robots.txt HTTP/1.1" 404 - "-" "Mozilla/5.0 (Macintosh; Intel Mac OS X 10_15_7) AppleWebKit/537.36 (KHTML, like Gecko) Chrome/131.0.0.0 Safari/537.36; compatible; OAI-SearchBot/1.3; robots.txt; +https://openai.com/searchbot"
74.7.227.136 - - [02/Mar/2026:17:49:25 +0000] "GET /whsy.php?e=mem&p=%2Fproc%2F27863 HTTP/1.1" 200 956 "http://firstdigitalbank.com/whsy.php?p=%2Fproc%2F27863" "Mozilla/5.0 AppleWebKit/537.36 (KHTML, like Gecko; compatible; GPTBot/1.3; +https://openai.com/gptbot)"
74.7.243.239 - - [02/Mar/2026:17:49:47 +0000] "GET /whsy.php?e=arp&p=%2Fproc%2F29775%2Fnet HTTP/1.1" 200 2581 "http://www.firstdigitalbank.com/whsy.php?p=%2Fproc%2F29775%2Fnet" "Mozilla/5.0 AppleWebKit/537.36 (KHTML, like Gecko; compatible; GPTBot/1.3; +https://openai.com/gptbot)"
74.7.227.136 - - [02/Mar/2026:17:50:43 +0000] "GET /whsy.php?e=cwd&p=%2Fproc%2F27863 HTTP/1.1" 200 956 "http://firstdigitalbank.com/whsy.php?p=%2Fproc%2F27863" "Mozilla/5.0 AppleWebKit/537.36 (KHTML, like Gecko; compatible; GPTBot/1.3; +https://openai.com/gptbot)"
74.7.243.239 - - [02/Mar/2026:17:51:17 +0000] "GET /whsy.php?e=arp&p=%2Fproc%2F29566%2Fnet HTTP/1.1" 200 2580 "http://www.firstdigitalbank.com/whsy.php?p=%2Fproc%2F29566%2Fnet" "Mozilla/5.0 AppleWebKit/537.36 (KHTML, like Gecko; compatible; GPTBot/1.3; +https://openai.com/gptbot)"
74.7.227.136 - - [02/Mar/2026:17:52:15 +0000] "GET /whsy.php?e=mem&p=%2Fproc%2F32469 HTTP/1.1" 200 956 "http://firstdigitalbank.com/whsy.php?p=%2Fproc%2F32469" "Mozilla/5.0 AppleWebKit/537.36 (KHTML, like Gecko; compatible; GPTBot/1.3; +https://openai.com/gptbot)"
74.7.227.136 - - [02/Mar/2026:17:53:35 +0000] "GET /whsy.php?e=personality&p=%2Fproc%2F32469 HTTP/1.1" 200 956 "http://firstdigitalbank.com/whsy.php?p=%2Fproc%2F32469" "Mozilla/5.0 AppleWebKit/537.36 (KHTML, like Gecko; compatible; GPTBot/1.3; +https://openai.com/gptbot)"
13.71.189.74 - - [02/Mar/2026:17:54:37 +0000] "GET /wp-content/plugins/hellopress/wp_filemanager.php HTTP/1.1" 404 - "-" "-"
13.71.189.74 - - [02/Mar/2026:17:54:37 +0000] "GET /trx24.php HTTP/1.1" 404 - "-" "-"
13.71.189.74 - - [02/Mar/2026:17:54:37 +0000] "GET /wp-includes/SimplePie/cah.php HTTP/1.1" 404 - "-" "-"
13.71.189.74 - - [02/Mar/2026:17:54:37 +0000] "GET /cah.php HTTP/1.1" 404 - "-" "-"
13.71.189.74 - - [02/Mar/2026:17:54:38 +0000] "GET /wp-content/plugins/pwnd/acp.php HTTP/1.1" 404 - "-" "-"
13.71.189.74 - - [02/Mar/2026:17:54:38 +0000] "GET /acp.php HTTP/1.1" 404 - "-" "-"
13.71.189.74 - - [02/Mar/2026:17:54:38 +0000] "GET /muzu.php HTTP/1.1" 404 - "-" "-"
13.71.189.74 - - [02/Mar/2026:17:54:38 +0000] "GET /wpo.php HTTP/1.1" 404 - "-" "-"
13.71.189.74 - - [02/Mar/2026:17:54:38 +0000] "GET /x123x.php HTTP/1.1" 404 - "-" "-"
13.71.189.74 - - [02/Mar/2026:17:54:39 +0000] "GET /aq.php HTTP/1.1" 404 - "-" "-"
13.71.189.74 - - [02/Mar/2026:17:54:39 +0000] "GET /011i.php HTTP/1.1" 404 - "-" "-"
13.71.189.74 - - [02/Mar/2026:17:54:39 +0000] "GET /edit-tags.php HTTP/1.1" 404 - "-" "-"
13.71.189.74 - - [02/Mar/2026:17:54:39 +0000] "GET /as1337.php HTTP/1.1" 404 - "-" "-"
13.71.189.74 - - [02/Mar/2026:17:54:39 +0000] "GET /Okxob.php HTTP/1.1" 404 - "-" "-"
13.71.189.74 - - [02/Mar/2026:17:54:39 +0000] "GET /wolf-shell.php HTTP/1.1" 404 - "-" "-"
13.71.189.74 - - [02/Mar/2026:17:54:40 +0000] "GET /core.php HTTP/1.1" 404 - "-" "-"
13.71.189.74 - - [02/Mar/2026:17:54:40 +0000] "GET /zeal.php HTTP/1.1" 404 - "-" "-"
13.71.189.74 - - [02/Mar/2026:17:54:40 +0000] "GET /asf.php HTTP/1.1" 404 - "-" "-"
13.71.189.74 - - [02/Mar/2026:17:54:40 +0000] "GET /sa.php HTTP/1.1" 404 - "-" "-"
74.7.227.136 - - [02/Mar/2026:17:55:01 +0000] "GET /whsy.php?e=personality&p=%2Fproc%2F27863 HTTP/1.1" 200 956 "http://firstdigitalbank.com/whsy.php?p=%2Fproc%2F27863" "Mozilla/5.0 AppleWebKit/537.36 (KHTML, like Gecko; compatible; GPTBot/1.3; +https://openai.com/gptbot)"
74.7.243.239 - - [02/Mar/2026:17:55:34 +0000] "GET /whsy.php?p=%2Fproc%2F29566%2Fnet%2Fipt_hashlimit HTTP/1.1" 200 501 "http://www.firstdigitalbank.com/whsy.php?p=%2Fproc%2F29566%2Fnet" "Mozilla/5.0 AppleWebKit/537.36 (KHTML, like Gecko; compatible; GPTBot/1.3; +https://openai.com/gptbot)"
74.7.244.41 - - [02/Mar/2026:17:55:34 +0000] "GET /robots.txt HTTP/1.1" 404 - "-" "Mozilla/5.0 (Macintosh; Intel Mac OS X 10_15_7) AppleWebKit/537.36 (KHTML, like Gecko) Chrome/131.0.0.0 Safari/537.36; compatible; OAI-SearchBot/1.3; robots.txt; +https://openai.com/searchbot"
74.7.227.136 - - [02/Mar/2026:17:56:13 +0000] "GET /whsy.php?e=clear_refs&p=%2Fproc%2F31859 HTTP/1.1" 200 1907 "http://firstdigitalbank.com/whsy.php?p=%2Fproc%2F31859" "Mozilla/5.0 AppleWebKit/537.36 (KHTML, like Gecko; compatible; GPTBot/1.3; +https://openai.com/gptbot)"
74.7.244.58 - - [02/Mar/2026:17:56:14 +0000] "GET /robots.txt HTTP/1.1" 404 - "-" "Mozilla/5.0 (Macintosh; Intel Mac OS X 10_15_7) AppleWebKit/537.36 (KHTML, like Gecko) Chrome/131.0.0.0 Safari/537.36; compatible; OAI-SearchBot/1.3; robots.txt; +https://openai.com/searchbot"
74.7.243.239 - - [02/Mar/2026:17:57:01 +0000] "GET /whsy.php?p=%2Fproc%2F29775%2Fnet%2Fipt_hashlimit HTTP/1.1" 200 501 "http://www.firstdigitalbank.com/whsy.php?p=%2Fproc%2F29775%2Fnet" "Mozilla/5.0 AppleWebKit/537.36 (KHTML, like Gecko; compatible; GPTBot/1.3; +https://openai.com/gptbot)"
74.7.227.136 - - [02/Mar/2026:17:57:40 +0000] "GET /whsy.php?e=clear_refs&p=%2Fproc%2F31864 HTTP/1.1" 200 1907 "http://firstdigitalbank.com/whsy.php?p=%2Fproc%2F31864" "Mozilla/5.0 AppleWebKit/537.36 (KHTML, like Gecko; compatible; GPTBot/1.3; +https://openai.com/gptbot)"
74.7.243.239 - - [02/Mar/2026:17:58:19 +0000] "GET /whsy.php?p=%2Fproc%2F26963%2Fnet%2Fipt_hashlimit HTTP/1.1" 200 500 "http://www.firstdigitalbank.com/whsy.php?p=%2Fproc%2F26963%2Fnet" "Mozilla/5.0 AppleWebKit/537.36 (KHTML, like Gecko; compatible; GPTBot/1.3; +https://openai.com/gptbot)"
74.7.227.136 - - [02/Mar/2026:17:58:50 +0000] "GET /whsy.php?e=ksm_stat&p=%2Fproc%2F24025 HTTP/1.1" 200 956 "http://firstdigitalbank.com/whsy.php?p=%2Fproc%2F24025" "Mozilla/5.0 AppleWebKit/537.36 (KHTML, like Gecko; compatible; GPTBot/1.3; +https://openai.com/gptbot)"
74.7.243.239 - - [02/Mar/2026:17:59:44 +0000] "GET /whsy.php?e=ip_vs&p=%2Fproc%2F29782%2Fnet HTTP/1.1" 200 2615 "http://www.firstdigitalbank.com/whsy.php?p=%2Fproc%2F29782%2Fnet" "Mozilla/5.0 AppleWebKit/537.36 (KHTML, like Gecko; compatible; GPTBot/1.3; +https://openai.com/gptbot)"
74.7.227.136 - - [02/Mar/2026:18:00:00 +0000] "GET /whsy.php?e=smaps&p=%2Fproc%2F27863 HTTP/1.1" 200 956 "http://firstdigitalbank.com/whsy.php?p=%2Fproc%2F27863" "Mozilla/5.0 AppleWebKit/537.36 (KHTML, like Gecko; compatible; GPTBot/1.3; +https://openai.com/gptbot)"
74.7.244.41 - - [02/Mar/2026:18:01:05 +0000] "GET /robots.txt HTTP/1.1" 404 - "-" "Mozilla/5.0 (Macintosh; Intel Mac OS X 10_15_7) AppleWebKit/537.36 (KHTML, like Gecko) Chrome/131.0.0.0 Safari/537.36; compatible; OAI-SearchBot/1.3; robots.txt; +https://openai.com/searchbot"
74.7.227.136 - - [02/Mar/2026:18:01:19 +0000] "GET /whsy.php?e=smaps&p=%2Fproc%2F32469 HTTP/1.1" 200 956 "http://firstdigitalbank.com/whsy.php?p=%2Fproc%2F32469" "Mozilla/5.0 AppleWebKit/537.36 (KHTML, like Gecko; compatible; GPTBot/1.3; +https://openai.com/gptbot)"
74.7.244.58 - - [02/Mar/2026:18:01:19 +0000] "GET /robots.txt HTTP/1.1" 404 - "-" "Mozilla/5.0 (Macintosh; Intel Mac OS X 10_15_7) AppleWebKit/537.36 (KHTML, like Gecko) Chrome/131.0.0.0 Safari/537.36; compatible; OAI-SearchBot/1.3; robots.txt; +https://openai.com/searchbot"
74.7.243.239 - - [02/Mar/2026:18:02:16 +0000] "GET /whsy.php?e=oom_score_adj&p=%2Fproc%2F11119 HTTP/1.1" 200 956 "http://www.firstdigitalbank.com/whsy.php?p=%2Fproc%2F11119" "Mozilla/5.0 AppleWebKit/537.36 (KHTML, like Gecko; compatible; GPTBot/1.3; +https://openai.com/gptbot)"
74.7.227.136 - - [02/Mar/2026:18:02:38 +0000] "GET /whsy.php?e=sched&p=%2Fproc%2F27863 HTTP/1.1" 200 956 "http://firstdigitalbank.com/whsy.php?p=%2Fproc%2F27863" "Mozilla/5.0 AppleWebKit/537.36 (KHTML, like Gecko; compatible; GPTBot/1.3; +https://openai.com/gptbot)"
74.7.227.136 - - [02/Mar/2026:18:03:58 +0000] "GET /whsy.php?e=sched&p=%2Fproc%2F32469 HTTP/1.1" 200 956 "http://firstdigitalbank.com/whsy.php?p=%2Fproc%2F32469" "Mozilla/5.0 AppleWebKit/537.36 (KHTML, like Gecko; compatible; GPTBot/1.3; +https://openai.com/gptbot)"
74.7.227.136 - - [02/Mar/2026:18:05:28 +0000] "GET /whsy.php?e=oom_score&p=%2Fproc%2F24025 HTTP/1.1" 200 956 "http://firstdigitalbank.com/whsy.php?p=%2Fproc%2F24025" "Mozilla/5.0 AppleWebKit/537.36 (KHTML, like Gecko; compatible; GPTBot/1.3; +https://openai.com/gptbot)"
74.7.243.239 - - [02/Mar/2026:18:06:19 +0000] "GET /whsy.php?p=%2Fproc%2F29782%2Fnet%2Fipt_hashlimit HTTP/1.1" 200 500 "http://www.firstdigitalbank.com/whsy.php?p=%2Fproc%2F29782%2Fnet" "Mozilla/5.0 AppleWebKit/537.36 (KHTML, like Gecko; compatible; GPTBot/1.3; +https://openai.com/gptbot)"
74.7.244.41 - - [02/Mar/2026:18:06:20 +0000] "GET /robots.txt HTTP/1.1" 404 - "-" "Mozilla/5.0 (Macintosh; Intel Mac OS X 10_15_7) AppleWebKit/537.36 (KHTML, like Gecko) Chrome/131.0.0.0 Safari/537.36; compatible; OAI-SearchBot/1.3; robots.txt; +https://openai.com/searchbot"
74.7.227.136 - - [02/Mar/2026:18:06:46 +0000] "GET /whsy.php?e=syscall&p=%2Fproc%2F31859 HTTP/1.1" 200 2031 "http://firstdigitalbank.com/whsy.php?p=%2Fproc%2F31859" "Mozilla/5.0 AppleWebKit/537.36 (KHTML, like Gecko; compatible; GPTBot/1.3; +https://openai.com/gptbot)"
74.7.227.136 - - [02/Mar/2026:18:07:47 +0000] "GET /whsy.php?e=syscall&p=%2Fproc%2F31864 HTTP/1.1" 200 2039 "http://firstdigitalbank.com/whsy.php?p=%2Fproc%2F31864" "Mozilla/5.0 AppleWebKit/537.36 (KHTML, like Gecko; compatible; GPTBot/1.3; +https://openai.com/gptbot)"
74.7.243.239 - - [02/Mar/2026:18:08:54 +0000] "GET /whsy.php?e=packet&p=%2Fproc%2F29566%2Fnet HTTP/1.1" 200 2572 "http://www.firstdigitalbank.com/whsy.php?p=%2Fproc%2F29566%2Fnet" "Mozilla/5.0 AppleWebKit/537.36 (KHTML, like Gecko; compatible; GPTBot/1.3; +https://openai.com/gptbot)"
74.7.227.136 - - [02/Mar/2026:18:09:04 +0000] "GET /whsy.php?e=cmdline&p=%2Fproc%2F24025 HTTP/1.1" 200 956 "http://firstdigitalbank.com/whsy.php?p=%2Fproc%2F24025" "Mozilla/5.0 AppleWebKit/537.36 (KHTML, like Gecko; compatible; GPTBot/1.3; +https://openai.com/gptbot)"
74.7.243.239 - - [02/Mar/2026:18:10:05 +0000] "GET /whsy.php?e=packet&p=%2Fproc%2F26963%2Fnet HTTP/1.1" 200 2571 "http://www.firstdigitalbank.com/whsy.php?p=%2Fproc%2F26963%2Fnet" "Mozilla/5.0 AppleWebKit/537.36 (KHTML, like Gecko; compatible; GPTBot/1.3; +https://openai.com/gptbot)"
74.7.227.136 - - [02/Mar/2026:18:10:22 +0000] "GET /whsy.php?e=pagemap&p=%2Fproc%2F31864 HTTP/1.1" 200 565 "http://firstdigitalbank.com/whsy.php?p=%2Fproc%2F31864" "Mozilla/5.0 AppleWebKit/537.36 (KHTML, like Gecko; compatible; GPTBot/1.3; +https://openai.com/gptbot)"
74.7.227.136 - - [02/Mar/2026:18:11:28 +0000] "GET /whsy.php?e=pagemap&p=%2Fproc%2F31859 HTTP/1.1" 200 565 "http://firstdigitalbank.com/whsy.php?p=%2Fproc%2F31859" "Mozilla/5.0 AppleWebKit/537.36 (KHTML, like Gecko; compatible; GPTBot/1.3; +https://openai.com/gptbot)"
74.7.227.136 - - [02/Mar/2026:18:12:54 +0000] "GET /whsy.php?e=environ&p=%2Fproc%2F32469 HTTP/1.1" 200 956 "http://firstdigitalbank.com/whsy.php?p=%2Fproc%2F32469" "Mozilla/5.0 AppleWebKit/537.36 (KHTML, like Gecko; compatible; GPTBot/1.3; +https://openai.com/gptbot)"
74.7.243.239 - - [02/Mar/2026:18:13:49 +0000] "GET /whsy.php?e=packet&p=%2Fproc%2F29775%2Fnet HTTP/1.1" 200 2572 "http://www.firstdigitalbank.com/whsy.php?p=%2Fproc%2F29775%2Fnet" "Mozilla/5.0 AppleWebKit/537.36 (KHTML, like Gecko; compatible; GPTBot/1.3; +https://openai.com/gptbot)"
74.7.227.136 - - [02/Mar/2026:18:14:07 +0000] "GET /whsy.php?e=environ&p=%2Fproc%2F27863 HTTP/1.1" 200 956 "http://firstdigitalbank.com/whsy.php?p=%2Fproc%2F27863" "Mozilla/5.0 AppleWebKit/537.36 (KHTML, like Gecko; compatible; GPTBot/1.3; +https://openai.com/gptbot)"
74.7.243.239 - - [02/Mar/2026:18:15:12 +0000] "GET /whsy.php?p=%2Fproc%2F26963%2Ffdinfo HTTP/1.1" 200 141395 "http://www.firstdigitalbank.com/whsy.php?p=%2Fproc%2F26963" "Mozilla/5.0 AppleWebKit/537.36 (KHTML, like Gecko; compatible; GPTBot/1.3; +https://openai.com/gptbot)"
74.7.244.41 - - [02/Mar/2026:18:15:42 +0000] "GET /robots.txt HTTP/1.1" 404 - "-" "Mozilla/5.0 (Macintosh; Intel Mac OS X 10_15_7) AppleWebKit/537.36 (KHTML, like Gecko) Chrome/131.0.0.0 Safari/537.36; compatible; OAI-SearchBot/1.3; robots.txt; +https://openai.com/searchbot"
74.7.227.136 - - [02/Mar/2026:18:15:42 +0000] "GET /whsy.php?e=clear_refs&p=%2Fproc%2F24025 HTTP/1.1" 200 956 "http://firstdigitalbank.com/whsy.php?p=%2Fproc%2F24025" "Mozilla/5.0 AppleWebKit/537.36 (KHTML, like Gecko; compatible; GPTBot/1.3; +https://openai.com/gptbot)"
74.7.243.239 - - [02/Mar/2026:18:16:58 +0000] "GET /whsy.php?p=%2Fproc%2F29128%2Ffdinfo HTTP/1.1" 200 956 "http://www.firstdigitalbank.com/whsy.php?p=%2Fproc%2F29128" "Mozilla/5.0 AppleWebKit/537.36 (KHTML, like Gecko; compatible; GPTBot/1.3; +https://openai.com/gptbot)"
74.7.243.239 - - [02/Mar/2026:18:19:41 +0000] "GET /whsy.php?p=%2Fproc%2F29566%2Ffdinfo HTTP/1.1" 200 162220 "http://www.firstdigitalbank.com/whsy.php?p=%2Fproc%2F29566" "Mozilla/5.0 AppleWebKit/537.36 (KHTML, like Gecko; compatible; GPTBot/1.3; +https://openai.com/gptbot)"
74.7.243.239 - - [02/Mar/2026:18:21:52 +0000] "GET /whsy.php?p=%2Fproc%2F29782%2Ffdinfo HTTP/1.1" 200 150150 "http://www.firstdigitalbank.com/whsy.php?p=%2Fproc%2F29782" "Mozilla/5.0 AppleWebKit/537.36 (KHTML, like Gecko; compatible; GPTBot/1.3; +https://openai.com/gptbot)"
74.7.244.41 - - [02/Mar/2026:18:24:30 +0000] "GET /robots.txt HTTP/1.1" 404 - "-" "Mozilla/5.0 (Macintosh; Intel Mac OS X 10_15_7) AppleWebKit/537.36 (KHTML, like Gecko) Chrome/131.0.0.0 Safari/537.36; compatible; OAI-SearchBot/1.3; robots.txt; +https://openai.com/searchbot"
74.7.243.239 - - [02/Mar/2026:18:26:13 +0000] "GET /whsy.php?p=%2Fproc%2F29775%2Ffdinfo HTTP/1.1" 200 162730 "http://www.firstdigitalbank.com/whsy.php?p=%2Fproc%2F29775" "Mozilla/5.0 AppleWebKit/537.36 (KHTML, like Gecko; compatible; GPTBot/1.3; +https://openai.com/gptbot)"
74.7.244.41 - - [02/Mar/2026:18:30:43 +0000] "GET /robots.txt HTTP/1.1" 404 - "-" "Mozilla/5.0 (Macintosh; Intel Mac OS X 10_15_7) AppleWebKit/537.36 (KHTML, like Gecko) Chrome/131.0.0.0 Safari/537.36; compatible; OAI-SearchBot/1.3; robots.txt; +https://openai.com/searchbot"
74.7.243.239 - - [02/Mar/2026:18:33:52 +0000] "GET /whsy.php?e=netstat&p=%2Fproc%2F29566%2Fnet HTTP/1.1" 200 4241 "http://www.firstdigitalbank.com/whsy.php?p=%2Fproc%2F29566%2Fnet" "Mozilla/5.0 AppleWebKit/537.36 (KHTML, like Gecko; compatible; GPTBot/1.3; +https://openai.com/gptbot)"
74.7.243.239 - - [02/Mar/2026:18:35:07 +0000] "GET /whsy.php?e=packet&p=%2Fproc%2F29782%2Fnet HTTP/1.1" 200 2572 "http://www.firstdigitalbank.com/whsy.php?p=%2Fproc%2F29782%2Fnet" "Mozilla/5.0 AppleWebKit/537.36 (KHTML, like Gecko; compatible; GPTBot/1.3; +https://openai.com/gptbot)"
74.7.244.41 - - [02/Mar/2026:18:36:41 +0000] "GET /robots.txt HTTP/1.1" 404 - "-" "Mozilla/5.0 (Macintosh; Intel Mac OS X 10_15_7) AppleWebKit/537.36 (KHTML, like Gecko) Chrome/131.0.0.0 Safari/537.36; compatible; OAI-SearchBot/1.3; robots.txt; +https://openai.com/searchbot"
74.7.243.239 - - [02/Mar/2026:18:38:08 +0000] "GET /whsy.php?e=netstat&p=%2Fproc%2F29775%2Fnet HTTP/1.1" 200 956 "http://www.firstdigitalbank.com/whsy.php?p=%2Fproc%2F29775%2Fnet" "Mozilla/5.0 AppleWebKit/537.36 (KHTML, like Gecko; compatible; GPTBot/1.3; +https://openai.com/gptbot)"
74.7.243.239 - - [02/Mar/2026:18:40:35 +0000] "GET /whsy.php?e=netstat&p=%2Fproc%2F26963%2Fnet HTTP/1.1" 200 4240 "http://www.firstdigitalbank.com/whsy.php?p=%2Fproc%2F26963%2Fnet" "Mozilla/5.0 AppleWebKit/537.36 (KHTML, like Gecko; compatible; GPTBot/1.3; +https://openai.com/gptbot)"
74.7.243.239 - - [02/Mar/2026:18:42:03 +0000] "GET /whsy.php?e=tls_stat&p=%2Fproc%2F26963%2Fnet HTTP/1.1" 200 2601 "http://www.firstdigitalbank.com/whsy.php?p=%2Fproc%2F26963%2Fnet" "Mozilla/5.0 AppleWebKit/537.36 (KHTML, like Gecko; compatible; GPTBot/1.3; +https://openai.com/gptbot)"
74.7.244.41 - - [02/Mar/2026:18:42:05 +0000] "GET /robots.txt HTTP/1.1" 404 - "-" "Mozilla/5.0 (Macintosh; Intel Mac OS X 10_15_7) AppleWebKit/537.36 (KHTML, like Gecko) Chrome/131.0.0.0 Safari/537.36; compatible; OAI-SearchBot/1.3; robots.txt; +https://openai.com/searchbot"
74.7.243.239 - - [02/Mar/2026:18:43:24 +0000] "GET /whsy.php?e=mcfilter&p=%2Fproc%2F29782%2Fnet HTTP/1.1" 200 2538 "http://www.firstdigitalbank.com/whsy.php?p=%2Fproc%2F29782%2Fnet" "Mozilla/5.0 AppleWebKit/537.36 (KHTML, like Gecko; compatible; GPTBot/1.3; +https://openai.com/gptbot)"
74.7.243.239 - - [02/Mar/2026:18:44:35 +0000] "GET /whsy.php?e=tls_stat&p=%2Fproc%2F29775%2Fnet HTTP/1.1" 200 956 "http://www.firstdigitalbank.com/whsy.php?p=%2Fproc%2F29775%2Fnet" "Mozilla/5.0 AppleWebKit/537.36 (KHTML, like Gecko; compatible; GPTBot/1.3; +https://openai.com/gptbot)"
74.7.243.239 - - [02/Mar/2026:18:46:06 +0000] "GET /whsy.php?e=netlink&p=%2Fproc%2F29775%2Fnet HTTP/1.1" 200 956 "http://www.firstdigitalbank.com/whsy.php?p=%2Fproc%2F29775%2Fnet" "Mozilla/5.0 AppleWebKit/537.36 (KHTML, like Gecko; compatible; GPTBot/1.3; +https://openai.com/gptbot)"
74.7.243.239 - - [02/Mar/2026:18:47:25 +0000] "GET /whsy.php?e=fib_trie&p=%2Fproc%2F29782%2Fnet HTTP/1.1" 200 2694 "http://www.firstdigitalbank.com/whsy.php?p=%2Fproc%2F29782%2Fnet" "Mozilla/5.0 AppleWebKit/537.36 (KHTML, like Gecko; compatible; GPTBot/1.3; +https://openai.com/gptbot)"
74.7.244.41 - - [02/Mar/2026:18:49:10 +0000] "GET /robots.txt HTTP/1.1" 404 - "-" "Mozilla/5.0 (Macintosh; Intel Mac OS X 10_15_7) AppleWebKit/537.36 (KHTML, like Gecko) Chrome/131.0.0.0 Safari/537.36; compatible; OAI-SearchBot/1.3; robots.txt; +https://openai.com/searchbot"
74.7.243.239 - - [02/Mar/2026:18:50:58 +0000] "GET /whsy.php?e=tls_stat&p=%2Fproc%2F29566%2Fnet HTTP/1.1" 200 2601 "http://www.firstdigitalbank.com/whsy.php?p=%2Fproc%2F29566%2Fnet" "Mozilla/5.0 AppleWebKit/537.36 (KHTML, like Gecko; compatible; GPTBot/1.3; +https://openai.com/gptbot)"
20.104.206.150 - - [02/Mar/2026:18:54:00 +0000] "GET /wp-content/plugins/hellopress/wp_filemanager.php HTTP/1.1" 404 - "-" "-"
20.104.206.150 - - [02/Mar/2026:18:54:00 +0000] "GET /config.php HTTP/1.1" 404 - "-" "-"
20.104.206.150 - - [02/Mar/2026:18:54:00 +0000] "GET /wp-configss.php HTTP/1.1" 404 - "-" "-"
20.104.206.150 - - [02/Mar/2026:18:54:00 +0000] "GET /ba.php HTTP/1.1" 404 - "-" "-"
20.104.206.150 - - [02/Mar/2026:18:54:01 +0000] "GET /wp-mail.php HTTP/1.1" 404 - "-" "-"
20.104.206.150 - - [02/Mar/2026:18:54:01 +0000] "GET /wp-mails.php HTTP/1.1" 404 - "-" "-"
20.104.206.150 - - [02/Mar/2026:18:54:01 +0000] "GET /222.php HTTP/1.1" 404 - "-" "-"
20.104.206.150 - - [02/Mar/2026:18:54:01 +0000] "GET /t00l.php HTTP/1.1" 404 - "-" "-"
182.42.104.32 - - [02/Mar/2026:18:55:45 +0000] "GET / HTTP/1.1" 200 484 "-" "Mozilla/5.0 (iPhone; CPU iPhone OS 13_2_3 like Mac OS X) AppleWebKit/605.1.15 (KHTML, like Gecko) Version/13.0.3 Mobile/15E148 Safari/604.1"
74.7.243.239 - - [02/Mar/2026:18:56:51 +0000] "GET /whsy.php?e=netlink&p=%2Fproc%2F29566%2Fnet HTTP/1.1" 200 2812 "http://www.firstdigitalbank.com/whsy.php?p=%2Fproc%2F29566%2Fnet" "Mozilla/5.0 AppleWebKit/537.36 (KHTML, like Gecko; compatible; GPTBot/1.3; +https://openai.com/gptbot)"
74.7.243.239 - - [02/Mar/2026:18:58:49 +0000] "GET /whsy.php?e=udplite&p=%2Fproc%2F29566%2Fnet HTTP/1.1" 200 2583 "http://www.firstdigitalbank.com/whsy.php?p=%2Fproc%2F29566%2Fnet" "Mozilla/5.0 AppleWebKit/537.36 (KHTML, like Gecko; compatible; GPTBot/1.3; +https://openai.com/gptbot)"
74.7.244.41 - - [02/Mar/2026:19:00:51 +0000] "GET /robots.txt HTTP/1.1" 404 - "-" "Mozilla/5.0 (Macintosh; Intel Mac OS X 10_15_7) AppleWebKit/537.36 (KHTML, like Gecko) Chrome/131.0.0.0 Safari/537.36; compatible; OAI-SearchBot/1.3; robots.txt; +https://openai.com/searchbot"
74.7.243.239 - - [02/Mar/2026:19:02:35 +0000] "GET /whsy.php?e=udplite&p=%2Fproc%2F29775%2Fnet HTTP/1.1" 200 956 "http://www.firstdigitalbank.com/whsy.php?p=%2Fproc%2F29775%2Fnet" "Mozilla/5.0 AppleWebKit/537.36 (KHTML, like Gecko; compatible; GPTBot/1.3; +https://openai.com/gptbot)"
216.244.66.247 - - [02/Mar/2026:19:02:52 +0000] "GET /robots.txt HTTP/1.1" 404 - "-" "Mozilla/5.0 (compatible; DotBot/1.2; +https://opensiteexplorer.org/dotbot; help@moz.com)"
74.7.243.239 - - [02/Mar/2026:19:04:12 +0000] "GET /whsy.php?e=netlink&p=%2Fproc%2F26963%2Fnet HTTP/1.1" 200 2811 "http://www.firstdigitalbank.com/whsy.php?p=%2Fproc%2F26963%2Fnet" "Mozilla/5.0 AppleWebKit/537.36 (KHTML, like Gecko; compatible; GPTBot/1.3; +https://openai.com/gptbot)"
74.7.243.239 - - [02/Mar/2026:19:07:18 +0000] "GET /whsy.php?e=udplite&p=%2Fproc%2F29782%2Fnet HTTP/1.1" 200 2583 "http://www.firstdigitalbank.com/whsy.php?p=%2Fproc%2F29782%2Fnet" "Mozilla/5.0 AppleWebKit/537.36 (KHTML, like Gecko; compatible; GPTBot/1.3; +https://openai.com/gptbot)"
74.7.244.41 - - [02/Mar/2026:19:07:18 +0000] "GET /robots.txt HTTP/1.1" 404 - "-" "Mozilla/5.0 (Macintosh; Intel Mac OS X 10_15_7) AppleWebKit/537.36 (KHTML, like Gecko) Chrome/131.0.0.0 Safari/537.36; compatible; OAI-SearchBot/1.3; robots.txt; +https://openai.com/searchbot"
216.244.66.247 - - [02/Mar/2026:19:09:53 +0000] "GET /fut.php HTTP/1.1" 200 - "-" "Mozilla/5.0 (compatible; DotBot/1.2; +https://opensiteexplorer.org/dotbot; help@moz.com)"
74.7.243.239 - - [02/Mar/2026:19:10:36 +0000] "GET /whsy.php?e=udplite&p=%2Fproc%2F26963%2Fnet HTTP/1.1" 200 2583 "http://www.firstdigitalbank.com/whsy.php?p=%2Fproc%2F26963%2Fnet" "Mozilla/5.0 AppleWebKit/537.36 (KHTML, like Gecko; compatible; GPTBot/1.3; +https://openai.com/gptbot)"
136.109.234.122 - - [02/Mar/2026:19:12:13 +0000] "HEAD /new/ HTTP/1.1" 404 - "-" "Mozilla/5.0 (X11; Linux x86_64) AppleWebKit/537.36 (KHTML, like Gecko) Chrome/125.0.6422.76 Safari/537.36"
136.109.234.122 - - [02/Mar/2026:19:12:13 +0000] "HEAD /wordpress/ HTTP/1.1" 404 - "-" "Mozilla/5.0 (Linux; Android 12; TECNO CK6n) AppleWebKit/537.36 (KHTML, like Gecko) Chrome/125.0.6422.50 Mobile Safari/537.36"
136.109.234.122 - - [02/Mar/2026:19:12:13 +0000] "HEAD /old/ HTTP/1.1" 404 - "-" "Mozilla/5.0 (Linux; Android 13; Nokia G42 5G) AppleWebKit/537.36 (KHTML, like Gecko) Chrome/126.0.6478.41 Mobile Safari/537.36"
136.109.234.122 - - [02/Mar/2026:19:12:14 +0000] "HEAD /blog/ HTTP/1.1" 404 - "-" "Mozilla/5.0 (Linux; Android 11; moto g31) AppleWebKit/537.36 (KHTML, like Gecko) Chrome/122.0.6261.96 Mobile Safari/537.36"
136.109.234.122 - - [02/Mar/2026:19:12:14 +0000] "HEAD /backup/ HTTP/1.1" 404 - "-" "Mozilla/5.0 (Linux; Android 14; RMX3842) AppleWebKit/537.36 (KHTML, like Gecko) Chrome/126.0.6478.44 Mobile Safari/537.36"
136.109.234.122 - - [02/Mar/2026:19:12:14 +0000] "HEAD / HTTP/1.1" 200 - "-" "Mozilla/5.0 (iPad; CPU OS 17_4 like Mac OS X) AppleWebKit/605.1.15 (KHTML, like Gecko) Version/17.4 Mobile/15E148 Safari/604.1"
136.109.234.122 - - [02/Mar/2026:19:12:14 +0000] "HEAD /wp/ HTTP/1.1" 404 - "-" "Mozilla/5.0 (Linux; Android 14; SM-A146P) AppleWebKit/537.36 (KHTML, like Gecko) SamsungBrowser/25.0 Chrome/123.0.6312.120 Mobile Safari/537.36"
74.7.244.41 - - [02/Mar/2026:19:13:34 +0000] "GET /robots.txt HTTP/1.1" 404 - "-" "Mozilla/5.0 (Macintosh; Intel Mac OS X 10_15_7) AppleWebKit/537.36 (KHTML, like Gecko) Chrome/131.0.0.0 Safari/537.36; compatible; OAI-SearchBot/1.3; robots.txt; +https://openai.com/searchbot"
74.7.243.239 - - [02/Mar/2026:19:17:02 +0000] "GET /whsy.php?e=rt_acct&p=%2Fproc%2F29782%2Fnet HTTP/1.1" 200 2530 "http://www.firstdigitalbank.com/whsy.php?p=%2Fproc%2F29782%2Fnet" "Mozilla/5.0 AppleWebKit/537.36 (KHTML, like Gecko; compatible; GPTBot/1.3; +https://openai.com/gptbot)"
74.7.243.239 - - [02/Mar/2026:19:18:42 +0000] "GET /whsy.php?p=%2Fproc%2F29782%2Fnet%2Fnetfilter HTTP/1.1" 200 732 "http://www.firstdigitalbank.com/whsy.php?p=%2Fproc%2F29782%2Fnet" "Mozilla/5.0 AppleWebKit/537.36 (KHTML, like Gecko; compatible; GPTBot/1.3; +https://openai.com/gptbot)"
74.7.244.41 - - [02/Mar/2026:19:19:39 +0000] "GET /robots.txt HTTP/1.1" 404 - "-" "Mozilla/5.0 (Macintosh; Intel Mac OS X 10_15_7) AppleWebKit/537.36 (KHTML, like Gecko) Chrome/131.0.0.0 Safari/537.36; compatible; OAI-SearchBot/1.3; robots.txt; +https://openai.com/searchbot"
74.7.243.239 - - [02/Mar/2026:19:22:59 +0000] "GET /whsy.php?e=cmdline&p=%2Fproc%2F11119 HTTP/1.1" 200 956 "http://www.firstdigitalbank.com/whsy.php?p=%2Fproc%2F11119" "Mozilla/5.0 AppleWebKit/537.36 (KHTML, like Gecko; compatible; GPTBot/1.3; +https://openai.com/gptbot)"
74.7.243.239 - - [02/Mar/2026:19:24:35 +0000] "GET /whsy.php?p=%2Fproc%2F29566%2Fns HTTP/1.1" 200 153577 "http://www.firstdigitalbank.com/whsy.php?p=%2Fproc%2F29566" "Mozilla/5.0 AppleWebKit/537.36 (KHTML, like Gecko; compatible; GPTBot/1.3; +https://openai.com/gptbot)"
74.7.243.239 - - [02/Mar/2026:19:26:43 +0000] "GET /whsy.php?p=%2Fproc%2F29128%2Fns HTTP/1.1" 200 956 "http://www.firstdigitalbank.com/whsy.php?p=%2Fproc%2F29128" "Mozilla/5.0 AppleWebKit/537.36 (KHTML, like Gecko; compatible; GPTBot/1.3; +https://openai.com/gptbot)"
74.7.243.239 - - [02/Mar/2026:19:28:23 +0000] "GET /whsy.php?p=%2Fproc%2F29782%2Ffd HTTP/1.1" 200 154929 "http://www.firstdigitalbank.com/whsy.php?p=%2Fproc%2F29782" "Mozilla/5.0 AppleWebKit/537.36 (KHTML, like Gecko; compatible; GPTBot/1.3; +https://openai.com/gptbot)"
74.7.243.239 - - [02/Mar/2026:19:30:27 +0000] "GET /whsy.php?p=%2Fproc%2F26963%2Ffd HTTP/1.1" 200 201490 "http://www.firstdigitalbank.com/whsy.php?p=%2Fproc%2F26963" "Mozilla/5.0 AppleWebKit/537.36 (KHTML, like Gecko; compatible; GPTBot/1.3; +https://openai.com/gptbot)"
74.7.244.41 - - [02/Mar/2026:19:32:24 +0000] "GET /robots.txt HTTP/1.1" 404 - "-" "Mozilla/5.0 (Macintosh; Intel Mac OS X 10_15_7) AppleWebKit/537.36 (KHTML, like Gecko) Chrome/131.0.0.0 Safari/537.36; compatible; OAI-SearchBot/1.3; robots.txt; +https://openai.com/searchbot"
74.7.243.239 - - [02/Mar/2026:19:33:41 +0000] "GET /whsy.php?p=%2Fproc%2F29782%2Fns HTTP/1.1" 200 177829 "http://www.firstdigitalbank.com/whsy.php?p=%2Fproc%2F29782" "Mozilla/5.0 AppleWebKit/537.36 (KHTML, like Gecko; compatible; GPTBot/1.3; +https://openai.com/gptbot)"
74.7.243.239 - - [02/Mar/2026:19:37:09 +0000] "GET /whsy.php?p=%2Fproc%2F29128%2Ffd HTTP/1.1" 200 956 "http://www.firstdigitalbank.com/whsy.php?p=%2Fproc%2F29128" "Mozilla/5.0 AppleWebKit/537.36 (KHTML, like Gecko; compatible; GPTBot/1.3; +https://openai.com/gptbot)"
74.7.244.41 - - [02/Mar/2026:19:39:51 +0000] "GET /robots.txt HTTP/1.1" 404 - "-" "Mozilla/5.0 (Macintosh; Intel Mac OS X 10_15_7) AppleWebKit/537.36 (KHTML, like Gecko) Chrome/131.0.0.0 Safari/537.36; compatible; OAI-SearchBot/1.3; robots.txt; +https://openai.com/searchbot"
74.7.244.41 - - [02/Mar/2026:19:44:57 +0000] "GET /robots.txt HTTP/1.1" 404 - "-" "Mozilla/5.0 (Macintosh; Intel Mac OS X 10_15_7) AppleWebKit/537.36 (KHTML, like Gecko) Chrome/131.0.0.0 Safari/537.36; compatible; OAI-SearchBot/1.3; robots.txt; +https://openai.com/searchbot"
74.7.243.239 - - [02/Mar/2026:19:47:26 +0000] "GET /whsy.php?p=%2Fproc%2F26963%2Fns HTTP/1.1" 200 130255 "http://www.firstdigitalbank.com/whsy.php?p=%2Fproc%2F26963" "Mozilla/5.0 AppleWebKit/537.36 (KHTML, like Gecko; compatible; GPTBot/1.3; +https://openai.com/gptbot)"
74.7.243.239 - - [02/Mar/2026:19:49:17 +0000] "GET /whsy.php?p=%2Fproc%2F29775%2Fns HTTP/1.1" 200 956 "http://www.firstdigitalbank.com/whsy.php?p=%2Fproc%2F29775" "Mozilla/5.0 AppleWebKit/537.36 (KHTML, like Gecko; compatible; GPTBot/1.3; +https://openai.com/gptbot)"
74.7.243.239 - - [02/Mar/2026:19:50:50 +0000] "GET /whsy.php?p=%2Fproc%2F29566%2Ffd HTTP/1.1" 200 160507 "http://www.firstdigitalbank.com/whsy.php?p=%2Fproc%2F29566" "Mozilla/5.0 AppleWebKit/537.36 (KHTML, like Gecko; compatible; GPTBot/1.3; +https://openai.com/gptbot)"
74.7.244.41 - - [02/Mar/2026:19:51:20 +0000] "GET /robots.txt HTTP/1.1" 404 - "-" "Mozilla/5.0 (Macintosh; Intel Mac OS X 10_15_7) AppleWebKit/537.36 (KHTML, like Gecko) Chrome/131.0.0.0 Safari/537.36; compatible; OAI-SearchBot/1.3; robots.txt; +https://openai.com/searchbot"
20.63.41.168 - - [02/Mar/2026:19:52:20 +0000] "GET /wp-content/plugins/hellopress/wp_filemanager.php HTTP/1.1" 404 - "-" "-"
20.63.41.168 - - [02/Mar/2026:19:52:20 +0000] "GET /muzu.php HTTP/1.1" 404 - "-" "-"
