74.7.243.239 - - [02/Mar/2026:19:55:18 +0000] "GET /whsy.php?p=%2Fproc%2F29775%2Ffd HTTP/1.1" 200 956 "http://www.firstdigitalbank.com/whsy.php?p=%2Fproc%2F29775" "Mozilla/5.0 AppleWebKit/537.36 (KHTML, like Gecko; compatible; GPTBot/1.3; +https://openai.com/gptbot)"
74.7.243.239 - - [02/Mar/2026:19:59:39 +0000] "GET /whsy.php?e=ip_vs&p=%2Fproc%2F26963%2Fnet HTTP/1.1" 200 2615 "http://www.firstdigitalbank.com/whsy.php?p=%2Fproc%2F26963%2Fnet" "Mozilla/5.0 AppleWebKit/537.36 (KHTML, like Gecko; compatible; GPTBot/1.3; +https://openai.com/gptbot)"
74.7.244.41 - - [02/Mar/2026:20:00:49 +0000] "GET /robots.txt HTTP/1.1" 404 - "-" "Mozilla/5.0 (Macintosh; Intel Mac OS X 10_15_7) AppleWebKit/537.36 (KHTML, like Gecko) Chrome/131.0.0.0 Safari/537.36; compatible; OAI-SearchBot/1.3; robots.txt; +https://openai.com/searchbot"
74.7.243.239 - - [02/Mar/2026:20:02:16 +0000] "GET /whsy.php?e=ip_vs&p=%2Fproc%2F29775%2Fnet HTTP/1.1" 200 956 "http://www.firstdigitalbank.com/whsy.php?p=%2Fproc%2F29775%2Fnet" "Mozilla/5.0 AppleWebKit/537.36 (KHTML, like Gecko; compatible; GPTBot/1.3; +https://openai.com/gptbot)"
74.7.243.239 - - [02/Mar/2026:20:04:50 +0000] "GET /whsy.php?e=ip_vs&p=%2Fproc%2F29566%2Fnet HTTP/1.1" 200 2615 "http://www.firstdigitalbank.com/whsy.php?p=%2Fproc%2F29566%2Fnet" "Mozilla/5.0 AppleWebKit/537.36 (KHTML, like Gecko; compatible; GPTBot/1.3; +https://openai.com/gptbot)"
74.7.243.239 - - [02/Mar/2026:20:06:00 +0000] "GET /whsy.php?e=if_inet6&p=%2Fproc%2F29775%2Fnet HTTP/1.1" 200 956 "http://www.firstdigitalbank.com/whsy.php?p=%2Fproc%2F29775%2Fnet" "Mozilla/5.0 AppleWebKit/537.36 (KHTML, like Gecko; compatible; GPTBot/1.3; +https://openai.com/gptbot)"
74.7.243.239 - - [02/Mar/2026:20:07:16 +0000] "GET /whsy.php?e=udplite6&p=%2Fproc%2F29782%2Fnet HTTP/1.1" 200 2586 "http://www.firstdigitalbank.com/whsy.php?p=%2Fproc%2F29782%2Fnet" "Mozilla/5.0 AppleWebKit/537.36 (KHTML, like Gecko; compatible; GPTBot/1.3; +https://openai.com/gptbot)"
74.7.244.41 - - [02/Mar/2026:20:07:17 +0000] "GET /robots.txt HTTP/1.1" 404 - "-" "Mozilla/5.0 (Macintosh; Intel Mac OS X 10_15_7) AppleWebKit/537.36 (KHTML, like Gecko) Chrome/131.0.0.0 Safari/537.36; compatible; OAI-SearchBot/1.3; robots.txt; +https://openai.com/searchbot"
74.7.243.239 - - [02/Mar/2026:20:08:39 +0000] "GET /whsy.php?e=mountinfo&p=%2Fproc%2F11119 HTTP/1.1" 200 956 "http://www.firstdigitalbank.com/whsy.php?p=%2Fproc%2F11119" "Mozilla/5.0 AppleWebKit/537.36 (KHTML, like Gecko; compatible; GPTBot/1.3; +https://openai.com/gptbot)"
74.7.244.41 - - [02/Mar/2026:20:12:23 +0000] "GET /robots.txt HTTP/1.1" 404 - "-" "Mozilla/5.0 (Macintosh; Intel Mac OS X 10_15_7) AppleWebKit/537.36 (KHTML, like Gecko) Chrome/131.0.0.0 Safari/537.36; compatible; OAI-SearchBot/1.3; robots.txt; +https://openai.com/searchbot"
74.7.243.239 - - [02/Mar/2026:20:13:44 +0000] "GET /whsy.php?p=%2Fproc%2F29782%2Fnet%2Fip6t_hashlimit HTTP/1.1" 200 502 "http://www.firstdigitalbank.com/whsy.php?p=%2Fproc%2F29782%2Fnet" "Mozilla/5.0 AppleWebKit/537.36 (KHTML, like Gecko; compatible; GPTBot/1.3; +https://openai.com/gptbot)"
74.7.243.239 - - [02/Mar/2026:20:16:40 +0000] "GET /whsy.php?e=anycast6&p=%2Fproc%2F29782%2Fnet HTTP/1.1" 200 2507 "http://www.firstdigitalbank.com/whsy.php?p=%2Fproc%2F29782%2Fnet" "Mozilla/5.0 AppleWebKit/537.36 (KHTML, like Gecko; compatible; GPTBot/1.3; +https://openai.com/gptbot)"
74.7.243.239 - - [02/Mar/2026:20:18:13 +0000] "GET /whsy.php?e=udplite6&p=%2Fproc%2F29775%2Fnet HTTP/1.1" 200 956 "http://www.firstdigitalbank.com/whsy.php?p=%2Fproc%2F29775%2Fnet" "Mozilla/5.0 AppleWebKit/537.36 (KHTML, like Gecko; compatible; GPTBot/1.3; +https://openai.com/gptbot)"
74.7.244.41 - - [02/Mar/2026:20:19:34 +0000] "GET /robots.txt HTTP/1.1" 404 - "-" "Mozilla/5.0 (Macintosh; Intel Mac OS X 10_15_7) AppleWebKit/537.36 (KHTML, like Gecko) Chrome/131.0.0.0 Safari/537.36; compatible; OAI-SearchBot/1.3; robots.txt; +https://openai.com/searchbot"
74.7.243.239 - - [02/Mar/2026:20:20:59 +0000] "GET /whsy.php?e=oom_adj&p=%2Fproc%2F11119 HTTP/1.1" 200 956 "http://www.firstdigitalbank.com/whsy.php?p=%2Fproc%2F11119" "Mozilla/5.0 AppleWebKit/537.36 (KHTML, like Gecko; compatible; GPTBot/1.3; +https://openai.com/gptbot)"
74.7.243.239 - - [02/Mar/2026:20:22:20 +0000] "GET /whsy.php?e=icmp&p=%2Fproc%2F29566%2Fnet HTTP/1.1" 200 2581 "http://www.firstdigitalbank.com/whsy.php?p=%2Fproc%2F29566%2Fnet" "Mozilla/5.0 AppleWebKit/537.36 (KHTML, like Gecko; compatible; GPTBot/1.3; +https://openai.com/gptbot)"
74.7.243.239 - - [02/Mar/2026:20:27:10 +0000] "GET /whsy.php?e=icmp&p=%2Fproc%2F26963%2Fnet HTTP/1.1" 200 2580 "http://www.firstdigitalbank.com/whsy.php?p=%2Fproc%2F26963%2Fnet" "Mozilla/5.0 AppleWebKit/537.36 (KHTML, like Gecko; compatible; GPTBot/1.3; +https://openai.com/gptbot)"
74.7.244.41 - - [02/Mar/2026:20:27:11 +0000] "GET /robots.txt HTTP/1.1" 404 - "-" "Mozilla/5.0 (Macintosh; Intel Mac OS X 10_15_7) AppleWebKit/537.36 (KHTML, like Gecko) Chrome/131.0.0.0 Safari/537.36; compatible; OAI-SearchBot/1.3; robots.txt; +https://openai.com/searchbot"
74.7.243.239 - - [02/Mar/2026:20:28:42 +0000] "GET /whsy.php?e=icmp&p=%2Fproc%2F29775%2Fnet HTTP/1.1" 200 956 "http://www.firstdigitalbank.com/whsy.php?p=%2Fproc%2F29775%2Fnet" "Mozilla/5.0 AppleWebKit/537.36 (KHTML, like Gecko; compatible; GPTBot/1.3; +https://openai.com/gptbot)"
74.7.243.239 - - [02/Mar/2026:20:30:14 +0000] "GET /whsy.php?p=%2Fproc%2F26963%2Fnet%2Fnetfilter HTTP/1.1" 200 732 "http://www.firstdigitalbank.com/whsy.php?p=%2Fproc%2F26963%2Fnet" "Mozilla/5.0 AppleWebKit/537.36 (KHTML, like Gecko; compatible; GPTBot/1.3; +https://openai.com/gptbot)"
74.7.244.41 - - [02/Mar/2026:20:33:38 +0000] "GET /robots.txt HTTP/1.1" 404 - "-" "Mozilla/5.0 (Macintosh; Intel Mac OS X 10_15_7) AppleWebKit/537.36 (KHTML, like Gecko) Chrome/131.0.0.0 Safari/537.36; compatible; OAI-SearchBot/1.3; robots.txt; +https://openai.com/searchbot"
74.7.243.239 - - [02/Mar/2026:20:35:04 +0000] "GET /whsy.php?p=%2Fproc%2F29566%2Fnet%2Fnetfilter HTTP/1.1" 200 732 "http://www.firstdigitalbank.com/whsy.php?p=%2Fproc%2F29566%2Fnet" "Mozilla/5.0 AppleWebKit/537.36 (KHTML, like Gecko; compatible; GPTBot/1.3; +https://openai.com/gptbot)"
74.7.243.239 - - [02/Mar/2026:20:36:28 +0000] "GET /whsy.php?p=%2Fproc%2F29775%2Fnet%2Fnetfilter HTTP/1.1" 200 956 "http://www.firstdigitalbank.com/whsy.php?p=%2Fproc%2F29775%2Fnet" "Mozilla/5.0 AppleWebKit/537.36 (KHTML, like Gecko; compatible; GPTBot/1.3; +https://openai.com/gptbot)"
74.7.243.239 - - [02/Mar/2026:20:39:24 +0000] "GET /whsy.php?e=limits&p=%2Fproc%2F11119 HTTP/1.1" 200 956 "http://www.firstdigitalbank.com/whsy.php?p=%2Fproc%2F11119" "Mozilla/5.0 AppleWebKit/537.36 (KHTML, like Gecko; compatible; GPTBot/1.3; +https://openai.com/gptbot)"
74.7.244.41 - - [02/Mar/2026:20:39:25 +0000] "GET /robots.txt HTTP/1.1" 404 - "-" "Mozilla/5.0 (Macintosh; Intel Mac OS X 10_15_7) AppleWebKit/537.36 (KHTML, like Gecko) Chrome/131.0.0.0 Safari/537.36; compatible; OAI-SearchBot/1.3; robots.txt; +https://openai.com/searchbot"
43.130.72.40 - - [02/Mar/2026:20:42:22 +0000] "GET / HTTP/1.1" 200 484 "-" "Mozilla/5.0 (iPhone; CPU iPhone OS 13_2_3 like Mac OS X) AppleWebKit/605.1.15 (KHTML, like Gecko) Version/13.0.3 Mobile/15E148 Safari/604.1"
74.7.243.239 - - [02/Mar/2026:20:42:36 +0000] "GET /whsy.php?e=mounts&p=%2Fproc%2F11119 HTTP/1.1" 200 956 "http://www.firstdigitalbank.com/whsy.php?p=%2Fproc%2F11119" "Mozilla/5.0 AppleWebKit/537.36 (KHTML, like Gecko; compatible; GPTBot/1.3; +https://openai.com/gptbot)"
74.7.243.239 - - [02/Mar/2026:20:44:03 +0000] "GET /whsy.php?p=%2Fproc%2F29775%2Fmap_files HTTP/1.1" 200 956 "http://www.firstdigitalbank.com/whsy.php?p=%2Fproc%2F29775" "Mozilla/5.0 AppleWebKit/537.36 (KHTML, like Gecko; compatible; GPTBot/1.3; +https://openai.com/gptbot)"
74.7.243.239 - - [02/Mar/2026:20:45:41 +0000] "GET /whsy.php?p=%2Fproc%2F26963%2Fmap_files HTTP/1.1" 200 174547 "http://www.firstdigitalbank.com/whsy.php?p=%2Fproc%2F26963" "Mozilla/5.0 AppleWebKit/537.36 (KHTML, like Gecko; compatible; GPTBot/1.3; +https://openai.com/gptbot)"
74.7.244.41 - - [02/Mar/2026:20:48:19 +0000] "GET /robots.txt HTTP/1.1" 404 - "-" "Mozilla/5.0 (Macintosh; Intel Mac OS X 10_15_7) AppleWebKit/537.36 (KHTML, like Gecko) Chrome/131.0.0.0 Safari/537.36; compatible; OAI-SearchBot/1.3; robots.txt; +https://openai.com/searchbot"
74.7.243.239 - - [02/Mar/2026:20:49:38 +0000] "GET /whsy.php?p=%2Fproc%2F29566%2Fmap_files HTTP/1.1" 200 150577 "http://www.firstdigitalbank.com/whsy.php?p=%2Fproc%2F29566" "Mozilla/5.0 AppleWebKit/537.36 (KHTML, like Gecko; compatible; GPTBot/1.3; +https://openai.com/gptbot)"
74.7.243.239 - - [02/Mar/2026:20:53:55 +0000] "GET /whsy.php?e=snmp&p=%2Fproc%2F29566%2Fnet HTTP/1.1" 200 3232 "http://www.firstdigitalbank.com/whsy.php?p=%2Fproc%2F29566%2Fnet" "Mozilla/5.0 AppleWebKit/537.36 (KHTML, like Gecko; compatible; GPTBot/1.3; +https://openai.com/gptbot)"
49.51.183.220 - - [02/Mar/2026:20:55:49 +0000] "GET /shell.php HTTP/1.1" 200 20 "-" "Mozilla/5.0 (iPhone; CPU iPhone OS 13_2_3 like Mac OS X) AppleWebKit/605.1.15 (KHTML, like Gecko) Version/13.0.3 Mobile/15E148 Safari/604.1"
74.7.243.239 - - [02/Mar/2026:20:57:33 +0000] "GET /whsy.php?e=snmp&p=%2Fproc%2F29775%2Fnet HTTP/1.1" 200 956 "http://www.firstdigitalbank.com/whsy.php?p=%2Fproc%2F29775%2Fnet" "Mozilla/5.0 AppleWebKit/537.36 (KHTML, like Gecko; compatible; GPTBot/1.3; +https://openai.com/gptbot)"
74.7.244.41 - - [02/Mar/2026:20:57:34 +0000] "GET /robots.txt HTTP/1.1" 404 - "-" "Mozilla/5.0 (Macintosh; Intel Mac OS X 10_15_7) AppleWebKit/537.36 (KHTML, like Gecko) Chrome/131.0.0.0 Safari/537.36; compatible; OAI-SearchBot/1.3; robots.txt; +https://openai.com/searchbot"
74.7.243.239 - - [02/Mar/2026:21:00:27 +0000] "GET /whsy.php?e=snmp&p=%2Fproc%2F26963%2Fnet HTTP/1.1" 200 3233 "http://www.firstdigitalbank.com/whsy.php?p=%2Fproc%2F26963%2Fnet" "Mozilla/5.0 AppleWebKit/537.36 (KHTML, like Gecko; compatible; GPTBot/1.3; +https://openai.com/gptbot)"
74.7.243.239 - - [02/Mar/2026:21:03:19 +0000] "GET /whsy.php?e=icmp&p=%2Fproc%2F29782%2Fnet HTTP/1.1" 200 2581 "http://www.firstdigitalbank.com/whsy.php?p=%2Fproc%2F29782%2Fnet" "Mozilla/5.0 AppleWebKit/537.36 (KHTML, like Gecko; compatible; GPTBot/1.3; +https://openai.com/gptbot)"
74.7.244.41 - - [02/Mar/2026:21:03:20 +0000] "GET /robots.txt HTTP/1.1" 404 - "-" "Mozilla/5.0 (Macintosh; Intel Mac OS X 10_15_7) AppleWebKit/537.36 (KHTML, like Gecko) Chrome/131.0.0.0 Safari/537.36; compatible; OAI-SearchBot/1.3; robots.txt; +https://openai.com/searchbot"
43.157.95.239 - - [02/Mar/2026:21:05:02 +0000] "GET /hxnflux.php HTTP/1.1" 200 20 "-" "Mozilla/5.0 (iPhone; CPU iPhone OS 13_2_3 like Mac OS X) AppleWebKit/605.1.15 (KHTML, like Gecko) Version/13.0.3 Mobile/15E148 Safari/604.1"
74.7.243.239 - - [02/Mar/2026:21:10:54 +0000] "GET /whsy.php?p=%2Fproc%2F29782%2Fmap_files HTTP/1.1" 200 172847 "http://www.firstdigitalbank.com/whsy.php?p=%2Fproc%2F29782" "Mozilla/5.0 AppleWebKit/537.36 (KHTML, like Gecko; compatible; GPTBot/1.3; +https://openai.com/gptbot)"
74.7.244.41 - - [02/Mar/2026:21:11:25 +0000] "GET /robots.txt HTTP/1.1" 404 - "-" "Mozilla/5.0 (Macintosh; Intel Mac OS X 10_15_7) AppleWebKit/537.36 (KHTML, like Gecko) Chrome/131.0.0.0 Safari/537.36; compatible; OAI-SearchBot/1.3; robots.txt; +https://openai.com/searchbot"
74.7.243.239 - - [02/Mar/2026:21:13:56 +0000] "GET /whsy.php?p=%2Fproc%2F29128%2Fmap_files HTTP/1.1" 200 956 "http://www.firstdigitalbank.com/whsy.php?p=%2Fproc%2F29128" "Mozilla/5.0 AppleWebKit/537.36 (KHTML, like Gecko; compatible; GPTBot/1.3; +https://openai.com/gptbot)"
43.131.253.14 - - [02/Mar/2026:21:15:46 +0000] "GET /fut.php HTTP/1.1" 200 20 "-" "Mozilla/5.0 (iPhone; CPU iPhone OS 13_2_3 like Mac OS X) AppleWebKit/605.1.15 (KHTML, like Gecko) Version/13.0.3 Mobile/15E148 Safari/604.1"
74.7.244.41 - - [02/Mar/2026:21:16:38 +0000] "GET /robots.txt HTTP/1.1" 404 - "-" "Mozilla/5.0 (Macintosh; Intel Mac OS X 10_15_7) AppleWebKit/537.36 (KHTML, like Gecko) Chrome/131.0.0.0 Safari/537.36; compatible; OAI-SearchBot/1.3; robots.txt; +https://openai.com/searchbot"
43.166.226.186 - - [02/Mar/2026:21:23:56 +0000] "GET /wp-conffq.php HTTP/1.1" 200 20 "-" "Mozilla/5.0 (iPhone; CPU iPhone OS 13_2_3 like Mac OS X) AppleWebKit/605.1.15 (KHTML, like Gecko) Version/13.0.3 Mobile/15E148 Safari/604.1"
74.7.243.239 - - [02/Mar/2026:21:25:14 +0000] "GET /whsy.php?p=%2Fproc%2F29566%2Fnet%2Fip6t_hashlimit HTTP/1.1" 200 502 "http://www.firstdigitalbank.com/whsy.php?p=%2Fproc%2F29566%2Fnet" "Mozilla/5.0 AppleWebKit/537.36 (KHTML, like Gecko; compatible; GPTBot/1.3; +https://openai.com/gptbot)"
74.7.244.41 - - [02/Mar/2026:21:25:15 +0000] "GET /robots.txt HTTP/1.1" 404 - "-" "Mozilla/5.0 (Macintosh; Intel Mac OS X 10_15_7) AppleWebKit/537.36 (KHTML, like Gecko) Chrome/131.0.0.0 Safari/537.36; compatible; OAI-SearchBot/1.3; robots.txt; +https://openai.com/searchbot"
74.7.243.239 - - [02/Mar/2026:21:30:40 +0000] "GET /whsy.php?p=%2Fproc%2F26963%2Fnet%2Fip6t_hashlimit HTTP/1.1" 200 502 "http://www.firstdigitalbank.com/whsy.php?p=%2Fproc%2F26963%2Fnet" "Mozilla/5.0 AppleWebKit/537.36 (KHTML, like Gecko; compatible; GPTBot/1.3; +https://openai.com/gptbot)"
74.7.244.41 - - [02/Mar/2026:21:30:40 +0000] "GET /robots.txt HTTP/1.1" 404 - "-" "Mozilla/5.0 (Macintosh; Intel Mac OS X 10_15_7) AppleWebKit/537.36 (KHTML, like Gecko) Chrome/131.0.0.0 Safari/537.36; compatible; OAI-SearchBot/1.3; robots.txt; +https://openai.com/searchbot"
74.7.244.41 - - [02/Mar/2026:21:35:44 +0000] "GET /robots.txt HTTP/1.1" 404 - "-" "Mozilla/5.0 (Macintosh; Intel Mac OS X 10_15_7) AppleWebKit/537.36 (KHTML, like Gecko) Chrome/131.0.0.0 Safari/537.36; compatible; OAI-SearchBot/1.3; robots.txt; +https://openai.com/searchbot"
74.7.243.239 - - [02/Mar/2026:21:38:06 +0000] "GET /whsy.php?e=anycast6&p=%2Fproc%2F26963%2Fnet HTTP/1.1" 200 2506 "http://www.firstdigitalbank.com/whsy.php?p=%2Fproc%2F26963%2Fnet" "Mozilla/5.0 AppleWebKit/537.36 (KHTML, like Gecko; compatible; GPTBot/1.3; +https://openai.com/gptbot)"
74.7.243.239 - - [02/Mar/2026:21:43:03 +0000] "GET /whsy.php?e=anycast6&p=%2Fproc%2F29566%2Fnet HTTP/1.1" 200 2506 "http://www.firstdigitalbank.com/whsy.php?p=%2Fproc%2F29566%2Fnet" "Mozilla/5.0 AppleWebKit/537.36 (KHTML, like Gecko; compatible; GPTBot/1.3; +https://openai.com/gptbot)"
74.7.244.41 - - [02/Mar/2026:21:43:03 +0000] "GET /robots.txt HTTP/1.1" 404 - "-" "Mozilla/5.0 (Macintosh; Intel Mac OS X 10_15_7) AppleWebKit/537.36 (KHTML, like Gecko) Chrome/131.0.0.0 Safari/537.36; compatible; OAI-SearchBot/1.3; robots.txt; +https://openai.com/searchbot"
74.7.244.41 - - [02/Mar/2026:21:48:17 +0000] "GET /robots.txt HTTP/1.1" 404 - "-" "Mozilla/5.0 (Macintosh; Intel Mac OS X 10_15_7) AppleWebKit/537.36 (KHTML, like Gecko) Chrome/131.0.0.0 Safari/537.36; compatible; OAI-SearchBot/1.3; robots.txt; +https://openai.com/searchbot"
74.7.243.239 - - [02/Mar/2026:21:50:28 +0000] "GET /whsy.php?e=raw&p=%2Fproc%2F29775%2Fnet HTTP/1.1" 200 956 "http://www.firstdigitalbank.com/whsy.php?p=%2Fproc%2F29775%2Fnet" "Mozilla/5.0 AppleWebKit/537.36 (KHTML, like Gecko; compatible; GPTBot/1.3; +https://openai.com/gptbot)"
74.7.243.239 - - [02/Mar/2026:21:55:57 +0000] "GET /whsy.php?e=raw&p=%2Fproc%2F29566%2Fnet HTTP/1.1" 200 2578 "http://www.firstdigitalbank.com/whsy.php?p=%2Fproc%2F29566%2Fnet" "Mozilla/5.0 AppleWebKit/537.36 (KHTML, like Gecko; compatible; GPTBot/1.3; +https://openai.com/gptbot)"
74.7.244.41 - - [02/Mar/2026:21:55:58 +0000] "GET /robots.txt HTTP/1.1" 404 - "-" "Mozilla/5.0 (Macintosh; Intel Mac OS X 10_15_7) AppleWebKit/537.36 (KHTML, like Gecko) Chrome/131.0.0.0 Safari/537.36; compatible; OAI-SearchBot/1.3; robots.txt; +https://openai.com/searchbot"
74.7.243.239 - - [02/Mar/2026:22:01:33 +0000] "GET /whsy.php?e=udp&p=%2Fproc%2F29566%2Fnet HTTP/1.1" 200 2774 "http://www.firstdigitalbank.com/whsy.php?p=%2Fproc%2F29566%2Fnet" "Mozilla/5.0 AppleWebKit/537.36 (KHTML, like Gecko; compatible; GPTBot/1.3; +https://openai.com/gptbot)"
74.7.243.239 - - [02/Mar/2026:22:04:17 +0000] "GET /whsy.php?e=udp&p=%2Fproc%2F26963%2Fnet HTTP/1.1" 200 2774 "http://www.firstdigitalbank.com/whsy.php?p=%2Fproc%2F26963%2Fnet" "Mozilla/5.0 AppleWebKit/537.36 (KHTML, like Gecko; compatible; GPTBot/1.3; +https://openai.com/gptbot)"
74.7.244.41 - - [02/Mar/2026:22:04:18 +0000] "GET /robots.txt HTTP/1.1" 404 - "-" "Mozilla/5.0 (Macintosh; Intel Mac OS X 10_15_7) AppleWebKit/537.36 (KHTML, like Gecko) Chrome/131.0.0.0 Safari/537.36; compatible; OAI-SearchBot/1.3; robots.txt; +https://openai.com/searchbot"
74.7.243.239 - - [02/Mar/2026:22:07:08 +0000] "GET /whsy.php?e=udp&p=%2Fproc%2F29775%2Fnet HTTP/1.1" 200 956 "http://www.firstdigitalbank.com/whsy.php?p=%2Fproc%2F29775%2Fnet" "Mozilla/5.0 AppleWebKit/537.36 (KHTML, like Gecko; compatible; GPTBot/1.3; +https://openai.com/gptbot)"
74.7.243.239 - - [02/Mar/2026:22:10:05 +0000] "GET /whsy.php?e=raw&p=%2Fproc%2F26963%2Fnet HTTP/1.1" 200 2578 "http://www.firstdigitalbank.com/whsy.php?p=%2Fproc%2F26963%2Fnet" "Mozilla/5.0 AppleWebKit/537.36 (KHTML, like Gecko; compatible; GPTBot/1.3; +https://openai.com/gptbot)"
74.7.244.41 - - [02/Mar/2026:22:10:06 +0000] "GET /robots.txt HTTP/1.1" 404 - "-" "Mozilla/5.0 (Macintosh; Intel Mac OS X 10_15_7) AppleWebKit/537.36 (KHTML, like Gecko) Chrome/131.0.0.0 Safari/537.36; compatible; OAI-SearchBot/1.3; robots.txt; +https://openai.com/searchbot"
74.7.243.239 - - [02/Mar/2026:22:15:07 +0000] "GET /whsy.php?p=%2Fproc%2F11119%2Fmap_files HTTP/1.1" 200 956 "http://www.firstdigitalbank.com/whsy.php?p=%2Fproc%2F11119" "Mozilla/5.0 AppleWebKit/537.36 (KHTML, like Gecko; compatible; GPTBot/1.3; +https://openai.com/gptbot)"
74.7.244.41 - - [02/Mar/2026:22:15:08 +0000] "GET /robots.txt HTTP/1.1" 404 - "-" "Mozilla/5.0 (Macintosh; Intel Mac OS X 10_15_7) AppleWebKit/537.36 (KHTML, like Gecko) Chrome/131.0.0.0 Safari/537.36; compatible; OAI-SearchBot/1.3; robots.txt; +https://openai.com/searchbot"
43.159.128.247 - - [02/Mar/2026:22:20:25 +0000] "GET / HTTP/1.1" 200 484 "-" "Mozilla/5.0 (iPhone; CPU iPhone OS 13_2_3 like Mac OS X) AppleWebKit/605.1.15 (KHTML, like Gecko) Version/13.0.3 Mobile/15E148 Safari/604.1"
74.7.243.239 - - [02/Mar/2026:22:22:47 +0000] "GET /whsy.php?e=udp&p=%2Fproc%2F29782%2Fnet HTTP/1.1" 200 2774 "http://www.firstdigitalbank.com/whsy.php?p=%2Fproc%2F29782%2Fnet" "Mozilla/5.0 AppleWebKit/537.36 (KHTML, like Gecko; compatible; GPTBot/1.3; +https://openai.com/gptbot)"
74.7.244.41 - - [02/Mar/2026:22:22:48 +0000] "GET /robots.txt HTTP/1.1" 404 - "-" "Mozilla/5.0 (Macintosh; Intel Mac OS X 10_15_7) AppleWebKit/537.36 (KHTML, like Gecko) Chrome/131.0.0.0 Safari/537.36; compatible; OAI-SearchBot/1.3; robots.txt; +https://openai.com/searchbot"
74.7.243.239 - - [02/Mar/2026:22:25:14 +0000] "GET /whsy.php?e=environ&p=%2Fproc%2F11119 HTTP/1.1" 200 956 "http://www.firstdigitalbank.com/whsy.php?p=%2Fproc%2F11119" "Mozilla/5.0 AppleWebKit/537.36 (KHTML, like Gecko; compatible; GPTBot/1.3; +https://openai.com/gptbot)"
74.7.244.41 - - [02/Mar/2026:22:27:57 +0000] "GET /robots.txt HTTP/1.1" 404 - "-" "Mozilla/5.0 (Macintosh; Intel Mac OS X 10_15_7) AppleWebKit/537.36 (KHTML, like Gecko) Chrome/131.0.0.0 Safari/537.36; compatible; OAI-SearchBot/1.3; robots.txt; +https://openai.com/searchbot"
74.7.243.239 - - [02/Mar/2026:22:30:22 +0000] "GET /whsy.php?e=oom_score&p=%2Fproc%2F11119 HTTP/1.1" 200 956 "http://www.firstdigitalbank.com/whsy.php?p=%2Fproc%2F11119" "Mozilla/5.0 AppleWebKit/537.36 (KHTML, like Gecko; compatible; GPTBot/1.3; +https://openai.com/gptbot)"
74.7.244.41 - - [02/Mar/2026:22:33:24 +0000] "GET /robots.txt HTTP/1.1" 404 - "-" "Mozilla/5.0 (Macintosh; Intel Mac OS X 10_15_7) AppleWebKit/537.36 (KHTML, like Gecko) Chrome/131.0.0.0 Safari/537.36; compatible; OAI-SearchBot/1.3; robots.txt; +https://openai.com/searchbot"
74.7.243.239 - - [02/Mar/2026:22:36:22 +0000] "GET /whsy.php?p=%2Fproc%2F29775%2Fnet%2Fip6t_hashlimit HTTP/1.1" 200 956 "http://www.firstdigitalbank.com/whsy.php?p=%2Fproc%2F29775%2Fnet" "Mozilla/5.0 AppleWebKit/537.36 (KHTML, like Gecko; compatible; GPTBot/1.3; +https://openai.com/gptbot)"
74.7.243.239 - - [02/Mar/2026:22:40:48 +0000] "GET /whsy.php?e=loginuid&p=%2Fproc%2F11119 HTTP/1.1" 200 956 "http://www.firstdigitalbank.com/whsy.php?p=%2Fproc%2F11119" "Mozilla/5.0 AppleWebKit/537.36 (KHTML, like Gecko; compatible; GPTBot/1.3; +https://openai.com/gptbot)"
74.7.244.41 - - [02/Mar/2026:22:40:48 +0000] "GET /robots.txt HTTP/1.1" 404 - "-" "Mozilla/5.0 (Macintosh; Intel Mac OS X 10_15_7) AppleWebKit/537.36 (KHTML, like Gecko) Chrome/131.0.0.0 Safari/537.36; compatible; OAI-SearchBot/1.3; robots.txt; +https://openai.com/searchbot"
172.94.9.41 - - [02/Mar/2026:22:41:57 +0000] "GET //.git/HEAD HTTP/1.1" 404 - "-" "Go-http-client/1.1"
74.7.243.239 - - [02/Mar/2026:22:43:09 +0000] "GET /whsy.php?e=udplite6&p=%2Fproc%2F29566%2Fnet HTTP/1.1" 200 2585 "http://www.firstdigitalbank.com/whsy.php?p=%2Fproc%2F29566%2Fnet" "Mozilla/5.0 AppleWebKit/537.36 (KHTML, like Gecko; compatible; GPTBot/1.3; +https://openai.com/gptbot)"
74.7.243.239 - - [02/Mar/2026:22:46:02 +0000] "GET /whsy.php?e=if_inet6&p=%2Fproc%2F29566%2Fnet HTTP/1.1" 200 2569 "http://www.firstdigitalbank.com/whsy.php?p=%2Fproc%2F29566%2Fnet" "Mozilla/5.0 AppleWebKit/537.36 (KHTML, like Gecko; compatible; GPTBot/1.3; +https://openai.com/gptbot)"
74.7.243.239 - - [02/Mar/2026:22:48:50 +0000] "GET /whsy.php?e=if_inet6&p=%2Fproc%2F29782%2Fnet HTTP/1.1" 200 2569 "http://www.firstdigitalbank.com/whsy.php?p=%2Fproc%2F29782%2Fnet" "Mozilla/5.0 AppleWebKit/537.36 (KHTML, like Gecko; compatible; GPTBot/1.3; +https://openai.com/gptbot)"
74.7.243.239 - - [02/Mar/2026:22:51:24 +0000] "GET /whsy.php?e=if_inet6&p=%2Fproc%2F26963%2Fnet HTTP/1.1" 200 2569 "http://www.firstdigitalbank.com/whsy.php?p=%2Fproc%2F26963%2Fnet" "Mozilla/5.0 AppleWebKit/537.36 (KHTML, like Gecko; compatible; GPTBot/1.3; +https://openai.com/gptbot)"
74.7.244.41 - - [02/Mar/2026:22:51:26 +0000] "GET /robots.txt HTTP/1.1" 404 - "-" "Mozilla/5.0 (Macintosh; Intel Mac OS X 10_15_7) AppleWebKit/537.36 (KHTML, like Gecko) Chrome/131.0.0.0 Safari/537.36; compatible; OAI-SearchBot/1.3; robots.txt; +https://openai.com/searchbot"
74.7.243.239 - - [02/Mar/2026:22:56:22 +0000] "GET /whsy.php?e=anycast6&p=%2Fproc%2F29775%2Fnet HTTP/1.1" 200 956 "http://www.firstdigitalbank.com/whsy.php?p=%2Fproc%2F29775%2Fnet" "Mozilla/5.0 AppleWebKit/537.36 (KHTML, like Gecko; compatible; GPTBot/1.3; +https://openai.com/gptbot)"
13.74.146.113 - - [02/Mar/2026:22:57:55 +0000] "GET /wp-content/plugins/hellopress/wp_filemanager.php HTTP/1.1" 404 - "-" "-"
13.74.146.113 - - [02/Mar/2026:22:57:55 +0000] "GET /fff.php HTTP/1.1" 404 - "-" "-"
13.74.146.113 - - [02/Mar/2026:22:57:55 +0000] "GET /vv.php HTTP/1.1" 404 - "-" "-"
13.74.146.113 - - [02/Mar/2026:22:57:55 +0000] "GET /ccou1.php HTTP/1.1" 404 - "-" "-"
13.74.146.113 - - [02/Mar/2026:22:57:55 +0000] "GET /reyna.php HTTP/1.1" 404 - "-" "-"
74.7.243.239 - - [02/Mar/2026:22:58:27 +0000] "GET /whsy.php?e=udplite6&p=%2Fproc%2F26963%2Fnet HTTP/1.1" 200 2585 "http://www.firstdigitalbank.com/whsy.php?p=%2Fproc%2F26963%2Fnet" "Mozilla/5.0 AppleWebKit/537.36 (KHTML, like Gecko; compatible; GPTBot/1.3; +https://openai.com/gptbot)"
74.7.243.239 - - [02/Mar/2026:22:59:55 +0000] "GET /whsy.php?e=projid_map&p=%2Fproc%2F11119 HTTP/1.1" 200 956 "http://www.firstdigitalbank.com/whsy.php?p=%2Fproc%2F11119" "Mozilla/5.0 AppleWebKit/537.36 (KHTML, like Gecko; compatible; GPTBot/1.3; +https://openai.com/gptbot)"
74.7.244.41 - - [02/Mar/2026:23:02:41 +0000] "GET /robots.txt HTTP/1.1" 404 - "-" "Mozilla/5.0 (Macintosh; Intel Mac OS X 10_15_7) AppleWebKit/537.36 (KHTML, like Gecko) Chrome/131.0.0.0 Safari/537.36; compatible; OAI-SearchBot/1.3; robots.txt; +https://openai.com/searchbot"
74.7.244.41 - - [02/Mar/2026:23:08:53 +0000] "GET /robots.txt HTTP/1.1" 404 - "-" "Mozilla/5.0 (Macintosh; Intel Mac OS X 10_15_7) AppleWebKit/537.36 (KHTML, like Gecko) Chrome/131.0.0.0 Safari/537.36; compatible; OAI-SearchBot/1.3; robots.txt; +https://openai.com/searchbot"
74.7.243.239 - - [02/Mar/2026:23:11:05 +0000] "GET /whsy.php?e=projid_map&p=%2Fproc%2F29782 HTTP/1.1" 200 2028 "http://www.firstdigitalbank.com/whsy.php?p=%2Fproc%2F29782" "Mozilla/5.0 AppleWebKit/537.36 (KHTML, like Gecko; compatible; GPTBot/1.3; +https://openai.com/gptbot)"
74.7.243.239 - - [02/Mar/2026:23:13:00 +0000] "GET /whsy.php?e=projid_map&p=%2Fproc%2F29775 HTTP/1.1" 200 956 "http://www.firstdigitalbank.com/whsy.php?p=%2Fproc%2F29775" "Mozilla/5.0 AppleWebKit/537.36 (KHTML, like Gecko; compatible; GPTBot/1.3; +https://openai.com/gptbot)"
74.7.243.239 - - [02/Mar/2026:23:14:42 +0000] "GET /whsy.php?e=projid_map&p=%2Fproc%2F26963 HTTP/1.1" 200 2027 "http://www.firstdigitalbank.com/whsy.php?p=%2Fproc%2F26963" "Mozilla/5.0 AppleWebKit/537.36 (KHTML, like Gecko; compatible; GPTBot/1.3; +https://openai.com/gptbot)"
74.7.244.41 - - [02/Mar/2026:23:14:43 +0000] "GET /robots.txt HTTP/1.1" 404 - "-" "Mozilla/5.0 (Macintosh; Intel Mac OS X 10_15_7) AppleWebKit/537.36 (KHTML, like Gecko) Chrome/131.0.0.0 Safari/537.36; compatible; OAI-SearchBot/1.3; robots.txt; +https://openai.com/searchbot"
74.7.243.239 - - [02/Mar/2026:23:16:40 +0000] "GET /whsy.php?e=projid_map&p=%2Fproc%2F29128 HTTP/1.1" 200 956 "http://www.firstdigitalbank.com/whsy.php?p=%2Fproc%2F29128" "Mozilla/5.0 AppleWebKit/537.36 (KHTML, like Gecko; compatible; GPTBot/1.3; +https://openai.com/gptbot)"
74.7.243.239 - - [02/Mar/2026:23:22:26 +0000] "GET /whsy.php?e=projid_map&p=%2Fproc%2F29566 HTTP/1.1" 200 2027 "http://www.firstdigitalbank.com/whsy.php?p=%2Fproc%2F29566" "Mozilla/5.0 AppleWebKit/537.36 (KHTML, like Gecko; compatible; GPTBot/1.3; +https://openai.com/gptbot)"
74.7.244.41 - - [02/Mar/2026:23:23:32 +0000] "GET /robots.txt HTTP/1.1" 404 - "-" "Mozilla/5.0 (Macintosh; Intel Mac OS X 10_15_7) AppleWebKit/537.36 (KHTML, like Gecko) Chrome/131.0.0.0 Safari/537.36; compatible; OAI-SearchBot/1.3; robots.txt; +https://openai.com/searchbot"
74.7.243.239 - - [02/Mar/2026:23:24:09 +0000] "GET /whsy.php?e=uid_map&p=%2Fproc%2F11119 HTTP/1.1" 200 956 "http://www.firstdigitalbank.com/whsy.php?p=%2Fproc%2F11119" "Mozilla/5.0 AppleWebKit/537.36 (KHTML, like Gecko; compatible; GPTBot/1.3; +https://openai.com/gptbot)"
74.7.243.239 - - [02/Mar/2026:23:27:41 +0000] "GET /whsy.php?e=gid_map&p=%2Fproc%2F11119 HTTP/1.1" 200 956 "http://www.firstdigitalbank.com/whsy.php?p=%2Fproc%2F11119" "Mozilla/5.0 AppleWebKit/537.36 (KHTML, like Gecko; compatible; GPTBot/1.3; +https://openai.com/gptbot)"
74.7.244.41 - - [02/Mar/2026:23:30:55 +0000] "GET /robots.txt HTTP/1.1" 404 - "-" "Mozilla/5.0 (Macintosh; Intel Mac OS X 10_15_7) AppleWebKit/537.36 (KHTML, like Gecko) Chrome/131.0.0.0 Safari/537.36; compatible; OAI-SearchBot/1.3; robots.txt; +https://openai.com/searchbot"
74.7.243.239 - - [02/Mar/2026:23:32:24 +0000] "GET /whsy.php?e=arch_status&p=%2Fproc%2F11119 HTTP/1.1" 200 956 "http://www.firstdigitalbank.com/whsy.php?p=%2Fproc%2F11119" "Mozilla/5.0 AppleWebKit/537.36 (KHTML, like Gecko; compatible; GPTBot/1.3; +https://openai.com/gptbot)"
74.7.243.239 - - [02/Mar/2026:23:36:09 +0000] "GET /whsy.php?e=autogroup&p=%2Fproc%2F11119 HTTP/1.1" 200 956 "http://www.firstdigitalbank.com/whsy.php?p=%2Fproc%2F11119" "Mozilla/5.0 AppleWebKit/537.36 (KHTML, like Gecko; compatible; GPTBot/1.3; +https://openai.com/gptbot)"
74.7.244.41 - - [02/Mar/2026:23:36:10 +0000] "GET /robots.txt HTTP/1.1" 404 - "-" "Mozilla/5.0 (Macintosh; Intel Mac OS X 10_15_7) AppleWebKit/537.36 (KHTML, like Gecko) Chrome/131.0.0.0 Safari/537.36; compatible; OAI-SearchBot/1.3; robots.txt; +https://openai.com/searchbot"
74.7.243.239 - - [02/Mar/2026:23:41:20 +0000] "GET /whsy.php?e=sockcreate&p=%2Fproc%2F29566%2Fattr HTTP/1.1" 200 863 "http://www.firstdigitalbank.com/whsy.php?p=%2Fproc%2F29566%2Fattr" "Mozilla/5.0 AppleWebKit/537.36 (KHTML, like Gecko; compatible; GPTBot/1.3; +https://openai.com/gptbot)"
74.7.243.239 - - [02/Mar/2026:23:43:24 +0000] "GET /whsy.php?e=sockcreate&p=%2Fproc%2F26963%2Fattr HTTP/1.1" 200 863 "http://www.firstdigitalbank.com/whsy.php?p=%2Fproc%2F26963%2Fattr" "Mozilla/5.0 AppleWebKit/537.36 (KHTML, like Gecko; compatible; GPTBot/1.3; +https://openai.com/gptbot)"
74.7.244.41 - - [02/Mar/2026:23:43:25 +0000] "GET /robots.txt HTTP/1.1" 404 - "-" "Mozilla/5.0 (Macintosh; Intel Mac OS X 10_15_7) AppleWebKit/537.36 (KHTML, like Gecko) Chrome/131.0.0.0 Safari/537.36; compatible; OAI-SearchBot/1.3; robots.txt; +https://openai.com/searchbot"
74.7.243.239 - - [02/Mar/2026:23:45:29 +0000] "GET /whsy.php?e=sockcreate&p=%2Fproc%2F29775%2Fattr HTTP/1.1" 200 956 "http://www.firstdigitalbank.com/whsy.php?p=%2Fproc%2F29775%2Fattr" "Mozilla/5.0 AppleWebKit/537.36 (KHTML, like Gecko; compatible; GPTBot/1.3; +https://openai.com/gptbot)"
74.7.243.239 - - [02/Mar/2026:23:49:22 +0000] "GET /whsy.php?e=sockcreate&p=%2Fproc%2F29782%2Fattr HTTP/1.1" 200 864 "http://www.firstdigitalbank.com/whsy.php?p=%2Fproc%2F29782%2Fattr" "Mozilla/5.0 AppleWebKit/537.36 (KHTML, like Gecko; compatible; GPTBot/1.3; +https://openai.com/gptbot)"
74.7.244.41 - - [02/Mar/2026:23:52:29 +0000] "GET /robots.txt HTTP/1.1" 404 - "-" "Mozilla/5.0 (Macintosh; Intel Mac OS X 10_15_7) AppleWebKit/537.36 (KHTML, like Gecko) Chrome/131.0.0.0 Safari/537.36; compatible; OAI-SearchBot/1.3; robots.txt; +https://openai.com/searchbot"
74.7.243.239 - - [02/Mar/2026:23:54:04 +0000] "GET /whsy.php?e=clear_refs&p=%2Fproc%2F11119 HTTP/1.1" 200 956 "http://www.firstdigitalbank.com/whsy.php?p=%2Fproc%2F11119" "Mozilla/5.0 AppleWebKit/537.36 (KHTML, like Gecko; compatible; GPTBot/1.3; +https://openai.com/gptbot)"
20.220.227.4 - - [02/Mar/2026:23:54:41 +0000] "GET /wp-content/plugins/hellopress/wp_filemanager.php HTTP/1.1" 404 - "-" "-"
20.220.227.4 - - [02/Mar/2026:23:54:42 +0000] "GET /assets/plugins/elfinder/connectors/php/connector.php HTTP/1.1" 404 - "-" "-"
20.220.227.4 - - [02/Mar/2026:23:54:43 +0000] "GET /wp-content/upgrade/class_api.php HTTP/1.1" 404 - "-" "-"
20.220.227.4 - - [02/Mar/2026:23:54:48 +0000] "GET /zwso.php HTTP/1.1" 404 - "-" "-"
20.220.227.4 - - [02/Mar/2026:23:54:50 +0000] "GET /wp-admin/css/colors/blue/index.php HTTP/1.1" 404 - "-" "-"
20.220.227.4 - - [02/Mar/2026:23:54:52 +0000] "GET /class19.php HTTP/1.1" 404 - "-" "-"
20.220.227.4 - - [02/Mar/2026:23:54:53 +0000] "GET /class20.php HTTP/1.1" 404 - "-" "-"
20.220.227.4 - - [02/Mar/2026:23:54:55 +0000] "GET /admin.php?p= HTTP/1.1" 404 - "-" "-"
20.220.227.4 - - [02/Mar/2026:23:54:57 +0000] "GET /randkeyword.php HTTP/1.1" 404 - "-" "-"
20.220.227.4 - - [02/Mar/2026:23:54:59 +0000] "GET /fwe.php HTTP/1.1" 404 - "-" "-"
20.220.227.4 - - [02/Mar/2026:23:55:00 +0000] "GET /images/m.php HTTP/1.1" 404 - "-" "-"
20.220.227.4 - - [02/Mar/2026:23:55:01 +0000] "GET /g.php HTTP/1.1" 404 - "-" "-"
20.220.227.4 - - [02/Mar/2026:23:55:02 +0000] "GET /tx1.php HTTP/1.1" 404 - "-" "-"
20.220.227.4 - - [02/Mar/2026:23:55:03 +0000] "GET /xv.php HTTP/1.1" 404 - "-" "-"
20.220.227.4 - - [02/Mar/2026:23:55:04 +0000] "GET /x56.php HTTP/1.1" 404 - "-" "-"
20.220.227.4 - - [02/Mar/2026:23:55:05 +0000] "GET /htaccess.php HTTP/1.1" 404 - "-" "-"
20.220.227.4 - - [02/Mar/2026:23:55:06 +0000] "GET /readme.php HTTP/1.1" 404 - "-" "-"
20.220.227.4 - - [02/Mar/2026:23:55:06 +0000] "GET /x50.php HTTP/1.1" 404 - "-" "-"
20.220.227.4 - - [02/Mar/2026:23:55:07 +0000] "GET /fv.php HTTP/1.1" 404 - "-" "-"
20.220.227.4 - - [02/Mar/2026:23:55:09 +0000] "GET /file.php? HTTP/1.1" 404 - "-" "-"
20.220.227.4 - - [02/Mar/2026:23:55:10 +0000] "GET /lsd.php HTTP/1.1" 404 - "-" "-"
20.220.227.4 - - [02/Mar/2026:23:55:11 +0000] "GET /as.php HTTP/1.1" 404 - "-" "-"
20.220.227.4 - - [02/Mar/2026:23:55:11 +0000] "GET /wsd.php HTTP/1.1" 404 - "-" "-"
20.220.227.4 - - [02/Mar/2026:23:55:13 +0000] "GET /gtc.php HTTP/1.1" 404 - "-" "-"
20.220.227.4 - - [02/Mar/2026:23:55:14 +0000] "GET /atx.php HTTP/1.1" 404 - "-" "-"
20.220.227.4 - - [02/Mar/2026:23:55:15 +0000] "GET /m.php HTTP/1.1" 404 - "-" "-"
20.220.227.4 - - [02/Mar/2026:23:55:16 +0000] "GET /themes.php HTTP/1.1" 404 - "-" "-"
20.220.227.4 - - [02/Mar/2026:23:55:17 +0000] "GET /wp-admin/maint/about.php HTTP/1.1" 404 - "-" "-"
20.220.227.4 - - [02/Mar/2026:23:55:18 +0000] "GET /wp-admin/network/wp-conflg.php?p= HTTP/1.1" 404 - "-" "-"
20.220.227.4 - - [02/Mar/2026:23:55:21 +0000] "GET /click.php HTTP/1.1" 404 - "-" "-"
20.220.227.4 - - [02/Mar/2026:23:55:21 +0000] "GET /install.php HTTP/1.1" 404 - "-" "-"
20.220.227.4 - - [02/Mar/2026:23:55:24 +0000] "GET /lv.php HTTP/1.1" 404 - "-" "-"
20.220.227.4 - - [02/Mar/2026:23:55:26 +0000] "GET /simple.php HTTP/1.1" 404 - "-" "-"
20.220.227.4 - - [02/Mar/2026:23:55:27 +0000] "GET /wp-includes/certificates/chosen.php HTTP/1.1" 404 - "-" "-"
20.220.227.4 - - [02/Mar/2026:23:55:28 +0000] "GET /plugins/admin.php HTTP/1.1" 404 - "-" "-"
20.220.227.4 - - [02/Mar/2026:23:55:29 +0000] "GET /core3.php HTTP/1.1" 404 - "-" "-"
20.220.227.4 - - [02/Mar/2026:23:55:29 +0000] "GET /RxR.php HTTP/1.1" 404 - "-" "-"
20.220.227.4 - - [02/Mar/2026:23:55:30 +0000] "GET /cgi-etc/quti.php HTTP/1.1" 404 - "-" "-"
20.220.227.4 - - [02/Mar/2026:23:55:30 +0000] "GET /system/logs/skin.php HTTP/1.1" 404 - "-" "-"
20.220.227.4 - - [02/Mar/2026:23:55:31 +0000] "GET /Gel.php HTTP/1.1" 404 - "-" "-"
20.220.227.4 - - [02/Mar/2026:23:55:33 +0000] "GET /pent.php HTTP/1.1" 404 - "-" "-"
20.220.227.4 - - [02/Mar/2026:23:55:38 +0000] "GET /system/logs/dz1.php HTTP/1.1" 404 - "-" "-"
20.220.227.4 - - [02/Mar/2026:23:55:40 +0000] "GET /wp-content/plugins/hellopress/moon.php HTTP/1.1" 404 - "-" "-"
20.220.227.4 - - [02/Mar/2026:23:55:42 +0000] "GET /assets/admin/tinymce/plugins/filemanager/dialog.php HTTP/1.1" 404 - "-" "-"
20.220.227.4 - - [02/Mar/2026:23:55:48 +0000] "GET /nagiosql/admin/logbook.php HTTP/1.1" 404 - "-" "-"
20.220.227.4 - - [02/Mar/2026:23:55:48 +0000] "GET /alfacgiapi/admin.php HTTP/1.1" 404 - "-" "-"
20.220.227.4 - - [02/Mar/2026:23:55:49 +0000] "GET /wp-includes/php-compat/chosen.php HTTP/1.1" 404 - "-" "-"
20.220.227.4 - - [02/Mar/2026:23:55:50 +0000] "GET /wp-content/plugins/core-plugin/admin.php HTTP/1.1" 404 - "-" "-"
20.220.227.4 - - [02/Mar/2026:23:55:51 +0000] "GET /kZETIbO4Lt7.php HTTP/1.1" 404 - "-" "-"
20.220.227.4 - - [02/Mar/2026:23:55:55 +0000] "GET /wso112233a.php HTTP/1.1" 404 - "-" "-"
20.220.227.4 - - [02/Mar/2026:23:55:56 +0000] "GET /adminer-4.3.1-mysql-sk.php HTTP/1.1" 404 - "-" "-"
20.220.227.4 - - [02/Mar/2026:23:55:58 +0000] "GET /wp/wp-apps.php HTTP/1.1" 404 - "-" "-"
20.220.227.4 - - [02/Mar/2026:23:55:59 +0000] "GET /asdf.php HTTP/1.1" 404 - "-" "-"
20.220.227.4 - - [02/Mar/2026:23:56:00 +0000] "GET /pixelpages/application/views/auth/common/about.php7 HTTP/1.1" 404 - "-" "-"
20.220.227.4 - - [02/Mar/2026:23:56:03 +0000] "GET /wp-includes/js/aaa.php HTTP/1.1" 404 - "-" "-"
20.220.227.4 - - [02/Mar/2026:23:56:04 +0000] "GET /wp-admin/includes/class-core-upgrader-first.php HTTP/1.1" 404 - "-" "-"
20.220.227.4 - - [02/Mar/2026:23:56:06 +0000] "GET /wp-includes/oQGWC1HLhE5.php HTTP/1.1" 404 - "-" "-"
20.220.227.4 - - [02/Mar/2026:23:56:07 +0000] "GET /bar.php HTTP/1.1" 404 - "-" "-"
20.220.227.4 - - [02/Mar/2026:23:56:08 +0000] "GET /eee.php HTTP/1.1" 404 - "-" "-"
20.220.227.4 - - [02/Mar/2026:23:56:09 +0000] "GET /enviar-recibo.php HTTP/1.1" 404 - "-" "-"
20.220.227.4 - - [02/Mar/2026:23:56:10 +0000] "GET /wp-includes/style.php HTTP/1.1" 404 - "-" "-"
20.220.227.4 - - [02/Mar/2026:23:56:11 +0000] "GET /wp-content/gallery/20160513-delelott/photo-gallery/thumb/admin.php HTTP/1.1" 404 - "-" "-"
74.7.243.239 - - [03/Mar/2026:00:00:30 +0000] "GET /whsy.php?e=ksm_merging_pages&p=%2Fproc%2F11119 HTTP/1.1" 200 956 "http://www.firstdigitalbank.com/whsy.php?p=%2Fproc%2F11119" "Mozilla/5.0 AppleWebKit/537.36 (KHTML, like Gecko; compatible; GPTBot/1.3; +https://openai.com/gptbot)"
74.7.243.239 - - [03/Mar/2026:00:02:00 +0000] "GET /whsy.php?p=%2Fproc%2F29775%2Fnet%2Fdev_snmp6 HTTP/1.1" 200 956 "http://www.firstdigitalbank.com/whsy.php?p=%2Fproc%2F29775%2Fnet" "Mozilla/5.0 AppleWebKit/537.36 (KHTML, like Gecko; compatible; GPTBot/1.3; +https://openai.com/gptbot)"
74.7.243.239 - - [03/Mar/2026:00:02:57 +0000] "GET /whsy.php?p=%2Fproc%2F11119%2Fns HTTP/1.1" 200 956 "http://www.firstdigitalbank.com/whsy.php?p=%2Fproc%2F11119" "Mozilla/5.0 AppleWebKit/537.36 (KHTML, like Gecko; compatible; GPTBot/1.3; +https://openai.com/gptbot)"
74.7.244.41 - - [03/Mar/2026:00:03:37 +0000] "GET /robots.txt HTTP/1.1" 404 - "-" "Mozilla/5.0 (Macintosh; Intel Mac OS X 10_15_7) AppleWebKit/537.36 (KHTML, like Gecko) Chrome/131.0.0.0 Safari/537.36; compatible; OAI-SearchBot/1.3; robots.txt; +https://openai.com/searchbot"
157.173.122.176 - - [03/Mar/2026:00:10:36 +0000] "GET / HTTP/1.1" 200 484 "-" "Mozilla/5.0 (Windows NT 10.0; Win64; x64) AppleWebKit/537.36 (KHTML, like Gecko) Chrome/91.0.4472.114 Safari/537.36 Edg/91.0.864.54"
74.7.241.176 - - [03/Mar/2026:00:19:07 +0000] "GET /robots.txt HTTP/1.1" 404 - "-" "Mozilla/5.0 (Macintosh; Intel Mac OS X 10_15_7) AppleWebKit/537.36 (KHTML, like Gecko) Chrome/131.0.0.0 Safari/537.36; compatible; OAI-SearchBot/1.3; robots.txt; +https://openai.com/searchbot"
74.7.175.166 - - [03/Mar/2026:00:19:10 +0000] "GET /robots.txt HTTP/1.1" 404 - "-" "Mozilla/5.0 (Macintosh; Intel Mac OS X 10_15_7) AppleWebKit/537.36 (KHTML, like Gecko) Chrome/131.0.0.0 Safari/537.36; compatible; OAI-SearchBot/1.3; robots.txt; +https://openai.com/searchbot"
74.7.242.43 - - [03/Mar/2026:00:19:43 +0000] "GET /whsy.php?p=%2Fproc%2F26963%2Fnet%2Fxt_recent HTTP/1.1" 200 497 "http://www.firstdigitalbank.com/whsy.php?p=%2Fproc%2F26963%2Fnet" "Mozilla/5.0 AppleWebKit/537.36 (KHTML, like Gecko; compatible; GPTBot/1.3; +https://openai.com/gptbot)"
74.7.241.8 - - [03/Mar/2026:00:19:45 +0000] "GET /whsy.php?e=igmp6&p=%2Fproc%2F29775%2Fnet HTTP/1.1" 200 956 "http://firstdigitalbank.com/whsy.php?p=%2Fproc%2F29775%2Fnet" "Mozilla/5.0 AppleWebKit/537.36 (KHTML, like Gecko; compatible; GPTBot/1.3; +https://openai.com/gptbot)"
74.7.242.43 - - [03/Mar/2026:00:22:22 +0000] "GET /whsy.php?p=%2Fproc%2F29566%2Fnet%2Fxt_recent HTTP/1.1" 200 497 "http://www.firstdigitalbank.com/whsy.php?p=%2Fproc%2F29566%2Fnet" "Mozilla/5.0 AppleWebKit/537.36 (KHTML, like Gecko; compatible; GPTBot/1.3; +https://openai.com/gptbot)"
74.7.242.43 - - [03/Mar/2026:00:26:02 +0000] "GET /whsy.php?e=igmp&p=%2Fproc%2F11146%2Ftask%2F12489%2Fnet HTTP/1.1" 200 956 "http://www.firstdigitalbank.com/whsy.php?p=%2Fproc%2F11146%2Ftask%2F12489%2Fnet" "Mozilla/5.0 AppleWebKit/537.36 (KHTML, like Gecko; compatible; GPTBot/1.3; +https://openai.com/gptbot)"
74.7.242.43 - - [03/Mar/2026:00:27:02 +0000] "GET /whsy.php?p=%2Fproc%2F11119%2Ffd HTTP/1.1" 200 956 "http://www.firstdigitalbank.com/whsy.php?p=%2Fproc%2F11119" "Mozilla/5.0 AppleWebKit/537.36 (KHTML, like Gecko; compatible; GPTBot/1.3; +https://openai.com/gptbot)"
74.7.241.176 - - [03/Mar/2026:00:27:02 +0000] "GET /robots.txt HTTP/1.1" 404 - "-" "Mozilla/5.0 (Macintosh; Intel Mac OS X 10_15_7) AppleWebKit/537.36 (KHTML, like Gecko) Chrome/131.0.0.0 Safari/537.36; compatible; OAI-SearchBot/1.3; robots.txt; +https://openai.com/searchbot"
74.7.242.43 - - [03/Mar/2026:00:28:07 +0000] "GET /whsy.php?p=%2Fproc%2F29775%2Fnet%2Fxt_recent HTTP/1.1" 200 956 "http://www.firstdigitalbank.com/whsy.php?p=%2Fproc%2F29775%2Fnet" "Mozilla/5.0 AppleWebKit/537.36 (KHTML, like Gecko; compatible; GPTBot/1.3; +https://openai.com/gptbot)"
74.7.241.8 - - [03/Mar/2026:00:28:23 +0000] "GET /whsy.php?e=ip6_vti0&p=%2Fproc%2F26963%2Fnet%2Fdev_snmp6 HTTP/1.1" 200 1567 "http://firstdigitalbank.com/whsy.php?p=%2Fproc%2F26963%2Fnet%2Fdev_snmp6" "Mozilla/5.0 AppleWebKit/537.36 (KHTML, like Gecko; compatible; GPTBot/1.3; +https://openai.com/gptbot)"
74.7.242.43 - - [03/Mar/2026:00:30:56 +0000] "GET /whsy.php?e=AdminUserController.php&p=%2Fhome%2Flab2454c%2Faficb.com%2Fapp%2FHttp%2FControllers%2FAdmin HTTP/1.1" 200 1956 "http://www.firstdigitalbank.com/whsy.php?p=%2Fhome%2Flab2454c%2Faficb.com%2Fapp%2FHttp%2FControllers%2FAdmin" "Mozilla/5.0 AppleWebKit/537.36 (KHTML, like Gecko; compatible; GPTBot/1.3; +https://openai.com/gptbot)"
216.244.66.247 - - [03/Mar/2026:00:31:21 +0000] "GET /robots.txt HTTP/1.1" 404 - "-" "Mozilla/5.0 (compatible; DotBot/1.2; +https://opensiteexplorer.org/dotbot; help@moz.com)"
74.7.242.43 - - [03/Mar/2026:00:31:43 +0000] "GET /whsy.php?p=%2Fproc%2F29782%2Fnet%2Fxt_recent HTTP/1.1" 200 498 "http://www.firstdigitalbank.com/whsy.php?p=%2Fproc%2F29782%2Fnet" "Mozilla/5.0 AppleWebKit/537.36 (KHTML, like Gecko; compatible; GPTBot/1.3; +https://openai.com/gptbot)"
74.7.241.176 - - [03/Mar/2026:00:32:26 +0000] "GET /robots.txt HTTP/1.1" 404 - "-" "Mozilla/5.0 (Macintosh; Intel Mac OS X 10_15_7) AppleWebKit/537.36 (KHTML, like Gecko) Chrome/131.0.0.0 Safari/537.36; compatible; OAI-SearchBot/1.3; robots.txt; +https://openai.com/searchbot"
74.7.242.43 - - [03/Mar/2026:00:33:22 +0000] "GET /whsy.php?e=ksm_stat&p=%2Fproc%2F11119 HTTP/1.1" 200 956 "http://www.firstdigitalbank.com/whsy.php?p=%2Fproc%2F11119" "Mozilla/5.0 AppleWebKit/537.36 (KHTML, like Gecko; compatible; GPTBot/1.3; +https://openai.com/gptbot)"
74.7.242.43 - - [03/Mar/2026:00:35:26 +0000] "GET /whsy.php?e=coredump_filter&p=%2Fproc%2F11119 HTTP/1.1" 200 956 "http://www.firstdigitalbank.com/whsy.php?p=%2Fproc%2F11119" "Mozilla/5.0 AppleWebKit/537.36 (KHTML, like Gecko; compatible; GPTBot/1.3; +https://openai.com/gptbot)"
74.7.242.43 - - [03/Mar/2026:00:35:58 +0000] "GET /whsy.php?p=%2Fproc%2F29782%2Fnet%2Fdev_snmp6 HTTP/1.1" 200 982 "http://www.firstdigitalbank.com/whsy.php?p=%2Fproc%2F29782%2Fnet" "Mozilla/5.0 AppleWebKit/537.36 (KHTML, like Gecko; compatible; GPTBot/1.3; +https://openai.com/gptbot)"
74.7.241.176 - - [03/Mar/2026:00:37:30 +0000] "GET /robots.txt HTTP/1.1" 404 - "-" "Mozilla/5.0 (Macintosh; Intel Mac OS X 10_15_7) AppleWebKit/537.36 (KHTML, like Gecko) Chrome/131.0.0.0 Safari/537.36; compatible; OAI-SearchBot/1.3; robots.txt; +https://openai.com/searchbot"
74.7.242.43 - - [03/Mar/2026:00:38:24 +0000] "GET /whsy.php?p=%2Fproc%2F26963%2Fnet%2Fdev_snmp6 HTTP/1.1" 200 982 "http://www.firstdigitalbank.com/whsy.php?p=%2Fproc%2F26963%2Fnet" "Mozilla/5.0 AppleWebKit/537.36 (KHTML, like Gecko; compatible; GPTBot/1.3; +https://openai.com/gptbot)"
216.244.66.247 - - [03/Mar/2026:00:39:08 +0000] "GET /hxnflux.php HTTP/1.1" 200 - "-" "Mozilla/5.0 (compatible; DotBot/1.2; +https://opensiteexplorer.org/dotbot; help@moz.com)"
74.7.242.43 - - [03/Mar/2026:00:39:32 +0000] "GET /whsy.php?p=%2Fproc%2F29566%2Fnet%2Fdev_snmp6 HTTP/1.1" 200 982 "http://www.firstdigitalbank.com/whsy.php?p=%2Fproc%2F29566%2Fnet" "Mozilla/5.0 AppleWebKit/537.36 (KHTML, like Gecko; compatible; GPTBot/1.3; +https://openai.com/gptbot)"
74.7.242.43 - - [03/Mar/2026:00:40:46 +0000] "GET /whsy.php?p=%2Fproc%2F26963%2F.. HTTP/1.1" 200 4125 "http://www.firstdigitalbank.com/whsy.php?p=%2Fproc%2F26963" "Mozilla/5.0 AppleWebKit/537.36 (KHTML, like Gecko; compatible; GPTBot/1.3; +https://openai.com/gptbot)"
74.7.242.43 - - [03/Mar/2026:00:41:42 +0000] "GET /whsy.php?p=%2Fproc%2F31393%2F.. HTTP/1.1" 200 4047 "http://www.firstdigitalbank.com/whsy.php?p=%2Fproc%2F31393" "Mozilla/5.0 AppleWebKit/537.36 (KHTML, like Gecko; compatible; GPTBot/1.3; +https://openai.com/gptbot)"
74.7.241.176 - - [03/Mar/2026:00:42:36 +0000] "GET /robots.txt HTTP/1.1" 404 - "-" "Mozilla/5.0 (Macintosh; Intel Mac OS X 10_15_7) AppleWebKit/537.36 (KHTML, like Gecko) Chrome/131.0.0.0 Safari/537.36; compatible; OAI-SearchBot/1.3; robots.txt; +https://openai.com/searchbot"
74.7.242.43 - - [03/Mar/2026:00:43:20 +0000] "GET /whsy.php?p=%2Fproc%2F28708%2F.. HTTP/1.1" 200 956 "http://www.firstdigitalbank.com/whsy.php?p=%2Fproc%2F28708" "Mozilla/5.0 AppleWebKit/537.36 (KHTML, like Gecko; compatible; GPTBot/1.3; +https://openai.com/gptbot)"
74.7.242.43 - - [03/Mar/2026:00:43:48 +0000] "GET /whsy.php?p=%2Fproc%2F25587%2F.. HTTP/1.1" 200 956 "http://www.firstdigitalbank.com/whsy.php?p=%2Fproc%2F25587" "Mozilla/5.0 AppleWebKit/537.36 (KHTML, like Gecko; compatible; GPTBot/1.3; +https://openai.com/gptbot)"
74.7.242.43 - - [03/Mar/2026:00:45:01 +0000] "GET /whsy.php?p=%2Fproc%2F12447%2F.. HTTP/1.1" 200 956 "http://www.firstdigitalbank.com/whsy.php?p=%2Fproc%2F12447" "Mozilla/5.0 AppleWebKit/537.36 (KHTML, like Gecko; compatible; GPTBot/1.3; +https://openai.com/gptbot)"
74.7.242.43 - - [03/Mar/2026:00:47:16 +0000] "GET /whsy.php?p=%2Fproc%2F20899 HTTP/1.1" 200 1936 "http://www.firstdigitalbank.com/whsy.php?p=%2Fproc%2F26963%2F.." "Mozilla/5.0 AppleWebKit/537.36 (KHTML, like Gecko; compatible; GPTBot/1.3; +https://openai.com/gptbot)"
74.7.241.176 - - [03/Mar/2026:00:47:45 +0000] "GET /robots.txt HTTP/1.1" 404 - "-" "Mozilla/5.0 (Macintosh; Intel Mac OS X 10_15_7) AppleWebKit/537.36 (KHTML, like Gecko) Chrome/131.0.0.0 Safari/537.36; compatible; OAI-SearchBot/1.3; robots.txt; +https://openai.com/searchbot"
74.7.242.43 - - [03/Mar/2026:00:48:36 +0000] "GET /whsy.php?e=ip6gre0&p=%2Fproc%2F29566%2Fnet%2Fdev_snmp6 HTTP/1.1" 200 1564 "http://www.firstdigitalbank.com/whsy.php?p=%2Fproc%2F29566%2Fnet%2Fdev_snmp6" "Mozilla/5.0 AppleWebKit/537.36 (KHTML, like Gecko; compatible; GPTBot/1.3; +https://openai.com/gptbot)"
74.7.242.43 - - [03/Mar/2026:00:50:21 +0000] "GET /whsy.php?p=%2Fproc%2F28490 HTTP/1.1" 200 956 "http://www.firstdigitalbank.com/whsy.php?p=%2Fproc%2F31393%2F.." "Mozilla/5.0 AppleWebKit/537.36 (KHTML, like Gecko; compatible; GPTBot/1.3; +https://openai.com/gptbot)"
74.7.242.43 - - [03/Mar/2026:00:52:17 +0000] "GET /whsy.php?p=%2Fproc%2F26735 HTTP/1.1" 200 956 "http://www.firstdigitalbank.com/whsy.php?p=%2Fproc%2F31393%2F.." "Mozilla/5.0 AppleWebKit/537.36 (KHTML, like Gecko; compatible; GPTBot/1.3; +https://openai.com/gptbot)"
74.7.241.176 - - [03/Mar/2026:00:54:23 +0000] "GET /robots.txt HTTP/1.1" 404 - "-" "Mozilla/5.0 (Macintosh; Intel Mac OS X 10_15_7) AppleWebKit/537.36 (KHTML, like Gecko) Chrome/131.0.0.0 Safari/537.36; compatible; OAI-SearchBot/1.3; robots.txt; +https://openai.com/searchbot"
74.7.242.43 - - [03/Mar/2026:01:02:09 +0000] "GET /whsy.php?p=%2Fproc%2F22246 HTTP/1.1" 200 956 "http://www.firstdigitalbank.com/whsy.php?p=%2Fproc%2F26963%2F.." "Mozilla/5.0 AppleWebKit/537.36 (KHTML, like Gecko; compatible; GPTBot/1.3; +https://openai.com/gptbot)"
74.7.242.43 - - [03/Mar/2026:01:04:55 +0000] "GET /whsy.php?p=%2Fproc%2F22217 HTTP/1.1" 200 1935 "http://www.firstdigitalbank.com/whsy.php?p=%2Fproc%2F26963%2F.." "Mozilla/5.0 AppleWebKit/537.36 (KHTML, like Gecko; compatible; GPTBot/1.3; +https://openai.com/gptbot)"
74.7.241.176 - - [03/Mar/2026:01:06:16 +0000] "GET /robots.txt HTTP/1.1" 404 - "-" "Mozilla/5.0 (Macintosh; Intel Mac OS X 10_15_7) AppleWebKit/537.36 (KHTML, like Gecko) Chrome/131.0.0.0 Safari/537.36; compatible; OAI-SearchBot/1.3; robots.txt; +https://openai.com/searchbot"
74.7.242.43 - - [03/Mar/2026:01:06:47 +0000] "GET /whsy.php?p=%2Fproc%2F23332 HTTP/1.1" 200 956 "http://www.firstdigitalbank.com/whsy.php?p=%2Fproc%2F26963%2F.." "Mozilla/5.0 AppleWebKit/537.36 (KHTML, like Gecko; compatible; GPTBot/1.3; +https://openai.com/gptbot)"
74.7.242.43 - - [03/Mar/2026:01:14:04 +0000] "GET /whsy.php?p=%2Fproc%2F20899%2Fattr HTTP/1.1" 200 799 "http://www.firstdigitalbank.com/whsy.php?p=%2Fproc%2F20899" "Mozilla/5.0 AppleWebKit/537.36 (KHTML, like Gecko; compatible; GPTBot/1.3; +https://openai.com/gptbot)"
216.244.66.247 - - [03/Mar/2026:01:23:31 +0000] "GET /robots.txt HTTP/1.1" 404 - "-" "Mozilla/5.0 (compatible; DotBot/1.2; +https://opensiteexplorer.org/dotbot; help@moz.com)"
216.244.66.247 - - [03/Mar/2026:01:31:01 +0000] "GET /whsy.php?p=%2Fhome%2Flab2454c%2Ffirstdigitalbank.com%2F.well-known HTTP/1.1" 200 1108 "-" "Mozilla/5.0 (compatible; DotBot/1.2; +https://opensiteexplorer.org/dotbot; help@moz.com)"
74.7.242.43 - - [03/Mar/2026:01:34:44 +0000] "GET /whsy.php?e=pagemap&p=%2Fproc%2F20899 HTTP/1.1" 200 956 "http://www.firstdigitalbank.com/whsy.php?p=%2Fproc%2F20899" "Mozilla/5.0 AppleWebKit/537.36 (KHTML, like Gecko; compatible; GPTBot/1.3; +https://openai.com/gptbot)"
74.7.241.176 - - [03/Mar/2026:01:35:36 +0000] "GET /robots.txt HTTP/1.1" 404 - "-" "Mozilla/5.0 (Macintosh; Intel Mac OS X 10_15_7) AppleWebKit/537.36 (KHTML, like Gecko) Chrome/131.0.0.0 Safari/537.36; compatible; OAI-SearchBot/1.3; robots.txt; +https://openai.com/searchbot"
74.7.242.43 - - [03/Mar/2026:01:41:51 +0000] "GET /whsy.php?e=stack&p=%2Fproc%2F20899 HTTP/1.1" 200 956 "http://www.firstdigitalbank.com/whsy.php?p=%2Fproc%2F20899" "Mozilla/5.0 AppleWebKit/537.36 (KHTML, like Gecko; compatible; GPTBot/1.3; +https://openai.com/gptbot)"
74.7.241.176 - - [03/Mar/2026:01:41:52 +0000] "GET /robots.txt HTTP/1.1" 404 - "-" "Mozilla/5.0 (Macintosh; Intel Mac OS X 10_15_7) AppleWebKit/537.36 (KHTML, like Gecko) Chrome/131.0.0.0 Safari/537.36; compatible; OAI-SearchBot/1.3; robots.txt; +https://openai.com/searchbot"
74.7.242.43 - - [03/Mar/2026:01:46:19 +0000] "GET /whsy.php?e=statm&p=%2Fproc%2F20899 HTTP/1.1" 200 956 "http://www.firstdigitalbank.com/whsy.php?p=%2Fproc%2F20899" "Mozilla/5.0 AppleWebKit/537.36 (KHTML, like Gecko; compatible; GPTBot/1.3; +https://openai.com/gptbot)"
74.7.241.176 - - [03/Mar/2026:01:50:10 +0000] "GET /robots.txt HTTP/1.1" 404 - "-" "Mozilla/5.0 (Macintosh; Intel Mac OS X 10_15_7) AppleWebKit/537.36 (KHTML, like Gecko) Chrome/131.0.0.0 Safari/537.36; compatible; OAI-SearchBot/1.3; robots.txt; +https://openai.com/searchbot"
74.7.242.43 - - [03/Mar/2026:01:58:39 +0000] "GET /whsy.php?e=uid_map&p=%2Fproc%2F22217 HTTP/1.1" 200 2022 "http://www.firstdigitalbank.com/whsy.php?p=%2Fproc%2F22217" "Mozilla/5.0 AppleWebKit/537.36 (KHTML, like Gecko; compatible; GPTBot/1.3; +https://openai.com/gptbot)"
74.7.241.176 - - [03/Mar/2026:01:58:40 +0000] "GET /robots.txt HTTP/1.1" 404 - "-" "Mozilla/5.0 (Macintosh; Intel Mac OS X 10_15_7) AppleWebKit/537.36 (KHTML, like Gecko) Chrome/131.0.0.0 Safari/537.36; compatible; OAI-SearchBot/1.3; robots.txt; +https://openai.com/searchbot"
