74.7.242.43 - - [03/Mar/2026:02:01:16 +0000] "GET /whsy.php?e=autogroup&p=%2Fproc%2F22217 HTTP/1.1" 200 2020 "http://www.firstdigitalbank.com/whsy.php?p=%2Fproc%2F22217" "Mozilla/5.0 AppleWebKit/537.36 (KHTML, like Gecko; compatible; GPTBot/1.3; +https://openai.com/gptbot)"
74.7.241.176 - - [03/Mar/2026:02:06:19 +0000] "GET /robots.txt HTTP/1.1" 404 - "-" "Mozilla/5.0 (Macintosh; Intel Mac OS X 10_15_7) AppleWebKit/537.36 (KHTML, like Gecko) Chrome/131.0.0.0 Safari/537.36; compatible; OAI-SearchBot/1.3; robots.txt; +https://openai.com/searchbot"
74.7.242.43 - - [03/Mar/2026:02:10:59 +0000] "GET /whsy.php?e=schedstat&p=%2Fproc%2F22217 HTTP/1.1" 200 2033 "http://www.firstdigitalbank.com/whsy.php?p=%2Fproc%2F22217" "Mozilla/5.0 AppleWebKit/537.36 (KHTML, like Gecko; compatible; GPTBot/1.3; +https://openai.com/gptbot)"
170.106.161.78 - - [03/Mar/2026:02:15:36 +0000] "GET / HTTP/1.1" 200 484 "-" "Mozilla/5.0 (iPhone; CPU iPhone OS 13_2_3 like Mac OS X) AppleWebKit/605.1.15 (KHTML, like Gecko) Version/13.0.3 Mobile/15E148 Safari/604.1"
74.7.242.43 - - [03/Mar/2026:02:15:46 +0000] "GET /whsy.php?e=sessionid&p=%2Fproc%2F22217 HTTP/1.1" 200 2015 "http://www.firstdigitalbank.com/whsy.php?p=%2Fproc%2F22217" "Mozilla/5.0 AppleWebKit/537.36 (KHTML, like Gecko; compatible; GPTBot/1.3; +https://openai.com/gptbot)"
74.7.241.176 - - [03/Mar/2026:02:15:47 +0000] "GET /robots.txt HTTP/1.1" 404 - "-" "Mozilla/5.0 (Macintosh; Intel Mac OS X 10_15_7) AppleWebKit/537.36 (KHTML, like Gecko) Chrome/131.0.0.0 Safari/537.36; compatible; OAI-SearchBot/1.3; robots.txt; +https://openai.com/searchbot"
74.7.242.43 - - [03/Mar/2026:02:22:15 +0000] "GET /whsy.php?e=setgroups&p=%2Fproc%2F22217 HTTP/1.1" 200 2006 "http://www.firstdigitalbank.com/whsy.php?p=%2Fproc%2F22217" "Mozilla/5.0 AppleWebKit/537.36 (KHTML, like Gecko; compatible; GPTBot/1.3; +https://openai.com/gptbot)"
74.7.241.176 - - [03/Mar/2026:02:22:16 +0000] "GET /robots.txt HTTP/1.1" 404 - "-" "Mozilla/5.0 (Macintosh; Intel Mac OS X 10_15_7) AppleWebKit/537.36 (KHTML, like Gecko) Chrome/131.0.0.0 Safari/537.36; compatible; OAI-SearchBot/1.3; robots.txt; +https://openai.com/searchbot"
74.7.242.43 - - [03/Mar/2026:02:24:28 +0000] "GET /whsy.php?e=syscall&p=%2Fproc%2F22217 HTTP/1.1" 200 1935 "http://www.firstdigitalbank.com/whsy.php?p=%2Fproc%2F22217" "Mozilla/5.0 AppleWebKit/537.36 (KHTML, like Gecko; compatible; GPTBot/1.3; +https://openai.com/gptbot)"
74.7.242.43 - - [03/Mar/2026:02:28:44 +0000] "GET /whsy.php?e=pagemap&p=%2Fproc%2F22217 HTTP/1.1" 200 1935 "http://www.firstdigitalbank.com/whsy.php?p=%2Fproc%2F22217" "Mozilla/5.0 AppleWebKit/537.36 (KHTML, like Gecko; compatible; GPTBot/1.3; +https://openai.com/gptbot)"
74.7.241.176 - - [03/Mar/2026:02:28:45 +0000] "GET /robots.txt HTTP/1.1" 404 - "-" "Mozilla/5.0 (Macintosh; Intel Mac OS X 10_15_7) AppleWebKit/537.36 (KHTML, like Gecko) Chrome/131.0.0.0 Safari/537.36; compatible; OAI-SearchBot/1.3; robots.txt; +https://openai.com/searchbot"
74.7.242.43 - - [03/Mar/2026:02:32:31 +0000] "GET /whsy.php?e=mountinfo&p=%2Fproc%2F20899 HTTP/1.1" 200 956 "http://www.firstdigitalbank.com/whsy.php?p=%2Fproc%2F20899" "Mozilla/5.0 AppleWebKit/537.36 (KHTML, like Gecko; compatible; GPTBot/1.3; +https://openai.com/gptbot)"
74.7.242.43 - - [03/Mar/2026:02:36:04 +0000] "GET /whsy.php?e=environ&p=%2Fproc%2F22217 HTTP/1.1" 200 1935 "http://www.firstdigitalbank.com/whsy.php?p=%2Fproc%2F22217" "Mozilla/5.0 AppleWebKit/537.36 (KHTML, like Gecko; compatible; GPTBot/1.3; +https://openai.com/gptbot)"
74.7.241.176 - - [03/Mar/2026:02:36:04 +0000] "GET /robots.txt HTTP/1.1" 404 - "-" "Mozilla/5.0 (Macintosh; Intel Mac OS X 10_15_7) AppleWebKit/537.36 (KHTML, like Gecko) Chrome/131.0.0.0 Safari/537.36; compatible; OAI-SearchBot/1.3; robots.txt; +https://openai.com/searchbot"
74.7.242.43 - - [03/Mar/2026:02:37:47 +0000] "GET /whsy.php?e=autogroup&p=%2Fproc%2F20899 HTTP/1.1" 200 956 "http://www.firstdigitalbank.com/whsy.php?p=%2Fproc%2F20899" "Mozilla/5.0 AppleWebKit/537.36 (KHTML, like Gecko; compatible; GPTBot/1.3; +https://openai.com/gptbot)"
74.7.242.43 - - [03/Mar/2026:02:41:50 +0000] "GET /whsy.php?e=timerslack_ns&p=%2Fproc%2F20899 HTTP/1.1" 200 956 "http://www.firstdigitalbank.com/whsy.php?p=%2Fproc%2F20899" "Mozilla/5.0 AppleWebKit/537.36 (KHTML, like Gecko; compatible; GPTBot/1.3; +https://openai.com/gptbot)"
74.7.242.43 - - [03/Mar/2026:02:43:29 +0000] "GET /whsy.php?e=mountinfo&p=%2Fproc%2F22217 HTTP/1.1" 200 2987 "http://www.firstdigitalbank.com/whsy.php?p=%2Fproc%2F22217" "Mozilla/5.0 AppleWebKit/537.36 (KHTML, like Gecko; compatible; GPTBot/1.3; +https://openai.com/gptbot)"
74.7.241.176 - - [03/Mar/2026:02:43:30 +0000] "GET /robots.txt HTTP/1.1" 404 - "-" "Mozilla/5.0 (Macintosh; Intel Mac OS X 10_15_7) AppleWebKit/537.36 (KHTML, like Gecko) Chrome/131.0.0.0 Safari/537.36; compatible; OAI-SearchBot/1.3; robots.txt; +https://openai.com/searchbot"
74.7.242.43 - - [03/Mar/2026:02:47:13 +0000] "GET /whsy.php?e=uid_map&p=%2Fproc%2F20899 HTTP/1.1" 200 956 "http://www.firstdigitalbank.com/whsy.php?p=%2Fproc%2F20899" "Mozilla/5.0 AppleWebKit/537.36 (KHTML, like Gecko; compatible; GPTBot/1.3; +https://openai.com/gptbot)"
74.7.242.43 - - [03/Mar/2026:02:48:53 +0000] "GET /whsy.php?e=gid_map&p=%2Fproc%2F20899 HTTP/1.1" 200 956 "http://www.firstdigitalbank.com/whsy.php?p=%2Fproc%2F20899" "Mozilla/5.0 AppleWebKit/537.36 (KHTML, like Gecko; compatible; GPTBot/1.3; +https://openai.com/gptbot)"
74.7.241.176 - - [03/Mar/2026:02:48:54 +0000] "GET /robots.txt HTTP/1.1" 404 - "-" "Mozilla/5.0 (Macintosh; Intel Mac OS X 10_15_7) AppleWebKit/537.36 (KHTML, like Gecko) Chrome/131.0.0.0 Safari/537.36; compatible; OAI-SearchBot/1.3; robots.txt; +https://openai.com/searchbot"
74.7.242.43 - - [03/Mar/2026:02:50:25 +0000] "GET /whsy.php?e=schedstat&p=%2Fproc%2F20899 HTTP/1.1" 200 956 "http://www.firstdigitalbank.com/whsy.php?p=%2Fproc%2F20899" "Mozilla/5.0 AppleWebKit/537.36 (KHTML, like Gecko; compatible; GPTBot/1.3; +https://openai.com/gptbot)"
74.7.242.43 - - [03/Mar/2026:02:53:48 +0000] "GET /whsy.php?e=sched&p=%2Fproc%2F20899 HTTP/1.1" 200 956 "http://www.firstdigitalbank.com/whsy.php?p=%2Fproc%2F20899" "Mozilla/5.0 AppleWebKit/537.36 (KHTML, like Gecko; compatible; GPTBot/1.3; +https://openai.com/gptbot)"
74.7.242.43 - - [03/Mar/2026:02:55:40 +0000] "GET /whsy.php?e=smaps&p=%2Fproc%2F20899 HTTP/1.1" 200 956 "http://www.firstdigitalbank.com/whsy.php?p=%2Fproc%2F20899" "Mozilla/5.0 AppleWebKit/537.36 (KHTML, like Gecko; compatible; GPTBot/1.3; +https://openai.com/gptbot)"
74.7.241.176 - - [03/Mar/2026:02:55:42 +0000] "GET /robots.txt HTTP/1.1" 404 - "-" "Mozilla/5.0 (Macintosh; Intel Mac OS X 10_15_7) AppleWebKit/537.36 (KHTML, like Gecko) Chrome/131.0.0.0 Safari/537.36; compatible; OAI-SearchBot/1.3; robots.txt; +https://openai.com/searchbot"
74.7.242.43 - - [03/Mar/2026:03:00:17 +0000] "GET /whsy.php?e=auxv&p=%2Fproc%2F20899 HTTP/1.1" 200 956 "http://www.firstdigitalbank.com/whsy.php?p=%2Fproc%2F20899" "Mozilla/5.0 AppleWebKit/537.36 (KHTML, like Gecko; compatible; GPTBot/1.3; +https://openai.com/gptbot)"
216.244.66.247 - - [03/Mar/2026:03:01:12 +0000] "GET /robots.txt HTTP/1.1" 404 - "-" "Mozilla/5.0 (compatible; DotBot/1.2; +https://opensiteexplorer.org/dotbot; help@moz.com)"
74.7.241.176 - - [03/Mar/2026:03:01:58 +0000] "GET /robots.txt HTTP/1.1" 404 - "-" "Mozilla/5.0 (Macintosh; Intel Mac OS X 10_15_7) AppleWebKit/537.36 (KHTML, like Gecko) Chrome/131.0.0.0 Safari/537.36; compatible; OAI-SearchBot/1.3; robots.txt; +https://openai.com/searchbot"
74.7.242.43 - - [03/Mar/2026:03:05:23 +0000] "GET /whsy.php?e=setgroups&p=%2Fproc%2F20899 HTTP/1.1" 200 956 "http://www.firstdigitalbank.com/whsy.php?p=%2Fproc%2F20899" "Mozilla/5.0 AppleWebKit/537.36 (KHTML, like Gecko; compatible; GPTBot/1.3; +https://openai.com/gptbot)"
216.244.66.247 - - [03/Mar/2026:03:07:49 +0000] "GET /whsy.php?e=fut.php&p=%2Fhome%2Flab2454c%2Ffirstdigitalbank.com HTTP/1.1" 200 7371 "-" "Mozilla/5.0 (compatible; DotBot/1.2; +https://opensiteexplorer.org/dotbot; help@moz.com)"
74.7.230.39 - - [03/Mar/2026:03:10:22 +0000] "GET /robots.txt HTTP/1.1" 404 - "-" "Mozilla/5.0 (Macintosh; Intel Mac OS X 10_15_7) AppleWebKit/537.36 (KHTML, like Gecko) Chrome/131.0.0.0 Safari/537.36; compatible; OAI-SearchBot/1.3; robots.txt; +https://openai.com/searchbot"
74.7.227.168 - - [03/Mar/2026:03:10:26 +0000] "GET /whsy.php?e=sessionid&p=%2Fproc%2F20899 HTTP/1.1" 200 956 "http://www.firstdigitalbank.com/whsy.php?p=%2Fproc%2F20899" "Mozilla/5.0 AppleWebKit/537.36 (KHTML, like Gecko; compatible; GPTBot/1.3; +https://openai.com/gptbot)"
74.7.227.168 - - [03/Mar/2026:03:10:34 +0000] "GET /whsy.php?e=ksm_stat&p=%2Fproc%2F20899 HTTP/1.1" 200 956 "http://www.firstdigitalbank.com/whsy.php?p=%2Fproc%2F20899" "Mozilla/5.0 AppleWebKit/537.36 (KHTML, like Gecko; compatible; GPTBot/1.3; +https://openai.com/gptbot)"
74.7.227.168 - - [03/Mar/2026:03:10:42 +0000] "GET /whsy.php?e=exe&p=%2Fproc%2F20899 HTTP/1.1" 200 956 "http://www.firstdigitalbank.com/whsy.php?p=%2Fproc%2F20899" "Mozilla/5.0 AppleWebKit/537.36 (KHTML, like Gecko; compatible; GPTBot/1.3; +https://openai.com/gptbot)"
74.7.227.168 - - [03/Mar/2026:03:10:52 +0000] "GET /whsy.php?e=sched&p=%2Fproc%2F22217 HTTP/1.1" 200 2490 "http://www.firstdigitalbank.com/whsy.php?p=%2Fproc%2F22217" "Mozilla/5.0 AppleWebKit/537.36 (KHTML, like Gecko; compatible; GPTBot/1.3; +https://openai.com/gptbot)"
74.7.227.168 - - [03/Mar/2026:03:11:18 +0000] "GET /whsy.php?e=stack&p=%2Fproc%2F22217 HTTP/1.1" 200 1935 "http://www.firstdigitalbank.com/whsy.php?p=%2Fproc%2F22217" "Mozilla/5.0 AppleWebKit/537.36 (KHTML, like Gecko; compatible; GPTBot/1.3; +https://openai.com/gptbot)"
74.7.227.168 - - [03/Mar/2026:03:11:29 +0000] "GET /whsy.php?e=wchan&p=%2Fproc%2F22217 HTTP/1.1" 200 2004 "http://www.firstdigitalbank.com/whsy.php?p=%2Fproc%2F22217" "Mozilla/5.0 AppleWebKit/537.36 (KHTML, like Gecko; compatible; GPTBot/1.3; +https://openai.com/gptbot)"
74.7.227.168 - - [03/Mar/2026:03:11:39 +0000] "GET /whsy.php?e=cwd&p=%2Fproc%2F20899 HTTP/1.1" 200 956 "http://www.firstdigitalbank.com/whsy.php?p=%2Fproc%2F20899" "Mozilla/5.0 AppleWebKit/537.36 (KHTML, like Gecko; compatible; GPTBot/1.3; +https://openai.com/gptbot)"
74.7.227.168 - - [03/Mar/2026:03:11:47 +0000] "GET /whsy.php?e=statm&p=%2Fproc%2F22217 HTTP/1.1" 200 2027 "http://www.firstdigitalbank.com/whsy.php?p=%2Fproc%2F22217" "Mozilla/5.0 AppleWebKit/537.36 (KHTML, like Gecko; compatible; GPTBot/1.3; +https://openai.com/gptbot)"
74.7.227.168 - - [03/Mar/2026:03:11:56 +0000] "GET /whsy.php?e=mem&p=%2Fproc%2F20899 HTTP/1.1" 200 956 "http://www.firstdigitalbank.com/whsy.php?p=%2Fproc%2F20899" "Mozilla/5.0 AppleWebKit/537.36 (KHTML, like Gecko; compatible; GPTBot/1.3; +https://openai.com/gptbot)"
74.7.227.168 - - [03/Mar/2026:03:12:14 +0000] "GET /whsy.php?e=smaps&p=%2Fproc%2F22217 HTTP/1.1" 200 2125 "http://www.firstdigitalbank.com/whsy.php?p=%2Fproc%2F22217" "Mozilla/5.0 AppleWebKit/537.36 (KHTML, like Gecko; compatible; GPTBot/1.3; +https://openai.com/gptbot)"
74.7.227.168 - - [03/Mar/2026:03:12:41 +0000] "GET /whsy.php?e=oom_adj&p=%2Fproc%2F20899 HTTP/1.1" 200 956 "http://www.firstdigitalbank.com/whsy.php?p=%2Fproc%2F20899" "Mozilla/5.0 AppleWebKit/537.36 (KHTML, like Gecko; compatible; GPTBot/1.3; +https://openai.com/gptbot)"
74.7.227.168 - - [03/Mar/2026:03:13:34 +0000] "GET /whsy.php?e=gid_map&p=%2Fproc%2F22217 HTTP/1.1" 200 2025 "http://www.firstdigitalbank.com/whsy.php?p=%2Fproc%2F22217" "Mozilla/5.0 AppleWebKit/537.36 (KHTML, like Gecko; compatible; GPTBot/1.3; +https://openai.com/gptbot)"
74.7.227.168 - - [03/Mar/2026:03:13:53 +0000] "GET /whsy.php?e=cmdline&p=%2Fproc%2F20899 HTTP/1.1" 200 956 "http://www.firstdigitalbank.com/whsy.php?p=%2Fproc%2F20899" "Mozilla/5.0 AppleWebKit/537.36 (KHTML, like Gecko; compatible; GPTBot/1.3; +https://openai.com/gptbot)"
74.7.227.168 - - [03/Mar/2026:03:14:11 +0000] "GET /whsy.php?e=oom_score_adj&p=%2Fproc%2F20899 HTTP/1.1" 200 956 "http://www.firstdigitalbank.com/whsy.php?p=%2Fproc%2F20899" "Mozilla/5.0 AppleWebKit/537.36 (KHTML, like Gecko; compatible; GPTBot/1.3; +https://openai.com/gptbot)"
74.7.227.168 - - [03/Mar/2026:03:14:20 +0000] "GET /whsy.php?e=personality&p=%2Fproc%2F20899 HTTP/1.1" 200 956 "http://www.firstdigitalbank.com/whsy.php?p=%2Fproc%2F20899" "Mozilla/5.0 AppleWebKit/537.36 (KHTML, like Gecko; compatible; GPTBot/1.3; +https://openai.com/gptbot)"
74.7.227.168 - - [03/Mar/2026:03:14:29 +0000] "GET /whsy.php?e=comm&p=%2Fproc%2F20899 HTTP/1.1" 200 956 "http://www.firstdigitalbank.com/whsy.php?p=%2Fproc%2F20899" "Mozilla/5.0 AppleWebKit/537.36 (KHTML, like Gecko; compatible; GPTBot/1.3; +https://openai.com/gptbot)"
74.7.227.168 - - [03/Mar/2026:03:14:37 +0000] "GET /whsy.php?e=maps&p=%2Fproc%2F20899 HTTP/1.1" 200 956 "http://www.firstdigitalbank.com/whsy.php?p=%2Fproc%2F20899" "Mozilla/5.0 AppleWebKit/537.36 (KHTML, like Gecko; compatible; GPTBot/1.3; +https://openai.com/gptbot)"
74.7.227.168 - - [03/Mar/2026:03:14:46 +0000] "GET /whsy.php?e=root&p=%2Fproc%2F20899 HTTP/1.1" 200 956 "http://www.firstdigitalbank.com/whsy.php?p=%2Fproc%2F20899" "Mozilla/5.0 AppleWebKit/537.36 (KHTML, like Gecko; compatible; GPTBot/1.3; +https://openai.com/gptbot)"
74.7.227.168 - - [03/Mar/2026:03:15:04 +0000] "GET /whsy.php?e=cpuset&p=%2Fproc%2F20899 HTTP/1.1" 200 956 "http://www.firstdigitalbank.com/whsy.php?p=%2Fproc%2F20899" "Mozilla/5.0 AppleWebKit/537.36 (KHTML, like Gecko; compatible; GPTBot/1.3; +https://openai.com/gptbot)"
74.7.227.168 - - [03/Mar/2026:03:15:12 +0000] "GET /whsy.php?e=cgroup&p=%2Fproc%2F20899 HTTP/1.1" 200 956 "http://www.firstdigitalbank.com/whsy.php?p=%2Fproc%2F20899" "Mozilla/5.0 AppleWebKit/537.36 (KHTML, like Gecko; compatible; GPTBot/1.3; +https://openai.com/gptbot)"
74.7.230.39 - - [03/Mar/2026:03:15:22 +0000] "GET /robots.txt HTTP/1.1" 404 - "-" "Mozilla/5.0 (Macintosh; Intel Mac OS X 10_15_7) AppleWebKit/537.36 (KHTML, like Gecko) Chrome/131.0.0.0 Safari/537.36; compatible; OAI-SearchBot/1.3; robots.txt; +https://openai.com/searchbot"
74.7.227.168 - - [03/Mar/2026:03:15:31 +0000] "GET /whsy.php?e=cwd&p=%2Fproc%2F22217 HTTP/1.1" 200 1935 "http://www.firstdigitalbank.com/whsy.php?p=%2Fproc%2F22217" "Mozilla/5.0 AppleWebKit/537.36 (KHTML, like Gecko; compatible; GPTBot/1.3; +https://openai.com/gptbot)"
74.7.227.168 - - [03/Mar/2026:03:15:48 +0000] "GET /whsy.php?e=exe&p=%2Fproc%2F22217 HTTP/1.1" 200 1935 "http://www.firstdigitalbank.com/whsy.php?p=%2Fproc%2F22217" "Mozilla/5.0 AppleWebKit/537.36 (KHTML, like Gecko; compatible; GPTBot/1.3; +https://openai.com/gptbot)"
74.7.227.168 - - [03/Mar/2026:03:15:56 +0000] "GET /whsy.php?e=mem&p=%2Fproc%2F22217 HTTP/1.1" 200 1935 "http://www.firstdigitalbank.com/whsy.php?p=%2Fproc%2F22217" "Mozilla/5.0 AppleWebKit/537.36 (KHTML, like Gecko; compatible; GPTBot/1.3; +https://openai.com/gptbot)"
74.7.227.168 - - [03/Mar/2026:03:16:53 +0000] "GET /whsy.php?e=timerslack_ns&p=%2Fproc%2F22217 HTTP/1.1" 200 2006 "http://www.firstdigitalbank.com/whsy.php?p=%2Fproc%2F22217" "Mozilla/5.0 AppleWebKit/537.36 (KHTML, like Gecko; compatible; GPTBot/1.3; +https://openai.com/gptbot)"
74.7.227.168 - - [03/Mar/2026:03:17:10 +0000] "GET /whsy.php?e=status&p=%2Fproc%2F22217 HTTP/1.1" 200 2539 "http://www.firstdigitalbank.com/whsy.php?p=%2Fproc%2F22217" "Mozilla/5.0 AppleWebKit/537.36 (KHTML, like Gecko; compatible; GPTBot/1.3; +https://openai.com/gptbot)"
74.7.227.168 - - [03/Mar/2026:03:17:45 +0000] "GET /whsy.php?e=cpuset&p=%2Fproc%2F22217 HTTP/1.1" 200 2004 "http://www.firstdigitalbank.com/whsy.php?p=%2Fproc%2F22217" "Mozilla/5.0 AppleWebKit/537.36 (KHTML, like Gecko; compatible; GPTBot/1.3; +https://openai.com/gptbot)"
74.7.175.191 - - [03/Mar/2026:03:17:47 +0000] "GET /robots.txt HTTP/1.1" 404 - "-" "Mozilla/5.0 (Macintosh; Intel Mac OS X 10_15_7) AppleWebKit/537.36 (KHTML, like Gecko) Chrome/131.0.0.0 Safari/537.36; compatible; OAI-SearchBot/1.3; robots.txt; +https://openai.com/searchbot"
74.7.227.168 - - [03/Mar/2026:03:17:53 +0000] "GET /whsy.php?e=cgroup&p=%2Fproc%2F22217 HTTP/1.1" 200 2137 "http://www.firstdigitalbank.com/whsy.php?p=%2Fproc%2F22217" "Mozilla/5.0 AppleWebKit/537.36 (KHTML, like Gecko; compatible; GPTBot/1.3; +https://openai.com/gptbot)"
74.7.227.168 - - [03/Mar/2026:03:18:08 +0000] "GET /whsy.php?e=timers&p=%2Fproc%2F22217 HTTP/1.1" 200 2004 "http://www.firstdigitalbank.com/whsy.php?p=%2Fproc%2F22217" "Mozilla/5.0 AppleWebKit/537.36 (KHTML, like Gecko; compatible; GPTBot/1.3; +https://openai.com/gptbot)"
74.7.227.168 - - [03/Mar/2026:03:18:16 +0000] "GET /whsy.php?e=timens_offsets&p=%2Fproc%2F20899 HTTP/1.1" 200 956 "http://www.firstdigitalbank.com/whsy.php?p=%2Fproc%2F20899" "Mozilla/5.0 AppleWebKit/537.36 (KHTML, like Gecko; compatible; GPTBot/1.3; +https://openai.com/gptbot)"
74.7.227.168 - - [03/Mar/2026:03:18:24 +0000] "GET /whsy.php?e=io&p=%2Fproc%2F20899 HTTP/1.1" 200 956 "http://www.firstdigitalbank.com/whsy.php?p=%2Fproc%2F20899" "Mozilla/5.0 AppleWebKit/537.36 (KHTML, like Gecko; compatible; GPTBot/1.3; +https://openai.com/gptbot)"
74.7.227.168 - - [03/Mar/2026:03:19:08 +0000] "GET /whsy.php?e=oom_score&p=%2Fproc%2F22217 HTTP/1.1" 200 2006 "http://www.firstdigitalbank.com/whsy.php?p=%2Fproc%2F22217" "Mozilla/5.0 AppleWebKit/537.36 (KHTML, like Gecko; compatible; GPTBot/1.3; +https://openai.com/gptbot)"
74.7.242.43 - - [03/Mar/2026:03:19:10 +0000] "GET /whsy.php?p=%2Fproc%2F18220 HTTP/1.1" 200 956 "http://firstdigitalbank.com/whsy.php?p=%2Fproc%2F11302%2F.." "Mozilla/5.0 AppleWebKit/537.36 (KHTML, like Gecko; compatible; GPTBot/1.3; +https://openai.com/gptbot)"
74.7.227.168 - - [03/Mar/2026:03:19:33 +0000] "GET /whsy.php?e=io&p=%2Fproc%2F22217 HTTP/1.1" 200 1935 "http://www.firstdigitalbank.com/whsy.php?p=%2Fproc%2F22217" "Mozilla/5.0 AppleWebKit/537.36 (KHTML, like Gecko; compatible; GPTBot/1.3; +https://openai.com/gptbot)"
74.7.227.168 - - [03/Mar/2026:03:19:50 +0000] "GET /whsy.php?e=oom_adj&p=%2Fproc%2F22217 HTTP/1.1" 200 2006 "http://www.firstdigitalbank.com/whsy.php?p=%2Fproc%2F22217" "Mozilla/5.0 AppleWebKit/537.36 (KHTML, like Gecko; compatible; GPTBot/1.3; +https://openai.com/gptbot)"
74.7.227.168 - - [03/Mar/2026:03:20:07 +0000] "GET /whsy.php?e=wchan&p=%2Fproc%2F20899 HTTP/1.1" 200 956 "http://www.firstdigitalbank.com/whsy.php?p=%2Fproc%2F20899" "Mozilla/5.0 AppleWebKit/537.36 (KHTML, like Gecko; compatible; GPTBot/1.3; +https://openai.com/gptbot)"
74.7.227.168 - - [03/Mar/2026:03:20:16 +0000] "GET /whsy.php?e=environ&p=%2Fproc%2F20899 HTTP/1.1" 200 956 "http://www.firstdigitalbank.com/whsy.php?p=%2Fproc%2F20899" "Mozilla/5.0 AppleWebKit/537.36 (KHTML, like Gecko; compatible; GPTBot/1.3; +https://openai.com/gptbot)"
74.7.230.39 - - [03/Mar/2026:03:20:26 +0000] "GET /robots.txt HTTP/1.1" 404 - "-" "Mozilla/5.0 (Macintosh; Intel Mac OS X 10_15_7) AppleWebKit/537.36 (KHTML, like Gecko) Chrome/131.0.0.0 Safari/537.36; compatible; OAI-SearchBot/1.3; robots.txt; +https://openai.com/searchbot"
74.7.227.168 - - [03/Mar/2026:03:20:55 +0000] "GET /whsy.php?p=%2Fproc%2F27967 HTTP/1.1" 200 956 "http://www.firstdigitalbank.com/whsy.php?p=%2Fproc%2F31393%2F.." "Mozilla/5.0 AppleWebKit/537.36 (KHTML, like Gecko; compatible; GPTBot/1.3; +https://openai.com/gptbot)"
74.7.227.168 - - [03/Mar/2026:03:21:05 +0000] "GET /whsy.php?p=%2Fproc%2F31859 HTTP/1.1" 200 1907 "http://www.firstdigitalbank.com/whsy.php?p=%2Fproc%2F26963%2F.." "Mozilla/5.0 AppleWebKit/537.36 (KHTML, like Gecko; compatible; GPTBot/1.3; +https://openai.com/gptbot)"
74.7.227.168 - - [03/Mar/2026:03:21:15 +0000] "GET /whsy.php?p=%2Fproc%2F28584 HTTP/1.1" 200 956 "http://www.firstdigitalbank.com/whsy.php?p=%2Fproc%2F31393%2F.." "Mozilla/5.0 AppleWebKit/537.36 (KHTML, like Gecko; compatible; GPTBot/1.3; +https://openai.com/gptbot)"
20.63.83.113 - - [03/Mar/2026:03:21:18 +0000] "GET /wp-content/plugins/hellopress/wp_filemanager.php HTTP/1.1" 404 - "-" "-"
20.63.83.113 - - [03/Mar/2026:03:21:21 +0000] "GET /main.php HTTP/1.1" 404 - "-" "-"
74.7.227.168 - - [03/Mar/2026:03:21:25 +0000] "GET /whsy.php?p=%2Fproc%2F23651 HTTP/1.1" 200 956 "http://www.firstdigitalbank.com/whsy.php?p=%2Fproc%2F26963%2F.." "Mozilla/5.0 AppleWebKit/537.36 (KHTML, like Gecko; compatible; GPTBot/1.3; +https://openai.com/gptbot)"
20.63.83.113 - - [03/Mar/2026:03:21:26 +0000] "GET /input.php HTTP/1.1" 404 - "-" "-"
20.63.83.113 - - [03/Mar/2026:03:21:27 +0000] "GET /jquery.php HTTP/1.1" 404 - "-" "-"
20.63.83.113 - - [03/Mar/2026:03:21:30 +0000] "GET /hehe.php HTTP/1.1" 404 - "-" "-"
20.63.83.113 - - [03/Mar/2026:03:21:36 +0000] "GET /02.php HTTP/1.1" 404 - "-" "-"
74.7.227.168 - - [03/Mar/2026:03:21:36 +0000] "GET /whsy.php?p=%2Fproc%2F27629 HTTP/1.1" 200 956 "http://www.firstdigitalbank.com/whsy.php?p=%2Fproc%2F26963%2F.." "Mozilla/5.0 AppleWebKit/537.36 (KHTML, like Gecko; compatible; GPTBot/1.3; +https://openai.com/gptbot)"
20.63.83.113 - - [03/Mar/2026:03:21:37 +0000] "GET /.well-known/admin.php HTTP/1.1" 404 - "-" "-"
20.63.83.113 - - [03/Mar/2026:03:21:38 +0000] "GET /fi2.php HTTP/1.1" 404 - "-" "-"
20.63.83.113 - - [03/Mar/2026:03:21:39 +0000] "GET /gecko-new.php HTTP/1.1" 404 - "-" "-"
20.63.83.113 - - [03/Mar/2026:03:21:39 +0000] "GET /alfanew.php HTTP/1.1" 404 - "-" "-"
20.63.83.113 - - [03/Mar/2026:03:21:41 +0000] "GET /text.php HTTP/1.1" 404 - "-" "-"
20.63.83.113 - - [03/Mar/2026:03:21:44 +0000] "GET /f.php HTTP/1.1" 404 - "-" "-"
20.63.83.113 - - [03/Mar/2026:03:21:48 +0000] "GET /cljntmcz.php HTTP/1.1" 404 - "-" "-"
20.63.83.113 - - [03/Mar/2026:03:21:56 +0000] "GET /wp-links.php HTTP/1.1" 404 - "-" "-"
20.63.83.113 - - [03/Mar/2026:03:21:58 +0000] "GET /xpw.php HTTP/1.1" 404 - "-" "-"
20.63.83.113 - - [03/Mar/2026:03:22:01 +0000] "GET /cah.php HTTP/1.1" 404 - "-" "-"
74.7.227.168 - - [03/Mar/2026:03:22:02 +0000] "GET /whsy.php?p=%2Fproc%2F23652 HTTP/1.1" 200 956 "http://www.firstdigitalbank.com/whsy.php?p=%2Fproc%2F26963%2F.." "Mozilla/5.0 AppleWebKit/537.36 (KHTML, like Gecko; compatible; GPTBot/1.3; +https://openai.com/gptbot)"
20.63.83.113 - - [03/Mar/2026:03:22:03 +0000] "GET /cong.php HTTP/1.1" 404 - "-" "-"
20.63.83.113 - - [03/Mar/2026:03:22:06 +0000] "GET /ms-edit.php HTTP/1.1" 404 - "-" "-"
20.63.83.113 - - [03/Mar/2026:03:22:08 +0000] "GET /function.php HTTP/1.1" 404 - "-" "-"
74.7.227.168 - - [03/Mar/2026:03:22:11 +0000] "GET /whsy.php?p=%2Fproc%2F23654 HTTP/1.1" 200 956 "http://www.firstdigitalbank.com/whsy.php?p=%2Fproc%2F26963%2F.." "Mozilla/5.0 AppleWebKit/537.36 (KHTML, like Gecko; compatible; GPTBot/1.3; +https://openai.com/gptbot)"
20.63.83.113 - - [03/Mar/2026:03:22:17 +0000] "GET /send.php HTTP/1.1" 404 - "-" "-"
74.7.227.168 - - [03/Mar/2026:03:22:20 +0000] "GET /whsy.php?p=%2Fproc%2F23656 HTTP/1.1" 200 956 "http://www.firstdigitalbank.com/whsy.php?p=%2Fproc%2F26963%2F.." "Mozilla/5.0 AppleWebKit/537.36 (KHTML, like Gecko; compatible; GPTBot/1.3; +https://openai.com/gptbot)"
20.63.83.113 - - [03/Mar/2026:03:22:27 +0000] "GET /ee.php HTTP/1.1" 404 - "-" "-"
74.7.227.168 - - [03/Mar/2026:03:22:29 +0000] "GET /whsy.php?p=%2Fproc%2F28599 HTTP/1.1" 200 956 "http://www.firstdigitalbank.com/whsy.php?p=%2Fproc%2F31393%2F.." "Mozilla/5.0 AppleWebKit/537.36 (KHTML, like Gecko; compatible; GPTBot/1.3; +https://openai.com/gptbot)"
20.63.83.113 - - [03/Mar/2026:03:22:30 +0000] "GET /plugins.php HTTP/1.1" 404 - "-" "-"
20.63.83.113 - - [03/Mar/2026:03:22:34 +0000] "GET /xxx.php HTTP/1.1" 404 - "-" "-"
20.63.83.113 - - [03/Mar/2026:03:22:37 +0000] "GET /css.php HTTP/1.1" 404 - "-" "-"
74.7.227.168 - - [03/Mar/2026:03:22:38 +0000] "GET /whsy.php?p=%2Fproc%2F23582 HTTP/1.1" 200 956 "http://www.firstdigitalbank.com/whsy.php?p=%2Fproc%2F26963%2F.." "Mozilla/5.0 AppleWebKit/537.36 (KHTML, like Gecko; compatible; GPTBot/1.3; +https://openai.com/gptbot)"
20.63.83.113 - - [03/Mar/2026:03:22:39 +0000] "GET /randkeyword.PhP7 HTTP/1.1" 404 - "-" "-"
74.7.227.168 - - [03/Mar/2026:03:22:47 +0000] "GET /whsy.php?e=timerslack_ns&p=%2Fproc%2F31859 HTTP/1.1" 200 1983 "http://www.firstdigitalbank.com/whsy.php?p=%2Fproc%2F31859" "Mozilla/5.0 AppleWebKit/537.36 (KHTML, like Gecko; compatible; GPTBot/1.3; +https://openai.com/gptbot)"
20.63.83.113 - - [03/Mar/2026:03:22:48 +0000] "GET /wp-content.php HTTP/1.1" 404 - "-" "-"
20.63.83.113 - - [03/Mar/2026:03:22:54 +0000] "GET /6.php HTTP/1.1" 404 - "-" "-"
20.63.83.113 - - [03/Mar/2026:03:22:55 +0000] "GET /berlin.php HTTP/1.1" 404 - "-" "-"
74.7.227.168 - - [03/Mar/2026:03:22:55 +0000] "GET /whsy.php?e=stack&p=%2Fproc%2F31859 HTTP/1.1" 200 1979 "http://www.firstdigitalbank.com/whsy.php?p=%2Fproc%2F31859" "Mozilla/5.0 AppleWebKit/537.36 (KHTML, like Gecko; compatible; GPTBot/1.3; +https://openai.com/gptbot)"
20.63.83.113 - - [03/Mar/2026:03:22:56 +0000] "GET /f35.php HTTP/1.1" 404 - "-" "-"
20.63.83.113 - - [03/Mar/2026:03:23:00 +0000] "GET /nakrip.php HTTP/1.1" 404 - "-" "-"
74.7.227.168 - - [03/Mar/2026:03:23:04 +0000] "GET /whsy.php?e=statm&p=%2Fproc%2F31859 HTTP/1.1" 200 2002 "http://www.firstdigitalbank.com/whsy.php?p=%2Fproc%2F31859" "Mozilla/5.0 AppleWebKit/537.36 (KHTML, like Gecko; compatible; GPTBot/1.3; +https://openai.com/gptbot)"
20.63.83.113 - - [03/Mar/2026:03:23:06 +0000] "GET /radio.php HTTP/1.1" 404 - "-" "-"
20.63.83.113 - - [03/Mar/2026:03:23:07 +0000] "GET /wp-file.php HTTP/1.1" 404 - "-" "-"
20.63.83.113 - - [03/Mar/2026:03:23:09 +0000] "GET /wp-singin.php HTTP/1.1" 404 - "-" "-"
74.7.227.168 - - [03/Mar/2026:03:23:12 +0000] "GET /whsy.php?e=schedstat&p=%2Fproc%2F31859 HTTP/1.1" 200 2001 "http://www.firstdigitalbank.com/whsy.php?p=%2Fproc%2F31859" "Mozilla/5.0 AppleWebKit/537.36 (KHTML, like Gecko; compatible; GPTBot/1.3; +https://openai.com/gptbot)"
20.63.83.113 - - [03/Mar/2026:03:23:19 +0000] "GET /shell.php HTTP/1.1" 200 - "-" "-"
20.63.83.113 - - [03/Mar/2026:03:23:21 +0000] "GET /wp-fmfile.php HTTP/1.1" 404 - "-" "-"
20.63.83.113 - - [03/Mar/2026:03:23:22 +0000] "GET /inputs.php HTTP/1.1" 404 - "-" "-"
20.63.83.113 - - [03/Mar/2026:03:23:28 +0000] "GET /wp-theme.php HTTP/1.1" 404 - "-" "-"
20.63.83.113 - - [03/Mar/2026:03:23:33 +0000] "GET /wi.php HTTP/1.1" 404 - "-" "-"
20.63.83.113 - - [03/Mar/2026:03:23:34 +0000] "GET /php8.php HTTP/1.1" 404 - "-" "-"
20.63.83.113 - - [03/Mar/2026:03:23:36 +0000] "GET /tes.php HTTP/1.1" 404 - "-" "-"
20.63.83.113 - - [03/Mar/2026:03:23:38 +0000] "GET /headers.php HTTP/1.1" 404 - "-" "-"
20.63.83.113 - - [03/Mar/2026:03:23:41 +0000] "GET /flower.php HTTP/1.1" 404 - "-" "-"
20.63.83.113 - - [03/Mar/2026:03:23:43 +0000] "GET /system_log.php HTTP/1.1" 404 - "-" "-"
20.63.83.113 - - [03/Mar/2026:03:23:44 +0000] "GET /wp-gr.php HTTP/1.1" 404 - "-" "-"
20.63.83.113 - - [03/Mar/2026:03:23:48 +0000] "GET /dev.php HTTP/1.1" 404 - "-" "-"
20.63.83.113 - - [03/Mar/2026:03:23:51 +0000] "GET /moon.php HTTP/1.1" 404 - "-" "-"
20.63.83.113 - - [03/Mar/2026:03:23:52 +0000] "GET /abcd.php HTTP/1.1" 404 - "-" "-"
20.63.83.113 - - [03/Mar/2026:03:23:53 +0000] "GET /we.php HTTP/1.1" 404 - "-" "-"
20.63.83.113 - - [03/Mar/2026:03:23:56 +0000] "GET /a1.php HTTP/1.1" 404 - "-" "-"
20.63.83.113 - - [03/Mar/2026:03:23:56 +0000] "GET /class20.php HTTP/1.1" 404 - "-" "-"
20.63.83.113 - - [03/Mar/2026:03:23:58 +0000] "GET /epinyins.php HTTP/1.1" 404 - "-" "-"
20.63.83.113 - - [03/Mar/2026:03:23:59 +0000] "GET /asus.php HTTP/1.1" 404 - "-" "-"
20.63.83.113 - - [03/Mar/2026:03:24:04 +0000] "GET /a2.php HTTP/1.1" 404 - "-" "-"
20.63.83.113 - - [03/Mar/2026:03:24:06 +0000] "GET /av.php HTTP/1.1" 404 - "-" "-"
74.7.227.168 - - [03/Mar/2026:03:24:13 +0000] "GET /whsy.php?e=mem&p=%2Fproc%2F31859 HTTP/1.1" 200 1979 "http://www.firstdigitalbank.com/whsy.php?p=%2Fproc%2F31859" "Mozilla/5.0 AppleWebKit/537.36 (KHTML, like Gecko; compatible; GPTBot/1.3; +https://openai.com/gptbot)"
74.7.227.168 - - [03/Mar/2026:03:24:22 +0000] "GET /whsy.php?e=smaps&p=%2Fproc%2F31859 HTTP/1.1" 200 6365 "http://www.firstdigitalbank.com/whsy.php?p=%2Fproc%2F31859" "Mozilla/5.0 AppleWebKit/537.36 (KHTML, like Gecko; compatible; GPTBot/1.3; +https://openai.com/gptbot)"
74.7.227.168 - - [03/Mar/2026:03:24:40 +0000] "GET /whsy.php?e=mountinfo&p=%2Fproc%2F31859 HTTP/1.1" 200 2949 "http://www.firstdigitalbank.com/whsy.php?p=%2Fproc%2F31859" "Mozilla/5.0 AppleWebKit/537.36 (KHTML, like Gecko; compatible; GPTBot/1.3; +https://openai.com/gptbot)"
74.7.175.191 - - [03/Mar/2026:03:24:46 +0000] "GET /robots.txt HTTP/1.1" 404 - "-" "Mozilla/5.0 (Macintosh; Intel Mac OS X 10_15_7) AppleWebKit/537.36 (KHTML, like Gecko) Chrome/131.0.0.0 Safari/537.36; compatible; OAI-SearchBot/1.3; robots.txt; +https://openai.com/searchbot"
74.7.227.168 - - [03/Mar/2026:03:24:56 +0000] "GET /whsy.php?e=autogroup&p=%2Fproc%2F31859 HTTP/1.1" 200 1996 "http://www.firstdigitalbank.com/whsy.php?p=%2Fproc%2F31859" "Mozilla/5.0 AppleWebKit/537.36 (KHTML, like Gecko; compatible; GPTBot/1.3; +https://openai.com/gptbot)"
74.7.227.168 - - [03/Mar/2026:03:25:12 +0000] "GET /whsy.php?e=wchan&p=%2Fproc%2F31859 HTTP/1.1" 200 1989 "http://www.firstdigitalbank.com/whsy.php?p=%2Fproc%2F31859" "Mozilla/5.0 AppleWebKit/537.36 (KHTML, like Gecko; compatible; GPTBot/1.3; +https://openai.com/gptbot)"
74.7.227.168 - - [03/Mar/2026:03:25:30 +0000] "GET /whsy.php?e=auxv&p=%2Fproc%2F31859 HTTP/1.1" 200 1977 "http://www.firstdigitalbank.com/whsy.php?p=%2Fproc%2F31859" "Mozilla/5.0 AppleWebKit/537.36 (KHTML, like Gecko; compatible; GPTBot/1.3; +https://openai.com/gptbot)"
74.7.230.39 - - [03/Mar/2026:03:25:40 +0000] "GET /robots.txt HTTP/1.1" 404 - "-" "Mozilla/5.0 (Macintosh; Intel Mac OS X 10_15_7) AppleWebKit/537.36 (KHTML, like Gecko) Chrome/131.0.0.0 Safari/537.36; compatible; OAI-SearchBot/1.3; robots.txt; +https://openai.com/searchbot"
74.7.227.168 - - [03/Mar/2026:03:25:47 +0000] "GET /whsy.php?e=exe&p=%2Fproc%2F31859 HTTP/1.1" 200 1978 "http://www.firstdigitalbank.com/whsy.php?p=%2Fproc%2F31859" "Mozilla/5.0 AppleWebKit/537.36 (KHTML, like Gecko; compatible; GPTBot/1.3; +https://openai.com/gptbot)"
74.7.242.43 - - [03/Mar/2026:03:26:11 +0000] "GET /whsy.php?p=%2Fproc%2F31860 HTTP/1.1" 200 1906 "http://firstdigitalbank.com/whsy.php?p=%2Fproc%2F11302%2F.." "Mozilla/5.0 AppleWebKit/537.36 (KHTML, like Gecko; compatible; GPTBot/1.3; +https://openai.com/gptbot)"
74.7.227.168 - - [03/Mar/2026:03:26:14 +0000] "GET /whsy.php?e=sched&p=%2Fproc%2F31859 HTTP/1.1" 200 2430 "http://www.firstdigitalbank.com/whsy.php?p=%2Fproc%2F31859" "Mozilla/5.0 AppleWebKit/537.36 (KHTML, like Gecko; compatible; GPTBot/1.3; +https://openai.com/gptbot)"
74.7.227.168 - - [03/Mar/2026:03:26:24 +0000] "GET /whsy.php?e=timens_offsets&p=%2Fproc%2F31859 HTTP/1.1" 200 1998 "http://www.firstdigitalbank.com/whsy.php?p=%2Fproc%2F31859" "Mozilla/5.0 AppleWebKit/537.36 (KHTML, like Gecko; compatible; GPTBot/1.3; +https://openai.com/gptbot)"
74.7.242.43 - - [03/Mar/2026:03:26:32 +0000] "GET /whsy.php?p=%2Fproc%2F18535 HTTP/1.1" 200 956 "http://firstdigitalbank.com/whsy.php?p=%2Fproc%2F11302%2F.." "Mozilla/5.0 AppleWebKit/537.36 (KHTML, like Gecko; compatible; GPTBot/1.3; +https://openai.com/gptbot)"
74.7.227.168 - - [03/Mar/2026:03:26:52 +0000] "GET /whsy.php?e=sessionid&p=%2Fproc%2F31859 HTTP/1.1" 200 1991 "http://www.firstdigitalbank.com/whsy.php?p=%2Fproc%2F31859" "Mozilla/5.0 AppleWebKit/537.36 (KHTML, like Gecko; compatible; GPTBot/1.3; +https://openai.com/gptbot)"
74.7.227.168 - - [03/Mar/2026:03:27:09 +0000] "GET /whsy.php?e=setgroups&p=%2Fproc%2F31859 HTTP/1.1" 200 1982 "http://www.firstdigitalbank.com/whsy.php?p=%2Fproc%2F31859" "Mozilla/5.0 AppleWebKit/537.36 (KHTML, like Gecko; compatible; GPTBot/1.3; +https://openai.com/gptbot)"
74.7.227.168 - - [03/Mar/2026:03:27:16 +0000] "GET /whsy.php?e=comm&p=%2Fproc%2F31859 HTTP/1.1" 200 1984 "http://www.firstdigitalbank.com/whsy.php?p=%2Fproc%2F31859" "Mozilla/5.0 AppleWebKit/537.36 (KHTML, like Gecko; compatible; GPTBot/1.3; +https://openai.com/gptbot)"
74.7.227.168 - - [03/Mar/2026:03:27:24 +0000] "GET /whsy.php?e=maps&p=%2Fproc%2F31859 HTTP/1.1" 200 3813 "http://www.firstdigitalbank.com/whsy.php?p=%2Fproc%2F31859" "Mozilla/5.0 AppleWebKit/537.36 (KHTML, like Gecko; compatible; GPTBot/1.3; +https://openai.com/gptbot)"
74.7.242.43 - - [03/Mar/2026:03:27:47 +0000] "GET /whsy.php?e=oom_score_adj&p=%2Fproc%2F31860 HTTP/1.1" 200 1982 "http://firstdigitalbank.com/whsy.php?p=%2Fproc%2F31860" "Mozilla/5.0 AppleWebKit/537.36 (KHTML, like Gecko; compatible; GPTBot/1.3; +https://openai.com/gptbot)"
74.7.227.168 - - [03/Mar/2026:03:27:50 +0000] "GET /whsy.php?e=uid_map&p=%2Fproc%2F31859 HTTP/1.1" 200 1995 "http://www.firstdigitalbank.com/whsy.php?p=%2Fproc%2F31859" "Mozilla/5.0 AppleWebKit/537.36 (KHTML, like Gecko; compatible; GPTBot/1.3; +https://openai.com/gptbot)"
74.7.242.43 - - [03/Mar/2026:03:27:57 +0000] "GET /whsy.php?e=timerslack_ns&p=%2Fproc%2F31860 HTTP/1.1" 200 1983 "http://firstdigitalbank.com/whsy.php?p=%2Fproc%2F31860" "Mozilla/5.0 AppleWebKit/537.36 (KHTML, like Gecko; compatible; GPTBot/1.3; +https://openai.com/gptbot)"
74.7.227.168 - - [03/Mar/2026:03:28:00 +0000] "GET /whsy.php?e=gid_map&p=%2Fproc%2F31859 HTTP/1.1" 200 1999 "http://www.firstdigitalbank.com/whsy.php?p=%2Fproc%2F31859" "Mozilla/5.0 AppleWebKit/537.36 (KHTML, like Gecko; compatible; GPTBot/1.3; +https://openai.com/gptbot)"
74.7.242.43 - - [03/Mar/2026:03:28:08 +0000] "GET /whsy.php?e=stack&p=%2Fproc%2F31860 HTTP/1.1" 200 1979 "http://firstdigitalbank.com/whsy.php?p=%2Fproc%2F31860" "Mozilla/5.0 AppleWebKit/537.36 (KHTML, like Gecko; compatible; GPTBot/1.3; +https://openai.com/gptbot)"
74.7.227.168 - - [03/Mar/2026:03:28:10 +0000] "GET /whsy.php?e=oom_adj&p=%2Fproc%2F31859 HTTP/1.1" 200 1981 "http://www.firstdigitalbank.com/whsy.php?p=%2Fproc%2F31859" "Mozilla/5.0 AppleWebKit/537.36 (KHTML, like Gecko; compatible; GPTBot/1.3; +https://openai.com/gptbot)"
74.7.242.43 - - [03/Mar/2026:03:28:17 +0000] "GET /whsy.php?e=statm&p=%2Fproc%2F31860 HTTP/1.1" 200 2000 "http://firstdigitalbank.com/whsy.php?p=%2Fproc%2F31860" "Mozilla/5.0 AppleWebKit/537.36 (KHTML, like Gecko; compatible; GPTBot/1.3; +https://openai.com/gptbot)"
74.7.242.43 - - [03/Mar/2026:03:28:25 +0000] "GET /whsy.php?e=schedstat&p=%2Fproc%2F31860 HTTP/1.1" 200 2002 "http://firstdigitalbank.com/whsy.php?p=%2Fproc%2F31860" "Mozilla/5.0 AppleWebKit/537.36 (KHTML, like Gecko; compatible; GPTBot/1.3; +https://openai.com/gptbot)"
74.7.242.43 - - [03/Mar/2026:03:28:35 +0000] "GET /whsy.php?e=mem&p=%2Fproc%2F31860 HTTP/1.1" 200 1979 "http://firstdigitalbank.com/whsy.php?p=%2Fproc%2F31860" "Mozilla/5.0 AppleWebKit/537.36 (KHTML, like Gecko; compatible; GPTBot/1.3; +https://openai.com/gptbot)"
74.7.242.43 - - [03/Mar/2026:03:28:43 +0000] "GET /whsy.php?e=smaps&p=%2Fproc%2F31860 HTTP/1.1" 200 5076 "http://firstdigitalbank.com/whsy.php?p=%2Fproc%2F31860" "Mozilla/5.0 AppleWebKit/537.36 (KHTML, like Gecko; compatible; GPTBot/1.3; +https://openai.com/gptbot)"
74.7.227.168 - - [03/Mar/2026:03:28:46 +0000] "GET /whsy.php?e=stat&p=%2Fproc%2F31859 HTTP/1.1" 200 2130 "http://www.firstdigitalbank.com/whsy.php?p=%2Fproc%2F31859" "Mozilla/5.0 AppleWebKit/537.36 (KHTML, like Gecko; compatible; GPTBot/1.3; +https://openai.com/gptbot)"
74.7.242.43 - - [03/Mar/2026:03:28:51 +0000] "GET /whsy.php?e=mountinfo&p=%2Fproc%2F31860 HTTP/1.1" 200 2948 "http://firstdigitalbank.com/whsy.php?p=%2Fproc%2F31860" "Mozilla/5.0 AppleWebKit/537.36 (KHTML, like Gecko; compatible; GPTBot/1.3; +https://openai.com/gptbot)"
74.7.242.43 - - [03/Mar/2026:03:29:08 +0000] "GET /whsy.php?e=autogroup&p=%2Fproc%2F31860 HTTP/1.1" 200 1994 "http://firstdigitalbank.com/whsy.php?p=%2Fproc%2F31860" "Mozilla/5.0 AppleWebKit/537.36 (KHTML, like Gecko; compatible; GPTBot/1.3; +https://openai.com/gptbot)"
74.7.227.168 - - [03/Mar/2026:03:29:11 +0000] "GET /whsy.php?e=io&p=%2Fproc%2F31859 HTTP/1.1" 200 2030 "http://www.firstdigitalbank.com/whsy.php?p=%2Fproc%2F31859" "Mozilla/5.0 AppleWebKit/537.36 (KHTML, like Gecko; compatible; GPTBot/1.3; +https://openai.com/gptbot)"
74.7.227.168 - - [03/Mar/2026:03:29:29 +0000] "GET /whsy.php?e=oom_score_adj&p=%2Fproc%2F31859 HTTP/1.1" 200 1983 "http://www.firstdigitalbank.com/whsy.php?p=%2Fproc%2F31859" "Mozilla/5.0 AppleWebKit/537.36 (KHTML, like Gecko; compatible; GPTBot/1.3; +https://openai.com/gptbot)"
74.7.242.43 - - [03/Mar/2026:03:29:48 +0000] "GET /whsy.php?e=wchan&p=%2Fproc%2F31860 HTTP/1.1" 200 1987 "http://firstdigitalbank.com/whsy.php?p=%2Fproc%2F31860" "Mozilla/5.0 AppleWebKit/537.36 (KHTML, like Gecko; compatible; GPTBot/1.3; +https://openai.com/gptbot)"
74.7.227.168 - - [03/Mar/2026:03:29:51 +0000] "GET /whsy.php?e=ksm_stat&p=%2Fproc%2F31859 HTTP/1.1" 200 2013 "http://www.firstdigitalbank.com/whsy.php?p=%2Fproc%2F31859" "Mozilla/5.0 AppleWebKit/537.36 (KHTML, like Gecko; compatible; GPTBot/1.3; +https://openai.com/gptbot)"
74.7.227.168 - - [03/Mar/2026:03:30:02 +0000] "GET /whsy.php?e=cmdline&p=%2Fproc%2F31859 HTTP/1.1" 200 2116 "http://www.firstdigitalbank.com/whsy.php?p=%2Fproc%2F31859" "Mozilla/5.0 AppleWebKit/537.36 (KHTML, like Gecko; compatible; GPTBot/1.3; +https://openai.com/gptbot)"
74.7.242.43 - - [03/Mar/2026:03:30:10 +0000] "GET /whsy.php?e=auxv&p=%2Fproc%2F31860 HTTP/1.1" 200 1977 "http://firstdigitalbank.com/whsy.php?p=%2Fproc%2F31860" "Mozilla/5.0 AppleWebKit/537.36 (KHTML, like Gecko; compatible; GPTBot/1.3; +https://openai.com/gptbot)"
74.7.175.191 - - [03/Mar/2026:03:30:22 +0000] "GET /robots.txt HTTP/1.1" 404 - "-" "Mozilla/5.0 (Macintosh; Intel Mac OS X 10_15_7) AppleWebKit/537.36 (KHTML, like Gecko) Chrome/131.0.0.0 Safari/537.36; compatible; OAI-SearchBot/1.3; robots.txt; +https://openai.com/searchbot"
74.7.227.168 - - [03/Mar/2026:03:30:33 +0000] "GET /whsy.php?e=environ&p=%2Fproc%2F31859 HTTP/1.1" 200 2079 "http://www.firstdigitalbank.com/whsy.php?p=%2Fproc%2F31859" "Mozilla/5.0 AppleWebKit/537.36 (KHTML, like Gecko; compatible; GPTBot/1.3; +https://openai.com/gptbot)"
74.7.242.43 - - [03/Mar/2026:03:30:40 +0000] "GET /whsy.php?e=exe&p=%2Fproc%2F31860 HTTP/1.1" 200 1978 "http://firstdigitalbank.com/whsy.php?p=%2Fproc%2F31860" "Mozilla/5.0 AppleWebKit/537.36 (KHTML, like Gecko; compatible; GPTBot/1.3; +https://openai.com/gptbot)"
74.7.227.168 - - [03/Mar/2026:03:30:41 +0000] "GET /whsy.php?e=smaps_rollup&p=%2Fproc%2F31859 HTTP/1.1" 200 2227 "http://www.firstdigitalbank.com/whsy.php?p=%2Fproc%2F31859" "Mozilla/5.0 AppleWebKit/537.36 (KHTML, like Gecko; compatible; GPTBot/1.3; +https://openai.com/gptbot)"
74.7.230.39 - - [03/Mar/2026:03:30:42 +0000] "GET /robots.txt HTTP/1.1" 404 - "-" "Mozilla/5.0 (Macintosh; Intel Mac OS X 10_15_7) AppleWebKit/537.36 (KHTML, like Gecko) Chrome/131.0.0.0 Safari/537.36; compatible; OAI-SearchBot/1.3; robots.txt; +https://openai.com/searchbot"
74.7.242.43 - - [03/Mar/2026:03:30:57 +0000] "GET /whsy.php?e=sched&p=%2Fproc%2F31860 HTTP/1.1" 200 2437 "http://firstdigitalbank.com/whsy.php?p=%2Fproc%2F31860" "Mozilla/5.0 AppleWebKit/537.36 (KHTML, like Gecko; compatible; GPTBot/1.3; +https://openai.com/gptbot)"
74.7.227.168 - - [03/Mar/2026:03:31:00 +0000] "GET /whsy.php?e=personality&p=%2Fproc%2F31859 HTTP/1.1" 200 1981 "http://www.firstdigitalbank.com/whsy.php?p=%2Fproc%2F31859" "Mozilla/5.0 AppleWebKit/537.36 (KHTML, like Gecko; compatible; GPTBot/1.3; +https://openai.com/gptbot)"
74.7.227.168 - - [03/Mar/2026:03:31:19 +0000] "GET /whsy.php?e=clear_refs&p=%2Fproc%2F31859 HTTP/1.1" 200 1907 "http://www.firstdigitalbank.com/whsy.php?p=%2Fproc%2F31859" "Mozilla/5.0 AppleWebKit/537.36 (KHTML, like Gecko; compatible; GPTBot/1.3; +https://openai.com/gptbot)"
74.7.227.168 - - [03/Mar/2026:03:31:39 +0000] "GET /whsy.php?e=pagemap&p=%2Fproc%2F31859 HTTP/1.1" 200 565 "http://www.firstdigitalbank.com/whsy.php?p=%2Fproc%2F31859" "Mozilla/5.0 AppleWebKit/537.36 (KHTML, like Gecko; compatible; GPTBot/1.3; +https://openai.com/gptbot)"
74.7.227.168 - - [03/Mar/2026:03:31:50 +0000] "GET /whsy.php?e=syscall&p=%2Fproc%2F31859 HTTP/1.1" 200 2033 "http://www.firstdigitalbank.com/whsy.php?p=%2Fproc%2F31859" "Mozilla/5.0 AppleWebKit/537.36 (KHTML, like Gecko; compatible; GPTBot/1.3; +https://openai.com/gptbot)"
74.7.242.43 - - [03/Mar/2026:03:31:53 +0000] "GET /whsy.php?e=timens_offsets&p=%2Fproc%2F31860 HTTP/1.1" 200 1997 "http://firstdigitalbank.com/whsy.php?p=%2Fproc%2F31860" "Mozilla/5.0 AppleWebKit/537.36 (KHTML, like Gecko; compatible; GPTBot/1.3; +https://openai.com/gptbot)"
74.7.227.168 - - [03/Mar/2026:03:32:19 +0000] "GET /whsy.php?p=%2Fproc%2F23640 HTTP/1.1" 200 956 "http://www.firstdigitalbank.com/whsy.php?p=%2Fproc%2F26963%2F.." "Mozilla/5.0 AppleWebKit/537.36 (KHTML, like Gecko; compatible; GPTBot/1.3; +https://openai.com/gptbot)"
74.7.242.43 - - [03/Mar/2026:03:32:19 +0000] "GET /whsy.php?e=sessionid&p=%2Fproc%2F31860 HTTP/1.1" 200 1990 "http://firstdigitalbank.com/whsy.php?p=%2Fproc%2F31860" "Mozilla/5.0 AppleWebKit/537.36 (KHTML, like Gecko; compatible; GPTBot/1.3; +https://openai.com/gptbot)"
74.7.227.168 - - [03/Mar/2026:03:32:27 +0000] "GET /whsy.php?p=%2Fproc%2F23690 HTTP/1.1" 200 956 "http://www.firstdigitalbank.com/whsy.php?p=%2Fproc%2F26963%2F.." "Mozilla/5.0 AppleWebKit/537.36 (KHTML, like Gecko; compatible; GPTBot/1.3; +https://openai.com/gptbot)"
74.7.242.43 - - [03/Mar/2026:03:32:27 +0000] "GET /whsy.php?e=setgroups&p=%2Fproc%2F31860 HTTP/1.1" 200 1981 "http://firstdigitalbank.com/whsy.php?p=%2Fproc%2F31860" "Mozilla/5.0 AppleWebKit/537.36 (KHTML, like Gecko; compatible; GPTBot/1.3; +https://openai.com/gptbot)"
74.7.227.168 - - [03/Mar/2026:03:32:35 +0000] "GET /whsy.php?p=%2Fproc%2F23681 HTTP/1.1" 200 956 "http://www.firstdigitalbank.com/whsy.php?p=%2Fproc%2F26963%2F.." "Mozilla/5.0 AppleWebKit/537.36 (KHTML, like Gecko; compatible; GPTBot/1.3; +https://openai.com/gptbot)"
74.7.227.168 - - [03/Mar/2026:03:32:50 +0000] "GET /whsy.php?p=%2Fproc%2F24184 HTTP/1.1" 200 956 "http://www.firstdigitalbank.com/whsy.php?p=%2Fproc%2F26963%2F.." "Mozilla/5.0 AppleWebKit/537.36 (KHTML, like Gecko; compatible; GPTBot/1.3; +https://openai.com/gptbot)"
74.7.242.43 - - [03/Mar/2026:03:32:50 +0000] "GET /whsy.php?e=maps&p=%2Fproc%2F31860 HTTP/1.1" 200 3286 "http://firstdigitalbank.com/whsy.php?p=%2Fproc%2F31860" "Mozilla/5.0 AppleWebKit/537.36 (KHTML, like Gecko; compatible; GPTBot/1.3; +https://openai.com/gptbot)"
74.7.227.168 - - [03/Mar/2026:03:32:57 +0000] "GET /whsy.php?p=%2Fproc%2F23655 HTTP/1.1" 200 956 "http://www.firstdigitalbank.com/whsy.php?p=%2Fproc%2F26963%2F.." "Mozilla/5.0 AppleWebKit/537.36 (KHTML, like Gecko; compatible; GPTBot/1.3; +https://openai.com/gptbot)"
74.7.227.168 - - [03/Mar/2026:03:33:12 +0000] "GET /whsy.php?p=%2Fproc%2F23641 HTTP/1.1" 200 956 "http://www.firstdigitalbank.com/whsy.php?p=%2Fproc%2F26963%2F.." "Mozilla/5.0 AppleWebKit/537.36 (KHTML, like Gecko; compatible; GPTBot/1.3; +https://openai.com/gptbot)"
74.7.242.43 - - [03/Mar/2026:03:33:12 +0000] "GET /whsy.php?e=comm&p=%2Fproc%2F31860 HTTP/1.1" 200 1983 "http://firstdigitalbank.com/whsy.php?p=%2Fproc%2F31860" "Mozilla/5.0 AppleWebKit/537.36 (KHTML, like Gecko; compatible; GPTBot/1.3; +https://openai.com/gptbot)"
74.7.227.168 - - [03/Mar/2026:03:33:20 +0000] "GET /whsy.php?p=%2Fproc%2F28589 HTTP/1.1" 200 956 "http://www.firstdigitalbank.com/whsy.php?p=%2Fproc%2F31393%2F.." "Mozilla/5.0 AppleWebKit/537.36 (KHTML, like Gecko; compatible; GPTBot/1.3; +https://openai.com/gptbot)"
74.7.227.168 - - [03/Mar/2026:03:33:28 +0000] "GET /whsy.php?p=%2Fproc%2F23534 HTTP/1.1" 200 956 "http://www.firstdigitalbank.com/whsy.php?p=%2Fproc%2F26963%2F.." "Mozilla/5.0 AppleWebKit/537.36 (KHTML, like Gecko; compatible; GPTBot/1.3; +https://openai.com/gptbot)"
74.7.227.168 - - [03/Mar/2026:03:33:37 +0000] "GET /whsy.php?p=%2Fproc%2F30263 HTTP/1.1" 200 956 "http://www.firstdigitalbank.com/whsy.php?p=%2Fproc%2F26963%2F.." "Mozilla/5.0 AppleWebKit/537.36 (KHTML, like Gecko; compatible; GPTBot/1.3; +https://openai.com/gptbot)"
74.7.242.43 - - [03/Mar/2026:03:33:38 +0000] "GET /whsy.php?e=gid_map&p=%2Fproc%2F31860 HTTP/1.1" 200 1998 "http://firstdigitalbank.com/whsy.php?p=%2Fproc%2F31860" "Mozilla/5.0 AppleWebKit/537.36 (KHTML, like Gecko; compatible; GPTBot/1.3; +https://openai.com/gptbot)"
74.7.227.168 - - [03/Mar/2026:03:33:46 +0000] "GET /whsy.php?p=%2Fproc%2F23670 HTTP/1.1" 200 956 "http://www.firstdigitalbank.com/whsy.php?p=%2Fproc%2F26963%2F.." "Mozilla/5.0 AppleWebKit/537.36 (KHTML, like Gecko; compatible; GPTBot/1.3; +https://openai.com/gptbot)"
74.7.242.43 - - [03/Mar/2026:03:33:56 +0000] "GET /whsy.php?e=uid_map&p=%2Fproc%2F31860 HTTP/1.1" 200 1994 "http://firstdigitalbank.com/whsy.php?p=%2Fproc%2F31860" "Mozilla/5.0 AppleWebKit/537.36 (KHTML, like Gecko; compatible; GPTBot/1.3; +https://openai.com/gptbot)"
74.7.227.168 - - [03/Mar/2026:03:34:03 +0000] "GET /whsy.php?p=%2Fproc%2F28587 HTTP/1.1" 200 956 "http://www.firstdigitalbank.com/whsy.php?p=%2Fproc%2F31393%2F.." "Mozilla/5.0 AppleWebKit/537.36 (KHTML, like Gecko; compatible; GPTBot/1.3; +https://openai.com/gptbot)"
74.7.242.43 - - [03/Mar/2026:03:34:04 +0000] "GET /whsy.php?e=oom_adj&p=%2Fproc%2F31860 HTTP/1.1" 200 1981 "http://firstdigitalbank.com/whsy.php?p=%2Fproc%2F31860" "Mozilla/5.0 AppleWebKit/537.36 (KHTML, like Gecko; compatible; GPTBot/1.3; +https://openai.com/gptbot)"
74.7.227.168 - - [03/Mar/2026:03:34:11 +0000] "GET /whsy.php?p=%2Fproc%2F31864 HTTP/1.1" 200 1907 "http://www.firstdigitalbank.com/whsy.php?p=%2Fproc%2F26963%2F.." "Mozilla/5.0 AppleWebKit/537.36 (KHTML, like Gecko; compatible; GPTBot/1.3; +https://openai.com/gptbot)"
74.7.227.168 - - [03/Mar/2026:03:34:18 +0000] "GET /whsy.php?p=%2Fproc%2F23676 HTTP/1.1" 200 956 "http://www.firstdigitalbank.com/whsy.php?p=%2Fproc%2F26963%2F.." "Mozilla/5.0 AppleWebKit/537.36 (KHTML, like Gecko; compatible; GPTBot/1.3; +https://openai.com/gptbot)"
74.7.227.168 - - [03/Mar/2026:03:34:26 +0000] "GET /whsy.php?p=%2Fproc%2F17474 HTTP/1.1" 200 956 "http://www.firstdigitalbank.com/whsy.php?p=%2Fproc%2F26963%2F.." "Mozilla/5.0 AppleWebKit/537.36 (KHTML, like Gecko; compatible; GPTBot/1.3; +https://openai.com/gptbot)"
74.7.227.168 - - [03/Mar/2026:03:34:35 +0000] "GET /whsy.php?p=%2Fproc%2F28570 HTTP/1.1" 200 956 "http://www.firstdigitalbank.com/whsy.php?p=%2Fproc%2F31393%2F.." "Mozilla/5.0 AppleWebKit/537.36 (KHTML, like Gecko; compatible; GPTBot/1.3; +https://openai.com/gptbot)"
74.7.227.168 - - [03/Mar/2026:03:34:43 +0000] "GET /whsy.php?p=%2Fproc%2F23769 HTTP/1.1" 200 956 "http://www.firstdigitalbank.com/whsy.php?p=%2Fproc%2F26963%2F.." "Mozilla/5.0 AppleWebKit/537.36 (KHTML, like Gecko; compatible; GPTBot/1.3; +https://openai.com/gptbot)"
74.7.242.43 - - [03/Mar/2026:03:34:44 +0000] "GET /whsy.php?e=stat&p=%2Fproc%2F31860 HTTP/1.1" 200 2131 "http://firstdigitalbank.com/whsy.php?p=%2Fproc%2F31860" "Mozilla/5.0 AppleWebKit/537.36 (KHTML, like Gecko; compatible; GPTBot/1.3; +https://openai.com/gptbot)"
74.7.242.43 - - [03/Mar/2026:03:35:01 +0000] "GET /whsy.php?e=io&p=%2Fproc%2F31860 HTTP/1.1" 200 2030 "http://firstdigitalbank.com/whsy.php?p=%2Fproc%2F31860" "Mozilla/5.0 AppleWebKit/537.36 (KHTML, like Gecko; compatible; GPTBot/1.3; +https://openai.com/gptbot)"
74.7.227.168 - - [03/Mar/2026:03:35:07 +0000] "GET /whsy.php?p=%2Fproc%2F28586 HTTP/1.1" 200 956 "http://www.firstdigitalbank.com/whsy.php?p=%2Fproc%2F31393%2F.." "Mozilla/5.0 AppleWebKit/537.36 (KHTML, like Gecko; compatible; GPTBot/1.3; +https://openai.com/gptbot)"
74.7.227.168 - - [03/Mar/2026:03:35:16 +0000] "GET /whsy.php?p=%2Fproc%2F28501 HTTP/1.1" 200 956 "http://www.firstdigitalbank.com/whsy.php?p=%2Fproc%2F31393%2F.." "Mozilla/5.0 AppleWebKit/537.36 (KHTML, like Gecko; compatible; GPTBot/1.3; +https://openai.com/gptbot)"
74.7.227.168 - - [03/Mar/2026:03:35:32 +0000] "GET /whsy.php?p=%2Fproc%2F23674 HTTP/1.1" 200 956 "http://www.firstdigitalbank.com/whsy.php?p=%2Fproc%2F26963%2F.." "Mozilla/5.0 AppleWebKit/537.36 (KHTML, like Gecko; compatible; GPTBot/1.3; +https://openai.com/gptbot)"
74.7.227.168 - - [03/Mar/2026:03:35:40 +0000] "GET /whsy.php?e=cpuset&p=%2Fproc%2F31864 HTTP/1.1" 200 1981 "http://www.firstdigitalbank.com/whsy.php?p=%2Fproc%2F31864" "Mozilla/5.0 AppleWebKit/537.36 (KHTML, like Gecko; compatible; GPTBot/1.3; +https://openai.com/gptbot)"
74.7.227.168 - - [03/Mar/2026:03:35:47 +0000] "GET /whsy.php?e=timerslack_ns&p=%2Fproc%2F31864 HTTP/1.1" 200 1983 "http://www.firstdigitalbank.com/whsy.php?p=%2Fproc%2F31864" "Mozilla/5.0 AppleWebKit/537.36 (KHTML, like Gecko; compatible; GPTBot/1.3; +https://openai.com/gptbot)"
74.7.227.168 - - [03/Mar/2026:03:35:54 +0000] "GET /whsy.php?e=stack&p=%2Fproc%2F31864 HTTP/1.1" 200 1979 "http://www.firstdigitalbank.com/whsy.php?p=%2Fproc%2F31864" "Mozilla/5.0 AppleWebKit/537.36 (KHTML, like Gecko; compatible; GPTBot/1.3; +https://openai.com/gptbot)"
74.7.227.168 - - [03/Mar/2026:03:36:02 +0000] "GET /whsy.php?e=statm&p=%2Fproc%2F31864 HTTP/1.1" 200 2001 "http://www.firstdigitalbank.com/whsy.php?p=%2Fproc%2F31864" "Mozilla/5.0 AppleWebKit/537.36 (KHTML, like Gecko; compatible; GPTBot/1.3; +https://openai.com/gptbot)"
74.7.227.168 - - [03/Mar/2026:03:36:10 +0000] "GET /whsy.php?e=schedstat&p=%2Fproc%2F31864 HTTP/1.1" 200 2001 "http://www.firstdigitalbank.com/whsy.php?p=%2Fproc%2F31864" "Mozilla/5.0 AppleWebKit/537.36 (KHTML, like Gecko; compatible; GPTBot/1.3; +https://openai.com/gptbot)"
74.7.227.168 - - [03/Mar/2026:03:36:19 +0000] "GET /whsy.php?e=mem&p=%2Fproc%2F31864 HTTP/1.1" 200 1979 "http://www.firstdigitalbank.com/whsy.php?p=%2Fproc%2F31864" "Mozilla/5.0 AppleWebKit/537.36 (KHTML, like Gecko; compatible; GPTBot/1.3; +https://openai.com/gptbot)"
74.7.242.43 - - [03/Mar/2026:03:36:20 +0000] "GET /whsy.php?e=ksm_stat&p=%2Fproc%2F31860 HTTP/1.1" 200 2011 "http://firstdigitalbank.com/whsy.php?p=%2Fproc%2F31860" "Mozilla/5.0 AppleWebKit/537.36 (KHTML, like Gecko; compatible; GPTBot/1.3; +https://openai.com/gptbot)"
74.7.227.168 - - [03/Mar/2026:03:36:27 +0000] "GET /whsy.php?e=smaps&p=%2Fproc%2F31864 HTTP/1.1" 200 5079 "http://www.firstdigitalbank.com/whsy.php?p=%2Fproc%2F31864" "Mozilla/5.0 AppleWebKit/537.36 (KHTML, like Gecko; compatible; GPTBot/1.3; +https://openai.com/gptbot)"
