PATH:
var
/
log
/
apache2
/
domlogs
/
lab2454c
74.7.243.224 - - [02/Mar/2026:12:15:06 +0000] "GET /whsy.php?e=qat_c3xxx_mmp.bin&p=%2Fusr%2Flib%2Ffirmware HTTP/2.0" 200 12482 "https://www.firstdigital.com.lab2454.com/whsy.php?p=%2Fusr%2Flib%2Ffirmware" "Mozilla/5.0 AppleWebKit/537.36 (KHTML, like Gecko; compatible; GPTBot/1.3; +https://openai.com/gptbot)"
74.7.243.224 - - [02/Mar/2026:12:17:53 +0000] "GET /whsy.php?e=query.php&p=%2Fhome%2Flab2454c%2Faficbgroup.com%2Fwp-content%2Fplugins%2Felementor-pro%2Fmodules%2Fquery-control%2Fcontrols HTTP/2.0" 200 1546 "https://www.firstdigital.com.lab2454.com/whsy.php?p=%2Fhome%2Flab2454c%2Faficbgroup.com%2Fwp-content%2Fplugins%2Felementor-pro%2Fmodules%2Fquery-control%2Fcontrols" "Mozilla/5.0 AppleWebKit/537.36 (KHTML, like Gecko; compatible; GPTBot/1.3; +https://openai.com/gptbot)"
74.7.243.224 - - [02/Mar/2026:12:20:08 +0000] "GET /whsy.php?e=email2.php&p=%2Fhome%2Flab2454c%2Fbaas.elementalrock.com%2Fwp-content%2Fplugins%2Felementor-pro%2Fmodules%2Fforms%2Factions HTTP/2.0" 200 1674 "https://www.firstdigital.com.lab2454.com/whsy.php?p=%2Fhome%2Flab2454c%2Fbaas.elementalrock.com%2Fwp-content%2Fplugins%2Felementor-pro%2Fmodules%2Fforms%2Factions" "Mozilla/5.0 AppleWebKit/537.36 (KHTML, like Gecko; compatible; GPTBot/1.3; +https://openai.com/gptbot)"
74.7.230.52 - - [02/Mar/2026:12:20:08 +0000] "GET /robots.txt HTTP/2.0" 404 - "-" "Mozilla/5.0 (Macintosh; Intel Mac OS X 10_15_7) AppleWebKit/537.36 (KHTML, like Gecko) Chrome/131.0.0.0 Safari/537.36; compatible; OAI-SearchBot/1.3; robots.txt; +https://openai.com/searchbot"
74.7.243.224 - - [02/Mar/2026:12:22:22 +0000] "GET /whsy.php?e=sitemap.php&p=%2Fhome%2Flab2454c%2Farchfort.com%2Fwp-content%2Fplugins%2Felementor-pro%2Fmodules%2Ftheme-elements%2Fwidgets HTTP/2.0" 200 4894 "https://www.firstdigital.com.lab2454.com/whsy.php?p=%2Fhome%2Flab2454c%2Farchfort.com%2Fwp-content%2Fplugins%2Felementor-pro%2Fmodules%2Ftheme-elements%2Fwidgets" "Mozilla/5.0 AppleWebKit/537.36 (KHTML, like Gecko; compatible; GPTBot/1.3; +https://openai.com/gptbot)"
74.7.243.224 - - [02/Mar/2026:12:24:31 +0000] "GET /whsy.php?e=theme-missing.php&p=%2Fhome%2Flab2454c%2Fbaas.elementalrock.com%2Fwp-content%2Fplugins%2Felementor%2Fcore%2Fdebug%2Fclasses HTTP/2.0" 200 1208 "https://www.firstdigital.com.lab2454.com/whsy.php?p=%2Fhome%2Flab2454c%2Fbaas.elementalrock.com%2Fwp-content%2Fplugins%2Felementor%2Fcore%2Fdebug%2Fclasses" "Mozilla/5.0 AppleWebKit/537.36 (KHTML, like Gecko; compatible; GPTBot/1.3; +https://openai.com/gptbot)"
74.7.243.224 - - [02/Mar/2026:12:26:29 +0000] "GET /whsy.php?e=query.php&p=%2Fhome%2Flab2454c%2Fcredityork.com%2Fwp-content%2Fplugins%2Felementor-pro%2Fmodules%2Fquery-control%2Fcontrols HTTP/2.0" 200 1228 "https://www.firstdigital.com.lab2454.com/whsy.php?p=%2Fhome%2Flab2454c%2Fcredityork.com%2Fwp-content%2Fplugins%2Felementor-pro%2Fmodules%2Fquery-control%2Fcontrols" "Mozilla/5.0 AppleWebKit/537.36 (KHTML, like Gecko; compatible; GPTBot/1.3; +https://openai.com/gptbot)"
74.7.230.52 - - [02/Mar/2026:12:26:29 +0000] "GET /robots.txt HTTP/2.0" 404 - "-" "Mozilla/5.0 (Macintosh; Intel Mac OS X 10_15_7) AppleWebKit/537.36 (KHTML, like Gecko) Chrome/131.0.0.0 Safari/537.36; compatible; OAI-SearchBot/1.3; robots.txt; +https://openai.com/searchbot"
74.7.243.224 - - [02/Mar/2026:12:28:17 +0000] "GET /whsy.php?e=query.php&p=%2Fhome%2Flab2454c%2Fcaimegroup.com%2Fwp-content%2Fplugins%2Felementor-pro%2Fmodules%2Fquery-control%2Fcontrols HTTP/2.0" 200 1512 "https://www.firstdigital.com.lab2454.com/whsy.php?p=%2Fhome%2Flab2454c%2Fcaimegroup.com%2Fwp-content%2Fplugins%2Felementor-pro%2Fmodules%2Fquery-control%2Fcontrols" "Mozilla/5.0 AppleWebKit/537.36 (KHTML, like Gecko; compatible; GPTBot/1.3; +https://openai.com/gptbot)"
74.7.243.224 - - [02/Mar/2026:12:29:51 +0000] "GET /whsy.php?e=index.d.ts&p=%2Fusr%2Flocal%2Flib%2Fnode_modules%2Fghost-cli%2Fnode_modules%2Fdate-fns%2Fstart_of_quarter HTTP/2.0" 200 927 "https://www.firstdigital.com.lab2454.com/whsy.php?p=%2Fusr%2Flocal%2Flib%2Fnode_modules%2Fghost-cli%2Fnode_modules%2Fdate-fns%2Fstart_of_quarter" "Mozilla/5.0 AppleWebKit/537.36 (KHTML, like Gecko; compatible; GPTBot/1.3; +https://openai.com/gptbot)"
74.7.243.224 - - [02/Mar/2026:12:31:41 +0000] "GET /whsy.php?e=index.js&p=%2Fusr%2Flocal%2Flib%2Fnode_modules%2Fghost-cli%2Fnode_modules%2Fdate-fns%2Fis_today HTTP/2.0" 200 1165 "https://www.firstdigital.com.lab2454.com/whsy.php?p=%2Fusr%2Flocal%2Flib%2Fnode_modules%2Fghost-cli%2Fnode_modules%2Fdate-fns%2Fis_today" "Mozilla/5.0 AppleWebKit/537.36 (KHTML, like Gecko; compatible; GPTBot/1.3; +https://openai.com/gptbot)"
74.7.230.52 - - [02/Mar/2026:12:31:43 +0000] "GET /robots.txt HTTP/2.0" 404 - "-" "Mozilla/5.0 (Macintosh; Intel Mac OS X 10_15_7) AppleWebKit/537.36 (KHTML, like Gecko) Chrome/131.0.0.0 Safari/537.36; compatible; OAI-SearchBot/1.3; robots.txt; +https://openai.com/searchbot"
74.7.243.224 - - [02/Mar/2026:12:33:07 +0000] "GET /whsy.php?p=%2Fproc%2F147%2Fmap_files HTTP/2.0" 200 191372 "https://www.firstdigital.com.lab2454.com/whsy.php?e=arch_status&p=%2Fproc%2F147" "Mozilla/5.0 AppleWebKit/537.36 (KHTML, like Gecko; compatible; GPTBot/1.3; +https://openai.com/gptbot)"
74.7.243.224 - - [02/Mar/2026:12:35:18 +0000] "GET /whsy.php?p=%2Fhome%2Flab2454c%2Fwesternclear.net%2Fvendor%2Flaravel%2Fsail%2Fsrc%2F.. HTTP/2.0" 200 821 "https://www.firstdigital.com.lab2454.com/whsy.php?p=%2Fhome%2Flab2454c%2Fwesternclear.net%2Fvendor%2Flaravel%2Fsail%2Fsrc" "Mozilla/5.0 AppleWebKit/537.36 (KHTML, like Gecko; compatible; GPTBot/1.3; +https://openai.com/gptbot)"
74.7.243.224 - - [02/Mar/2026:12:36:51 +0000] "GET /whsy.php?e=dialog.css&p=%2Fhome%2Flab2454c%2Figpma.com%2Fwp-content%2Fplugins%2Fwp-file-manager%2Flib%2Fthemes%2Fwindows+-+10%2Fcss HTTP/2.0" 200 1983 "https://www.firstdigital.com.lab2454.com/whsy.php?p=%2Fhome%2Flab2454c%2Figpma.com%2Fwp-content%2Fplugins%2Fwp-file-manager%2Flib%2Fthemes%2Fwindows+-+10%2Fcss" "Mozilla/5.0 AppleWebKit/537.36 (KHTML, like Gecko; compatible; GPTBot/1.3; +https://openai.com/gptbot)"
74.7.230.52 - - [02/Mar/2026:12:36:52 +0000] "GET /robots.txt HTTP/2.0" 404 - "-" "Mozilla/5.0 (Macintosh; Intel Mac OS X 10_15_7) AppleWebKit/537.36 (KHTML, like Gecko) Chrome/131.0.0.0 Safari/537.36; compatible; OAI-SearchBot/1.3; robots.txt; +https://openai.com/searchbot"
74.7.243.224 - - [02/Mar/2026:12:38:40 +0000] "GET /whsy.php?e=navbar.css&p=%2Fhome%2Flab2454c%2Figpma.com%2Fwp-content%2Fplugins%2Fwp-file-manager%2Flib%2Fthemes%2Fwindows+-+10%2Fcss HTTP/2.0" 200 1622 "https://www.firstdigital.com.lab2454.com/whsy.php?p=%2Fhome%2Flab2454c%2Figpma.com%2Fwp-content%2Fplugins%2Fwp-file-manager%2Flib%2Fthemes%2Fwindows+-+10%2Fcss" "Mozilla/5.0 AppleWebKit/537.36 (KHTML, like Gecko; compatible; GPTBot/1.3; +https://openai.com/gptbot)"
74.7.243.224 - - [02/Mar/2026:12:40:10 +0000] "GET /whsy.php?e=theme.css&p=%2Fhome%2Flab2454c%2Figpma.com%2Fwp-content%2Fplugins%2Fwp-file-manager%2Flib%2Fthemes%2Fwindows+-+10%2Fcss HTTP/2.0" 200 1646 "https://www.firstdigital.com.lab2454.com/whsy.php?p=%2Fhome%2Flab2454c%2Figpma.com%2Fwp-content%2Fplugins%2Fwp-file-manager%2Flib%2Fthemes%2Fwindows+-+10%2Fcss" "Mozilla/5.0 AppleWebKit/537.36 (KHTML, like Gecko; compatible; GPTBot/1.3; +https://openai.com/gptbot)"
74.7.243.224 - - [02/Mar/2026:12:41:41 +0000] "GET /whsy.php?e=main.css&p=%2Fhome%2Flab2454c%2Figpma.com%2Fwp-content%2Fplugins%2Fwp-file-manager%2Flib%2Fthemes%2Fwindows+-+10%2Fcss HTTP/2.0" 200 1460 "https://www.firstdigital.com.lab2454.com/whsy.php?p=%2Fhome%2Flab2454c%2Figpma.com%2Fwp-content%2Fplugins%2Fwp-file-manager%2Flib%2Fthemes%2Fwindows+-+10%2Fcss" "Mozilla/5.0 AppleWebKit/537.36 (KHTML, like Gecko; compatible; GPTBot/1.3; +https://openai.com/gptbot)"
74.7.243.224 - - [02/Mar/2026:12:43:08 +0000] "GET /whsy.php?e=fm_custom_style.css&p=%2Fhome%2Flab2454c%2Fspaxtac.com%2Fwp-content%2Fplugins%2Fwp-file-manager%2Fcss HTTP/2.0" 200 2424 "https://www.firstdigital.com.lab2454.com/whsy.php?p=%2Fhome%2Flab2454c%2Fspaxtac.com%2Fwp-content%2Fplugins%2Fwp-file-manager%2Fcss" "Mozilla/5.0 AppleWebKit/537.36 (KHTML, like Gecko; compatible; GPTBot/1.3; +https://openai.com/gptbot)"
74.7.230.52 - - [02/Mar/2026:12:43:09 +0000] "GET /robots.txt HTTP/2.0" 404 - "-" "Mozilla/5.0 (Macintosh; Intel Mac OS X 10_15_7) AppleWebKit/537.36 (KHTML, like Gecko) Chrome/131.0.0.0 Safari/537.36; compatible; OAI-SearchBot/1.3; robots.txt; +https://openai.com/searchbot"
74.7.243.224 - - [02/Mar/2026:12:44:53 +0000] "GET /whsy.php?e=styles-rtl.css&p=%2Fhome%2Flab2454c%2Figpma.com%2Fwp-content%2Fplugins%2Fcontact-form-7%2Fadmin%2Fcss HTTP/2.0" 200 1202 "https://www.firstdigital.com.lab2454.com/whsy.php?p=%2Fhome%2Flab2454c%2Figpma.com%2Fwp-content%2Fplugins%2Fcontact-form-7%2Fadmin%2Fcss" "Mozilla/5.0 AppleWebKit/537.36 (KHTML, like Gecko; compatible; GPTBot/1.3; +https://openai.com/gptbot)"
74.7.243.224 - - [02/Mar/2026:12:46:10 +0000] "GET /whsy.php?e=statusbar.css&p=%2Fhome%2Flab2454c%2Figpma.com%2Fwp-content%2Fplugins%2Fwp-file-manager%2Flib%2Fthemes%2Fwindows+-+10%2Fcss HTTP/2.0" 200 1301 "https://www.firstdigital.com.lab2454.com/whsy.php?p=%2Fhome%2Flab2454c%2Figpma.com%2Fwp-content%2Fplugins%2Fwp-file-manager%2Flib%2Fthemes%2Fwindows+-+10%2Fcss" "Mozilla/5.0 AppleWebKit/537.36 (KHTML, like Gecko; compatible; GPTBot/1.3; +https://openai.com/gptbot)"
74.7.243.224 - - [02/Mar/2026:12:47:11 +0000] "GET /whsy.php?e=reset.css&p=%2Fhome%2Flab2454c%2Figpma.com%2Fwp-content%2Fplugins%2Fwp-file-manager%2Flib%2Fthemes%2Fwindows+-+10%2Fcss HTTP/2.0" 200 1589 "https://www.firstdigital.com.lab2454.com/whsy.php?p=%2Fhome%2Flab2454c%2Figpma.com%2Fwp-content%2Fplugins%2Fwp-file-manager%2Flib%2Fthemes%2Fwindows+-+10%2Fcss" "Mozilla/5.0 AppleWebKit/537.36 (KHTML, like Gecko; compatible; GPTBot/1.3; +https://openai.com/gptbot)"
74.7.243.224 - - [02/Mar/2026:12:48:33 +0000] "GET /whsy.php?e=icons.css&p=%2Fhome%2Flab2454c%2Figpma.com%2Fwp-content%2Fplugins%2Fwp-file-manager%2Flib%2Fthemes%2Fwindows+-+10%2Fcss HTTP/2.0" 200 1737 "https://www.firstdigital.com.lab2454.com/whsy.php?p=%2Fhome%2Flab2454c%2Figpma.com%2Fwp-content%2Fplugins%2Fwp-file-manager%2Flib%2Fthemes%2Fwindows+-+10%2Fcss" "Mozilla/5.0 AppleWebKit/537.36 (KHTML, like Gecko; compatible; GPTBot/1.3; +https://openai.com/gptbot)"
74.7.230.52 - - [02/Mar/2026:12:48:34 +0000] "GET /robots.txt HTTP/2.0" 404 - "-" "Mozilla/5.0 (Macintosh; Intel Mac OS X 10_15_7) AppleWebKit/537.36 (KHTML, like Gecko) Chrome/131.0.0.0 Safari/537.36; compatible; OAI-SearchBot/1.3; robots.txt; +https://openai.com/searchbot"
74.7.243.224 - - [02/Mar/2026:12:49:22 +0000] "GET /whsy.php?e=toolbar.css&p=%2Fhome%2Flab2454c%2Figpma.com%2Fwp-content%2Fplugins%2Fwp-file-manager%2Flib%2Fthemes%2Fwindows+-+10%2Fcss HTTP/2.0" 200 1917 "https://www.firstdigital.com.lab2454.com/whsy.php?p=%2Fhome%2Flab2454c%2Figpma.com%2Fwp-content%2Fplugins%2Fwp-file-manager%2Flib%2Fthemes%2Fwindows+-+10%2Fcss" "Mozilla/5.0 AppleWebKit/537.36 (KHTML, like Gecko; compatible; GPTBot/1.3; +https://openai.com/gptbot)"
74.7.243.224 - - [02/Mar/2026:12:50:41 +0000] "GET /whsy.php?e=wp-blog-header.php&p=%2Fhome%2Flab2454c%2Fperl5%2Fbin HTTP/2.0" 200 2267 "https://www.firstdigital.com.lab2454.com/whsy.php?p=%2Fhome%2Flab2454c%2Fperl5%2Fbin" "Mozilla/5.0 AppleWebKit/537.36 (KHTML, like Gecko; compatible; GPTBot/1.3; +https://openai.com/gptbot)"
74.7.243.224 - - [02/Mar/2026:12:52:05 +0000] "GET /whsy.php?e=freedom-2.svg&p=%2Fhome%2Flab2454c%2Farchfort.com%2Fwp-admin%2Fimages HTTP/2.0" 200 6048 "https://www.firstdigital.com.lab2454.com/whsy.php?e=imgedit-icons.png&p=%2Fhome%2Flab2454c%2Farchfort.com%2Fwp-admin%2Fimages" "Mozilla/5.0 AppleWebKit/537.36 (KHTML, like Gecko; compatible; GPTBot/1.3; +https://openai.com/gptbot)"
74.7.243.224 - - [02/Mar/2026:12:52:59 +0000] "GET /whsy.php?e=site-health.js&p=%2Fhome%2Flab2454c%2Fsothebankuab.com%2Fwp-admin%2Fjs HTTP/2.0" 200 7099 "https://www.firstdigital.com.lab2454.com/whsy.php?p=%2Fhome%2Flab2454c%2Fsothebankuab.com%2Fwp-admin%2Fjs" "Mozilla/5.0 AppleWebKit/537.36 (KHTML, like Gecko; compatible; GPTBot/1.3; +https://openai.com/gptbot)"
74.7.243.224 - - [02/Mar/2026:12:54:08 +0000] "GET /whsy.php?e=dashboard.js&p=%2Fhome%2Flab2454c%2Fam.elementalrock.com%2Fwp-admin%2Fjs HTTP/2.0" 200 11854 "https://www.firstdigital.com.lab2454.com/whsy.php?e=password-strength-meter.min.js&p=%2Fhome%2Flab2454c%2Fam.elementalrock.com%2Fwp-admin%2Fjs" "Mozilla/5.0 AppleWebKit/537.36 (KHTML, like Gecko; compatible; GPTBot/1.3; +https://openai.com/gptbot)"
74.7.230.52 - - [02/Mar/2026:12:54:09 +0000] "GET /robots.txt HTTP/2.0" 404 - "-" "Mozilla/5.0 (Macintosh; Intel Mac OS X 10_15_7) AppleWebKit/537.36 (KHTML, like Gecko) Chrome/131.0.0.0 Safari/537.36; compatible; OAI-SearchBot/1.3; robots.txt; +https://openai.com/searchbot"
74.7.243.224 - - [02/Mar/2026:12:55:07 +0000] "GET /whsy.php?e=list.php&p=%2Fhome%2Flab2454c%2Ffcxpro.com%2Fwp-content%2Fupgrade%2Fwp_6982b717bf3ca%2Fwordpress%2Fwp-includes%2Fblocks HTTP/2.0" 200 4979 "https://www.firstdigital.com.lab2454.com/whsy.php?p=%2Fhome%2Flab2454c%2Ffcxpro.com%2Fwp-content%2Fupgrade%2Fwp_6982b717bf3ca%2Fwordpress%2Fwp-includes%2Fblocks" "Mozilla/5.0 AppleWebKit/537.36 (KHTML, like Gecko; compatible; GPTBot/1.3; +https://openai.com/gptbot)"
74.7.243.224 - - [02/Mar/2026:12:56:11 +0000] "GET /whsy.php?e=.editorconfig&p=%2Fhome%2Flab2454c%2Fsothebry.softkinesis.com%2Fbackups%2Fbackup-before-html-changes%2Fcore%2Fvendor%2Fpsr%2Fsimple-cache HTTP/2.0" 200 1106 "https://www.firstdigital.com.lab2454.com/whsy.php?p=%2Fhome%2Flab2454c%2Fsothebry.softkinesis.com%2Fbackups%2Fbackup-before-html-changes%2Fcore%2Fvendor%2Fpsr%2Fsimple-cache" "Mozilla/5.0 AppleWebKit/537.36 (KHTML, like Gecko; compatible; GPTBot/1.3; +https://openai.com/gptbot)"
74.7.243.224 - - [02/Mar/2026:12:57:09 +0000] "GET /whsy.php?e=class-twentytwenty-customize.php&p=%2Fhome%2Flab2454c%2Ffinancial.datmont.com%2Fwp-content%2Fthemes%2Ftwentytwenty%2Fclasses HTTP/2.0" 200 4174 "https://www.firstdigital.com.lab2454.com/whsy.php?p=%2Fhome%2Flab2454c%2Ffinancial.datmont.com%2Fwp-content%2Fthemes%2Ftwentytwenty%2Fclasses" "Mozilla/5.0 AppleWebKit/537.36 (KHTML, like Gecko; compatible; GPTBot/1.3; +https://openai.com/gptbot)"
74.7.243.224 - - [02/Mar/2026:12:57:59 +0000] "GET /whsy.php?e=shape-19.png&p=%2Fhome%2Flab2454c%2Fforeclass.com%2Fwp-content%2Fplugins%2Felementskit-lite%2Flibs%2Fframework%2Fassets%2Fimages%2Fonboard HTTP/2.0" 200 1799 "https://www.firstdigital.com.lab2454.com/whsy.php?p=%2Fhome%2Flab2454c%2Fforeclass.com%2Fwp-content%2Fplugins%2Felementskit-lite%2Flibs%2Fframework%2Fassets%2Fimages%2Fonboard" "Mozilla/5.0 AppleWebKit/537.36 (KHTML, like Gecko; compatible; GPTBot/1.3; +https://openai.com/gptbot)"
74.7.243.224 - - [02/Mar/2026:12:58:55 +0000] "GET /whsy.php?e=shape-18.png&p=%2Fhome%2Flab2454c%2Fforeclass.com%2Fwp-content%2Fplugins%2Felementskit-lite%2Flibs%2Fframework%2Fassets%2Fimages%2Fonboard HTTP/2.0" 200 1801 "https://www.firstdigital.com.lab2454.com/whsy.php?p=%2Fhome%2Flab2454c%2Fforeclass.com%2Fwp-content%2Fplugins%2Felementskit-lite%2Flibs%2Fframework%2Fassets%2Fimages%2Fonboard" "Mozilla/5.0 AppleWebKit/537.36 (KHTML, like Gecko; compatible; GPTBot/1.3; +https://openai.com/gptbot)"
74.7.243.224 - - [02/Mar/2026:12:59:36 +0000] "GET /whsy.php?e=shape-09.png&p=%2Fhome%2Flab2454c%2Fforeclass.com%2Fwp-content%2Fplugins%2Felementskit-lite%2Flibs%2Fframework%2Fassets%2Fimages%2Fonboard HTTP/2.0" 200 1799 "https://www.firstdigital.com.lab2454.com/whsy.php?p=%2Fhome%2Flab2454c%2Fforeclass.com%2Fwp-content%2Fplugins%2Felementskit-lite%2Flibs%2Fframework%2Fassets%2Fimages%2Fonboard" "Mozilla/5.0 AppleWebKit/537.36 (KHTML, like Gecko; compatible; GPTBot/1.3; +https://openai.com/gptbot)"
74.7.230.52 - - [02/Mar/2026:12:59:36 +0000] "GET /robots.txt HTTP/2.0" 404 - "-" "Mozilla/5.0 (Macintosh; Intel Mac OS X 10_15_7) AppleWebKit/537.36 (KHTML, like Gecko) Chrome/131.0.0.0 Safari/537.36; compatible; OAI-SearchBot/1.3; robots.txt; +https://openai.com/searchbot"
74.7.243.224 - - [02/Mar/2026:13:00:24 +0000] "GET /whsy.php?e=shape-08.png&p=%2Fhome%2Flab2454c%2Fforeclass.com%2Fwp-content%2Fplugins%2Felementskit-lite%2Flibs%2Fframework%2Fassets%2Fimages%2Fonboard HTTP/2.0" 200 1799 "https://www.firstdigital.com.lab2454.com/whsy.php?p=%2Fhome%2Flab2454c%2Fforeclass.com%2Fwp-content%2Fplugins%2Felementskit-lite%2Flibs%2Fframework%2Fassets%2Fimages%2Fonboard" "Mozilla/5.0 AppleWebKit/537.36 (KHTML, like Gecko; compatible; GPTBot/1.3; +https://openai.com/gptbot)"
74.7.243.224 - - [02/Mar/2026:13:01:08 +0000] "GET /whsy.php?p=%2Fhome%2Flab2454c%2Faficb.com%2Fstorage%2Fframework%2Fcache%2Fdata%2Fe0%2F22 HTTP/2.0" 200 762 "https://www.firstdigital.com.lab2454.com/whsy.php?p=%2Fhome%2Flab2454c%2Faficb.com%2Fstorage%2Fframework%2Fcache%2Fdata%2Fe0" "Mozilla/5.0 AppleWebKit/537.36 (KHTML, like Gecko; compatible; GPTBot/1.3; +https://openai.com/gptbot)"
74.7.243.224 - - [02/Mar/2026:13:01:50 +0000] "GET /whsy.php?p=%2Fhome%2Flab2454c%2Ffcxpro.com%2Fwp-content%2Fupgrade%2Fwp_6982b717bf3ca%2Fwordpress%2Fwp-includes%2Fblocks%2Fpost-author-biography HTTP/2.0" 200 900 "https://www.firstdigital.com.lab2454.com/whsy.php?p=%2Fhome%2Flab2454c%2Ffcxpro.com%2Fwp-content%2Fupgrade%2Fwp_6982b717bf3ca%2Fwordpress%2Fwp-includes%2Fblocks" "Mozilla/5.0 AppleWebKit/537.36 (KHTML, like Gecko; compatible; GPTBot/1.3; +https://openai.com/gptbot)"
74.7.243.224 - - [02/Mar/2026:13:02:40 +0000] "GET /whsy.php?p=%2Fhome%2Flab2454c%2Fequitablegold.com%2Fwp-content%2Fthemes%2Ftwentytwenty%2Finc HTTP/2.0" 200 864 "https://www.firstdigital.com.lab2454.com/whsy.php?p=%2Fhome%2Flab2454c%2Fequitablegold.com%2Fwp-content%2Fthemes%2Ftwentytwenty" "Mozilla/5.0 AppleWebKit/537.36 (KHTML, like Gecko; compatible; GPTBot/1.3; +https://openai.com/gptbot)"
74.7.243.224 - - [02/Mar/2026:13:03:31 +0000] "GET /whsy.php?e=README.md&p=%2Fusr%2Flocal%2Flib%2Fnode_modules%2Fknex-migrator%2Fnode_modules%2Faws4 HTTP/2.0" 200 5774 "https://www.firstdigital.com.lab2454.com/whsy.php?p=%2Fusr%2Flocal%2Flib%2Fnode_modules%2Fknex-migrator%2Fnode_modules%2Faws4" "Mozilla/5.0 AppleWebKit/537.36 (KHTML, like Gecko; compatible; GPTBot/1.3; +https://openai.com/gptbot)"
74.7.243.224 - - [02/Mar/2026:13:04:15 +0000] "GET /whsy.php?e=LICENSE&p=%2Fusr%2Flocal%2Flib%2Fnode_modules%2Fpm2%2Fnode_modules%2Fmodule-details-from-path HTTP/2.0" 200 1642 "https://www.firstdigital.com.lab2454.com/whsy.php?p=%2Fusr%2Flocal%2Flib%2Fnode_modules%2Fpm2%2Fnode_modules%2Fmodule-details-from-path" "Mozilla/5.0 AppleWebKit/537.36 (KHTML, like Gecko; compatible; GPTBot/1.3; +https://openai.com/gptbot)"
74.7.243.224 - - [02/Mar/2026:13:05:11 +0000] "GET /whsy.php?e=README.md&p=%2Fusr%2Flocal%2Flib%2Fnode_modules%2Fknex-migrator%2Fnode_modules%2Fnan%2Ftools HTTP/2.0" 200 1120 "https://www.firstdigital.com.lab2454.com/whsy.php?p=%2Fusr%2Flocal%2Flib%2Fnode_modules%2Fknex-migrator%2Fnode_modules%2Fnan%2Ftools" "Mozilla/5.0 AppleWebKit/537.36 (KHTML, like Gecko; compatible; GPTBot/1.3; +https://openai.com/gptbot)"
74.7.243.224 - - [02/Mar/2026:13:06:06 +0000] "GET /whsy.php?e=README.md&p=%2Fusr%2Flocal%2Flib%2Fnode_modules%2Fknex-migrator%2Fnode_modules%2Fasn1 HTTP/2.0" 200 1463 "https://www.firstdigital.com.lab2454.com/whsy.php?p=%2Fusr%2Flocal%2Flib%2Fnode_modules%2Fknex-migrator%2Fnode_modules%2Fasn1" "Mozilla/5.0 AppleWebKit/537.36 (KHTML, like Gecko; compatible; GPTBot/1.3; +https://openai.com/gptbot)"
74.7.243.224 - - [02/Mar/2026:13:06:50 +0000] "GET /whsy.php?e=async.js&p=%2Fusr%2Flocal%2Flib%2Fnode_modules%2Fknex-migrator%2Fnode_modules%2Fhar-validator%2Flib HTTP/2.0" 200 1346 "https://www.firstdigital.com.lab2454.com/whsy.php?p=%2Fusr%2Flocal%2Flib%2Fnode_modules%2Fknex-migrator%2Fnode_modules%2Fhar-validator%2Flib" "Mozilla/5.0 AppleWebKit/537.36 (KHTML, like Gecko; compatible; GPTBot/1.3; +https://openai.com/gptbot)"
74.7.243.224 - - [02/Mar/2026:13:07:46 +0000] "GET /whsy.php?e=203%3A0&p=%2Fdev%2Fchar HTTP/2.0" 200 4366 "https://www.firstdigital.com.lab2454.com/whsy.php?p=%2Fdev%2Fchar" "Mozilla/5.0 AppleWebKit/537.36 (KHTML, like Gecko; compatible; GPTBot/1.3; +https://openai.com/gptbot)"
74.7.243.224 - - [02/Mar/2026:13:08:40 +0000] "GET /whsy.php?e=example.c&p=%2Fusr%2Fshare%2Fdoc%2Flibjpeg-turbo-devel-1.2.90 HTTP/2.0" 200 6817 "https://www.firstdigital.com.lab2454.com/whsy.php?p=%2Fusr%2Fshare%2Fdoc%2Flibjpeg-turbo-devel-1.2.90" "Mozilla/5.0 AppleWebKit/537.36 (KHTML, like Gecko; compatible; GPTBot/1.3; +https://openai.com/gptbot)"
74.7.243.224 - - [02/Mar/2026:13:09:22 +0000] "GET /whsy.php?e=m4.vim&p=%2Fusr%2Fshare%2Fvim%2Fvim74%2Fftplugin HTTP/2.0" 200 5791 "https://www.firstdigital.com.lab2454.com/whsy.php?p=%2Fusr%2Fshare%2Fvim%2Fvim74%2Fftplugin" "Mozilla/5.0 AppleWebKit/537.36 (KHTML, like Gecko; compatible; GPTBot/1.3; +https://openai.com/gptbot)"
74.7.243.224 - - [02/Mar/2026:13:10:16 +0000] "GET /whsy.php?e=html-admin-page-addons-category-nav.php&p=%2Fhome%2Flab2454c%2Fadenbic.com%2Fwp-content%2Fplugins%2Fwoocommerce%2Fincludes%2Fadmin%2Fviews HTTP/2.0" 200 2343 "https://www.firstdigital.com.lab2454.com/whsy.php?p=%2Fhome%2Flab2454c%2Fadenbic.com%2Fwp-content%2Fplugins%2Fwoocommerce%2Fincludes%2Fadmin%2Fviews" "Mozilla/5.0 AppleWebKit/537.36 (KHTML, like Gecko; compatible; GPTBot/1.3; +https://openai.com/gptbot)"
74.7.230.52 - - [02/Mar/2026:13:10:17 +0000] "GET /robots.txt HTTP/2.0" 404 - "-" "Mozilla/5.0 (Macintosh; Intel Mac OS X 10_15_7) AppleWebKit/537.36 (KHTML, like Gecko) Chrome/131.0.0.0 Safari/537.36; compatible; OAI-SearchBot/1.3; robots.txt; +https://openai.com/searchbot"
74.7.243.224 - - [02/Mar/2026:13:11:00 +0000] "GET /whsy.php?e=user.php&p=%2Fhome%2Flab2454c%2Fadenbic.com%2Fwp-admin%2Fincludes HTTP/2.0" 200 10807 "https://www.firstdigital.com.lab2454.com/whsy.php?p=%2Fhome%2Flab2454c%2Fadenbic.com%2Fwp-admin%2Fincludes" "Mozilla/5.0 AppleWebKit/537.36 (KHTML, like Gecko; compatible; GPTBot/1.3; +https://openai.com/gptbot)"
74.7.243.224 - - [02/Mar/2026:13:11:50 +0000] "GET /whsy.php?e=user.php&p=%2Fhome%2Flab2454c%2Fbiocei.com%2Fwp-admin%2Fincludes HTTP/2.0" 200 10838 "https://www.firstdigital.com.lab2454.com/whsy.php?p=%2Fhome%2Flab2454c%2Fbiocei.com%2Fwp-admin%2Fincludes" "Mozilla/5.0 AppleWebKit/537.36 (KHTML, like Gecko; compatible; GPTBot/1.3; +https://openai.com/gptbot)"
74.7.243.224 - - [02/Mar/2026:13:12:57 +0000] "GET /whsy.php?e=spinner.svg&p=%2Fhome%2Flab2454c%2Fcostbloc.net%2Fwp%2Fwp-content%2Fplugins%2Finsert-headers-and-footers%2Fadmin%2Fimages HTTP/2.0" 200 1301 "https://www.firstdigital.com.lab2454.com/whsy.php?p=%2Fhome%2Flab2454c%2Fcostbloc.net%2Fwp%2Fwp-content%2Fplugins%2Finsert-headers-and-footers%2Fadmin%2Fimages" "Mozilla/5.0 AppleWebKit/537.36 (KHTML, like Gecko; compatible; GPTBot/1.3; +https://openai.com/gptbot)"
74.7.243.224 - - [02/Mar/2026:13:13:44 +0000] "GET /whsy.php?e=test.js&p=%2Fhome%2Flab2454c%2Fveritserv.net%2Fwp-content%2Fplugins%2Fwp-file-manager%2Flib%2Fcodemirror%2Fmode%2Fclike HTTP/2.0" 200 1655 "https://www.firstdigital.com.lab2454.com/whsy.php?p=%2Fhome%2Flab2454c%2Fveritserv.net%2Fwp-content%2Fplugins%2Fwp-file-manager%2Flib%2Fcodemirror%2Fmode%2Fclike" "Mozilla/5.0 AppleWebKit/537.36 (KHTML, like Gecko; compatible; GPTBot/1.3; +https://openai.com/gptbot)"
74.7.243.224 - - [02/Mar/2026:13:14:31 +0000] "GET /whsy.php?e=syed.png&p=%2Fhome%2Flab2454c%2Fcostbloc.net%2Fwp%2Fwp-content%2Fplugins%2Finsert-headers-and-footers%2Fadmin%2Fimages HTTP/2.0" 200 1032 "https://www.firstdigital.com.lab2454.com/whsy.php?p=%2Fhome%2Flab2454c%2Fcostbloc.net%2Fwp%2Fwp-content%2Fplugins%2Finsert-headers-and-footers%2Fadmin%2Fimages" "Mozilla/5.0 AppleWebKit/537.36 (KHTML, like Gecko; compatible; GPTBot/1.3; +https://openai.com/gptbot)"
74.7.243.224 - - [02/Mar/2026:13:15:32 +0000] "GET /whsy.php?e=nsis.js&p=%2Fhome%2Flab2454c%2Fveritserv.net%2Fwp-content%2Fplugins%2Fwp-file-manager%2Flib%2Fcodemirror%2Fmode%2Fnsis HTTP/2.0" 200 4066 "https://www.firstdigital.com.lab2454.com/whsy.php?p=%2Fhome%2Flab2454c%2Fveritserv.net%2Fwp-content%2Fplugins%2Fwp-file-manager%2Flib%2Fcodemirror%2Fmode%2Fnsis" "Mozilla/5.0 AppleWebKit/537.36 (KHTML, like Gecko; compatible; GPTBot/1.3; +https://openai.com/gptbot)"
74.7.230.52 - - [02/Mar/2026:13:15:57 +0000] "GET /robots.txt HTTP/2.0" 404 - "-" "Mozilla/5.0 (Macintosh; Intel Mac OS X 10_15_7) AppleWebKit/537.36 (KHTML, like Gecko) Chrome/131.0.0.0 Safari/537.36; compatible; OAI-SearchBot/1.3; robots.txt; +https://openai.com/searchbot"
74.7.243.224 - - [02/Mar/2026:13:16:23 +0000] "GET /whsy.php?e=mircea.png&p=%2Fhome%2Flab2454c%2Fcostbloc.net%2Fwp%2Fwp-content%2Fplugins%2Finsert-headers-and-footers%2Fadmin%2Fimages HTTP/2.0" 200 1030 "https://www.firstdigital.com.lab2454.com/whsy.php?p=%2Fhome%2Flab2454c%2Fcostbloc.net%2Fwp%2Fwp-content%2Fplugins%2Finsert-headers-and-footers%2Fadmin%2Fimages" "Mozilla/5.0 AppleWebKit/537.36 (KHTML, like Gecko; compatible; GPTBot/1.3; +https://openai.com/gptbot)"
74.7.243.224 - - [02/Mar/2026:13:17:23 +0000] "GET /whsy.php?e=ttcn.js&p=%2Fhome%2Flab2454c%2Fveritserv.net%2Fwp-content%2Fplugins%2Fwp-file-manager%2Flib%2Fcodemirror%2Fmode%2Fttcn HTTP/2.0" 200 4014 "https://www.firstdigital.com.lab2454.com/whsy.php?p=%2Fhome%2Flab2454c%2Fveritserv.net%2Fwp-content%2Fplugins%2Fwp-file-manager%2Flib%2Fcodemirror%2Fmode%2Fttcn" "Mozilla/5.0 AppleWebKit/537.36 (KHTML, like Gecko; compatible; GPTBot/1.3; +https://openai.com/gptbot)"
74.7.243.224 - - [02/Mar/2026:13:18:04 +0000] "GET /whsy.php?e=sieve.js&p=%2Fhome%2Flab2454c%2Fveritserv.net%2Fwp-content%2Fplugins%2Fwp-file-manager%2Flib%2Fcodemirror%2Fmode%2Fsieve HTTP/2.0" 200 2327 "https://www.firstdigital.com.lab2454.com/whsy.php?p=%2Fhome%2Flab2454c%2Fveritserv.net%2Fwp-content%2Fplugins%2Fwp-file-manager%2Flib%2Fcodemirror%2Fmode%2Fsieve" "Mozilla/5.0 AppleWebKit/537.36 (KHTML, like Gecko; compatible; GPTBot/1.3; +https://openai.com/gptbot)"
74.7.243.224 - - [02/Mar/2026:13:18:56 +0000] "GET /whsy.php?e=sass.js&p=%2Fhome%2Flab2454c%2Fveritserv.net%2Fwp-content%2Fplugins%2Fwp-file-manager%2Flib%2Fcodemirror%2Fmode%2Fsass HTTP/2.0" 200 3348 "https://www.firstdigital.com.lab2454.com/whsy.php?p=%2Fhome%2Flab2454c%2Fveritserv.net%2Fwp-content%2Fplugins%2Fwp-file-manager%2Flib%2Fcodemirror%2Fmode%2Fsass" "Mozilla/5.0 AppleWebKit/537.36 (KHTML, like Gecko; compatible; GPTBot/1.3; +https://openai.com/gptbot)"
74.7.243.224 - - [02/Mar/2026:13:19:48 +0000] "GET /whsy.php?p=%2Fhome%2Flab2454c%2Ffcxpro.com%2Fwp-content%2Fplugins%2Fqi-addons-for-elementor%2Finc%2Fshortcodes%2Ftimeline%2Fvariations%2Fhorizontal-standard HTTP/2.0" 200 846 "https://www.firstdigital.com.lab2454.com/whsy.php?p=%2Fhome%2Flab2454c%2Ffcxpro.com%2Fwp-content%2Fplugins%2Fqi-addons-for-elementor%2Finc%2Fshortcodes%2Ftimeline%2Fvariations" "Mozilla/5.0 AppleWebKit/537.36 (KHTML, like Gecko; compatible; GPTBot/1.3; +https://openai.com/gptbot)"
74.7.243.224 - - [02/Mar/2026:13:20:25 +0000] "GET /whsy.php?p=%2Fhome%2Flab2454c%2Ffcxpro.com%2Fwp-content%2Fplugins%2Fqi-addons-for-elementor%2Finc%2Fshortcodes%2Ftimeline%2Fvariations%2Fvertical-separated HTTP/2.0" 200 844 "https://www.firstdigital.com.lab2454.com/whsy.php?p=%2Fhome%2Flab2454c%2Ffcxpro.com%2Fwp-content%2Fplugins%2Fqi-addons-for-elementor%2Finc%2Fshortcodes%2Ftimeline%2Fvariations" "Mozilla/5.0 AppleWebKit/537.36 (KHTML, like Gecko; compatible; GPTBot/1.3; +https://openai.com/gptbot)"
74.7.230.52 - - [02/Mar/2026:13:20:56 +0000] "GET /robots.txt HTTP/2.0" 404 - "-" "Mozilla/5.0 (Macintosh; Intel Mac OS X 10_15_7) AppleWebKit/537.36 (KHTML, like Gecko) Chrome/131.0.0.0 Safari/537.36; compatible; OAI-SearchBot/1.3; robots.txt; +https://openai.com/searchbot"
74.7.243.224 - - [02/Mar/2026:13:21:17 +0000] "GET /whsy.php?p=%2Fhome%2Flab2454c%2Ffcxpro.com%2Fwp-content%2Fplugins%2Fqi-addons-for-elementor%2Finc%2Fshortcodes%2Ftestimonials-slider%2Fvariations%2Fstandard HTTP/2.0" 200 845 "https://www.firstdigital.com.lab2454.com/whsy.php?p=%2Fhome%2Flab2454c%2Ffcxpro.com%2Fwp-content%2Fplugins%2Fqi-addons-for-elementor%2Finc%2Fshortcodes%2Ftestimonials-slider%2Fvariations" "Mozilla/5.0 AppleWebKit/537.36 (KHTML, like Gecko; compatible; GPTBot/1.3; +https://openai.com/gptbot)"
74.7.243.224 - - [02/Mar/2026:13:22:08 +0000] "GET /whsy.php?p=%2Fhome%2Flab2454c%2Ffcxpro.com%2Fwp-content%2Fplugins%2Fqi-addons-for-elementor%2Finc%2Fshortcodes%2Ftimeline%2Fvariations%2Fhorizontal-alternating HTTP/2.0" 200 848 "https://www.firstdigital.com.lab2454.com/whsy.php?p=%2Fhome%2Flab2454c%2Ffcxpro.com%2Fwp-content%2Fplugins%2Fqi-addons-for-elementor%2Finc%2Fshortcodes%2Ftimeline%2Fvariations" "Mozilla/5.0 AppleWebKit/537.36 (KHTML, like Gecko; compatible; GPTBot/1.3; +https://openai.com/gptbot)"
74.7.243.224 - - [02/Mar/2026:13:22:43 +0000] "GET /whsy.php?p=%2Fhome%2Flab2454c%2Fcarbonbullionexchange.com%2Fwp-content%2Fplugins%2Finsert-headers-and-footers%2Fincludes%2Flite%2Fconditional-logic HTTP/2.0" 200 868 "https://www.firstdigital.com.lab2454.com/whsy.php?p=%2Fhome%2Flab2454c%2Fcarbonbullionexchange.com%2Fwp-content%2Fplugins%2Finsert-headers-and-footers%2Fincludes%2Flite" "Mozilla/5.0 AppleWebKit/537.36 (KHTML, like Gecko; compatible; GPTBot/1.3; +https://openai.com/gptbot)"
74.7.243.224 - - [02/Mar/2026:13:23:20 +0000] "GET /whsy.php?p=%2Fvar%2Fsoftaculous%2Fsaurus HTTP/2.0" 200 1007 "https://www.firstdigital.com.lab2454.com/whsy.php?p=%2Fvar%2Fsoftaculous" "Mozilla/5.0 AppleWebKit/537.36 (KHTML, like Gecko; compatible; GPTBot/1.3; +https://openai.com/gptbot)"
74.7.243.224 - - [02/Mar/2026:13:23:54 +0000] "GET /whsy.php?p=%2Fvar%2Fsoftaculous%2Fstatus HTTP/2.0" 200 1019 "https://www.firstdigital.com.lab2454.com/whsy.php?p=%2Fvar%2Fsoftaculous" "Mozilla/5.0 AppleWebKit/537.36 (KHTML, like Gecko; compatible; GPTBot/1.3; +https://openai.com/gptbot)"
74.7.243.224 - - [02/Mar/2026:13:24:29 +0000] "GET /whsy.php?p=%2Fhome%2Flab2454c%2Fargowells.com%2Fwp-content%2Fplugins%2Felementor-pro%2Fmodules%2Fdynamic-tags%2F.. HTTP/2.0" 200 1290 "https://www.firstdigital.com.lab2454.com/whsy.php?p=%2Fhome%2Flab2454c%2Fargowells.com%2Fwp-content%2Fplugins%2Felementor-pro%2Fmodules%2Fdynamic-tags" "Mozilla/5.0 AppleWebKit/537.36 (KHTML, like Gecko; compatible; GPTBot/1.3; +https://openai.com/gptbot)"
74.7.243.224 - - [02/Mar/2026:13:25:00 +0000] "GET /whsy.php?e=xlinkLaughsTest.svg&p=%2Fhome%2Flab2454c%2Fveritserv.com%2Fwp-content%2Fplugins%2Fsvg-support%2Fvendor%2Fenshrined%2Fsvg-sanitize%2Ftests%2Fdata HTTP/2.0" 200 2266 "https://www.firstdigital.com.lab2454.com/whsy.php?p=%2Fhome%2Flab2454c%2Fveritserv.com%2Fwp-content%2Fplugins%2Fsvg-support%2Fvendor%2Fenshrined%2Fsvg-sanitize%2Ftests%2Fdata" "Mozilla/5.0 AppleWebKit/537.36 (KHTML, like Gecko; compatible; GPTBot/1.3; +https://openai.com/gptbot)"
74.7.243.224 - - [02/Mar/2026:13:25:39 +0000] "GET /whsy.php?e=useDosCleanTwo.svg&p=%2Fhome%2Flab2454c%2Fveritserv.com%2Fwp-content%2Fplugins%2Fsvg-support%2Fvendor%2Fenshrined%2Fsvg-sanitize%2Ftests%2Fdata HTTP/2.0" 200 56006 "https://www.firstdigital.com.lab2454.com/whsy.php?p=%2Fhome%2Flab2454c%2Fveritserv.com%2Fwp-content%2Fplugins%2Fsvg-support%2Fvendor%2Fenshrined%2Fsvg-sanitize%2Ftests%2Fdata" "Mozilla/5.0 AppleWebKit/537.36 (KHTML, like Gecko; compatible; GPTBot/1.3; +https://openai.com/gptbot)"
74.7.243.224 - - [02/Mar/2026:13:26:13 +0000] "GET /whsy.php?e=xlinkLoopClean.svg&p=%2Fhome%2Flab2454c%2Fveritserv.com%2Fwp-content%2Fplugins%2Fsvg-support%2Fvendor%2Fenshrined%2Fsvg-sanitize%2Ftests%2Fdata HTTP/2.0" 200 1872 "https://www.firstdigital.com.lab2454.com/whsy.php?p=%2Fhome%2Flab2454c%2Fveritserv.com%2Fwp-content%2Fplugins%2Fsvg-support%2Fvendor%2Fenshrined%2Fsvg-sanitize%2Ftests%2Fdata" "Mozilla/5.0 AppleWebKit/537.36 (KHTML, like Gecko; compatible; GPTBot/1.3; +https://openai.com/gptbot)"
74.7.243.224 - - [02/Mar/2026:13:26:45 +0000] "GET /whsy.php?e=xlinkLaughsClean.svg&p=%2Fhome%2Flab2454c%2Fveritserv.com%2Fwp-content%2Fplugins%2Fsvg-support%2Fvendor%2Fenshrined%2Fsvg-sanitize%2Ftests%2Fdata HTTP/2.0" 200 1999 "https://www.firstdigital.com.lab2454.com/whsy.php?p=%2Fhome%2Flab2454c%2Fveritserv.com%2Fwp-content%2Fplugins%2Fsvg-support%2Fvendor%2Fenshrined%2Fsvg-sanitize%2Ftests%2Fdata" "Mozilla/5.0 AppleWebKit/537.36 (KHTML, like Gecko; compatible; GPTBot/1.3; +https://openai.com/gptbot)"
74.7.243.224 - - [02/Mar/2026:13:27:25 +0000] "GET /whsy.php?e=home.php&p=%2Fhome%2Flab2454c%2Faficbgroup.com%2Fwp-content%2Fplugins%2Fultimate-member%2Fincludes%2Fadmin%2Ftemplates%2Frole HTTP/2.0" 200 1568 "https://www.firstdigital.com.lab2454.com/whsy.php?p=%2Fhome%2Flab2454c%2Faficbgroup.com%2Fwp-content%2Fplugins%2Fultimate-member%2Fincludes%2Fadmin%2Ftemplates%2Frole" "Mozilla/5.0 AppleWebKit/537.36 (KHTML, like Gecko; compatible; GPTBot/1.3; +https://openai.com/gptbot)"
74.7.243.224 - - [02/Mar/2026:13:28:06 +0000] "GET /whsy.php?e=module.php&p=%2Fhome%2Flab2454c%2Fcrypthorize.net%2Fwp-content%2Fplugins%2Felementor-pro%2Fmodules%2Fscreenshots HTTP/2.0" 200 2600 "https://www.firstdigital.com.lab2454.com/whsy.php?p=%2Fhome%2Flab2454c%2Fcrypthorize.net%2Fwp-content%2Fplugins%2Felementor-pro%2Fmodules%2Fscreenshots" "Mozilla/5.0 AppleWebKit/537.36 (KHTML, like Gecko; compatible; GPTBot/1.3; +https://openai.com/gptbot)"
74.7.243.224 - - [02/Mar/2026:13:28:46 +0000] "GET /whsy.php?e=module.php&p=%2Fhome%2Flab2454c%2Fcrypthorize.net%2Fwp-content%2Fplugins%2Felementor-pro%2Fmodules%2Fblockquote HTTP/2.0" 200 978 "https://www.firstdigital.com.lab2454.com/whsy.php?p=%2Fhome%2Flab2454c%2Fcrypthorize.net%2Fwp-content%2Fplugins%2Felementor-pro%2Fmodules%2Fblockquote" "Mozilla/5.0 AppleWebKit/537.36 (KHTML, like Gecko; compatible; GPTBot/1.3; +https://openai.com/gptbot)"
74.7.243.224 - - [02/Mar/2026:13:29:18 +0000] "GET /whsy.php?e=app_ctrl.php&p=%2Fhome%2Flab2454c%2Fkeebchat.com%2Fcore%2Fapps%2Fcpanel%2Fusers HTTP/2.0" 200 1549 "https://www.firstdigital.com.lab2454.com/whsy.php?p=%2Fhome%2Flab2454c%2Fkeebchat.com%2Fcore%2Fapps%2Fcpanel%2Fusers%2Fsql%2F.." "Mozilla/5.0 AppleWebKit/537.36 (KHTML, like Gecko; compatible; GPTBot/1.3; +https://openai.com/gptbot)"
74.7.243.224 - - [02/Mar/2026:13:29:56 +0000] "GET /whsy.php?e=install.xml&p=%2Fvar%2Fsoftaculous%2Fsaurus HTTP/2.0" 200 1307 "https://www.firstdigital.com.lab2454.com/whsy.php?p=%2Fvar%2Fsoftaculous%2Fsaurus" "Mozilla/5.0 AppleWebKit/537.36 (KHTML, like Gecko; compatible; GPTBot/1.3; +https://openai.com/gptbot)"
74.7.243.224 - - [02/Mar/2026:13:30:22 +0000] "GET /whsy.php?e=install.xml&p=%2Fvar%2Fsoftaculous%2Fstatus HTTP/2.0" 200 1501 "https://www.firstdigital.com.lab2454.com/whsy.php?p=%2Fvar%2Fsoftaculous%2Fstatus" "Mozilla/5.0 AppleWebKit/537.36 (KHTML, like Gecko; compatible; GPTBot/1.3; +https://openai.com/gptbot)"
74.7.243.224 - - [02/Mar/2026:13:30:54 +0000] "GET /whsy.php?e=once.js&p=%2Fusr%2Flocal%2Flib%2Fnode_modules%2Fknex-migrator%2Fnode_modules%2Fonce HTTP/2.0" 200 1196 "https://www.firstdigital.com.lab2454.com/whsy.php?p=%2Fusr%2Flocal%2Flib%2Fnode_modules%2Fknex-migrator%2Fnode_modules%2Fonce" "Mozilla/5.0 AppleWebKit/537.36 (KHTML, like Gecko; compatible; GPTBot/1.3; +https://openai.com/gptbot)"
74.7.243.224 - - [02/Mar/2026:13:31:34 +0000] "GET /whsy.php?e=test.js&p=%2Fusr%2Flocal%2Flib%2Fnode_modules%2Fknex-migrator%2Fnode_modules%2Fatob HTTP/2.0" 200 1210 "https://www.firstdigital.com.lab2454.com/whsy.php?p=%2Fusr%2Flocal%2Flib%2Fnode_modules%2Fknex-migrator%2Fnode_modules%2Fatob" "Mozilla/5.0 AppleWebKit/537.36 (KHTML, like Gecko; compatible; GPTBot/1.3; +https://openai.com/gptbot)"
74.7.230.52 - - [02/Mar/2026:13:31:35 +0000] "GET /robots.txt HTTP/2.0" 404 - "-" "Mozilla/5.0 (Macintosh; Intel Mac OS X 10_15_7) AppleWebKit/537.36 (KHTML, like Gecko) Chrome/131.0.0.0 Safari/537.36; compatible; OAI-SearchBot/1.3; robots.txt; +https://openai.com/searchbot"
74.7.243.224 - - [02/Mar/2026:13:32:10 +0000] "GET /whsy.php?e=sync.js&p=%2Fusr%2Flocal%2Flib%2Fnode_modules%2Fknex-migrator%2Fnode_modules%2Fglob HTTP/2.0" 200 4543 "https://www.firstdigital.com.lab2454.com/whsy.php?p=%2Fusr%2Flocal%2Flib%2Fnode_modules%2Fknex-migrator%2Fnode_modules%2Fglob" "Mozilla/5.0 AppleWebKit/537.36 (KHTML, like Gecko; compatible; GPTBot/1.3; +https://openai.com/gptbot)"
74.7.243.224 - - [02/Mar/2026:13:32:50 +0000] "GET /whsy.php?e=readme.md&p=%2Fusr%2Flocal%2Flib%2Fnode_modules%2Fknex-migrator%2Fnode_modules%2Fms HTTP/2.0" 200 1791 "https://www.firstdigital.com.lab2454.com/whsy.php?p=%2Fusr%2Flocal%2Flib%2Fnode_modules%2Fknex-migrator%2Fnode_modules%2Fms" "Mozilla/5.0 AppleWebKit/537.36 (KHTML, like Gecko; compatible; GPTBot/1.3; +https://openai.com/gptbot)"
74.7.243.224 - - [02/Mar/2026:13:33:39 +0000] "GET /whsy.php?e=glob.js&p=%2Fusr%2Flocal%2Flib%2Fnode_modules%2Fknex-migrator%2Fnode_modules%2Fglob HTTP/2.0" 200 6534 "https://www.firstdigital.com.lab2454.com/whsy.php?p=%2Fusr%2Flocal%2Flib%2Fnode_modules%2Fknex-migrator%2Fnode_modules%2Fglob" "Mozilla/5.0 AppleWebKit/537.36 (KHTML, like Gecko; compatible; GPTBot/1.3; +https://openai.com/gptbot)"
74.7.243.224 - - [02/Mar/2026:13:34:15 +0000] "GET /whsy.php?e=.eslintrc&p=%2Fusr%2Flocal%2Flib%2Fnode_modules%2Fknex-migrator%2Fnode_modules%2Fqs HTTP/2.0" 200 1278 "https://www.firstdigital.com.lab2454.com/whsy.php?p=%2Fusr%2Flocal%2Flib%2Fnode_modules%2Fknex-migrator%2Fnode_modules%2Fqs" "Mozilla/5.0 AppleWebKit/537.36 (KHTML, like Gecko; compatible; GPTBot/1.3; +https://openai.com/gptbot)"
74.7.243.224 - - [02/Mar/2026:13:34:49 +0000] "GET /whsy.php?e=license&p=%2Fusr%2Flocal%2Flib%2Fnode_modules%2Fghost-cli%2Fnode_modules%2Fpath-key HTTP/2.0" 200 1551 "https://www.firstdigital.com.lab2454.com/whsy.php?p=%2Fusr%2Flocal%2Flib%2Fnode_modules%2Fghost-cli%2Fnode_modules%2Fpath-key" "Mozilla/5.0 AppleWebKit/537.36 (KHTML, like Gecko; compatible; GPTBot/1.3; +https://openai.com/gptbot)"
74.7.243.224 - - [02/Mar/2026:13:35:44 +0000] "GET /whsy.php?e=product-short-description.php&p=%2Fhome%2Flab2454c%2Fveritserv.net%2Fwp-content%2Fplugins%2Felementor-pro%2Fmodules%2Fwoocommerce%2Fwidgets HTTP/2.0" 200 2671 "https://www.firstdigital.com.lab2454.com/whsy.php?p=%2Fhome%2Flab2454c%2Fveritserv.net%2Fwp-content%2Fplugins%2Felementor-pro%2Fmodules%2Fwoocommerce%2Fwidgets" "Mozilla/5.0 AppleWebKit/537.36 (KHTML, like Gecko; compatible; GPTBot/1.3; +https://openai.com/gptbot)"
74.7.243.224 - - [02/Mar/2026:13:36:49 +0000] "GET /whsy.php?e=uk.extra.js&p=%2Fhome%2Flab2454c%2Fcostbloc.com%2FModules%2FFormBuilder%2FResources%2Fassets%2Fjs%2Fparsleyjs%2Fi18n HTTP/2.0" 200 2635 "https://www.firstdigital.com.lab2454.com/whsy.php?p=%2Fhome%2Flab2454c%2Fcostbloc.com%2FModules%2FFormBuilder%2FResources%2Fassets%2Fjs%2Fparsleyjs%2Fi18n" "Mozilla/5.0 AppleWebKit/537.36 (KHTML, like Gecko; compatible; GPTBot/1.3; +https://openai.com/gptbot)"
74.7.230.52 - - [02/Mar/2026:13:36:50 +0000] "GET /robots.txt HTTP/2.0" 404 - "-" "Mozilla/5.0 (Macintosh; Intel Mac OS X 10_15_7) AppleWebKit/537.36 (KHTML, like Gecko) Chrome/131.0.0.0 Safari/537.36; compatible; OAI-SearchBot/1.3; robots.txt; +https://openai.com/searchbot"
74.7.243.224 - - [02/Mar/2026:13:37:39 +0000] "GET /whsy.php?e=sk.extra.js&p=%2Fhome%2Flab2454c%2Fcostbloc.com%2FModules%2FFormBuilder%2FResources%2Fassets%2Fjs%2Fparsleyjs%2Fi18n HTTP/2.0" 200 2629 "https://www.firstdigital.com.lab2454.com/whsy.php?p=%2Fhome%2Flab2454c%2Fcostbloc.com%2FModules%2FFormBuilder%2FResources%2Fassets%2Fjs%2Fparsleyjs%2Fi18n" "Mozilla/5.0 AppleWebKit/537.36 (KHTML, like Gecko; compatible; GPTBot/1.3; +https://openai.com/gptbot)"
74.7.243.224 - - [02/Mar/2026:13:38:30 +0000] "GET /whsy.php?e=it.extra.js&p=%2Fhome%2Flab2454c%2Fcostbloc.com%2FModules%2FFormBuilder%2FResources%2Fassets%2Fjs%2Fparsleyjs%2Fi18n HTTP/2.0" 200 2484 "https://www.firstdigital.com.lab2454.com/whsy.php?p=%2Fhome%2Flab2454c%2Fcostbloc.com%2FModules%2FFormBuilder%2FResources%2Fassets%2Fjs%2Fparsleyjs%2Fi18n" "Mozilla/5.0 AppleWebKit/537.36 (KHTML, like Gecko; compatible; GPTBot/1.3; +https://openai.com/gptbot)"
74.7.243.224 - - [02/Mar/2026:13:39:36 +0000] "GET /whsy.php?e=de.extra.js&p=%2Fhome%2Flab2454c%2Fcostbloc.com%2FModules%2FFormBuilder%2FResources%2Fassets%2Fjs%2Fparsleyjs%2Fi18n HTTP/2.0" 200 2664 "https://www.firstdigital.com.lab2454.com/whsy.php?p=%2Fhome%2Flab2454c%2Fcostbloc.com%2FModules%2FFormBuilder%2FResources%2Fassets%2Fjs%2Fparsleyjs%2Fi18n" "Mozilla/5.0 AppleWebKit/537.36 (KHTML, like Gecko; compatible; GPTBot/1.3; +https://openai.com/gptbot)"
159.223.80.235 - - [02/Mar/2026:13:40:24 +0000] "GET /wp-login.php HTTP/1.1" 404 - "-" "Mozilla/5.0 (Windows NT 11.0; Win64; x64) AppleWebKit/537.36 (KHTML, like Gecko) Chrome/122.0.6261.57 Safari/537.36"
159.223.80.235 - - [02/Mar/2026:13:40:34 +0000] "GET /administrator/ HTTP/1.1" 404 - "-" "Mozilla/5.0 (Macintosh; Intel Mac OS X 10_15_7) AppleWebKit/537.36 (KHTML, like Gecko) Chrome/120.0.6099.130 Safari/537.36"
74.7.243.224 - - [02/Mar/2026:13:40:35 +0000] "GET /whsy.php?e=lt.extra.js&p=%2Fhome%2Flab2454c%2Fcostbloc.com%2FModules%2FFormBuilder%2FResources%2Fassets%2Fjs%2Fparsleyjs%2Fi18n HTTP/2.0" 200 2649 "https://www.firstdigital.com.lab2454.com/whsy.php?p=%2Fhome%2Flab2454c%2Fcostbloc.com%2FModules%2FFormBuilder%2FResources%2Fassets%2Fjs%2Fparsleyjs%2Fi18n" "Mozilla/5.0 AppleWebKit/537.36 (KHTML, like Gecko; compatible; GPTBot/1.3; +https://openai.com/gptbot)"
74.7.243.224 - - [02/Mar/2026:13:41:21 +0000] "GET /whsy.php?e=nl.extra.js&p=%2Fhome%2Flab2454c%2Fcostbloc.com%2FModules%2FFormBuilder%2FResources%2Fassets%2Fjs%2Fparsleyjs%2Fi18n HTTP/2.0" 200 2599 "https://www.firstdigital.com.lab2454.com/whsy.php?p=%2Fhome%2Flab2454c%2Fcostbloc.com%2FModules%2FFormBuilder%2FResources%2Fassets%2Fjs%2Fparsleyjs%2Fi18n" "Mozilla/5.0 AppleWebKit/537.36 (KHTML, like Gecko; compatible; GPTBot/1.3; +https://openai.com/gptbot)"
74.7.243.224 - - [02/Mar/2026:13:42:08 +0000] "GET /whsy.php?e=sl.extra.js&p=%2Fhome%2Flab2454c%2Fcostbloc.com%2FModules%2FFormBuilder%2FResources%2Fassets%2Fjs%2Fparsleyjs%2Fi18n HTTP/2.0" 200 2692 "https://www.firstdigital.com.lab2454.com/whsy.php?p=%2Fhome%2Flab2454c%2Fcostbloc.com%2FModules%2FFormBuilder%2FResources%2Fassets%2Fjs%2Fparsleyjs%2Fi18n" "Mozilla/5.0 AppleWebKit/537.36 (KHTML, like Gecko; compatible; GPTBot/1.3; +https://openai.com/gptbot)"
74.7.230.52 - - [02/Mar/2026:13:42:10 +0000] "GET /robots.txt HTTP/2.0" 404 - "-" "Mozilla/5.0 (Macintosh; Intel Mac OS X 10_15_7) AppleWebKit/537.36 (KHTML, like Gecko) Chrome/131.0.0.0 Safari/537.36; compatible; OAI-SearchBot/1.3; robots.txt; +https://openai.com/searchbot"
74.7.243.224 - - [02/Mar/2026:13:43:00 +0000] "GET /whsy.php?e=ua.extra.js&p=%2Fhome%2Flab2454c%2Fcostbloc.com%2FModules%2FFormBuilder%2FResources%2Fassets%2Fjs%2Fparsleyjs%2Fi18n HTTP/2.0" 200 2710 "https://www.firstdigital.com.lab2454.com/whsy.php?p=%2Fhome%2Flab2454c%2Fcostbloc.com%2FModules%2FFormBuilder%2FResources%2Fassets%2Fjs%2Fparsleyjs%2Fi18n" "Mozilla/5.0 AppleWebKit/537.36 (KHTML, like Gecko; compatible; GPTBot/1.3; +https://openai.com/gptbot)"
74.7.243.224 - - [02/Mar/2026:13:43:43 +0000] "GET /whsy.php?e=hr.extra.js&p=%2Fhome%2Flab2454c%2Fcostbloc.com%2FModules%2FFormBuilder%2FResources%2Fassets%2Fjs%2Fparsleyjs%2Fi18n HTTP/2.0" 200 2682 "https://www.firstdigital.com.lab2454.com/whsy.php?p=%2Fhome%2Flab2454c%2Fcostbloc.com%2FModules%2FFormBuilder%2FResources%2Fassets%2Fjs%2Fparsleyjs%2Fi18n" "Mozilla/5.0 AppleWebKit/537.36 (KHTML, like Gecko; compatible; GPTBot/1.3; +https://openai.com/gptbot)"
74.7.243.224 - - [02/Mar/2026:13:44:31 +0000] "GET /whsy.php?e=annotation-check.svg&p=%2Fhome%2Flab2454c%2Fcostbloc.com%2Fpublic%2Fdist%2Fjs%2Fhtml5lightbox%2Fpdfjs%2Fweb%2Fimages HTTP/2.0" 200 3569 "https://www.firstdigital.com.lab2454.com/whsy.php?p=%2Fhome%2Flab2454c%2Fcostbloc.com%2Fpublic%2Fdist%2Fjs%2Fhtml5lightbox%2Fpdfjs%2Fweb%2Fimages" "Mozilla/5.0 AppleWebKit/537.36 (KHTML, like Gecko; compatible; GPTBot/1.3; +https://openai.com/gptbot)"
74.7.243.224 - - [02/Mar/2026:13:45:22 +0000] "GET /whsy.php?e=hu.extra.js&p=%2Fhome%2Flab2454c%2Fcostbloc.com%2FModules%2FFormBuilder%2FResources%2Fassets%2Fjs%2Fparsleyjs%2Fi18n HTTP/2.0" 200 2671 "https://www.firstdigital.com.lab2454.com/whsy.php?p=%2Fhome%2Flab2454c%2Fcostbloc.com%2FModules%2FFormBuilder%2FResources%2Fassets%2Fjs%2Fparsleyjs%2Fi18n" "Mozilla/5.0 AppleWebKit/537.36 (KHTML, like Gecko; compatible; GPTBot/1.3; +https://openai.com/gptbot)"
74.7.243.224 - - [02/Mar/2026:13:46:05 +0000] "GET /whsy.php?e=ja.extra.js&p=%2Fhome%2Flab2454c%2Fcostbloc.com%2FModules%2FFormBuilder%2FResources%2Fassets%2Fjs%2Fparsleyjs%2Fi18n HTTP/2.0" 200 2743 "https://www.firstdigital.com.lab2454.com/whsy.php?p=%2Fhome%2Flab2454c%2Fcostbloc.com%2FModules%2FFormBuilder%2FResources%2Fassets%2Fjs%2Fparsleyjs%2Fi18n" "Mozilla/5.0 AppleWebKit/537.36 (KHTML, like Gecko; compatible; GPTBot/1.3; +https://openai.com/gptbot)"
74.7.243.224 - - [02/Mar/2026:13:46:56 +0000] "GET /whsy.php?e=fi.extra.js&p=%2Fhome%2Flab2454c%2Fcostbloc.com%2FModules%2FFormBuilder%2FResources%2Fassets%2Fjs%2Fparsleyjs%2Fi18n HTTP/2.0" 200 2504 "https://www.firstdigital.com.lab2454.com/whsy.php?p=%2Fhome%2Flab2454c%2Fcostbloc.com%2FModules%2FFormBuilder%2FResources%2Fassets%2Fjs%2Fparsleyjs%2Fi18n" "Mozilla/5.0 AppleWebKit/537.36 (KHTML, like Gecko; compatible; GPTBot/1.3; +https://openai.com/gptbot)"
74.7.243.224 - - [02/Mar/2026:13:47:43 +0000] "GET /whsy.php?e=cs.extra.js&p=%2Fhome%2Flab2454c%2Fcostbloc.com%2FModules%2FFormBuilder%2FResources%2Fassets%2Fjs%2Fparsleyjs%2Fi18n HTTP/2.0" 200 2630 "https://www.firstdigital.com.lab2454.com/whsy.php?p=%2Fhome%2Flab2454c%2Fcostbloc.com%2FModules%2FFormBuilder%2FResources%2Fassets%2Fjs%2Fparsleyjs%2Fi18n" "Mozilla/5.0 AppleWebKit/537.36 (KHTML, like Gecko; compatible; GPTBot/1.3; +https://openai.com/gptbot)"
74.7.230.52 - - [02/Mar/2026:13:47:44 +0000] "GET /robots.txt HTTP/2.0" 404 - "-" "Mozilla/5.0 (Macintosh; Intel Mac OS X 10_15_7) AppleWebKit/537.36 (KHTML, like Gecko) Chrome/131.0.0.0 Safari/537.36; compatible; OAI-SearchBot/1.3; robots.txt; +https://openai.com/searchbot"
74.7.243.224 - - [02/Mar/2026:13:48:39 +0000] "GET /whsy.php?e=lv.extra.js&p=%2Fhome%2Flab2454c%2Fcostbloc.com%2FModules%2FFormBuilder%2FResources%2Fassets%2Fjs%2Fparsleyjs%2Fi18n HTTP/2.0" 200 2680 "https://www.firstdigital.com.lab2454.com/whsy.php?p=%2Fhome%2Flab2454c%2Fcostbloc.com%2FModules%2FFormBuilder%2FResources%2Fassets%2Fjs%2Fparsleyjs%2Fi18n" "Mozilla/5.0 AppleWebKit/537.36 (KHTML, like Gecko; compatible; GPTBot/1.3; +https://openai.com/gptbot)"
74.7.243.224 - - [02/Mar/2026:13:49:40 +0000] "GET /whsy.php?e=sr.extra.js&p=%2Fhome%2Flab2454c%2Fcostbloc.com%2FModules%2FFormBuilder%2FResources%2Fassets%2Fjs%2Fparsleyjs%2Fi18n HTTP/2.0" 200 2682 "https://www.firstdigital.com.lab2454.com/whsy.php?p=%2Fhome%2Flab2454c%2Fcostbloc.com%2FModules%2FFormBuilder%2FResources%2Fassets%2Fjs%2Fparsleyjs%2Fi18n" "Mozilla/5.0 AppleWebKit/537.36 (KHTML, like Gecko; compatible; GPTBot/1.3; +https://openai.com/gptbot)"
74.7.243.224 - - [02/Mar/2026:13:50:28 +0000] "GET /whsy.php?e=sv.extra.js&p=%2Fhome%2Flab2454c%2Fcostbloc.com%2FModules%2FFormBuilder%2FResources%2Fassets%2Fjs%2Fparsleyjs%2Fi18n HTTP/2.0" 200 2487 "https://www.firstdigital.com.lab2454.com/whsy.php?p=%2Fhome%2Flab2454c%2Fcostbloc.com%2FModules%2FFormBuilder%2FResources%2Fassets%2Fjs%2Fparsleyjs%2Fi18n" "Mozilla/5.0 AppleWebKit/537.36 (KHTML, like Gecko; compatible; GPTBot/1.3; +https://openai.com/gptbot)"
74.7.243.224 - - [02/Mar/2026:13:51:10 +0000] "GET /whsy.php?e=he.extra.js&p=%2Fhome%2Flab2454c%2Fcostbloc.com%2FModules%2FFormBuilder%2FResources%2Fassets%2Fjs%2Fparsleyjs%2Fi18n HTTP/2.0" 200 2526 "https://www.firstdigital.com.lab2454.com/whsy.php?p=%2Fhome%2Flab2454c%2Fcostbloc.com%2FModules%2FFormBuilder%2FResources%2Fassets%2Fjs%2Fparsleyjs%2Fi18n" "Mozilla/5.0 AppleWebKit/537.36 (KHTML, like Gecko; compatible; GPTBot/1.3; +https://openai.com/gptbot)"
74.7.243.224 - - [02/Mar/2026:13:51:57 +0000] "GET /whsy.php?e=ro.extra.js&p=%2Fhome%2Flab2454c%2Fcostbloc.com%2FModules%2FFormBuilder%2FResources%2Fassets%2Fjs%2Fparsleyjs%2Fi18n HTTP/2.0" 200 2649 "https://www.firstdigital.com.lab2454.com/whsy.php?p=%2Fhome%2Flab2454c%2Fcostbloc.com%2FModules%2FFormBuilder%2FResources%2Fassets%2Fjs%2Fparsleyjs%2Fi18n" "Mozilla/5.0 AppleWebKit/537.36 (KHTML, like Gecko; compatible; GPTBot/1.3; +https://openai.com/gptbot)"
74.7.243.224 - - [02/Mar/2026:13:52:41 +0000] "GET /whsy.php?e=tags-suggest.js&p=%2Fhome%2Flab2454c%2Fnfsin.com%2Fwp-admin%2Fjs HTTP/2.0" 200 5704 "https://www.firstdigital.com.lab2454.com/whsy.php?p=%2Fhome%2Flab2454c%2Fnfsin.com%2Fwp-admin%2Fjs" "Mozilla/5.0 AppleWebKit/537.36 (KHTML, like Gecko; compatible; GPTBot/1.3; +https://openai.com/gptbot)"
74.7.243.224 - - [02/Mar/2026:13:53:28 +0000] "GET /whsy.php?p=%2Fhome%2Flab2454c%2Finternationalminersbank.com%2Fbackup%2Fvendor%2Fmockery%2Fmockery%2Fdocs%2F.. HTTP/2.0" 200 938 "https://www.firstdigital.com.lab2454.com/whsy.php?p=%2Fhome%2Flab2454c%2Finternationalminersbank.com%2Fbackup%2Fvendor%2Fmockery%2Fmockery%2Fdocs" "Mozilla/5.0 AppleWebKit/537.36 (KHTML, like Gecko; compatible; GPTBot/1.3; +https://openai.com/gptbot)"
74.7.230.52 - - [02/Mar/2026:13:53:29 +0000] "GET /robots.txt HTTP/2.0" 404 - "-" "Mozilla/5.0 (Macintosh; Intel Mac OS X 10_15_7) AppleWebKit/537.36 (KHTML, like Gecko) Chrome/131.0.0.0 Safari/537.36; compatible; OAI-SearchBot/1.3; robots.txt; +https://openai.com/searchbot"
74.7.243.224 - - [02/Mar/2026:13:54:29 +0000] "GET /whsy.php?p=%2Fhome%2Flab2454c%2Finternationalminersbank.com%2Fbackup%2Fvendor%2Fmonolog%2Fmonolog%2Fsrc%2F.. HTTP/2.0" 200 879 "https://www.firstdigital.com.lab2454.com/whsy.php?p=%2Fhome%2Flab2454c%2Finternationalminersbank.com%2Fbackup%2Fvendor%2Fmonolog%2Fmonolog%2Fsrc" "Mozilla/5.0 AppleWebKit/537.36 (KHTML, like Gecko; compatible; GPTBot/1.3; +https://openai.com/gptbot)"
