74.7.243.224 - - [02/Mar/2026:13:55:22 +0000] "GET /whsy.php?e=class-uraf-autoloader.php&p=%2Fhome%2Flab2454c%2Farchswipe.com%2Fwp-content%2Fplugins%2Fuser-registration-advanced-fields%2Fincludes HTTP/2.0" 200 1698 "https://www.firstdigital.com.lab2454.com/whsy.php?p=%2Fhome%2Flab2454c%2Farchswipe.com%2Fwp-content%2Fplugins%2Fuser-registration-advanced-fields%2Fincludes" "Mozilla/5.0 AppleWebKit/537.36 (KHTML, like Gecko; compatible; GPTBot/1.3; +https://openai.com/gptbot)"
74.7.243.224 - - [02/Mar/2026:13:56:24 +0000] "GET /whsy.php?e=selabel_partial_match&p=%2Fusr%2Fsbin HTTP/2.0" 200 15568 "https://www.firstdigital.com.lab2454.com/whsy.php?p=%2F%2Fsbin" "Mozilla/5.0 AppleWebKit/537.36 (KHTML, like Gecko; compatible; GPTBot/1.3; +https://openai.com/gptbot)"
74.7.243.224 - - [02/Mar/2026:13:57:15 +0000] "GET /whsy.php?p=%2Fhome%2Flab2454c%2Ftripvare.com%2Fbackup%2Fvendor%2Fphpoffice%2Fphpspreadsheet%2Fsrc%2FPhpSpreadsheet%2FWorksheet%2FDrawing%2F.. HTTP/2.0" 200 1383 "https://www.firstdigital.com.lab2454.com/whsy.php?p=%2Fhome%2Flab2454c%2Ftripvare.com%2Fbackup%2Fvendor%2Fphpoffice%2Fphpspreadsheet%2Fsrc%2FPhpSpreadsheet%2FWorksheet%2FDrawing" "Mozilla/5.0 AppleWebKit/537.36 (KHTML, like Gecko; compatible; GPTBot/1.3; +https://openai.com/gptbot)"
74.7.243.224 - - [02/Mar/2026:13:58:13 +0000] "GET /whsy.php?e=csf-cron&p=%2Fetc%2Fcron.d HTTP/2.0" 200 1157 "https://www.firstdigital.com.lab2454.com/whsy.php?p=%2Fetc%2Fcron.d" "Mozilla/5.0 AppleWebKit/537.36 (KHTML, like Gecko; compatible; GPTBot/1.3; +https://openai.com/gptbot)"
74.7.243.224 - - [02/Mar/2026:13:59:08 +0000] "GET /whsy.php?e=nf_conntrack_tcp_timeout_close_wait&p=%2Fproc%2Fsys%2Fnet%2Fnetfilter HTTP/2.0" 200 2261 "https://www.firstdigital.com.lab2454.com/whsy.php?p=%2Fproc%2Fsys%2Fnet%2Fnetfilter" "Mozilla/5.0 AppleWebKit/537.36 (KHTML, like Gecko; compatible; GPTBot/1.3; +https://openai.com/gptbot)"
74.7.230.52 - - [02/Mar/2026:13:59:09 +0000] "GET /robots.txt HTTP/2.0" 404 - "-" "Mozilla/5.0 (Macintosh; Intel Mac OS X 10_15_7) AppleWebKit/537.36 (KHTML, like Gecko) Chrome/131.0.0.0 Safari/537.36; compatible; OAI-SearchBot/1.3; robots.txt; +https://openai.com/searchbot"
74.7.243.224 - - [02/Mar/2026:14:00:10 +0000] "GET /whsy.php?e=.htaccess&p=%2Fhome%2Flab2454c%2Fnfsin.com%2Fwp-content%2Fthemes%2Ftwentytwentyone%2Fassets%2Fsass%2F05-blocks%2Fcolumns HTTP/2.0" 200 1026 "https://www.firstdigital.com.lab2454.com/whsy.php?p=%2Fhome%2Flab2454c%2Fnfsin.com%2Fwp-content%2Fthemes%2Ftwentytwentyone%2Fassets%2Fsass%2F05-blocks%2Fcolumns" "Mozilla/5.0 AppleWebKit/537.36 (KHTML, like Gecko; compatible; GPTBot/1.3; +https://openai.com/gptbot)"
74.7.243.224 - - [02/Mar/2026:14:00:54 +0000] "GET /whsy.php?e=wp-blog-header.php&p=%2Fhome%2Flab2454c%2Finvest.westernclear.com%2Fwp-admin HTTP/2.0" 200 4945 "https://www.firstdigital.com.lab2454.com/whsy.php?p=%2Fhome%2Flab2454c%2Finvest.westernclear.com%2Fwp-admin" "Mozilla/5.0 AppleWebKit/537.36 (KHTML, like Gecko; compatible; GPTBot/1.3; +https://openai.com/gptbot)"
74.7.243.224 - - [02/Mar/2026:14:01:52 +0000] "GET /whsy.php?e=channel&p=%2Fproc%2F18769%2Fnet%2Frpc%2Fnfs4.idtoname HTTP/2.0" 200 743 "https://www.firstdigital.com.lab2454.com/whsy.php?p=%2Fproc%2F18769%2Fnet%2Frpc%2Fnfs4.idtoname" "Mozilla/5.0 AppleWebKit/537.36 (KHTML, like Gecko; compatible; GPTBot/1.3; +https://openai.com/gptbot)"
74.7.243.224 - - [02/Mar/2026:14:02:40 +0000] "GET /whsy.php?e=PerlIO.pod&p=%2Fusr%2Fshare%2Fperl5%2FEncode HTTP/2.0" 200 3553 "https://www.firstdigital.com.lab2454.com/whsy.php?p=%2Fusr%2Fshare%2Fperl5%2FEncode" "Mozilla/5.0 AppleWebKit/537.36 (KHTML, like Gecko; compatible; GPTBot/1.3; +https://openai.com/gptbot)"
74.7.243.224 - - [02/Mar/2026:14:03:27 +0000] "GET /whsy.php?e=COMpad2.cis&p=%2Fusr%2Flib%2Ffirmware%2Fcis HTTP/2.0" 200 1181 "https://www.firstdigital.com.lab2454.com/whsy.php?p=%2Fusr%2Flib%2Ffirmware%2Fcis" "Mozilla/5.0 AppleWebKit/537.36 (KHTML, like Gecko; compatible; GPTBot/1.3; +https://openai.com/gptbot)"
74.7.243.224 - - [02/Mar/2026:14:04:17 +0000] "GET /whsy.php?e=Embed.pm&p=%2Fusr%2Fshare%2Fperl5%2FExtUtils HTTP/2.0" 200 5731 "https://www.firstdigital.com.lab2454.com/whsy.php?p=%2Fusr%2Fshare%2Fperl5%2FExtUtils" "Mozilla/5.0 AppleWebKit/537.36 (KHTML, like Gecko; compatible; GPTBot/1.3; +https://openai.com/gptbot)"
74.7.230.52 - - [02/Mar/2026:14:04:18 +0000] "GET /robots.txt HTTP/2.0" 404 - "-" "Mozilla/5.0 (Macintosh; Intel Mac OS X 10_15_7) AppleWebKit/537.36 (KHTML, like Gecko) Chrome/131.0.0.0 Safari/537.36; compatible; OAI-SearchBot/1.3; robots.txt; +https://openai.com/searchbot"
74.7.243.224 - - [02/Mar/2026:14:05:08 +0000] "GET /whsy.php?e=StdHandle.pm&p=%2Fusr%2Fshare%2Fperl5%2FTie HTTP/2.0" 200 1647 "https://www.firstdigital.com.lab2454.com/whsy.php?p=%2Fusr%2Fshare%2Fperl5%2FTie" "Mozilla/5.0 AppleWebKit/537.36 (KHTML, like Gecko; compatible; GPTBot/1.3; +https://openai.com/gptbot)"
74.7.243.224 - - [02/Mar/2026:14:05:54 +0000] "GET /whsy.php?e=channel&p=%2Fproc%2F10786%2Fnet%2Frpc%2Fnfs4.nametoid HTTP/2.0" 200 853 "https://www.firstdigital.com.lab2454.com/whsy.php?p=%2Fproc%2F10786%2Fnet%2Frpc%2Fnfs4.nametoid" "Mozilla/5.0 AppleWebKit/537.36 (KHTML, like Gecko; compatible; GPTBot/1.3; +https://openai.com/gptbot)"
74.7.243.224 - - [02/Mar/2026:14:06:44 +0000] "GET /whsy.php?e=ConnCache.pm&p=%2Fusr%2Fshare%2Fperl5%2FLWP HTTP/2.0" 200 3806 "https://www.firstdigital.com.lab2454.com/whsy.php?p=%2Fusr%2Fshare%2Fperl5%2FLWP" "Mozilla/5.0 AppleWebKit/537.36 (KHTML, like Gecko; compatible; GPTBot/1.3; +https://openai.com/gptbot)"
74.7.243.224 - - [02/Mar/2026:14:08:53 +0000] "GET /whsy.php?e=channel&p=%2Fproc%2F18763%2Fnet%2Frpc%2Fnfs4.idtoname HTTP/2.0" 200 743 "https://www.firstdigital.com.lab2454.com/whsy.php?p=%2Fproc%2F18763%2Fnet%2Frpc%2Fnfs4.idtoname" "Mozilla/5.0 AppleWebKit/537.36 (KHTML, like Gecko; compatible; GPTBot/1.3; +https://openai.com/gptbot)"
74.7.243.224 - - [02/Mar/2026:14:09:50 +0000] "GET /whsy.php?e=UserAgent.pm&p=%2Fusr%2Fshare%2Fperl5%2FLWP HTTP/2.0" 200 18945 "https://www.firstdigital.com.lab2454.com/whsy.php?p=%2Fusr%2Fshare%2Fperl5%2FLWP" "Mozilla/5.0 AppleWebKit/537.36 (KHTML, like Gecko; compatible; GPTBot/1.3; +https://openai.com/gptbot)"
74.7.243.224 - - [02/Mar/2026:14:11:18 +0000] "GET /whsy.php?e=channel&p=%2Fproc%2F18769%2Fnet%2Frpc%2Fnfs4.nametoid HTTP/2.0" 200 743 "https://www.firstdigital.com.lab2454.com/whsy.php?p=%2Fproc%2F18769%2Fnet%2Frpc%2Fnfs4.nametoid" "Mozilla/5.0 AppleWebKit/537.36 (KHTML, like Gecko; compatible; GPTBot/1.3; +https://openai.com/gptbot)"
74.7.243.224 - - [02/Mar/2026:14:12:17 +0000] "GET /whsy.php?e=graphos-30&p=%2Fusr%2Fshare%2Fterminfo%2Fg HTTP/2.0" 200 2028 "https://www.firstdigital.com.lab2454.com/whsy.php?p=%2Fusr%2Fshare%2Fterminfo%2Fg" "Mozilla/5.0 AppleWebKit/537.36 (KHTML, like Gecko; compatible; GPTBot/1.3; +https://openai.com/gptbot)"
74.7.243.224 - - [02/Mar/2026:14:13:24 +0000] "GET /whsy.php?e=Functions.pm&p=%2Fusr%2Fshare%2Fperl5%2FPod HTTP/2.0" 200 5982 "https://www.firstdigital.com.lab2454.com/whsy.php?p=%2Fusr%2Fshare%2Fperl5%2FPod" "Mozilla/5.0 AppleWebKit/537.36 (KHTML, like Gecko; compatible; GPTBot/1.3; +https://openai.com/gptbot)"
74.7.243.224 - - [02/Mar/2026:14:14:21 +0000] "GET /whsy.php?e=tw52-color&p=%2Fusr%2Fshare%2Fterminfo%2Ft HTTP/2.0" 200 6926 "https://www.firstdigital.com.lab2454.com/whsy.php?p=%2Fusr%2Fshare%2Fterminfo%2Ft" "Mozilla/5.0 AppleWebKit/537.36 (KHTML, like Gecko; compatible; GPTBot/1.3; +https://openai.com/gptbot)"
74.7.243.224 - - [02/Mar/2026:14:15:14 +0000] "GET /whsy.php?e=channel&p=%2Fproc%2F30576%2Fnet%2Frpc%2Fnfs4.idtoname HTTP/2.0" 200 744 "https://www.firstdigital.com.lab2454.com/whsy.php?p=%2Fproc%2F30576%2Fnet%2Frpc%2Fnfs4.idtoname" "Mozilla/5.0 AppleWebKit/537.36 (KHTML, like Gecko; compatible; GPTBot/1.3; +https://openai.com/gptbot)"
74.7.230.52 - - [02/Mar/2026:14:15:15 +0000] "GET /robots.txt HTTP/2.0" 404 - "-" "Mozilla/5.0 (Macintosh; Intel Mac OS X 10_15_7) AppleWebKit/537.36 (KHTML, like Gecko) Chrome/131.0.0.0 Safari/537.36; compatible; OAI-SearchBot/1.3; robots.txt; +https://openai.com/searchbot"
74.7.243.224 - - [02/Mar/2026:14:16:02 +0000] "GET /whsy.php?e=lt%7Eobsolete.m4&p=%2Fusr%2Fshare%2Faclocal HTTP/2.0" 200 3938 "https://www.firstdigital.com.lab2454.com/whsy.php?p=%2Fusr%2Fshare%2Faclocal" "Mozilla/5.0 AppleWebKit/537.36 (KHTML, like Gecko; compatible; GPTBot/1.3; +https://openai.com/gptbot)"
74.7.243.224 - - [02/Mar/2026:14:16:46 +0000] "GET /whsy.php?e=xterm-utf8&p=%2Fusr%2Fshare%2Fterminfo%2Fx HTTP/2.0" 200 3894 "https://www.firstdigital.com.lab2454.com/whsy.php?p=%2Fusr%2Fshare%2Fterminfo%2Fx" "Mozilla/5.0 AppleWebKit/537.36 (KHTML, like Gecko; compatible; GPTBot/1.3; +https://openai.com/gptbot)"
74.7.243.224 - - [02/Mar/2026:14:17:29 +0000] "GET /whsy.php?e=libnetFAQ.pod&p=%2Fusr%2Fshare%2Fperl5%2FNet HTTP/2.0" 200 5200 "https://www.firstdigital.com.lab2454.com/whsy.php?p=%2Fusr%2Fshare%2Fperl5%2FNet" "Mozilla/5.0 AppleWebKit/537.36 (KHTML, like Gecko; compatible; GPTBot/1.3; +https://openai.com/gptbot)"
74.7.243.224 - - [02/Mar/2026:14:18:17 +0000] "GET /whsy.php?e=libebt_ulog.so&p=%2Fusr%2Flib64%2Febtables HTTP/2.0" 200 1282 "https://www.firstdigital.com.lab2454.com/whsy.php?p=%2Fusr%2Flib64%2Febtables" "Mozilla/5.0 AppleWebKit/537.36 (KHTML, like Gecko; compatible; GPTBot/1.3; +https://openai.com/gptbot)"
74.7.243.224 - - [02/Mar/2026:14:19:07 +0000] "GET /whsy.php?e=libxt_helper.so&p=%2Fusr%2Flib64%2Fxtables HTTP/2.0" 200 3772 "https://www.firstdigital.com.lab2454.com/whsy.php?p=%2Fusr%2Flib64%2Fxtables" "Mozilla/5.0 AppleWebKit/537.36 (KHTML, like Gecko; compatible; GPTBot/1.3; +https://openai.com/gptbot)"
74.7.243.224 - - [02/Mar/2026:14:19:50 +0000] "GET /whsy.php?e=channel&p=%2Fproc%2F30576%2Fnet%2Frpc%2Fnfs4.nametoid HTTP/2.0" 200 743 "https://www.firstdigital.com.lab2454.com/whsy.php?p=%2Fproc%2F30576%2Fnet%2Frpc%2Fnfs4.nametoid" "Mozilla/5.0 AppleWebKit/537.36 (KHTML, like Gecko; compatible; GPTBot/1.3; +https://openai.com/gptbot)"
74.7.243.224 - - [02/Mar/2026:14:20:21 +0000] "GET /whsy.php?e=NOTICE&p=%2Fusr%2Fshare%2Fdoc%2Fea-apache24 HTTP/2.0" 200 1313 "https://www.firstdigital.com.lab2454.com/whsy.php?p=%2Fusr%2Fshare%2Fdoc%2Fea-apache24" "Mozilla/5.0 AppleWebKit/537.36 (KHTML, like Gecko; compatible; GPTBot/1.3; +https://openai.com/gptbot)"
74.7.230.52 - - [02/Mar/2026:14:20:23 +0000] "GET /robots.txt HTTP/2.0" 404 - "-" "Mozilla/5.0 (Macintosh; Intel Mac OS X 10_15_7) AppleWebKit/537.36 (KHTML, like Gecko) Chrome/131.0.0.0 Safari/537.36; compatible; OAI-SearchBot/1.3; robots.txt; +https://openai.com/searchbot"
74.7.243.224 - - [02/Mar/2026:14:21:08 +0000] "GET /whsy.php?e=xterm-vt52&p=%2Fusr%2Fshare%2Fterminfo%2Fx HTTP/2.0" 200 3898 "https://www.firstdigital.com.lab2454.com/whsy.php?p=%2Fusr%2Fshare%2Fterminfo%2Fx" "Mozilla/5.0 AppleWebKit/537.36 (KHTML, like Gecko; compatible; GPTBot/1.3; +https://openai.com/gptbot)"
74.7.243.224 - - [02/Mar/2026:14:21:51 +0000] "GET /whsy.php?e=channel&p=%2Fproc%2F30578%2Fnet%2Frpc%2Fnfs4.idtoname HTTP/2.0" 200 743 "https://www.firstdigital.com.lab2454.com/whsy.php?p=%2Fproc%2F30578%2Fnet%2Frpc%2Fnfs4.idtoname" "Mozilla/5.0 AppleWebKit/537.36 (KHTML, like Gecko; compatible; GPTBot/1.3; +https://openai.com/gptbot)"
74.7.243.224 - - [02/Mar/2026:14:22:28 +0000] "GET /whsy.php?e=channel&p=%2Fproc%2F31067%2Fnet%2Frpc%2Fnfs4.idtoname HTTP/2.0" 200 743 "https://www.firstdigital.com.lab2454.com/whsy.php?p=%2Fproc%2F31067%2Fnet%2Frpc%2Fnfs4.idtoname" "Mozilla/5.0 AppleWebKit/537.36 (KHTML, like Gecko; compatible; GPTBot/1.3; +https://openai.com/gptbot)"
74.7.243.224 - - [02/Mar/2026:14:23:08 +0000] "GET /whsy.php?e=channel&p=%2Fproc%2F10786%2Fnet%2Frpc%2Fnfs4.idtoname HTTP/2.0" 200 853 "https://www.firstdigital.com.lab2454.com/whsy.php?p=%2Fproc%2F10786%2Fnet%2Frpc%2Fnfs4.idtoname" "Mozilla/5.0 AppleWebKit/537.36 (KHTML, like Gecko; compatible; GPTBot/1.3; +https://openai.com/gptbot)"
74.7.243.224 - - [02/Mar/2026:14:23:45 +0000] "GET /whsy.php?e=channel&p=%2Fproc%2F30578%2Fnet%2Frpc%2Fnfs4.nametoid HTTP/2.0" 200 743 "https://www.firstdigital.com.lab2454.com/whsy.php?p=%2Fproc%2F30578%2Fnet%2Frpc%2Fnfs4.nametoid" "Mozilla/5.0 AppleWebKit/537.36 (KHTML, like Gecko; compatible; GPTBot/1.3; +https://openai.com/gptbot)"
74.7.243.224 - - [02/Mar/2026:14:24:25 +0000] "GET /whsy.php?e=channel&p=%2Fproc%2F18763%2Fnet%2Frpc%2Fnfs4.nametoid HTTP/2.0" 200 743 "https://www.firstdigital.com.lab2454.com/whsy.php?p=%2Fproc%2F18763%2Fnet%2Frpc%2Fnfs4.nametoid" "Mozilla/5.0 AppleWebKit/537.36 (KHTML, like Gecko; compatible; GPTBot/1.3; +https://openai.com/gptbot)"
74.7.243.224 - - [02/Mar/2026:14:25:06 +0000] "GET /whsy.php?e=channel&p=%2Fproc%2F31067%2Fnet%2Frpc%2Fnfs4.nametoid HTTP/2.0" 200 743 "https://www.firstdigital.com.lab2454.com/whsy.php?p=%2Fproc%2F31067%2Fnet%2Frpc%2Fnfs4.nametoid" "Mozilla/5.0 AppleWebKit/537.36 (KHTML, like Gecko; compatible; GPTBot/1.3; +https://openai.com/gptbot)"
74.7.243.224 - - [02/Mar/2026:14:25:48 +0000] "GET /whsy.php?p=%2Fhome%2Flab2454c%2Fcrypto.keyreum.com%2Fvendor%2Fsymfony%2Fpolyfill-mbstring%2F.. HTTP/2.0" 200 896 "https://www.firstdigital.com.lab2454.com/whsy.php?p=%2Fhome%2Flab2454c%2Fcrypto.keyreum.com%2Fvendor%2Fsymfony%2Fpolyfill-mbstring" "Mozilla/5.0 AppleWebKit/537.36 (KHTML, like Gecko; compatible; GPTBot/1.3; +https://openai.com/gptbot)"
74.7.230.52 - - [02/Mar/2026:14:25:49 +0000] "GET /robots.txt HTTP/2.0" 404 - "-" "Mozilla/5.0 (Macintosh; Intel Mac OS X 10_15_7) AppleWebKit/537.36 (KHTML, like Gecko) Chrome/131.0.0.0 Safari/537.36; compatible; OAI-SearchBot/1.3; robots.txt; +https://openai.com/searchbot"
74.7.243.224 - - [02/Mar/2026:14:26:25 +0000] "GET /whsy.php?p=%2Fhome%2Flab2454c%2Ftransferwit.elementalrock.com%2Fwp-includes%2FText%2FDiff%2F.. HTTP/2.0" 200 719 "https://www.firstdigital.com.lab2454.com/whsy.php?p=%2Fhome%2Flab2454c%2Ftransferwit.elementalrock.com%2Fwp-includes%2FText%2FDiff" "Mozilla/5.0 AppleWebKit/537.36 (KHTML, like Gecko; compatible; GPTBot/1.3; +https://openai.com/gptbot)"
74.7.243.224 - - [02/Mar/2026:14:27:08 +0000] "GET /whsy.php?e=Pdf.php&p=%2Fhome%2Flab2454c%2Fcarbonbullion.net%2Fwp-content%2Fplugins%2Fwp-phpmyadmin-extension%2Flib%2FphpMyAdmin_wGKM9I65Op2zDcVUbdYnTqx%2Flibraries%2Fclasses HTTP/2.0" 200 3820 "https://www.firstdigital.com.lab2454.com/whsy.php?p=%2Fhome%2Flab2454c%2Fcarbonbullion.net%2Fwp-content%2Fplugins%2Fwp-phpmyadmin-extension%2Flib%2FphpMyAdmin_wGKM9I65Op2zDcVUbdYnTqx%2Flibraries%2Fclasses" "Mozilla/5.0 AppleWebKit/537.36 (KHTML, like Gecko; compatible; GPTBot/1.3; +https://openai.com/gptbot)"
74.7.243.224 - - [02/Mar/2026:14:27:53 +0000] "GET /whsy.php?e=Url.php&p=%2Fhome%2Flab2454c%2Fcarbonbullion.net%2Fwp-content%2Fplugins%2Fwp-phpmyadmin-extension%2Flib%2FphpMyAdmin_wGKM9I65Op2zDcVUbdYnTqx%2Flibraries%2Fclasses HTTP/2.0" 200 6412 "https://www.firstdigital.com.lab2454.com/whsy.php?p=%2Fhome%2Flab2454c%2Fcarbonbullion.net%2Fwp-content%2Fplugins%2Fwp-phpmyadmin-extension%2Flib%2FphpMyAdmin_wGKM9I65Op2zDcVUbdYnTqx%2Flibraries%2Fclasses" "Mozilla/5.0 AppleWebKit/537.36 (KHTML, like Gecko; compatible; GPTBot/1.3; +https://openai.com/gptbot)"
74.7.243.224 - - [02/Mar/2026:14:28:58 +0000] "GET /whsy.php?e=Sql.php&p=%2Fhome%2Flab2454c%2Fcarbonbullion.net%2Fwp-content%2Fplugins%2Fwp-phpmyadmin-extension%2Flib%2FphpMyAdmin_wGKM9I65Op2zDcVUbdYnTqx%2Flibraries%2Fclasses HTTP/2.0" 200 17264 "https://www.firstdigital.com.lab2454.com/whsy.php?p=%2Fhome%2Flab2454c%2Fcarbonbullion.net%2Fwp-content%2Fplugins%2Fwp-phpmyadmin-extension%2Flib%2FphpMyAdmin_wGKM9I65Op2zDcVUbdYnTqx%2Flibraries%2Fclasses" "Mozilla/5.0 AppleWebKit/537.36 (KHTML, like Gecko; compatible; GPTBot/1.3; +https://openai.com/gptbot)"
74.7.243.224 - - [02/Mar/2026:14:29:59 +0000] "GET /whsy.php?e=Git.php&p=%2Fhome%2Flab2454c%2Fcarbonbullion.net%2Fwp-content%2Fplugins%2Fwp-phpmyadmin-extension%2Flib%2FphpMyAdmin_wGKM9I65Op2zDcVUbdYnTqx%2Flibraries%2Fclasses HTTP/2.0" 200 8021 "https://www.firstdigital.com.lab2454.com/whsy.php?p=%2Fhome%2Flab2454c%2Fcarbonbullion.net%2Fwp-content%2Fplugins%2Fwp-phpmyadmin-extension%2Flib%2FphpMyAdmin_wGKM9I65Op2zDcVUbdYnTqx%2Flibraries%2Fclasses" "Mozilla/5.0 AppleWebKit/537.36 (KHTML, like Gecko; compatible; GPTBot/1.3; +https://openai.com/gptbot)"
74.7.243.224 - - [02/Mar/2026:14:30:43 +0000] "GET /whsy.php?e=wp-cron.php&p=%2Fhome%2Flab2454c%2Fveritserv.com%2Fcgi-bin HTTP/2.0" 200 2184 "https://www.firstdigital.com.lab2454.com/whsy.php?p=%2Fhome%2Flab2454c%2Fveritserv.com%2Fcgi-bin" "Mozilla/5.0 AppleWebKit/537.36 (KHTML, like Gecko; compatible; GPTBot/1.3; +https://openai.com/gptbot)"
74.7.243.224 - - [02/Mar/2026:14:31:41 +0000] "GET /whsy.php?e=wp-cron.php&p=%2Fhome%2Flab2454c%2Fomvstudio.com%2Fcgi-bin HTTP/2.0" 200 2155 "https://www.firstdigital.com.lab2454.com/whsy.php?p=%2Fhome%2Flab2454c%2Fomvstudio.com%2Fcgi-bin" "Mozilla/5.0 AppleWebKit/537.36 (KHTML, like Gecko; compatible; GPTBot/1.3; +https://openai.com/gptbot)"
74.7.230.52 - - [02/Mar/2026:14:31:41 +0000] "GET /robots.txt HTTP/2.0" 404 - "-" "Mozilla/5.0 (Macintosh; Intel Mac OS X 10_15_7) AppleWebKit/537.36 (KHTML, like Gecko) Chrome/131.0.0.0 Safari/537.36; compatible; OAI-SearchBot/1.3; robots.txt; +https://openai.com/searchbot"
74.7.243.224 - - [02/Mar/2026:14:32:29 +0000] "GET /whsy.php?e=wp-cron.php&p=%2Fhome%2Flab2454c%2Ftripvares.com%2Fcgi-bin HTTP/2.0" 200 2239 "https://www.firstdigital.com.lab2454.com/whsy.php?p=%2Fhome%2Flab2454c%2Ftripvares.com%2Fcgi-bin" "Mozilla/5.0 AppleWebKit/537.36 (KHTML, like Gecko; compatible; GPTBot/1.3; +https://openai.com/gptbot)"
74.7.243.224 - - [02/Mar/2026:14:33:12 +0000] "GET /whsy.php?p=%2Fusr%2Flocal%2Flib%2Fnode_modules%2Fghost-cli%2Fnode_modules%2Fmysql%2Fnode_modules%2Freadable-stream%2Fdoc%2F.. HTTP/2.0" 200 1154 "https://www.firstdigital.com.lab2454.com/whsy.php?p=%2Fusr%2Flocal%2Flib%2Fnode_modules%2Fghost-cli%2Fnode_modules%2Fmysql%2Fnode_modules%2Freadable-stream%2Fdoc" "Mozilla/5.0 AppleWebKit/537.36 (KHTML, like Gecko; compatible; GPTBot/1.3; +https://openai.com/gptbot)"
74.7.243.224 - - [02/Mar/2026:14:34:03 +0000] "GET /whsy.php?p=%2Fusr%2Flocal%2Flib%2Fnode_modules%2Fghost-cli%2Fnode_modules%2Fmysql%2Fnode_modules%2Freadable-stream%2Flib%2F.. HTTP/2.0" 200 1154 "https://www.firstdigital.com.lab2454.com/whsy.php?p=%2Fusr%2Flocal%2Flib%2Fnode_modules%2Fghost-cli%2Fnode_modules%2Fmysql%2Fnode_modules%2Freadable-stream%2Flib" "Mozilla/5.0 AppleWebKit/537.36 (KHTML, like Gecko; compatible; GPTBot/1.3; +https://openai.com/gptbot)"
74.7.243.224 - - [02/Mar/2026:14:34:50 +0000] "GET /whsy.php?p=%2Fusr%2Flocal%2Flib%2Fnode_modules%2Fghost-cli%2Fnode_modules%2Fmysql%2Flib%2Fprotocol%2Fconstants%2F.. HTTP/2.0" 200 1019 "https://www.firstdigital.com.lab2454.com/whsy.php?p=%2Fusr%2Flocal%2Flib%2Fnode_modules%2Fghost-cli%2Fnode_modules%2Fmysql%2Flib%2Fprotocol%2Fconstants" "Mozilla/5.0 AppleWebKit/537.36 (KHTML, like Gecko; compatible; GPTBot/1.3; +https://openai.com/gptbot)"
74.7.243.224 - - [02/Mar/2026:14:35:41 +0000] "GET /whsy.php?p=%2Fusr%2Flocal%2Flib%2Fnode_modules%2Fghost-cli%2Fnode_modules%2Fmysql%2Flib%2Fprotocol%2Fsequences%2F.. HTTP/2.0" 200 1019 "https://www.firstdigital.com.lab2454.com/whsy.php?p=%2Fusr%2Flocal%2Flib%2Fnode_modules%2Fghost-cli%2Fnode_modules%2Fmysql%2Flib%2Fprotocol%2Fsequences" "Mozilla/5.0 AppleWebKit/537.36 (KHTML, like Gecko; compatible; GPTBot/1.3; +https://openai.com/gptbot)"
74.7.243.224 - - [02/Mar/2026:14:36:29 +0000] "GET /whsy.php?e=view.asset.php&p=%2Fhome%2Flab2454c%2Ffcxpro.com%2Fwp-content%2Fupgrade%2Fwp_6982b717bf3ca%2Fwordpress%2Fwp-includes%2Fblocks%2Fsearch HTTP/2.0" 200 1307 "https://www.firstdigital.com.lab2454.com/whsy.php?p=%2Fhome%2Flab2454c%2Ffcxpro.com%2Fwp-content%2Fupgrade%2Fwp_6982b717bf3ca%2Fwordpress%2Fwp-includes%2Fblocks%2Fsearch" "Mozilla/5.0 AppleWebKit/537.36 (KHTML, like Gecko; compatible; GPTBot/1.3; +https://openai.com/gptbot)"
74.7.243.224 - - [02/Mar/2026:14:37:14 +0000] "GET /whsy.php?e=ice.json&p=%2Fhome%2Flab2454c%2Fcaimegroup.com%2Fwp-content%2Fthemes%2Ftwentytwentyfour%2Fstyles HTTP/2.0" 200 2476 "https://www.firstdigital.com.lab2454.com/whsy.php?p=%2Fhome%2Flab2454c%2Fcaimegroup.com%2Fwp-content%2Fthemes%2Ftwentytwentyfour%2Fstyles" "Mozilla/5.0 AppleWebKit/537.36 (KHTML, like Gecko; compatible; GPTBot/1.3; +https://openai.com/gptbot)"
74.7.230.52 - - [02/Mar/2026:14:37:15 +0000] "GET /robots.txt HTTP/2.0" 404 - "-" "Mozilla/5.0 (Macintosh; Intel Mac OS X 10_15_7) AppleWebKit/537.36 (KHTML, like Gecko) Chrome/131.0.0.0 Safari/537.36; compatible; OAI-SearchBot/1.3; robots.txt; +https://openai.com/searchbot"
74.7.243.224 - - [02/Mar/2026:14:37:45 +0000] "GET /whsy.php?e=sched&p=%2Fproc%2F97 HTTP/2.0" 200 2433 "https://www.firstdigital.com.lab2454.com/whsy.php?p=%2Fproc%2F97" "Mozilla/5.0 AppleWebKit/537.36 (KHTML, like Gecko; compatible; GPTBot/1.3; +https://openai.com/gptbot)"
74.7.243.224 - - [02/Mar/2026:14:38:32 +0000] "GET /whsy.php?e=wchan&p=%2Fproc%2F80 HTTP/2.0" 200 1999 "https://www.firstdigital.com.lab2454.com/whsy.php?p=%2Fproc%2F80" "Mozilla/5.0 AppleWebKit/537.36 (KHTML, like Gecko; compatible; GPTBot/1.3; +https://openai.com/gptbot)"
74.7.243.224 - - [02/Mar/2026:14:39:22 +0000] "GET /whsy.php?e=statm&p=%2Fproc%2F55 HTTP/2.0" 200 2004 "https://www.firstdigital.com.lab2454.com/whsy.php?p=%2Fproc%2F55" "Mozilla/5.0 AppleWebKit/537.36 (KHTML, like Gecko; compatible; GPTBot/1.3; +https://openai.com/gptbot)"
74.7.243.224 - - [02/Mar/2026:14:39:58 +0000] "GET /whsy.php?e=smaps&p=%2Fproc%2F87 HTTP/2.0" 200 2004 "https://www.firstdigital.com.lab2454.com/whsy.php?p=%2Fproc%2F87" "Mozilla/5.0 AppleWebKit/537.36 (KHTML, like Gecko; compatible; GPTBot/1.3; +https://openai.com/gptbot)"
74.7.243.224 - - [02/Mar/2026:14:40:43 +0000] "GET /whsy.php?e=smaps&p=%2Fproc%2F97 HTTP/2.0" 200 2004 "https://www.firstdigital.com.lab2454.com/whsy.php?p=%2Fproc%2F97" "Mozilla/5.0 AppleWebKit/537.36 (KHTML, like Gecko; compatible; GPTBot/1.3; +https://openai.com/gptbot)"
74.7.243.224 - - [02/Mar/2026:14:41:34 +0000] "GET /whsy.php?e=sched&p=%2Fproc%2F36 HTTP/2.0" 200 2457 "https://www.firstdigital.com.lab2454.com/whsy.php?p=%2Fproc%2F36" "Mozilla/5.0 AppleWebKit/537.36 (KHTML, like Gecko; compatible; GPTBot/1.3; +https://openai.com/gptbot)"
74.7.243.224 - - [02/Mar/2026:14:42:13 +0000] "GET /whsy.php?e=stack&p=%2Fproc%2F27 HTTP/2.0" 200 1933 "https://www.firstdigital.com.lab2454.com/whsy.php?p=%2Fproc%2F27" "Mozilla/5.0 AppleWebKit/537.36 (KHTML, like Gecko; compatible; GPTBot/1.3; +https://openai.com/gptbot)"
74.7.243.224 - - [02/Mar/2026:14:42:51 +0000] "GET /whsy.php?e=smaps&p=%2Fproc%2F73 HTTP/2.0" 200 2004 "https://www.firstdigital.com.lab2454.com/whsy.php?p=%2Fproc%2F73" "Mozilla/5.0 AppleWebKit/537.36 (KHTML, like Gecko; compatible; GPTBot/1.3; +https://openai.com/gptbot)"
74.7.230.52 - - [02/Mar/2026:14:42:51 +0000] "GET /robots.txt HTTP/2.0" 404 - "-" "Mozilla/5.0 (Macintosh; Intel Mac OS X 10_15_7) AppleWebKit/537.36 (KHTML, like Gecko) Chrome/131.0.0.0 Safari/537.36; compatible; OAI-SearchBot/1.3; robots.txt; +https://openai.com/searchbot"
74.7.243.224 - - [02/Mar/2026:14:43:43 +0000] "GET /whsy.php?e=smaps&p=%2Fproc%2F49 HTTP/2.0" 200 2003 "https://www.firstdigital.com.lab2454.com/whsy.php?p=%2Fproc%2F49" "Mozilla/5.0 AppleWebKit/537.36 (KHTML, like Gecko; compatible; GPTBot/1.3; +https://openai.com/gptbot)"
74.7.243.224 - - [02/Mar/2026:14:44:21 +0000] "GET /whsy.php?e=sched&p=%2Fproc%2F80 HTTP/2.0" 200 2460 "https://www.firstdigital.com.lab2454.com/whsy.php?p=%2Fproc%2F80" "Mozilla/5.0 AppleWebKit/537.36 (KHTML, like Gecko; compatible; GPTBot/1.3; +https://openai.com/gptbot)"
74.7.243.224 - - [02/Mar/2026:14:45:00 +0000] "GET /whsy.php?e=wchan&p=%2Fproc%2F32 HTTP/2.0" 200 2000 "https://www.firstdigital.com.lab2454.com/whsy.php?p=%2Fproc%2F32" "Mozilla/5.0 AppleWebKit/537.36 (KHTML, like Gecko; compatible; GPTBot/1.3; +https://openai.com/gptbot)"
74.7.243.224 - - [02/Mar/2026:14:45:47 +0000] "GET /whsy.php?e=sched&p=%2Fproc%2F87 HTTP/2.0" 200 2440 "https://www.firstdigital.com.lab2454.com/whsy.php?p=%2Fproc%2F87" "Mozilla/5.0 AppleWebKit/537.36 (KHTML, like Gecko; compatible; GPTBot/1.3; +https://openai.com/gptbot)"
74.7.243.224 - - [02/Mar/2026:14:46:35 +0000] "GET /whsy.php?e=wchan&p=%2Fproc%2F81 HTTP/2.0" 200 2000 "https://www.firstdigital.com.lab2454.com/whsy.php?p=%2Fproc%2F81" "Mozilla/5.0 AppleWebKit/537.36 (KHTML, like Gecko; compatible; GPTBot/1.3; +https://openai.com/gptbot)"
74.7.243.224 - - [02/Mar/2026:14:47:18 +0000] "GET /whsy.php?e=smaps&p=%2Fproc%2F69 HTTP/2.0" 200 2003 "https://www.firstdigital.com.lab2454.com/whsy.php?p=%2Fproc%2F69" "Mozilla/5.0 AppleWebKit/537.36 (KHTML, like Gecko; compatible; GPTBot/1.3; +https://openai.com/gptbot)"
74.7.243.224 - - [02/Mar/2026:14:48:12 +0000] "GET /whsy.php?e=sched&p=%2Fproc%2F56 HTTP/2.0" 200 2432 "https://www.firstdigital.com.lab2454.com/whsy.php?p=%2Fproc%2F56" "Mozilla/5.0 AppleWebKit/537.36 (KHTML, like Gecko; compatible; GPTBot/1.3; +https://openai.com/gptbot)"
74.7.230.52 - - [02/Mar/2026:14:48:12 +0000] "GET /robots.txt HTTP/2.0" 404 - "-" "Mozilla/5.0 (Macintosh; Intel Mac OS X 10_15_7) AppleWebKit/537.36 (KHTML, like Gecko) Chrome/131.0.0.0 Safari/537.36; compatible; OAI-SearchBot/1.3; robots.txt; +https://openai.com/searchbot"
74.7.243.224 - - [02/Mar/2026:14:48:55 +0000] "GET /whsy.php?e=wchan&p=%2Fproc%2F88 HTTP/2.0" 200 2000 "https://www.firstdigital.com.lab2454.com/whsy.php?p=%2Fproc%2F88" "Mozilla/5.0 AppleWebKit/537.36 (KHTML, like Gecko; compatible; GPTBot/1.3; +https://openai.com/gptbot)"
74.7.243.224 - - [02/Mar/2026:14:49:38 +0000] "GET /whsy.php?e=stack&p=%2Fproc%2F77 HTTP/2.0" 200 1933 "https://www.firstdigital.com.lab2454.com/whsy.php?p=%2Fproc%2F77" "Mozilla/5.0 AppleWebKit/537.36 (KHTML, like Gecko; compatible; GPTBot/1.3; +https://openai.com/gptbot)"
74.7.243.224 - - [02/Mar/2026:14:50:21 +0000] "GET /whsy.php?e=smaps&p=%2Fproc%2F96 HTTP/2.0" 200 2003 "https://www.firstdigital.com.lab2454.com/whsy.php?p=%2Fproc%2F96" "Mozilla/5.0 AppleWebKit/537.36 (KHTML, like Gecko; compatible; GPTBot/1.3; +https://openai.com/gptbot)"
74.7.243.224 - - [02/Mar/2026:14:51:16 +0000] "GET /whsy.php?e=sched&p=%2Fproc%2F58 HTTP/2.0" 200 2466 "https://www.firstdigital.com.lab2454.com/whsy.php?p=%2Fproc%2F58" "Mozilla/5.0 AppleWebKit/537.36 (KHTML, like Gecko; compatible; GPTBot/1.3; +https://openai.com/gptbot)"
74.7.243.224 - - [02/Mar/2026:14:51:57 +0000] "GET /whsy.php?e=stack&p=%2Fproc%2F92 HTTP/2.0" 200 1932 "https://www.firstdigital.com.lab2454.com/whsy.php?p=%2Fproc%2F92" "Mozilla/5.0 AppleWebKit/537.36 (KHTML, like Gecko; compatible; GPTBot/1.3; +https://openai.com/gptbot)"
74.7.243.224 - - [02/Mar/2026:14:52:43 +0000] "GET /whsy.php?e=sched&p=%2Fproc%2F46 HTTP/2.0" 200 2460 "https://www.firstdigital.com.lab2454.com/whsy.php?p=%2Fproc%2F46" "Mozilla/5.0 AppleWebKit/537.36 (KHTML, like Gecko; compatible; GPTBot/1.3; +https://openai.com/gptbot)"
74.7.243.224 - - [02/Mar/2026:14:53:27 +0000] "GET /whsy.php?e=smaps&p=%2Fproc%2F39 HTTP/2.0" 200 2003 "https://www.firstdigital.com.lab2454.com/whsy.php?p=%2Fproc%2F39" "Mozilla/5.0 AppleWebKit/537.36 (KHTML, like Gecko; compatible; GPTBot/1.3; +https://openai.com/gptbot)"
74.7.243.224 - - [02/Mar/2026:14:54:03 +0000] "GET /whsy.php?e=smaps&p=%2Fproc%2F86 HTTP/2.0" 200 2003 "https://www.firstdigital.com.lab2454.com/whsy.php?p=%2Fproc%2F86" "Mozilla/5.0 AppleWebKit/537.36 (KHTML, like Gecko; compatible; GPTBot/1.3; +https://openai.com/gptbot)"
74.7.243.224 - - [02/Mar/2026:14:54:59 +0000] "GET /whsy.php?e=wchan&p=%2Fproc%2F27 HTTP/2.0" 200 2001 "https://www.firstdigital.com.lab2454.com/whsy.php?p=%2Fproc%2F27" "Mozilla/5.0 AppleWebKit/537.36 (KHTML, like Gecko; compatible; GPTBot/1.3; +https://openai.com/gptbot)"
74.7.243.224 - - [02/Mar/2026:14:55:35 +0000] "GET /whsy.php?e=smaps&p=%2Fproc%2F60 HTTP/2.0" 200 853 "https://www.firstdigital.com.lab2454.com/whsy.php?p=%2Fproc%2F60" "Mozilla/5.0 AppleWebKit/537.36 (KHTML, like Gecko; compatible; GPTBot/1.3; +https://openai.com/gptbot)"
74.7.243.224 - - [02/Mar/2026:14:56:42 +0000] "GET /whsy.php?e=statm&p=%2Fproc%2F21 HTTP/2.0" 200 2004 "https://www.firstdigital.com.lab2454.com/whsy.php?p=%2Fproc%2F21" "Mozilla/5.0 AppleWebKit/537.36 (KHTML, like Gecko; compatible; GPTBot/1.3; +https://openai.com/gptbot)"
74.7.243.224 - - [02/Mar/2026:14:57:28 +0000] "GET /whsy.php?e=wchan&p=%2Fproc%2F16 HTTP/2.0" 200 2000 "https://www.firstdigital.com.lab2454.com/whsy.php?p=%2Fproc%2F16" "Mozilla/5.0 AppleWebKit/537.36 (KHTML, like Gecko; compatible; GPTBot/1.3; +https://openai.com/gptbot)"
74.7.243.224 - - [02/Mar/2026:14:58:23 +0000] "GET /whsy.php?e=wchan&p=%2Fproc%2F96 HTTP/2.0" 200 2001 "https://www.firstdigital.com.lab2454.com/whsy.php?p=%2Fproc%2F96" "Mozilla/5.0 AppleWebKit/537.36 (KHTML, like Gecko; compatible; GPTBot/1.3; +https://openai.com/gptbot)"
74.7.243.224 - - [02/Mar/2026:14:59:27 +0000] "GET /whsy.php?e=wchan&p=%2Fproc%2F21 HTTP/2.0" 200 2000 "https://www.firstdigital.com.lab2454.com/whsy.php?p=%2Fproc%2F21" "Mozilla/5.0 AppleWebKit/537.36 (KHTML, like Gecko; compatible; GPTBot/1.3; +https://openai.com/gptbot)"
74.7.230.52 - - [02/Mar/2026:14:59:27 +0000] "GET /robots.txt HTTP/2.0" 404 - "-" "Mozilla/5.0 (Macintosh; Intel Mac OS X 10_15_7) AppleWebKit/537.36 (KHTML, like Gecko) Chrome/131.0.0.0 Safari/537.36; compatible; OAI-SearchBot/1.3; robots.txt; +https://openai.com/searchbot"
74.7.243.224 - - [02/Mar/2026:15:00:16 +0000] "GET /whsy.php?e=wchan&p=%2Fproc%2F66 HTTP/2.0" 200 2000 "https://www.firstdigital.com.lab2454.com/whsy.php?p=%2Fproc%2F66" "Mozilla/5.0 AppleWebKit/537.36 (KHTML, like Gecko; compatible; GPTBot/1.3; +https://openai.com/gptbot)"
74.7.243.224 - - [02/Mar/2026:15:01:17 +0000] "GET /whsy.php?e=wchan&p=%2Fproc%2F19 HTTP/2.0" 200 2000 "https://www.firstdigital.com.lab2454.com/whsy.php?p=%2Fproc%2F19" "Mozilla/5.0 AppleWebKit/537.36 (KHTML, like Gecko; compatible; GPTBot/1.3; +https://openai.com/gptbot)"
74.7.243.224 - - [02/Mar/2026:15:02:14 +0000] "GET /whsy.php?e=stack&p=%2Fproc%2F82 HTTP/2.0" 200 1933 "https://www.firstdigital.com.lab2454.com/whsy.php?p=%2Fproc%2F82" "Mozilla/5.0 AppleWebKit/537.36 (KHTML, like Gecko; compatible; GPTBot/1.3; +https://openai.com/gptbot)"
74.7.243.224 - - [02/Mar/2026:15:03:36 +0000] "GET /whsy.php?e=smaps&p=%2Fproc%2F57 HTTP/2.0" 200 2004 "https://www.firstdigital.com.lab2454.com/whsy.php?p=%2Fproc%2F57" "Mozilla/5.0 AppleWebKit/537.36 (KHTML, like Gecko; compatible; GPTBot/1.3; +https://openai.com/gptbot)"
74.7.243.224 - - [02/Mar/2026:15:05:00 +0000] "GET /whsy.php?e=smaps&p=%2Fproc%2F94 HTTP/2.0" 200 2003 "https://www.firstdigital.com.lab2454.com/whsy.php?p=%2Fproc%2F94" "Mozilla/5.0 AppleWebKit/537.36 (KHTML, like Gecko; compatible; GPTBot/1.3; +https://openai.com/gptbot)"
74.7.230.52 - - [02/Mar/2026:15:05:01 +0000] "GET /robots.txt HTTP/2.0" 404 - "-" "Mozilla/5.0 (Macintosh; Intel Mac OS X 10_15_7) AppleWebKit/537.36 (KHTML, like Gecko) Chrome/131.0.0.0 Safari/537.36; compatible; OAI-SearchBot/1.3; robots.txt; +https://openai.com/searchbot"
74.7.243.224 - - [02/Mar/2026:15:06:11 +0000] "GET /whsy.php?e=statm&p=%2Fproc%2F20 HTTP/2.0" 200 2004 "https://www.firstdigital.com.lab2454.com/whsy.php?p=%2Fproc%2F20" "Mozilla/5.0 AppleWebKit/537.36 (KHTML, like Gecko; compatible; GPTBot/1.3; +https://openai.com/gptbot)"
74.7.243.224 - - [02/Mar/2026:15:07:30 +0000] "GET /whsy.php?e=sched&p=%2Fproc%2F63 HTTP/2.0" 200 2429 "https://www.firstdigital.com.lab2454.com/whsy.php?p=%2Fproc%2F63" "Mozilla/5.0 AppleWebKit/537.36 (KHTML, like Gecko; compatible; GPTBot/1.3; +https://openai.com/gptbot)"
74.7.243.224 - - [02/Mar/2026:15:08:56 +0000] "GET /whsy.php?e=stack&p=%2Fproc%2F55 HTTP/2.0" 200 1933 "https://www.firstdigital.com.lab2454.com/whsy.php?p=%2Fproc%2F55" "Mozilla/5.0 AppleWebKit/537.36 (KHTML, like Gecko; compatible; GPTBot/1.3; +https://openai.com/gptbot)"
74.7.243.224 - - [02/Mar/2026:15:10:02 +0000] "GET /whsy.php?e=smaps&p=%2Fproc%2F56 HTTP/2.0" 200 2004 "https://www.firstdigital.com.lab2454.com/whsy.php?p=%2Fproc%2F56" "Mozilla/5.0 AppleWebKit/537.36 (KHTML, like Gecko; compatible; GPTBot/1.3; +https://openai.com/gptbot)"
74.7.230.52 - - [02/Mar/2026:15:10:03 +0000] "GET /robots.txt HTTP/2.0" 404 - "-" "Mozilla/5.0 (Macintosh; Intel Mac OS X 10_15_7) AppleWebKit/537.36 (KHTML, like Gecko) Chrome/131.0.0.0 Safari/537.36; compatible; OAI-SearchBot/1.3; robots.txt; +https://openai.com/searchbot"
74.7.243.224 - - [02/Mar/2026:15:11:19 +0000] "GET /whsy.php?e=wchan&p=%2Fproc%2F99 HTTP/2.0" 200 2000 "https://www.firstdigital.com.lab2454.com/whsy.php?p=%2Fproc%2F99" "Mozilla/5.0 AppleWebKit/537.36 (KHTML, like Gecko; compatible; GPTBot/1.3; +https://openai.com/gptbot)"
74.7.243.224 - - [02/Mar/2026:15:12:46 +0000] "GET /whsy.php?e=sched&p=%2Fproc%2F89 HTTP/2.0" 200 2437 "https://www.firstdigital.com.lab2454.com/whsy.php?p=%2Fproc%2F89" "Mozilla/5.0 AppleWebKit/537.36 (KHTML, like Gecko; compatible; GPTBot/1.3; +https://openai.com/gptbot)"
74.7.243.224 - - [02/Mar/2026:15:14:25 +0000] "GET /whsy.php?e=sched&p=%2Fproc%2F98 HTTP/2.0" 200 2426 "https://www.firstdigital.com.lab2454.com/whsy.php?p=%2Fproc%2F98" "Mozilla/5.0 AppleWebKit/537.36 (KHTML, like Gecko; compatible; GPTBot/1.3; +https://openai.com/gptbot)"
74.7.230.52 - - [02/Mar/2026:15:15:20 +0000] "GET /robots.txt HTTP/2.0" 404 - "-" "Mozilla/5.0 (Macintosh; Intel Mac OS X 10_15_7) AppleWebKit/537.36 (KHTML, like Gecko) Chrome/131.0.0.0 Safari/537.36; compatible; OAI-SearchBot/1.3; robots.txt; +https://openai.com/searchbot"
74.7.243.224 - - [02/Mar/2026:15:15:28 +0000] "GET /whsy.php?e=smaps&p=%2Fproc%2F46 HTTP/2.0" 200 2003 "https://www.firstdigital.com.lab2454.com/whsy.php?p=%2Fproc%2F46" "Mozilla/5.0 AppleWebKit/537.36 (KHTML, like Gecko; compatible; GPTBot/1.3; +https://openai.com/gptbot)"
74.7.243.224 - - [02/Mar/2026:15:16:54 +0000] "GET /whsy.php?e=sched&p=%2Fproc%2F49 HTTP/2.0" 200 2426 "https://www.firstdigital.com.lab2454.com/whsy.php?p=%2Fproc%2F49" "Mozilla/5.0 AppleWebKit/537.36 (KHTML, like Gecko; compatible; GPTBot/1.3; +https://openai.com/gptbot)"
74.7.243.224 - - [02/Mar/2026:15:17:58 +0000] "GET /whsy.php?e=statm&p=%2Fproc%2F25 HTTP/2.0" 200 2004 "https://www.firstdigital.com.lab2454.com/whsy.php?p=%2Fproc%2F25" "Mozilla/5.0 AppleWebKit/537.36 (KHTML, like Gecko; compatible; GPTBot/1.3; +https://openai.com/gptbot)"
74.7.243.224 - - [02/Mar/2026:15:19:22 +0000] "GET /whsy.php?e=smaps&p=%2Fproc%2F48 HTTP/2.0" 200 2003 "https://www.firstdigital.com.lab2454.com/whsy.php?p=%2Fproc%2F48" "Mozilla/5.0 AppleWebKit/537.36 (KHTML, like Gecko; compatible; GPTBot/1.3; +https://openai.com/gptbot)"
74.7.243.224 - - [02/Mar/2026:15:20:42 +0000] "GET /whsy.php?e=wchan&p=%2Fproc%2F86 HTTP/2.0" 200 2001 "https://www.firstdigital.com.lab2454.com/whsy.php?p=%2Fproc%2F86" "Mozilla/5.0 AppleWebKit/537.36 (KHTML, like Gecko; compatible; GPTBot/1.3; +https://openai.com/gptbot)"
74.7.230.52 - - [02/Mar/2026:15:20:43 +0000] "GET /robots.txt HTTP/2.0" 404 - "-" "Mozilla/5.0 (Macintosh; Intel Mac OS X 10_15_7) AppleWebKit/537.36 (KHTML, like Gecko) Chrome/131.0.0.0 Safari/537.36; compatible; OAI-SearchBot/1.3; robots.txt; +https://openai.com/searchbot"
74.7.243.224 - - [02/Mar/2026:15:22:02 +0000] "GET /whsy.php?e=wchan&p=%2Fproc%2F91 HTTP/2.0" 200 2000 "https://www.firstdigital.com.lab2454.com/whsy.php?p=%2Fproc%2F91" "Mozilla/5.0 AppleWebKit/537.36 (KHTML, like Gecko; compatible; GPTBot/1.3; +https://openai.com/gptbot)"
74.7.243.224 - - [02/Mar/2026:15:23:42 +0000] "GET /whsy.php?e=sched&p=%2Fproc%2F79 HTTP/2.0" 200 2436 "https://www.firstdigital.com.lab2454.com/whsy.php?p=%2Fproc%2F79" "Mozilla/5.0 AppleWebKit/537.36 (KHTML, like Gecko; compatible; GPTBot/1.3; +https://openai.com/gptbot)"
74.7.243.224 - - [02/Mar/2026:15:24:59 +0000] "GET /whsy.php?e=wchan&p=%2Fproc%2F78 HTTP/2.0" 200 2000 "https://www.firstdigital.com.lab2454.com/whsy.php?p=%2Fproc%2F78" "Mozilla/5.0 AppleWebKit/537.36 (KHTML, like Gecko; compatible; GPTBot/1.3; +https://openai.com/gptbot)"
74.7.243.224 - - [02/Mar/2026:15:26:14 +0000] "GET /whsy.php?e=wchan&p=%2Fproc%2F74 HTTP/2.0" 200 2001 "https://www.firstdigital.com.lab2454.com/whsy.php?p=%2Fproc%2F74" "Mozilla/5.0 AppleWebKit/537.36 (KHTML, like Gecko; compatible; GPTBot/1.3; +https://openai.com/gptbot)"
74.7.230.52 - - [02/Mar/2026:15:26:15 +0000] "GET /robots.txt HTTP/2.0" 404 - "-" "Mozilla/5.0 (Macintosh; Intel Mac OS X 10_15_7) AppleWebKit/537.36 (KHTML, like Gecko) Chrome/131.0.0.0 Safari/537.36; compatible; OAI-SearchBot/1.3; robots.txt; +https://openai.com/searchbot"
74.7.243.224 - - [02/Mar/2026:15:27:13 +0000] "GET /whsy.php?e=wchan&p=%2Fproc%2F79 HTTP/2.0" 200 2001 "https://www.firstdigital.com.lab2454.com/whsy.php?p=%2Fproc%2F79" "Mozilla/5.0 AppleWebKit/537.36 (KHTML, like Gecko; compatible; GPTBot/1.3; +https://openai.com/gptbot)"
104.152.52.205 - - [02/Mar/2026:15:27:25 +0000] "GET / HTTP/1.1" 200 1379 "-" "curl/7.61.1"
104.152.52.205 - - [02/Mar/2026:15:27:25 +0000] "GET /favicon.ico HTTP/1.1" 404 - "-" "curl/7.61.1"
74.7.243.224 - - [02/Mar/2026:15:28:25 +0000] "GET /whsy.php?e=smaps&p=%2Fproc%2F61 HTTP/2.0" 200 2003 "https://www.firstdigital.com.lab2454.com/whsy.php?p=%2Fproc%2F61" "Mozilla/5.0 AppleWebKit/537.36 (KHTML, like Gecko; compatible; GPTBot/1.3; +https://openai.com/gptbot)"
74.7.243.224 - - [02/Mar/2026:15:29:38 +0000] "GET /whsy.php?e=wchan&p=%2Fproc%2F58 HTTP/2.0" 200 2001 "https://www.firstdigital.com.lab2454.com/whsy.php?p=%2Fproc%2F58" "Mozilla/5.0 AppleWebKit/537.36 (KHTML, like Gecko; compatible; GPTBot/1.3; +https://openai.com/gptbot)"
74.7.243.224 - - [02/Mar/2026:15:30:30 +0000] "GET /whsy.php?e=wchan&p=%2Fproc%2F38 HTTP/2.0" 200 2000 "https://www.firstdigital.com.lab2454.com/whsy.php?p=%2Fproc%2F38" "Mozilla/5.0 AppleWebKit/537.36 (KHTML, like Gecko; compatible; GPTBot/1.3; +https://openai.com/gptbot)"
74.7.243.224 - - [02/Mar/2026:15:31:36 +0000] "GET /whsy.php?e=smaps&p=%2Fproc%2F71 HTTP/2.0" 200 2004 "https://www.firstdigital.com.lab2454.com/whsy.php?p=%2Fproc%2F71" "Mozilla/5.0 AppleWebKit/537.36 (KHTML, like Gecko; compatible; GPTBot/1.3; +https://openai.com/gptbot)"
74.7.243.224 - - [02/Mar/2026:15:32:58 +0000] "GET /whsy.php?e=sched&p=%2Fproc%2F38 HTTP/2.0" 200 2422 "https://www.firstdigital.com.lab2454.com/whsy.php?p=%2Fproc%2F38" "Mozilla/5.0 AppleWebKit/537.36 (KHTML, like Gecko; compatible; GPTBot/1.3; +https://openai.com/gptbot)"
74.7.243.224 - - [02/Mar/2026:15:34:22 +0000] "GET /whsy.php?e=sched&p=%2Fproc%2F40 HTTP/2.0" 200 2472 "https://www.firstdigital.com.lab2454.com/whsy.php?p=%2Fproc%2F40" "Mozilla/5.0 AppleWebKit/537.36 (KHTML, like Gecko; compatible; GPTBot/1.3; +https://openai.com/gptbot)"
74.7.243.224 - - [02/Mar/2026:15:35:32 +0000] "GET /whsy.php?e=stack&p=%2Fproc%2F44 HTTP/2.0" 200 1932 "https://www.firstdigital.com.lab2454.com/whsy.php?p=%2Fproc%2F44" "Mozilla/5.0 AppleWebKit/537.36 (KHTML, like Gecko; compatible; GPTBot/1.3; +https://openai.com/gptbot)"
74.7.243.224 - - [02/Mar/2026:15:36:54 +0000] "GET /whsy.php?e=stack&p=%2Fproc%2F99 HTTP/2.0" 200 1932 "https://www.firstdigital.com.lab2454.com/whsy.php?p=%2Fproc%2F99" "Mozilla/5.0 AppleWebKit/537.36 (KHTML, like Gecko; compatible; GPTBot/1.3; +https://openai.com/gptbot)"
74.7.230.52 - - [02/Mar/2026:15:36:55 +0000] "GET /robots.txt HTTP/2.0" 404 - "-" "Mozilla/5.0 (Macintosh; Intel Mac OS X 10_15_7) AppleWebKit/537.36 (KHTML, like Gecko) Chrome/131.0.0.0 Safari/537.36; compatible; OAI-SearchBot/1.3; robots.txt; +https://openai.com/searchbot"
74.7.243.224 - - [02/Mar/2026:15:38:13 +0000] "GET /whsy.php?e=wchan&p=%2Fproc%2F20 HTTP/2.0" 200 1999 "https://www.firstdigital.com.lab2454.com/whsy.php?p=%2Fproc%2F20" "Mozilla/5.0 AppleWebKit/537.36 (KHTML, like Gecko; compatible; GPTBot/1.3; +https://openai.com/gptbot)"
74.7.243.224 - - [02/Mar/2026:15:39:28 +0000] "GET /whsy.php?e=wchan&p=%2Fproc%2F17 HTTP/2.0" 200 2001 "https://www.firstdigital.com.lab2454.com/whsy.php?p=%2Fproc%2F17" "Mozilla/5.0 AppleWebKit/537.36 (KHTML, like Gecko; compatible; GPTBot/1.3; +https://openai.com/gptbot)"
74.7.243.224 - - [02/Mar/2026:15:40:55 +0000] "GET /whsy.php?e=wchan&p=%2Fproc%2F61 HTTP/2.0" 200 2000 "https://www.firstdigital.com.lab2454.com/whsy.php?p=%2Fproc%2F61" "Mozilla/5.0 AppleWebKit/537.36 (KHTML, like Gecko; compatible; GPTBot/1.3; +https://openai.com/gptbot)"
74.7.243.224 - - [02/Mar/2026:15:42:15 +0000] "GET /whsy.php?e=sched&p=%2Fproc%2F31 HTTP/2.0" 200 2419 "https://www.firstdigital.com.lab2454.com/whsy.php?p=%2Fproc%2F31" "Mozilla/5.0 AppleWebKit/537.36 (KHTML, like Gecko; compatible; GPTBot/1.3; +https://openai.com/gptbot)"
74.7.230.52 - - [02/Mar/2026:15:42:16 +0000] "GET /robots.txt HTTP/2.0" 404 - "-" "Mozilla/5.0 (Macintosh; Intel Mac OS X 10_15_7) AppleWebKit/537.36 (KHTML, like Gecko) Chrome/131.0.0.0 Safari/537.36; compatible; OAI-SearchBot/1.3; robots.txt; +https://openai.com/searchbot"
74.7.243.224 - - [02/Mar/2026:15:43:22 +0000] "GET /whsy.php?e=wchan&p=%2Fproc%2F25 HTTP/2.0" 200 2001 "https://www.firstdigital.com.lab2454.com/whsy.php?p=%2Fproc%2F25" "Mozilla/5.0 AppleWebKit/537.36 (KHTML, like Gecko; compatible; GPTBot/1.3; +https://openai.com/gptbot)"
74.7.243.224 - - [02/Mar/2026:15:44:40 +0000] "GET /whsy.php?e=statm&p=%2Fproc%2F88 HTTP/2.0" 200 2003 "https://www.firstdigital.com.lab2454.com/whsy.php?p=%2Fproc%2F88" "Mozilla/5.0 AppleWebKit/537.36 (KHTML, like Gecko; compatible; GPTBot/1.3; +https://openai.com/gptbot)"
74.7.243.224 - - [02/Mar/2026:15:45:49 +0000] "GET /whsy.php?e=wchan&p=%2Fproc%2F82 HTTP/2.0" 200 2000 "https://www.firstdigital.com.lab2454.com/whsy.php?p=%2Fproc%2F82" "Mozilla/5.0 AppleWebKit/537.36 (KHTML, like Gecko; compatible; GPTBot/1.3; +https://openai.com/gptbot)"
74.7.243.224 - - [02/Mar/2026:15:47:06 +0000] "GET /whsy.php?e=smaps&p=%2Fproc%2F37 HTTP/2.0" 200 2004 "https://www.firstdigital.com.lab2454.com/whsy.php?p=%2Fproc%2F37" "Mozilla/5.0 AppleWebKit/537.36 (KHTML, like Gecko; compatible; GPTBot/1.3; +https://openai.com/gptbot)"
74.7.230.52 - - [02/Mar/2026:15:47:31 +0000] "GET /robots.txt HTTP/2.0" 404 - "-" "Mozilla/5.0 (Macintosh; Intel Mac OS X 10_15_7) AppleWebKit/537.36 (KHTML, like Gecko) Chrome/131.0.0.0 Safari/537.36; compatible; OAI-SearchBot/1.3; robots.txt; +https://openai.com/searchbot"
74.7.243.224 - - [02/Mar/2026:15:48:16 +0000] "GET /whsy.php?e=smaps&p=%2Fproc%2F81 HTTP/2.0" 200 2004 "https://www.firstdigital.com.lab2454.com/whsy.php?p=%2Fproc%2F81" "Mozilla/5.0 AppleWebKit/537.36 (KHTML, like Gecko; compatible; GPTBot/1.3; +https://openai.com/gptbot)"
74.7.243.224 - - [02/Mar/2026:15:49:37 +0000] "GET /whsy.php?e=smaps&p=%2Fproc%2F63 HTTP/2.0" 200 2003 "https://www.firstdigital.com.lab2454.com/whsy.php?p=%2Fproc%2F63" "Mozilla/5.0 AppleWebKit/537.36 (KHTML, like Gecko; compatible; GPTBot/1.3; +https://openai.com/gptbot)"
74.7.243.224 - - [02/Mar/2026:15:50:48 +0000] "GET /whsy.php?e=stack&p=%2Fproc%2F32 HTTP/2.0" 200 1932 "https://www.firstdigital.com.lab2454.com/whsy.php?p=%2Fproc%2F32" "Mozilla/5.0 AppleWebKit/537.36 (KHTML, like Gecko; compatible; GPTBot/1.3; +https://openai.com/gptbot)"
74.7.243.224 - - [02/Mar/2026:15:51:49 +0000] "GET /whsy.php?e=wchan&p=%2Fproc%2F51 HTTP/2.0" 200 2001 "https://www.firstdigital.com.lab2454.com/whsy.php?p=%2Fproc%2F51" "Mozilla/5.0 AppleWebKit/537.36 (KHTML, like Gecko; compatible; GPTBot/1.3; +https://openai.com/gptbot)"
74.7.243.224 - - [02/Mar/2026:15:52:41 +0000] "GET /whsy.php?e=smaps&p=%2Fproc%2F36 HTTP/2.0" 200 2003 "https://www.firstdigital.com.lab2454.com/whsy.php?p=%2Fproc%2F36" "Mozilla/5.0 AppleWebKit/537.36 (KHTML, like Gecko; compatible; GPTBot/1.3; +https://openai.com/gptbot)"
74.7.230.52 - - [02/Mar/2026:15:52:42 +0000] "GET /robots.txt HTTP/2.0" 404 - "-" "Mozilla/5.0 (Macintosh; Intel Mac OS X 10_15_7) AppleWebKit/537.36 (KHTML, like Gecko) Chrome/131.0.0.0 Safari/537.36; compatible; OAI-SearchBot/1.3; robots.txt; +https://openai.com/searchbot"
74.7.243.224 - - [02/Mar/2026:15:53:45 +0000] "GET /whsy.php?e=statm&p=%2Fproc%2F23 HTTP/2.0" 200 2003 "https://www.firstdigital.com.lab2454.com/whsy.php?p=%2Fproc%2F23" "Mozilla/5.0 AppleWebKit/537.36 (KHTML, like Gecko; compatible; GPTBot/1.3; +https://openai.com/gptbot)"
74.7.243.224 - - [02/Mar/2026:15:54:52 +0000] "GET /whsy.php?e=stack&p=%2Fproc%2F25 HTTP/2.0" 200 1933 "https://www.firstdigital.com.lab2454.com/whsy.php?p=%2Fproc%2F25" "Mozilla/5.0 AppleWebKit/537.36 (KHTML, like Gecko; compatible; GPTBot/1.3; +https://openai.com/gptbot)"
74.7.243.224 - - [02/Mar/2026:15:56:05 +0000] "GET /whsy.php?e=sched&p=%2Fproc%2F37 HTTP/2.0" 200 2431 "https://www.firstdigital.com.lab2454.com/whsy.php?p=%2Fproc%2F37" "Mozilla/5.0 AppleWebKit/537.36 (KHTML, like Gecko; compatible; GPTBot/1.3; +https://openai.com/gptbot)"
74.7.243.224 - - [02/Mar/2026:15:57:21 +0000] "GET /whsy.php?e=smaps&p=%2Fproc%2F50 HTTP/2.0" 200 2003 "https://www.firstdigital.com.lab2454.com/whsy.php?p=%2Fproc%2F50" "Mozilla/5.0 AppleWebKit/537.36 (KHTML, like Gecko; compatible; GPTBot/1.3; +https://openai.com/gptbot)"
74.7.243.224 - - [02/Mar/2026:15:58:25 +0000] "GET /whsy.php?e=sched&p=%2Fproc%2F91 HTTP/2.0" 200 2418 "https://www.firstdigital.com.lab2454.com/whsy.php?p=%2Fproc%2F91" "Mozilla/5.0 AppleWebKit/537.36 (KHTML, like Gecko; compatible; GPTBot/1.3; +https://openai.com/gptbot)"
74.7.243.224 - - [02/Mar/2026:15:59:33 +0000] "GET /whsy.php?e=wchan&p=%2Fproc%2F44 HTTP/2.0" 200 2000 "https://www.firstdigital.com.lab2454.com/whsy.php?p=%2Fproc%2F44" "Mozilla/5.0 AppleWebKit/537.36 (KHTML, like Gecko; compatible; GPTBot/1.3; +https://openai.com/gptbot)"
74.7.243.224 - - [02/Mar/2026:16:00:43 +0000] "GET /whsy.php?e=smaps&p=%2Fproc%2F89 HTTP/2.0" 200 2003 "https://www.firstdigital.com.lab2454.com/whsy.php?p=%2Fproc%2F89" "Mozilla/5.0 AppleWebKit/537.36 (KHTML, like Gecko; compatible; GPTBot/1.3; +https://openai.com/gptbot)"
74.7.243.224 - - [02/Mar/2026:16:01:53 +0000] "GET /whsy.php?e=sched&p=%2Fproc%2F96 HTTP/2.0" 200 2432 "https://www.firstdigital.com.lab2454.com/whsy.php?p=%2Fproc%2F96" "Mozilla/5.0 AppleWebKit/537.36 (KHTML, like Gecko; compatible; GPTBot/1.3; +https://openai.com/gptbot)"
74.7.243.224 - - [02/Mar/2026:16:02:48 +0000] "GET /whsy.php?e=statm&p=%2Fproc%2F27 HTTP/2.0" 200 2004 "https://www.firstdigital.com.lab2454.com/whsy.php?p=%2Fproc%2F27" "Mozilla/5.0 AppleWebKit/537.36 (KHTML, like Gecko; compatible; GPTBot/1.3; +https://openai.com/gptbot)"
74.7.243.224 - - [02/Mar/2026:16:03:58 +0000] "GET /whsy.php?e=wchan&p=%2Fproc%2F77 HTTP/2.0" 200 2001 "https://www.firstdigital.com.lab2454.com/whsy.php?p=%2Fproc%2F77" "Mozilla/5.0 AppleWebKit/537.36 (KHTML, like Gecko; compatible; GPTBot/1.3; +https://openai.com/gptbot)"
74.7.230.52 - - [02/Mar/2026:16:03:59 +0000] "GET /robots.txt HTTP/2.0" 404 - "-" "Mozilla/5.0 (Macintosh; Intel Mac OS X 10_15_7) AppleWebKit/537.36 (KHTML, like Gecko) Chrome/131.0.0.0 Safari/537.36; compatible; OAI-SearchBot/1.3; robots.txt; +https://openai.com/searchbot"
74.7.243.224 - - [02/Mar/2026:16:05:04 +0000] "GET /whsy.php?e=wchan&p=%2Fproc%2F67 HTTP/2.0" 200 2001 "https://www.firstdigital.com.lab2454.com/whsy.php?p=%2Fproc%2F67" "Mozilla/5.0 AppleWebKit/537.36 (KHTML, like Gecko; compatible; GPTBot/1.3; +https://openai.com/gptbot)"
74.7.243.224 - - [02/Mar/2026:16:06:02 +0000] "GET /whsy.php?e=sched&p=%2Fproc%2F74 HTTP/2.0" 200 2479 "https://www.firstdigital.com.lab2454.com/whsy.php?p=%2Fproc%2F74" "Mozilla/5.0 AppleWebKit/537.36 (KHTML, like Gecko; compatible; GPTBot/1.3; +https://openai.com/gptbot)"
74.7.243.224 - - [02/Mar/2026:16:07:17 +0000] "GET /whsy.php?e=sched&p=%2Fproc%2F69 HTTP/2.0" 200 2459 "https://www.firstdigital.com.lab2454.com/whsy.php?p=%2Fproc%2F69" "Mozilla/5.0 AppleWebKit/537.36 (KHTML, like Gecko; compatible; GPTBot/1.3; +https://openai.com/gptbot)"
74.7.243.224 - - [02/Mar/2026:16:08:43 +0000] "GET /whsy.php?e=sched&p=%2Fproc%2F78 HTTP/2.0" 200 2436 "https://www.firstdigital.com.lab2454.com/whsy.php?p=%2Fproc%2F78" "Mozilla/5.0 AppleWebKit/537.36 (KHTML, like Gecko; compatible; GPTBot/1.3; +https://openai.com/gptbot)"
74.7.243.224 - - [02/Mar/2026:16:10:45 +0000] "GET /whsy.php?e=smaps&p=%2Fproc%2F58 HTTP/2.0" 200 2004 "https://www.firstdigital.com.lab2454.com/whsy.php?p=%2Fproc%2F58" "Mozilla/5.0 AppleWebKit/537.36 (KHTML, like Gecko; compatible; GPTBot/1.3; +https://openai.com/gptbot)"
74.7.230.52 - - [02/Mar/2026:16:10:46 +0000] "GET /robots.txt HTTP/2.0" 404 - "-" "Mozilla/5.0 (Macintosh; Intel Mac OS X 10_15_7) AppleWebKit/537.36 (KHTML, like Gecko) Chrome/131.0.0.0 Safari/537.36; compatible; OAI-SearchBot/1.3; robots.txt; +https://openai.com/searchbot"
74.7.243.224 - - [02/Mar/2026:16:12:16 +0000] "GET /whsy.php?e=wchan&p=%2Fproc%2F87 HTTP/2.0" 200 2001 "https://www.firstdigital.com.lab2454.com/whsy.php?p=%2Fproc%2F87" "Mozilla/5.0 AppleWebKit/537.36 (KHTML, like Gecko; compatible; GPTBot/1.3; +https://openai.com/gptbot)"
74.7.243.224 - - [02/Mar/2026:16:13:31 +0000] "GET /whsy.php?e=sched&p=%2Fproc%2F16 HTTP/2.0" 200 2436 "https://www.firstdigital.com.lab2454.com/whsy.php?p=%2Fproc%2F16" "Mozilla/5.0 AppleWebKit/537.36 (KHTML, like Gecko; compatible; GPTBot/1.3; +https://openai.com/gptbot)"
74.7.243.224 - - [02/Mar/2026:16:14:58 +0000] "GET /whsy.php?e=sched&p=%2Fproc%2F14 HTTP/2.0" 200 2420 "https://www.firstdigital.com.lab2454.com/whsy.php?p=%2Fproc%2F14" "Mozilla/5.0 AppleWebKit/537.36 (KHTML, like Gecko; compatible; GPTBot/1.3; +https://openai.com/gptbot)"
74.7.243.224 - - [02/Mar/2026:16:16:26 +0000] "GET /whsy.php?e=wchan&p=%2Fproc%2F56 HTTP/2.0" 200 2001 "https://www.firstdigital.com.lab2454.com/whsy.php?p=%2Fproc%2F56" "Mozilla/5.0 AppleWebKit/537.36 (KHTML, like Gecko; compatible; GPTBot/1.3; +https://openai.com/gptbot)"
74.7.230.52 - - [02/Mar/2026:16:16:28 +0000] "GET /robots.txt HTTP/2.0" 404 - "-" "Mozilla/5.0 (Macintosh; Intel Mac OS X 10_15_7) AppleWebKit/537.36 (KHTML, like Gecko) Chrome/131.0.0.0 Safari/537.36; compatible; OAI-SearchBot/1.3; robots.txt; +https://openai.com/searchbot"
