74.7.243.224 - - [02/Mar/2026:16:17:55 +0000] "GET /whsy.php?e=stack&p=%2Fproc%2F52 HTTP/2.0" 200 1933 "https://www.firstdigital.com.lab2454.com/whsy.php?p=%2Fproc%2F52" "Mozilla/5.0 AppleWebKit/537.36 (KHTML, like Gecko; compatible; GPTBot/1.3; +https://openai.com/gptbot)"
74.7.243.224 - - [02/Mar/2026:16:19:09 +0000] "GET /whsy.php?e=sched&p=%2Fproc%2F68 HTTP/2.0" 200 2440 "https://www.firstdigital.com.lab2454.com/whsy.php?p=%2Fproc%2F68" "Mozilla/5.0 AppleWebKit/537.36 (KHTML, like Gecko; compatible; GPTBot/1.3; +https://openai.com/gptbot)"
74.7.243.224 - - [02/Mar/2026:16:20:12 +0000] "GET /whsy.php?e=wchan&p=%2Fproc%2F97 HTTP/2.0" 200 2001 "https://www.firstdigital.com.lab2454.com/whsy.php?p=%2Fproc%2F97" "Mozilla/5.0 AppleWebKit/537.36 (KHTML, like Gecko; compatible; GPTBot/1.3; +https://openai.com/gptbot)"
74.7.243.224 - - [02/Mar/2026:16:21:43 +0000] "GET /whsy.php?e=sched&p=%2Fproc%2F48 HTTP/2.0" 200 2463 "https://www.firstdigital.com.lab2454.com/whsy.php?p=%2Fproc%2F48" "Mozilla/5.0 AppleWebKit/537.36 (KHTML, like Gecko; compatible; GPTBot/1.3; +https://openai.com/gptbot)"
74.7.230.52 - - [02/Mar/2026:16:21:43 +0000] "GET /robots.txt HTTP/2.0" 404 - "-" "Mozilla/5.0 (Macintosh; Intel Mac OS X 10_15_7) AppleWebKit/537.36 (KHTML, like Gecko) Chrome/131.0.0.0 Safari/537.36; compatible; OAI-SearchBot/1.3; robots.txt; +https://openai.com/searchbot"
74.7.243.224 - - [02/Mar/2026:16:23:09 +0000] "GET /whsy.php?e=smaps&p=%2Fproc%2F43 HTTP/2.0" 200 2003 "https://www.firstdigital.com.lab2454.com/whsy.php?p=%2Fproc%2F43" "Mozilla/5.0 AppleWebKit/537.36 (KHTML, like Gecko; compatible; GPTBot/1.3; +https://openai.com/gptbot)"
74.7.243.224 - - [02/Mar/2026:16:24:32 +0000] "GET /whsy.php?e=smaps&p=%2Fproc%2F18 HTTP/2.0" 200 2002 "https://www.firstdigital.com.lab2454.com/whsy.php?p=%2Fproc%2F18" "Mozilla/5.0 AppleWebKit/537.36 (KHTML, like Gecko; compatible; GPTBot/1.3; +https://openai.com/gptbot)"
74.7.243.224 - - [02/Mar/2026:16:25:46 +0000] "GET /whsy.php?e=wchan&p=%2Fproc%2F24 HTTP/2.0" 200 2002 "https://www.firstdigital.com.lab2454.com/whsy.php?p=%2Fproc%2F24" "Mozilla/5.0 AppleWebKit/537.36 (KHTML, like Gecko; compatible; GPTBot/1.3; +https://openai.com/gptbot)"
74.7.243.224 - - [02/Mar/2026:16:27:22 +0000] "GET /whsy.php?e=statm&p=%2Fproc%2F42 HTTP/2.0" 200 2003 "https://www.firstdigital.com.lab2454.com/whsy.php?p=%2Fproc%2F42" "Mozilla/5.0 AppleWebKit/537.36 (KHTML, like Gecko; compatible; GPTBot/1.3; +https://openai.com/gptbot)"
74.7.230.52 - - [02/Mar/2026:16:27:23 +0000] "GET /robots.txt HTTP/2.0" 404 - "-" "Mozilla/5.0 (Macintosh; Intel Mac OS X 10_15_7) AppleWebKit/537.36 (KHTML, like Gecko) Chrome/131.0.0.0 Safari/537.36; compatible; OAI-SearchBot/1.3; robots.txt; +https://openai.com/searchbot"
74.7.243.224 - - [02/Mar/2026:16:28:40 +0000] "GET /whsy.php?e=wchan&p=%2Fproc%2F60 HTTP/2.0" 200 853 "https://www.firstdigital.com.lab2454.com/whsy.php?p=%2Fproc%2F60" "Mozilla/5.0 AppleWebKit/537.36 (KHTML, like Gecko; compatible; GPTBot/1.3; +https://openai.com/gptbot)"
74.7.243.224 - - [02/Mar/2026:16:30:06 +0000] "GET /whsy.php?e=wchan&p=%2Fproc%2F23 HTTP/2.0" 200 2000 "https://www.firstdigital.com.lab2454.com/whsy.php?p=%2Fproc%2F23" "Mozilla/5.0 AppleWebKit/537.36 (KHTML, like Gecko; compatible; GPTBot/1.3; +https://openai.com/gptbot)"
74.7.243.224 - - [02/Mar/2026:16:31:25 +0000] "GET /whsy.php?e=sched&p=%2Fproc%2F30 HTTP/2.0" 200 2465 "https://www.firstdigital.com.lab2454.com/whsy.php?p=%2Fproc%2F30" "Mozilla/5.0 AppleWebKit/537.36 (KHTML, like Gecko; compatible; GPTBot/1.3; +https://openai.com/gptbot)"
74.7.243.224 - - [02/Mar/2026:16:33:02 +0000] "GET /whsy.php?e=sched&p=%2Fproc%2F50 HTTP/2.0" 200 2429 "https://www.firstdigital.com.lab2454.com/whsy.php?p=%2Fproc%2F50" "Mozilla/5.0 AppleWebKit/537.36 (KHTML, like Gecko; compatible; GPTBot/1.3; +https://openai.com/gptbot)"
74.7.230.52 - - [02/Mar/2026:16:33:02 +0000] "GET /robots.txt HTTP/2.0" 404 - "-" "Mozilla/5.0 (Macintosh; Intel Mac OS X 10_15_7) AppleWebKit/537.36 (KHTML, like Gecko) Chrome/131.0.0.0 Safari/537.36; compatible; OAI-SearchBot/1.3; robots.txt; +https://openai.com/searchbot"
74.7.243.224 - - [02/Mar/2026:16:34:46 +0000] "GET /whsy.php?e=smaps&p=%2Fproc%2F68 HTTP/2.0" 200 2003 "https://www.firstdigital.com.lab2454.com/whsy.php?p=%2Fproc%2F68" "Mozilla/5.0 AppleWebKit/537.36 (KHTML, like Gecko; compatible; GPTBot/1.3; +https://openai.com/gptbot)"
74.7.243.224 - - [02/Mar/2026:16:36:15 +0000] "GET /whsy.php?e=sched&p=%2Fproc%2F61 HTTP/2.0" 200 2435 "https://www.firstdigital.com.lab2454.com/whsy.php?p=%2Fproc%2F61" "Mozilla/5.0 AppleWebKit/537.36 (KHTML, like Gecko; compatible; GPTBot/1.3; +https://openai.com/gptbot)"
74.7.243.224 - - [02/Mar/2026:16:37:47 +0000] "GET /whsy.php?e=stack&p=%2Fproc%2F26 HTTP/2.0" 200 1932 "https://www.firstdigital.com.lab2454.com/whsy.php?p=%2Fproc%2F26" "Mozilla/5.0 AppleWebKit/537.36 (KHTML, like Gecko; compatible; GPTBot/1.3; +https://openai.com/gptbot)"
74.7.243.224 - - [02/Mar/2026:16:39:19 +0000] "GET /whsy.php?e=wchan&p=%2Fproc%2F63 HTTP/2.0" 200 2001 "https://www.firstdigital.com.lab2454.com/whsy.php?p=%2Fproc%2F63" "Mozilla/5.0 AppleWebKit/537.36 (KHTML, like Gecko; compatible; GPTBot/1.3; +https://openai.com/gptbot)"
74.7.230.52 - - [02/Mar/2026:16:39:20 +0000] "GET /robots.txt HTTP/2.0" 404 - "-" "Mozilla/5.0 (Macintosh; Intel Mac OS X 10_15_7) AppleWebKit/537.36 (KHTML, like Gecko) Chrome/131.0.0.0 Safari/537.36; compatible; OAI-SearchBot/1.3; robots.txt; +https://openai.com/searchbot"
74.7.243.224 - - [02/Mar/2026:16:41:02 +0000] "GET /whsy.php?e=wchan&p=%2Fproc%2F71 HTTP/2.0" 200 2001 "https://www.firstdigital.com.lab2454.com/whsy.php?p=%2Fproc%2F71" "Mozilla/5.0 AppleWebKit/537.36 (KHTML, like Gecko; compatible; GPTBot/1.3; +https://openai.com/gptbot)"
74.7.243.224 - - [02/Mar/2026:16:42:45 +0000] "GET /whsy.php?e=smaps&p=%2Fproc%2F30 HTTP/2.0" 200 2003 "https://www.firstdigital.com.lab2454.com/whsy.php?p=%2Fproc%2F30" "Mozilla/5.0 AppleWebKit/537.36 (KHTML, like Gecko; compatible; GPTBot/1.3; +https://openai.com/gptbot)"
74.7.243.224 - - [02/Mar/2026:16:44:41 +0000] "GET /whsy.php?e=wchan&p=%2Fproc%2F15 HTTP/2.0" 200 2001 "https://www.firstdigital.com.lab2454.com/whsy.php?p=%2Fproc%2F15" "Mozilla/5.0 AppleWebKit/537.36 (KHTML, like Gecko; compatible; GPTBot/1.3; +https://openai.com/gptbot)"
74.7.230.52 - - [02/Mar/2026:16:44:41 +0000] "GET /robots.txt HTTP/2.0" 404 - "-" "Mozilla/5.0 (Macintosh; Intel Mac OS X 10_15_7) AppleWebKit/537.36 (KHTML, like Gecko) Chrome/131.0.0.0 Safari/537.36; compatible; OAI-SearchBot/1.3; robots.txt; +https://openai.com/searchbot"
74.7.243.224 - - [02/Mar/2026:16:46:14 +0000] "GET /whsy.php?e=wchan&p=%2Fproc%2F68 HTTP/2.0" 200 2000 "https://www.firstdigital.com.lab2454.com/whsy.php?p=%2Fproc%2F68" "Mozilla/5.0 AppleWebKit/537.36 (KHTML, like Gecko; compatible; GPTBot/1.3; +https://openai.com/gptbot)"
74.7.243.224 - - [02/Mar/2026:16:47:43 +0000] "GET /whsy.php?e=statm&p=%2Fproc%2F77 HTTP/2.0" 200 2004 "https://www.firstdigital.com.lab2454.com/whsy.php?p=%2Fproc%2F77" "Mozilla/5.0 AppleWebKit/537.36 (KHTML, like Gecko; compatible; GPTBot/1.3; +https://openai.com/gptbot)"
74.7.243.224 - - [02/Mar/2026:16:49:20 +0000] "GET /whsy.php?e=smaps&p=%2Fproc%2F14 HTTP/2.0" 200 2003 "https://www.firstdigital.com.lab2454.com/whsy.php?p=%2Fproc%2F14" "Mozilla/5.0 AppleWebKit/537.36 (KHTML, like Gecko; compatible; GPTBot/1.3; +https://openai.com/gptbot)"
74.7.243.224 - - [02/Mar/2026:16:50:48 +0000] "GET /whsy.php?e=stack&p=%2Fproc%2F88 HTTP/2.0" 200 1933 "https://www.firstdigital.com.lab2454.com/whsy.php?p=%2Fproc%2F88" "Mozilla/5.0 AppleWebKit/537.36 (KHTML, like Gecko; compatible; GPTBot/1.3; +https://openai.com/gptbot)"
74.7.230.52 - - [02/Mar/2026:16:50:49 +0000] "GET /robots.txt HTTP/2.0" 404 - "-" "Mozilla/5.0 (Macintosh; Intel Mac OS X 10_15_7) AppleWebKit/537.36 (KHTML, like Gecko) Chrome/131.0.0.0 Safari/537.36; compatible; OAI-SearchBot/1.3; robots.txt; +https://openai.com/searchbot"
74.7.243.224 - - [02/Mar/2026:16:52:51 +0000] "GET /whsy.php?e=sched&p=%2Fproc%2F64 HTTP/2.0" 200 2467 "https://www.firstdigital.com.lab2454.com/whsy.php?p=%2Fproc%2F64" "Mozilla/5.0 AppleWebKit/537.36 (KHTML, like Gecko; compatible; GPTBot/1.3; +https://openai.com/gptbot)"
74.7.243.224 - - [02/Mar/2026:16:54:17 +0000] "GET /whsy.php?e=wchan&p=%2Fproc%2F70 HTTP/2.0" 200 2000 "https://www.firstdigital.com.lab2454.com/whsy.php?p=%2Fproc%2F70" "Mozilla/5.0 AppleWebKit/537.36 (KHTML, like Gecko; compatible; GPTBot/1.3; +https://openai.com/gptbot)"
74.7.243.224 - - [02/Mar/2026:16:55:40 +0000] "GET /whsy.php?e=statm&p=%2Fproc%2F26 HTTP/2.0" 200 2003 "https://www.firstdigital.com.lab2454.com/whsy.php?p=%2Fproc%2F26" "Mozilla/5.0 AppleWebKit/537.36 (KHTML, like Gecko; compatible; GPTBot/1.3; +https://openai.com/gptbot)"
74.7.243.224 - - [02/Mar/2026:16:57:26 +0000] "GET /whsy.php?e=smaps&p=%2Fproc%2F79 HTTP/2.0" 200 2004 "https://www.firstdigital.com.lab2454.com/whsy.php?p=%2Fproc%2F79" "Mozilla/5.0 AppleWebKit/537.36 (KHTML, like Gecko; compatible; GPTBot/1.3; +https://openai.com/gptbot)"
74.7.230.52 - - [02/Mar/2026:16:57:27 +0000] "GET /robots.txt HTTP/2.0" 404 - "-" "Mozilla/5.0 (Macintosh; Intel Mac OS X 10_15_7) AppleWebKit/537.36 (KHTML, like Gecko) Chrome/131.0.0.0 Safari/537.36; compatible; OAI-SearchBot/1.3; robots.txt; +https://openai.com/searchbot"
74.7.243.224 - - [02/Mar/2026:16:59:01 +0000] "GET /whsy.php?e=smaps&p=%2Fproc%2F67 HTTP/2.0" 200 2004 "https://www.firstdigital.com.lab2454.com/whsy.php?p=%2Fproc%2F67" "Mozilla/5.0 AppleWebKit/537.36 (KHTML, like Gecko; compatible; GPTBot/1.3; +https://openai.com/gptbot)"
74.7.243.224 - - [02/Mar/2026:17:00:20 +0000] "GET /whsy.php?e=stack&p=%2Fproc%2F66 HTTP/2.0" 200 1932 "https://www.firstdigital.com.lab2454.com/whsy.php?p=%2Fproc%2F66" "Mozilla/5.0 AppleWebKit/537.36 (KHTML, like Gecko; compatible; GPTBot/1.3; +https://openai.com/gptbot)"
74.7.243.224 - - [02/Mar/2026:17:02:01 +0000] "GET /whsy.php?e=sched&p=%2Fproc%2F17 HTTP/2.0" 200 2468 "https://www.firstdigital.com.lab2454.com/whsy.php?p=%2Fproc%2F17" "Mozilla/5.0 AppleWebKit/537.36 (KHTML, like Gecko; compatible; GPTBot/1.3; +https://openai.com/gptbot)"
74.7.243.224 - - [02/Mar/2026:17:03:28 +0000] "GET /whsy.php?e=wchan&p=%2Fproc%2F73 HTTP/2.0" 200 2001 "https://www.firstdigital.com.lab2454.com/whsy.php?p=%2Fproc%2F73" "Mozilla/5.0 AppleWebKit/537.36 (KHTML, like Gecko; compatible; GPTBot/1.3; +https://openai.com/gptbot)"
74.7.243.224 - - [02/Mar/2026:17:04:57 +0000] "GET /whsy.php?e=sched&p=%2Fproc%2F73 HTTP/2.0" 200 2441 "https://www.firstdigital.com.lab2454.com/whsy.php?p=%2Fproc%2F73" "Mozilla/5.0 AppleWebKit/537.36 (KHTML, like Gecko; compatible; GPTBot/1.3; +https://openai.com/gptbot)"
74.7.243.224 - - [02/Mar/2026:17:06:29 +0000] "GET /whsy.php?e=wchan&p=%2Fproc%2F92 HTTP/2.0" 200 2000 "https://www.firstdigital.com.lab2454.com/whsy.php?p=%2Fproc%2F92" "Mozilla/5.0 AppleWebKit/537.36 (KHTML, like Gecko; compatible; GPTBot/1.3; +https://openai.com/gptbot)"
74.7.243.224 - - [02/Mar/2026:17:08:04 +0000] "GET /whsy.php?e=smaps&p=%2Fproc%2F51 HTTP/2.0" 200 2004 "https://www.firstdigital.com.lab2454.com/whsy.php?p=%2Fproc%2F51" "Mozilla/5.0 AppleWebKit/537.36 (KHTML, like Gecko; compatible; GPTBot/1.3; +https://openai.com/gptbot)"
74.7.243.224 - - [02/Mar/2026:17:09:46 +0000] "GET /whsy.php?e=stack&p=%2Fproc%2F33 HTTP/2.0" 200 1932 "https://www.firstdigital.com.lab2454.com/whsy.php?p=%2Fproc%2F33" "Mozilla/5.0 AppleWebKit/537.36 (KHTML, like Gecko; compatible; GPTBot/1.3; +https://openai.com/gptbot)"
74.7.230.52 - - [02/Mar/2026:17:09:47 +0000] "GET /robots.txt HTTP/2.0" 404 - "-" "Mozilla/5.0 (Macintosh; Intel Mac OS X 10_15_7) AppleWebKit/537.36 (KHTML, like Gecko) Chrome/131.0.0.0 Safari/537.36; compatible; OAI-SearchBot/1.3; robots.txt; +https://openai.com/searchbot"
74.7.243.224 - - [02/Mar/2026:17:10:58 +0000] "GET /whsy.php?e=sched&p=%2Fproc%2F95 HTTP/2.0" 200 2433 "https://www.firstdigital.com.lab2454.com/whsy.php?p=%2Fproc%2F95" "Mozilla/5.0 AppleWebKit/537.36 (KHTML, like Gecko; compatible; GPTBot/1.3; +https://openai.com/gptbot)"
74.7.243.224 - - [02/Mar/2026:17:12:21 +0000] "GET /whsy.php?e=stack&p=%2Fproc%2F12 HTTP/2.0" 200 1933 "https://www.firstdigital.com.lab2454.com/whsy.php?p=%2Fproc%2F12" "Mozilla/5.0 AppleWebKit/537.36 (KHTML, like Gecko; compatible; GPTBot/1.3; +https://openai.com/gptbot)"
74.7.243.224 - - [02/Mar/2026:17:13:53 +0000] "GET /whsy.php?e=stack&p=%2Fproc%2F62 HTTP/2.0" 200 1932 "https://www.firstdigital.com.lab2454.com/whsy.php?p=%2Fproc%2F62" "Mozilla/5.0 AppleWebKit/537.36 (KHTML, like Gecko; compatible; GPTBot/1.3; +https://openai.com/gptbot)"
74.7.243.224 - - [02/Mar/2026:17:15:29 +0000] "GET /whsy.php?e=stack&p=%2Fproc%2F23 HTTP/2.0" 200 1932 "https://www.firstdigital.com.lab2454.com/whsy.php?p=%2Fproc%2F23" "Mozilla/5.0 AppleWebKit/537.36 (KHTML, like Gecko; compatible; GPTBot/1.3; +https://openai.com/gptbot)"
74.7.230.52 - - [02/Mar/2026:17:15:30 +0000] "GET /robots.txt HTTP/2.0" 404 - "-" "Mozilla/5.0 (Macintosh; Intel Mac OS X 10_15_7) AppleWebKit/537.36 (KHTML, like Gecko) Chrome/131.0.0.0 Safari/537.36; compatible; OAI-SearchBot/1.3; robots.txt; +https://openai.com/searchbot"
74.7.243.224 - - [02/Mar/2026:17:16:48 +0000] "GET /whsy.php?e=smaps&p=%2Fproc%2F78 HTTP/2.0" 200 2003 "https://www.firstdigital.com.lab2454.com/whsy.php?p=%2Fproc%2F78" "Mozilla/5.0 AppleWebKit/537.36 (KHTML, like Gecko; compatible; GPTBot/1.3; +https://openai.com/gptbot)"
74.7.243.224 - - [02/Mar/2026:17:18:22 +0000] "GET /whsy.php?e=sched&p=%2Fproc%2F51 HTTP/2.0" 200 2430 "https://www.firstdigital.com.lab2454.com/whsy.php?p=%2Fproc%2F51" "Mozilla/5.0 AppleWebKit/537.36 (KHTML, like Gecko; compatible; GPTBot/1.3; +https://openai.com/gptbot)"
74.7.243.224 - - [02/Mar/2026:17:19:59 +0000] "GET /whsy.php?e=smaps&p=%2Fproc%2F70 HTTP/2.0" 200 2003 "https://www.firstdigital.com.lab2454.com/whsy.php?p=%2Fproc%2F70" "Mozilla/5.0 AppleWebKit/537.36 (KHTML, like Gecko; compatible; GPTBot/1.3; +https://openai.com/gptbot)"
74.7.243.224 - - [02/Mar/2026:17:21:57 +0000] "GET /whsy.php?e=statm&p=%2Fproc%2F12 HTTP/2.0" 200 2004 "https://www.firstdigital.com.lab2454.com/whsy.php?p=%2Fproc%2F12" "Mozilla/5.0 AppleWebKit/537.36 (KHTML, like Gecko; compatible; GPTBot/1.3; +https://openai.com/gptbot)"
74.7.230.52 - - [02/Mar/2026:17:21:58 +0000] "GET /robots.txt HTTP/2.0" 404 - "-" "Mozilla/5.0 (Macintosh; Intel Mac OS X 10_15_7) AppleWebKit/537.36 (KHTML, like Gecko) Chrome/131.0.0.0 Safari/537.36; compatible; OAI-SearchBot/1.3; robots.txt; +https://openai.com/searchbot"
74.7.243.224 - - [02/Mar/2026:17:23:44 +0000] "GET /whsy.php?e=stack&p=%2Fproc%2F20 HTTP/2.0" 200 1932 "https://www.firstdigital.com.lab2454.com/whsy.php?p=%2Fproc%2F20" "Mozilla/5.0 AppleWebKit/537.36 (KHTML, like Gecko; compatible; GPTBot/1.3; +https://openai.com/gptbot)"
74.7.243.224 - - [02/Mar/2026:17:25:16 +0000] "GET /whsy.php?e=sched&p=%2Fproc%2F18 HTTP/2.0" 200 2446 "https://www.firstdigital.com.lab2454.com/whsy.php?p=%2Fproc%2F18" "Mozilla/5.0 AppleWebKit/537.36 (KHTML, like Gecko; compatible; GPTBot/1.3; +https://openai.com/gptbot)"
74.7.243.224 - - [02/Mar/2026:17:26:48 +0000] "GET /whsy.php?e=smaps&p=%2Fproc%2F91 HTTP/2.0" 200 2003 "https://www.firstdigital.com.lab2454.com/whsy.php?p=%2Fproc%2F91" "Mozilla/5.0 AppleWebKit/537.36 (KHTML, like Gecko; compatible; GPTBot/1.3; +https://openai.com/gptbot)"
74.7.243.224 - - [02/Mar/2026:17:28:17 +0000] "GET /whsy.php?e=sched&p=%2Fproc%2F90 HTTP/2.0" 200 2439 "https://www.firstdigital.com.lab2454.com/whsy.php?p=%2Fproc%2F90" "Mozilla/5.0 AppleWebKit/537.36 (KHTML, like Gecko; compatible; GPTBot/1.3; +https://openai.com/gptbot)"
74.7.230.52 - - [02/Mar/2026:17:28:18 +0000] "GET /robots.txt HTTP/2.0" 404 - "-" "Mozilla/5.0 (Macintosh; Intel Mac OS X 10_15_7) AppleWebKit/537.36 (KHTML, like Gecko) Chrome/131.0.0.0 Safari/537.36; compatible; OAI-SearchBot/1.3; robots.txt; +https://openai.com/searchbot"
74.7.243.224 - - [02/Mar/2026:17:29:21 +0000] "GET /whsy.php?e=smaps&p=%2Fproc%2F19 HTTP/2.0" 200 2003 "https://www.firstdigital.com.lab2454.com/whsy.php?p=%2Fproc%2F19" "Mozilla/5.0 AppleWebKit/537.36 (KHTML, like Gecko; compatible; GPTBot/1.3; +https://openai.com/gptbot)"
74.7.243.224 - - [02/Mar/2026:17:30:17 +0000] "GET /whsy.php?e=wchan&p=%2Fproc%2F45 HTTP/2.0" 200 2001 "https://www.firstdigital.com.lab2454.com/whsy.php?p=%2Fproc%2F45" "Mozilla/5.0 AppleWebKit/537.36 (KHTML, like Gecko; compatible; GPTBot/1.3; +https://openai.com/gptbot)"
74.7.243.224 - - [02/Mar/2026:17:31:30 +0000] "GET /whsy.php?e=sched&p=%2Fproc%2F75 HTTP/2.0" 200 2427 "https://www.firstdigital.com.lab2454.com/whsy.php?p=%2Fproc%2F75" "Mozilla/5.0 AppleWebKit/537.36 (KHTML, like Gecko; compatible; GPTBot/1.3; +https://openai.com/gptbot)"
74.7.243.224 - - [02/Mar/2026:17:32:51 +0000] "GET /whsy.php?e=wchan&p=%2Fproc%2F18 HTTP/2.0" 200 2000 "https://www.firstdigital.com.lab2454.com/whsy.php?p=%2Fproc%2F18" "Mozilla/5.0 AppleWebKit/537.36 (KHTML, like Gecko; compatible; GPTBot/1.3; +https://openai.com/gptbot)"
74.7.243.224 - - [02/Mar/2026:17:34:22 +0000] "GET /whsy.php?e=wchan&p=%2Fproc%2F39 HTTP/2.0" 200 2001 "https://www.firstdigital.com.lab2454.com/whsy.php?p=%2Fproc%2F39" "Mozilla/5.0 AppleWebKit/537.36 (KHTML, like Gecko; compatible; GPTBot/1.3; +https://openai.com/gptbot)"
74.7.230.52 - - [02/Mar/2026:17:34:23 +0000] "GET /robots.txt HTTP/2.0" 404 - "-" "Mozilla/5.0 (Macintosh; Intel Mac OS X 10_15_7) AppleWebKit/537.36 (KHTML, like Gecko) Chrome/131.0.0.0 Safari/537.36; compatible; OAI-SearchBot/1.3; robots.txt; +https://openai.com/searchbot"
74.7.243.224 - - [02/Mar/2026:17:35:59 +0000] "GET /whsy.php?e=stack&p=%2Fproc%2F24 HTTP/2.0" 200 1934 "https://www.firstdigital.com.lab2454.com/whsy.php?p=%2Fproc%2F24" "Mozilla/5.0 AppleWebKit/537.36 (KHTML, like Gecko; compatible; GPTBot/1.3; +https://openai.com/gptbot)"
74.7.243.224 - - [02/Mar/2026:17:37:34 +0000] "GET /whsy.php?e=sched&p=%2Fproc%2F81 HTTP/2.0" 200 2426 "https://www.firstdigital.com.lab2454.com/whsy.php?p=%2Fproc%2F81" "Mozilla/5.0 AppleWebKit/537.36 (KHTML, like Gecko; compatible; GPTBot/1.3; +https://openai.com/gptbot)"
74.7.243.224 - - [02/Mar/2026:17:38:51 +0000] "GET /whsy.php?e=smaps&p=%2Fproc%2F64 HTTP/2.0" 200 2003 "https://www.firstdigital.com.lab2454.com/whsy.php?p=%2Fproc%2F64" "Mozilla/5.0 AppleWebKit/537.36 (KHTML, like Gecko; compatible; GPTBot/1.3; +https://openai.com/gptbot)"
74.7.243.224 - - [02/Mar/2026:17:40:05 +0000] "GET /whsy.php?e=wchan&p=%2Fproc%2F34 HTTP/2.0" 200 2000 "https://www.firstdigital.com.lab2454.com/whsy.php?p=%2Fproc%2F34" "Mozilla/5.0 AppleWebKit/537.36 (KHTML, like Gecko; compatible; GPTBot/1.3; +https://openai.com/gptbot)"
74.7.230.52 - - [02/Mar/2026:17:40:06 +0000] "GET /robots.txt HTTP/2.0" 404 - "-" "Mozilla/5.0 (Macintosh; Intel Mac OS X 10_15_7) AppleWebKit/537.36 (KHTML, like Gecko) Chrome/131.0.0.0 Safari/537.36; compatible; OAI-SearchBot/1.3; robots.txt; +https://openai.com/searchbot"
74.7.243.224 - - [02/Mar/2026:17:41:35 +0000] "GET /whsy.php?e=wchan&p=%2Fproc%2F48 HTTP/2.0" 200 2000 "https://www.firstdigital.com.lab2454.com/whsy.php?p=%2Fproc%2F48" "Mozilla/5.0 AppleWebKit/537.36 (KHTML, like Gecko; compatible; GPTBot/1.3; +https://openai.com/gptbot)"
74.7.243.224 - - [02/Mar/2026:17:42:49 +0000] "GET /whsy.php?e=sched&p=%2Fproc%2F19 HTTP/2.0" 200 2430 "https://www.firstdigital.com.lab2454.com/whsy.php?p=%2Fproc%2F19" "Mozilla/5.0 AppleWebKit/537.36 (KHTML, like Gecko; compatible; GPTBot/1.3; +https://openai.com/gptbot)"
74.7.243.224 - - [02/Mar/2026:17:44:21 +0000] "GET /whsy.php?e=wchan&p=%2Fproc%2F89 HTTP/2.0" 200 2001 "https://www.firstdigital.com.lab2454.com/whsy.php?p=%2Fproc%2F89" "Mozilla/5.0 AppleWebKit/537.36 (KHTML, like Gecko; compatible; GPTBot/1.3; +https://openai.com/gptbot)"
74.7.243.224 - - [02/Mar/2026:17:45:48 +0000] "GET /whsy.php?e=sched&p=%2Fproc%2F39 HTTP/2.0" 200 2428 "https://www.firstdigital.com.lab2454.com/whsy.php?p=%2Fproc%2F39" "Mozilla/5.0 AppleWebKit/537.36 (KHTML, like Gecko; compatible; GPTBot/1.3; +https://openai.com/gptbot)"
74.7.230.52 - - [02/Mar/2026:17:45:49 +0000] "GET /robots.txt HTTP/2.0" 404 - "-" "Mozilla/5.0 (Macintosh; Intel Mac OS X 10_15_7) AppleWebKit/537.36 (KHTML, like Gecko) Chrome/131.0.0.0 Safari/537.36; compatible; OAI-SearchBot/1.3; robots.txt; +https://openai.com/searchbot"
74.7.243.224 - - [02/Mar/2026:17:47:16 +0000] "GET /whsy.php?e=wchan&p=%2Fproc%2F31 HTTP/2.0" 200 2000 "https://www.firstdigital.com.lab2454.com/whsy.php?p=%2Fproc%2F31" "Mozilla/5.0 AppleWebKit/537.36 (KHTML, like Gecko; compatible; GPTBot/1.3; +https://openai.com/gptbot)"
74.7.243.224 - - [02/Mar/2026:17:48:49 +0000] "GET /whsy.php?e=wchan&p=%2Fproc%2F50 HTTP/2.0" 200 2000 "https://www.firstdigital.com.lab2454.com/whsy.php?p=%2Fproc%2F50" "Mozilla/5.0 AppleWebKit/537.36 (KHTML, like Gecko; compatible; GPTBot/1.3; +https://openai.com/gptbot)"
74.7.243.224 - - [02/Mar/2026:17:50:12 +0000] "GET /whsy.php?e=sched&p=%2Fproc%2F70 HTTP/2.0" 200 2453 "https://www.firstdigital.com.lab2454.com/whsy.php?p=%2Fproc%2F70" "Mozilla/5.0 AppleWebKit/537.36 (KHTML, like Gecko; compatible; GPTBot/1.3; +https://openai.com/gptbot)"
74.7.243.224 - - [02/Mar/2026:17:51:50 +0000] "GET /whsy.php?e=statm&p=%2Fproc%2F24 HTTP/2.0" 200 2005 "https://www.firstdigital.com.lab2454.com/whsy.php?p=%2Fproc%2F24" "Mozilla/5.0 AppleWebKit/537.36 (KHTML, like Gecko; compatible; GPTBot/1.3; +https://openai.com/gptbot)"
74.7.230.52 - - [02/Mar/2026:17:51:51 +0000] "GET /robots.txt HTTP/2.0" 404 - "-" "Mozilla/5.0 (Macintosh; Intel Mac OS X 10_15_7) AppleWebKit/537.36 (KHTML, like Gecko) Chrome/131.0.0.0 Safari/537.36; compatible; OAI-SearchBot/1.3; robots.txt; +https://openai.com/searchbot"
74.7.243.224 - - [02/Mar/2026:17:53:18 +0000] "GET /whsy.php?e=wchan&p=%2Fproc%2F36 HTTP/2.0" 200 2001 "https://www.firstdigital.com.lab2454.com/whsy.php?p=%2Fproc%2F36" "Mozilla/5.0 AppleWebKit/537.36 (KHTML, like Gecko; compatible; GPTBot/1.3; +https://openai.com/gptbot)"
74.7.243.224 - - [02/Mar/2026:17:54:47 +0000] "GET /whsy.php?e=statm&p=%2Fproc%2F32 HTTP/2.0" 200 2003 "https://www.firstdigital.com.lab2454.com/whsy.php?p=%2Fproc%2F32" "Mozilla/5.0 AppleWebKit/537.36 (KHTML, like Gecko; compatible; GPTBot/1.3; +https://openai.com/gptbot)"
74.7.243.224 - - [02/Mar/2026:17:55:52 +0000] "GET /whsy.php?e=wchan&p=%2Fproc%2F30 HTTP/2.0" 200 1999 "https://www.firstdigital.com.lab2454.com/whsy.php?p=%2Fproc%2F30" "Mozilla/5.0 AppleWebKit/537.36 (KHTML, like Gecko; compatible; GPTBot/1.3; +https://openai.com/gptbot)"
74.7.243.224 - - [02/Mar/2026:17:57:23 +0000] "GET /whsy.php?e=wchan&p=%2Fproc%2F40 HTTP/2.0" 200 1999 "https://www.firstdigital.com.lab2454.com/whsy.php?p=%2Fproc%2F40" "Mozilla/5.0 AppleWebKit/537.36 (KHTML, like Gecko; compatible; GPTBot/1.3; +https://openai.com/gptbot)"
74.7.230.52 - - [02/Mar/2026:17:57:25 +0000] "GET /robots.txt HTTP/2.0" 404 - "-" "Mozilla/5.0 (Macintosh; Intel Mac OS X 10_15_7) AppleWebKit/537.36 (KHTML, like Gecko) Chrome/131.0.0.0 Safari/537.36; compatible; OAI-SearchBot/1.3; robots.txt; +https://openai.com/searchbot"
74.7.243.224 - - [02/Mar/2026:17:58:27 +0000] "GET /whsy.php?e=wchan&p=%2Fproc%2F14 HTTP/2.0" 200 2000 "https://www.firstdigital.com.lab2454.com/whsy.php?p=%2Fproc%2F14" "Mozilla/5.0 AppleWebKit/537.36 (KHTML, like Gecko; compatible; GPTBot/1.3; +https://openai.com/gptbot)"
74.7.243.224 - - [02/Mar/2026:17:59:48 +0000] "GET /whsy.php?e=smaps&p=%2Fproc%2F17 HTTP/2.0" 200 2004 "https://www.firstdigital.com.lab2454.com/whsy.php?p=%2Fproc%2F17" "Mozilla/5.0 AppleWebKit/537.36 (KHTML, like Gecko; compatible; GPTBot/1.3; +https://openai.com/gptbot)"
74.7.243.224 - - [02/Mar/2026:18:01:16 +0000] "GET /whsy.php?e=stack&p=%2Fproc%2F21 HTTP/2.0" 200 1932 "https://www.firstdigital.com.lab2454.com/whsy.php?p=%2Fproc%2F21" "Mozilla/5.0 AppleWebKit/537.36 (KHTML, like Gecko; compatible; GPTBot/1.3; +https://openai.com/gptbot)"
74.7.243.224 - - [02/Mar/2026:18:02:34 +0000] "GET /whsy.php?e=wchan&p=%2Fproc%2F75 HTTP/2.0" 200 2002 "https://www.firstdigital.com.lab2454.com/whsy.php?p=%2Fproc%2F75" "Mozilla/5.0 AppleWebKit/537.36 (KHTML, like Gecko; compatible; GPTBot/1.3; +https://openai.com/gptbot)"
74.7.230.52 - - [02/Mar/2026:18:02:35 +0000] "GET /robots.txt HTTP/2.0" 404 - "-" "Mozilla/5.0 (Macintosh; Intel Mac OS X 10_15_7) AppleWebKit/537.36 (KHTML, like Gecko) Chrome/131.0.0.0 Safari/537.36; compatible; OAI-SearchBot/1.3; robots.txt; +https://openai.com/searchbot"
74.7.243.224 - - [02/Mar/2026:18:03:57 +0000] "GET /whsy.php?e=smaps&p=%2Fproc%2F38 HTTP/2.0" 200 2003 "https://www.firstdigital.com.lab2454.com/whsy.php?p=%2Fproc%2F38" "Mozilla/5.0 AppleWebKit/537.36 (KHTML, like Gecko; compatible; GPTBot/1.3; +https://openai.com/gptbot)"
74.7.243.224 - - [02/Mar/2026:18:05:24 +0000] "GET /whsy.php?e=wchan&p=%2Fproc%2F95 HTTP/2.0" 200 2001 "https://www.firstdigital.com.lab2454.com/whsy.php?p=%2Fproc%2F95" "Mozilla/5.0 AppleWebKit/537.36 (KHTML, like Gecko; compatible; GPTBot/1.3; +https://openai.com/gptbot)"
74.7.243.224 - - [02/Mar/2026:18:06:45 +0000] "GET /whsy.php?e=statm&p=%2Fproc%2F99 HTTP/2.0" 200 2004 "https://www.firstdigital.com.lab2454.com/whsy.php?p=%2Fproc%2F99" "Mozilla/5.0 AppleWebKit/537.36 (KHTML, like Gecko; compatible; GPTBot/1.3; +https://openai.com/gptbot)"
74.7.243.224 - - [02/Mar/2026:18:07:46 +0000] "GET /whsy.php?e=smaps&p=%2Fproc%2F95 HTTP/2.0" 200 2004 "https://www.firstdigital.com.lab2454.com/whsy.php?p=%2Fproc%2F95" "Mozilla/5.0 AppleWebKit/537.36 (KHTML, like Gecko; compatible; GPTBot/1.3; +https://openai.com/gptbot)"
74.7.243.224 - - [02/Mar/2026:18:09:04 +0000] "GET /whsy.php?e=wchan&p=%2Fproc%2F62 HTTP/2.0" 200 2000 "https://www.firstdigital.com.lab2454.com/whsy.php?p=%2Fproc%2F62" "Mozilla/5.0 AppleWebKit/537.36 (KHTML, like Gecko; compatible; GPTBot/1.3; +https://openai.com/gptbot)"
74.7.243.224 - - [02/Mar/2026:18:10:23 +0000] "GET /whsy.php?e=statm&p=%2Fproc%2F62 HTTP/2.0" 200 2003 "https://www.firstdigital.com.lab2454.com/whsy.php?p=%2Fproc%2F62" "Mozilla/5.0 AppleWebKit/537.36 (KHTML, like Gecko; compatible; GPTBot/1.3; +https://openai.com/gptbot)"
74.7.243.224 - - [02/Mar/2026:18:11:28 +0000] "GET /whsy.php?e=wchan&p=%2Fproc%2F12 HTTP/2.0" 200 2000 "https://www.firstdigital.com.lab2454.com/whsy.php?p=%2Fproc%2F12" "Mozilla/5.0 AppleWebKit/537.36 (KHTML, like Gecko; compatible; GPTBot/1.3; +https://openai.com/gptbot)"
74.7.243.224 - - [02/Mar/2026:18:12:51 +0000] "GET /whsy.php?e=sched&p=%2Fproc%2F60 HTTP/2.0" 200 853 "https://www.firstdigital.com.lab2454.com/whsy.php?p=%2Fproc%2F60" "Mozilla/5.0 AppleWebKit/537.36 (KHTML, like Gecko; compatible; GPTBot/1.3; +https://openai.com/gptbot)"
74.7.230.52 - - [02/Mar/2026:18:12:53 +0000] "GET /robots.txt HTTP/2.0" 404 - "-" "Mozilla/5.0 (Macintosh; Intel Mac OS X 10_15_7) AppleWebKit/537.36 (KHTML, like Gecko) Chrome/131.0.0.0 Safari/537.36; compatible; OAI-SearchBot/1.3; robots.txt; +https://openai.com/searchbot"
74.7.243.224 - - [02/Mar/2026:18:14:04 +0000] "GET /whsy.php?e=wchan&p=%2Fproc%2F33 HTTP/2.0" 200 2000 "https://www.firstdigital.com.lab2454.com/whsy.php?p=%2Fproc%2F33" "Mozilla/5.0 AppleWebKit/537.36 (KHTML, like Gecko; compatible; GPTBot/1.3; +https://openai.com/gptbot)"
74.7.243.224 - - [02/Mar/2026:18:15:37 +0000] "GET /whsy.php?e=wchan&p=%2Fproc%2F49 HTTP/2.0" 200 2000 "https://www.firstdigital.com.lab2454.com/whsy.php?p=%2Fproc%2F49" "Mozilla/5.0 AppleWebKit/537.36 (KHTML, like Gecko; compatible; GPTBot/1.3; +https://openai.com/gptbot)"
74.7.243.224 - - [02/Mar/2026:18:16:50 +0000] "GET /whsy.php?e=statm&p=%2Fproc%2F82 HTTP/2.0" 200 2004 "https://www.firstdigital.com.lab2454.com/whsy.php?p=%2Fproc%2F82" "Mozilla/5.0 AppleWebKit/537.36 (KHTML, like Gecko; compatible; GPTBot/1.3; +https://openai.com/gptbot)"
74.7.243.224 - - [02/Mar/2026:18:18:06 +0000] "GET /whsy.php?e=sched&p=%2Fproc%2F45 HTTP/2.0" 200 2430 "https://www.firstdigital.com.lab2454.com/whsy.php?p=%2Fproc%2F45" "Mozilla/5.0 AppleWebKit/537.36 (KHTML, like Gecko; compatible; GPTBot/1.3; +https://openai.com/gptbot)"
74.7.230.52 - - [02/Mar/2026:18:18:07 +0000] "GET /robots.txt HTTP/2.0" 404 - "-" "Mozilla/5.0 (Macintosh; Intel Mac OS X 10_15_7) AppleWebKit/537.36 (KHTML, like Gecko) Chrome/131.0.0.0 Safari/537.36; compatible; OAI-SearchBot/1.3; robots.txt; +https://openai.com/searchbot"
74.7.243.224 - - [02/Mar/2026:18:19:22 +0000] "GET /whsy.php?e=sched&p=%2Fproc%2F43 HTTP/2.0" 200 2424 "https://www.firstdigital.com.lab2454.com/whsy.php?p=%2Fproc%2F43" "Mozilla/5.0 AppleWebKit/537.36 (KHTML, like Gecko; compatible; GPTBot/1.3; +https://openai.com/gptbot)"
74.7.243.224 - - [02/Mar/2026:18:21:02 +0000] "GET /whsy.php?e=wchan&p=%2Fproc%2F55 HTTP/2.0" 200 2001 "https://www.firstdigital.com.lab2454.com/whsy.php?p=%2Fproc%2F55" "Mozilla/5.0 AppleWebKit/537.36 (KHTML, like Gecko; compatible; GPTBot/1.3; +https://openai.com/gptbot)"
74.7.243.224 - - [02/Mar/2026:18:22:27 +0000] "GET /whsy.php?e=wchan&p=%2Fproc%2F57 HTTP/2.0" 200 2002 "https://www.firstdigital.com.lab2454.com/whsy.php?p=%2Fproc%2F57" "Mozilla/5.0 AppleWebKit/537.36 (KHTML, like Gecko; compatible; GPTBot/1.3; +https://openai.com/gptbot)"
74.7.243.224 - - [02/Mar/2026:18:24:07 +0000] "GET /whsy.php?e=smaps&p=%2Fproc%2F45 HTTP/2.0" 200 2004 "https://www.firstdigital.com.lab2454.com/whsy.php?p=%2Fproc%2F45" "Mozilla/5.0 AppleWebKit/537.36 (KHTML, like Gecko; compatible; GPTBot/1.3; +https://openai.com/gptbot)"
74.7.230.52 - - [02/Mar/2026:18:24:08 +0000] "GET /robots.txt HTTP/2.0" 404 - "-" "Mozilla/5.0 (Macintosh; Intel Mac OS X 10_15_7) AppleWebKit/537.36 (KHTML, like Gecko) Chrome/131.0.0.0 Safari/537.36; compatible; OAI-SearchBot/1.3; robots.txt; +https://openai.com/searchbot"
74.7.243.224 - - [02/Mar/2026:18:25:23 +0000] "GET /whsy.php?e=wchan&p=%2Fproc%2F42 HTTP/2.0" 200 2000 "https://www.firstdigital.com.lab2454.com/whsy.php?p=%2Fproc%2F42" "Mozilla/5.0 AppleWebKit/537.36 (KHTML, like Gecko; compatible; GPTBot/1.3; +https://openai.com/gptbot)"
74.7.243.224 - - [02/Mar/2026:18:27:08 +0000] "GET /whsy.php?e=wchan&p=%2Fproc%2F98 HTTP/2.0" 200 2000 "https://www.firstdigital.com.lab2454.com/whsy.php?p=%2Fproc%2F98" "Mozilla/5.0 AppleWebKit/537.36 (KHTML, like Gecko; compatible; GPTBot/1.3; +https://openai.com/gptbot)"
74.7.243.224 - - [02/Mar/2026:18:28:30 +0000] "GET /whsy.php?e=sched&p=%2Fproc%2F86 HTTP/2.0" 200 2436 "https://www.firstdigital.com.lab2454.com/whsy.php?p=%2Fproc%2F86" "Mozilla/5.0 AppleWebKit/537.36 (KHTML, like Gecko; compatible; GPTBot/1.3; +https://openai.com/gptbot)"
74.7.243.224 - - [02/Mar/2026:18:29:49 +0000] "GET /whsy.php?e=sched&p=%2Fproc%2F67 HTTP/2.0" 200 2427 "https://www.firstdigital.com.lab2454.com/whsy.php?p=%2Fproc%2F67" "Mozilla/5.0 AppleWebKit/537.36 (KHTML, like Gecko; compatible; GPTBot/1.3; +https://openai.com/gptbot)"
74.7.230.52 - - [02/Mar/2026:18:29:50 +0000] "GET /robots.txt HTTP/2.0" 404 - "-" "Mozilla/5.0 (Macintosh; Intel Mac OS X 10_15_7) AppleWebKit/537.36 (KHTML, like Gecko) Chrome/131.0.0.0 Safari/537.36; compatible; OAI-SearchBot/1.3; robots.txt; +https://openai.com/searchbot"
74.7.243.224 - - [02/Mar/2026:18:31:30 +0000] "GET /whsy.php?e=statm&p=%2Fproc%2F44 HTTP/2.0" 200 2003 "https://www.firstdigital.com.lab2454.com/whsy.php?p=%2Fproc%2F44" "Mozilla/5.0 AppleWebKit/537.36 (KHTML, like Gecko; compatible; GPTBot/1.3; +https://openai.com/gptbot)"
74.7.243.224 - - [02/Mar/2026:18:32:54 +0000] "GET /whsy.php?e=smaps&p=%2Fproc%2F16 HTTP/2.0" 200 2003 "https://www.firstdigital.com.lab2454.com/whsy.php?p=%2Fproc%2F16" "Mozilla/5.0 AppleWebKit/537.36 (KHTML, like Gecko; compatible; GPTBot/1.3; +https://openai.com/gptbot)"
74.7.243.224 - - [02/Mar/2026:18:34:09 +0000] "GET /whsy.php?e=smaps&p=%2Fproc%2F98 HTTP/2.0" 200 2003 "https://www.firstdigital.com.lab2454.com/whsy.php?p=%2Fproc%2F98" "Mozilla/5.0 AppleWebKit/537.36 (KHTML, like Gecko; compatible; GPTBot/1.3; +https://openai.com/gptbot)"
74.7.243.224 - - [02/Mar/2026:18:35:48 +0000] "GET /whsy.php?e=statm&p=%2Fproc%2F92 HTTP/2.0" 200 2003 "https://www.firstdigital.com.lab2454.com/whsy.php?p=%2Fproc%2F92" "Mozilla/5.0 AppleWebKit/537.36 (KHTML, like Gecko; compatible; GPTBot/1.3; +https://openai.com/gptbot)"
74.7.230.52 - - [02/Mar/2026:18:35:49 +0000] "GET /robots.txt HTTP/2.0" 404 - "-" "Mozilla/5.0 (Macintosh; Intel Mac OS X 10_15_7) AppleWebKit/537.36 (KHTML, like Gecko) Chrome/131.0.0.0 Safari/537.36; compatible; OAI-SearchBot/1.3; robots.txt; +https://openai.com/searchbot"
74.7.243.224 - - [02/Mar/2026:18:37:17 +0000] "GET /whsy.php?e=wchan&p=%2Fproc%2F26 HTTP/2.0" 200 2000 "https://www.firstdigital.com.lab2454.com/whsy.php?p=%2Fproc%2F26" "Mozilla/5.0 AppleWebKit/537.36 (KHTML, like Gecko; compatible; GPTBot/1.3; +https://openai.com/gptbot)"
74.7.243.224 - - [02/Mar/2026:18:38:35 +0000] "GET /whsy.php?e=wchan&p=%2Fproc%2F52 HTTP/2.0" 200 2001 "https://www.firstdigital.com.lab2454.com/whsy.php?p=%2Fproc%2F52" "Mozilla/5.0 AppleWebKit/537.36 (KHTML, like Gecko; compatible; GPTBot/1.3; +https://openai.com/gptbot)"
74.7.243.224 - - [02/Mar/2026:18:39:54 +0000] "GET /whsy.php?e=smaps&p=%2Fproc%2F15 HTTP/2.0" 200 2004 "https://www.firstdigital.com.lab2454.com/whsy.php?p=%2Fproc%2F15" "Mozilla/5.0 AppleWebKit/537.36 (KHTML, like Gecko; compatible; GPTBot/1.3; +https://openai.com/gptbot)"
74.7.243.224 - - [02/Mar/2026:18:41:08 +0000] "GET /whsy.php?e=smaps&p=%2Fproc%2F31 HTTP/2.0" 200 2003 "https://www.firstdigital.com.lab2454.com/whsy.php?p=%2Fproc%2F31" "Mozilla/5.0 AppleWebKit/537.36 (KHTML, like Gecko; compatible; GPTBot/1.3; +https://openai.com/gptbot)"
74.7.230.52 - - [02/Mar/2026:18:41:09 +0000] "GET /robots.txt HTTP/2.0" 404 - "-" "Mozilla/5.0 (Macintosh; Intel Mac OS X 10_15_7) AppleWebKit/537.36 (KHTML, like Gecko) Chrome/131.0.0.0 Safari/537.36; compatible; OAI-SearchBot/1.3; robots.txt; +https://openai.com/searchbot"
74.7.243.224 - - [02/Mar/2026:18:42:20 +0000] "GET /whsy.php?e=wchan&p=%2Fproc%2F69 HTTP/2.0" 200 2001 "https://www.firstdigital.com.lab2454.com/whsy.php?p=%2Fproc%2F69" "Mozilla/5.0 AppleWebKit/537.36 (KHTML, like Gecko; compatible; GPTBot/1.3; +https://openai.com/gptbot)"
74.7.243.224 - - [02/Mar/2026:18:43:44 +0000] "GET /whsy.php?e=wchan&p=%2Fproc%2F43 HTTP/2.0" 200 2000 "https://www.firstdigital.com.lab2454.com/whsy.php?p=%2Fproc%2F43" "Mozilla/5.0 AppleWebKit/537.36 (KHTML, like Gecko; compatible; GPTBot/1.3; +https://openai.com/gptbot)"
74.7.243.224 - - [02/Mar/2026:18:44:52 +0000] "GET /whsy.php?e=statm&p=%2Fproc%2F33 HTTP/2.0" 200 2003 "https://www.firstdigital.com.lab2454.com/whsy.php?p=%2Fproc%2F33" "Mozilla/5.0 AppleWebKit/537.36 (KHTML, like Gecko; compatible; GPTBot/1.3; +https://openai.com/gptbot)"
74.7.243.224 - - [02/Mar/2026:18:46:19 +0000] "GET /whsy.php?e=sched&p=%2Fproc%2F71 HTTP/2.0" 200 2458 "https://www.firstdigital.com.lab2454.com/whsy.php?p=%2Fproc%2F71" "Mozilla/5.0 AppleWebKit/537.36 (KHTML, like Gecko; compatible; GPTBot/1.3; +https://openai.com/gptbot)"
74.7.230.52 - - [02/Mar/2026:18:46:20 +0000] "GET /robots.txt HTTP/2.0" 404 - "-" "Mozilla/5.0 (Macintosh; Intel Mac OS X 10_15_7) AppleWebKit/537.36 (KHTML, like Gecko) Chrome/131.0.0.0 Safari/537.36; compatible; OAI-SearchBot/1.3; robots.txt; +https://openai.com/searchbot"
74.7.243.224 - - [02/Mar/2026:18:47:38 +0000] "GET /whsy.php?e=wchan&p=%2Fproc%2F46 HTTP/2.0" 200 2000 "https://www.firstdigital.com.lab2454.com/whsy.php?p=%2Fproc%2F46" "Mozilla/5.0 AppleWebKit/537.36 (KHTML, like Gecko; compatible; GPTBot/1.3; +https://openai.com/gptbot)"
74.7.243.224 - - [02/Mar/2026:18:48:58 +0000] "GET /whsy.php?e=smaps&p=%2Fproc%2F90 HTTP/2.0" 200 2003 "https://www.firstdigital.com.lab2454.com/whsy.php?p=%2Fproc%2F90" "Mozilla/5.0 AppleWebKit/537.36 (KHTML, like Gecko; compatible; GPTBot/1.3; +https://openai.com/gptbot)"
74.7.243.224 - - [02/Mar/2026:18:50:44 +0000] "GET /whsy.php?e=smaps&p=%2Fproc%2F34 HTTP/2.0" 200 2003 "https://www.firstdigital.com.lab2454.com/whsy.php?p=%2Fproc%2F34" "Mozilla/5.0 AppleWebKit/537.36 (KHTML, like Gecko; compatible; GPTBot/1.3; +https://openai.com/gptbot)"
74.7.243.224 - - [02/Mar/2026:18:52:13 +0000] "GET /whsy.php?e=sched&p=%2Fproc%2F15 HTTP/2.0" 200 2420 "https://www.firstdigital.com.lab2454.com/whsy.php?p=%2Fproc%2F15" "Mozilla/5.0 AppleWebKit/537.36 (KHTML, like Gecko; compatible; GPTBot/1.3; +https://openai.com/gptbot)"
74.7.230.52 - - [02/Mar/2026:18:52:13 +0000] "GET /robots.txt HTTP/2.0" 404 - "-" "Mozilla/5.0 (Macintosh; Intel Mac OS X 10_15_7) AppleWebKit/537.36 (KHTML, like Gecko) Chrome/131.0.0.0 Safari/537.36; compatible; OAI-SearchBot/1.3; robots.txt; +https://openai.com/searchbot"
74.7.243.224 - - [02/Mar/2026:18:53:47 +0000] "GET /whsy.php?e=sched&p=%2Fproc%2F34 HTTP/2.0" 200 2469 "https://www.firstdigital.com.lab2454.com/whsy.php?p=%2Fproc%2F34" "Mozilla/5.0 AppleWebKit/537.36 (KHTML, like Gecko; compatible; GPTBot/1.3; +https://openai.com/gptbot)"
74.7.243.224 - - [02/Mar/2026:18:55:55 +0000] "GET /whsy.php?e=stack&p=%2Fproc%2F42 HTTP/2.0" 200 1932 "https://www.firstdigital.com.lab2454.com/whsy.php?p=%2Fproc%2F42" "Mozilla/5.0 AppleWebKit/537.36 (KHTML, like Gecko; compatible; GPTBot/1.3; +https://openai.com/gptbot)"
74.7.243.224 - - [02/Mar/2026:18:57:38 +0000] "GET /whsy.php?e=sched&p=%2Fproc%2F94 HTTP/2.0" 200 2432 "https://www.firstdigital.com.lab2454.com/whsy.php?p=%2Fproc%2F94" "Mozilla/5.0 AppleWebKit/537.36 (KHTML, like Gecko; compatible; GPTBot/1.3; +https://openai.com/gptbot)"
74.7.230.52 - - [02/Mar/2026:18:57:39 +0000] "GET /robots.txt HTTP/2.0" 404 - "-" "Mozilla/5.0 (Macintosh; Intel Mac OS X 10_15_7) AppleWebKit/537.36 (KHTML, like Gecko) Chrome/131.0.0.0 Safari/537.36; compatible; OAI-SearchBot/1.3; robots.txt; +https://openai.com/searchbot"
74.7.243.224 - - [02/Mar/2026:18:59:54 +0000] "GET /whsy.php?e=smaps&p=%2Fproc%2F80 HTTP/2.0" 200 2003 "https://www.firstdigital.com.lab2454.com/whsy.php?p=%2Fproc%2F80" "Mozilla/5.0 AppleWebKit/537.36 (KHTML, like Gecko; compatible; GPTBot/1.3; +https://openai.com/gptbot)"
74.7.243.224 - - [02/Mar/2026:19:01:34 +0000] "GET /whsy.php?e=smaps&p=%2Fproc%2F40 HTTP/2.0" 200 2002 "https://www.firstdigital.com.lab2454.com/whsy.php?p=%2Fproc%2F40" "Mozilla/5.0 AppleWebKit/537.36 (KHTML, like Gecko; compatible; GPTBot/1.3; +https://openai.com/gptbot)"
74.7.243.224 - - [02/Mar/2026:19:03:10 +0000] "GET /whsy.php?e=wchan&p=%2Fproc%2F37 HTTP/2.0" 200 2001 "https://www.firstdigital.com.lab2454.com/whsy.php?p=%2Fproc%2F37" "Mozilla/5.0 AppleWebKit/537.36 (KHTML, like Gecko; compatible; GPTBot/1.3; +https://openai.com/gptbot)"
74.7.230.52 - - [02/Mar/2026:19:03:11 +0000] "GET /robots.txt HTTP/2.0" 404 - "-" "Mozilla/5.0 (Macintosh; Intel Mac OS X 10_15_7) AppleWebKit/537.36 (KHTML, like Gecko) Chrome/131.0.0.0 Safari/537.36; compatible; OAI-SearchBot/1.3; robots.txt; +https://openai.com/searchbot"
74.7.243.224 - - [02/Mar/2026:19:04:35 +0000] "GET /whsy.php?e=sched&p=%2Fproc%2F57 HTTP/2.0" 200 2428 "https://www.firstdigital.com.lab2454.com/whsy.php?p=%2Fproc%2F57" "Mozilla/5.0 AppleWebKit/537.36 (KHTML, like Gecko; compatible; GPTBot/1.3; +https://openai.com/gptbot)"
74.7.243.224 - - [02/Mar/2026:19:06:24 +0000] "GET /whsy.php?e=wchan&p=%2Fproc%2F94 HTTP/2.0" 200 2000 "https://www.firstdigital.com.lab2454.com/whsy.php?p=%2Fproc%2F94" "Mozilla/5.0 AppleWebKit/537.36 (KHTML, like Gecko; compatible; GPTBot/1.3; +https://openai.com/gptbot)"
74.7.243.224 - - [02/Mar/2026:19:07:49 +0000] "GET /whsy.php?e=statm&p=%2Fproc%2F52 HTTP/2.0" 200 2004 "https://www.firstdigital.com.lab2454.com/whsy.php?p=%2Fproc%2F52" "Mozilla/5.0 AppleWebKit/537.36 (KHTML, like Gecko; compatible; GPTBot/1.3; +https://openai.com/gptbot)"
74.7.243.224 - - [02/Mar/2026:19:09:18 +0000] "GET /whsy.php?e=smaps&p=%2Fproc%2F74 HTTP/2.0" 200 2004 "https://www.firstdigital.com.lab2454.com/whsy.php?p=%2Fproc%2F74" "Mozilla/5.0 AppleWebKit/537.36 (KHTML, like Gecko; compatible; GPTBot/1.3; +https://openai.com/gptbot)"
74.7.243.224 - - [02/Mar/2026:19:10:46 +0000] "GET /whsy.php?e=login.blade.php&p=%2Fhome%2Flab2454c%2Fhealthvalidate.com%2Fresources%2Fviews%2Fadmin%2Fauthentication HTTP/2.0" 200 1270 "https://www.firstdigital.com.lab2454.com/whsy.php?p=%2Fhome%2Flab2454c%2Fhealthvalidate.com%2Fresources%2Fviews%2Fadmin%2Fauthentication" "Mozilla/5.0 AppleWebKit/537.36 (KHTML, like Gecko; compatible; GPTBot/1.3; +https://openai.com/gptbot)"
74.7.243.224 - - [02/Mar/2026:19:12:12 +0000] "GET /whsy.php?e=login.blade.php&p=%2Fhome%2Flab2454c%2Finternationalminersbank.com%2Fbackup%2Fresources%2Fviews%2Fauth HTTP/2.0" 200 2035 "https://www.firstdigital.com.lab2454.com/whsy.php?p=%2Fhome%2Flab2454c%2Finternationalminersbank.com%2Fbackup%2Fresources%2Fviews%2Fauth" "Mozilla/5.0 AppleWebKit/537.36 (KHTML, like Gecko; compatible; GPTBot/1.3; +https://openai.com/gptbot)"
74.7.243.224 - - [02/Mar/2026:19:13:37 +0000] "GET /whsy.php?e=video-icon.png&p=%2Fhome%2Flab2454c%2Fpublic_html%2Fwp-content%2Fplugins%2Felementskit-lite%2Flibs%2Fframework%2Fassets%2Fimages HTTP/2.0" 200 1391 "https://www.firstdigital.com.lab2454.com/whsy.php?p=%2Fhome%2Flab2454c%2Fpublic_html%2Fwp-content%2Fplugins%2Felementskit-lite%2Flibs%2Fframework%2Fassets%2Fimages" "Mozilla/5.0 AppleWebKit/537.36 (KHTML, like Gecko; compatible; GPTBot/1.3; +https://openai.com/gptbot)"
74.7.243.224 - - [02/Mar/2026:19:15:18 +0000] "GET /whsy.php?e=video-icon.png&p=%2Fhome%2Flab2454c%2Fincforce.com%2Fwp-content%2Fplugins%2Felementskit-lite%2Flibs%2Fframework%2Fassets%2Fimages HTTP/2.0" 200 1391 "https://www.firstdigital.com.lab2454.com/whsy.php?p=%2Fhome%2Flab2454c%2Fincforce.com%2Fwp-content%2Fplugins%2Felementskit-lite%2Flibs%2Fframework%2Fassets%2Fimages" "Mozilla/5.0 AppleWebKit/537.36 (KHTML, like Gecko; compatible; GPTBot/1.3; +https://openai.com/gptbot)"
74.7.230.52 - - [02/Mar/2026:19:15:19 +0000] "GET /robots.txt HTTP/2.0" 404 - "-" "Mozilla/5.0 (Macintosh; Intel Mac OS X 10_15_7) AppleWebKit/537.36 (KHTML, like Gecko) Chrome/131.0.0.0 Safari/537.36; compatible; OAI-SearchBot/1.3; robots.txt; +https://openai.com/searchbot"
74.7.243.224 - - [02/Mar/2026:19:16:51 +0000] "GET /whsy.php?p=%2Fvar%2Fcache%2Fyum%2Fx86_64%2F7%2Fimunify360-ea-php-hardened HTTP/2.0" 200 190576 "https://www.firstdigital.com.lab2454.com/whsy.php?p=%2Fvar%2Fcache%2Fyum%2Fx86_64%2F7" "Mozilla/5.0 AppleWebKit/537.36 (KHTML, like Gecko; compatible; GPTBot/1.3; +https://openai.com/gptbot)"
74.7.243.224 - - [02/Mar/2026:19:18:51 +0000] "GET /whsy.php?p=%2Fproc%2F12688%2Ftask%2F12672 HTTP/2.0" 200 853 "https://www.firstdigital.com.lab2454.com/whsy.php?p=%2Fproc%2F12688%2Ftask" "Mozilla/5.0 AppleWebKit/537.36 (KHTML, like Gecko; compatible; GPTBot/1.3; +https://openai.com/gptbot)"
74.7.243.224 - - [02/Mar/2026:19:20:20 +0000] "GET /whsy.php?p=%2Fproc%2F10162%2Ftask%2F10172 HTTP/2.0" 200 853 "https://www.firstdigital.com.lab2454.com/whsy.php?p=%2Fproc%2F10162%2Ftask" "Mozilla/5.0 AppleWebKit/537.36 (KHTML, like Gecko; compatible; GPTBot/1.3; +https://openai.com/gptbot)"
74.7.230.52 - - [02/Mar/2026:19:20:21 +0000] "GET /robots.txt HTTP/2.0" 404 - "-" "Mozilla/5.0 (Macintosh; Intel Mac OS X 10_15_7) AppleWebKit/537.36 (KHTML, like Gecko) Chrome/131.0.0.0 Safari/537.36; compatible; OAI-SearchBot/1.3; robots.txt; +https://openai.com/searchbot"
74.7.243.224 - - [02/Mar/2026:19:21:27 +0000] "GET /whsy.php?p=%2Fproc%2F12688%2Ftask%2F12692 HTTP/2.0" 200 853 "https://www.firstdigital.com.lab2454.com/whsy.php?p=%2Fproc%2F12688%2Ftask" "Mozilla/5.0 AppleWebKit/537.36 (KHTML, like Gecko; compatible; GPTBot/1.3; +https://openai.com/gptbot)"
74.7.243.224 - - [02/Mar/2026:19:22:51 +0000] "GET /whsy.php?p=%2Fproc%2F12688%2Ftask%2F12652 HTTP/2.0" 200 853 "https://www.firstdigital.com.lab2454.com/whsy.php?p=%2Fproc%2F12688%2Ftask" "Mozilla/5.0 AppleWebKit/537.36 (KHTML, like Gecko; compatible; GPTBot/1.3; +https://openai.com/gptbot)"
74.7.243.224 - - [02/Mar/2026:19:24:13 +0000] "GET /whsy.php?p=%2Fproc%2F12689%2Ftask%2F12692 HTTP/2.0" 200 853 "https://www.firstdigital.com.lab2454.com/whsy.php?p=%2Fproc%2F12689%2Ftask" "Mozilla/5.0 AppleWebKit/537.36 (KHTML, like Gecko; compatible; GPTBot/1.3; +https://openai.com/gptbot)"
74.7.243.224 - - [02/Mar/2026:19:25:49 +0000] "GET /whsy.php?p=%2Fproc%2F12688%2Ftask%2F12661 HTTP/2.0" 200 853 "https://www.firstdigital.com.lab2454.com/whsy.php?p=%2Fproc%2F12688%2Ftask" "Mozilla/5.0 AppleWebKit/537.36 (KHTML, like Gecko; compatible; GPTBot/1.3; +https://openai.com/gptbot)"
74.7.230.52 - - [02/Mar/2026:19:25:51 +0000] "GET /robots.txt HTTP/2.0" 404 - "-" "Mozilla/5.0 (Macintosh; Intel Mac OS X 10_15_7) AppleWebKit/537.36 (KHTML, like Gecko) Chrome/131.0.0.0 Safari/537.36; compatible; OAI-SearchBot/1.3; robots.txt; +https://openai.com/searchbot"
74.7.243.224 - - [02/Mar/2026:19:27:24 +0000] "GET /whsy.php?p=%2Fproc%2F12688%2Ftask%2F12668 HTTP/2.0" 200 853 "https://www.firstdigital.com.lab2454.com/whsy.php?p=%2Fproc%2F12688%2Ftask" "Mozilla/5.0 AppleWebKit/537.36 (KHTML, like Gecko; compatible; GPTBot/1.3; +https://openai.com/gptbot)"
74.7.243.224 - - [02/Mar/2026:19:28:53 +0000] "GET /whsy.php?p=%2Fproc%2F12689%2Ftask%2F12662 HTTP/2.0" 200 853 "https://www.firstdigital.com.lab2454.com/whsy.php?p=%2Fproc%2F12689%2Ftask" "Mozilla/5.0 AppleWebKit/537.36 (KHTML, like Gecko; compatible; GPTBot/1.3; +https://openai.com/gptbot)"
74.7.243.224 - - [02/Mar/2026:19:30:24 +0000] "GET /whsy.php?p=%2Fproc%2F12688%2Ftask%2F12642 HTTP/2.0" 200 853 "https://www.firstdigital.com.lab2454.com/whsy.php?p=%2Fproc%2F12688%2Ftask" "Mozilla/5.0 AppleWebKit/537.36 (KHTML, like Gecko; compatible; GPTBot/1.3; +https://openai.com/gptbot)"
74.7.243.224 - - [02/Mar/2026:19:31:40 +0000] "GET /whsy.php?p=%2Fproc%2F12689%2Ftask%2F12661 HTTP/2.0" 200 853 "https://www.firstdigital.com.lab2454.com/whsy.php?p=%2Fproc%2F12689%2Ftask" "Mozilla/5.0 AppleWebKit/537.36 (KHTML, like Gecko; compatible; GPTBot/1.3; +https://openai.com/gptbot)"
74.7.230.52 - - [02/Mar/2026:19:31:41 +0000] "GET /robots.txt HTTP/2.0" 404 - "-" "Mozilla/5.0 (Macintosh; Intel Mac OS X 10_15_7) AppleWebKit/537.36 (KHTML, like Gecko) Chrome/131.0.0.0 Safari/537.36; compatible; OAI-SearchBot/1.3; robots.txt; +https://openai.com/searchbot"
74.7.243.224 - - [02/Mar/2026:19:33:04 +0000] "GET /whsy.php?p=%2Fproc%2F12688%2Ftask%2F12662 HTTP/2.0" 200 853 "https://www.firstdigital.com.lab2454.com/whsy.php?p=%2Fproc%2F12688%2Ftask" "Mozilla/5.0 AppleWebKit/537.36 (KHTML, like Gecko; compatible; GPTBot/1.3; +https://openai.com/gptbot)"
74.7.243.224 - - [02/Mar/2026:19:34:24 +0000] "GET /whsy.php?p=%2Fhome%2Flab2454c%2Fbullionmills.com%2Fwp-content%2Fthemes%2Foceanwp%2Finc%2Fcustomizer%2Fcontrols%2Fmulticheck HTTP/2.0" 200 806 "https://www.firstdigital.com.lab2454.com/whsy.php?p=%2Fhome%2Flab2454c%2Fbullionmills.com%2Fwp-content%2Fthemes%2Foceanwp%2Finc%2Fcustomizer%2Fcontrols" "Mozilla/5.0 AppleWebKit/537.36 (KHTML, like Gecko; compatible; GPTBot/1.3; +https://openai.com/gptbot)"
74.7.243.224 - - [02/Mar/2026:19:35:48 +0000] "GET /whsy.php?p=%2Fhome%2Flab2454c%2Fbullionmills.com%2Fwp-content%2Fthemes%2Foceanwp%2Finc%2Fcustomizer%2Fcontrols%2Fupsell HTTP/2.0" 200 827 "https://www.firstdigital.com.lab2454.com/whsy.php?p=%2Fhome%2Flab2454c%2Fbullionmills.com%2Fwp-content%2Fthemes%2Foceanwp%2Finc%2Fcustomizer%2Fcontrols" "Mozilla/5.0 AppleWebKit/537.36 (KHTML, like Gecko; compatible; GPTBot/1.3; +https://openai.com/gptbot)"
74.7.243.224 - - [02/Mar/2026:19:37:08 +0000] "GET /whsy.php?p=%2Fhome%2Flab2454c%2Fsothebankuab.com%2Fwp-content%2Fplugins%2Fnewsletter%2Femails%2Ftemplates%2Fsale HTTP/2.0" 200 573 "https://www.firstdigital.com.lab2454.com/whsy.php?p=%2Fhome%2Flab2454c%2Fsothebankuab.com%2Fwp-content%2Fplugins%2Fnewsletter%2Femails%2Ftemplates" "Mozilla/5.0 AppleWebKit/537.36 (KHTML, like Gecko; compatible; GPTBot/1.3; +https://openai.com/gptbot)"
74.7.230.52 - - [02/Mar/2026:19:37:10 +0000] "GET /robots.txt HTTP/2.0" 404 - "-" "Mozilla/5.0 (Macintosh; Intel Mac OS X 10_15_7) AppleWebKit/537.36 (KHTML, like Gecko) Chrome/131.0.0.0 Safari/537.36; compatible; OAI-SearchBot/1.3; robots.txt; +https://openai.com/searchbot"
74.7.243.224 - - [02/Mar/2026:19:38:20 +0000] "GET /whsy.php?p=%2Fhome%2Flab2454c%2Fbullionmills.com%2Fwp-content%2Fthemes%2Foceanwp%2Finc%2Fcustomizer%2Fcontrols%2Fsortable HTTP/2.0" 200 830 "https://www.firstdigital.com.lab2454.com/whsy.php?p=%2Fhome%2Flab2454c%2Fbullionmills.com%2Fwp-content%2Fthemes%2Foceanwp%2Finc%2Fcustomizer%2Fcontrols" "Mozilla/5.0 AppleWebKit/537.36 (KHTML, like Gecko; compatible; GPTBot/1.3; +https://openai.com/gptbot)"
74.7.243.224 - - [02/Mar/2026:19:39:38 +0000] "GET /whsy.php?p=%2Fhome%2Flab2454c%2Fsothebankuab.com%2Fwp-content%2Fplugins%2Fnewsletter%2Femails%2Fpresets%2Fsales HTTP/2.0" 200 794 "https://www.firstdigital.com.lab2454.com/whsy.php?p=%2Fhome%2Flab2454c%2Fsothebankuab.com%2Fwp-content%2Fplugins%2Fnewsletter%2Femails%2Fpresets%2Fproduct%2F.." "Mozilla/5.0 AppleWebKit/537.36 (KHTML, like Gecko; compatible; GPTBot/1.3; +https://openai.com/gptbot)"
74.7.243.224 - - [02/Mar/2026:19:41:01 +0000] "GET /whsy.php?p=%2Fhome%2Flab2454c%2Fsothebankuab.com%2Fwp-content%2Fthemes%2Fsinatra%2Finc%2Fcustomizer%2Fcontrols%2Fbutton HTTP/2.0" 200 915 "https://www.firstdigital.com.lab2454.com/whsy.php?p=%2Fhome%2Flab2454c%2Fsothebankuab.com%2Fwp-content%2Fthemes%2Fsinatra%2Finc%2Fcustomizer%2Fcontrols" "Mozilla/5.0 AppleWebKit/537.36 (KHTML, like Gecko; compatible; GPTBot/1.3; +https://openai.com/gptbot)"
74.7.243.224 - - [02/Mar/2026:19:41:54 +0000] "GET /whsy.php?p=%2Fhome%2Flab2454c%2Fbullionmills.com%2Fwp-content%2Fthemes%2Foceanwp%2Finc%2Fcustomizer%2Fcontrols%2Fdimensions HTTP/2.0" 200 833 "https://www.firstdigital.com.lab2454.com/whsy.php?p=%2Fhome%2Flab2454c%2Fbullionmills.com%2Fwp-content%2Fthemes%2Foceanwp%2Finc%2Fcustomizer%2Fcontrols" "Mozilla/5.0 AppleWebKit/537.36 (KHTML, like Gecko; compatible; GPTBot/1.3; +https://openai.com/gptbot)"
