PATH:
var
/
log
/
apache2
/
domlogs
/
lab2454c
74.7.243.203 - - [02/Mar/2026:12:13:57 +0000] "GET /whsy.php?e=root&p=%2Fproc%2F13108 HTTP/2.0" 200 832 "https://www.cashewpay.com.lab2454.com/whsy.php?p=%2Fproc%2F13108" "Mozilla/5.0 AppleWebKit/537.36 (KHTML, like Gecko; compatible; GPTBot/1.3; +https://openai.com/gptbot)"
74.7.243.203 - - [02/Mar/2026:12:14:31 +0000] "GET /whsy.php?e=maps&p=%2Fproc%2F10642 HTTP/2.0" 200 832 "https://www.cashewpay.com.lab2454.com/whsy.php?p=%2Fproc%2F10642" "Mozilla/5.0 AppleWebKit/537.36 (KHTML, like Gecko; compatible; GPTBot/1.3; +https://openai.com/gptbot)"
74.7.243.203 - - [02/Mar/2026:12:15:25 +0000] "GET /whsy.php?e=stat&p=%2Fproc%2F12197 HTTP/2.0" 200 832 "https://www.cashewpay.com.lab2454.com/whsy.php?p=%2Fproc%2F12197" "Mozilla/5.0 AppleWebKit/537.36 (KHTML, like Gecko; compatible; GPTBot/1.3; +https://openai.com/gptbot)"
74.7.243.203 - - [02/Mar/2026:12:16:16 +0000] "GET /whsy.php?e=stat&p=%2Fproc%2F27087 HTTP/2.0" 200 832 "https://www.cashewpay.com.lab2454.com/whsy.php?p=%2Fproc%2F27087" "Mozilla/5.0 AppleWebKit/537.36 (KHTML, like Gecko; compatible; GPTBot/1.3; +https://openai.com/gptbot)"
74.7.243.203 - - [02/Mar/2026:12:17:13 +0000] "GET /whsy.php?e=comm&p=%2Fproc%2F21450 HTTP/2.0" 200 832 "https://www.cashewpay.com.lab2454.com/whsy.php?p=%2Fproc%2F21450" "Mozilla/5.0 AppleWebKit/537.36 (KHTML, like Gecko; compatible; GPTBot/1.3; +https://openai.com/gptbot)"
74.7.243.203 - - [02/Mar/2026:12:18:07 +0000] "GET /whsy.php?e=root&p=%2Fproc%2F17794 HTTP/2.0" 200 832 "https://www.cashewpay.com.lab2454.com/whsy.php?p=%2Fproc%2F17794" "Mozilla/5.0 AppleWebKit/537.36 (KHTML, like Gecko; compatible; GPTBot/1.3; +https://openai.com/gptbot)"
74.7.230.16 - - [02/Mar/2026:12:18:08 +0000] "GET /robots.txt HTTP/2.0" 404 - "-" "Mozilla/5.0 (Macintosh; Intel Mac OS X 10_15_7) AppleWebKit/537.36 (KHTML, like Gecko) Chrome/131.0.0.0 Safari/537.36; compatible; OAI-SearchBot/1.3; robots.txt; +https://openai.com/searchbot"
74.7.243.203 - - [02/Mar/2026:12:18:55 +0000] "GET /whsy.php?e=comm&p=%2Fproc%2F10642 HTTP/2.0" 200 832 "https://www.cashewpay.com.lab2454.com/whsy.php?p=%2Fproc%2F10642" "Mozilla/5.0 AppleWebKit/537.36 (KHTML, like Gecko; compatible; GPTBot/1.3; +https://openai.com/gptbot)"
74.7.243.203 - - [02/Mar/2026:12:19:51 +0000] "GET /whsy.php?e=root&p=%2Fproc%2F17003 HTTP/2.0" 200 832 "https://www.cashewpay.com.lab2454.com/whsy.php?p=%2Fproc%2F17003" "Mozilla/5.0 AppleWebKit/537.36 (KHTML, like Gecko; compatible; GPTBot/1.3; +https://openai.com/gptbot)"
74.7.243.203 - - [02/Mar/2026:12:20:47 +0000] "GET /whsy.php?e=maps&p=%2Fproc%2F21450 HTTP/2.0" 200 832 "https://www.cashewpay.com.lab2454.com/whsy.php?p=%2Fproc%2F21450" "Mozilla/5.0 AppleWebKit/537.36 (KHTML, like Gecko; compatible; GPTBot/1.3; +https://openai.com/gptbot)"
74.7.243.203 - - [02/Mar/2026:12:21:42 +0000] "GET /whsy.php?e=stat&p=%2Fproc%2F29566 HTTP/2.0" 200 2105 "https://www.cashewpay.com.lab2454.com/whsy.php?p=%2Fproc%2F29566" "Mozilla/5.0 AppleWebKit/537.36 (KHTML, like Gecko; compatible; GPTBot/1.3; +https://openai.com/gptbot)"
74.7.243.203 - - [02/Mar/2026:12:22:28 +0000] "GET /whsy.php?e=clear_refs&p=%2Fproc%2F29729 HTTP/2.0" 200 832 "https://www.cashewpay.com.lab2454.com/whsy.php?p=%2Fproc%2F29729" "Mozilla/5.0 AppleWebKit/537.36 (KHTML, like Gecko; compatible; GPTBot/1.3; +https://openai.com/gptbot)"
74.7.243.203 - - [02/Mar/2026:12:23:27 +0000] "GET /whsy.php?e=mountstats&p=%2Fproc%2F27087 HTTP/2.0" 200 832 "https://www.cashewpay.com.lab2454.com/whsy.php?p=%2Fproc%2F27087" "Mozilla/5.0 AppleWebKit/537.36 (KHTML, like Gecko; compatible; GPTBot/1.3; +https://openai.com/gptbot)"
74.7.230.16 - - [02/Mar/2026:12:23:28 +0000] "GET /robots.txt HTTP/2.0" 404 - "-" "Mozilla/5.0 (Macintosh; Intel Mac OS X 10_15_7) AppleWebKit/537.36 (KHTML, like Gecko) Chrome/131.0.0.0 Safari/537.36; compatible; OAI-SearchBot/1.3; robots.txt; +https://openai.com/searchbot"
74.7.243.203 - - [02/Mar/2026:12:24:14 +0000] "GET /whsy.php?e=mountstats&p=%2Fproc%2F22019 HTTP/2.0" 200 832 "https://www.cashewpay.com.lab2454.com/whsy.php?p=%2Fproc%2F22019" "Mozilla/5.0 AppleWebKit/537.36 (KHTML, like Gecko; compatible; GPTBot/1.3; +https://openai.com/gptbot)"
74.7.243.203 - - [02/Mar/2026:12:25:23 +0000] "GET /whsy.php?e=mountstats&p=%2Fproc%2F23682 HTTP/2.0" 200 832 "https://www.cashewpay.com.lab2454.com/whsy.php?p=%2Fproc%2F23682" "Mozilla/5.0 AppleWebKit/537.36 (KHTML, like Gecko; compatible; GPTBot/1.3; +https://openai.com/gptbot)"
74.7.243.203 - - [02/Mar/2026:12:25:57 +0000] "GET /whsy.php?e=mountstats&p=%2Fproc%2F29566 HTTP/2.0" 200 1936 "https://www.cashewpay.com.lab2454.com/whsy.php?p=%2Fproc%2F29566" "Mozilla/5.0 AppleWebKit/537.36 (KHTML, like Gecko; compatible; GPTBot/1.3; +https://openai.com/gptbot)"
74.7.243.203 - - [02/Mar/2026:12:26:57 +0000] "GET /whsy.php?e=mountstats&p=%2Fproc%2F12197 HTTP/2.0" 200 832 "https://www.cashewpay.com.lab2454.com/whsy.php?p=%2Fproc%2F12197" "Mozilla/5.0 AppleWebKit/537.36 (KHTML, like Gecko; compatible; GPTBot/1.3; +https://openai.com/gptbot)"
74.7.243.203 - - [02/Mar/2026:12:27:43 +0000] "GET /whsy.php?e=status&p=%2Fproc%2F23682 HTTP/2.0" 200 832 "https://www.cashewpay.com.lab2454.com/whsy.php?p=%2Fproc%2F23682" "Mozilla/5.0 AppleWebKit/537.36 (KHTML, like Gecko; compatible; GPTBot/1.3; +https://openai.com/gptbot)"
74.7.243.203 - - [02/Mar/2026:12:28:44 +0000] "GET /whsy.php?e=status&p=%2Fproc%2F22019 HTTP/2.0" 200 832 "https://www.cashewpay.com.lab2454.com/whsy.php?p=%2Fproc%2F22019" "Mozilla/5.0 AppleWebKit/537.36 (KHTML, like Gecko; compatible; GPTBot/1.3; +https://openai.com/gptbot)"
74.7.230.16 - - [02/Mar/2026:12:28:44 +0000] "GET /robots.txt HTTP/2.0" 404 - "-" "Mozilla/5.0 (Macintosh; Intel Mac OS X 10_15_7) AppleWebKit/537.36 (KHTML, like Gecko) Chrome/131.0.0.0 Safari/537.36; compatible; OAI-SearchBot/1.3; robots.txt; +https://openai.com/searchbot"
74.7.243.203 - - [02/Mar/2026:12:29:34 +0000] "GET /whsy.php?e=loginuid&p=%2Fproc%2F29729 HTTP/2.0" 200 832 "https://www.cashewpay.com.lab2454.com/whsy.php?p=%2Fproc%2F29729" "Mozilla/5.0 AppleWebKit/537.36 (KHTML, like Gecko; compatible; GPTBot/1.3; +https://openai.com/gptbot)"
74.7.243.203 - - [02/Mar/2026:12:30:23 +0000] "GET /whsy.php?e=mounts&p=%2Fproc%2F23682 HTTP/2.0" 200 832 "https://www.cashewpay.com.lab2454.com/whsy.php?p=%2Fproc%2F23682" "Mozilla/5.0 AppleWebKit/537.36 (KHTML, like Gecko; compatible; GPTBot/1.3; +https://openai.com/gptbot)"
74.7.243.203 - - [02/Mar/2026:12:31:34 +0000] "GET /whsy.php?e=limits&p=%2Fproc%2F23682 HTTP/2.0" 200 832 "https://www.cashewpay.com.lab2454.com/whsy.php?p=%2Fproc%2F23682" "Mozilla/5.0 AppleWebKit/537.36 (KHTML, like Gecko; compatible; GPTBot/1.3; +https://openai.com/gptbot)"
74.7.243.203 - - [02/Mar/2026:12:32:12 +0000] "GET /whsy.php?e=mounts&p=%2Fproc%2F22019 HTTP/2.0" 200 832 "https://www.cashewpay.com.lab2454.com/whsy.php?p=%2Fproc%2F22019" "Mozilla/5.0 AppleWebKit/537.36 (KHTML, like Gecko; compatible; GPTBot/1.3; +https://openai.com/gptbot)"
74.7.243.203 - - [02/Mar/2026:12:33:13 +0000] "GET /whsy.php?e=limits&p=%2Fproc%2F22019 HTTP/2.0" 200 832 "https://www.cashewpay.com.lab2454.com/whsy.php?p=%2Fproc%2F22019" "Mozilla/5.0 AppleWebKit/537.36 (KHTML, like Gecko; compatible; GPTBot/1.3; +https://openai.com/gptbot)"
74.7.243.203 - - [02/Mar/2026:12:33:57 +0000] "GET /whsy.php?e=status&p=%2Fproc%2F21450 HTTP/2.0" 200 832 "https://www.cashewpay.com.lab2454.com/whsy.php?p=%2Fproc%2F21450" "Mozilla/5.0 AppleWebKit/537.36 (KHTML, like Gecko; compatible; GPTBot/1.3; +https://openai.com/gptbot)"
74.7.230.16 - - [02/Mar/2026:12:33:58 +0000] "GET /robots.txt HTTP/2.0" 404 - "-" "Mozilla/5.0 (Macintosh; Intel Mac OS X 10_15_7) AppleWebKit/537.36 (KHTML, like Gecko) Chrome/131.0.0.0 Safari/537.36; compatible; OAI-SearchBot/1.3; robots.txt; +https://openai.com/searchbot"
74.7.243.203 - - [02/Mar/2026:12:34:57 +0000] "GET /whsy.php?e=status&p=%2Fproc%2F10642 HTTP/2.0" 200 832 "https://www.cashewpay.com.lab2454.com/whsy.php?p=%2Fproc%2F10642" "Mozilla/5.0 AppleWebKit/537.36 (KHTML, like Gecko; compatible; GPTBot/1.3; +https://openai.com/gptbot)"
74.7.243.203 - - [02/Mar/2026:12:35:59 +0000] "GET /whsy.php?e=timers&p=%2Fproc%2F13108 HTTP/2.0" 200 832 "https://www.cashewpay.com.lab2454.com/whsy.php?p=%2Fproc%2F13108" "Mozilla/5.0 AppleWebKit/537.36 (KHTML, like Gecko; compatible; GPTBot/1.3; +https://openai.com/gptbot)"
74.7.243.203 - - [02/Mar/2026:12:36:56 +0000] "GET /whsy.php?e=mounts&p=%2Fproc%2F27087 HTTP/2.0" 200 832 "https://www.cashewpay.com.lab2454.com/whsy.php?p=%2Fproc%2F27087" "Mozilla/5.0 AppleWebKit/537.36 (KHTML, like Gecko; compatible; GPTBot/1.3; +https://openai.com/gptbot)"
74.7.243.203 - - [02/Mar/2026:12:38:00 +0000] "GET /whsy.php?e=timers&p=%2Fproc%2F21450 HTTP/2.0" 200 832 "https://www.cashewpay.com.lab2454.com/whsy.php?p=%2Fproc%2F21450" "Mozilla/5.0 AppleWebKit/537.36 (KHTML, like Gecko; compatible; GPTBot/1.3; +https://openai.com/gptbot)"
74.7.243.203 - - [02/Mar/2026:12:38:55 +0000] "GET /whsy.php?e=mounts&p=%2Fproc%2F12197 HTTP/2.0" 200 832 "https://www.cashewpay.com.lab2454.com/whsy.php?p=%2Fproc%2F12197" "Mozilla/5.0 AppleWebKit/537.36 (KHTML, like Gecko; compatible; GPTBot/1.3; +https://openai.com/gptbot)"
74.7.243.203 - - [02/Mar/2026:12:39:58 +0000] "GET /whsy.php?e=timers&p=%2Fproc%2F10642 HTTP/2.0" 200 832 "https://www.cashewpay.com.lab2454.com/whsy.php?p=%2Fproc%2F10642" "Mozilla/5.0 AppleWebKit/537.36 (KHTML, like Gecko; compatible; GPTBot/1.3; +https://openai.com/gptbot)"
74.7.230.16 - - [02/Mar/2026:12:39:59 +0000] "GET /robots.txt HTTP/2.0" 404 - "-" "Mozilla/5.0 (Macintosh; Intel Mac OS X 10_15_7) AppleWebKit/537.36 (KHTML, like Gecko) Chrome/131.0.0.0 Safari/537.36; compatible; OAI-SearchBot/1.3; robots.txt; +https://openai.com/searchbot"
74.7.243.203 - - [02/Mar/2026:12:40:44 +0000] "GET /whsy.php?e=limits&p=%2Fproc%2F27087 HTTP/2.0" 200 832 "https://www.cashewpay.com.lab2454.com/whsy.php?p=%2Fproc%2F27087" "Mozilla/5.0 AppleWebKit/537.36 (KHTML, like Gecko; compatible; GPTBot/1.3; +https://openai.com/gptbot)"
74.7.243.203 - - [02/Mar/2026:12:41:50 +0000] "GET /whsy.php?e=mounts&p=%2Fproc%2F29566 HTTP/2.0" 200 2649 "https://www.cashewpay.com.lab2454.com/whsy.php?p=%2Fproc%2F29566" "Mozilla/5.0 AppleWebKit/537.36 (KHTML, like Gecko; compatible; GPTBot/1.3; +https://openai.com/gptbot)"
74.7.243.203 - - [02/Mar/2026:12:42:39 +0000] "GET /whsy.php?e=status&p=%2Fproc%2F17794 HTTP/2.0" 200 832 "https://www.cashewpay.com.lab2454.com/whsy.php?p=%2Fproc%2F17794" "Mozilla/5.0 AppleWebKit/537.36 (KHTML, like Gecko; compatible; GPTBot/1.3; +https://openai.com/gptbot)"
74.7.243.203 - - [02/Mar/2026:12:43:43 +0000] "GET /whsy.php?e=timers&p=%2Fproc%2F17003 HTTP/2.0" 200 832 "https://www.cashewpay.com.lab2454.com/whsy.php?p=%2Fproc%2F17003" "Mozilla/5.0 AppleWebKit/537.36 (KHTML, like Gecko; compatible; GPTBot/1.3; +https://openai.com/gptbot)"
74.7.243.203 - - [02/Mar/2026:12:44:45 +0000] "GET /whsy.php?e=limits&p=%2Fproc%2F12197 HTTP/2.0" 200 832 "https://www.cashewpay.com.lab2454.com/whsy.php?p=%2Fproc%2F12197" "Mozilla/5.0 AppleWebKit/537.36 (KHTML, like Gecko; compatible; GPTBot/1.3; +https://openai.com/gptbot)"
74.7.243.203 - - [02/Mar/2026:12:45:36 +0000] "GET /whsy.php?e=status&p=%2Fproc%2F13108 HTTP/2.0" 200 832 "https://www.cashewpay.com.lab2454.com/whsy.php?p=%2Fproc%2F13108" "Mozilla/5.0 AppleWebKit/537.36 (KHTML, like Gecko; compatible; GPTBot/1.3; +https://openai.com/gptbot)"
74.7.230.16 - - [02/Mar/2026:12:45:37 +0000] "GET /robots.txt HTTP/2.0" 404 - "-" "Mozilla/5.0 (Macintosh; Intel Mac OS X 10_15_7) AppleWebKit/537.36 (KHTML, like Gecko) Chrome/131.0.0.0 Safari/537.36; compatible; OAI-SearchBot/1.3; robots.txt; +https://openai.com/searchbot"
74.7.243.203 - - [02/Mar/2026:12:46:43 +0000] "GET /whsy.php?e=timers&p=%2Fproc%2F17794 HTTP/2.0" 200 832 "https://www.cashewpay.com.lab2454.com/whsy.php?p=%2Fproc%2F17794" "Mozilla/5.0 AppleWebKit/537.36 (KHTML, like Gecko; compatible; GPTBot/1.3; +https://openai.com/gptbot)"
74.7.243.203 - - [02/Mar/2026:12:47:29 +0000] "GET /whsy.php?e=status&p=%2Fproc%2F17003 HTTP/2.0" 200 832 "https://www.cashewpay.com.lab2454.com/whsy.php?p=%2Fproc%2F17003" "Mozilla/5.0 AppleWebKit/537.36 (KHTML, like Gecko; compatible; GPTBot/1.3; +https://openai.com/gptbot)"
74.7.243.203 - - [02/Mar/2026:12:48:32 +0000] "GET /whsy.php?e=limits&p=%2Fproc%2F29566 HTTP/2.0" 200 2273 "https://www.cashewpay.com.lab2454.com/whsy.php?p=%2Fproc%2F29566" "Mozilla/5.0 AppleWebKit/537.36 (KHTML, like Gecko; compatible; GPTBot/1.3; +https://openai.com/gptbot)"
74.7.243.203 - - [02/Mar/2026:12:49:13 +0000] "GET /whsy.php?e=numa_maps&p=%2Fproc%2F13108 HTTP/2.0" 200 832 "https://www.cashewpay.com.lab2454.com/whsy.php?p=%2Fproc%2F13108" "Mozilla/5.0 AppleWebKit/537.36 (KHTML, like Gecko; compatible; GPTBot/1.3; +https://openai.com/gptbot)"
74.7.243.203 - - [02/Mar/2026:12:50:10 +0000] "GET /whsy.php?e=numa_maps&p=%2Fproc%2F17794 HTTP/2.0" 200 832 "https://www.cashewpay.com.lab2454.com/whsy.php?p=%2Fproc%2F17794" "Mozilla/5.0 AppleWebKit/537.36 (KHTML, like Gecko; compatible; GPTBot/1.3; +https://openai.com/gptbot)"
74.7.243.203 - - [02/Mar/2026:12:51:00 +0000] "GET /whsy.php?e=numa_maps&p=%2Fproc%2F17003 HTTP/2.0" 200 832 "https://www.cashewpay.com.lab2454.com/whsy.php?p=%2Fproc%2F17003" "Mozilla/5.0 AppleWebKit/537.36 (KHTML, like Gecko; compatible; GPTBot/1.3; +https://openai.com/gptbot)"
74.7.243.203 - - [02/Mar/2026:12:52:04 +0000] "GET /whsy.php?e=numa_maps&p=%2Fproc%2F10642 HTTP/2.0" 200 832 "https://www.cashewpay.com.lab2454.com/whsy.php?p=%2Fproc%2F10642" "Mozilla/5.0 AppleWebKit/537.36 (KHTML, like Gecko; compatible; GPTBot/1.3; +https://openai.com/gptbot)"
74.7.243.203 - - [02/Mar/2026:12:52:51 +0000] "GET /whsy.php?e=numa_maps&p=%2Fproc%2F21450 HTTP/2.0" 200 832 "https://www.cashewpay.com.lab2454.com/whsy.php?p=%2Fproc%2F21450" "Mozilla/5.0 AppleWebKit/537.36 (KHTML, like Gecko; compatible; GPTBot/1.3; +https://openai.com/gptbot)"
74.7.243.203 - - [02/Mar/2026:12:53:29 +0000] "GET /whsy.php?e=igmp&p=%2Fproc%2F12197%2Fnet HTTP/2.0" 200 832 "https://www.cashewpay.com.lab2454.com/whsy.php?p=%2Fproc%2F12197%2Fnet" "Mozilla/5.0 AppleWebKit/537.36 (KHTML, like Gecko; compatible; GPTBot/1.3; +https://openai.com/gptbot)"
74.7.243.203 - - [02/Mar/2026:12:54:14 +0000] "GET /whsy.php?e=timers&p=%2Fproc%2F12197 HTTP/2.0" 200 832 "https://www.cashewpay.com.lab2454.com/whsy.php?p=%2Fproc%2F12197" "Mozilla/5.0 AppleWebKit/537.36 (KHTML, like Gecko; compatible; GPTBot/1.3; +https://openai.com/gptbot)"
74.7.243.203 - - [02/Mar/2026:12:55:13 +0000] "GET /whsy.php?e=timers&p=%2Fproc%2F27087 HTTP/2.0" 200 832 "https://www.cashewpay.com.lab2454.com/whsy.php?p=%2Fproc%2F27087" "Mozilla/5.0 AppleWebKit/537.36 (KHTML, like Gecko; compatible; GPTBot/1.3; +https://openai.com/gptbot)"
74.7.243.203 - - [02/Mar/2026:12:56:03 +0000] "GET /whsy.php?p=%2Fproc%2F21450%2Ftask HTTP/2.0" 200 832 "https://www.cashewpay.com.lab2454.com/whsy.php?p=%2Fproc%2F21450" "Mozilla/5.0 AppleWebKit/537.36 (KHTML, like Gecko; compatible; GPTBot/1.3; +https://openai.com/gptbot)"
74.7.230.16 - - [02/Mar/2026:12:56:03 +0000] "GET /robots.txt HTTP/2.0" 404 - "-" "Mozilla/5.0 (Macintosh; Intel Mac OS X 10_15_7) AppleWebKit/537.36 (KHTML, like Gecko) Chrome/131.0.0.0 Safari/537.36; compatible; OAI-SearchBot/1.3; robots.txt; +https://openai.com/searchbot"
74.7.243.203 - - [02/Mar/2026:12:56:53 +0000] "GET /whsy.php?p=%2Fproc%2F17794%2Fnet HTTP/2.0" 200 832 "https://www.cashewpay.com.lab2454.com/whsy.php?p=%2Fproc%2F17794" "Mozilla/5.0 AppleWebKit/537.36 (KHTML, like Gecko; compatible; GPTBot/1.3; +https://openai.com/gptbot)"
74.7.243.203 - - [02/Mar/2026:12:57:34 +0000] "GET /whsy.php?p=%2Fproc%2F13108%2Ftask HTTP/2.0" 200 832 "https://www.cashewpay.com.lab2454.com/whsy.php?p=%2Fproc%2F13108" "Mozilla/5.0 AppleWebKit/537.36 (KHTML, like Gecko; compatible; GPTBot/1.3; +https://openai.com/gptbot)"
74.7.243.203 - - [02/Mar/2026:12:58:10 +0000] "GET /whsy.php?p=%2Fproc%2F23682%2Ftask HTTP/2.0" 200 832 "https://www.cashewpay.com.lab2454.com/whsy.php?p=%2Fproc%2F23682" "Mozilla/5.0 AppleWebKit/537.36 (KHTML, like Gecko; compatible; GPTBot/1.3; +https://openai.com/gptbot)"
74.7.243.203 - - [02/Mar/2026:12:58:55 +0000] "GET /whsy.php?p=%2Fproc%2F29566%2Ftask HTTP/2.0" 200 491 "https://www.cashewpay.com.lab2454.com/whsy.php?p=%2Fproc%2F29566" "Mozilla/5.0 AppleWebKit/537.36 (KHTML, like Gecko; compatible; GPTBot/1.3; +https://openai.com/gptbot)"
74.7.243.203 - - [02/Mar/2026:12:59:29 +0000] "GET /whsy.php?p=%2Fproc%2F29566%2Fattr HTTP/2.0" 200 799 "https://www.cashewpay.com.lab2454.com/whsy.php?p=%2Fproc%2F29566" "Mozilla/5.0 AppleWebKit/537.36 (KHTML, like Gecko; compatible; GPTBot/1.3; +https://openai.com/gptbot)"
74.7.243.203 - - [02/Mar/2026:13:00:22 +0000] "GET /whsy.php?p=%2Fproc%2F10642%2Fnet HTTP/2.0" 200 832 "https://www.cashewpay.com.lab2454.com/whsy.php?p=%2Fproc%2F10642" "Mozilla/5.0 AppleWebKit/537.36 (KHTML, like Gecko; compatible; GPTBot/1.3; +https://openai.com/gptbot)"
74.7.243.203 - - [02/Mar/2026:13:01:02 +0000] "GET /whsy.php?p=%2Fproc%2F17003%2Fattr HTTP/2.0" 200 832 "https://www.cashewpay.com.lab2454.com/whsy.php?p=%2Fproc%2F17003" "Mozilla/5.0 AppleWebKit/537.36 (KHTML, like Gecko; compatible; GPTBot/1.3; +https://openai.com/gptbot)"
74.7.243.203 - - [02/Mar/2026:13:01:42 +0000] "GET /whsy.php?p=%2Fproc%2F12197%2Fattr HTTP/2.0" 200 832 "https://www.cashewpay.com.lab2454.com/whsy.php?p=%2Fproc%2F12197" "Mozilla/5.0 AppleWebKit/537.36 (KHTML, like Gecko; compatible; GPTBot/1.3; +https://openai.com/gptbot)"
74.7.230.16 - - [02/Mar/2026:13:01:42 +0000] "GET /robots.txt HTTP/2.0" 404 - "-" "Mozilla/5.0 (Macintosh; Intel Mac OS X 10_15_7) AppleWebKit/537.36 (KHTML, like Gecko) Chrome/131.0.0.0 Safari/537.36; compatible; OAI-SearchBot/1.3; robots.txt; +https://openai.com/searchbot"
74.7.243.203 - - [02/Mar/2026:13:02:19 +0000] "GET /whsy.php?p=%2Fproc%2F29729%2Ftask HTTP/2.0" 200 832 "https://www.cashewpay.com.lab2454.com/whsy.php?p=%2Fproc%2F29729" "Mozilla/5.0 AppleWebKit/537.36 (KHTML, like Gecko; compatible; GPTBot/1.3; +https://openai.com/gptbot)"
74.7.243.203 - - [02/Mar/2026:13:03:12 +0000] "GET /whsy.php?p=%2Fproc%2F22019%2Fnet HTTP/2.0" 200 832 "https://www.cashewpay.com.lab2454.com/whsy.php?p=%2Fproc%2F22019" "Mozilla/5.0 AppleWebKit/537.36 (KHTML, like Gecko; compatible; GPTBot/1.3; +https://openai.com/gptbot)"
74.7.243.203 - - [02/Mar/2026:13:03:55 +0000] "GET /whsy.php?p=%2Fproc%2F10642%2Fattr HTTP/2.0" 200 832 "https://www.cashewpay.com.lab2454.com/whsy.php?p=%2Fproc%2F10642" "Mozilla/5.0 AppleWebKit/537.36 (KHTML, like Gecko; compatible; GPTBot/1.3; +https://openai.com/gptbot)"
74.7.243.203 - - [02/Mar/2026:13:04:23 +0000] "GET /whsy.php?p=%2Fproc%2F29729%2Fattr HTTP/2.0" 200 832 "https://www.cashewpay.com.lab2454.com/whsy.php?p=%2Fproc%2F29729" "Mozilla/5.0 AppleWebKit/537.36 (KHTML, like Gecko; compatible; GPTBot/1.3; +https://openai.com/gptbot)"
74.7.243.203 - - [02/Mar/2026:13:05:14 +0000] "GET /whsy.php?p=%2Fproc%2F21450%2Fnet HTTP/2.0" 200 832 "https://www.cashewpay.com.lab2454.com/whsy.php?p=%2Fproc%2F21450" "Mozilla/5.0 AppleWebKit/537.36 (KHTML, like Gecko; compatible; GPTBot/1.3; +https://openai.com/gptbot)"
74.7.243.203 - - [02/Mar/2026:13:06:10 +0000] "GET /whsy.php?p=%2Fproc%2F17794%2Ftask HTTP/2.0" 200 832 "https://www.cashewpay.com.lab2454.com/whsy.php?p=%2Fproc%2F17794" "Mozilla/5.0 AppleWebKit/537.36 (KHTML, like Gecko; compatible; GPTBot/1.3; +https://openai.com/gptbot)"
74.7.243.203 - - [02/Mar/2026:13:06:55 +0000] "GET /whsy.php?p=%2Fproc%2F22019%2Fattr HTTP/2.0" 200 832 "https://www.cashewpay.com.lab2454.com/whsy.php?p=%2Fproc%2F22019" "Mozilla/5.0 AppleWebKit/537.36 (KHTML, like Gecko; compatible; GPTBot/1.3; +https://openai.com/gptbot)"
74.7.230.16 - - [02/Mar/2026:13:06:57 +0000] "GET /robots.txt HTTP/2.0" 404 - "-" "Mozilla/5.0 (Macintosh; Intel Mac OS X 10_15_7) AppleWebKit/537.36 (KHTML, like Gecko) Chrome/131.0.0.0 Safari/537.36; compatible; OAI-SearchBot/1.3; robots.txt; +https://openai.com/searchbot"
74.7.243.203 - - [02/Mar/2026:13:07:52 +0000] "GET /whsy.php?p=%2Fproc%2F13108%2Fattr HTTP/2.0" 200 832 "https://www.cashewpay.com.lab2454.com/whsy.php?p=%2Fproc%2F13108" "Mozilla/5.0 AppleWebKit/537.36 (KHTML, like Gecko; compatible; GPTBot/1.3; +https://openai.com/gptbot)"
74.7.243.203 - - [02/Mar/2026:13:08:40 +0000] "GET /whsy.php?p=%2Fproc%2F27087%2Fattr HTTP/2.0" 200 832 "https://www.cashewpay.com.lab2454.com/whsy.php?p=%2Fproc%2F27087" "Mozilla/5.0 AppleWebKit/537.36 (KHTML, like Gecko; compatible; GPTBot/1.3; +https://openai.com/gptbot)"
74.7.243.203 - - [02/Mar/2026:13:09:22 +0000] "GET /whsy.php?p=%2Fproc%2F27087%2Ftask HTTP/2.0" 200 832 "https://www.cashewpay.com.lab2454.com/whsy.php?p=%2Fproc%2F27087" "Mozilla/5.0 AppleWebKit/537.36 (KHTML, like Gecko; compatible; GPTBot/1.3; +https://openai.com/gptbot)"
74.7.243.203 - - [02/Mar/2026:13:10:17 +0000] "GET /whsy.php?p=%2Fproc%2F17003%2Ftask HTTP/2.0" 200 832 "https://www.cashewpay.com.lab2454.com/whsy.php?p=%2Fproc%2F17003" "Mozilla/5.0 AppleWebKit/537.36 (KHTML, like Gecko; compatible; GPTBot/1.3; +https://openai.com/gptbot)"
74.7.243.203 - - [02/Mar/2026:13:10:59 +0000] "GET /whsy.php?p=%2Fproc%2F17794%2Fattr HTTP/2.0" 200 832 "https://www.cashewpay.com.lab2454.com/whsy.php?p=%2Fproc%2F17794" "Mozilla/5.0 AppleWebKit/537.36 (KHTML, like Gecko; compatible; GPTBot/1.3; +https://openai.com/gptbot)"
74.7.243.203 - - [02/Mar/2026:13:11:46 +0000] "GET /whsy.php?p=%2Fproc%2F27087%2Fnet HTTP/2.0" 200 832 "https://www.cashewpay.com.lab2454.com/whsy.php?p=%2Fproc%2F27087" "Mozilla/5.0 AppleWebKit/537.36 (KHTML, like Gecko; compatible; GPTBot/1.3; +https://openai.com/gptbot)"
74.7.243.203 - - [02/Mar/2026:13:12:40 +0000] "GET /whsy.php?p=%2Fproc%2F21450%2Fattr HTTP/2.0" 200 832 "https://www.cashewpay.com.lab2454.com/whsy.php?p=%2Fproc%2F21450" "Mozilla/5.0 AppleWebKit/537.36 (KHTML, like Gecko; compatible; GPTBot/1.3; +https://openai.com/gptbot)"
74.7.230.16 - - [02/Mar/2026:13:12:41 +0000] "GET /robots.txt HTTP/2.0" 404 - "-" "Mozilla/5.0 (Macintosh; Intel Mac OS X 10_15_7) AppleWebKit/537.36 (KHTML, like Gecko) Chrome/131.0.0.0 Safari/537.36; compatible; OAI-SearchBot/1.3; robots.txt; +https://openai.com/searchbot"
74.7.243.203 - - [02/Mar/2026:13:13:37 +0000] "GET /whsy.php?p=%2Fproc%2F23682%2Fattr HTTP/2.0" 200 832 "https://www.cashewpay.com.lab2454.com/whsy.php?p=%2Fproc%2F23682" "Mozilla/5.0 AppleWebKit/537.36 (KHTML, like Gecko; compatible; GPTBot/1.3; +https://openai.com/gptbot)"
74.7.243.203 - - [02/Mar/2026:13:14:21 +0000] "GET /whsy.php?p=%2Fproc%2F13108%2Fnet HTTP/2.0" 200 832 "https://www.cashewpay.com.lab2454.com/whsy.php?p=%2Fproc%2F13108" "Mozilla/5.0 AppleWebKit/537.36 (KHTML, like Gecko; compatible; GPTBot/1.3; +https://openai.com/gptbot)"
74.7.243.203 - - [02/Mar/2026:13:15:24 +0000] "GET /whsy.php?p=%2Fproc%2F23682%2Fnet HTTP/2.0" 200 832 "https://www.cashewpay.com.lab2454.com/whsy.php?p=%2Fproc%2F23682" "Mozilla/5.0 AppleWebKit/537.36 (KHTML, like Gecko; compatible; GPTBot/1.3; +https://openai.com/gptbot)"
74.7.243.203 - - [02/Mar/2026:13:16:04 +0000] "GET /whsy.php?p=%2Fproc%2F29729%2Fnet HTTP/2.0" 200 832 "https://www.cashewpay.com.lab2454.com/whsy.php?p=%2Fproc%2F29729" "Mozilla/5.0 AppleWebKit/537.36 (KHTML, like Gecko; compatible; GPTBot/1.3; +https://openai.com/gptbot)"
74.7.243.203 - - [02/Mar/2026:13:17:01 +0000] "GET /whsy.php?p=%2Fproc%2F29566%2Fnet HTTP/2.0" 200 2441 "https://www.cashewpay.com.lab2454.com/whsy.php?p=%2Fproc%2F29566" "Mozilla/5.0 AppleWebKit/537.36 (KHTML, like Gecko; compatible; GPTBot/1.3; +https://openai.com/gptbot)"
74.7.243.203 - - [02/Mar/2026:13:17:47 +0000] "GET /whsy.php?p=%2Fproc%2F22019%2Ftask HTTP/2.0" 200 832 "https://www.cashewpay.com.lab2454.com/whsy.php?p=%2Fproc%2F22019" "Mozilla/5.0 AppleWebKit/537.36 (KHTML, like Gecko; compatible; GPTBot/1.3; +https://openai.com/gptbot)"
74.7.243.203 - - [02/Mar/2026:13:18:43 +0000] "GET /whsy.php?p=%2Fproc%2F12197%2Ftask HTTP/2.0" 200 832 "https://www.cashewpay.com.lab2454.com/whsy.php?p=%2Fproc%2F12197" "Mozilla/5.0 AppleWebKit/537.36 (KHTML, like Gecko; compatible; GPTBot/1.3; +https://openai.com/gptbot)"
74.7.243.203 - - [02/Mar/2026:13:19:25 +0000] "GET /whsy.php?p=%2Fproc%2F17003%2Fnet HTTP/2.0" 200 832 "https://www.cashewpay.com.lab2454.com/whsy.php?p=%2Fproc%2F17003" "Mozilla/5.0 AppleWebKit/537.36 (KHTML, like Gecko; compatible; GPTBot/1.3; +https://openai.com/gptbot)"
74.7.243.203 - - [02/Mar/2026:13:20:06 +0000] "GET /whsy.php?p=%2Fproc%2F10642%2Ftask HTTP/2.0" 200 832 "https://www.cashewpay.com.lab2454.com/whsy.php?p=%2Fproc%2F10642" "Mozilla/5.0 AppleWebKit/537.36 (KHTML, like Gecko; compatible; GPTBot/1.3; +https://openai.com/gptbot)"
74.7.243.203 - - [02/Mar/2026:13:20:59 +0000] "GET /whsy.php?e=arch_status&p=%2Fproc%2F17794 HTTP/2.0" 200 832 "https://www.cashewpay.com.lab2454.com/whsy.php?p=%2Fproc%2F17794" "Mozilla/5.0 AppleWebKit/537.36 (KHTML, like Gecko; compatible; GPTBot/1.3; +https://openai.com/gptbot)"
74.7.243.203 - - [02/Mar/2026:13:21:46 +0000] "GET /whsy.php?e=arch_status&p=%2Fproc%2F17003 HTTP/2.0" 200 832 "https://www.cashewpay.com.lab2454.com/whsy.php?p=%2Fproc%2F17003" "Mozilla/5.0 AppleWebKit/537.36 (KHTML, like Gecko; compatible; GPTBot/1.3; +https://openai.com/gptbot)"
74.7.243.203 - - [02/Mar/2026:13:22:32 +0000] "GET /whsy.php?e=arch_status&p=%2Fproc%2F10642 HTTP/2.0" 200 832 "https://www.cashewpay.com.lab2454.com/whsy.php?p=%2Fproc%2F10642" "Mozilla/5.0 AppleWebKit/537.36 (KHTML, like Gecko; compatible; GPTBot/1.3; +https://openai.com/gptbot)"
74.7.243.203 - - [02/Mar/2026:13:23:08 +0000] "GET /whsy.php?e=arch_status&p=%2Fproc%2F13108 HTTP/2.0" 200 832 "https://www.cashewpay.com.lab2454.com/whsy.php?p=%2Fproc%2F13108" "Mozilla/5.0 AppleWebKit/537.36 (KHTML, like Gecko; compatible; GPTBot/1.3; +https://openai.com/gptbot)"
74.7.230.16 - - [02/Mar/2026:13:23:08 +0000] "GET /robots.txt HTTP/2.0" 404 - "-" "Mozilla/5.0 (Macintosh; Intel Mac OS X 10_15_7) AppleWebKit/537.36 (KHTML, like Gecko) Chrome/131.0.0.0 Safari/537.36; compatible; OAI-SearchBot/1.3; robots.txt; +https://openai.com/searchbot"
74.7.243.203 - - [02/Mar/2026:13:23:45 +0000] "GET /whsy.php?e=arch_status&p=%2Fproc%2F21450 HTTP/2.0" 200 832 "https://www.cashewpay.com.lab2454.com/whsy.php?p=%2Fproc%2F21450" "Mozilla/5.0 AppleWebKit/537.36 (KHTML, like Gecko; compatible; GPTBot/1.3; +https://openai.com/gptbot)"
74.7.243.203 - - [02/Mar/2026:13:24:17 +0000] "GET /whsy.php?e=cgroup&p=%2Fproc%2F17794 HTTP/2.0" 200 832 "https://www.cashewpay.com.lab2454.com/whsy.php?p=%2Fproc%2F17794" "Mozilla/5.0 AppleWebKit/537.36 (KHTML, like Gecko; compatible; GPTBot/1.3; +https://openai.com/gptbot)"
74.7.243.203 - - [02/Mar/2026:13:24:53 +0000] "GET /whsy.php?e=igmp&p=%2Fproc%2F29566%2Fnet HTTP/2.0" 200 2592 "https://www.cashewpay.com.lab2454.com/whsy.php?p=%2Fproc%2F29566%2Fnet" "Mozilla/5.0 AppleWebKit/537.36 (KHTML, like Gecko; compatible; GPTBot/1.3; +https://openai.com/gptbot)"
74.7.243.203 - - [02/Mar/2026:13:25:17 +0000] "GET /whsy.php?e=cpuset&p=%2Fproc%2F17003 HTTP/2.0" 200 832 "https://www.cashewpay.com.lab2454.com/whsy.php?p=%2Fproc%2F17003" "Mozilla/5.0 AppleWebKit/537.36 (KHTML, like Gecko; compatible; GPTBot/1.3; +https://openai.com/gptbot)"
74.7.243.203 - - [02/Mar/2026:13:25:57 +0000] "GET /whsy.php?e=cpuset&p=%2Fproc%2F21450 HTTP/2.0" 200 832 "https://www.cashewpay.com.lab2454.com/whsy.php?p=%2Fproc%2F21450" "Mozilla/5.0 AppleWebKit/537.36 (KHTML, like Gecko; compatible; GPTBot/1.3; +https://openai.com/gptbot)"
74.7.243.203 - - [02/Mar/2026:13:26:38 +0000] "GET /whsy.php?e=status&p=%2Fproc%2F27087 HTTP/2.0" 200 832 "https://www.cashewpay.com.lab2454.com/whsy.php?p=%2Fproc%2F27087" "Mozilla/5.0 AppleWebKit/537.36 (KHTML, like Gecko; compatible; GPTBot/1.3; +https://openai.com/gptbot)"
74.7.243.203 - - [02/Mar/2026:13:27:12 +0000] "GET /whsy.php?e=timers&p=%2Fproc%2F23682 HTTP/2.0" 200 832 "https://www.cashewpay.com.lab2454.com/whsy.php?p=%2Fproc%2F23682" "Mozilla/5.0 AppleWebKit/537.36 (KHTML, like Gecko; compatible; GPTBot/1.3; +https://openai.com/gptbot)"
74.7.243.203 - - [02/Mar/2026:13:27:50 +0000] "GET /whsy.php?e=timers&p=%2Fproc%2F22019 HTTP/2.0" 200 832 "https://www.cashewpay.com.lab2454.com/whsy.php?p=%2Fproc%2F22019" "Mozilla/5.0 AppleWebKit/537.36 (KHTML, like Gecko; compatible; GPTBot/1.3; +https://openai.com/gptbot)"
74.7.243.203 - - [02/Mar/2026:13:28:29 +0000] "GET /whsy.php?e=cgroup&p=%2Fproc%2F21450 HTTP/2.0" 200 832 "https://www.cashewpay.com.lab2454.com/whsy.php?p=%2Fproc%2F21450" "Mozilla/5.0 AppleWebKit/537.36 (KHTML, like Gecko; compatible; GPTBot/1.3; +https://openai.com/gptbot)"
74.7.230.16 - - [02/Mar/2026:13:28:30 +0000] "GET /robots.txt HTTP/2.0" 404 - "-" "Mozilla/5.0 (Macintosh; Intel Mac OS X 10_15_7) AppleWebKit/537.36 (KHTML, like Gecko) Chrome/131.0.0.0 Safari/537.36; compatible; OAI-SearchBot/1.3; robots.txt; +https://openai.com/searchbot"
74.7.243.203 - - [02/Mar/2026:13:29:05 +0000] "GET /whsy.php?e=cpuset&p=%2Fproc%2F13108 HTTP/2.0" 200 832 "https://www.cashewpay.com.lab2454.com/whsy.php?p=%2Fproc%2F13108" "Mozilla/5.0 AppleWebKit/537.36 (KHTML, like Gecko; compatible; GPTBot/1.3; +https://openai.com/gptbot)"
74.7.243.203 - - [02/Mar/2026:13:29:42 +0000] "GET /whsy.php?e=cgroup&p=%2Fproc%2F13108 HTTP/2.0" 200 832 "https://www.cashewpay.com.lab2454.com/whsy.php?p=%2Fproc%2F13108" "Mozilla/5.0 AppleWebKit/537.36 (KHTML, like Gecko; compatible; GPTBot/1.3; +https://openai.com/gptbot)"
74.7.243.203 - - [02/Mar/2026:13:30:11 +0000] "GET /whsy.php?e=status&p=%2Fproc%2F12197 HTTP/2.0" 200 832 "https://www.cashewpay.com.lab2454.com/whsy.php?p=%2Fproc%2F12197" "Mozilla/5.0 AppleWebKit/537.36 (KHTML, like Gecko; compatible; GPTBot/1.3; +https://openai.com/gptbot)"
74.7.243.203 - - [02/Mar/2026:13:30:43 +0000] "GET /whsy.php?e=mounts&p=%2Fproc%2F29729 HTTP/2.0" 200 832 "https://www.cashewpay.com.lab2454.com/whsy.php?p=%2Fproc%2F29729" "Mozilla/5.0 AppleWebKit/537.36 (KHTML, like Gecko; compatible; GPTBot/1.3; +https://openai.com/gptbot)"
74.7.243.203 - - [02/Mar/2026:13:31:16 +0000] "GET /whsy.php?e=cgroup&p=%2Fproc%2F17003 HTTP/2.0" 200 832 "https://www.cashewpay.com.lab2454.com/whsy.php?p=%2Fproc%2F17003" "Mozilla/5.0 AppleWebKit/537.36 (KHTML, like Gecko; compatible; GPTBot/1.3; +https://openai.com/gptbot)"
74.7.243.203 - - [02/Mar/2026:13:31:57 +0000] "GET /whsy.php?e=limits&p=%2Fproc%2F29729 HTTP/2.0" 200 832 "https://www.cashewpay.com.lab2454.com/whsy.php?p=%2Fproc%2F29729" "Mozilla/5.0 AppleWebKit/537.36 (KHTML, like Gecko; compatible; GPTBot/1.3; +https://openai.com/gptbot)"
74.7.243.203 - - [02/Mar/2026:13:32:40 +0000] "GET /whsy.php?e=cgroup&p=%2Fproc%2F10642 HTTP/2.0" 200 832 "https://www.cashewpay.com.lab2454.com/whsy.php?p=%2Fproc%2F10642" "Mozilla/5.0 AppleWebKit/537.36 (KHTML, like Gecko; compatible; GPTBot/1.3; +https://openai.com/gptbot)"
74.7.243.203 - - [02/Mar/2026:13:33:24 +0000] "GET /whsy.php?e=status&p=%2Fproc%2F29566 HTTP/2.0" 200 2366 "https://www.cashewpay.com.lab2454.com/whsy.php?p=%2Fproc%2F29566" "Mozilla/5.0 AppleWebKit/537.36 (KHTML, like Gecko; compatible; GPTBot/1.3; +https://openai.com/gptbot)"
74.7.243.203 - - [02/Mar/2026:13:33:58 +0000] "GET /whsy.php?e=cpuset&p=%2Fproc%2F10642 HTTP/2.0" 200 832 "https://www.cashewpay.com.lab2454.com/whsy.php?p=%2Fproc%2F10642" "Mozilla/5.0 AppleWebKit/537.36 (KHTML, like Gecko; compatible; GPTBot/1.3; +https://openai.com/gptbot)"
74.7.230.16 - - [02/Mar/2026:13:33:59 +0000] "GET /robots.txt HTTP/2.0" 404 - "-" "Mozilla/5.0 (Macintosh; Intel Mac OS X 10_15_7) AppleWebKit/537.36 (KHTML, like Gecko) Chrome/131.0.0.0 Safari/537.36; compatible; OAI-SearchBot/1.3; robots.txt; +https://openai.com/searchbot"
74.7.243.203 - - [02/Mar/2026:13:34:41 +0000] "GET /whsy.php?e=cpuset&p=%2Fproc%2F17794 HTTP/2.0" 200 832 "https://www.cashewpay.com.lab2454.com/whsy.php?p=%2Fproc%2F17794" "Mozilla/5.0 AppleWebKit/537.36 (KHTML, like Gecko; compatible; GPTBot/1.3; +https://openai.com/gptbot)"
74.7.243.203 - - [02/Mar/2026:13:35:26 +0000] "GET /whsy.php?e=numa_maps&p=%2Fproc%2F29566 HTTP/2.0" 200 2010 "https://www.cashewpay.com.lab2454.com/whsy.php?p=%2Fproc%2F29566" "Mozilla/5.0 AppleWebKit/537.36 (KHTML, like Gecko; compatible; GPTBot/1.3; +https://openai.com/gptbot)"
74.7.243.203 - - [02/Mar/2026:13:36:13 +0000] "GET /whsy.php?e=numa_maps&p=%2Fproc%2F27087 HTTP/2.0" 200 832 "https://www.cashewpay.com.lab2454.com/whsy.php?p=%2Fproc%2F27087" "Mozilla/5.0 AppleWebKit/537.36 (KHTML, like Gecko; compatible; GPTBot/1.3; +https://openai.com/gptbot)"
74.7.243.203 - - [02/Mar/2026:13:37:14 +0000] "GET /whsy.php?e=numa_maps&p=%2Fproc%2F12197 HTTP/2.0" 200 832 "https://www.cashewpay.com.lab2454.com/whsy.php?p=%2Fproc%2F12197" "Mozilla/5.0 AppleWebKit/537.36 (KHTML, like Gecko; compatible; GPTBot/1.3; +https://openai.com/gptbot)"
74.7.243.203 - - [02/Mar/2026:13:38:10 +0000] "GET /whsy.php?e=numa_maps&p=%2Fproc%2F23682 HTTP/2.0" 200 832 "https://www.cashewpay.com.lab2454.com/whsy.php?p=%2Fproc%2F23682" "Mozilla/5.0 AppleWebKit/537.36 (KHTML, like Gecko; compatible; GPTBot/1.3; +https://openai.com/gptbot)"
74.7.243.203 - - [02/Mar/2026:13:38:58 +0000] "GET /whsy.php?e=numa_maps&p=%2Fproc%2F22019 HTTP/2.0" 200 832 "https://www.cashewpay.com.lab2454.com/whsy.php?p=%2Fproc%2F22019" "Mozilla/5.0 AppleWebKit/537.36 (KHTML, like Gecko; compatible; GPTBot/1.3; +https://openai.com/gptbot)"
74.7.243.203 - - [02/Mar/2026:13:39:48 +0000] "GET /whsy.php?e=oom_score&p=%2Fproc%2F13108 HTTP/2.0" 200 832 "https://www.cashewpay.com.lab2454.com/whsy.php?p=%2Fproc%2F13108" "Mozilla/5.0 AppleWebKit/537.36 (KHTML, like Gecko; compatible; GPTBot/1.3; +https://openai.com/gptbot)"
74.7.230.16 - - [02/Mar/2026:13:39:49 +0000] "GET /robots.txt HTTP/2.0" 404 - "-" "Mozilla/5.0 (Macintosh; Intel Mac OS X 10_15_7) AppleWebKit/537.36 (KHTML, like Gecko) Chrome/131.0.0.0 Safari/537.36; compatible; OAI-SearchBot/1.3; robots.txt; +https://openai.com/searchbot"
74.7.243.203 - - [02/Mar/2026:13:40:48 +0000] "GET /whsy.php?e=oom_score&p=%2Fproc%2F17794 HTTP/2.0" 200 832 "https://www.cashewpay.com.lab2454.com/whsy.php?p=%2Fproc%2F17794" "Mozilla/5.0 AppleWebKit/537.36 (KHTML, like Gecko; compatible; GPTBot/1.3; +https://openai.com/gptbot)"
74.7.243.203 - - [02/Mar/2026:13:41:32 +0000] "GET /whsy.php?e=oom_score&p=%2Fproc%2F17003 HTTP/2.0" 200 832 "https://www.cashewpay.com.lab2454.com/whsy.php?p=%2Fproc%2F17003" "Mozilla/5.0 AppleWebKit/537.36 (KHTML, like Gecko; compatible; GPTBot/1.3; +https://openai.com/gptbot)"
74.7.243.203 - - [02/Mar/2026:13:42:26 +0000] "GET /whsy.php?e=numa_maps&p=%2Fproc%2F29729 HTTP/2.0" 200 832 "https://www.cashewpay.com.lab2454.com/whsy.php?p=%2Fproc%2F29729" "Mozilla/5.0 AppleWebKit/537.36 (KHTML, like Gecko; compatible; GPTBot/1.3; +https://openai.com/gptbot)"
74.7.243.203 - - [02/Mar/2026:13:43:17 +0000] "GET /whsy.php?e=arch_status&p=%2Fproc%2F22019 HTTP/2.0" 200 832 "https://www.cashewpay.com.lab2454.com/whsy.php?p=%2Fproc%2F22019" "Mozilla/5.0 AppleWebKit/537.36 (KHTML, like Gecko; compatible; GPTBot/1.3; +https://openai.com/gptbot)"
74.7.243.203 - - [02/Mar/2026:13:43:59 +0000] "GET /whsy.php?e=arch_status&p=%2Fproc%2F23682 HTTP/2.0" 200 832 "https://www.cashewpay.com.lab2454.com/whsy.php?p=%2Fproc%2F23682" "Mozilla/5.0 AppleWebKit/537.36 (KHTML, like Gecko; compatible; GPTBot/1.3; +https://openai.com/gptbot)"
74.7.243.203 - - [02/Mar/2026:13:45:00 +0000] "GET /whsy.php?e=ptype&p=%2Fproc%2F12197%2Fnet HTTP/2.0" 200 832 "https://www.cashewpay.com.lab2454.com/whsy.php?p=%2Fproc%2F12197%2Fnet" "Mozilla/5.0 AppleWebKit/537.36 (KHTML, like Gecko; compatible; GPTBot/1.3; +https://openai.com/gptbot)"
74.7.230.16 - - [02/Mar/2026:13:45:01 +0000] "GET /robots.txt HTTP/2.0" 404 - "-" "Mozilla/5.0 (Macintosh; Intel Mac OS X 10_15_7) AppleWebKit/537.36 (KHTML, like Gecko) Chrome/131.0.0.0 Safari/537.36; compatible; OAI-SearchBot/1.3; robots.txt; +https://openai.com/searchbot"
74.7.243.203 - - [02/Mar/2026:13:45:44 +0000] "GET /whsy.php?e=ptype&p=%2Fproc%2F29566%2Fnet HTTP/2.0" 200 2617 "https://www.cashewpay.com.lab2454.com/whsy.php?p=%2Fproc%2F29566%2Fnet" "Mozilla/5.0 AppleWebKit/537.36 (KHTML, like Gecko; compatible; GPTBot/1.3; +https://openai.com/gptbot)"
74.7.243.203 - - [02/Mar/2026:13:46:16 +0000] "GET /whsy.php?e=oom_score&p=%2Fproc%2F10642 HTTP/2.0" 200 832 "https://www.cashewpay.com.lab2454.com/whsy.php?p=%2Fproc%2F10642" "Mozilla/5.0 AppleWebKit/537.36 (KHTML, like Gecko; compatible; GPTBot/1.3; +https://openai.com/gptbot)"
74.7.243.203 - - [02/Mar/2026:13:47:17 +0000] "GET /whsy.php?e=oom_score&p=%2Fproc%2F21450 HTTP/2.0" 200 832 "https://www.cashewpay.com.lab2454.com/whsy.php?p=%2Fproc%2F21450" "Mozilla/5.0 AppleWebKit/537.36 (KHTML, like Gecko; compatible; GPTBot/1.3; +https://openai.com/gptbot)"
74.7.243.203 - - [02/Mar/2026:13:47:57 +0000] "GET /whsy.php?e=pppoe&p=%2Fproc%2F12197%2Fnet HTTP/2.0" 200 832 "https://www.cashewpay.com.lab2454.com/whsy.php?p=%2Fproc%2F12197%2Fnet" "Mozilla/5.0 AppleWebKit/537.36 (KHTML, like Gecko; compatible; GPTBot/1.3; +https://openai.com/gptbot)"
74.7.243.203 - - [02/Mar/2026:13:48:40 +0000] "GET /whsy.php?e=pppoe&p=%2Fproc%2F29566%2Fnet HTTP/2.0" 200 2524 "https://www.cashewpay.com.lab2454.com/whsy.php?p=%2Fproc%2F29566%2Fnet" "Mozilla/5.0 AppleWebKit/537.36 (KHTML, like Gecko; compatible; GPTBot/1.3; +https://openai.com/gptbot)"
74.7.243.203 - - [02/Mar/2026:13:49:40 +0000] "GET /whsy.php?e=arch_status&p=%2Fproc%2F29566 HTTP/2.0" 200 2006 "https://www.cashewpay.com.lab2454.com/whsy.php?p=%2Fproc%2F29566" "Mozilla/5.0 AppleWebKit/537.36 (KHTML, like Gecko; compatible; GPTBot/1.3; +https://openai.com/gptbot)"
74.7.243.203 - - [02/Mar/2026:13:50:25 +0000] "GET /whsy.php?e=arch_status&p=%2Fproc%2F27087 HTTP/2.0" 200 832 "https://www.cashewpay.com.lab2454.com/whsy.php?p=%2Fproc%2F27087" "Mozilla/5.0 AppleWebKit/537.36 (KHTML, like Gecko; compatible; GPTBot/1.3; +https://openai.com/gptbot)"
74.7.230.16 - - [02/Mar/2026:13:50:27 +0000] "GET /robots.txt HTTP/2.0" 404 - "-" "Mozilla/5.0 (Macintosh; Intel Mac OS X 10_15_7) AppleWebKit/537.36 (KHTML, like Gecko) Chrome/131.0.0.0 Safari/537.36; compatible; OAI-SearchBot/1.3; robots.txt; +https://openai.com/searchbot"
74.7.243.203 - - [02/Mar/2026:13:51:08 +0000] "GET /whsy.php?e=arch_status&p=%2Fproc%2F12197 HTTP/2.0" 200 832 "https://www.cashewpay.com.lab2454.com/whsy.php?p=%2Fproc%2F12197" "Mozilla/5.0 AppleWebKit/537.36 (KHTML, like Gecko; compatible; GPTBot/1.3; +https://openai.com/gptbot)"
74.7.243.203 - - [02/Mar/2026:13:51:55 +0000] "GET /whsy.php?e=unix&p=%2Fproc%2F29566%2Fnet HTTP/2.0" 200 5033 "https://www.cashewpay.com.lab2454.com/whsy.php?p=%2Fproc%2F29566%2Fnet" "Mozilla/5.0 AppleWebKit/537.36 (KHTML, like Gecko; compatible; GPTBot/1.3; +https://openai.com/gptbot)"
74.7.243.203 - - [02/Mar/2026:13:52:40 +0000] "GET /whsy.php?e=unix&p=%2Fproc%2F12197%2Fnet HTTP/2.0" 200 832 "https://www.cashewpay.com.lab2454.com/whsy.php?p=%2Fproc%2F12197%2Fnet" "Mozilla/5.0 AppleWebKit/537.36 (KHTML, like Gecko; compatible; GPTBot/1.3; +https://openai.com/gptbot)"
74.7.243.203 - - [02/Mar/2026:13:53:27 +0000] "GET /whsy.php?e=psched&p=%2Fproc%2F12197%2Fnet HTTP/2.0" 200 832 "https://www.cashewpay.com.lab2454.com/whsy.php?p=%2Fproc%2F12197%2Fnet" "Mozilla/5.0 AppleWebKit/537.36 (KHTML, like Gecko; compatible; GPTBot/1.3; +https://openai.com/gptbot)"
74.7.243.203 - - [02/Mar/2026:13:54:29 +0000] "GET /whsy.php?e=psched&p=%2Fproc%2F29566%2Fnet HTTP/2.0" 200 2532 "https://www.cashewpay.com.lab2454.com/whsy.php?p=%2Fproc%2F29566%2Fnet" "Mozilla/5.0 AppleWebKit/537.36 (KHTML, like Gecko; compatible; GPTBot/1.3; +https://openai.com/gptbot)"
74.7.243.203 - - [02/Mar/2026:13:55:21 +0000] "GET /whsy.php?e=arch_status&p=%2Fproc%2F29729 HTTP/2.0" 200 832 "https://www.cashewpay.com.lab2454.com/whsy.php?p=%2Fproc%2F29729" "Mozilla/5.0 AppleWebKit/537.36 (KHTML, like Gecko; compatible; GPTBot/1.3; +https://openai.com/gptbot)"
74.7.243.203 - - [02/Mar/2026:13:56:23 +0000] "GET /whsy.php?e=oom_score&p=%2Fproc%2F29566 HTTP/2.0" 200 2004 "https://www.cashewpay.com.lab2454.com/whsy.php?p=%2Fproc%2F29566" "Mozilla/5.0 AppleWebKit/537.36 (KHTML, like Gecko; compatible; GPTBot/1.3; +https://openai.com/gptbot)"
74.7.230.16 - - [02/Mar/2026:13:56:24 +0000] "GET /robots.txt HTTP/2.0" 404 - "-" "Mozilla/5.0 (Macintosh; Intel Mac OS X 10_15_7) AppleWebKit/537.36 (KHTML, like Gecko) Chrome/131.0.0.0 Safari/537.36; compatible; OAI-SearchBot/1.3; robots.txt; +https://openai.com/searchbot"
74.7.243.203 - - [02/Mar/2026:13:57:14 +0000] "GET /whsy.php?e=oom_score&p=%2Fproc%2F27087 HTTP/2.0" 200 832 "https://www.cashewpay.com.lab2454.com/whsy.php?p=%2Fproc%2F27087" "Mozilla/5.0 AppleWebKit/537.36 (KHTML, like Gecko; compatible; GPTBot/1.3; +https://openai.com/gptbot)"
74.7.243.203 - - [02/Mar/2026:13:58:11 +0000] "GET /whsy.php?e=oom_score&p=%2Fproc%2F12197 HTTP/2.0" 200 832 "https://www.cashewpay.com.lab2454.com/whsy.php?p=%2Fproc%2F12197" "Mozilla/5.0 AppleWebKit/537.36 (KHTML, like Gecko; compatible; GPTBot/1.3; +https://openai.com/gptbot)"
74.7.243.203 - - [02/Mar/2026:13:59:05 +0000] "GET /whsy.php?e=sockstat&p=%2Fproc%2F29566%2Fnet HTTP/2.0" 200 2600 "https://www.cashewpay.com.lab2454.com/whsy.php?p=%2Fproc%2F29566%2Fnet" "Mozilla/5.0 AppleWebKit/537.36 (KHTML, like Gecko; compatible; GPTBot/1.3; +https://openai.com/gptbot)"
74.7.243.203 - - [02/Mar/2026:14:00:04 +0000] "GET /whsy.php?e=sockstat&p=%2Fproc%2F12197%2Fnet HTTP/2.0" 200 832 "https://www.cashewpay.com.lab2454.com/whsy.php?p=%2Fproc%2F12197%2Fnet" "Mozilla/5.0 AppleWebKit/537.36 (KHTML, like Gecko; compatible; GPTBot/1.3; +https://openai.com/gptbot)"
74.7.243.203 - - [02/Mar/2026:14:00:51 +0000] "GET /whsy.php?e=fib_trie&p=%2Fproc%2F29566%2Fnet HTTP/2.0" 200 2694 "https://www.cashewpay.com.lab2454.com/whsy.php?p=%2Fproc%2F29566%2Fnet" "Mozilla/5.0 AppleWebKit/537.36 (KHTML, like Gecko; compatible; GPTBot/1.3; +https://openai.com/gptbot)"
74.7.243.203 - - [02/Mar/2026:14:01:46 +0000] "GET /whsy.php?e=mcfilter&p=%2Fproc%2F29566%2Fnet HTTP/2.0" 200 2538 "https://www.cashewpay.com.lab2454.com/whsy.php?p=%2Fproc%2F29566%2Fnet" "Mozilla/5.0 AppleWebKit/537.36 (KHTML, like Gecko; compatible; GPTBot/1.3; +https://openai.com/gptbot)"
74.7.230.16 - - [02/Mar/2026:14:01:47 +0000] "GET /robots.txt HTTP/2.0" 404 - "-" "Mozilla/5.0 (Macintosh; Intel Mac OS X 10_15_7) AppleWebKit/537.36 (KHTML, like Gecko) Chrome/131.0.0.0 Safari/537.36; compatible; OAI-SearchBot/1.3; robots.txt; +https://openai.com/searchbot"
74.7.243.203 - - [02/Mar/2026:14:02:39 +0000] "GET /whsy.php?e=mcfilter&p=%2Fproc%2F12197%2Fnet HTTP/2.0" 200 832 "https://www.cashewpay.com.lab2454.com/whsy.php?p=%2Fproc%2F12197%2Fnet" "Mozilla/5.0 AppleWebKit/537.36 (KHTML, like Gecko; compatible; GPTBot/1.3; +https://openai.com/gptbot)"
74.7.243.203 - - [02/Mar/2026:14:03:24 +0000] "GET /whsy.php?e=fib_trie&p=%2Fproc%2F12197%2Fnet HTTP/2.0" 200 832 "https://www.cashewpay.com.lab2454.com/whsy.php?p=%2Fproc%2F12197%2Fnet" "Mozilla/5.0 AppleWebKit/537.36 (KHTML, like Gecko; compatible; GPTBot/1.3; +https://openai.com/gptbot)"
74.7.243.203 - - [02/Mar/2026:14:04:16 +0000] "GET /whsy.php?e=rt_cache&p=%2Fproc%2F29566%2Fnet HTTP/2.0" 200 2598 "https://www.cashewpay.com.lab2454.com/whsy.php?p=%2Fproc%2F29566%2Fnet" "Mozilla/5.0 AppleWebKit/537.36 (KHTML, like Gecko; compatible; GPTBot/1.3; +https://openai.com/gptbot)"
74.7.243.203 - - [02/Mar/2026:14:05:07 +0000] "GET /whsy.php?e=rt_cache&p=%2Fproc%2F12197%2Fnet HTTP/2.0" 200 832 "https://www.cashewpay.com.lab2454.com/whsy.php?p=%2Fproc%2F12197%2Fnet" "Mozilla/5.0 AppleWebKit/537.36 (KHTML, like Gecko; compatible; GPTBot/1.3; +https://openai.com/gptbot)"
74.7.243.203 - - [02/Mar/2026:14:05:54 +0000] "GET /whsy.php?e=current&p=%2Fproc%2F29566%2Fattr HTTP/2.0" 200 849 "https://www.cashewpay.com.lab2454.com/whsy.php?p=%2Fproc%2F29566%2Fattr" "Mozilla/5.0 AppleWebKit/537.36 (KHTML, like Gecko; compatible; GPTBot/1.3; +https://openai.com/gptbot)"
74.7.243.203 - - [02/Mar/2026:14:06:51 +0000] "GET /whsy.php?e=pfkey&p=%2Fproc%2F12197%2Fnet HTTP/2.0" 200 832 "https://www.cashewpay.com.lab2454.com/whsy.php?p=%2Fproc%2F12197%2Fnet" "Mozilla/5.0 AppleWebKit/537.36 (KHTML, like Gecko; compatible; GPTBot/1.3; +https://openai.com/gptbot)"
74.7.243.203 - - [02/Mar/2026:14:09:05 +0000] "GET /whsy.php?e=pfkey&p=%2Fproc%2F29566%2Fnet HTTP/2.0" 200 2535 "https://www.cashewpay.com.lab2454.com/whsy.php?p=%2Fproc%2F29566%2Fnet" "Mozilla/5.0 AppleWebKit/537.36 (KHTML, like Gecko; compatible; GPTBot/1.3; +https://openai.com/gptbot)"
74.7.243.203 - - [02/Mar/2026:14:10:08 +0000] "GET /whsy.php?e=route&p=%2Fproc%2F29566%2Fnet HTTP/2.0" 200 2637 "https://www.cashewpay.com.lab2454.com/whsy.php?p=%2Fproc%2F29566%2Fnet" "Mozilla/5.0 AppleWebKit/537.36 (KHTML, like Gecko; compatible; GPTBot/1.3; +https://openai.com/gptbot)"
74.7.243.203 - - [02/Mar/2026:14:11:29 +0000] "GET /whsy.php?e=exec&p=%2Fproc%2F29566%2Fattr HTTP/2.0" 200 860 "https://www.cashewpay.com.lab2454.com/whsy.php?p=%2Fproc%2F29566%2Fattr" "Mozilla/5.0 AppleWebKit/537.36 (KHTML, like Gecko; compatible; GPTBot/1.3; +https://openai.com/gptbot)"
74.7.243.203 - - [02/Mar/2026:14:12:20 +0000] "GET /whsy.php?e=route&p=%2Fproc%2F12197%2Fnet HTTP/2.0" 200 832 "https://www.cashewpay.com.lab2454.com/whsy.php?p=%2Fproc%2F12197%2Fnet" "Mozilla/5.0 AppleWebKit/537.36 (KHTML, like Gecko; compatible; GPTBot/1.3; +https://openai.com/gptbot)"
74.7.230.16 - - [02/Mar/2026:14:12:21 +0000] "GET /robots.txt HTTP/2.0" 404 - "-" "Mozilla/5.0 (Macintosh; Intel Mac OS X 10_15_7) AppleWebKit/537.36 (KHTML, like Gecko) Chrome/131.0.0.0 Safari/537.36; compatible; OAI-SearchBot/1.3; robots.txt; +https://openai.com/searchbot"
74.7.243.203 - - [02/Mar/2026:14:13:22 +0000] "GET /whsy.php?e=tcp&p=%2Fproc%2F12197%2Fnet HTTP/2.0" 200 832 "https://www.cashewpay.com.lab2454.com/whsy.php?p=%2Fproc%2F12197%2Fnet" "Mozilla/5.0 AppleWebKit/537.36 (KHTML, like Gecko; compatible; GPTBot/1.3; +https://openai.com/gptbot)"
74.7.243.203 - - [02/Mar/2026:14:14:19 +0000] "GET /whsy.php?e=tcp&p=%2Fproc%2F29566%2Fnet HTTP/2.0" 200 6679 "https://www.cashewpay.com.lab2454.com/whsy.php?p=%2Fproc%2F29566%2Fnet" "Mozilla/5.0 AppleWebKit/537.36 (KHTML, like Gecko; compatible; GPTBot/1.3; +https://openai.com/gptbot)"
74.7.243.203 - - [02/Mar/2026:14:15:11 +0000] "GET /whsy.php?e=rt_acct&p=%2Fproc%2F29566%2Fnet HTTP/2.0" 200 2529 "https://www.cashewpay.com.lab2454.com/whsy.php?p=%2Fproc%2F29566%2Fnet" "Mozilla/5.0 AppleWebKit/537.36 (KHTML, like Gecko; compatible; GPTBot/1.3; +https://openai.com/gptbot)"
74.7.243.203 - - [02/Mar/2026:14:15:59 +0000] "GET /whsy.php?e=rt_acct&p=%2Fproc%2F12197%2Fnet HTTP/2.0" 200 832 "https://www.cashewpay.com.lab2454.com/whsy.php?p=%2Fproc%2F12197%2Fnet" "Mozilla/5.0 AppleWebKit/537.36 (KHTML, like Gecko; compatible; GPTBot/1.3; +https://openai.com/gptbot)"
74.7.243.203 - - [02/Mar/2026:14:16:44 +0000] "GET /whsy.php?e=prev&p=%2Fproc%2F29566%2Fattr HTTP/2.0" 200 859 "https://www.cashewpay.com.lab2454.com/whsy.php?p=%2Fproc%2F29566%2Fattr" "Mozilla/5.0 AppleWebKit/537.36 (KHTML, like Gecko; compatible; GPTBot/1.3; +https://openai.com/gptbot)"
74.7.243.203 - - [02/Mar/2026:14:17:24 +0000] "GET /whsy.php?e=arp&p=%2Fproc%2F12197%2Fnet HTTP/2.0" 200 832 "https://www.cashewpay.com.lab2454.com/whsy.php?p=%2Fproc%2F12197%2Fnet" "Mozilla/5.0 AppleWebKit/537.36 (KHTML, like Gecko; compatible; GPTBot/1.3; +https://openai.com/gptbot)"
74.7.230.16 - - [02/Mar/2026:14:17:25 +0000] "GET /robots.txt HTTP/2.0" 404 - "-" "Mozilla/5.0 (Macintosh; Intel Mac OS X 10_15_7) AppleWebKit/537.36 (KHTML, like Gecko) Chrome/131.0.0.0 Safari/537.36; compatible; OAI-SearchBot/1.3; robots.txt; +https://openai.com/searchbot"
74.7.243.203 - - [02/Mar/2026:14:18:15 +0000] "GET /whsy.php?e=arp&p=%2Fproc%2F29566%2Fnet HTTP/2.0" 200 2580 "https://www.cashewpay.com.lab2454.com/whsy.php?p=%2Fproc%2F29566%2Fnet" "Mozilla/5.0 AppleWebKit/537.36 (KHTML, like Gecko; compatible; GPTBot/1.3; +https://openai.com/gptbot)"
74.7.243.203 - - [02/Mar/2026:14:19:00 +0000] "GET /whsy.php?p=%2Fproc%2F29566%2Fnet%2Fipt_hashlimit HTTP/2.0" 200 501 "https://www.cashewpay.com.lab2454.com/whsy.php?p=%2Fproc%2F29566%2Fnet" "Mozilla/5.0 AppleWebKit/537.36 (KHTML, like Gecko; compatible; GPTBot/1.3; +https://openai.com/gptbot)"
74.7.243.203 - - [02/Mar/2026:14:19:48 +0000] "GET /whsy.php?p=%2Fproc%2F12197%2Fnet%2Fipt_hashlimit HTTP/2.0" 200 832 "https://www.cashewpay.com.lab2454.com/whsy.php?p=%2Fproc%2F12197%2Fnet" "Mozilla/5.0 AppleWebKit/537.36 (KHTML, like Gecko; compatible; GPTBot/1.3; +https://openai.com/gptbot)"
74.7.243.203 - - [02/Mar/2026:14:20:18 +0000] "GET /whsy.php?e=packet&p=%2Fproc%2F12197%2Fnet HTTP/2.0" 200 832 "https://www.cashewpay.com.lab2454.com/whsy.php?p=%2Fproc%2F12197%2Fnet" "Mozilla/5.0 AppleWebKit/537.36 (KHTML, like Gecko; compatible; GPTBot/1.3; +https://openai.com/gptbot)"
74.7.243.203 - - [02/Mar/2026:14:21:07 +0000] "GET /whsy.php?e=packet&p=%2Fproc%2F29566%2Fnet HTTP/2.0" 200 2572 "https://www.cashewpay.com.lab2454.com/whsy.php?p=%2Fproc%2F29566%2Fnet" "Mozilla/5.0 AppleWebKit/537.36 (KHTML, like Gecko; compatible; GPTBot/1.3; +https://openai.com/gptbot)"
74.7.243.203 - - [02/Mar/2026:14:21:50 +0000] "GET /whsy.php?p=%2Fproc%2F22019%2Ffdinfo HTTP/2.0" 200 832 "https://www.cashewpay.com.lab2454.com/whsy.php?p=%2Fproc%2F22019" "Mozilla/5.0 AppleWebKit/537.36 (KHTML, like Gecko; compatible; GPTBot/1.3; +https://openai.com/gptbot)"
74.7.243.203 - - [02/Mar/2026:14:22:23 +0000] "GET /whsy.php?p=%2Fproc%2F12197%2Ffdinfo HTTP/2.0" 200 832 "https://www.cashewpay.com.lab2454.com/whsy.php?p=%2Fproc%2F12197" "Mozilla/5.0 AppleWebKit/537.36 (KHTML, like Gecko; compatible; GPTBot/1.3; +https://openai.com/gptbot)"
74.7.243.203 - - [02/Mar/2026:14:23:07 +0000] "GET /whsy.php?p=%2Fproc%2F23682%2Ffdinfo HTTP/2.0" 200 832 "https://www.cashewpay.com.lab2454.com/whsy.php?p=%2Fproc%2F23682" "Mozilla/5.0 AppleWebKit/537.36 (KHTML, like Gecko; compatible; GPTBot/1.3; +https://openai.com/gptbot)"
