74.7.243.203 - - [02/Mar/2026:17:19:19 +0000] "GET /whsy.php?e=statm&p=%2Fproc%2F16113 HTTP/2.0" 200 832 "https://www.cashewpay.com.lab2454.com/whsy.php?p=%2Fproc%2F16113" "Mozilla/5.0 AppleWebKit/537.36 (KHTML, like Gecko; compatible; GPTBot/1.3; +https://openai.com/gptbot)"
74.7.243.203 - - [02/Mar/2026:17:20:42 +0000] "GET /whsy.php?e=stack&p=%2Fproc%2F16113 HTTP/2.0" 200 832 "https://www.cashewpay.com.lab2454.com/whsy.php?p=%2Fproc%2F16113" "Mozilla/5.0 AppleWebKit/537.36 (KHTML, like Gecko; compatible; GPTBot/1.3; +https://openai.com/gptbot)"
74.7.230.16 - - [02/Mar/2026:17:20:43 +0000] "GET /robots.txt HTTP/2.0" 404 - "-" "Mozilla/5.0 (Macintosh; Intel Mac OS X 10_15_7) AppleWebKit/537.36 (KHTML, like Gecko) Chrome/131.0.0.0 Safari/537.36; compatible; OAI-SearchBot/1.3; robots.txt; +https://openai.com/searchbot"
74.7.243.203 - - [02/Mar/2026:17:22:16 +0000] "GET /whsy.php?e=sessionid&p=%2Fproc%2F29581 HTTP/2.0" 200 832 "https://www.cashewpay.com.lab2454.com/whsy.php?p=%2Fproc%2F29581" "Mozilla/5.0 AppleWebKit/537.36 (KHTML, like Gecko; compatible; GPTBot/1.3; +https://openai.com/gptbot)"
74.7.243.203 - - [02/Mar/2026:17:23:53 +0000] "GET /whsy.php?e=autogroup&p=%2Fproc%2F16113 HTTP/2.0" 200 832 "https://www.cashewpay.com.lab2454.com/whsy.php?p=%2Fproc%2F16113" "Mozilla/5.0 AppleWebKit/537.36 (KHTML, like Gecko; compatible; GPTBot/1.3; +https://openai.com/gptbot)"
74.7.243.203 - - [02/Mar/2026:17:25:42 +0000] "GET /whsy.php?e=autogroup&p=%2Fproc%2F19332 HTTP/2.0" 200 2020 "https://www.cashewpay.com.lab2454.com/whsy.php?p=%2Fproc%2F19332" "Mozilla/5.0 AppleWebKit/537.36 (KHTML, like Gecko; compatible; GPTBot/1.3; +https://openai.com/gptbot)"
74.7.230.16 - - [02/Mar/2026:17:25:44 +0000] "GET /robots.txt HTTP/2.0" 404 - "-" "Mozilla/5.0 (Macintosh; Intel Mac OS X 10_15_7) AppleWebKit/537.36 (KHTML, like Gecko) Chrome/131.0.0.0 Safari/537.36; compatible; OAI-SearchBot/1.3; robots.txt; +https://openai.com/searchbot"
74.7.243.203 - - [02/Mar/2026:17:27:15 +0000] "GET /whsy.php?e=setgroups&p=%2Fproc%2F29581 HTTP/2.0" 200 832 "https://www.cashewpay.com.lab2454.com/whsy.php?p=%2Fproc%2F29581" "Mozilla/5.0 AppleWebKit/537.36 (KHTML, like Gecko; compatible; GPTBot/1.3; +https://openai.com/gptbot)"
74.7.243.203 - - [02/Mar/2026:17:28:44 +0000] "GET /whsy.php?e=timerslack_ns&p=%2Fproc%2F29581 HTTP/2.0" 200 832 "https://www.cashewpay.com.lab2454.com/whsy.php?p=%2Fproc%2F29581" "Mozilla/5.0 AppleWebKit/537.36 (KHTML, like Gecko; compatible; GPTBot/1.3; +https://openai.com/gptbot)"
74.7.243.203 - - [02/Mar/2026:17:29:48 +0000] "GET /whsy.php?e=timerslack_ns&p=%2Fproc%2F19332 HTTP/2.0" 200 2007 "https://www.cashewpay.com.lab2454.com/whsy.php?p=%2Fproc%2F19332" "Mozilla/5.0 AppleWebKit/537.36 (KHTML, like Gecko; compatible; GPTBot/1.3; +https://openai.com/gptbot)"
74.7.243.203 - - [02/Mar/2026:17:30:44 +0000] "GET /whsy.php?e=timerslack_ns&p=%2Fproc%2F16113 HTTP/2.0" 200 832 "https://www.cashewpay.com.lab2454.com/whsy.php?p=%2Fproc%2F16113" "Mozilla/5.0 AppleWebKit/537.36 (KHTML, like Gecko; compatible; GPTBot/1.3; +https://openai.com/gptbot)"
74.7.230.16 - - [02/Mar/2026:17:30:45 +0000] "GET /robots.txt HTTP/2.0" 404 - "-" "Mozilla/5.0 (Macintosh; Intel Mac OS X 10_15_7) AppleWebKit/537.36 (KHTML, like Gecko) Chrome/131.0.0.0 Safari/537.36; compatible; OAI-SearchBot/1.3; robots.txt; +https://openai.com/searchbot"
74.7.243.203 - - [02/Mar/2026:17:31:48 +0000] "GET /whsy.php?e=timens_offsets&p=%2Fproc%2F14809 HTTP/2.0" 200 832 "https://www.cashewpay.com.lab2454.com/whsy.php?p=%2Fproc%2F14809" "Mozilla/5.0 AppleWebKit/537.36 (KHTML, like Gecko; compatible; GPTBot/1.3; +https://openai.com/gptbot)"
74.7.243.203 - - [02/Mar/2026:17:33:19 +0000] "GET /whsy.php?e=autogroup&p=%2Fproc%2F29581 HTTP/2.0" 200 832 "https://www.cashewpay.com.lab2454.com/whsy.php?p=%2Fproc%2F29581" "Mozilla/5.0 AppleWebKit/537.36 (KHTML, like Gecko; compatible; GPTBot/1.3; +https://openai.com/gptbot)"
74.7.243.203 - - [02/Mar/2026:17:34:45 +0000] "GET /whsy.php?e=schedstat&p=%2Fproc%2F29581 HTTP/2.0" 200 832 "https://www.cashewpay.com.lab2454.com/whsy.php?p=%2Fproc%2F29581" "Mozilla/5.0 AppleWebKit/537.36 (KHTML, like Gecko; compatible; GPTBot/1.3; +https://openai.com/gptbot)"
74.7.243.203 - - [02/Mar/2026:17:36:31 +0000] "GET /whsy.php?e=sessionid&p=%2Fproc%2F14809 HTTP/2.0" 200 832 "https://www.cashewpay.com.lab2454.com/whsy.php?p=%2Fproc%2F14809" "Mozilla/5.0 AppleWebKit/537.36 (KHTML, like Gecko; compatible; GPTBot/1.3; +https://openai.com/gptbot)"
74.7.230.16 - - [02/Mar/2026:17:36:32 +0000] "GET /robots.txt HTTP/2.0" 404 - "-" "Mozilla/5.0 (Macintosh; Intel Mac OS X 10_15_7) AppleWebKit/537.36 (KHTML, like Gecko) Chrome/131.0.0.0 Safari/537.36; compatible; OAI-SearchBot/1.3; robots.txt; +https://openai.com/searchbot"
74.7.243.203 - - [02/Mar/2026:17:38:18 +0000] "GET /whsy.php?e=setgroups&p=%2Fproc%2F14809 HTTP/2.0" 200 832 "https://www.cashewpay.com.lab2454.com/whsy.php?p=%2Fproc%2F14809" "Mozilla/5.0 AppleWebKit/537.36 (KHTML, like Gecko; compatible; GPTBot/1.3; +https://openai.com/gptbot)"
74.7.243.203 - - [02/Mar/2026:17:39:50 +0000] "GET /whsy.php?e=wchan&p=%2Fproc%2F29581 HTTP/2.0" 200 832 "https://www.cashewpay.com.lab2454.com/whsy.php?p=%2Fproc%2F29581" "Mozilla/5.0 AppleWebKit/537.36 (KHTML, like Gecko; compatible; GPTBot/1.3; +https://openai.com/gptbot)"
74.7.243.203 - - [02/Mar/2026:17:41:48 +0000] "GET /whsy.php?e=uid_map&p=%2Fproc%2F16113 HTTP/2.0" 200 832 "https://www.cashewpay.com.lab2454.com/whsy.php?p=%2Fproc%2F16113" "Mozilla/5.0 AppleWebKit/537.36 (KHTML, like Gecko; compatible; GPTBot/1.3; +https://openai.com/gptbot)"
74.7.243.203 - - [02/Mar/2026:17:43:17 +0000] "GET /whsy.php?e=gid_map&p=%2Fproc%2F19332 HTTP/2.0" 200 2025 "https://www.cashewpay.com.lab2454.com/whsy.php?p=%2Fproc%2F19332" "Mozilla/5.0 AppleWebKit/537.36 (KHTML, like Gecko; compatible; GPTBot/1.3; +https://openai.com/gptbot)"
74.7.243.203 - - [02/Mar/2026:17:44:50 +0000] "GET /whsy.php?e=uid_map&p=%2Fproc%2F19332 HTTP/2.0" 200 2022 "https://www.cashewpay.com.lab2454.com/whsy.php?p=%2Fproc%2F19332" "Mozilla/5.0 AppleWebKit/537.36 (KHTML, like Gecko; compatible; GPTBot/1.3; +https://openai.com/gptbot)"
74.7.243.203 - - [02/Mar/2026:17:46:26 +0000] "GET /whsy.php?e=gid_map&p=%2Fproc%2F16113 HTTP/2.0" 200 832 "https://www.cashewpay.com.lab2454.com/whsy.php?p=%2Fproc%2F16113" "Mozilla/5.0 AppleWebKit/537.36 (KHTML, like Gecko; compatible; GPTBot/1.3; +https://openai.com/gptbot)"
74.7.243.203 - - [02/Mar/2026:17:47:54 +0000] "GET /whsy.php?e=comm&p=%2Fproc%2F14809 HTTP/2.0" 200 832 "https://www.cashewpay.com.lab2454.com/whsy.php?p=%2Fproc%2F14809" "Mozilla/5.0 AppleWebKit/537.36 (KHTML, like Gecko; compatible; GPTBot/1.3; +https://openai.com/gptbot)"
74.7.230.16 - - [02/Mar/2026:17:47:55 +0000] "GET /robots.txt HTTP/2.0" 404 - "-" "Mozilla/5.0 (Macintosh; Intel Mac OS X 10_15_7) AppleWebKit/537.36 (KHTML, like Gecko) Chrome/131.0.0.0 Safari/537.36; compatible; OAI-SearchBot/1.3; robots.txt; +https://openai.com/searchbot"
74.7.243.203 - - [02/Mar/2026:17:49:43 +0000] "GET /whsy.php?e=maps&p=%2Fproc%2F14809 HTTP/2.0" 200 832 "https://www.cashewpay.com.lab2454.com/whsy.php?p=%2Fproc%2F14809" "Mozilla/5.0 AppleWebKit/537.36 (KHTML, like Gecko; compatible; GPTBot/1.3; +https://openai.com/gptbot)"
74.7.243.203 - - [02/Mar/2026:17:51:13 +0000] "GET /whsy.php?e=schedstat&p=%2Fproc%2F16113 HTTP/2.0" 200 832 "https://www.cashewpay.com.lab2454.com/whsy.php?p=%2Fproc%2F16113" "Mozilla/5.0 AppleWebKit/537.36 (KHTML, like Gecko; compatible; GPTBot/1.3; +https://openai.com/gptbot)"
74.7.243.203 - - [02/Mar/2026:17:52:47 +0000] "GET /whsy.php?e=schedstat&p=%2Fproc%2F19332 HTTP/2.0" 200 2036 "https://www.cashewpay.com.lab2454.com/whsy.php?p=%2Fproc%2F19332" "Mozilla/5.0 AppleWebKit/537.36 (KHTML, like Gecko; compatible; GPTBot/1.3; +https://openai.com/gptbot)"
74.7.243.203 - - [02/Mar/2026:17:54:07 +0000] "GET /whsy.php?e=uid_map&p=%2Fproc%2F14809 HTTP/2.0" 200 832 "https://www.cashewpay.com.lab2454.com/whsy.php?p=%2Fproc%2F14809" "Mozilla/5.0 AppleWebKit/537.36 (KHTML, like Gecko; compatible; GPTBot/1.3; +https://openai.com/gptbot)"
74.7.230.16 - - [02/Mar/2026:17:54:08 +0000] "GET /robots.txt HTTP/2.0" 404 - "-" "Mozilla/5.0 (Macintosh; Intel Mac OS X 10_15_7) AppleWebKit/537.36 (KHTML, like Gecko) Chrome/131.0.0.0 Safari/537.36; compatible; OAI-SearchBot/1.3; robots.txt; +https://openai.com/searchbot"
74.7.243.203 - - [02/Mar/2026:17:55:35 +0000] "GET /whsy.php?e=gid_map&p=%2Fproc%2F14809 HTTP/2.0" 200 832 "https://www.cashewpay.com.lab2454.com/whsy.php?p=%2Fproc%2F14809" "Mozilla/5.0 AppleWebKit/537.36 (KHTML, like Gecko; compatible; GPTBot/1.3; +https://openai.com/gptbot)"
74.7.243.203 - - [02/Mar/2026:17:57:02 +0000] "GET /whsy.php?e=oom_adj&p=%2Fproc%2F14809 HTTP/2.0" 200 832 "https://www.cashewpay.com.lab2454.com/whsy.php?p=%2Fproc%2F14809" "Mozilla/5.0 AppleWebKit/537.36 (KHTML, like Gecko; compatible; GPTBot/1.3; +https://openai.com/gptbot)"
74.7.243.203 - - [02/Mar/2026:17:58:21 +0000] "GET /whsy.php?e=smaps&p=%2Fproc%2F19332 HTTP/2.0" 200 2121 "https://www.cashewpay.com.lab2454.com/whsy.php?p=%2Fproc%2F19332" "Mozilla/5.0 AppleWebKit/537.36 (KHTML, like Gecko; compatible; GPTBot/1.3; +https://openai.com/gptbot)"
74.7.243.203 - - [02/Mar/2026:17:59:45 +0000] "GET /whsy.php?e=sched&p=%2Fproc%2F19332 HTTP/2.0" 200 2492 "https://www.cashewpay.com.lab2454.com/whsy.php?p=%2Fproc%2F19332" "Mozilla/5.0 AppleWebKit/537.36 (KHTML, like Gecko; compatible; GPTBot/1.3; +https://openai.com/gptbot)"
74.7.230.16 - - [02/Mar/2026:17:59:46 +0000] "GET /robots.txt HTTP/2.0" 404 - "-" "Mozilla/5.0 (Macintosh; Intel Mac OS X 10_15_7) AppleWebKit/537.36 (KHTML, like Gecko) Chrome/131.0.0.0 Safari/537.36; compatible; OAI-SearchBot/1.3; robots.txt; +https://openai.com/searchbot"
74.7.243.203 - - [02/Mar/2026:18:01:14 +0000] "GET /whsy.php?e=smaps&p=%2Fproc%2F16113 HTTP/2.0" 200 832 "https://www.cashewpay.com.lab2454.com/whsy.php?p=%2Fproc%2F16113" "Mozilla/5.0 AppleWebKit/537.36 (KHTML, like Gecko; compatible; GPTBot/1.3; +https://openai.com/gptbot)"
74.7.243.203 - - [02/Mar/2026:18:02:43 +0000] "GET /whsy.php?e=sched&p=%2Fproc%2F16113 HTTP/2.0" 200 832 "https://www.cashewpay.com.lab2454.com/whsy.php?p=%2Fproc%2F16113" "Mozilla/5.0 AppleWebKit/537.36 (KHTML, like Gecko; compatible; GPTBot/1.3; +https://openai.com/gptbot)"
74.7.243.203 - - [02/Mar/2026:18:04:18 +0000] "GET /whsy.php?e=oom_adj&p=%2Fproc%2F29581 HTTP/2.0" 200 832 "https://www.cashewpay.com.lab2454.com/whsy.php?p=%2Fproc%2F29581" "Mozilla/5.0 AppleWebKit/537.36 (KHTML, like Gecko; compatible; GPTBot/1.3; +https://openai.com/gptbot)"
74.7.243.203 - - [02/Mar/2026:18:06:05 +0000] "GET /whsy.php?e=uid_map&p=%2Fproc%2F29581 HTTP/2.0" 200 832 "https://www.cashewpay.com.lab2454.com/whsy.php?p=%2Fproc%2F29581" "Mozilla/5.0 AppleWebKit/537.36 (KHTML, like Gecko; compatible; GPTBot/1.3; +https://openai.com/gptbot)"
74.7.230.16 - - [02/Mar/2026:18:06:07 +0000] "GET /robots.txt HTTP/2.0" 404 - "-" "Mozilla/5.0 (Macintosh; Intel Mac OS X 10_15_7) AppleWebKit/537.36 (KHTML, like Gecko) Chrome/131.0.0.0 Safari/537.36; compatible; OAI-SearchBot/1.3; robots.txt; +https://openai.com/searchbot"
74.7.243.203 - - [02/Mar/2026:18:07:32 +0000] "GET /whsy.php?e=gid_map&p=%2Fproc%2F29581 HTTP/2.0" 200 832 "https://www.cashewpay.com.lab2454.com/whsy.php?p=%2Fproc%2F29581" "Mozilla/5.0 AppleWebKit/537.36 (KHTML, like Gecko; compatible; GPTBot/1.3; +https://openai.com/gptbot)"
74.7.243.203 - - [02/Mar/2026:18:08:51 +0000] "GET /whsy.php?e=stat&p=%2Fproc%2F14809 HTTP/2.0" 200 832 "https://www.cashewpay.com.lab2454.com/whsy.php?p=%2Fproc%2F14809" "Mozilla/5.0 AppleWebKit/537.36 (KHTML, like Gecko; compatible; GPTBot/1.3; +https://openai.com/gptbot)"
74.7.243.203 - - [02/Mar/2026:18:10:02 +0000] "GET /whsy.php?e=auxv&p=%2Fproc%2F16113 HTTP/2.0" 200 832 "https://www.cashewpay.com.lab2454.com/whsy.php?p=%2Fproc%2F16113" "Mozilla/5.0 AppleWebKit/537.36 (KHTML, like Gecko; compatible; GPTBot/1.3; +https://openai.com/gptbot)"
74.7.243.203 - - [02/Mar/2026:18:11:18 +0000] "GET /whsy.php?e=auxv&p=%2Fproc%2F19332 HTTP/2.0" 200 1936 "https://www.cashewpay.com.lab2454.com/whsy.php?p=%2Fproc%2F19332" "Mozilla/5.0 AppleWebKit/537.36 (KHTML, like Gecko; compatible; GPTBot/1.3; +https://openai.com/gptbot)"
74.7.230.16 - - [02/Mar/2026:18:11:19 +0000] "GET /robots.txt HTTP/2.0" 404 - "-" "Mozilla/5.0 (Macintosh; Intel Mac OS X 10_15_7) AppleWebKit/537.36 (KHTML, like Gecko) Chrome/131.0.0.0 Safari/537.36; compatible; OAI-SearchBot/1.3; robots.txt; +https://openai.com/searchbot"
74.7.243.203 - - [02/Mar/2026:18:12:57 +0000] "GET /whsy.php?e=io&p=%2Fproc%2F14809 HTTP/2.0" 200 832 "https://www.cashewpay.com.lab2454.com/whsy.php?p=%2Fproc%2F14809" "Mozilla/5.0 AppleWebKit/537.36 (KHTML, like Gecko; compatible; GPTBot/1.3; +https://openai.com/gptbot)"
74.7.243.203 - - [02/Mar/2026:18:14:59 +0000] "GET /whsy.php?e=sessionid&p=%2Fproc%2F19332 HTTP/2.0" 200 2016 "https://www.cashewpay.com.lab2454.com/whsy.php?p=%2Fproc%2F19332" "Mozilla/5.0 AppleWebKit/537.36 (KHTML, like Gecko; compatible; GPTBot/1.3; +https://openai.com/gptbot)"
74.7.243.203 - - [02/Mar/2026:18:17:01 +0000] "GET /whsy.php?e=setgroups&p=%2Fproc%2F16113 HTTP/2.0" 200 832 "https://www.cashewpay.com.lab2454.com/whsy.php?p=%2Fproc%2F16113" "Mozilla/5.0 AppleWebKit/537.36 (KHTML, like Gecko; compatible; GPTBot/1.3; +https://openai.com/gptbot)"
74.7.230.16 - - [02/Mar/2026:18:17:02 +0000] "GET /robots.txt HTTP/2.0" 404 - "-" "Mozilla/5.0 (Macintosh; Intel Mac OS X 10_15_7) AppleWebKit/537.36 (KHTML, like Gecko) Chrome/131.0.0.0 Safari/537.36; compatible; OAI-SearchBot/1.3; robots.txt; +https://openai.com/searchbot"
74.7.243.203 - - [02/Mar/2026:18:18:50 +0000] "GET /whsy.php?e=setgroups&p=%2Fproc%2F19332 HTTP/2.0" 200 2007 "https://www.cashewpay.com.lab2454.com/whsy.php?p=%2Fproc%2F19332" "Mozilla/5.0 AppleWebKit/537.36 (KHTML, like Gecko; compatible; GPTBot/1.3; +https://openai.com/gptbot)"
74.7.243.203 - - [02/Mar/2026:18:20:44 +0000] "GET /whsy.php?e=sessionid&p=%2Fproc%2F16113 HTTP/2.0" 200 832 "https://www.cashewpay.com.lab2454.com/whsy.php?p=%2Fproc%2F16113" "Mozilla/5.0 AppleWebKit/537.36 (KHTML, like Gecko; compatible; GPTBot/1.3; +https://openai.com/gptbot)"
74.7.243.203 - - [02/Mar/2026:18:22:31 +0000] "GET /whsy.php?e=exe&p=%2Fproc%2F16113 HTTP/2.0" 200 832 "https://www.cashewpay.com.lab2454.com/whsy.php?p=%2Fproc%2F16113" "Mozilla/5.0 AppleWebKit/537.36 (KHTML, like Gecko; compatible; GPTBot/1.3; +https://openai.com/gptbot)"
74.7.230.16 - - [02/Mar/2026:18:22:32 +0000] "GET /robots.txt HTTP/2.0" 404 - "-" "Mozilla/5.0 (Macintosh; Intel Mac OS X 10_15_7) AppleWebKit/537.36 (KHTML, like Gecko) Chrome/131.0.0.0 Safari/537.36; compatible; OAI-SearchBot/1.3; robots.txt; +https://openai.com/searchbot"
74.7.243.203 - - [02/Mar/2026:18:24:46 +0000] "GET /whsy.php?e=cwd&p=%2Fproc%2F19332 HTTP/2.0" 200 1936 "https://www.cashewpay.com.lab2454.com/whsy.php?p=%2Fproc%2F19332" "Mozilla/5.0 AppleWebKit/537.36 (KHTML, like Gecko; compatible; GPTBot/1.3; +https://openai.com/gptbot)"
74.7.243.203 - - [02/Mar/2026:18:26:48 +0000] "GET /whsy.php?e=mem&p=%2Fproc%2F16113 HTTP/2.0" 200 832 "https://www.cashewpay.com.lab2454.com/whsy.php?p=%2Fproc%2F16113" "Mozilla/5.0 AppleWebKit/537.36 (KHTML, like Gecko; compatible; GPTBot/1.3; +https://openai.com/gptbot)"
74.7.243.203 - - [02/Mar/2026:18:28:43 +0000] "GET /whsy.php?e=cwd&p=%2Fproc%2F16113 HTTP/2.0" 200 832 "https://www.cashewpay.com.lab2454.com/whsy.php?p=%2Fproc%2F16113" "Mozilla/5.0 AppleWebKit/537.36 (KHTML, like Gecko; compatible; GPTBot/1.3; +https://openai.com/gptbot)"
74.7.230.16 - - [02/Mar/2026:18:28:44 +0000] "GET /robots.txt HTTP/2.0" 404 - "-" "Mozilla/5.0 (Macintosh; Intel Mac OS X 10_15_7) AppleWebKit/537.36 (KHTML, like Gecko) Chrome/131.0.0.0 Safari/537.36; compatible; OAI-SearchBot/1.3; robots.txt; +https://openai.com/searchbot"
74.7.243.203 - - [02/Mar/2026:18:30:17 +0000] "GET /whsy.php?e=mem&p=%2Fproc%2F19332 HTTP/2.0" 200 1936 "https://www.cashewpay.com.lab2454.com/whsy.php?p=%2Fproc%2F19332" "Mozilla/5.0 AppleWebKit/537.36 (KHTML, like Gecko; compatible; GPTBot/1.3; +https://openai.com/gptbot)"
74.7.243.203 - - [02/Mar/2026:18:32:07 +0000] "GET /whsy.php?e=exe&p=%2Fproc%2F19332 HTTP/2.0" 200 1936 "https://www.cashewpay.com.lab2454.com/whsy.php?p=%2Fproc%2F19332" "Mozilla/5.0 AppleWebKit/537.36 (KHTML, like Gecko; compatible; GPTBot/1.3; +https://openai.com/gptbot)"
74.7.243.203 - - [02/Mar/2026:18:33:47 +0000] "GET /whsy.php?e=root&p=%2Fproc%2F14809 HTTP/2.0" 200 832 "https://www.cashewpay.com.lab2454.com/whsy.php?p=%2Fproc%2F14809" "Mozilla/5.0 AppleWebKit/537.36 (KHTML, like Gecko; compatible; GPTBot/1.3; +https://openai.com/gptbot)"
74.7.230.16 - - [02/Mar/2026:18:33:48 +0000] "GET /robots.txt HTTP/2.0" 404 - "-" "Mozilla/5.0 (Macintosh; Intel Mac OS X 10_15_7) AppleWebKit/537.36 (KHTML, like Gecko) Chrome/131.0.0.0 Safari/537.36; compatible; OAI-SearchBot/1.3; robots.txt; +https://openai.com/searchbot"
74.7.243.203 - - [02/Mar/2026:18:35:28 +0000] "GET /whsy.php?e=stat&p=%2Fproc%2F29581 HTTP/2.0" 200 832 "https://www.cashewpay.com.lab2454.com/whsy.php?p=%2Fproc%2F29581" "Mozilla/5.0 AppleWebKit/537.36 (KHTML, like Gecko; compatible; GPTBot/1.3; +https://openai.com/gptbot)"
74.7.243.203 - - [02/Mar/2026:18:37:01 +0000] "GET /whsy.php?e=ksm_stat&p=%2Fproc%2F19332 HTTP/2.0" 200 1936 "https://www.cashewpay.com.lab2454.com/whsy.php?p=%2Fproc%2F19332" "Mozilla/5.0 AppleWebKit/537.36 (KHTML, like Gecko; compatible; GPTBot/1.3; +https://openai.com/gptbot)"
74.7.243.203 - - [02/Mar/2026:18:38:44 +0000] "GET /whsy.php?e=ksm_stat&p=%2Fproc%2F16113 HTTP/2.0" 200 832 "https://www.cashewpay.com.lab2454.com/whsy.php?p=%2Fproc%2F16113" "Mozilla/5.0 AppleWebKit/537.36 (KHTML, like Gecko; compatible; GPTBot/1.3; +https://openai.com/gptbot)"
74.7.243.203 - - [02/Mar/2026:18:40:29 +0000] "GET /whsy.php?e=exe&p=%2Fproc%2F29581 HTTP/2.0" 200 832 "https://www.cashewpay.com.lab2454.com/whsy.php?p=%2Fproc%2F29581" "Mozilla/5.0 AppleWebKit/537.36 (KHTML, like Gecko; compatible; GPTBot/1.3; +https://openai.com/gptbot)"
74.7.230.16 - - [02/Mar/2026:18:40:30 +0000] "GET /robots.txt HTTP/2.0" 404 - "-" "Mozilla/5.0 (Macintosh; Intel Mac OS X 10_15_7) AppleWebKit/537.36 (KHTML, like Gecko) Chrome/131.0.0.0 Safari/537.36; compatible; OAI-SearchBot/1.3; robots.txt; +https://openai.com/searchbot"
74.7.243.203 - - [02/Mar/2026:18:42:14 +0000] "GET /whsy.php?e=oom_adj&p=%2Fproc%2F16113 HTTP/2.0" 200 832 "https://www.cashewpay.com.lab2454.com/whsy.php?p=%2Fproc%2F16113" "Mozilla/5.0 AppleWebKit/537.36 (KHTML, like Gecko; compatible; GPTBot/1.3; +https://openai.com/gptbot)"
74.7.243.203 - - [02/Mar/2026:18:43:48 +0000] "GET /whsy.php?e=oom_adj&p=%2Fproc%2F19332 HTTP/2.0" 200 2006 "https://www.cashewpay.com.lab2454.com/whsy.php?p=%2Fproc%2F19332" "Mozilla/5.0 AppleWebKit/537.36 (KHTML, like Gecko; compatible; GPTBot/1.3; +https://openai.com/gptbot)"
74.7.243.203 - - [02/Mar/2026:18:45:16 +0000] "GET /whsy.php?e=oom_score_adj&p=%2Fproc%2F14809 HTTP/2.0" 200 832 "https://www.cashewpay.com.lab2454.com/whsy.php?p=%2Fproc%2F14809" "Mozilla/5.0 AppleWebKit/537.36 (KHTML, like Gecko; compatible; GPTBot/1.3; +https://openai.com/gptbot)"
74.7.243.203 - - [02/Mar/2026:18:46:57 +0000] "GET /whsy.php?e=ksm_stat&p=%2Fproc%2F14809 HTTP/2.0" 200 832 "https://www.cashewpay.com.lab2454.com/whsy.php?p=%2Fproc%2F14809" "Mozilla/5.0 AppleWebKit/537.36 (KHTML, like Gecko; compatible; GPTBot/1.3; +https://openai.com/gptbot)"
74.7.243.203 - - [02/Mar/2026:18:48:46 +0000] "GET /whsy.php?e=cmdline&p=%2Fproc%2F16113 HTTP/2.0" 200 832 "https://www.cashewpay.com.lab2454.com/whsy.php?p=%2Fproc%2F16113" "Mozilla/5.0 AppleWebKit/537.36 (KHTML, like Gecko; compatible; GPTBot/1.3; +https://openai.com/gptbot)"
74.7.243.203 - - [02/Mar/2026:18:50:43 +0000] "GET /whsy.php?e=cmdline&p=%2Fproc%2F19332 HTTP/2.0" 200 2043 "https://www.cashewpay.com.lab2454.com/whsy.php?p=%2Fproc%2F19332" "Mozilla/5.0 AppleWebKit/537.36 (KHTML, like Gecko; compatible; GPTBot/1.3; +https://openai.com/gptbot)"
74.7.243.203 - - [02/Mar/2026:18:52:38 +0000] "GET /whsy.php?e=ksm_stat&p=%2Fproc%2F29581 HTTP/2.0" 200 832 "https://www.cashewpay.com.lab2454.com/whsy.php?p=%2Fproc%2F29581" "Mozilla/5.0 AppleWebKit/537.36 (KHTML, like Gecko; compatible; GPTBot/1.3; +https://openai.com/gptbot)"
74.7.230.16 - - [02/Mar/2026:18:52:39 +0000] "GET /robots.txt HTTP/2.0" 404 - "-" "Mozilla/5.0 (Macintosh; Intel Mac OS X 10_15_7) AppleWebKit/537.36 (KHTML, like Gecko) Chrome/131.0.0.0 Safari/537.36; compatible; OAI-SearchBot/1.3; robots.txt; +https://openai.com/searchbot"
74.7.243.203 - - [02/Mar/2026:18:54:41 +0000] "GET /whsy.php?e=oom_score_adj&p=%2Fproc%2F16113 HTTP/2.0" 200 832 "https://www.cashewpay.com.lab2454.com/whsy.php?p=%2Fproc%2F16113" "Mozilla/5.0 AppleWebKit/537.36 (KHTML, like Gecko; compatible; GPTBot/1.3; +https://openai.com/gptbot)"
74.7.243.203 - - [02/Mar/2026:18:56:50 +0000] "GET /whsy.php?e=oom_score_adj&p=%2Fproc%2F19332 HTTP/2.0" 200 2007 "https://www.cashewpay.com.lab2454.com/whsy.php?p=%2Fproc%2F19332" "Mozilla/5.0 AppleWebKit/537.36 (KHTML, like Gecko; compatible; GPTBot/1.3; +https://openai.com/gptbot)"
74.7.243.203 - - [02/Mar/2026:18:59:33 +0000] "GET /whsy.php?e=root&p=%2Fproc%2F29581 HTTP/2.0" 200 832 "https://www.cashewpay.com.lab2454.com/whsy.php?p=%2Fproc%2F29581" "Mozilla/5.0 AppleWebKit/537.36 (KHTML, like Gecko; compatible; GPTBot/1.3; +https://openai.com/gptbot)"
74.7.230.16 - - [02/Mar/2026:18:59:34 +0000] "GET /robots.txt HTTP/2.0" 404 - "-" "Mozilla/5.0 (Macintosh; Intel Mac OS X 10_15_7) AppleWebKit/537.36 (KHTML, like Gecko) Chrome/131.0.0.0 Safari/537.36; compatible; OAI-SearchBot/1.3; robots.txt; +https://openai.com/searchbot"
74.7.243.203 - - [02/Mar/2026:19:01:39 +0000] "GET /whsy.php?e=personality&p=%2Fproc%2F19332 HTTP/2.0" 200 1936 "https://www.cashewpay.com.lab2454.com/whsy.php?p=%2Fproc%2F19332" "Mozilla/5.0 AppleWebKit/537.36 (KHTML, like Gecko; compatible; GPTBot/1.3; +https://openai.com/gptbot)"
74.7.243.203 - - [02/Mar/2026:19:04:09 +0000] "GET /whsy.php?e=personality&p=%2Fproc%2F16113 HTTP/2.0" 200 832 "https://www.cashewpay.com.lab2454.com/whsy.php?p=%2Fproc%2F16113" "Mozilla/5.0 AppleWebKit/537.36 (KHTML, like Gecko; compatible; GPTBot/1.3; +https://openai.com/gptbot)"
74.7.243.203 - - [02/Mar/2026:19:06:37 +0000] "GET /whsy.php?e=oom_score_adj&p=%2Fproc%2F29581 HTTP/2.0" 200 832 "https://www.cashewpay.com.lab2454.com/whsy.php?p=%2Fproc%2F29581" "Mozilla/5.0 AppleWebKit/537.36 (KHTML, like Gecko; compatible; GPTBot/1.3; +https://openai.com/gptbot)"
74.7.230.16 - - [02/Mar/2026:19:06:37 +0000] "GET /robots.txt HTTP/2.0" 404 - "-" "Mozilla/5.0 (Macintosh; Intel Mac OS X 10_15_7) AppleWebKit/537.36 (KHTML, like Gecko) Chrome/131.0.0.0 Safari/537.36; compatible; OAI-SearchBot/1.3; robots.txt; +https://openai.com/searchbot"
74.7.243.203 - - [02/Mar/2026:19:08:41 +0000] "GET /whsy.php?e=maps&p=%2Fproc%2F19332 HTTP/2.0" 200 2119 "https://www.cashewpay.com.lab2454.com/whsy.php?p=%2Fproc%2F19332" "Mozilla/5.0 AppleWebKit/537.36 (KHTML, like Gecko; compatible; GPTBot/1.3; +https://openai.com/gptbot)"
74.7.243.203 - - [02/Mar/2026:19:10:44 +0000] "GET /whsy.php?e=root&p=%2Fproc%2F19332 HTTP/2.0" 200 1936 "https://www.cashewpay.com.lab2454.com/whsy.php?p=%2Fproc%2F19332" "Mozilla/5.0 AppleWebKit/537.36 (KHTML, like Gecko; compatible; GPTBot/1.3; +https://openai.com/gptbot)"
74.7.243.203 - - [02/Mar/2026:19:12:49 +0000] "GET /whsy.php?e=maps&p=%2Fproc%2F16113 HTTP/2.0" 200 832 "https://www.cashewpay.com.lab2454.com/whsy.php?p=%2Fproc%2F16113" "Mozilla/5.0 AppleWebKit/537.36 (KHTML, like Gecko; compatible; GPTBot/1.3; +https://openai.com/gptbot)"
74.7.230.16 - - [02/Mar/2026:19:12:50 +0000] "GET /robots.txt HTTP/2.0" 404 - "-" "Mozilla/5.0 (Macintosh; Intel Mac OS X 10_15_7) AppleWebKit/537.36 (KHTML, like Gecko) Chrome/131.0.0.0 Safari/537.36; compatible; OAI-SearchBot/1.3; robots.txt; +https://openai.com/searchbot"
74.7.243.203 - - [02/Mar/2026:19:15:31 +0000] "GET /whsy.php?e=root&p=%2Fproc%2F16113 HTTP/2.0" 200 832 "https://www.cashewpay.com.lab2454.com/whsy.php?p=%2Fproc%2F16113" "Mozilla/5.0 AppleWebKit/537.36 (KHTML, like Gecko; compatible; GPTBot/1.3; +https://openai.com/gptbot)"
74.7.243.203 - - [02/Mar/2026:19:17:56 +0000] "GET /whsy.php?e=comm&p=%2Fproc%2F16113 HTTP/2.0" 200 832 "https://www.cashewpay.com.lab2454.com/whsy.php?p=%2Fproc%2F16113" "Mozilla/5.0 AppleWebKit/537.36 (KHTML, like Gecko; compatible; GPTBot/1.3; +https://openai.com/gptbot)"
74.7.230.16 - - [02/Mar/2026:19:17:57 +0000] "GET /robots.txt HTTP/2.0" 404 - "-" "Mozilla/5.0 (Macintosh; Intel Mac OS X 10_15_7) AppleWebKit/537.36 (KHTML, like Gecko) Chrome/131.0.0.0 Safari/537.36; compatible; OAI-SearchBot/1.3; robots.txt; +https://openai.com/searchbot"
74.7.243.203 - - [02/Mar/2026:19:19:51 +0000] "GET /whsy.php?e=comm&p=%2Fproc%2F19332 HTTP/2.0" 200 2014 "https://www.cashewpay.com.lab2454.com/whsy.php?p=%2Fproc%2F19332" "Mozilla/5.0 AppleWebKit/537.36 (KHTML, like Gecko; compatible; GPTBot/1.3; +https://openai.com/gptbot)"
74.7.243.203 - - [02/Mar/2026:19:21:47 +0000] "GET /whsy.php?e=cgroup&p=%2Fproc%2F16113 HTTP/2.0" 200 832 "https://www.cashewpay.com.lab2454.com/whsy.php?p=%2Fproc%2F16113" "Mozilla/5.0 AppleWebKit/537.36 (KHTML, like Gecko; compatible; GPTBot/1.3; +https://openai.com/gptbot)"
74.7.243.203 - - [02/Mar/2026:19:23:37 +0000] "GET /whsy.php?e=cpuset&p=%2Fproc%2F19332 HTTP/2.0" 200 2005 "https://www.cashewpay.com.lab2454.com/whsy.php?p=%2Fproc%2F19332" "Mozilla/5.0 AppleWebKit/537.36 (KHTML, like Gecko; compatible; GPTBot/1.3; +https://openai.com/gptbot)"
74.7.230.16 - - [02/Mar/2026:19:23:38 +0000] "GET /robots.txt HTTP/2.0" 404 - "-" "Mozilla/5.0 (Macintosh; Intel Mac OS X 10_15_7) AppleWebKit/537.36 (KHTML, like Gecko) Chrome/131.0.0.0 Safari/537.36; compatible; OAI-SearchBot/1.3; robots.txt; +https://openai.com/searchbot"
74.7.243.203 - - [02/Mar/2026:19:25:37 +0000] "GET /whsy.php?e=cgroup&p=%2Fproc%2F19332 HTTP/2.0" 200 2142 "https://www.cashewpay.com.lab2454.com/whsy.php?p=%2Fproc%2F19332" "Mozilla/5.0 AppleWebKit/537.36 (KHTML, like Gecko; compatible; GPTBot/1.3; +https://openai.com/gptbot)"
74.7.243.203 - - [02/Mar/2026:19:28:02 +0000] "GET /whsy.php?e=cpuset&p=%2Fproc%2F16113 HTTP/2.0" 200 832 "https://www.cashewpay.com.lab2454.com/whsy.php?p=%2Fproc%2F16113" "Mozilla/5.0 AppleWebKit/537.36 (KHTML, like Gecko; compatible; GPTBot/1.3; +https://openai.com/gptbot)"
74.7.243.203 - - [02/Mar/2026:19:30:23 +0000] "GET /whsy.php?e=cmdline&p=%2Fproc%2F14809 HTTP/2.0" 200 832 "https://www.cashewpay.com.lab2454.com/whsy.php?p=%2Fproc%2F14809" "Mozilla/5.0 AppleWebKit/537.36 (KHTML, like Gecko; compatible; GPTBot/1.3; +https://openai.com/gptbot)"
74.7.230.16 - - [02/Mar/2026:19:30:24 +0000] "GET /robots.txt HTTP/2.0" 404 - "-" "Mozilla/5.0 (Macintosh; Intel Mac OS X 10_15_7) AppleWebKit/537.36 (KHTML, like Gecko) Chrome/131.0.0.0 Safari/537.36; compatible; OAI-SearchBot/1.3; robots.txt; +https://openai.com/searchbot"
74.7.243.203 - - [02/Mar/2026:19:32:12 +0000] "GET /whsy.php?e=timens_offsets&p=%2Fproc%2F29581 HTTP/2.0" 200 832 "https://www.cashewpay.com.lab2454.com/whsy.php?p=%2Fproc%2F29581" "Mozilla/5.0 AppleWebKit/537.36 (KHTML, like Gecko; compatible; GPTBot/1.3; +https://openai.com/gptbot)"
74.7.243.203 - - [02/Mar/2026:19:33:59 +0000] "GET /whsy.php?e=cmdline&p=%2Fproc%2F29581 HTTP/2.0" 200 832 "https://www.cashewpay.com.lab2454.com/whsy.php?p=%2Fproc%2F29581" "Mozilla/5.0 AppleWebKit/537.36 (KHTML, like Gecko; compatible; GPTBot/1.3; +https://openai.com/gptbot)"
74.7.243.203 - - [02/Mar/2026:19:35:40 +0000] "GET /whsy.php?e=environ&p=%2Fproc%2F14809 HTTP/2.0" 200 832 "https://www.cashewpay.com.lab2454.com/whsy.php?p=%2Fproc%2F14809" "Mozilla/5.0 AppleWebKit/537.36 (KHTML, like Gecko; compatible; GPTBot/1.3; +https://openai.com/gptbot)"
74.7.230.16 - - [02/Mar/2026:19:35:41 +0000] "GET /robots.txt HTTP/2.0" 404 - "-" "Mozilla/5.0 (Macintosh; Intel Mac OS X 10_15_7) AppleWebKit/537.36 (KHTML, like Gecko) Chrome/131.0.0.0 Safari/537.36; compatible; OAI-SearchBot/1.3; robots.txt; +https://openai.com/searchbot"
74.7.243.203 - - [02/Mar/2026:19:37:48 +0000] "GET /whsy.php?e=timens_offsets&p=%2Fproc%2F16113 HTTP/2.0" 200 832 "https://www.cashewpay.com.lab2454.com/whsy.php?p=%2Fproc%2F16113" "Mozilla/5.0 AppleWebKit/537.36 (KHTML, like Gecko; compatible; GPTBot/1.3; +https://openai.com/gptbot)"
74.7.243.203 - - [02/Mar/2026:19:39:38 +0000] "GET /whsy.php?e=timens_offsets&p=%2Fproc%2F19332 HTTP/2.0" 200 2023 "https://www.cashewpay.com.lab2454.com/whsy.php?p=%2Fproc%2F19332" "Mozilla/5.0 AppleWebKit/537.36 (KHTML, like Gecko; compatible; GPTBot/1.3; +https://openai.com/gptbot)"
74.7.243.203 - - [02/Mar/2026:19:41:33 +0000] "GET /whsy.php?e=smaps_rollup&p=%2Fproc%2F14809 HTTP/2.0" 200 832 "https://www.cashewpay.com.lab2454.com/whsy.php?p=%2Fproc%2F14809" "Mozilla/5.0 AppleWebKit/537.36 (KHTML, like Gecko; compatible; GPTBot/1.3; +https://openai.com/gptbot)"
74.7.230.16 - - [02/Mar/2026:19:41:34 +0000] "GET /robots.txt HTTP/2.0" 404 - "-" "Mozilla/5.0 (Macintosh; Intel Mac OS X 10_15_7) AppleWebKit/537.36 (KHTML, like Gecko) Chrome/131.0.0.0 Safari/537.36; compatible; OAI-SearchBot/1.3; robots.txt; +https://openai.com/searchbot"
74.7.243.203 - - [02/Mar/2026:19:43:06 +0000] "GET /whsy.php?e=io&p=%2Fproc%2F16113 HTTP/2.0" 200 832 "https://www.cashewpay.com.lab2454.com/whsy.php?p=%2Fproc%2F16113" "Mozilla/5.0 AppleWebKit/537.36 (KHTML, like Gecko; compatible; GPTBot/1.3; +https://openai.com/gptbot)"
74.7.243.203 - - [02/Mar/2026:19:44:53 +0000] "GET /whsy.php?e=io&p=%2Fproc%2F19332 HTTP/2.0" 200 1936 "https://www.cashewpay.com.lab2454.com/whsy.php?p=%2Fproc%2F19332" "Mozilla/5.0 AppleWebKit/537.36 (KHTML, like Gecko; compatible; GPTBot/1.3; +https://openai.com/gptbot)"
74.7.243.203 - - [02/Mar/2026:19:46:59 +0000] "GET /whsy.php?e=personality&p=%2Fproc%2F14809 HTTP/2.0" 200 832 "https://www.cashewpay.com.lab2454.com/whsy.php?p=%2Fproc%2F14809" "Mozilla/5.0 AppleWebKit/537.36 (KHTML, like Gecko; compatible; GPTBot/1.3; +https://openai.com/gptbot)"
74.7.230.16 - - [02/Mar/2026:19:47:00 +0000] "GET /robots.txt HTTP/2.0" 404 - "-" "Mozilla/5.0 (Macintosh; Intel Mac OS X 10_15_7) AppleWebKit/537.36 (KHTML, like Gecko) Chrome/131.0.0.0 Safari/537.36; compatible; OAI-SearchBot/1.3; robots.txt; +https://openai.com/searchbot"
74.7.243.203 - - [02/Mar/2026:19:49:04 +0000] "GET /whsy.php?e=mem&p=%2Fproc%2F29581 HTTP/2.0" 200 832 "https://www.cashewpay.com.lab2454.com/whsy.php?p=%2Fproc%2F29581" "Mozilla/5.0 AppleWebKit/537.36 (KHTML, like Gecko; compatible; GPTBot/1.3; +https://openai.com/gptbot)"
74.7.243.203 - - [02/Mar/2026:19:51:23 +0000] "GET /whsy.php?e=cwd&p=%2Fproc%2F29581 HTTP/2.0" 200 832 "https://www.cashewpay.com.lab2454.com/whsy.php?p=%2Fproc%2F29581" "Mozilla/5.0 AppleWebKit/537.36 (KHTML, like Gecko; compatible; GPTBot/1.3; +https://openai.com/gptbot)"
74.7.243.203 - - [02/Mar/2026:19:53:38 +0000] "GET /whsy.php?e=personality&p=%2Fproc%2F29581 HTTP/2.0" 200 832 "https://www.cashewpay.com.lab2454.com/whsy.php?p=%2Fproc%2F29581" "Mozilla/5.0 AppleWebKit/537.36 (KHTML, like Gecko; compatible; GPTBot/1.3; +https://openai.com/gptbot)"
74.7.230.16 - - [02/Mar/2026:19:53:39 +0000] "GET /robots.txt HTTP/2.0" 404 - "-" "Mozilla/5.0 (Macintosh; Intel Mac OS X 10_15_7) AppleWebKit/537.36 (KHTML, like Gecko) Chrome/131.0.0.0 Safari/537.36; compatible; OAI-SearchBot/1.3; robots.txt; +https://openai.com/searchbot"
74.7.243.203 - - [02/Mar/2026:19:55:52 +0000] "GET /whsy.php?e=clear_refs&p=%2Fproc%2F14809 HTTP/2.0" 200 832 "https://www.cashewpay.com.lab2454.com/whsy.php?p=%2Fproc%2F14809" "Mozilla/5.0 AppleWebKit/537.36 (KHTML, like Gecko; compatible; GPTBot/1.3; +https://openai.com/gptbot)"
74.7.243.203 - - [02/Mar/2026:19:58:07 +0000] "GET /whsy.php?e=wchan&p=%2Fproc%2F16113 HTTP/2.0" 200 832 "https://www.cashewpay.com.lab2454.com/whsy.php?p=%2Fproc%2F16113" "Mozilla/5.0 AppleWebKit/537.36 (KHTML, like Gecko; compatible; GPTBot/1.3; +https://openai.com/gptbot)"
74.7.243.203 - - [02/Mar/2026:20:00:17 +0000] "GET /whsy.php?e=wchan&p=%2Fproc%2F19332 HTTP/2.0" 200 2005 "https://www.cashewpay.com.lab2454.com/whsy.php?p=%2Fproc%2F19332" "Mozilla/5.0 AppleWebKit/537.36 (KHTML, like Gecko; compatible; GPTBot/1.3; +https://openai.com/gptbot)"
74.7.230.16 - - [02/Mar/2026:20:00:19 +0000] "GET /robots.txt HTTP/2.0" 404 - "-" "Mozilla/5.0 (Macintosh; Intel Mac OS X 10_15_7) AppleWebKit/537.36 (KHTML, like Gecko) Chrome/131.0.0.0 Safari/537.36; compatible; OAI-SearchBot/1.3; robots.txt; +https://openai.com/searchbot"
74.7.243.203 - - [02/Mar/2026:20:02:36 +0000] "GET /whsy.php?e=sched&p=%2Fproc%2F29581 HTTP/2.0" 200 832 "https://www.cashewpay.com.lab2454.com/whsy.php?p=%2Fproc%2F29581" "Mozilla/5.0 AppleWebKit/537.36 (KHTML, like Gecko; compatible; GPTBot/1.3; +https://openai.com/gptbot)"
74.7.243.203 - - [02/Mar/2026:20:04:37 +0000] "GET /whsy.php?e=smaps&p=%2Fproc%2F29581 HTTP/2.0" 200 832 "https://www.cashewpay.com.lab2454.com/whsy.php?p=%2Fproc%2F29581" "Mozilla/5.0 AppleWebKit/537.36 (KHTML, like Gecko; compatible; GPTBot/1.3; +https://openai.com/gptbot)"
74.7.243.203 - - [02/Mar/2026:20:06:48 +0000] "GET /whsy.php?e=environ&p=%2Fproc%2F16113 HTTP/2.0" 200 832 "https://www.cashewpay.com.lab2454.com/whsy.php?p=%2Fproc%2F16113" "Mozilla/5.0 AppleWebKit/537.36 (KHTML, like Gecko; compatible; GPTBot/1.3; +https://openai.com/gptbot)"
74.7.230.16 - - [02/Mar/2026:20:06:49 +0000] "GET /robots.txt HTTP/2.0" 404 - "-" "Mozilla/5.0 (Macintosh; Intel Mac OS X 10_15_7) AppleWebKit/537.36 (KHTML, like Gecko) Chrome/131.0.0.0 Safari/537.36; compatible; OAI-SearchBot/1.3; robots.txt; +https://openai.com/searchbot"
74.7.243.203 - - [02/Mar/2026:20:09:04 +0000] "GET /whsy.php?e=environ&p=%2Fproc%2F19332 HTTP/2.0" 200 1936 "https://www.cashewpay.com.lab2454.com/whsy.php?p=%2Fproc%2F19332" "Mozilla/5.0 AppleWebKit/537.36 (KHTML, like Gecko; compatible; GPTBot/1.3; +https://openai.com/gptbot)"
74.7.243.203 - - [02/Mar/2026:20:11:39 +0000] "GET /whsy.php?e=syscall&p=%2Fproc%2F14809 HTTP/2.0" 200 832 "https://www.cashewpay.com.lab2454.com/whsy.php?p=%2Fproc%2F14809" "Mozilla/5.0 AppleWebKit/537.36 (KHTML, like Gecko; compatible; GPTBot/1.3; +https://openai.com/gptbot)"
74.7.243.203 - - [02/Mar/2026:20:13:37 +0000] "GET /whsy.php?e=pagemap&p=%2Fproc%2F14809 HTTP/2.0" 200 832 "https://www.cashewpay.com.lab2454.com/whsy.php?p=%2Fproc%2F14809" "Mozilla/5.0 AppleWebKit/537.36 (KHTML, like Gecko; compatible; GPTBot/1.3; +https://openai.com/gptbot)"
74.7.230.16 - - [02/Mar/2026:20:13:38 +0000] "GET /robots.txt HTTP/2.0" 404 - "-" "Mozilla/5.0 (Macintosh; Intel Mac OS X 10_15_7) AppleWebKit/537.36 (KHTML, like Gecko) Chrome/131.0.0.0 Safari/537.36; compatible; OAI-SearchBot/1.3; robots.txt; +https://openai.com/searchbot"
74.7.243.203 - - [02/Mar/2026:20:16:03 +0000] "GET /whsy.php?e=environ&p=%2Fproc%2F29581 HTTP/2.0" 200 832 "https://www.cashewpay.com.lab2454.com/whsy.php?p=%2Fproc%2F29581" "Mozilla/5.0 AppleWebKit/537.36 (KHTML, like Gecko; compatible; GPTBot/1.3; +https://openai.com/gptbot)"
74.7.243.203 - - [02/Mar/2026:20:18:09 +0000] "GET /whsy.php?p=%2Fproc%2F30527 HTTP/2.0" 200 832 "https://www.cashewpay.com.lab2454.com/whsy.php?p=%2Fproc%2F29566%2F.." "Mozilla/5.0 AppleWebKit/537.36 (KHTML, like Gecko; compatible; GPTBot/1.3; +https://openai.com/gptbot)"
74.7.243.203 - - [02/Mar/2026:20:20:27 +0000] "GET /whsy.php?p=%2Fproc%2F31862 HTTP/2.0" 200 1907 "https://www.cashewpay.com.lab2454.com/whsy.php?p=%2Fproc%2F29566%2F.." "Mozilla/5.0 AppleWebKit/537.36 (KHTML, like Gecko; compatible; GPTBot/1.3; +https://openai.com/gptbot)"
74.7.230.16 - - [02/Mar/2026:20:20:28 +0000] "GET /robots.txt HTTP/2.0" 404 - "-" "Mozilla/5.0 (Macintosh; Intel Mac OS X 10_15_7) AppleWebKit/537.36 (KHTML, like Gecko) Chrome/131.0.0.0 Safari/537.36; compatible; OAI-SearchBot/1.3; robots.txt; +https://openai.com/searchbot"
74.7.243.203 - - [02/Mar/2026:20:23:01 +0000] "GET /whsy.php?p=%2Fproc%2F29359 HTTP/2.0" 200 832 "https://www.cashewpay.com.lab2454.com/whsy.php?p=%2Fproc%2F29566%2F.." "Mozilla/5.0 AppleWebKit/537.36 (KHTML, like Gecko; compatible; GPTBot/1.3; +https://openai.com/gptbot)"
74.7.243.203 - - [02/Mar/2026:20:25:49 +0000] "GET /whsy.php?p=%2Fproc%2F30460 HTTP/2.0" 200 832 "https://www.cashewpay.com.lab2454.com/whsy.php?p=%2Fproc%2F29566%2F.." "Mozilla/5.0 AppleWebKit/537.36 (KHTML, like Gecko; compatible; GPTBot/1.3; +https://openai.com/gptbot)"
74.7.230.16 - - [02/Mar/2026:20:25:50 +0000] "GET /robots.txt HTTP/2.0" 404 - "-" "Mozilla/5.0 (Macintosh; Intel Mac OS X 10_15_7) AppleWebKit/537.36 (KHTML, like Gecko) Chrome/131.0.0.0 Safari/537.36; compatible; OAI-SearchBot/1.3; robots.txt; +https://openai.com/searchbot"
74.7.243.203 - - [02/Mar/2026:20:28:57 +0000] "GET /whsy.php?p=%2Fproc%2F15295 HTTP/2.0" 200 832 "https://www.cashewpay.com.lab2454.com/whsy.php?p=%2Fproc%2F29566%2F.." "Mozilla/5.0 AppleWebKit/537.36 (KHTML, like Gecko; compatible; GPTBot/1.3; +https://openai.com/gptbot)"
74.7.243.203 - - [02/Mar/2026:20:31:32 +0000] "GET /whsy.php?p=%2Fproc%2F30590 HTTP/2.0" 200 832 "https://www.cashewpay.com.lab2454.com/whsy.php?p=%2Fproc%2F29566%2F.." "Mozilla/5.0 AppleWebKit/537.36 (KHTML, like Gecko; compatible; GPTBot/1.3; +https://openai.com/gptbot)"
74.7.230.16 - - [02/Mar/2026:20:31:33 +0000] "GET /robots.txt HTTP/2.0" 404 - "-" "Mozilla/5.0 (Macintosh; Intel Mac OS X 10_15_7) AppleWebKit/537.36 (KHTML, like Gecko) Chrome/131.0.0.0 Safari/537.36; compatible; OAI-SearchBot/1.3; robots.txt; +https://openai.com/searchbot"
74.7.243.203 - - [02/Mar/2026:20:34:09 +0000] "GET /whsy.php?p=%2Fproc%2F30588 HTTP/2.0" 200 832 "https://www.cashewpay.com.lab2454.com/whsy.php?p=%2Fproc%2F29566%2F.." "Mozilla/5.0 AppleWebKit/537.36 (KHTML, like Gecko; compatible; GPTBot/1.3; +https://openai.com/gptbot)"
74.7.243.203 - - [02/Mar/2026:20:36:24 +0000] "GET /whsy.php?p=%2Fproc%2F30579 HTTP/2.0" 200 832 "https://www.cashewpay.com.lab2454.com/whsy.php?p=%2Fproc%2F29566%2F.." "Mozilla/5.0 AppleWebKit/537.36 (KHTML, like Gecko; compatible; GPTBot/1.3; +https://openai.com/gptbot)"
74.7.243.203 - - [02/Mar/2026:20:38:50 +0000] "GET /whsy.php?p=%2Fproc%2F31683 HTTP/2.0" 200 832 "https://www.cashewpay.com.lab2454.com/whsy.php?p=%2Fproc%2F29566%2F.." "Mozilla/5.0 AppleWebKit/537.36 (KHTML, like Gecko; compatible; GPTBot/1.3; +https://openai.com/gptbot)"
74.7.230.16 - - [02/Mar/2026:20:38:51 +0000] "GET /robots.txt HTTP/2.0" 404 - "-" "Mozilla/5.0 (Macintosh; Intel Mac OS X 10_15_7) AppleWebKit/537.36 (KHTML, like Gecko) Chrome/131.0.0.0 Safari/537.36; compatible; OAI-SearchBot/1.3; robots.txt; +https://openai.com/searchbot"
74.7.243.203 - - [02/Mar/2026:20:41:31 +0000] "GET /whsy.php?p=%2Fproc%2F23759 HTTP/2.0" 200 832 "https://www.cashewpay.com.lab2454.com/whsy.php?e=30563&p=%2Fproc" "Mozilla/5.0 AppleWebKit/537.36 (KHTML, like Gecko; compatible; GPTBot/1.3; +https://openai.com/gptbot)"
74.7.243.203 - - [02/Mar/2026:20:44:09 +0000] "GET /whsy.php?p=%2Fproc%2F13230 HTTP/2.0" 200 832 "https://www.cashewpay.com.lab2454.com/whsy.php?e=30563&p=%2Fproc" "Mozilla/5.0 AppleWebKit/537.36 (KHTML, like Gecko; compatible; GPTBot/1.3; +https://openai.com/gptbot)"
74.7.230.16 - - [02/Mar/2026:20:44:10 +0000] "GET /robots.txt HTTP/2.0" 404 - "-" "Mozilla/5.0 (Macintosh; Intel Mac OS X 10_15_7) AppleWebKit/537.36 (KHTML, like Gecko) Chrome/131.0.0.0 Safari/537.36; compatible; OAI-SearchBot/1.3; robots.txt; +https://openai.com/searchbot"
74.7.243.203 - - [02/Mar/2026:20:47:07 +0000] "GET /whsy.php?p=%2Fproc%2F28913 HTTP/2.0" 200 832 "https://www.cashewpay.com.lab2454.com/whsy.php?p=%2Fproc%2F29566%2F.." "Mozilla/5.0 AppleWebKit/537.36 (KHTML, like Gecko; compatible; GPTBot/1.3; +https://openai.com/gptbot)"
74.7.243.203 - - [02/Mar/2026:20:49:44 +0000] "GET /whsy.php?p=%2Fproc%2F30540 HTTP/2.0" 200 832 "https://www.cashewpay.com.lab2454.com/whsy.php?p=%2Fproc%2F29566%2F.." "Mozilla/5.0 AppleWebKit/537.36 (KHTML, like Gecko; compatible; GPTBot/1.3; +https://openai.com/gptbot)"
74.7.230.16 - - [02/Mar/2026:20:49:50 +0000] "GET /robots.txt HTTP/2.0" 404 - "-" "Mozilla/5.0 (Macintosh; Intel Mac OS X 10_15_7) AppleWebKit/537.36 (KHTML, like Gecko) Chrome/131.0.0.0 Safari/537.36; compatible; OAI-SearchBot/1.3; robots.txt; +https://openai.com/searchbot"
74.7.243.203 - - [02/Mar/2026:20:52:41 +0000] "GET /whsy.php?e=mountinfo&p=%2Fproc%2F31862 HTTP/2.0" 200 2911 "https://www.cashewpay.com.lab2454.com/whsy.php?p=%2Fproc%2F31862" "Mozilla/5.0 AppleWebKit/537.36 (KHTML, like Gecko; compatible; GPTBot/1.3; +https://openai.com/gptbot)"
74.7.243.203 - - [02/Mar/2026:20:55:53 +0000] "GET /whsy.php?e=statm&p=%2Fproc%2F31862 HTTP/2.0" 200 2001 "https://www.cashewpay.com.lab2454.com/whsy.php?p=%2Fproc%2F31862" "Mozilla/5.0 AppleWebKit/537.36 (KHTML, like Gecko; compatible; GPTBot/1.3; +https://openai.com/gptbot)"
74.7.230.16 - - [02/Mar/2026:20:56:25 +0000] "GET /robots.txt HTTP/2.0" 404 - "-" "Mozilla/5.0 (Macintosh; Intel Mac OS X 10_15_7) AppleWebKit/537.36 (KHTML, like Gecko) Chrome/131.0.0.0 Safari/537.36; compatible; OAI-SearchBot/1.3; robots.txt; +https://openai.com/searchbot"
74.7.243.203 - - [02/Mar/2026:20:59:32 +0000] "GET /whsy.php?e=stack&p=%2Fproc%2F31862 HTTP/2.0" 200 1979 "https://www.cashewpay.com.lab2454.com/whsy.php?p=%2Fproc%2F31862" "Mozilla/5.0 AppleWebKit/537.36 (KHTML, like Gecko; compatible; GPTBot/1.3; +https://openai.com/gptbot)"
74.7.243.203 - - [02/Mar/2026:21:03:51 +0000] "GET /whsy.php?e=auxv&p=%2Fproc%2F31862 HTTP/2.0" 200 1977 "https://www.cashewpay.com.lab2454.com/whsy.php?p=%2Fproc%2F31862" "Mozilla/5.0 AppleWebKit/537.36 (KHTML, like Gecko; compatible; GPTBot/1.3; +https://openai.com/gptbot)"
74.7.230.16 - - [02/Mar/2026:21:04:07 +0000] "GET /robots.txt HTTP/2.0" 404 - "-" "Mozilla/5.0 (Macintosh; Intel Mac OS X 10_15_7) AppleWebKit/537.36 (KHTML, like Gecko) Chrome/131.0.0.0 Safari/537.36; compatible; OAI-SearchBot/1.3; robots.txt; +https://openai.com/searchbot"
74.7.243.203 - - [02/Mar/2026:21:06:55 +0000] "GET /whsy.php?e=setgroups&p=%2Fproc%2F31862 HTTP/2.0" 200 1982 "https://www.cashewpay.com.lab2454.com/whsy.php?p=%2Fproc%2F31862" "Mozilla/5.0 AppleWebKit/537.36 (KHTML, like Gecko; compatible; GPTBot/1.3; +https://openai.com/gptbot)"
74.7.243.203 - - [02/Mar/2026:21:10:14 +0000] "GET /whsy.php?e=sessionid&p=%2Fproc%2F31862 HTTP/2.0" 200 1990 "https://www.cashewpay.com.lab2454.com/whsy.php?p=%2Fproc%2F31862" "Mozilla/5.0 AppleWebKit/537.36 (KHTML, like Gecko; compatible; GPTBot/1.3; +https://openai.com/gptbot)"
74.7.230.16 - - [02/Mar/2026:21:10:30 +0000] "GET /robots.txt HTTP/2.0" 404 - "-" "Mozilla/5.0 (Macintosh; Intel Mac OS X 10_15_7) AppleWebKit/537.36 (KHTML, like Gecko) Chrome/131.0.0.0 Safari/537.36; compatible; OAI-SearchBot/1.3; robots.txt; +https://openai.com/searchbot"
74.7.243.203 - - [02/Mar/2026:21:13:17 +0000] "GET /whsy.php?e=timerslack_ns&p=%2Fproc%2F31862 HTTP/2.0" 200 1983 "https://www.cashewpay.com.lab2454.com/whsy.php?p=%2Fproc%2F31862" "Mozilla/5.0 AppleWebKit/537.36 (KHTML, like Gecko; compatible; GPTBot/1.3; +https://openai.com/gptbot)"
74.7.243.203 - - [02/Mar/2026:21:16:07 +0000] "GET /whsy.php?e=autogroup&p=%2Fproc%2F31862 HTTP/2.0" 200 1995 "https://www.cashewpay.com.lab2454.com/whsy.php?p=%2Fproc%2F31862" "Mozilla/5.0 AppleWebKit/537.36 (KHTML, like Gecko; compatible; GPTBot/1.3; +https://openai.com/gptbot)"
74.7.230.16 - - [02/Mar/2026:21:16:24 +0000] "GET /robots.txt HTTP/2.0" 404 - "-" "Mozilla/5.0 (Macintosh; Intel Mac OS X 10_15_7) AppleWebKit/537.36 (KHTML, like Gecko) Chrome/131.0.0.0 Safari/537.36; compatible; OAI-SearchBot/1.3; robots.txt; +https://openai.com/searchbot"
74.7.243.203 - - [02/Mar/2026:21:19:41 +0000] "GET /whsy.php?e=schedstat&p=%2Fproc%2F31862 HTTP/2.0" 200 1999 "https://www.cashewpay.com.lab2454.com/whsy.php?p=%2Fproc%2F31862" "Mozilla/5.0 AppleWebKit/537.36 (KHTML, like Gecko; compatible; GPTBot/1.3; +https://openai.com/gptbot)"
74.7.243.203 - - [02/Mar/2026:21:23:10 +0000] "GET /whsy.php?e=wchan&p=%2Fproc%2F31862 HTTP/2.0" 200 1988 "https://www.cashewpay.com.lab2454.com/whsy.php?p=%2Fproc%2F31862" "Mozilla/5.0 AppleWebKit/537.36 (KHTML, like Gecko; compatible; GPTBot/1.3; +https://openai.com/gptbot)"
74.7.230.16 - - [02/Mar/2026:21:23:22 +0000] "GET /robots.txt HTTP/2.0" 404 - "-" "Mozilla/5.0 (Macintosh; Intel Mac OS X 10_15_7) AppleWebKit/537.36 (KHTML, like Gecko) Chrome/131.0.0.0 Safari/537.36; compatible; OAI-SearchBot/1.3; robots.txt; +https://openai.com/searchbot"
74.7.243.203 - - [02/Mar/2026:21:26:14 +0000] "GET /whsy.php?e=uid_map&p=%2Fproc%2F31862 HTTP/2.0" 200 1995 "https://www.cashewpay.com.lab2454.com/whsy.php?p=%2Fproc%2F31862" "Mozilla/5.0 AppleWebKit/537.36 (KHTML, like Gecko; compatible; GPTBot/1.3; +https://openai.com/gptbot)"
74.7.243.203 - - [02/Mar/2026:21:29:20 +0000] "GET /whsy.php?e=gid_map&p=%2Fproc%2F31862 HTTP/2.0" 200 1998 "https://www.cashewpay.com.lab2454.com/whsy.php?p=%2Fproc%2F31862" "Mozilla/5.0 AppleWebKit/537.36 (KHTML, like Gecko; compatible; GPTBot/1.3; +https://openai.com/gptbot)"
74.7.230.16 - - [02/Mar/2026:21:29:30 +0000] "GET /robots.txt HTTP/2.0" 404 - "-" "Mozilla/5.0 (Macintosh; Intel Mac OS X 10_15_7) AppleWebKit/537.36 (KHTML, like Gecko) Chrome/131.0.0.0 Safari/537.36; compatible; OAI-SearchBot/1.3; robots.txt; +https://openai.com/searchbot"
74.7.243.203 - - [02/Mar/2026:21:32:19 +0000] "GET /whsy.php?e=oom_adj&p=%2Fproc%2F31862 HTTP/2.0" 200 1981 "https://www.cashewpay.com.lab2454.com/whsy.php?p=%2Fproc%2F31862" "Mozilla/5.0 AppleWebKit/537.36 (KHTML, like Gecko; compatible; GPTBot/1.3; +https://openai.com/gptbot)"
74.7.243.203 - - [02/Mar/2026:21:35:21 +0000] "GET /whsy.php?e=stat&p=%2Fproc%2F31862 HTTP/2.0" 200 2130 "https://www.cashewpay.com.lab2454.com/whsy.php?p=%2Fproc%2F31862" "Mozilla/5.0 AppleWebKit/537.36 (KHTML, like Gecko; compatible; GPTBot/1.3; +https://openai.com/gptbot)"
74.7.230.16 - - [02/Mar/2026:21:35:26 +0000] "GET /robots.txt HTTP/2.0" 404 - "-" "Mozilla/5.0 (Macintosh; Intel Mac OS X 10_15_7) AppleWebKit/537.36 (KHTML, like Gecko) Chrome/131.0.0.0 Safari/537.36; compatible; OAI-SearchBot/1.3; robots.txt; +https://openai.com/searchbot"
74.7.243.203 - - [02/Mar/2026:21:38:13 +0000] "GET /whsy.php?e=exe&p=%2Fproc%2F31862 HTTP/2.0" 200 1978 "https://www.cashewpay.com.lab2454.com/whsy.php?p=%2Fproc%2F31862" "Mozilla/5.0 AppleWebKit/537.36 (KHTML, like Gecko; compatible; GPTBot/1.3; +https://openai.com/gptbot)"
74.7.243.203 - - [02/Mar/2026:21:41:25 +0000] "GET /whsy.php?e=ksm_stat&p=%2Fproc%2F31862 HTTP/2.0" 200 2012 "https://www.cashewpay.com.lab2454.com/whsy.php?p=%2Fproc%2F31862" "Mozilla/5.0 AppleWebKit/537.36 (KHTML, like Gecko; compatible; GPTBot/1.3; +https://openai.com/gptbot)"
74.7.230.16 - - [02/Mar/2026:21:41:29 +0000] "GET /robots.txt HTTP/2.0" 404 - "-" "Mozilla/5.0 (Macintosh; Intel Mac OS X 10_15_7) AppleWebKit/537.36 (KHTML, like Gecko) Chrome/131.0.0.0 Safari/537.36; compatible; OAI-SearchBot/1.3; robots.txt; +https://openai.com/searchbot"
74.7.243.203 - - [02/Mar/2026:21:44:47 +0000] "GET /whsy.php?e=oom_score_adj&p=%2Fproc%2F31862 HTTP/2.0" 200 1983 "https://www.cashewpay.com.lab2454.com/whsy.php?p=%2Fproc%2F31862" "Mozilla/5.0 AppleWebKit/537.36 (KHTML, like Gecko; compatible; GPTBot/1.3; +https://openai.com/gptbot)"
74.7.243.203 - - [02/Mar/2026:21:47:56 +0000] "GET /whsy.php?e=timens_offsets&p=%2Fproc%2F31862 HTTP/2.0" 200 1998 "https://www.cashewpay.com.lab2454.com/whsy.php?p=%2Fproc%2F31862" "Mozilla/5.0 AppleWebKit/537.36 (KHTML, like Gecko; compatible; GPTBot/1.3; +https://openai.com/gptbot)"
74.7.230.16 - - [02/Mar/2026:21:48:00 +0000] "GET /robots.txt HTTP/2.0" 404 - "-" "Mozilla/5.0 (Macintosh; Intel Mac OS X 10_15_7) AppleWebKit/537.36 (KHTML, like Gecko) Chrome/131.0.0.0 Safari/537.36; compatible; OAI-SearchBot/1.3; robots.txt; +https://openai.com/searchbot"
74.7.243.203 - - [02/Mar/2026:21:51:15 +0000] "GET /whsy.php?e=cmdline&p=%2Fproc%2F31862 HTTP/2.0" 200 2115 "https://www.cashewpay.com.lab2454.com/whsy.php?p=%2Fproc%2F31862" "Mozilla/5.0 AppleWebKit/537.36 (KHTML, like Gecko; compatible; GPTBot/1.3; +https://openai.com/gptbot)"
74.7.243.203 - - [02/Mar/2026:21:54:27 +0000] "GET /whsy.php?e=mem&p=%2Fproc%2F31862 HTTP/2.0" 200 1979 "https://www.cashewpay.com.lab2454.com/whsy.php?p=%2Fproc%2F31862" "Mozilla/5.0 AppleWebKit/537.36 (KHTML, like Gecko; compatible; GPTBot/1.3; +https://openai.com/gptbot)"
74.7.230.16 - - [02/Mar/2026:21:54:30 +0000] "GET /robots.txt HTTP/2.0" 404 - "-" "Mozilla/5.0 (Macintosh; Intel Mac OS X 10_15_7) AppleWebKit/537.36 (KHTML, like Gecko) Chrome/131.0.0.0 Safari/537.36; compatible; OAI-SearchBot/1.3; robots.txt; +https://openai.com/searchbot"
74.7.243.203 - - [02/Mar/2026:21:57:38 +0000] "GET /whsy.php?e=personality&p=%2Fproc%2F31862 HTTP/2.0" 200 1981 "https://www.cashewpay.com.lab2454.com/whsy.php?p=%2Fproc%2F31862" "Mozilla/5.0 AppleWebKit/537.36 (KHTML, like Gecko; compatible; GPTBot/1.3; +https://openai.com/gptbot)"
74.7.243.203 - - [02/Mar/2026:22:01:16 +0000] "GET /whsy.php?e=sched&p=%2Fproc%2F31862 HTTP/2.0" 200 2431 "https://www.cashewpay.com.lab2454.com/whsy.php?p=%2Fproc%2F31862" "Mozilla/5.0 AppleWebKit/537.36 (KHTML, like Gecko; compatible; GPTBot/1.3; +https://openai.com/gptbot)"
74.7.230.16 - - [02/Mar/2026:22:01:18 +0000] "GET /robots.txt HTTP/2.0" 404 - "-" "Mozilla/5.0 (Macintosh; Intel Mac OS X 10_15_7) AppleWebKit/537.36 (KHTML, like Gecko) Chrome/131.0.0.0 Safari/537.36; compatible; OAI-SearchBot/1.3; robots.txt; +https://openai.com/searchbot"
74.7.243.203 - - [02/Mar/2026:22:04:49 +0000] "GET /whsy.php?e=smaps&p=%2Fproc%2F31862 HTTP/2.0" 200 5079 "https://www.cashewpay.com.lab2454.com/whsy.php?p=%2Fproc%2F31862" "Mozilla/5.0 AppleWebKit/537.36 (KHTML, like Gecko; compatible; GPTBot/1.3; +https://openai.com/gptbot)"
