74.7.230.16 - - [02/Mar/2026:14:23:08 +0000] "GET /robots.txt HTTP/2.0" 404 - "-" "Mozilla/5.0 (Macintosh; Intel Mac OS X 10_15_7) AppleWebKit/537.36 (KHTML, like Gecko) Chrome/131.0.0.0 Safari/537.36; compatible; OAI-SearchBot/1.3; robots.txt; +https://openai.com/searchbot"
74.7.243.203 - - [02/Mar/2026:14:23:41 +0000] "GET /whsy.php?p=%2Fproc%2F29566%2Ffdinfo HTTP/2.0" 200 211500 "https://www.cashewpay.com.lab2454.com/whsy.php?p=%2Fproc%2F29566" "Mozilla/5.0 AppleWebKit/537.36 (KHTML, like Gecko; compatible; GPTBot/1.3; +https://openai.com/gptbot)"
74.7.243.203 - - [02/Mar/2026:14:24:54 +0000] "GET /whsy.php?p=%2Fproc%2F29729%2Ffdinfo HTTP/2.0" 200 832 "https://www.cashewpay.com.lab2454.com/whsy.php?p=%2Fproc%2F29729" "Mozilla/5.0 AppleWebKit/537.36 (KHTML, like Gecko; compatible; GPTBot/1.3; +https://openai.com/gptbot)"
74.7.243.203 - - [02/Mar/2026:14:25:31 +0000] "GET /whsy.php?p=%2Fproc%2F27087%2Ffdinfo HTTP/2.0" 200 832 "https://www.cashewpay.com.lab2454.com/whsy.php?p=%2Fproc%2F27087" "Mozilla/5.0 AppleWebKit/537.36 (KHTML, like Gecko; compatible; GPTBot/1.3; +https://openai.com/gptbot)"
74.7.243.203 - - [02/Mar/2026:14:26:19 +0000] "GET /whsy.php?e=netstat&p=%2Fproc%2F12197%2Fnet HTTP/2.0" 200 832 "https://www.cashewpay.com.lab2454.com/whsy.php?p=%2Fproc%2F12197%2Fnet" "Mozilla/5.0 AppleWebKit/537.36 (KHTML, like Gecko; compatible; GPTBot/1.3; +https://openai.com/gptbot)"
74.7.243.203 - - [02/Mar/2026:14:27:00 +0000] "GET /whsy.php?e=netstat&p=%2Fproc%2F29566%2Fnet HTTP/2.0" 200 4243 "https://www.cashewpay.com.lab2454.com/whsy.php?p=%2Fproc%2F29566%2Fnet" "Mozilla/5.0 AppleWebKit/537.36 (KHTML, like Gecko; compatible; GPTBot/1.3; +https://openai.com/gptbot)"
74.7.243.203 - - [02/Mar/2026:14:27:46 +0000] "GET /whsy.php?e=tls_stat&p=%2Fproc%2F29566%2Fnet HTTP/2.0" 200 2601 "https://www.cashewpay.com.lab2454.com/whsy.php?p=%2Fproc%2F29566%2Fnet" "Mozilla/5.0 AppleWebKit/537.36 (KHTML, like Gecko; compatible; GPTBot/1.3; +https://openai.com/gptbot)"
74.7.243.203 - - [02/Mar/2026:14:28:47 +0000] "GET /whsy.php?e=netlink&p=%2Fproc%2F29566%2Fnet HTTP/2.0" 200 2812 "https://www.cashewpay.com.lab2454.com/whsy.php?p=%2Fproc%2F29566%2Fnet" "Mozilla/5.0 AppleWebKit/537.36 (KHTML, like Gecko; compatible; GPTBot/1.3; +https://openai.com/gptbot)"
74.7.230.16 - - [02/Mar/2026:14:28:49 +0000] "GET /robots.txt HTTP/2.0" 404 - "-" "Mozilla/5.0 (Macintosh; Intel Mac OS X 10_15_7) AppleWebKit/537.36 (KHTML, like Gecko) Chrome/131.0.0.0 Safari/537.36; compatible; OAI-SearchBot/1.3; robots.txt; +https://openai.com/searchbot"
74.7.243.203 - - [02/Mar/2026:14:29:44 +0000] "GET /whsy.php?e=udplite&p=%2Fproc%2F12197%2Fnet HTTP/2.0" 200 832 "https://www.cashewpay.com.lab2454.com/whsy.php?p=%2Fproc%2F12197%2Fnet" "Mozilla/5.0 AppleWebKit/537.36 (KHTML, like Gecko; compatible; GPTBot/1.3; +https://openai.com/gptbot)"
74.7.243.203 - - [02/Mar/2026:14:30:29 +0000] "GET /whsy.php?e=udplite&p=%2Fproc%2F29566%2Fnet HTTP/2.0" 200 2583 "https://www.cashewpay.com.lab2454.com/whsy.php?p=%2Fproc%2F29566%2Fnet" "Mozilla/5.0 AppleWebKit/537.36 (KHTML, like Gecko; compatible; GPTBot/1.3; +https://openai.com/gptbot)"
74.7.243.203 - - [02/Mar/2026:14:31:20 +0000] "GET /whsy.php?e=netlink&p=%2Fproc%2F12197%2Fnet HTTP/2.0" 200 832 "https://www.cashewpay.com.lab2454.com/whsy.php?p=%2Fproc%2F12197%2Fnet" "Mozilla/5.0 AppleWebKit/537.36 (KHTML, like Gecko; compatible; GPTBot/1.3; +https://openai.com/gptbot)"
74.7.243.203 - - [02/Mar/2026:14:32:13 +0000] "GET /whsy.php?e=tls_stat&p=%2Fproc%2F12197%2Fnet HTTP/2.0" 200 832 "https://www.cashewpay.com.lab2454.com/whsy.php?p=%2Fproc%2F12197%2Fnet" "Mozilla/5.0 AppleWebKit/537.36 (KHTML, like Gecko; compatible; GPTBot/1.3; +https://openai.com/gptbot)"
74.7.243.203 - - [02/Mar/2026:14:32:48 +0000] "GET /whsy.php?p=%2Fproc%2F10642%2Ffd HTTP/2.0" 200 832 "https://www.cashewpay.com.lab2454.com/whsy.php?p=%2Fproc%2F10642" "Mozilla/5.0 AppleWebKit/537.36 (KHTML, like Gecko; compatible; GPTBot/1.3; +https://openai.com/gptbot)"
74.7.243.203 - - [02/Mar/2026:14:33:49 +0000] "GET /whsy.php?p=%2Fproc%2F27087%2Ffd HTTP/2.0" 200 832 "https://www.cashewpay.com.lab2454.com/whsy.php?p=%2Fproc%2F27087" "Mozilla/5.0 AppleWebKit/537.36 (KHTML, like Gecko; compatible; GPTBot/1.3; +https://openai.com/gptbot)"
74.7.243.203 - - [02/Mar/2026:14:34:34 +0000] "GET /whsy.php?p=%2Fproc%2F27087%2Fns HTTP/2.0" 200 832 "https://www.cashewpay.com.lab2454.com/whsy.php?p=%2Fproc%2F27087" "Mozilla/5.0 AppleWebKit/537.36 (KHTML, like Gecko; compatible; GPTBot/1.3; +https://openai.com/gptbot)"
74.7.243.203 - - [02/Mar/2026:14:35:28 +0000] "GET /whsy.php?p=%2Fproc%2F29566%2Ffd HTTP/2.0" 200 297534 "https://www.cashewpay.com.lab2454.com/whsy.php?p=%2Fproc%2F29566" "Mozilla/5.0 AppleWebKit/537.36 (KHTML, like Gecko; compatible; GPTBot/1.3; +https://openai.com/gptbot)"
74.7.243.203 - - [02/Mar/2026:14:36:47 +0000] "GET /whsy.php?p=%2Fproc%2F22019%2Fns HTTP/2.0" 200 832 "https://www.cashewpay.com.lab2454.com/whsy.php?p=%2Fproc%2F22019" "Mozilla/5.0 AppleWebKit/537.36 (KHTML, like Gecko; compatible; GPTBot/1.3; +https://openai.com/gptbot)"
74.7.243.203 - - [02/Mar/2026:14:37:28 +0000] "GET /whsy.php?p=%2Fproc%2F21450%2Fns HTTP/2.0" 200 832 "https://www.cashewpay.com.lab2454.com/whsy.php?p=%2Fproc%2F21450" "Mozilla/5.0 AppleWebKit/537.36 (KHTML, like Gecko; compatible; GPTBot/1.3; +https://openai.com/gptbot)"
74.7.243.203 - - [02/Mar/2026:14:38:01 +0000] "GET /whsy.php?p=%2Fproc%2F17003%2Fns HTTP/2.0" 200 832 "https://www.cashewpay.com.lab2454.com/whsy.php?p=%2Fproc%2F17003" "Mozilla/5.0 AppleWebKit/537.36 (KHTML, like Gecko; compatible; GPTBot/1.3; +https://openai.com/gptbot)"
74.7.243.203 - - [02/Mar/2026:14:38:43 +0000] "GET /whsy.php?p=%2Fproc%2F22019%2Ffd HTTP/2.0" 200 832 "https://www.cashewpay.com.lab2454.com/whsy.php?p=%2Fproc%2F22019" "Mozilla/5.0 AppleWebKit/537.36 (KHTML, like Gecko; compatible; GPTBot/1.3; +https://openai.com/gptbot)"
74.7.243.203 - - [02/Mar/2026:14:39:33 +0000] "GET /whsy.php?p=%2Fproc%2F12197%2Fns HTTP/2.0" 200 832 "https://www.cashewpay.com.lab2454.com/whsy.php?p=%2Fproc%2F12197" "Mozilla/5.0 AppleWebKit/537.36 (KHTML, like Gecko; compatible; GPTBot/1.3; +https://openai.com/gptbot)"
74.7.230.16 - - [02/Mar/2026:14:39:34 +0000] "GET /robots.txt HTTP/2.0" 404 - "-" "Mozilla/5.0 (Macintosh; Intel Mac OS X 10_15_7) AppleWebKit/537.36 (KHTML, like Gecko) Chrome/131.0.0.0 Safari/537.36; compatible; OAI-SearchBot/1.3; robots.txt; +https://openai.com/searchbot"
74.7.243.203 - - [02/Mar/2026:14:40:22 +0000] "GET /whsy.php?p=%2Fproc%2F21450%2Ffd HTTP/2.0" 200 832 "https://www.cashewpay.com.lab2454.com/whsy.php?p=%2Fproc%2F21450" "Mozilla/5.0 AppleWebKit/537.36 (KHTML, like Gecko; compatible; GPTBot/1.3; +https://openai.com/gptbot)"
74.7.243.203 - - [02/Mar/2026:14:41:03 +0000] "GET /whsy.php?p=%2Fproc%2F13108%2Ffd HTTP/2.0" 200 832 "https://www.cashewpay.com.lab2454.com/whsy.php?p=%2Fproc%2F13108" "Mozilla/5.0 AppleWebKit/537.36 (KHTML, like Gecko; compatible; GPTBot/1.3; +https://openai.com/gptbot)"
74.7.243.203 - - [02/Mar/2026:14:41:53 +0000] "GET /whsy.php?p=%2Fproc%2F17794%2Ffd HTTP/2.0" 200 832 "https://www.cashewpay.com.lab2454.com/whsy.php?p=%2Fproc%2F17794" "Mozilla/5.0 AppleWebKit/537.36 (KHTML, like Gecko; compatible; GPTBot/1.3; +https://openai.com/gptbot)"
74.7.243.203 - - [02/Mar/2026:14:42:28 +0000] "GET /whsy.php?p=%2Fproc%2F12197%2Ffd HTTP/2.0" 200 832 "https://www.cashewpay.com.lab2454.com/whsy.php?p=%2Fproc%2F12197" "Mozilla/5.0 AppleWebKit/537.36 (KHTML, like Gecko; compatible; GPTBot/1.3; +https://openai.com/gptbot)"
74.7.243.203 - - [02/Mar/2026:14:43:08 +0000] "GET /whsy.php?p=%2Fproc%2F17794%2Fns HTTP/2.0" 200 832 "https://www.cashewpay.com.lab2454.com/whsy.php?p=%2Fproc%2F17794" "Mozilla/5.0 AppleWebKit/537.36 (KHTML, like Gecko; compatible; GPTBot/1.3; +https://openai.com/gptbot)"
74.7.243.203 - - [02/Mar/2026:14:43:53 +0000] "GET /whsy.php?p=%2Fproc%2F29729%2Fns HTTP/2.0" 200 832 "https://www.cashewpay.com.lab2454.com/whsy.php?p=%2Fproc%2F29729" "Mozilla/5.0 AppleWebKit/537.36 (KHTML, like Gecko; compatible; GPTBot/1.3; +https://openai.com/gptbot)"
74.7.243.203 - - [02/Mar/2026:14:44:34 +0000] "GET /whsy.php?p=%2Fproc%2F17003%2Ffd HTTP/2.0" 200 832 "https://www.cashewpay.com.lab2454.com/whsy.php?p=%2Fproc%2F17003" "Mozilla/5.0 AppleWebKit/537.36 (KHTML, like Gecko; compatible; GPTBot/1.3; +https://openai.com/gptbot)"
74.7.230.16 - - [02/Mar/2026:14:44:35 +0000] "GET /robots.txt HTTP/2.0" 404 - "-" "Mozilla/5.0 (Macintosh; Intel Mac OS X 10_15_7) AppleWebKit/537.36 (KHTML, like Gecko) Chrome/131.0.0.0 Safari/537.36; compatible; OAI-SearchBot/1.3; robots.txt; +https://openai.com/searchbot"
74.7.243.203 - - [02/Mar/2026:14:45:21 +0000] "GET /whsy.php?p=%2Fproc%2F29729%2Ffd HTTP/2.0" 200 832 "https://www.cashewpay.com.lab2454.com/whsy.php?p=%2Fproc%2F29729" "Mozilla/5.0 AppleWebKit/537.36 (KHTML, like Gecko; compatible; GPTBot/1.3; +https://openai.com/gptbot)"
74.7.243.203 - - [02/Mar/2026:14:46:10 +0000] "GET /whsy.php?p=%2Fproc%2F23682%2Fns HTTP/2.0" 200 832 "https://www.cashewpay.com.lab2454.com/whsy.php?p=%2Fproc%2F23682" "Mozilla/5.0 AppleWebKit/537.36 (KHTML, like Gecko; compatible; GPTBot/1.3; +https://openai.com/gptbot)"
74.7.243.203 - - [02/Mar/2026:14:46:59 +0000] "GET /whsy.php?p=%2Fproc%2F13108%2Fns HTTP/2.0" 200 832 "https://www.cashewpay.com.lab2454.com/whsy.php?p=%2Fproc%2F13108" "Mozilla/5.0 AppleWebKit/537.36 (KHTML, like Gecko; compatible; GPTBot/1.3; +https://openai.com/gptbot)"
74.7.243.203 - - [02/Mar/2026:14:47:49 +0000] "GET /whsy.php?p=%2Fproc%2F23682%2Ffd HTTP/2.0" 200 832 "https://www.cashewpay.com.lab2454.com/whsy.php?p=%2Fproc%2F23682" "Mozilla/5.0 AppleWebKit/537.36 (KHTML, like Gecko; compatible; GPTBot/1.3; +https://openai.com/gptbot)"
74.7.243.203 - - [02/Mar/2026:14:48:44 +0000] "GET /whsy.php?p=%2Fproc%2F29566%2Fns HTTP/2.0" 200 205394 "https://www.cashewpay.com.lab2454.com/whsy.php?p=%2Fproc%2F29566" "Mozilla/5.0 AppleWebKit/537.36 (KHTML, like Gecko; compatible; GPTBot/1.3; +https://openai.com/gptbot)"
74.7.243.203 - - [02/Mar/2026:14:50:02 +0000] "GET /whsy.php?p=%2Fproc%2F10642%2Fns HTTP/2.0" 200 832 "https://www.cashewpay.com.lab2454.com/whsy.php?p=%2Fproc%2F10642" "Mozilla/5.0 AppleWebKit/537.36 (KHTML, like Gecko; compatible; GPTBot/1.3; +https://openai.com/gptbot)"
74.7.230.16 - - [02/Mar/2026:14:50:03 +0000] "GET /robots.txt HTTP/2.0" 404 - "-" "Mozilla/5.0 (Macintosh; Intel Mac OS X 10_15_7) AppleWebKit/537.36 (KHTML, like Gecko) Chrome/131.0.0.0 Safari/537.36; compatible; OAI-SearchBot/1.3; robots.txt; +https://openai.com/searchbot"
74.7.243.203 - - [02/Mar/2026:14:50:58 +0000] "GET /whsy.php?e=ip_vs&p=%2Fproc%2F29566%2Fnet HTTP/2.0" 200 2615 "https://www.cashewpay.com.lab2454.com/whsy.php?p=%2Fproc%2F29566%2Fnet" "Mozilla/5.0 AppleWebKit/537.36 (KHTML, like Gecko; compatible; GPTBot/1.3; +https://openai.com/gptbot)"
74.7.243.203 - - [02/Mar/2026:14:51:30 +0000] "GET /whsy.php?e=ip_vs&p=%2Fproc%2F12197%2Fnet HTTP/2.0" 200 832 "https://www.cashewpay.com.lab2454.com/whsy.php?p=%2Fproc%2F12197%2Fnet" "Mozilla/5.0 AppleWebKit/537.36 (KHTML, like Gecko; compatible; GPTBot/1.3; +https://openai.com/gptbot)"
74.7.243.203 - - [02/Mar/2026:14:52:08 +0000] "GET /whsy.php?e=if_inet6&p=%2Fproc%2F12197%2Fnet HTTP/2.0" 200 832 "https://www.cashewpay.com.lab2454.com/whsy.php?p=%2Fproc%2F12197%2Fnet" "Mozilla/5.0 AppleWebKit/537.36 (KHTML, like Gecko; compatible; GPTBot/1.3; +https://openai.com/gptbot)"
74.7.243.203 - - [02/Mar/2026:14:53:00 +0000] "GET /whsy.php?p=%2Fproc%2F10642%2Ffdinfo HTTP/2.0" 200 832 "https://www.cashewpay.com.lab2454.com/whsy.php?p=%2Fproc%2F10642" "Mozilla/5.0 AppleWebKit/537.36 (KHTML, like Gecko; compatible; GPTBot/1.3; +https://openai.com/gptbot)"
74.7.243.203 - - [02/Mar/2026:14:53:45 +0000] "GET /whsy.php?p=%2Fproc%2F21450%2Ffdinfo HTTP/2.0" 200 832 "https://www.cashewpay.com.lab2454.com/whsy.php?p=%2Fproc%2F21450" "Mozilla/5.0 AppleWebKit/537.36 (KHTML, like Gecko; compatible; GPTBot/1.3; +https://openai.com/gptbot)"
74.7.243.203 - - [02/Mar/2026:14:54:31 +0000] "GET /whsy.php?e=udplite6&p=%2Fproc%2F12197%2Fnet HTTP/2.0" 200 832 "https://www.cashewpay.com.lab2454.com/whsy.php?p=%2Fproc%2F12197%2Fnet" "Mozilla/5.0 AppleWebKit/537.36 (KHTML, like Gecko; compatible; GPTBot/1.3; +https://openai.com/gptbot)"
74.7.243.203 - - [02/Mar/2026:14:55:14 +0000] "GET /whsy.php?e=icmp&p=%2Fproc%2F29566%2Fnet HTTP/2.0" 200 2581 "https://www.cashewpay.com.lab2454.com/whsy.php?p=%2Fproc%2F29566%2Fnet" "Mozilla/5.0 AppleWebKit/537.36 (KHTML, like Gecko; compatible; GPTBot/1.3; +https://openai.com/gptbot)"
74.7.230.16 - - [02/Mar/2026:14:55:15 +0000] "GET /robots.txt HTTP/2.0" 404 - "-" "Mozilla/5.0 (Macintosh; Intel Mac OS X 10_15_7) AppleWebKit/537.36 (KHTML, like Gecko) Chrome/131.0.0.0 Safari/537.36; compatible; OAI-SearchBot/1.3; robots.txt; +https://openai.com/searchbot"
74.7.243.203 - - [02/Mar/2026:14:55:55 +0000] "GET /whsy.php?e=icmp&p=%2Fproc%2F12197%2Fnet HTTP/2.0" 200 832 "https://www.cashewpay.com.lab2454.com/whsy.php?p=%2Fproc%2F12197%2Fnet" "Mozilla/5.0 AppleWebKit/537.36 (KHTML, like Gecko; compatible; GPTBot/1.3; +https://openai.com/gptbot)"
74.7.243.203 - - [02/Mar/2026:14:56:56 +0000] "GET /whsy.php?p=%2Fproc%2F29566%2Fnet%2Fnetfilter HTTP/2.0" 200 732 "https://www.cashewpay.com.lab2454.com/whsy.php?p=%2Fproc%2F29566%2Fnet" "Mozilla/5.0 AppleWebKit/537.36 (KHTML, like Gecko; compatible; GPTBot/1.3; +https://openai.com/gptbot)"
159.223.80.235 - - [02/Mar/2026:14:57:08 +0000] "GET /wp-login.php HTTP/1.1" 404 - "-" "Mozilla/5.0 (Macintosh; Intel Mac OS X 13_6_2) AppleWebKit/537.36 (KHTML, like Gecko) Chrome/119.0.6045.159 Safari/537.36"
159.223.80.235 - - [02/Mar/2026:14:57:15 +0000] "GET /administrator/ HTTP/1.1" 404 - "-" "Mozilla/5.0 (Macintosh; Intel Mac OS X 13_6_2) AppleWebKit/537.36 (KHTML, like Gecko) Chrome/118.0.5993.88 Safari/537.36"
74.7.243.203 - - [02/Mar/2026:14:57:48 +0000] "GET /whsy.php?p=%2Fproc%2F12197%2Fnet%2Fnetfilter HTTP/2.0" 200 832 "https://www.cashewpay.com.lab2454.com/whsy.php?p=%2Fproc%2F12197%2Fnet" "Mozilla/5.0 AppleWebKit/537.36 (KHTML, like Gecko; compatible; GPTBot/1.3; +https://openai.com/gptbot)"
74.7.243.203 - - [02/Mar/2026:14:58:46 +0000] "GET /whsy.php?p=%2Fproc%2F29566%2Fmap_files HTTP/2.0" 200 582500 "https://www.cashewpay.com.lab2454.com/whsy.php?p=%2Fproc%2F29566" "Mozilla/5.0 AppleWebKit/537.36 (KHTML, like Gecko; compatible; GPTBot/1.3; +https://openai.com/gptbot)"
74.7.243.203 - - [02/Mar/2026:15:00:13 +0000] "GET /whsy.php?p=%2Fproc%2F12197%2Fmap_files HTTP/2.0" 200 832 "https://www.cashewpay.com.lab2454.com/whsy.php?p=%2Fproc%2F12197" "Mozilla/5.0 AppleWebKit/537.36 (KHTML, like Gecko; compatible; GPTBot/1.3; +https://openai.com/gptbot)"
74.7.243.203 - - [02/Mar/2026:15:01:15 +0000] "GET /whsy.php?p=%2Fproc%2F27087%2Fmap_files HTTP/2.0" 200 832 "https://www.cashewpay.com.lab2454.com/whsy.php?p=%2Fproc%2F27087" "Mozilla/5.0 AppleWebKit/537.36 (KHTML, like Gecko; compatible; GPTBot/1.3; +https://openai.com/gptbot)"
74.7.230.16 - - [02/Mar/2026:15:01:16 +0000] "GET /robots.txt HTTP/2.0" 404 - "-" "Mozilla/5.0 (Macintosh; Intel Mac OS X 10_15_7) AppleWebKit/537.36 (KHTML, like Gecko) Chrome/131.0.0.0 Safari/537.36; compatible; OAI-SearchBot/1.3; robots.txt; +https://openai.com/searchbot"
74.7.243.203 - - [02/Mar/2026:15:02:11 +0000] "GET /whsy.php?e=snmp&p=%2Fproc%2F12197%2Fnet HTTP/2.0" 200 832 "https://www.cashewpay.com.lab2454.com/whsy.php?p=%2Fproc%2F12197%2Fnet" "Mozilla/5.0 AppleWebKit/537.36 (KHTML, like Gecko; compatible; GPTBot/1.3; +https://openai.com/gptbot)"
74.7.243.203 - - [02/Mar/2026:15:03:17 +0000] "GET /whsy.php?e=snmp&p=%2Fproc%2F29566%2Fnet HTTP/2.0" 200 3229 "https://www.cashewpay.com.lab2454.com/whsy.php?p=%2Fproc%2F29566%2Fnet" "Mozilla/5.0 AppleWebKit/537.36 (KHTML, like Gecko; compatible; GPTBot/1.3; +https://openai.com/gptbot)"
74.7.243.203 - - [02/Mar/2026:15:04:29 +0000] "GET /whsy.php?p=%2Fproc%2F23682%2Fmap_files HTTP/2.0" 200 832 "https://www.cashewpay.com.lab2454.com/whsy.php?p=%2Fproc%2F23682" "Mozilla/5.0 AppleWebKit/537.36 (KHTML, like Gecko; compatible; GPTBot/1.3; +https://openai.com/gptbot)"
74.7.243.203 - - [02/Mar/2026:15:05:44 +0000] "GET /whsy.php?p=%2Fproc%2F22019%2Fmap_files HTTP/2.0" 200 832 "https://www.cashewpay.com.lab2454.com/whsy.php?p=%2Fproc%2F22019" "Mozilla/5.0 AppleWebKit/537.36 (KHTML, like Gecko; compatible; GPTBot/1.3; +https://openai.com/gptbot)"
74.7.243.203 - - [02/Mar/2026:15:06:57 +0000] "GET /whsy.php?e=projid_map&p=%2Fproc%2F17003 HTTP/2.0" 200 832 "https://www.cashewpay.com.lab2454.com/whsy.php?p=%2Fproc%2F17003" "Mozilla/5.0 AppleWebKit/537.36 (KHTML, like Gecko; compatible; GPTBot/1.3; +https://openai.com/gptbot)"
74.7.230.16 - - [02/Mar/2026:15:06:58 +0000] "GET /robots.txt HTTP/2.0" 404 - "-" "Mozilla/5.0 (Macintosh; Intel Mac OS X 10_15_7) AppleWebKit/537.36 (KHTML, like Gecko) Chrome/131.0.0.0 Safari/537.36; compatible; OAI-SearchBot/1.3; robots.txt; +https://openai.com/searchbot"
74.7.243.203 - - [02/Mar/2026:15:08:16 +0000] "GET /whsy.php?e=projid_map&p=%2Fproc%2F21450 HTTP/2.0" 200 832 "https://www.cashewpay.com.lab2454.com/whsy.php?p=%2Fproc%2F21450" "Mozilla/5.0 AppleWebKit/537.36 (KHTML, like Gecko; compatible; GPTBot/1.3; +https://openai.com/gptbot)"
74.7.243.203 - - [02/Mar/2026:15:09:17 +0000] "GET /whsy.php?e=projid_map&p=%2Fproc%2F17794 HTTP/2.0" 200 832 "https://www.cashewpay.com.lab2454.com/whsy.php?p=%2Fproc%2F17794" "Mozilla/5.0 AppleWebKit/537.36 (KHTML, like Gecko; compatible; GPTBot/1.3; +https://openai.com/gptbot)"
74.7.243.203 - - [02/Mar/2026:15:10:16 +0000] "GET /whsy.php?e=projid_map&p=%2Fproc%2F13108 HTTP/2.0" 200 832 "https://www.cashewpay.com.lab2454.com/whsy.php?p=%2Fproc%2F13108" "Mozilla/5.0 AppleWebKit/537.36 (KHTML, like Gecko; compatible; GPTBot/1.3; +https://openai.com/gptbot)"
74.7.243.203 - - [02/Mar/2026:15:11:16 +0000] "GET /whsy.php?e=projid_map&p=%2Fproc%2F10642 HTTP/2.0" 200 832 "https://www.cashewpay.com.lab2454.com/whsy.php?p=%2Fproc%2F10642" "Mozilla/5.0 AppleWebKit/537.36 (KHTML, like Gecko; compatible; GPTBot/1.3; +https://openai.com/gptbot)"
74.7.243.203 - - [02/Mar/2026:15:12:31 +0000] "GET /whsy.php?p=%2Fproc%2F29566%2Fnet%2Fip6t_hashlimit HTTP/2.0" 200 502 "https://www.cashewpay.com.lab2454.com/whsy.php?p=%2Fproc%2F29566%2Fnet" "Mozilla/5.0 AppleWebKit/537.36 (KHTML, like Gecko; compatible; GPTBot/1.3; +https://openai.com/gptbot)"
74.7.230.16 - - [02/Mar/2026:15:12:32 +0000] "GET /robots.txt HTTP/2.0" 404 - "-" "Mozilla/5.0 (Macintosh; Intel Mac OS X 10_15_7) AppleWebKit/537.36 (KHTML, like Gecko) Chrome/131.0.0.0 Safari/537.36; compatible; OAI-SearchBot/1.3; robots.txt; +https://openai.com/searchbot"
74.7.243.203 - - [02/Mar/2026:15:13:43 +0000] "GET /whsy.php?e=anycast6&p=%2Fproc%2F29566%2Fnet HTTP/2.0" 200 2506 "https://www.cashewpay.com.lab2454.com/whsy.php?p=%2Fproc%2F29566%2Fnet" "Mozilla/5.0 AppleWebKit/537.36 (KHTML, like Gecko; compatible; GPTBot/1.3; +https://openai.com/gptbot)"
74.7.243.203 - - [02/Mar/2026:15:14:51 +0000] "GET /whsy.php?e=udp&p=%2Fproc%2F12197%2Fnet HTTP/2.0" 200 832 "https://www.cashewpay.com.lab2454.com/whsy.php?p=%2Fproc%2F12197%2Fnet" "Mozilla/5.0 AppleWebKit/537.36 (KHTML, like Gecko; compatible; GPTBot/1.3; +https://openai.com/gptbot)"
74.7.243.203 - - [02/Mar/2026:15:15:53 +0000] "GET /whsy.php?e=raw&p=%2Fproc%2F12197%2Fnet HTTP/2.0" 200 832 "https://www.cashewpay.com.lab2454.com/whsy.php?p=%2Fproc%2F12197%2Fnet" "Mozilla/5.0 AppleWebKit/537.36 (KHTML, like Gecko; compatible; GPTBot/1.3; +https://openai.com/gptbot)"
74.7.243.203 - - [02/Mar/2026:15:17:25 +0000] "GET /whsy.php?e=raw&p=%2Fproc%2F29566%2Fnet HTTP/2.0" 200 2578 "https://www.cashewpay.com.lab2454.com/whsy.php?p=%2Fproc%2F29566%2Fnet" "Mozilla/5.0 AppleWebKit/537.36 (KHTML, like Gecko; compatible; GPTBot/1.3; +https://openai.com/gptbot)"
74.7.243.203 - - [02/Mar/2026:15:18:49 +0000] "GET /whsy.php?e=udp&p=%2Fproc%2F29566%2Fnet HTTP/2.0" 200 2774 "https://www.cashewpay.com.lab2454.com/whsy.php?p=%2Fproc%2F29566%2Fnet" "Mozilla/5.0 AppleWebKit/537.36 (KHTML, like Gecko; compatible; GPTBot/1.3; +https://openai.com/gptbot)"
74.7.230.16 - - [02/Mar/2026:15:18:50 +0000] "GET /robots.txt HTTP/2.0" 404 - "-" "Mozilla/5.0 (Macintosh; Intel Mac OS X 10_15_7) AppleWebKit/537.36 (KHTML, like Gecko) Chrome/131.0.0.0 Safari/537.36; compatible; OAI-SearchBot/1.3; robots.txt; +https://openai.com/searchbot"
74.7.243.203 - - [02/Mar/2026:15:20:08 +0000] "GET /whsy.php?p=%2Fproc%2F17003%2Fmap_files HTTP/2.0" 200 832 "https://www.cashewpay.com.lab2454.com/whsy.php?p=%2Fproc%2F17003" "Mozilla/5.0 AppleWebKit/537.36 (KHTML, like Gecko; compatible; GPTBot/1.3; +https://openai.com/gptbot)"
74.7.243.203 - - [02/Mar/2026:15:21:18 +0000] "GET /whsy.php?p=%2Fproc%2F17794%2Fmap_files HTTP/2.0" 200 832 "https://www.cashewpay.com.lab2454.com/whsy.php?p=%2Fproc%2F17794" "Mozilla/5.0 AppleWebKit/537.36 (KHTML, like Gecko; compatible; GPTBot/1.3; +https://openai.com/gptbot)"
74.7.243.203 - - [02/Mar/2026:15:22:43 +0000] "GET /whsy.php?p=%2Fproc%2F13108%2Fmap_files HTTP/2.0" 200 832 "https://www.cashewpay.com.lab2454.com/whsy.php?p=%2Fproc%2F13108" "Mozilla/5.0 AppleWebKit/537.36 (KHTML, like Gecko; compatible; GPTBot/1.3; +https://openai.com/gptbot)"
74.7.243.203 - - [02/Mar/2026:15:23:53 +0000] "GET /whsy.php?p=%2Fproc%2F29729%2Fmap_files HTTP/2.0" 200 832 "https://www.cashewpay.com.lab2454.com/whsy.php?p=%2Fproc%2F29729" "Mozilla/5.0 AppleWebKit/537.36 (KHTML, like Gecko; compatible; GPTBot/1.3; +https://openai.com/gptbot)"
74.7.230.16 - - [02/Mar/2026:15:23:54 +0000] "GET /robots.txt HTTP/2.0" 404 - "-" "Mozilla/5.0 (Macintosh; Intel Mac OS X 10_15_7) AppleWebKit/537.36 (KHTML, like Gecko) Chrome/131.0.0.0 Safari/537.36; compatible; OAI-SearchBot/1.3; robots.txt; +https://openai.com/searchbot"
74.7.243.203 - - [02/Mar/2026:15:25:13 +0000] "GET /whsy.php?e=projid_map&p=%2Fproc%2F29729 HTTP/2.0" 200 832 "https://www.cashewpay.com.lab2454.com/whsy.php?p=%2Fproc%2F29729" "Mozilla/5.0 AppleWebKit/537.36 (KHTML, like Gecko; compatible; GPTBot/1.3; +https://openai.com/gptbot)"
74.7.243.203 - - [02/Mar/2026:15:26:27 +0000] "GET /whsy.php?p=%2Fproc%2F12197%2Fnet%2Fip6t_hashlimit HTTP/2.0" 200 832 "https://www.cashewpay.com.lab2454.com/whsy.php?p=%2Fproc%2F12197%2Fnet" "Mozilla/5.0 AppleWebKit/537.36 (KHTML, like Gecko; compatible; GPTBot/1.3; +https://openai.com/gptbot)"
74.7.243.203 - - [02/Mar/2026:15:27:47 +0000] "GET /whsy.php?e=anycast6&p=%2Fproc%2F12197%2Fnet HTTP/2.0" 200 832 "https://www.cashewpay.com.lab2454.com/whsy.php?p=%2Fproc%2F12197%2Fnet" "Mozilla/5.0 AppleWebKit/537.36 (KHTML, like Gecko; compatible; GPTBot/1.3; +https://openai.com/gptbot)"
74.7.243.203 - - [02/Mar/2026:15:28:42 +0000] "GET /whsy.php?e=udplite6&p=%2Fproc%2F29566%2Fnet HTTP/2.0" 200 2585 "https://www.cashewpay.com.lab2454.com/whsy.php?p=%2Fproc%2F29566%2Fnet" "Mozilla/5.0 AppleWebKit/537.36 (KHTML, like Gecko; compatible; GPTBot/1.3; +https://openai.com/gptbot)"
74.7.243.203 - - [02/Mar/2026:15:29:50 +0000] "GET /whsy.php?e=if_inet6&p=%2Fproc%2F29566%2Fnet HTTP/2.0" 200 2569 "https://www.cashewpay.com.lab2454.com/whsy.php?p=%2Fproc%2F29566%2Fnet" "Mozilla/5.0 AppleWebKit/537.36 (KHTML, like Gecko; compatible; GPTBot/1.3; +https://openai.com/gptbot)"
74.7.230.16 - - [02/Mar/2026:15:29:51 +0000] "GET /robots.txt HTTP/2.0" 404 - "-" "Mozilla/5.0 (Macintosh; Intel Mac OS X 10_15_7) AppleWebKit/537.36 (KHTML, like Gecko) Chrome/131.0.0.0 Safari/537.36; compatible; OAI-SearchBot/1.3; robots.txt; +https://openai.com/searchbot"
74.7.243.203 - - [02/Mar/2026:15:31:03 +0000] "GET /whsy.php?p=%2Fproc%2F17794%2Ffdinfo HTTP/2.0" 200 832 "https://www.cashewpay.com.lab2454.com/whsy.php?p=%2Fproc%2F17794" "Mozilla/5.0 AppleWebKit/537.36 (KHTML, like Gecko; compatible; GPTBot/1.3; +https://openai.com/gptbot)"
74.7.243.203 - - [02/Mar/2026:15:32:15 +0000] "GET /whsy.php?p=%2Fproc%2F17003%2Ffdinfo HTTP/2.0" 200 832 "https://www.cashewpay.com.lab2454.com/whsy.php?p=%2Fproc%2F17003" "Mozilla/5.0 AppleWebKit/537.36 (KHTML, like Gecko; compatible; GPTBot/1.3; +https://openai.com/gptbot)"
74.7.243.203 - - [02/Mar/2026:15:33:46 +0000] "GET /whsy.php?p=%2Fproc%2F13108%2Ffdinfo HTTP/2.0" 200 832 "https://www.cashewpay.com.lab2454.com/whsy.php?p=%2Fproc%2F13108" "Mozilla/5.0 AppleWebKit/537.36 (KHTML, like Gecko; compatible; GPTBot/1.3; +https://openai.com/gptbot)"
74.7.243.203 - - [02/Mar/2026:15:35:23 +0000] "GET /whsy.php?e=projid_map&p=%2Fproc%2F29566 HTTP/2.0" 200 2027 "https://www.cashewpay.com.lab2454.com/whsy.php?p=%2Fproc%2F29566" "Mozilla/5.0 AppleWebKit/537.36 (KHTML, like Gecko; compatible; GPTBot/1.3; +https://openai.com/gptbot)"
104.152.52.143 - - [02/Mar/2026:15:36:40 +0000] "GET / HTTP/1.1" 200 1199 "-" "curl/7.61.1"
104.152.52.143 - - [02/Mar/2026:15:36:41 +0000] "GET /favicon.ico HTTP/1.1" 404 - "-" "curl/7.61.1"
74.7.243.203 - - [02/Mar/2026:15:36:42 +0000] "GET /whsy.php?e=projid_map&p=%2Fproc%2F23682 HTTP/2.0" 200 832 "https://www.cashewpay.com.lab2454.com/whsy.php?p=%2Fproc%2F23682" "Mozilla/5.0 AppleWebKit/537.36 (KHTML, like Gecko; compatible; GPTBot/1.3; +https://openai.com/gptbot)"
74.7.243.203 - - [02/Mar/2026:15:38:00 +0000] "GET /whsy.php?e=projid_map&p=%2Fproc%2F27087 HTTP/2.0" 200 832 "https://www.cashewpay.com.lab2454.com/whsy.php?p=%2Fproc%2F27087" "Mozilla/5.0 AppleWebKit/537.36 (KHTML, like Gecko; compatible; GPTBot/1.3; +https://openai.com/gptbot)"
74.7.243.203 - - [02/Mar/2026:15:39:35 +0000] "GET /whsy.php?e=projid_map&p=%2Fproc%2F12197 HTTP/2.0" 200 832 "https://www.cashewpay.com.lab2454.com/whsy.php?p=%2Fproc%2F12197" "Mozilla/5.0 AppleWebKit/537.36 (KHTML, like Gecko; compatible; GPTBot/1.3; +https://openai.com/gptbot)"
74.7.243.203 - - [02/Mar/2026:15:41:00 +0000] "GET /whsy.php?e=sockcreate&p=%2Fproc%2F29566%2Fattr HTTP/2.0" 200 863 "https://www.cashewpay.com.lab2454.com/whsy.php?p=%2Fproc%2F29566%2Fattr" "Mozilla/5.0 AppleWebKit/537.36 (KHTML, like Gecko; compatible; GPTBot/1.3; +https://openai.com/gptbot)"
74.7.230.16 - - [02/Mar/2026:15:41:01 +0000] "GET /robots.txt HTTP/2.0" 404 - "-" "Mozilla/5.0 (Macintosh; Intel Mac OS X 10_15_7) AppleWebKit/537.36 (KHTML, like Gecko) Chrome/131.0.0.0 Safari/537.36; compatible; OAI-SearchBot/1.3; robots.txt; +https://openai.com/searchbot"
74.7.243.203 - - [02/Mar/2026:15:42:18 +0000] "GET /whsy.php?p=%2Fproc%2F21450%2Fmap_files HTTP/2.0" 200 832 "https://www.cashewpay.com.lab2454.com/whsy.php?p=%2Fproc%2F21450" "Mozilla/5.0 AppleWebKit/537.36 (KHTML, like Gecko; compatible; GPTBot/1.3; +https://openai.com/gptbot)"
74.7.243.203 - - [02/Mar/2026:15:43:28 +0000] "GET /whsy.php?p=%2Fproc%2F10642%2Fmap_files HTTP/2.0" 200 832 "https://www.cashewpay.com.lab2454.com/whsy.php?p=%2Fproc%2F10642" "Mozilla/5.0 AppleWebKit/537.36 (KHTML, like Gecko; compatible; GPTBot/1.3; +https://openai.com/gptbot)"
74.7.243.203 - - [02/Mar/2026:15:44:44 +0000] "GET /whsy.php?e=coredump_filter&p=%2Fproc%2F21450 HTTP/2.0" 200 832 "https://www.cashewpay.com.lab2454.com/whsy.php?p=%2Fproc%2F21450" "Mozilla/5.0 AppleWebKit/537.36 (KHTML, like Gecko; compatible; GPTBot/1.3; +https://openai.com/gptbot)"
74.7.243.203 - - [02/Mar/2026:15:45:58 +0000] "GET /whsy.php?e=coredump_filter&p=%2Fproc%2F17003 HTTP/2.0" 200 832 "https://www.cashewpay.com.lab2454.com/whsy.php?p=%2Fproc%2F17003" "Mozilla/5.0 AppleWebKit/537.36 (KHTML, like Gecko; compatible; GPTBot/1.3; +https://openai.com/gptbot)"
74.7.243.203 - - [02/Mar/2026:15:47:06 +0000] "GET /whsy.php?e=coredump_filter&p=%2Fproc%2F10642 HTTP/2.0" 200 832 "https://www.cashewpay.com.lab2454.com/whsy.php?p=%2Fproc%2F10642" "Mozilla/5.0 AppleWebKit/537.36 (KHTML, like Gecko; compatible; GPTBot/1.3; +https://openai.com/gptbot)"
74.7.230.16 - - [02/Mar/2026:15:47:07 +0000] "GET /robots.txt HTTP/2.0" 404 - "-" "Mozilla/5.0 (Macintosh; Intel Mac OS X 10_15_7) AppleWebKit/537.36 (KHTML, like Gecko) Chrome/131.0.0.0 Safari/537.36; compatible; OAI-SearchBot/1.3; robots.txt; +https://openai.com/searchbot"
74.7.243.203 - - [02/Mar/2026:15:48:15 +0000] "GET /whsy.php?e=coredump_filter&p=%2Fproc%2F13108 HTTP/2.0" 200 832 "https://www.cashewpay.com.lab2454.com/whsy.php?p=%2Fproc%2F13108" "Mozilla/5.0 AppleWebKit/537.36 (KHTML, like Gecko; compatible; GPTBot/1.3; +https://openai.com/gptbot)"
74.7.243.203 - - [02/Mar/2026:15:49:28 +0000] "GET /whsy.php?p=%2Fproc%2F29566%2Ffdinfo HTTP/2.0" 200 188194 "https://www.cashewpay.com.lab2454.com/whsy.php?e=projid_map&p=%2Fproc%2F29566" "Mozilla/5.0 AppleWebKit/537.36 (KHTML, like Gecko; compatible; GPTBot/1.3; +https://openai.com/gptbot)"
74.7.243.203 - - [02/Mar/2026:15:51:03 +0000] "GET /whsy.php?p=%2Fproc%2F29566%2Ffd HTTP/2.0" 200 214234 "https://www.cashewpay.com.lab2454.com/whsy.php?e=projid_map&p=%2Fproc%2F29566" "Mozilla/5.0 AppleWebKit/537.36 (KHTML, like Gecko; compatible; GPTBot/1.3; +https://openai.com/gptbot)"
74.7.243.203 - - [02/Mar/2026:15:52:25 +0000] "GET /whsy.php?p=%2Fproc%2F29566%2Fmap_files HTTP/2.0" 200 191857 "https://www.cashewpay.com.lab2454.com/whsy.php?e=projid_map&p=%2Fproc%2F29566" "Mozilla/5.0 AppleWebKit/537.36 (KHTML, like Gecko; compatible; GPTBot/1.3; +https://openai.com/gptbot)"
74.7.230.16 - - [02/Mar/2026:15:52:55 +0000] "GET /robots.txt HTTP/2.0" 404 - "-" "Mozilla/5.0 (Macintosh; Intel Mac OS X 10_15_7) AppleWebKit/537.36 (KHTML, like Gecko) Chrome/131.0.0.0 Safari/537.36; compatible; OAI-SearchBot/1.3; robots.txt; +https://openai.com/searchbot"
74.7.243.203 - - [02/Mar/2026:15:54:03 +0000] "GET /whsy.php?e=coredump_filter&p=%2Fproc%2F17794 HTTP/2.0" 200 832 "https://www.cashewpay.com.lab2454.com/whsy.php?p=%2Fproc%2F17794" "Mozilla/5.0 AppleWebKit/537.36 (KHTML, like Gecko; compatible; GPTBot/1.3; +https://openai.com/gptbot)"
74.7.243.203 - - [02/Mar/2026:15:55:15 +0000] "GET /whsy.php?p=%2Fproc%2F12197%2Fnet%2Fdev_snmp6 HTTP/2.0" 200 832 "https://www.cashewpay.com.lab2454.com/whsy.php?p=%2Fproc%2F12197%2Fnet" "Mozilla/5.0 AppleWebKit/537.36 (KHTML, like Gecko; compatible; GPTBot/1.3; +https://openai.com/gptbot)"
74.7.243.203 - - [02/Mar/2026:15:56:29 +0000] "GET /whsy.php?p=%2Fproc%2F12197%2Fnet%2Fxt_recent HTTP/2.0" 200 832 "https://www.cashewpay.com.lab2454.com/whsy.php?p=%2Fproc%2F12197%2Fnet" "Mozilla/5.0 AppleWebKit/537.36 (KHTML, like Gecko; compatible; GPTBot/1.3; +https://openai.com/gptbot)"
74.7.243.203 - - [02/Mar/2026:15:57:47 +0000] "GET /whsy.php?p=%2Fproc%2F29566%2Fnet%2Fxt_recent HTTP/2.0" 200 497 "https://www.cashewpay.com.lab2454.com/whsy.php?p=%2Fproc%2F29566%2Fnet" "Mozilla/5.0 AppleWebKit/537.36 (KHTML, like Gecko; compatible; GPTBot/1.3; +https://openai.com/gptbot)"
74.7.243.203 - - [02/Mar/2026:15:59:00 +0000] "GET /whsy.php?p=%2Fproc%2F17003%2F.. HTTP/2.0" 200 832 "https://www.cashewpay.com.lab2454.com/whsy.php?p=%2Fproc%2F17003" "Mozilla/5.0 AppleWebKit/537.36 (KHTML, like Gecko; compatible; GPTBot/1.3; +https://openai.com/gptbot)"
74.7.230.16 - - [02/Mar/2026:15:59:01 +0000] "GET /robots.txt HTTP/2.0" 404 - "-" "Mozilla/5.0 (Macintosh; Intel Mac OS X 10_15_7) AppleWebKit/537.36 (KHTML, like Gecko) Chrome/131.0.0.0 Safari/537.36; compatible; OAI-SearchBot/1.3; robots.txt; +https://openai.com/searchbot"
74.7.243.203 - - [02/Mar/2026:16:00:01 +0000] "GET /whsy.php?p=%2Fproc%2F13108%2F.. HTTP/2.0" 200 832 "https://www.cashewpay.com.lab2454.com/whsy.php?p=%2Fproc%2F13108" "Mozilla/5.0 AppleWebKit/537.36 (KHTML, like Gecko; compatible; GPTBot/1.3; +https://openai.com/gptbot)"
74.7.243.203 - - [02/Mar/2026:16:01:13 +0000] "GET /whsy.php?p=%2Fproc%2F10642%2F.. HTTP/2.0" 200 832 "https://www.cashewpay.com.lab2454.com/whsy.php?p=%2Fproc%2F10642" "Mozilla/5.0 AppleWebKit/537.36 (KHTML, like Gecko; compatible; GPTBot/1.3; +https://openai.com/gptbot)"
74.7.243.203 - - [02/Mar/2026:16:02:18 +0000] "GET /whsy.php?p=%2Fproc%2F21450%2F.. HTTP/2.0" 200 832 "https://www.cashewpay.com.lab2454.com/whsy.php?p=%2Fproc%2F21450" "Mozilla/5.0 AppleWebKit/537.36 (KHTML, like Gecko; compatible; GPTBot/1.3; +https://openai.com/gptbot)"
74.7.243.203 - - [02/Mar/2026:16:03:27 +0000] "GET /whsy.php?p=%2Fproc%2F17794%2F.. HTTP/2.0" 200 832 "https://www.cashewpay.com.lab2454.com/whsy.php?p=%2Fproc%2F17794" "Mozilla/5.0 AppleWebKit/537.36 (KHTML, like Gecko; compatible; GPTBot/1.3; +https://openai.com/gptbot)"
74.7.243.203 - - [02/Mar/2026:16:04:36 +0000] "GET /whsy.php?p=%2Fproc%2F29566%2Fnet%2Fdev_snmp6 HTTP/2.0" 200 982 "https://www.cashewpay.com.lab2454.com/whsy.php?p=%2Fproc%2F29566%2Fnet" "Mozilla/5.0 AppleWebKit/537.36 (KHTML, like Gecko; compatible; GPTBot/1.3; +https://openai.com/gptbot)"
74.7.230.16 - - [02/Mar/2026:16:04:37 +0000] "GET /robots.txt HTTP/2.0" 404 - "-" "Mozilla/5.0 (Macintosh; Intel Mac OS X 10_15_7) AppleWebKit/537.36 (KHTML, like Gecko) Chrome/131.0.0.0 Safari/537.36; compatible; OAI-SearchBot/1.3; robots.txt; +https://openai.com/searchbot"
74.7.243.203 - - [02/Mar/2026:16:05:39 +0000] "GET /whsy.php?p=%2Fproc%2F12197%2F.. HTTP/2.0" 200 832 "https://www.cashewpay.com.lab2454.com/whsy.php?p=%2Fproc%2F12197" "Mozilla/5.0 AppleWebKit/537.36 (KHTML, like Gecko; compatible; GPTBot/1.3; +https://openai.com/gptbot)"
74.7.243.203 - - [02/Mar/2026:16:06:47 +0000] "GET /whsy.php?p=%2Fproc%2F29566%2F.. HTTP/2.0" 200 4235 "https://www.cashewpay.com.lab2454.com/whsy.php?p=%2Fproc%2F29566" "Mozilla/5.0 AppleWebKit/537.36 (KHTML, like Gecko; compatible; GPTBot/1.3; +https://openai.com/gptbot)"
74.7.243.203 - - [02/Mar/2026:16:08:11 +0000] "GET /whsy.php?p=%2Fproc%2F27087%2F.. HTTP/2.0" 200 832 "https://www.cashewpay.com.lab2454.com/whsy.php?p=%2Fproc%2F27087" "Mozilla/5.0 AppleWebKit/537.36 (KHTML, like Gecko; compatible; GPTBot/1.3; +https://openai.com/gptbot)"
74.7.243.203 - - [02/Mar/2026:16:09:50 +0000] "GET /whsy.php?p=%2Fproc%2F22019%2F.. HTTP/2.0" 200 832 "https://www.cashewpay.com.lab2454.com/whsy.php?p=%2Fproc%2F22019" "Mozilla/5.0 AppleWebKit/537.36 (KHTML, like Gecko; compatible; GPTBot/1.3; +https://openai.com/gptbot)"
74.7.230.16 - - [02/Mar/2026:16:09:51 +0000] "GET /robots.txt HTTP/2.0" 404 - "-" "Mozilla/5.0 (Macintosh; Intel Mac OS X 10_15_7) AppleWebKit/537.36 (KHTML, like Gecko) Chrome/131.0.0.0 Safari/537.36; compatible; OAI-SearchBot/1.3; robots.txt; +https://openai.com/searchbot"
74.7.243.203 - - [02/Mar/2026:16:11:13 +0000] "GET /whsy.php?e=ksm_merging_pages&p=%2Fproc%2F17003 HTTP/2.0" 200 832 "https://www.cashewpay.com.lab2454.com/whsy.php?p=%2Fproc%2F17003" "Mozilla/5.0 AppleWebKit/537.36 (KHTML, like Gecko; compatible; GPTBot/1.3; +https://openai.com/gptbot)"
74.7.243.203 - - [02/Mar/2026:16:12:43 +0000] "GET /whsy.php?e=ksm_merging_pages&p=%2Fproc%2F13108 HTTP/2.0" 200 832 "https://www.cashewpay.com.lab2454.com/whsy.php?p=%2Fproc%2F13108" "Mozilla/5.0 AppleWebKit/537.36 (KHTML, like Gecko; compatible; GPTBot/1.3; +https://openai.com/gptbot)"
74.7.243.203 - - [02/Mar/2026:16:13:54 +0000] "GET /whsy.php?e=ksm_merging_pages&p=%2Fproc%2F10642 HTTP/2.0" 200 832 "https://www.cashewpay.com.lab2454.com/whsy.php?p=%2Fproc%2F10642" "Mozilla/5.0 AppleWebKit/537.36 (KHTML, like Gecko; compatible; GPTBot/1.3; +https://openai.com/gptbot)"
74.7.243.203 - - [02/Mar/2026:16:15:16 +0000] "GET /whsy.php?e=ksm_merging_pages&p=%2Fproc%2F17794 HTTP/2.0" 200 832 "https://www.cashewpay.com.lab2454.com/whsy.php?p=%2Fproc%2F17794" "Mozilla/5.0 AppleWebKit/537.36 (KHTML, like Gecko; compatible; GPTBot/1.3; +https://openai.com/gptbot)"
74.7.230.16 - - [02/Mar/2026:16:15:17 +0000] "GET /robots.txt HTTP/2.0" 404 - "-" "Mozilla/5.0 (Macintosh; Intel Mac OS X 10_15_7) AppleWebKit/537.36 (KHTML, like Gecko) Chrome/131.0.0.0 Safari/537.36; compatible; OAI-SearchBot/1.3; robots.txt; +https://openai.com/searchbot"
74.7.243.203 - - [02/Mar/2026:16:16:52 +0000] "GET /whsy.php?e=ksm_merging_pages&p=%2Fproc%2F21450 HTTP/2.0" 200 832 "https://www.cashewpay.com.lab2454.com/whsy.php?p=%2Fproc%2F21450" "Mozilla/5.0 AppleWebKit/537.36 (KHTML, like Gecko; compatible; GPTBot/1.3; +https://openai.com/gptbot)"
74.7.243.203 - - [02/Mar/2026:16:18:16 +0000] "GET /whsy.php?p=%2Fproc%2F29729%2F.. HTTP/2.0" 200 832 "https://www.cashewpay.com.lab2454.com/whsy.php?p=%2Fproc%2F29729" "Mozilla/5.0 AppleWebKit/537.36 (KHTML, like Gecko; compatible; GPTBot/1.3; +https://openai.com/gptbot)"
74.7.243.203 - - [02/Mar/2026:16:19:29 +0000] "GET /whsy.php?e=ksm_merging_pages&p=%2Fproc%2F29729 HTTP/2.0" 200 832 "https://www.cashewpay.com.lab2454.com/whsy.php?p=%2Fproc%2F29729" "Mozilla/5.0 AppleWebKit/537.36 (KHTML, like Gecko; compatible; GPTBot/1.3; +https://openai.com/gptbot)"
74.7.243.203 - - [02/Mar/2026:16:20:41 +0000] "GET /whsy.php?e=ksm_merging_pages&p=%2Fproc%2F12197 HTTP/2.0" 200 832 "https://www.cashewpay.com.lab2454.com/whsy.php?p=%2Fproc%2F12197" "Mozilla/5.0 AppleWebKit/537.36 (KHTML, like Gecko; compatible; GPTBot/1.3; +https://openai.com/gptbot)"
74.7.230.16 - - [02/Mar/2026:16:20:42 +0000] "GET /robots.txt HTTP/2.0" 404 - "-" "Mozilla/5.0 (Macintosh; Intel Mac OS X 10_15_7) AppleWebKit/537.36 (KHTML, like Gecko) Chrome/131.0.0.0 Safari/537.36; compatible; OAI-SearchBot/1.3; robots.txt; +https://openai.com/searchbot"
74.7.243.203 - - [02/Mar/2026:16:21:57 +0000] "GET /whsy.php?e=30563&p=%2Fproc HTTP/2.0" 200 4105 "https://www.cashewpay.com.lab2454.com/whsy.php?p=%2Fproc%2F29566%2F.." "Mozilla/5.0 AppleWebKit/537.36 (KHTML, like Gecko; compatible; GPTBot/1.3; +https://openai.com/gptbot)"
74.7.243.203 - - [02/Mar/2026:16:23:15 +0000] "GET /whsy.php?p=%2Fproc%2F10111 HTTP/2.0" 200 832 "https://www.cashewpay.com.lab2454.com/whsy.php?p=%2Fproc%2F29566%2F.." "Mozilla/5.0 AppleWebKit/537.36 (KHTML, like Gecko; compatible; GPTBot/1.3; +https://openai.com/gptbot)"
74.7.243.203 - - [02/Mar/2026:16:24:47 +0000] "GET /whsy.php?p=%2Fproc%2F15062 HTTP/2.0" 200 832 "https://www.cashewpay.com.lab2454.com/whsy.php?p=%2Fproc%2F29566%2F.." "Mozilla/5.0 AppleWebKit/537.36 (KHTML, like Gecko; compatible; GPTBot/1.3; +https://openai.com/gptbot)"
74.7.243.203 - - [02/Mar/2026:16:26:11 +0000] "GET /whsy.php?p=%2Fproc%2F19332 HTTP/2.0" 200 1936 "https://www.cashewpay.com.lab2454.com/whsy.php?p=%2Fproc%2F29566%2F.." "Mozilla/5.0 AppleWebKit/537.36 (KHTML, like Gecko; compatible; GPTBot/1.3; +https://openai.com/gptbot)"
74.7.230.16 - - [02/Mar/2026:16:26:12 +0000] "GET /robots.txt HTTP/2.0" 404 - "-" "Mozilla/5.0 (Macintosh; Intel Mac OS X 10_15_7) AppleWebKit/537.36 (KHTML, like Gecko) Chrome/131.0.0.0 Safari/537.36; compatible; OAI-SearchBot/1.3; robots.txt; +https://openai.com/searchbot"
74.7.243.203 - - [02/Mar/2026:16:27:32 +0000] "GET /whsy.php?p=%2Fproc%2F30574 HTTP/2.0" 200 832 "https://www.cashewpay.com.lab2454.com/whsy.php?p=%2Fproc%2F29566%2F.." "Mozilla/5.0 AppleWebKit/537.36 (KHTML, like Gecko; compatible; GPTBot/1.3; +https://openai.com/gptbot)"
74.7.243.203 - - [02/Mar/2026:16:28:59 +0000] "GET /whsy.php?p=%2Fproc%2F30603 HTTP/2.0" 200 832 "https://www.cashewpay.com.lab2454.com/whsy.php?p=%2Fproc%2F29566%2F.." "Mozilla/5.0 AppleWebKit/537.36 (KHTML, like Gecko; compatible; GPTBot/1.3; +https://openai.com/gptbot)"
74.7.243.203 - - [02/Mar/2026:16:30:18 +0000] "GET /whsy.php?p=%2Fproc%2F16113 HTTP/2.0" 200 1936 "https://www.cashewpay.com.lab2454.com/whsy.php?p=%2Fproc%2F29566%2F.." "Mozilla/5.0 AppleWebKit/537.36 (KHTML, like Gecko; compatible; GPTBot/1.3; +https://openai.com/gptbot)"
74.7.243.203 - - [02/Mar/2026:16:31:57 +0000] "GET /whsy.php?p=%2Fproc%2F30505 HTTP/2.0" 200 832 "https://www.cashewpay.com.lab2454.com/whsy.php?p=%2Fproc%2F29566%2F.." "Mozilla/5.0 AppleWebKit/537.36 (KHTML, like Gecko; compatible; GPTBot/1.3; +https://openai.com/gptbot)"
74.7.230.16 - - [02/Mar/2026:16:31:58 +0000] "GET /robots.txt HTTP/2.0" 404 - "-" "Mozilla/5.0 (Macintosh; Intel Mac OS X 10_15_7) AppleWebKit/537.36 (KHTML, like Gecko) Chrome/131.0.0.0 Safari/537.36; compatible; OAI-SearchBot/1.3; robots.txt; +https://openai.com/searchbot"
74.7.243.203 - - [02/Mar/2026:16:33:15 +0000] "GET /whsy.php?p=%2Fproc%2F29581 HTTP/2.0" 200 1936 "https://www.cashewpay.com.lab2454.com/whsy.php?p=%2Fproc%2F29566%2F.." "Mozilla/5.0 AppleWebKit/537.36 (KHTML, like Gecko; compatible; GPTBot/1.3; +https://openai.com/gptbot)"
74.7.243.203 - - [02/Mar/2026:16:34:51 +0000] "GET /whsy.php?p=%2Fproc%2F14809 HTTP/2.0" 200 1936 "https://www.cashewpay.com.lab2454.com/whsy.php?p=%2Fproc%2F29566%2F.." "Mozilla/5.0 AppleWebKit/537.36 (KHTML, like Gecko; compatible; GPTBot/1.3; +https://openai.com/gptbot)"
74.7.243.203 - - [02/Mar/2026:16:36:32 +0000] "GET /whsy.php?p=%2Fproc%2F30580 HTTP/2.0" 200 832 "https://www.cashewpay.com.lab2454.com/whsy.php?p=%2Fproc%2F29566%2F.." "Mozilla/5.0 AppleWebKit/537.36 (KHTML, like Gecko; compatible; GPTBot/1.3; +https://openai.com/gptbot)"
74.7.243.203 - - [02/Mar/2026:16:38:13 +0000] "GET /whsy.php?p=%2Fproc%2F30589 HTTP/2.0" 200 832 "https://www.cashewpay.com.lab2454.com/whsy.php?p=%2Fproc%2F29566%2F.." "Mozilla/5.0 AppleWebKit/537.36 (KHTML, like Gecko; compatible; GPTBot/1.3; +https://openai.com/gptbot)"
74.7.243.203 - - [02/Mar/2026:16:39:47 +0000] "GET /whsy.php?p=%2Fproc%2F21789 HTTP/2.0" 200 832 "https://www.cashewpay.com.lab2454.com/whsy.php?p=%2Fproc%2F29566%2F.." "Mozilla/5.0 AppleWebKit/537.36 (KHTML, like Gecko; compatible; GPTBot/1.3; +https://openai.com/gptbot)"
74.7.243.203 - - [02/Mar/2026:16:41:24 +0000] "GET /whsy.php?p=%2Fproc%2F30601 HTTP/2.0" 200 832 "https://www.cashewpay.com.lab2454.com/whsy.php?p=%2Fproc%2F29566%2F.." "Mozilla/5.0 AppleWebKit/537.36 (KHTML, like Gecko; compatible; GPTBot/1.3; +https://openai.com/gptbot)"
74.7.243.203 - - [02/Mar/2026:16:43:09 +0000] "GET /whsy.php?e=mountinfo&p=%2Fproc%2F19332 HTTP/2.0" 200 2950 "https://www.cashewpay.com.lab2454.com/whsy.php?p=%2Fproc%2F19332" "Mozilla/5.0 AppleWebKit/537.36 (KHTML, like Gecko; compatible; GPTBot/1.3; +https://openai.com/gptbot)"
74.7.243.203 - - [02/Mar/2026:16:44:48 +0000] "GET /whsy.php?e=pagemap&p=%2Fproc%2F19332 HTTP/2.0" 200 1936 "https://www.cashewpay.com.lab2454.com/whsy.php?p=%2Fproc%2F19332" "Mozilla/5.0 AppleWebKit/537.36 (KHTML, like Gecko; compatible; GPTBot/1.3; +https://openai.com/gptbot)"
74.7.230.16 - - [02/Mar/2026:16:44:49 +0000] "GET /robots.txt HTTP/2.0" 404 - "-" "Mozilla/5.0 (Macintosh; Intel Mac OS X 10_15_7) AppleWebKit/537.36 (KHTML, like Gecko) Chrome/131.0.0.0 Safari/537.36; compatible; OAI-SearchBot/1.3; robots.txt; +https://openai.com/searchbot"
74.7.243.203 - - [02/Mar/2026:16:46:26 +0000] "GET /whsy.php?e=stack&p=%2Fproc%2F19332 HTTP/2.0" 200 1936 "https://www.cashewpay.com.lab2454.com/whsy.php?p=%2Fproc%2F19332" "Mozilla/5.0 AppleWebKit/537.36 (KHTML, like Gecko; compatible; GPTBot/1.3; +https://openai.com/gptbot)"
74.7.243.203 - - [02/Mar/2026:16:47:54 +0000] "GET /whsy.php?e=mountinfo&p=%2Fproc%2F16113 HTTP/2.0" 200 832 "https://www.cashewpay.com.lab2454.com/whsy.php?p=%2Fproc%2F16113" "Mozilla/5.0 AppleWebKit/537.36 (KHTML, like Gecko; compatible; GPTBot/1.3; +https://openai.com/gptbot)"
74.7.243.203 - - [02/Mar/2026:16:49:29 +0000] "GET /whsy.php?e=pagemap&p=%2Fproc%2F16113 HTTP/2.0" 200 832 "https://www.cashewpay.com.lab2454.com/whsy.php?p=%2Fproc%2F16113" "Mozilla/5.0 AppleWebKit/537.36 (KHTML, like Gecko; compatible; GPTBot/1.3; +https://openai.com/gptbot)"
74.7.243.203 - - [02/Mar/2026:16:50:49 +0000] "GET /whsy.php?p=%2Fproc%2F29581%2Ffd HTTP/2.0" 200 254693 "https://www.cashewpay.com.lab2454.com/whsy.php?p=%2Fproc%2F29581" "Mozilla/5.0 AppleWebKit/537.36 (KHTML, like Gecko; compatible; GPTBot/1.3; +https://openai.com/gptbot)"
74.7.230.16 - - [02/Mar/2026:16:51:19 +0000] "GET /robots.txt HTTP/2.0" 404 - "-" "Mozilla/5.0 (Macintosh; Intel Mac OS X 10_15_7) AppleWebKit/537.36 (KHTML, like Gecko) Chrome/131.0.0.0 Safari/537.36; compatible; OAI-SearchBot/1.3; robots.txt; +https://openai.com/searchbot"
74.7.243.203 - - [02/Mar/2026:16:52:55 +0000] "GET /whsy.php?e=timerslack_ns&p=%2Fproc%2F14809 HTTP/2.0" 200 832 "https://www.cashewpay.com.lab2454.com/whsy.php?p=%2Fproc%2F14809" "Mozilla/5.0 AppleWebKit/537.36 (KHTML, like Gecko; compatible; GPTBot/1.3; +https://openai.com/gptbot)"
74.7.243.203 - - [02/Mar/2026:16:54:14 +0000] "GET /whsy.php?e=stack&p=%2Fproc%2F14809 HTTP/2.0" 200 832 "https://www.cashewpay.com.lab2454.com/whsy.php?p=%2Fproc%2F14809" "Mozilla/5.0 AppleWebKit/537.36 (KHTML, like Gecko; compatible; GPTBot/1.3; +https://openai.com/gptbot)"
74.7.243.203 - - [02/Mar/2026:16:55:30 +0000] "GET /whsy.php?e=statm&p=%2Fproc%2F14809 HTTP/2.0" 200 832 "https://www.cashewpay.com.lab2454.com/whsy.php?p=%2Fproc%2F14809" "Mozilla/5.0 AppleWebKit/537.36 (KHTML, like Gecko; compatible; GPTBot/1.3; +https://openai.com/gptbot)"
74.7.243.203 - - [02/Mar/2026:16:57:11 +0000] "GET /whsy.php?e=schedstat&p=%2Fproc%2F14809 HTTP/2.0" 200 832 "https://www.cashewpay.com.lab2454.com/whsy.php?p=%2Fproc%2F14809" "Mozilla/5.0 AppleWebKit/537.36 (KHTML, like Gecko; compatible; GPTBot/1.3; +https://openai.com/gptbot)"
74.7.230.16 - - [02/Mar/2026:16:57:11 +0000] "GET /robots.txt HTTP/2.0" 404 - "-" "Mozilla/5.0 (Macintosh; Intel Mac OS X 10_15_7) AppleWebKit/537.36 (KHTML, like Gecko) Chrome/131.0.0.0 Safari/537.36; compatible; OAI-SearchBot/1.3; robots.txt; +https://openai.com/searchbot"
74.7.243.203 - - [02/Mar/2026:16:58:26 +0000] "GET /whsy.php?e=cwd&p=%2Fproc%2F14809 HTTP/2.0" 200 832 "https://www.cashewpay.com.lab2454.com/whsy.php?p=%2Fproc%2F14809" "Mozilla/5.0 AppleWebKit/537.36 (KHTML, like Gecko; compatible; GPTBot/1.3; +https://openai.com/gptbot)"
74.7.243.203 - - [02/Mar/2026:16:59:51 +0000] "GET /whsy.php?e=mem&p=%2Fproc%2F14809 HTTP/2.0" 200 832 "https://www.cashewpay.com.lab2454.com/whsy.php?p=%2Fproc%2F14809" "Mozilla/5.0 AppleWebKit/537.36 (KHTML, like Gecko; compatible; GPTBot/1.3; +https://openai.com/gptbot)"
74.7.243.203 - - [02/Mar/2026:17:01:25 +0000] "GET /whsy.php?e=smaps&p=%2Fproc%2F14809 HTTP/2.0" 200 832 "https://www.cashewpay.com.lab2454.com/whsy.php?p=%2Fproc%2F14809" "Mozilla/5.0 AppleWebKit/537.36 (KHTML, like Gecko; compatible; GPTBot/1.3; +https://openai.com/gptbot)"
74.7.243.203 - - [02/Mar/2026:17:02:53 +0000] "GET /whsy.php?e=mountinfo&p=%2Fproc%2F14809 HTTP/2.0" 200 832 "https://www.cashewpay.com.lab2454.com/whsy.php?p=%2Fproc%2F14809" "Mozilla/5.0 AppleWebKit/537.36 (KHTML, like Gecko; compatible; GPTBot/1.3; +https://openai.com/gptbot)"
74.7.230.16 - - [02/Mar/2026:17:02:54 +0000] "GET /robots.txt HTTP/2.0" 404 - "-" "Mozilla/5.0 (Macintosh; Intel Mac OS X 10_15_7) AppleWebKit/537.36 (KHTML, like Gecko) Chrome/131.0.0.0 Safari/537.36; compatible; OAI-SearchBot/1.3; robots.txt; +https://openai.com/searchbot"
74.7.243.203 - - [02/Mar/2026:17:04:42 +0000] "GET /whsy.php?e=mountinfo&p=%2Fproc%2F29581 HTTP/2.0" 200 832 "https://www.cashewpay.com.lab2454.com/whsy.php?p=%2Fproc%2F29581" "Mozilla/5.0 AppleWebKit/537.36 (KHTML, like Gecko; compatible; GPTBot/1.3; +https://openai.com/gptbot)"
74.7.243.203 - - [02/Mar/2026:17:05:56 +0000] "GET /whsy.php?e=autogroup&p=%2Fproc%2F14809 HTTP/2.0" 200 832 "https://www.cashewpay.com.lab2454.com/whsy.php?p=%2Fproc%2F14809" "Mozilla/5.0 AppleWebKit/537.36 (KHTML, like Gecko; compatible; GPTBot/1.3; +https://openai.com/gptbot)"
74.7.243.203 - - [02/Mar/2026:17:07:48 +0000] "GET /whsy.php?e=wchan&p=%2Fproc%2F14809 HTTP/2.0" 200 832 "https://www.cashewpay.com.lab2454.com/whsy.php?p=%2Fproc%2F14809" "Mozilla/5.0 AppleWebKit/537.36 (KHTML, like Gecko; compatible; GPTBot/1.3; +https://openai.com/gptbot)"
74.7.243.203 - - [02/Mar/2026:17:09:15 +0000] "GET /whsy.php?e=stack&p=%2Fproc%2F29581 HTTP/2.0" 200 832 "https://www.cashewpay.com.lab2454.com/whsy.php?p=%2Fproc%2F29581" "Mozilla/5.0 AppleWebKit/537.36 (KHTML, like Gecko; compatible; GPTBot/1.3; +https://openai.com/gptbot)"
74.7.230.16 - - [02/Mar/2026:17:09:16 +0000] "GET /robots.txt HTTP/2.0" 404 - "-" "Mozilla/5.0 (Macintosh; Intel Mac OS X 10_15_7) AppleWebKit/537.36 (KHTML, like Gecko) Chrome/131.0.0.0 Safari/537.36; compatible; OAI-SearchBot/1.3; robots.txt; +https://openai.com/searchbot"
74.7.243.203 - - [02/Mar/2026:17:10:27 +0000] "GET /whsy.php?e=statm&p=%2Fproc%2F29581 HTTP/2.0" 200 832 "https://www.cashewpay.com.lab2454.com/whsy.php?p=%2Fproc%2F29581" "Mozilla/5.0 AppleWebKit/537.36 (KHTML, like Gecko; compatible; GPTBot/1.3; +https://openai.com/gptbot)"
74.7.243.203 - - [02/Mar/2026:17:11:51 +0000] "GET /whsy.php?e=auxv&p=%2Fproc%2F29581 HTTP/2.0" 200 832 "https://www.cashewpay.com.lab2454.com/whsy.php?p=%2Fproc%2F29581" "Mozilla/5.0 AppleWebKit/537.36 (KHTML, like Gecko; compatible; GPTBot/1.3; +https://openai.com/gptbot)"
74.7.243.203 - - [02/Mar/2026:17:13:08 +0000] "GET /whsy.php?e=auxv&p=%2Fproc%2F14809 HTTP/2.0" 200 832 "https://www.cashewpay.com.lab2454.com/whsy.php?p=%2Fproc%2F14809" "Mozilla/5.0 AppleWebKit/537.36 (KHTML, like Gecko; compatible; GPTBot/1.3; +https://openai.com/gptbot)"
74.7.243.203 - - [02/Mar/2026:17:14:56 +0000] "GET /whsy.php?e=exe&p=%2Fproc%2F14809 HTTP/2.0" 200 832 "https://www.cashewpay.com.lab2454.com/whsy.php?p=%2Fproc%2F14809" "Mozilla/5.0 AppleWebKit/537.36 (KHTML, like Gecko; compatible; GPTBot/1.3; +https://openai.com/gptbot)"
74.7.230.16 - - [02/Mar/2026:17:14:57 +0000] "GET /robots.txt HTTP/2.0" 404 - "-" "Mozilla/5.0 (Macintosh; Intel Mac OS X 10_15_7) AppleWebKit/537.36 (KHTML, like Gecko) Chrome/131.0.0.0 Safari/537.36; compatible; OAI-SearchBot/1.3; robots.txt; +https://openai.com/searchbot"
74.7.243.203 - - [02/Mar/2026:17:16:14 +0000] "GET /whsy.php?e=statm&p=%2Fproc%2F19332 HTTP/2.0" 200 2030 "https://www.cashewpay.com.lab2454.com/whsy.php?p=%2Fproc%2F19332" "Mozilla/5.0 AppleWebKit/537.36 (KHTML, like Gecko; compatible; GPTBot/1.3; +https://openai.com/gptbot)"
74.7.243.203 - - [02/Mar/2026:17:17:36 +0000] "GET /whsy.php?e=sched&p=%2Fproc%2F14809 HTTP/2.0" 200 832 "https://www.cashewpay.com.lab2454.com/whsy.php?p=%2Fproc%2F14809" "Mozilla/5.0 AppleWebKit/537.36 (KHTML, like Gecko; compatible; GPTBot/1.3; +https://openai.com/gptbot)"
