74.7.243.219 - - [03/Mar/2026:07:13:48 +0000] "GET /whsy.php?p=%2Fproc%2F16478%2Fnet%2Fdev_snmp6 HTTP/2.0" 200 981 "https://www.cashewpay.com.lab2454.com/whsy.php?p=%2Fproc%2F16478%2Fnet" "Mozilla/5.0 AppleWebKit/537.36 (KHTML, like Gecko; compatible; GPTBot/1.3; +https://openai.com/gptbot)"
74.7.243.219 - - [03/Mar/2026:07:14:00 +0000] "GET /whsy.php?p=%2Fproc%2F16480%2Fnet%2Fdev_snmp6 HTTP/2.0" 200 982 "https://www.cashewpay.com.lab2454.com/whsy.php?p=%2Fproc%2F16480%2Fnet" "Mozilla/5.0 AppleWebKit/537.36 (KHTML, like Gecko; compatible; GPTBot/1.3; +https://openai.com/gptbot)"
74.7.243.219 - - [03/Mar/2026:07:14:14 +0000] "GET /whsy.php?p=%2Fproc%2F31860%2Fnet%2Fdev_snmp6 HTTP/2.0" 200 982 "https://www.cashewpay.com.lab2454.com/whsy.php?p=%2Fproc%2F31860%2Fnet" "Mozilla/5.0 AppleWebKit/537.36 (KHTML, like Gecko; compatible; GPTBot/1.3; +https://openai.com/gptbot)"
74.7.243.219 - - [03/Mar/2026:07:14:26 +0000] "GET /whsy.php?p=%2Fproc%2F15809%2Ftask%2F16148 HTTP/2.0" 200 1803 "https://www.cashewpay.com.lab2454.com/whsy.php?p=%2Fproc%2F15809%2Ftask" "Mozilla/5.0 AppleWebKit/537.36 (KHTML, like Gecko; compatible; GPTBot/1.3; +https://openai.com/gptbot)"
74.7.243.219 - - [03/Mar/2026:07:14:38 +0000] "GET /whsy.php?p=%2Fproc%2F15809%2Ftask%2F16146 HTTP/2.0" 200 1803 "https://www.cashewpay.com.lab2454.com/whsy.php?p=%2Fproc%2F15809%2Ftask" "Mozilla/5.0 AppleWebKit/537.36 (KHTML, like Gecko; compatible; GPTBot/1.3; +https://openai.com/gptbot)"
74.7.243.219 - - [03/Mar/2026:07:14:52 +0000] "GET /whsy.php?p=%2Fproc%2F15809%2Ftask%2F16149 HTTP/2.0" 200 1802 "https://www.cashewpay.com.lab2454.com/whsy.php?p=%2Fproc%2F15809%2Ftask" "Mozilla/5.0 AppleWebKit/537.36 (KHTML, like Gecko; compatible; GPTBot/1.3; +https://openai.com/gptbot)"
74.7.243.219 - - [03/Mar/2026:07:15:04 +0000] "GET /whsy.php?p=%2Fproc%2F22217%2Fnet%2Fip6t_hashlimit HTTP/2.0" 200 500 "https://www.cashewpay.com.lab2454.com/whsy.php?p=%2Fproc%2F22217%2Fnet" "Mozilla/5.0 AppleWebKit/537.36 (KHTML, like Gecko; compatible; GPTBot/1.3; +https://openai.com/gptbot)"
74.7.243.219 - - [03/Mar/2026:07:15:16 +0000] "GET /whsy.php?e=sockcreate&p=%2Fproc%2F19332%2Fattr HTTP/2.0" 200 863 "https://www.cashewpay.com.lab2454.com/whsy.php?p=%2Fproc%2F19332%2Fattr" "Mozilla/5.0 AppleWebKit/537.36 (KHTML, like Gecko; compatible; GPTBot/1.3; +https://openai.com/gptbot)"
74.7.243.219 - - [03/Mar/2026:07:15:29 +0000] "GET /whsy.php?e=sockcreate&p=%2Fproc%2F10277%2Fattr HTTP/2.0" 200 864 "https://www.cashewpay.com.lab2454.com/whsy.php?p=%2Fproc%2F10277%2Fattr" "Mozilla/5.0 AppleWebKit/537.36 (KHTML, like Gecko; compatible; GPTBot/1.3; +https://openai.com/gptbot)"
74.7.243.219 - - [03/Mar/2026:07:15:40 +0000] "GET /whsy.php?p=%2Fproc%2F31849%2Fnet%2Fdev_snmp6 HTTP/2.0" 200 981 "https://www.cashewpay.com.lab2454.com/whsy.php?p=%2Fproc%2F31849%2Fnet" "Mozilla/5.0 AppleWebKit/537.36 (KHTML, like Gecko; compatible; GPTBot/1.3; +https://openai.com/gptbot)"
74.7.243.219 - - [03/Mar/2026:07:15:49 +0000] "GET /whsy.php?p=%2Fproc%2F15809%2Fnet%2Fdev_snmp6 HTTP/2.0" 200 982 "https://www.cashewpay.com.lab2454.com/whsy.php?p=%2Fproc%2F15809%2Fnet" "Mozilla/5.0 AppleWebKit/537.36 (KHTML, like Gecko; compatible; GPTBot/1.3; +https://openai.com/gptbot)"
74.7.243.219 - - [03/Mar/2026:07:15:59 +0000] "GET /whsy.php?p=%2Fproc%2F15809%2Ftask%2F15814%2Fattr HTTP/2.0" 200 818 "https://www.cashewpay.com.lab2454.com/whsy.php?p=%2Fproc%2F15809%2Ftask%2F15814" "Mozilla/5.0 AppleWebKit/537.36 (KHTML, like Gecko; compatible; GPTBot/1.3; +https://openai.com/gptbot)"
74.7.243.219 - - [03/Mar/2026:07:16:08 +0000] "GET /whsy.php?p=%2Fproc%2F22217%2Fnet%2Fnetfilter HTTP/2.0" 200 731 "https://www.cashewpay.com.lab2454.com/whsy.php?p=%2Fproc%2F22217%2Fnet" "Mozilla/5.0 AppleWebKit/537.36 (KHTML, like Gecko; compatible; GPTBot/1.3; +https://openai.com/gptbot)"
74.7.243.219 - - [03/Mar/2026:07:16:16 +0000] "GET /whsy.php?p=%2Fproc%2F26459%2Fmap_files HTTP/2.0" 200 832 "https://www.cashewpay.com.lab2454.com/whsy.php?p=%2Fproc%2F26459" "Mozilla/5.0 AppleWebKit/537.36 (KHTML, like Gecko; compatible; GPTBot/1.3; +https://openai.com/gptbot)"
74.7.243.219 - - [03/Mar/2026:07:16:25 +0000] "GET /whsy.php?e=limits&p=%2Fproc%2F15809%2Ftask%2F16148 HTTP/2.0" 200 2134 "https://www.cashewpay.com.lab2454.com/whsy.php?p=%2Fproc%2F15809%2Ftask%2F16148" "Mozilla/5.0 AppleWebKit/537.36 (KHTML, like Gecko; compatible; GPTBot/1.3; +https://openai.com/gptbot)"
74.7.243.219 - - [03/Mar/2026:07:16:33 +0000] "GET /whsy.php?p=%2Fproc%2F15809%2Ftask%2F16148%2Fattr HTTP/2.0" 200 819 "https://www.cashewpay.com.lab2454.com/whsy.php?p=%2Fproc%2F15809%2Ftask%2F16148" "Mozilla/5.0 AppleWebKit/537.36 (KHTML, like Gecko; compatible; GPTBot/1.3; +https://openai.com/gptbot)"
74.7.243.219 - - [03/Mar/2026:07:16:41 +0000] "GET /whsy.php?e=sessionid&p=%2Fproc%2F15809%2Ftask%2F16149 HTTP/2.0" 200 1880 "https://www.cashewpay.com.lab2454.com/whsy.php?p=%2Fproc%2F15809%2Ftask%2F16149" "Mozilla/5.0 AppleWebKit/537.36 (KHTML, like Gecko; compatible; GPTBot/1.3; +https://openai.com/gptbot)"
74.7.243.219 - - [03/Mar/2026:07:16:49 +0000] "GET /whsy.php?p=%2Fproc%2F15809%2Ftask%2F16146%2Fattr HTTP/2.0" 200 819 "https://www.cashewpay.com.lab2454.com/whsy.php?p=%2Fproc%2F15809%2Ftask%2F16146" "Mozilla/5.0 AppleWebKit/537.36 (KHTML, like Gecko; compatible; GPTBot/1.3; +https://openai.com/gptbot)"
74.7.243.219 - - [03/Mar/2026:07:16:58 +0000] "GET /whsy.php?p=%2Fproc%2F15809%2Ftask%2F16149%2Fattr HTTP/2.0" 200 818 "https://www.cashewpay.com.lab2454.com/whsy.php?p=%2Fproc%2F15809%2Ftask%2F16149" "Mozilla/5.0 AppleWebKit/537.36 (KHTML, like Gecko; compatible; GPTBot/1.3; +https://openai.com/gptbot)"
74.7.243.219 - - [03/Mar/2026:07:17:10 +0000] "GET /whsy.php?p=%2Fproc%2F15809%2Ftask%2F16149%2Fnet HTTP/2.0" 200 2468 "https://www.cashewpay.com.lab2454.com/whsy.php?p=%2Fproc%2F15809%2Ftask%2F16149" "Mozilla/5.0 AppleWebKit/537.36 (KHTML, like Gecko; compatible; GPTBot/1.3; +https://openai.com/gptbot)"
74.7.243.219 - - [03/Mar/2026:07:17:22 +0000] "GET /whsy.php?p=%2Fproc%2F15809%2Ftask%2F16148%2Fnet HTTP/2.0" 200 2468 "https://www.cashewpay.com.lab2454.com/whsy.php?p=%2Fproc%2F15809%2Ftask%2F16148" "Mozilla/5.0 AppleWebKit/537.36 (KHTML, like Gecko; compatible; GPTBot/1.3; +https://openai.com/gptbot)"
74.7.243.219 - - [03/Mar/2026:07:17:31 +0000] "GET /whsy.php?p=%2Fproc%2F15809%2Ftask%2F16146%2Fnet HTTP/2.0" 200 2469 "https://www.cashewpay.com.lab2454.com/whsy.php?p=%2Fproc%2F15809%2Ftask%2F16146" "Mozilla/5.0 AppleWebKit/537.36 (KHTML, like Gecko; compatible; GPTBot/1.3; +https://openai.com/gptbot)"
74.7.243.219 - - [03/Mar/2026:07:17:40 +0000] "GET /whsy.php?p=%2Fproc%2F15809%2Ftask%2F16149%2Fns HTTP/2.0" 200 159246 "https://www.cashewpay.com.lab2454.com/whsy.php?p=%2Fproc%2F15809%2Ftask%2F16149" "Mozilla/5.0 AppleWebKit/537.36 (KHTML, like Gecko; compatible; GPTBot/1.3; +https://openai.com/gptbot)"
74.7.243.219 - - [03/Mar/2026:07:18:17 +0000] "GET /whsy.php?p=%2Fproc%2F15809%2Ftask%2F16146%2Fns HTTP/2.0" 200 175039 "https://www.cashewpay.com.lab2454.com/whsy.php?p=%2Fproc%2F15809%2Ftask%2F16146" "Mozilla/5.0 AppleWebKit/537.36 (KHTML, like Gecko; compatible; GPTBot/1.3; +https://openai.com/gptbot)"
74.7.243.219 - - [03/Mar/2026:07:18:54 +0000] "GET /whsy.php?p=%2Fproc%2F15809%2Ftask%2F16148%2Fns HTTP/2.0" 200 181003 "https://www.cashewpay.com.lab2454.com/whsy.php?p=%2Fproc%2F15809%2Ftask%2F16148" "Mozilla/5.0 AppleWebKit/537.36 (KHTML, like Gecko; compatible; GPTBot/1.3; +https://openai.com/gptbot)"
74.7.243.219 - - [03/Mar/2026:07:19:32 +0000] "GET /whsy.php?p=%2Fproc%2F15809%2Ftask%2F16146%2Ffd HTTP/2.0" 200 177896 "https://www.cashewpay.com.lab2454.com/whsy.php?p=%2Fproc%2F15809%2Ftask%2F16146" "Mozilla/5.0 AppleWebKit/537.36 (KHTML, like Gecko; compatible; GPTBot/1.3; +https://openai.com/gptbot)"
74.7.243.219 - - [03/Mar/2026:07:20:09 +0000] "GET /whsy.php?e=prev&p=%2Fproc%2F15809%2Ftask%2F16148%2Fattr HTTP/2.0" 200 884 "https://www.cashewpay.com.lab2454.com/whsy.php?p=%2Fproc%2F15809%2Ftask%2F16148%2Fattr" "Mozilla/5.0 AppleWebKit/537.36 (KHTML, like Gecko; compatible; GPTBot/1.3; +https://openai.com/gptbot)"
74.7.243.219 - - [03/Mar/2026:07:21:11 +0000] "GET /whsy.php?p=%2Fproc%2F15809%2Ftask%2F16149%2Ffd HTTP/2.0" 200 157567 "https://www.cashewpay.com.lab2454.com/whsy.php?p=%2Fproc%2F15809%2Ftask%2F16149" "Mozilla/5.0 AppleWebKit/537.36 (KHTML, like Gecko; compatible; GPTBot/1.3; +https://openai.com/gptbot)"
74.7.243.219 - - [03/Mar/2026:07:22:06 +0000] "GET /whsy.php?p=%2Fproc%2F15809%2Ftask%2F16148%2Ffd HTTP/2.0" 200 204607 "https://www.cashewpay.com.lab2454.com/whsy.php?p=%2Fproc%2F15809%2Ftask%2F16148" "Mozilla/5.0 AppleWebKit/537.36 (KHTML, like Gecko; compatible; GPTBot/1.3; +https://openai.com/gptbot)"
74.7.243.219 - - [03/Mar/2026:07:23:08 +0000] "GET /whsy.php?e=auxv&p=%2Fproc%2F15809%2Ftask%2F16146 HTTP/2.0" 200 1803 "https://www.cashewpay.com.lab2454.com/whsy.php?p=%2Fproc%2F15809%2Ftask%2F16146" "Mozilla/5.0 AppleWebKit/537.36 (KHTML, like Gecko; compatible; GPTBot/1.3; +https://openai.com/gptbot)"
74.7.243.219 - - [03/Mar/2026:07:24:17 +0000] "GET /whsy.php?e=mcfilter6&p=%2Fproc%2F15809%2Ftask%2F16149%2Fnet HTTP/2.0" 200 2577 "https://www.cashewpay.com.lab2454.com/whsy.php?p=%2Fproc%2F15809%2Ftask%2F16149%2Fnet" "Mozilla/5.0 AppleWebKit/537.36 (KHTML, like Gecko; compatible; GPTBot/1.3; +https://openai.com/gptbot)"
74.7.175.173 - - [03/Mar/2026:07:24:18 +0000] "GET /robots.txt HTTP/2.0" 404 - "-" "Mozilla/5.0 (Macintosh; Intel Mac OS X 10_15_7) AppleWebKit/537.36 (KHTML, like Gecko) Chrome/131.0.0.0 Safari/537.36; compatible; OAI-SearchBot/1.3; robots.txt; +https://openai.com/searchbot"
74.7.243.219 - - [03/Mar/2026:07:25:10 +0000] "GET /whsy.php?p=%2Fproc%2F15809%2Ftask%2F16149%2Fnet%2Fdev_snmp6 HTTP/2.0" 200 1003 "https://www.cashewpay.com.lab2454.com/whsy.php?p=%2Fproc%2F15809%2Ftask%2F16149%2Fnet" "Mozilla/5.0 AppleWebKit/537.36 (KHTML, like Gecko; compatible; GPTBot/1.3; +https://openai.com/gptbot)"
74.7.243.219 - - [03/Mar/2026:07:26:02 +0000] "GET /whsy.php?p=%2Fproc%2F15809%2Ftask%2F16146%2Fnet%2Fdev_snmp6 HTTP/2.0" 200 1003 "https://www.cashewpay.com.lab2454.com/whsy.php?p=%2Fproc%2F15809%2Ftask%2F16146%2Fnet" "Mozilla/5.0 AppleWebKit/537.36 (KHTML, like Gecko; compatible; GPTBot/1.3; +https://openai.com/gptbot)"
74.7.243.219 - - [03/Mar/2026:07:26:46 +0000] "GET /whsy.php?p=%2Fproc%2F15809%2Ftask%2F16148%2Fnet%2Fdev_snmp6 HTTP/2.0" 200 1003 "https://www.cashewpay.com.lab2454.com/whsy.php?p=%2Fproc%2F15809%2Ftask%2F16148%2Fnet" "Mozilla/5.0 AppleWebKit/537.36 (KHTML, like Gecko; compatible; GPTBot/1.3; +https://openai.com/gptbot)"
74.7.243.219 - - [03/Mar/2026:07:27:30 +0000] "GET /whsy.php?p=%2Fproc%2F15809%2Ftask%2F16149%2Fnet%2Fip6t_hashlimit HTTP/2.0" 200 523 "https://www.cashewpay.com.lab2454.com/whsy.php?p=%2Fproc%2F15809%2Ftask%2F16149%2Fnet" "Mozilla/5.0 AppleWebKit/537.36 (KHTML, like Gecko; compatible; GPTBot/1.3; +https://openai.com/gptbot)"
74.7.243.219 - - [03/Mar/2026:07:28:08 +0000] "GET /whsy.php?p=%2Fproc%2F15809%2Ftask%2F16148%2Fnet%2Fip6t_hashlimit HTTP/2.0" 200 523 "https://www.cashewpay.com.lab2454.com/whsy.php?p=%2Fproc%2F15809%2Ftask%2F16148%2Fnet" "Mozilla/5.0 AppleWebKit/537.36 (KHTML, like Gecko; compatible; GPTBot/1.3; +https://openai.com/gptbot)"
74.7.243.219 - - [03/Mar/2026:07:28:41 +0000] "GET /whsy.php?p=%2Fproc%2F15809%2Ftask%2F16146%2Fnet%2Fip6t_hashlimit HTTP/2.0" 200 523 "https://www.cashewpay.com.lab2454.com/whsy.php?p=%2Fproc%2F15809%2Ftask%2F16146%2Fnet" "Mozilla/5.0 AppleWebKit/537.36 (KHTML, like Gecko; compatible; GPTBot/1.3; +https://openai.com/gptbot)"
74.7.243.219 - - [03/Mar/2026:07:29:12 +0000] "GET /whsy.php?p=%2Fproc%2F15809%2Ftask%2F16146%2Fnet%2Fipt_hashlimit HTTP/2.0" 200 522 "https://www.cashewpay.com.lab2454.com/whsy.php?p=%2Fproc%2F15809%2Ftask%2F16146%2Fnet" "Mozilla/5.0 AppleWebKit/537.36 (KHTML, like Gecko; compatible; GPTBot/1.3; +https://openai.com/gptbot)"
74.7.243.219 - - [03/Mar/2026:07:29:36 +0000] "GET /whsy.php?p=%2Fproc%2F15809%2Ftask%2F16149%2Fnet%2Fipt_hashlimit HTTP/2.0" 200 521 "https://www.cashewpay.com.lab2454.com/whsy.php?p=%2Fproc%2F15809%2Ftask%2F16149%2Fnet" "Mozilla/5.0 AppleWebKit/537.36 (KHTML, like Gecko; compatible; GPTBot/1.3; +https://openai.com/gptbot)"
74.7.175.173 - - [03/Mar/2026:07:29:36 +0000] "GET /robots.txt HTTP/2.0" 404 - "-" "Mozilla/5.0 (Macintosh; Intel Mac OS X 10_15_7) AppleWebKit/537.36 (KHTML, like Gecko) Chrome/131.0.0.0 Safari/537.36; compatible; OAI-SearchBot/1.3; robots.txt; +https://openai.com/searchbot"
74.7.243.219 - - [03/Mar/2026:07:29:59 +0000] "GET /whsy.php?p=%2Fproc%2F15809%2Ftask%2F16148%2Fnet%2Fipt_hashlimit HTTP/2.0" 200 521 "https://www.cashewpay.com.lab2454.com/whsy.php?p=%2Fproc%2F15809%2Ftask%2F16148%2Fnet" "Mozilla/5.0 AppleWebKit/537.36 (KHTML, like Gecko; compatible; GPTBot/1.3; +https://openai.com/gptbot)"
74.7.243.219 - - [03/Mar/2026:07:30:21 +0000] "GET /whsy.php?p=%2Fproc%2F15809%2Ftask%2F16148%2Ffdinfo HTTP/2.0" 200 174729 "https://www.cashewpay.com.lab2454.com/whsy.php?p=%2Fproc%2F15809%2Ftask%2F16148" "Mozilla/5.0 AppleWebKit/537.36 (KHTML, like Gecko; compatible; GPTBot/1.3; +https://openai.com/gptbot)"
74.7.243.219 - - [03/Mar/2026:07:31:01 +0000] "GET /whsy.php?p=%2Fproc%2F15809%2Ftask%2F16146%2Ffdinfo HTTP/2.0" 200 163914 "https://www.cashewpay.com.lab2454.com/whsy.php?p=%2Fproc%2F15809%2Ftask%2F16146" "Mozilla/5.0 AppleWebKit/537.36 (KHTML, like Gecko; compatible; GPTBot/1.3; +https://openai.com/gptbot)"
74.7.243.219 - - [03/Mar/2026:07:32:02 +0000] "GET /whsy.php?p=%2Fproc%2F15809%2Ftask%2F16149%2Fnet%2Fdev_snmp6%2F.. HTTP/2.0" 200 2468 "https://www.cashewpay.com.lab2454.com/whsy.php?p=%2Fproc%2F15809%2Ftask%2F16149%2Fnet%2Fdev_snmp6" "Mozilla/5.0 AppleWebKit/537.36 (KHTML, like Gecko; compatible; GPTBot/1.3; +https://openai.com/gptbot)"
74.7.243.219 - - [03/Mar/2026:07:33:07 +0000] "GET /whsy.php?p=%2Fproc%2F15809%2Ftask%2F16146%2Fnet%2Fdev_snmp6%2F.. HTTP/2.0" 200 2469 "https://www.cashewpay.com.lab2454.com/whsy.php?p=%2Fproc%2F15809%2Ftask%2F16146%2Fnet%2Fdev_snmp6" "Mozilla/5.0 AppleWebKit/537.36 (KHTML, like Gecko; compatible; GPTBot/1.3; +https://openai.com/gptbot)"
74.7.243.219 - - [03/Mar/2026:07:34:01 +0000] "GET /whsy.php?p=%2Fproc%2F15809%2Ftask%2F16148%2Fnet%2Fdev_snmp6%2F.. HTTP/2.0" 200 2468 "https://www.cashewpay.com.lab2454.com/whsy.php?p=%2Fproc%2F15809%2Ftask%2F16148%2Fnet%2Fdev_snmp6" "Mozilla/5.0 AppleWebKit/537.36 (KHTML, like Gecko; compatible; GPTBot/1.3; +https://openai.com/gptbot)"
74.7.243.219 - - [03/Mar/2026:07:34:55 +0000] "GET /whsy.php?p=%2Fproc%2F15809%2Ftask%2F16149%2Fnet%2Fip6t_hashlimit%2F.. HTTP/2.0" 200 2468 "https://www.cashewpay.com.lab2454.com/whsy.php?p=%2Fproc%2F15809%2Ftask%2F16149%2Fnet%2Fip6t_hashlimit" "Mozilla/5.0 AppleWebKit/537.36 (KHTML, like Gecko; compatible; GPTBot/1.3; +https://openai.com/gptbot)"
74.7.175.173 - - [03/Mar/2026:07:34:56 +0000] "GET /robots.txt HTTP/2.0" 404 - "-" "Mozilla/5.0 (Macintosh; Intel Mac OS X 10_15_7) AppleWebKit/537.36 (KHTML, like Gecko) Chrome/131.0.0.0 Safari/537.36; compatible; OAI-SearchBot/1.3; robots.txt; +https://openai.com/searchbot"
74.7.243.219 - - [03/Mar/2026:07:35:37 +0000] "GET /whsy.php?p=%2Fproc%2F15809%2Ftask%2F16148%2Fnet%2Fip6t_hashlimit%2F.. HTTP/2.0" 200 2468 "https://www.cashewpay.com.lab2454.com/whsy.php?p=%2Fproc%2F15809%2Ftask%2F16148%2Fnet%2Fip6t_hashlimit" "Mozilla/5.0 AppleWebKit/537.36 (KHTML, like Gecko; compatible; GPTBot/1.3; +https://openai.com/gptbot)"
74.7.243.219 - - [03/Mar/2026:07:36:18 +0000] "GET /whsy.php?p=%2Fproc%2F15809%2Ftask%2F16146%2Fnet%2Fip6t_hashlimit%2F.. HTTP/2.0" 200 2469 "https://www.cashewpay.com.lab2454.com/whsy.php?p=%2Fproc%2F15809%2Ftask%2F16146%2Fnet%2Fip6t_hashlimit" "Mozilla/5.0 AppleWebKit/537.36 (KHTML, like Gecko; compatible; GPTBot/1.3; +https://openai.com/gptbot)"
74.7.243.219 - - [03/Mar/2026:07:36:57 +0000] "GET /whsy.php?p=%2Fproc%2F15809%2Ftask%2F16149%2Ffdinfo HTTP/2.0" 200 166786 "https://www.cashewpay.com.lab2454.com/whsy.php?p=%2Fproc%2F15809%2Ftask%2F16149" "Mozilla/5.0 AppleWebKit/537.36 (KHTML, like Gecko; compatible; GPTBot/1.3; +https://openai.com/gptbot)"
74.7.243.219 - - [03/Mar/2026:07:37:36 +0000] "GET /whsy.php?p=%2Fproc%2F15809%2Ftask%2F16149%2Fnet%2Fipt_hashlimit%2F.. HTTP/2.0" 200 2468 "https://www.cashewpay.com.lab2454.com/whsy.php?p=%2Fproc%2F15809%2Ftask%2F16149%2Fnet%2Fipt_hashlimit" "Mozilla/5.0 AppleWebKit/537.36 (KHTML, like Gecko; compatible; GPTBot/1.3; +https://openai.com/gptbot)"
74.7.243.219 - - [03/Mar/2026:07:38:37 +0000] "GET /whsy.php?p=%2Fproc%2F15809%2Ftask%2F16146%2Fnet%2Fipt_hashlimit%2F.. HTTP/2.0" 200 2469 "https://www.cashewpay.com.lab2454.com/whsy.php?p=%2Fproc%2F15809%2Ftask%2F16146%2Fnet%2Fipt_hashlimit" "Mozilla/5.0 AppleWebKit/537.36 (KHTML, like Gecko; compatible; GPTBot/1.3; +https://openai.com/gptbot)"
74.7.243.219 - - [03/Mar/2026:07:39:35 +0000] "GET /whsy.php?p=%2Fproc%2F15809%2Ftask%2F16148%2Fnet%2Fipt_hashlimit%2F.. HTTP/2.0" 200 2468 "https://www.cashewpay.com.lab2454.com/whsy.php?p=%2Fproc%2F15809%2Ftask%2F16148%2Fnet%2Fipt_hashlimit" "Mozilla/5.0 AppleWebKit/537.36 (KHTML, like Gecko; compatible; GPTBot/1.3; +https://openai.com/gptbot)"
74.7.243.219 - - [03/Mar/2026:07:40:33 +0000] "GET /whsy.php?p=%2Fproc%2F15809%2Ftask%2F16146%2Fnet%2Fxt_recent HTTP/2.0" 200 520 "https://www.cashewpay.com.lab2454.com/whsy.php?p=%2Fproc%2F15809%2Ftask%2F16146%2Fnet" "Mozilla/5.0 AppleWebKit/537.36 (KHTML, like Gecko; compatible; GPTBot/1.3; +https://openai.com/gptbot)"
74.7.175.173 - - [03/Mar/2026:07:40:34 +0000] "GET /robots.txt HTTP/2.0" 404 - "-" "Mozilla/5.0 (Macintosh; Intel Mac OS X 10_15_7) AppleWebKit/537.36 (KHTML, like Gecko) Chrome/131.0.0.0 Safari/537.36; compatible; OAI-SearchBot/1.3; robots.txt; +https://openai.com/searchbot"
74.7.243.219 - - [03/Mar/2026:07:41:09 +0000] "GET /whsy.php?p=%2Fproc%2F15809%2Ftask%2F16148%2Fnet%2Fxt_recent HTTP/2.0" 200 519 "https://www.cashewpay.com.lab2454.com/whsy.php?p=%2Fproc%2F15809%2Ftask%2F16148%2Fnet" "Mozilla/5.0 AppleWebKit/537.36 (KHTML, like Gecko; compatible; GPTBot/1.3; +https://openai.com/gptbot)"
74.7.243.219 - - [03/Mar/2026:07:41:55 +0000] "GET /whsy.php?p=%2Fproc%2F15809%2Ftask%2F16149%2Fnet%2Fxt_recent HTTP/2.0" 200 519 "https://www.cashewpay.com.lab2454.com/whsy.php?p=%2Fproc%2F15809%2Ftask%2F16149%2Fnet" "Mozilla/5.0 AppleWebKit/537.36 (KHTML, like Gecko; compatible; GPTBot/1.3; +https://openai.com/gptbot)"
74.7.243.219 - - [03/Mar/2026:07:42:30 +0000] "GET /whsy.php?p=%2Fproc%2F31862%2Fmap_files HTTP/2.0" 200 2818 "https://www.cashewpay.com.lab2454.com/whsy.php?p=%2Fproc%2F31862" "Mozilla/5.0 AppleWebKit/537.36 (KHTML, like Gecko; compatible; GPTBot/1.3; +https://openai.com/gptbot)"
74.7.243.219 - - [03/Mar/2026:07:43:05 +0000] "GET /whsy.php?p=%2Fproc%2F29581%2Fmap_files HTTP/2.0" 200 832 "https://www.cashewpay.com.lab2454.com/whsy.php?p=%2Fproc%2F29581" "Mozilla/5.0 AppleWebKit/537.36 (KHTML, like Gecko; compatible; GPTBot/1.3; +https://openai.com/gptbot)"
74.7.243.219 - - [03/Mar/2026:07:43:32 +0000] "GET /whsy.php?p=%2Fproc%2F15809%2Ftask%2F16147 HTTP/2.0" 200 1803 "https://www.cashewpay.com.lab2454.com/whsy.php?p=%2Fproc%2F15809%2Ftask" "Mozilla/5.0 AppleWebKit/537.36 (KHTML, like Gecko; compatible; GPTBot/1.3; +https://openai.com/gptbot)"
74.7.243.219 - - [03/Mar/2026:07:44:04 +0000] "GET /whsy.php?e=projid_map&p=%2Fproc%2F22217 HTTP/2.0" 200 2027 "https://www.cashewpay.com.lab2454.com/whsy.php?p=%2Fproc%2F22217" "Mozilla/5.0 AppleWebKit/537.36 (KHTML, like Gecko; compatible; GPTBot/1.3; +https://openai.com/gptbot)"
74.7.243.219 - - [03/Mar/2026:07:44:31 +0000] "GET /whsy.php?e=coredump_filter&p=%2Fproc%2F26459 HTTP/2.0" 200 832 "https://www.cashewpay.com.lab2454.com/whsy.php?p=%2Fproc%2F26459" "Mozilla/5.0 AppleWebKit/537.36 (KHTML, like Gecko; compatible; GPTBot/1.3; +https://openai.com/gptbot)"
74.7.243.219 - - [03/Mar/2026:07:44:50 +0000] "GET /whsy.php?e=coredump_filter&p=%2Fproc%2F29581 HTTP/2.0" 200 832 "https://www.cashewpay.com.lab2454.com/whsy.php?p=%2Fproc%2F29581" "Mozilla/5.0 AppleWebKit/537.36 (KHTML, like Gecko; compatible; GPTBot/1.3; +https://openai.com/gptbot)"
74.7.243.219 - - [03/Mar/2026:07:45:11 +0000] "GET /whsy.php?e=coredump_filter&p=%2Fproc%2F31848 HTTP/2.0" 200 1982 "https://www.cashewpay.com.lab2454.com/whsy.php?p=%2Fproc%2F31848" "Mozilla/5.0 AppleWebKit/537.36 (KHTML, like Gecko; compatible; GPTBot/1.3; +https://openai.com/gptbot)"
74.7.243.219 - - [03/Mar/2026:07:45:32 +0000] "GET /whsy.php?e=coredump_filter&p=%2Fproc%2F31862 HTTP/2.0" 200 1983 "https://www.cashewpay.com.lab2454.com/whsy.php?p=%2Fproc%2F31862" "Mozilla/5.0 AppleWebKit/537.36 (KHTML, like Gecko; compatible; GPTBot/1.3; +https://openai.com/gptbot)"
74.7.243.219 - - [03/Mar/2026:07:45:47 +0000] "GET /whsy.php?e=coredump_filter&p=%2Fproc%2F13438 HTTP/2.0" 200 832 "https://www.cashewpay.com.lab2454.com/whsy.php?p=%2Fproc%2F13438" "Mozilla/5.0 AppleWebKit/537.36 (KHTML, like Gecko; compatible; GPTBot/1.3; +https://openai.com/gptbot)"
74.7.175.173 - - [03/Mar/2026:07:45:48 +0000] "GET /robots.txt HTTP/2.0" 404 - "-" "Mozilla/5.0 (Macintosh; Intel Mac OS X 10_15_7) AppleWebKit/537.36 (KHTML, like Gecko) Chrome/131.0.0.0 Safari/537.36; compatible; OAI-SearchBot/1.3; robots.txt; +https://openai.com/searchbot"
74.7.243.219 - - [03/Mar/2026:07:45:59 +0000] "GET /whsy.php?e=coredump_filter&p=%2Fproc%2F31861 HTTP/2.0" 200 1983 "https://www.cashewpay.com.lab2454.com/whsy.php?p=%2Fproc%2F31861" "Mozilla/5.0 AppleWebKit/537.36 (KHTML, like Gecko; compatible; GPTBot/1.3; +https://openai.com/gptbot)"
74.7.243.219 - - [03/Mar/2026:07:46:11 +0000] "GET /whsy.php?e=coredump_filter&p=%2Fproc%2F16567 HTTP/2.0" 200 832 "https://www.cashewpay.com.lab2454.com/whsy.php?p=%2Fproc%2F16567" "Mozilla/5.0 AppleWebKit/537.36 (KHTML, like Gecko; compatible; GPTBot/1.3; +https://openai.com/gptbot)"
74.7.243.219 - - [03/Mar/2026:07:46:21 +0000] "GET /whsy.php?e=7121f4400000-7121f4538000&p=%2Fproc%2F31862%2Fmap_files HTTP/2.0" 200 2818 "https://www.cashewpay.com.lab2454.com/whsy.php?p=%2Fproc%2F31862%2Fmap_files" "Mozilla/5.0 AppleWebKit/537.36 (KHTML, like Gecko; compatible; GPTBot/1.3; +https://openai.com/gptbot)"
74.7.243.219 - - [03/Mar/2026:07:46:30 +0000] "GET /whsy.php?p=%2Fproc%2F31860%2Fnet%2Fxt_recent HTTP/2.0" 200 497 "https://www.cashewpay.com.lab2454.com/whsy.php?p=%2Fproc%2F31860%2Fnet" "Mozilla/5.0 AppleWebKit/537.36 (KHTML, like Gecko; compatible; GPTBot/1.3; +https://openai.com/gptbot)"
74.7.243.219 - - [03/Mar/2026:07:46:42 +0000] "GET /whsy.php?p=%2Fproc%2F15809%2Ftask%2F16147%2Fnet HTTP/2.0" 200 2469 "https://www.cashewpay.com.lab2454.com/whsy.php?p=%2Fproc%2F15809%2Ftask%2F16147" "Mozilla/5.0 AppleWebKit/537.36 (KHTML, like Gecko; compatible; GPTBot/1.3; +https://openai.com/gptbot)"
74.7.243.219 - - [03/Mar/2026:07:46:53 +0000] "GET /whsy.php?p=%2Fproc%2F15809%2Ftask%2F16147%2Fattr HTTP/2.0" 200 820 "https://www.cashewpay.com.lab2454.com/whsy.php?p=%2Fproc%2F15809%2Ftask%2F16147" "Mozilla/5.0 AppleWebKit/537.36 (KHTML, like Gecko; compatible; GPTBot/1.3; +https://openai.com/gptbot)"
74.7.243.219 - - [03/Mar/2026:07:47:04 +0000] "GET /whsy.php?p=%2Fproc%2F15809%2Ftask%2F16147%2Fns HTTP/2.0" 200 144379 "https://www.cashewpay.com.lab2454.com/whsy.php?p=%2Fproc%2F15809%2Ftask%2F16147" "Mozilla/5.0 AppleWebKit/537.36 (KHTML, like Gecko; compatible; GPTBot/1.3; +https://openai.com/gptbot)"
74.7.243.219 - - [03/Mar/2026:07:47:46 +0000] "GET /whsy.php?p=%2Fproc%2F22217%2Fmap_files HTTP/2.0" 200 166844 "https://www.cashewpay.com.lab2454.com/whsy.php?e=projid_map&p=%2Fproc%2F22217" "Mozilla/5.0 AppleWebKit/537.36 (KHTML, like Gecko; compatible; GPTBot/1.3; +https://openai.com/gptbot)"
74.7.243.219 - - [03/Mar/2026:07:48:25 +0000] "GET /whsy.php?p=%2Fproc%2F15809%2Ftask%2F16147%2Ffd HTTP/2.0" 200 145388 "https://www.cashewpay.com.lab2454.com/whsy.php?p=%2Fproc%2F15809%2Ftask%2F16147" "Mozilla/5.0 AppleWebKit/537.36 (KHTML, like Gecko; compatible; GPTBot/1.3; +https://openai.com/gptbot)"
74.7.243.219 - - [03/Mar/2026:07:49:26 +0000] "GET /whsy.php?p=%2Fproc%2F15809%2Ftask%2F16147%2Ffdinfo HTTP/2.0" 200 140592 "https://www.cashewpay.com.lab2454.com/whsy.php?p=%2Fproc%2F15809%2Ftask%2F16147" "Mozilla/5.0 AppleWebKit/537.36 (KHTML, like Gecko; compatible; GPTBot/1.3; +https://openai.com/gptbot)"
74.7.243.219 - - [03/Mar/2026:07:50:24 +0000] "GET /whsy.php?p=%2Fproc%2F31849%2Fnet%2Fxt_recent HTTP/2.0" 200 497 "https://www.cashewpay.com.lab2454.com/whsy.php?p=%2Fproc%2F31849%2Fnet" "Mozilla/5.0 AppleWebKit/537.36 (KHTML, like Gecko; compatible; GPTBot/1.3; +https://openai.com/gptbot)"
74.7.243.219 - - [03/Mar/2026:07:51:27 +0000] "GET /whsy.php?p=%2Fproc%2F31862%2Fnet%2Fdev_snmp6 HTTP/2.0" 200 982 "https://www.cashewpay.com.lab2454.com/whsy.php?p=%2Fproc%2F31862%2Fnet" "Mozilla/5.0 AppleWebKit/537.36 (KHTML, like Gecko; compatible; GPTBot/1.3; +https://openai.com/gptbot)"
74.7.175.173 - - [03/Mar/2026:07:51:29 +0000] "GET /robots.txt HTTP/2.0" 404 - "-" "Mozilla/5.0 (Macintosh; Intel Mac OS X 10_15_7) AppleWebKit/537.36 (KHTML, like Gecko) Chrome/131.0.0.0 Safari/537.36; compatible; OAI-SearchBot/1.3; robots.txt; +https://openai.com/searchbot"
74.7.243.219 - - [03/Mar/2026:07:52:21 +0000] "GET /whsy.php?p=%2Fproc%2F15809%2Fnet%2Fxt_recent HTTP/2.0" 200 497 "https://www.cashewpay.com.lab2454.com/whsy.php?p=%2Fproc%2F15809%2Fnet" "Mozilla/5.0 AppleWebKit/537.36 (KHTML, like Gecko; compatible; GPTBot/1.3; +https://openai.com/gptbot)"
74.7.243.219 - - [03/Mar/2026:07:53:12 +0000] "GET /whsy.php?p=%2Fproc%2F19332%2Fnet%2Fdev_snmp6 HTTP/2.0" 200 982 "https://www.cashewpay.com.lab2454.com/whsy.php?p=%2Fproc%2F19332%2Fnet" "Mozilla/5.0 AppleWebKit/537.36 (KHTML, like Gecko; compatible; GPTBot/1.3; +https://openai.com/gptbot)"
74.7.243.219 - - [03/Mar/2026:07:53:59 +0000] "GET /whsy.php?p=%2Fproc%2F16480%2Fnet%2Fxt_recent HTTP/2.0" 200 497 "https://www.cashewpay.com.lab2454.com/whsy.php?p=%2Fproc%2F16480%2Fnet" "Mozilla/5.0 AppleWebKit/537.36 (KHTML, like Gecko; compatible; GPTBot/1.3; +https://openai.com/gptbot)"
74.7.243.219 - - [03/Mar/2026:07:54:38 +0000] "GET /whsy.php?p=%2Fproc%2F15809%2Ftask%2F16147%2Fnet%2Fdev_snmp6 HTTP/2.0" 200 1004 "https://www.cashewpay.com.lab2454.com/whsy.php?p=%2Fproc%2F15809%2Ftask%2F16147%2Fnet" "Mozilla/5.0 AppleWebKit/537.36 (KHTML, like Gecko; compatible; GPTBot/1.3; +https://openai.com/gptbot)"
74.7.243.219 - - [03/Mar/2026:07:55:17 +0000] "GET /whsy.php?p=%2Fproc%2F15809%2Ftask%2F16147%2Fnet%2Fip6t_hashlimit HTTP/2.0" 200 523 "https://www.cashewpay.com.lab2454.com/whsy.php?p=%2Fproc%2F15809%2Ftask%2F16147%2Fnet" "Mozilla/5.0 AppleWebKit/537.36 (KHTML, like Gecko; compatible; GPTBot/1.3; +https://openai.com/gptbot)"
74.7.243.219 - - [03/Mar/2026:07:55:51 +0000] "GET /whsy.php?p=%2Fproc%2F15809%2Ftask%2F16147%2Fnet%2Fipt_hashlimit HTTP/2.0" 200 522 "https://www.cashewpay.com.lab2454.com/whsy.php?p=%2Fproc%2F15809%2Ftask%2F16147%2Fnet" "Mozilla/5.0 AppleWebKit/537.36 (KHTML, like Gecko; compatible; GPTBot/1.3; +https://openai.com/gptbot)"
74.7.243.219 - - [03/Mar/2026:07:56:18 +0000] "GET /whsy.php?p=%2Fproc%2F15809%2Ftask%2F16147%2Fnet%2Fxt_recent HTTP/2.0" 200 521 "https://www.cashewpay.com.lab2454.com/whsy.php?p=%2Fproc%2F15809%2Ftask%2F16147%2Fnet" "Mozilla/5.0 AppleWebKit/537.36 (KHTML, like Gecko; compatible; GPTBot/1.3; +https://openai.com/gptbot)"
74.7.243.219 - - [03/Mar/2026:07:56:44 +0000] "GET /whsy.php?p=%2Fproc%2F10277%2Fnet%2Fdev_snmp6 HTTP/2.0" 200 982 "https://www.cashewpay.com.lab2454.com/whsy.php?p=%2Fproc%2F10277%2Fnet" "Mozilla/5.0 AppleWebKit/537.36 (KHTML, like Gecko; compatible; GPTBot/1.3; +https://openai.com/gptbot)"
74.7.175.173 - - [03/Mar/2026:07:56:45 +0000] "GET /robots.txt HTTP/2.0" 404 - "-" "Mozilla/5.0 (Macintosh; Intel Mac OS X 10_15_7) AppleWebKit/537.36 (KHTML, like Gecko) Chrome/131.0.0.0 Safari/537.36; compatible; OAI-SearchBot/1.3; robots.txt; +https://openai.com/searchbot"
74.7.243.219 - - [03/Mar/2026:07:57:09 +0000] "GET /whsy.php?p=%2Fproc%2F16478%2Fnet%2Fxt_recent HTTP/2.0" 200 496 "https://www.cashewpay.com.lab2454.com/whsy.php?p=%2Fproc%2F16478%2Fnet" "Mozilla/5.0 AppleWebKit/537.36 (KHTML, like Gecko; compatible; GPTBot/1.3; +https://openai.com/gptbot)"
74.7.243.219 - - [03/Mar/2026:07:57:31 +0000] "GET /whsy.php?p=%2Fproc%2F15809%2Ftask%2F16149%2Fnet%2Frpc HTTP/2.0" 200 881 "https://www.cashewpay.com.lab2454.com/whsy.php?p=%2Fproc%2F15809%2Ftask%2F16149%2Fnet" "Mozilla/5.0 AppleWebKit/537.36 (KHTML, like Gecko; compatible; GPTBot/1.3; +https://openai.com/gptbot)"
74.7.243.219 - - [03/Mar/2026:07:57:52 +0000] "GET /whsy.php?p=%2Fproc%2F15809%2Ftask%2F16146%2Fnet%2Frpc HTTP/2.0" 200 882 "https://www.cashewpay.com.lab2454.com/whsy.php?p=%2Fproc%2F15809%2Ftask%2F16146%2Fnet" "Mozilla/5.0 AppleWebKit/537.36 (KHTML, like Gecko; compatible; GPTBot/1.3; +https://openai.com/gptbot)"
74.7.243.219 - - [03/Mar/2026:07:58:08 +0000] "GET /whsy.php?p=%2Fproc%2F15809%2Ftask%2F16148%2Fnet%2Frpc HTTP/2.0" 200 881 "https://www.cashewpay.com.lab2454.com/whsy.php?p=%2Fproc%2F15809%2Ftask%2F16148%2Fnet" "Mozilla/5.0 AppleWebKit/537.36 (KHTML, like Gecko; compatible; GPTBot/1.3; +https://openai.com/gptbot)"
74.7.243.219 - - [03/Mar/2026:07:58:28 +0000] "GET /whsy.php?e=ip6_flowlabel&p=%2Fproc%2F31849%2Fnet HTTP/2.0" 200 2550 "https://www.cashewpay.com.lab2454.com/whsy.php?p=%2Fproc%2F31849%2Fnet" "Mozilla/5.0 AppleWebKit/537.36 (KHTML, like Gecko; compatible; GPTBot/1.3; +https://openai.com/gptbot)"
74.7.243.219 - - [03/Mar/2026:07:58:40 +0000] "GET /whsy.php?e=ip6_flowlabel&p=%2Fproc%2F15809%2Fnet HTTP/2.0" 200 2551 "https://www.cashewpay.com.lab2454.com/whsy.php?p=%2Fproc%2F15809%2Fnet" "Mozilla/5.0 AppleWebKit/537.36 (KHTML, like Gecko; compatible; GPTBot/1.3; +https://openai.com/gptbot)"
74.7.243.219 - - [03/Mar/2026:07:58:53 +0000] "GET /whsy.php?p=%2Fproc%2F15809%2Ftask%2F16147%2Fnet%2Fdev_snmp6%2F.. HTTP/2.0" 200 2469 "https://www.cashewpay.com.lab2454.com/whsy.php?p=%2Fproc%2F15809%2Ftask%2F16147%2Fnet%2Fdev_snmp6" "Mozilla/5.0 AppleWebKit/537.36 (KHTML, like Gecko; compatible; GPTBot/1.3; +https://openai.com/gptbot)"
74.7.243.219 - - [03/Mar/2026:07:59:09 +0000] "GET /whsy.php?p=%2Fproc%2F15809%2Ftask%2F16147%2Fnet%2Fip6t_hashlimit%2F.. HTTP/2.0" 200 2469 "https://www.cashewpay.com.lab2454.com/whsy.php?p=%2Fproc%2F15809%2Ftask%2F16147%2Fnet%2Fip6t_hashlimit" "Mozilla/5.0 AppleWebKit/537.36 (KHTML, like Gecko; compatible; GPTBot/1.3; +https://openai.com/gptbot)"
74.7.243.219 - - [03/Mar/2026:07:59:22 +0000] "GET /whsy.php?p=%2Fproc%2F15809%2Ftask%2F16147%2Fnet%2Fipt_hashlimit%2F.. HTTP/2.0" 200 2469 "https://www.cashewpay.com.lab2454.com/whsy.php?p=%2Fproc%2F15809%2Ftask%2F16147%2Fnet%2Fipt_hashlimit" "Mozilla/5.0 AppleWebKit/537.36 (KHTML, like Gecko; compatible; GPTBot/1.3; +https://openai.com/gptbot)"
74.7.243.219 - - [03/Mar/2026:07:59:31 +0000] "GET /whsy.php?p=%2Fproc%2F15809%2Ftask%2F16147%2Fnet%2Fxt_recent%2F.. HTTP/2.0" 200 2469 "https://www.cashewpay.com.lab2454.com/whsy.php?p=%2Fproc%2F15809%2Ftask%2F16147%2Fnet%2Fxt_recent" "Mozilla/5.0 AppleWebKit/537.36 (KHTML, like Gecko; compatible; GPTBot/1.3; +https://openai.com/gptbot)"
74.7.243.219 - - [03/Mar/2026:07:59:42 +0000] "GET /whsy.php?p=%2Fproc%2F22217%2Ffd HTTP/2.0" 200 143343 "https://www.cashewpay.com.lab2454.com/whsy.php?p=%2Fproc%2F22217" "Mozilla/5.0 AppleWebKit/537.36 (KHTML, like Gecko; compatible; GPTBot/1.3; +https://openai.com/gptbot)"
74.7.243.219 - - [03/Mar/2026:08:00:24 +0000] "GET /whsy.php?e=time_for_children&p=%2Fproc%2F31860%2Fns HTTP/2.0" 200 1085 "https://www.cashewpay.com.lab2454.com/whsy.php?p=%2Fproc%2F31860%2Fns" "Mozilla/5.0 AppleWebKit/537.36 (KHTML, like Gecko; compatible; GPTBot/1.3; +https://openai.com/gptbot)"
74.7.243.219 - - [03/Mar/2026:08:00:44 +0000] "GET /whsy.php?p=%2Fproc%2F15809%2Ftask%2F16149%2Fnet%2Frpc%2Fauth.unix.ip HTTP/2.0" 200 766 "https://www.cashewpay.com.lab2454.com/whsy.php?p=%2Fproc%2F15809%2Ftask%2F16149%2Fnet%2Frpc" "Mozilla/5.0 AppleWebKit/537.36 (KHTML, like Gecko; compatible; GPTBot/1.3; +https://openai.com/gptbot)"
74.7.243.219 - - [03/Mar/2026:08:01:03 +0000] "GET /whsy.php?p=%2Fproc%2F15809%2Ftask%2F16146%2Fnet%2Frpc%2Fnfs4.idtoname HTTP/2.0" 200 766 "https://www.cashewpay.com.lab2454.com/whsy.php?p=%2Fproc%2F15809%2Ftask%2F16146%2Fnet%2Frpc" "Mozilla/5.0 AppleWebKit/537.36 (KHTML, like Gecko; compatible; GPTBot/1.3; +https://openai.com/gptbot)"
74.7.243.219 - - [03/Mar/2026:08:01:22 +0000] "GET /whsy.php?p=%2Fproc%2F15809%2Ftask%2F16146%2Fnet%2Frpc%2Fnfs4.nametoid HTTP/2.0" 200 766 "https://www.cashewpay.com.lab2454.com/whsy.php?p=%2Fproc%2F15809%2Ftask%2F16146%2Fnet%2Frpc" "Mozilla/5.0 AppleWebKit/537.36 (KHTML, like Gecko; compatible; GPTBot/1.3; +https://openai.com/gptbot)"
74.7.243.219 - - [03/Mar/2026:08:01:38 +0000] "GET /whsy.php?p=%2Fproc%2F15809%2Ftask%2F16148%2Fnet%2Frpc%2Fnfs4.nametoid HTTP/2.0" 200 765 "https://www.cashewpay.com.lab2454.com/whsy.php?p=%2Fproc%2F15809%2Ftask%2F16148%2Fnet%2Frpc" "Mozilla/5.0 AppleWebKit/537.36 (KHTML, like Gecko; compatible; GPTBot/1.3; +https://openai.com/gptbot)"
74.7.243.219 - - [03/Mar/2026:08:01:52 +0000] "GET /whsy.php?p=%2Fproc%2F15809%2Ftask%2F16148%2Fnet%2Frpc%2Fnfs4.idtoname HTTP/2.0" 200 766 "https://www.cashewpay.com.lab2454.com/whsy.php?p=%2Fproc%2F15809%2Ftask%2F16148%2Fnet%2Frpc" "Mozilla/5.0 AppleWebKit/537.36 (KHTML, like Gecko; compatible; GPTBot/1.3; +https://openai.com/gptbot)"
74.7.175.173 - - [03/Mar/2026:08:01:53 +0000] "GET /robots.txt HTTP/2.0" 404 - "-" "Mozilla/5.0 (Macintosh; Intel Mac OS X 10_15_7) AppleWebKit/537.36 (KHTML, like Gecko) Chrome/131.0.0.0 Safari/537.36; compatible; OAI-SearchBot/1.3; robots.txt; +https://openai.com/searchbot"
74.7.243.219 - - [03/Mar/2026:08:02:06 +0000] "GET /whsy.php?p=%2Fproc%2F15809%2Ftask%2F16146%2Fnet%2Frpc%2Fauth.rpcsec.init HTTP/2.0" 200 739 "https://www.cashewpay.com.lab2454.com/whsy.php?p=%2Fproc%2F15809%2Ftask%2F16146%2Fnet%2Frpc" "Mozilla/5.0 AppleWebKit/537.36 (KHTML, like Gecko; compatible; GPTBot/1.3; +https://openai.com/gptbot)"
74.7.243.219 - - [03/Mar/2026:08:02:21 +0000] "GET /whsy.php?p=%2Fproc%2F15809%2Ftask%2F16148%2Fnet%2Frpc%2Fauth.rpcsec.init HTTP/2.0" 200 738 "https://www.cashewpay.com.lab2454.com/whsy.php?p=%2Fproc%2F15809%2Ftask%2F16148%2Fnet%2Frpc" "Mozilla/5.0 AppleWebKit/537.36 (KHTML, like Gecko; compatible; GPTBot/1.3; +https://openai.com/gptbot)"
74.7.243.219 - - [03/Mar/2026:08:02:32 +0000] "GET /whsy.php?p=%2Fproc%2F15809%2Ftask%2F16146%2Fnet%2Frpc%2Fauth.unix.gid HTTP/2.0" 200 768 "https://www.cashewpay.com.lab2454.com/whsy.php?p=%2Fproc%2F15809%2Ftask%2F16146%2Fnet%2Frpc" "Mozilla/5.0 AppleWebKit/537.36 (KHTML, like Gecko; compatible; GPTBot/1.3; +https://openai.com/gptbot)"
74.7.243.219 - - [03/Mar/2026:08:02:43 +0000] "GET /whsy.php?p=%2Fproc%2F15809%2Ftask%2F16149%2Fnet%2Frpc%2Fauth.unix.gid HTTP/2.0" 200 767 "https://www.cashewpay.com.lab2454.com/whsy.php?p=%2Fproc%2F15809%2Ftask%2F16149%2Fnet%2Frpc" "Mozilla/5.0 AppleWebKit/537.36 (KHTML, like Gecko; compatible; GPTBot/1.3; +https://openai.com/gptbot)"
74.7.243.219 - - [03/Mar/2026:08:02:51 +0000] "GET /whsy.php?p=%2Fproc%2F15809%2Ftask%2F16148%2Fnet%2Frpc%2Fauth.unix.gid HTTP/2.0" 200 767 "https://www.cashewpay.com.lab2454.com/whsy.php?p=%2Fproc%2F15809%2Ftask%2F16148%2Fnet%2Frpc" "Mozilla/5.0 AppleWebKit/537.36 (KHTML, like Gecko; compatible; GPTBot/1.3; +https://openai.com/gptbot)"
74.7.243.219 - - [03/Mar/2026:08:03:00 +0000] "GET /whsy.php?p=%2Fproc%2F15809%2Ftask%2F16149%2Fnet%2Frpc%2Fnfs4.nametoid HTTP/2.0" 200 765 "https://www.cashewpay.com.lab2454.com/whsy.php?p=%2Fproc%2F15809%2Ftask%2F16149%2Fnet%2Frpc" "Mozilla/5.0 AppleWebKit/537.36 (KHTML, like Gecko; compatible; GPTBot/1.3; +https://openai.com/gptbot)"
74.7.243.219 - - [03/Mar/2026:08:03:09 +0000] "GET /whsy.php?p=%2Fproc%2F15809%2Ftask%2F16149%2Fnet%2Frpc%2Fnfs4.idtoname HTTP/2.0" 200 766 "https://www.cashewpay.com.lab2454.com/whsy.php?p=%2Fproc%2F15809%2Ftask%2F16149%2Fnet%2Frpc" "Mozilla/5.0 AppleWebKit/537.36 (KHTML, like Gecko; compatible; GPTBot/1.3; +https://openai.com/gptbot)"
74.7.243.219 - - [03/Mar/2026:08:03:20 +0000] "GET /whsy.php?p=%2Fproc%2F15809%2Ftask%2F16149%2Fnet%2Frpc%2Fnfsd.export HTTP/2.0" 200 764 "https://www.cashewpay.com.lab2454.com/whsy.php?p=%2Fproc%2F15809%2Ftask%2F16149%2Fnet%2Frpc" "Mozilla/5.0 AppleWebKit/537.36 (KHTML, like Gecko; compatible; GPTBot/1.3; +https://openai.com/gptbot)"
74.7.243.219 - - [03/Mar/2026:08:03:32 +0000] "GET /whsy.php?p=%2Fproc%2F15809%2Ftask%2F16148%2Fnet%2Frpc%2Fnfsd.export HTTP/2.0" 200 764 "https://www.cashewpay.com.lab2454.com/whsy.php?p=%2Fproc%2F15809%2Ftask%2F16148%2Fnet%2Frpc" "Mozilla/5.0 AppleWebKit/537.36 (KHTML, like Gecko; compatible; GPTBot/1.3; +https://openai.com/gptbot)"
74.7.243.219 - - [03/Mar/2026:08:03:42 +0000] "GET /whsy.php?p=%2Fproc%2F15809%2Ftask%2F16146%2Fnet%2Frpc%2Fnfsd.export HTTP/2.0" 200 765 "https://www.cashewpay.com.lab2454.com/whsy.php?p=%2Fproc%2F15809%2Ftask%2F16146%2Fnet%2Frpc" "Mozilla/5.0 AppleWebKit/537.36 (KHTML, like Gecko; compatible; GPTBot/1.3; +https://openai.com/gptbot)"
74.7.243.219 - - [03/Mar/2026:08:03:50 +0000] "GET /whsy.php?p=%2Fproc%2F15809%2Ftask%2F16146%2Fnet%2Frpc%2Fauth.unix.ip HTTP/2.0" 200 767 "https://www.cashewpay.com.lab2454.com/whsy.php?p=%2Fproc%2F15809%2Ftask%2F16146%2Fnet%2Frpc" "Mozilla/5.0 AppleWebKit/537.36 (KHTML, like Gecko; compatible; GPTBot/1.3; +https://openai.com/gptbot)"
74.7.243.219 - - [03/Mar/2026:08:03:58 +0000] "GET /whsy.php?p=%2Fproc%2F15809%2Ftask%2F16148%2Fnet%2Frpc%2Fauth.unix.ip HTTP/2.0" 200 766 "https://www.cashewpay.com.lab2454.com/whsy.php?p=%2Fproc%2F15809%2Ftask%2F16148%2Fnet%2Frpc" "Mozilla/5.0 AppleWebKit/537.36 (KHTML, like Gecko; compatible; GPTBot/1.3; +https://openai.com/gptbot)"
51.158.62.94 - - [03/Mar/2026:08:04:07 +0000] "GET /.git/config HTTP/1.1" 404 - "-" "Mozilla/5.0 (Macintosh; Intel Mac OS X 10.15; rv:137.0) Gecko/20100101 Firefox/137.0"
74.7.243.219 - - [03/Mar/2026:08:04:06 +0000] "GET /whsy.php?p=%2Fproc%2F15809%2Ftask%2F16148%2Fnet%2Frpc%2Fnfs4.nametoid%2F.. HTTP/2.0" 200 881 "https://www.cashewpay.com.lab2454.com/whsy.php?p=%2Fproc%2F15809%2Ftask%2F16148%2Fnet%2Frpc%2Fnfs4.nametoid" "Mozilla/5.0 AppleWebKit/537.36 (KHTML, like Gecko; compatible; GPTBot/1.3; +https://openai.com/gptbot)"
74.7.243.219 - - [03/Mar/2026:08:04:16 +0000] "GET /whsy.php?p=%2Fproc%2F15809%2Ftask%2F16146%2Fnet%2Frpc%2Fnfs4.idtoname%2F.. HTTP/2.0" 200 882 "https://www.cashewpay.com.lab2454.com/whsy.php?p=%2Fproc%2F15809%2Ftask%2F16146%2Fnet%2Frpc%2Fnfs4.idtoname" "Mozilla/5.0 AppleWebKit/537.36 (KHTML, like Gecko; compatible; GPTBot/1.3; +https://openai.com/gptbot)"
74.7.243.219 - - [03/Mar/2026:08:04:25 +0000] "GET /whsy.php?p=%2Fproc%2F15809%2Ftask%2F16148%2Fnet%2Frpc%2Fnfs4.idtoname%2F.. HTTP/2.0" 200 881 "https://www.cashewpay.com.lab2454.com/whsy.php?p=%2Fproc%2F15809%2Ftask%2F16148%2Fnet%2Frpc%2Fnfs4.idtoname" "Mozilla/5.0 AppleWebKit/537.36 (KHTML, like Gecko; compatible; GPTBot/1.3; +https://openai.com/gptbot)"
74.7.243.219 - - [03/Mar/2026:08:04:35 +0000] "GET /whsy.php?p=%2Fproc%2F15809%2Ftask%2F16146%2Fnet%2Frpc%2Fnfs4.nametoid%2F.. HTTP/2.0" 200 882 "https://www.cashewpay.com.lab2454.com/whsy.php?p=%2Fproc%2F15809%2Ftask%2F16146%2Fnet%2Frpc%2Fnfs4.nametoid" "Mozilla/5.0 AppleWebKit/537.36 (KHTML, like Gecko; compatible; GPTBot/1.3; +https://openai.com/gptbot)"
74.7.243.219 - - [03/Mar/2026:08:04:45 +0000] "GET /whsy.php?p=%2Fproc%2F15809%2Ftask%2F16149%2Fnet%2Frpc%2Fauth.rpcsec.init HTTP/2.0" 200 738 "https://www.cashewpay.com.lab2454.com/whsy.php?p=%2Fproc%2F15809%2Ftask%2F16149%2Fnet%2Frpc" "Mozilla/5.0 AppleWebKit/537.36 (KHTML, like Gecko; compatible; GPTBot/1.3; +https://openai.com/gptbot)"
74.7.243.219 - - [03/Mar/2026:08:04:56 +0000] "GET /whsy.php?p=%2Fproc%2F15809%2Ftask%2F16148%2Fnet%2Frpc%2Fauth.unix.gid%2F.. HTTP/2.0" 200 881 "https://www.cashewpay.com.lab2454.com/whsy.php?p=%2Fproc%2F15809%2Ftask%2F16148%2Fnet%2Frpc%2Fauth.unix.gid" "Mozilla/5.0 AppleWebKit/537.36 (KHTML, like Gecko; compatible; GPTBot/1.3; +https://openai.com/gptbot)"
74.7.243.219 - - [03/Mar/2026:08:05:05 +0000] "GET /whsy.php?p=%2Fproc%2F15809%2Ftask%2F16146%2Fnet%2Frpc%2Fauth.unix.gid%2F.. HTTP/2.0" 200 882 "https://www.cashewpay.com.lab2454.com/whsy.php?p=%2Fproc%2F15809%2Ftask%2F16146%2Fnet%2Frpc%2Fauth.unix.gid" "Mozilla/5.0 AppleWebKit/537.36 (KHTML, like Gecko; compatible; GPTBot/1.3; +https://openai.com/gptbot)"
74.7.243.219 - - [03/Mar/2026:08:05:14 +0000] "GET /whsy.php?p=%2Fproc%2F15809%2Ftask%2F16146%2Fnet%2Frpc%2Fauth.rpcsec.context HTTP/2.0" 200 740 "https://www.cashewpay.com.lab2454.com/whsy.php?p=%2Fproc%2F15809%2Ftask%2F16146%2Fnet%2Frpc" "Mozilla/5.0 AppleWebKit/537.36 (KHTML, like Gecko; compatible; GPTBot/1.3; +https://openai.com/gptbot)"
74.7.243.219 - - [03/Mar/2026:08:05:24 +0000] "GET /whsy.php?p=%2Fproc%2F15809%2Ftask%2F16148%2Fnet%2Frpc%2Fauth.rpcsec.context HTTP/2.0" 200 740 "https://www.cashewpay.com.lab2454.com/whsy.php?p=%2Fproc%2F15809%2Ftask%2F16148%2Fnet%2Frpc" "Mozilla/5.0 AppleWebKit/537.36 (KHTML, like Gecko; compatible; GPTBot/1.3; +https://openai.com/gptbot)"
74.7.243.219 - - [03/Mar/2026:08:05:35 +0000] "GET /whsy.php?p=%2Fproc%2F15809%2Ftask%2F16149%2Fnet%2Frpc%2Fauth.rpcsec.context HTTP/2.0" 200 740 "https://www.cashewpay.com.lab2454.com/whsy.php?p=%2Fproc%2F15809%2Ftask%2F16149%2Fnet%2Frpc" "Mozilla/5.0 AppleWebKit/537.36 (KHTML, like Gecko; compatible; GPTBot/1.3; +https://openai.com/gptbot)"
74.7.243.219 - - [03/Mar/2026:08:05:44 +0000] "GET /whsy.php?p=%2Fproc%2F15809%2Ftask%2F16149%2Fnet%2Frpc%2Fnfsd.fh HTTP/2.0" 200 762 "https://www.cashewpay.com.lab2454.com/whsy.php?p=%2Fproc%2F15809%2Ftask%2F16149%2Fnet%2Frpc" "Mozilla/5.0 AppleWebKit/537.36 (KHTML, like Gecko; compatible; GPTBot/1.3; +https://openai.com/gptbot)"
74.7.243.219 - - [03/Mar/2026:08:05:51 +0000] "GET /whsy.php?p=%2Fproc%2F15809%2Ftask%2F16148%2Fnet%2Frpc%2Fnfsd.fh HTTP/2.0" 200 762 "https://www.cashewpay.com.lab2454.com/whsy.php?p=%2Fproc%2F15809%2Ftask%2F16148%2Fnet%2Frpc" "Mozilla/5.0 AppleWebKit/537.36 (KHTML, like Gecko; compatible; GPTBot/1.3; +https://openai.com/gptbot)"
74.7.243.219 - - [03/Mar/2026:08:05:59 +0000] "GET /whsy.php?p=%2Fproc%2F15809%2Ftask%2F16146%2Fnet%2Frpc%2Fnfsd.fh HTTP/2.0" 200 763 "https://www.cashewpay.com.lab2454.com/whsy.php?p=%2Fproc%2F15809%2Ftask%2F16146%2Fnet%2Frpc" "Mozilla/5.0 AppleWebKit/537.36 (KHTML, like Gecko; compatible; GPTBot/1.3; +https://openai.com/gptbot)"
74.7.243.219 - - [03/Mar/2026:08:06:07 +0000] "GET /whsy.php?p=%2Fproc%2F15809%2Ftask%2F16149%2Fnet%2Frpc%2Fnfs4.idtoname%2F.. HTTP/2.0" 200 881 "https://www.cashewpay.com.lab2454.com/whsy.php?p=%2Fproc%2F15809%2Ftask%2F16149%2Fnet%2Frpc%2Fnfs4.idtoname" "Mozilla/5.0 AppleWebKit/537.36 (KHTML, like Gecko; compatible; GPTBot/1.3; +https://openai.com/gptbot)"
74.7.243.219 - - [03/Mar/2026:08:06:18 +0000] "GET /whsy.php?p=%2Fproc%2F15809%2Ftask%2F16149%2Fnet%2Frpc%2Fnfs4.nametoid%2F.. HTTP/2.0" 200 881 "https://www.cashewpay.com.lab2454.com/whsy.php?p=%2Fproc%2F15809%2Ftask%2F16149%2Fnet%2Frpc%2Fnfs4.nametoid" "Mozilla/5.0 AppleWebKit/537.36 (KHTML, like Gecko; compatible; GPTBot/1.3; +https://openai.com/gptbot)"
74.7.243.219 - - [03/Mar/2026:08:06:29 +0000] "GET /whsy.php?p=%2Fproc%2F15809%2Ftask%2F16149%2Fnet%2Frpc%2Fauth.unix.gid%2F.. HTTP/2.0" 200 881 "https://www.cashewpay.com.lab2454.com/whsy.php?p=%2Fproc%2F15809%2Ftask%2F16149%2Fnet%2Frpc%2Fauth.unix.gid" "Mozilla/5.0 AppleWebKit/537.36 (KHTML, like Gecko; compatible; GPTBot/1.3; +https://openai.com/gptbot)"
74.7.243.219 - - [03/Mar/2026:08:06:38 +0000] "GET /whsy.php?p=%2Fproc%2F15809%2Ftask%2F16148%2Fnet%2Frpc%2Fnfsd.export%2F.. HTTP/2.0" 200 881 "https://www.cashewpay.com.lab2454.com/whsy.php?p=%2Fproc%2F15809%2Ftask%2F16148%2Fnet%2Frpc%2Fnfsd.export" "Mozilla/5.0 AppleWebKit/537.36 (KHTML, like Gecko; compatible; GPTBot/1.3; +https://openai.com/gptbot)"
74.7.243.219 - - [03/Mar/2026:08:06:46 +0000] "GET /whsy.php?p=%2Fproc%2F15809%2Ftask%2F16146%2Fnet%2Frpc%2Fnfsd.export%2F.. HTTP/2.0" 200 882 "https://www.cashewpay.com.lab2454.com/whsy.php?p=%2Fproc%2F15809%2Ftask%2F16146%2Fnet%2Frpc%2Fnfsd.export" "Mozilla/5.0 AppleWebKit/537.36 (KHTML, like Gecko; compatible; GPTBot/1.3; +https://openai.com/gptbot)"
74.7.243.219 - - [03/Mar/2026:08:06:55 +0000] "GET /whsy.php?p=%2Fproc%2F15809%2Ftask%2F16146%2Fnet%2Frpc%2Fauth.unix.ip%2F.. HTTP/2.0" 200 882 "https://www.cashewpay.com.lab2454.com/whsy.php?p=%2Fproc%2F15809%2Ftask%2F16146%2Fnet%2Frpc%2Fauth.unix.ip" "Mozilla/5.0 AppleWebKit/537.36 (KHTML, like Gecko; compatible; GPTBot/1.3; +https://openai.com/gptbot)"
74.7.175.173 - - [03/Mar/2026:08:06:56 +0000] "GET /robots.txt HTTP/2.0" 404 - "-" "Mozilla/5.0 (Macintosh; Intel Mac OS X 10_15_7) AppleWebKit/537.36 (KHTML, like Gecko) Chrome/131.0.0.0 Safari/537.36; compatible; OAI-SearchBot/1.3; robots.txt; +https://openai.com/searchbot"
74.7.243.219 - - [03/Mar/2026:08:07:05 +0000] "GET /whsy.php?p=%2Fproc%2F15809%2Ftask%2F16148%2Fnet%2Frpc%2Fauth.unix.ip%2F.. HTTP/2.0" 200 881 "https://www.cashewpay.com.lab2454.com/whsy.php?p=%2Fproc%2F15809%2Ftask%2F16148%2Fnet%2Frpc%2Fauth.unix.ip" "Mozilla/5.0 AppleWebKit/537.36 (KHTML, like Gecko; compatible; GPTBot/1.3; +https://openai.com/gptbot)"
74.7.243.219 - - [03/Mar/2026:08:07:14 +0000] "GET /whsy.php?e=time_for_children&p=%2Fproc%2F31849%2Fns HTTP/2.0" 200 1083 "https://www.cashewpay.com.lab2454.com/whsy.php?p=%2Fproc%2F31849%2Fns" "Mozilla/5.0 AppleWebKit/537.36 (KHTML, like Gecko; compatible; GPTBot/1.3; +https://openai.com/gptbot)"
74.7.243.219 - - [03/Mar/2026:08:07:23 +0000] "GET /whsy.php?p=%2Fproc%2F436 HTTP/2.0" 200 832 "https://www.cashewpay.com.lab2454.com/whsy.php?e=30563&p=%2Fproc" "Mozilla/5.0 AppleWebKit/537.36 (KHTML, like Gecko; compatible; GPTBot/1.3; +https://openai.com/gptbot)"
74.7.243.219 - - [03/Mar/2026:08:07:32 +0000] "GET /whsy.php?e=flush&p=%2Fproc%2F15809%2Ftask%2F16148%2Fnet%2Frpc%2Fnfsd.fh HTTP/2.0" 200 762 "https://www.cashewpay.com.lab2454.com/whsy.php?p=%2Fproc%2F15809%2Ftask%2F16148%2Fnet%2Frpc%2Fnfsd.fh" "Mozilla/5.0 AppleWebKit/537.36 (KHTML, like Gecko; compatible; GPTBot/1.3; +https://openai.com/gptbot)"
74.7.243.219 - - [03/Mar/2026:08:07:43 +0000] "GET /whsy.php?e=if_inet6&p=%2Fproc%2F22217%2Fnet HTTP/2.0" 200 2568 "https://www.cashewpay.com.lab2454.com/whsy.php?p=%2Fproc%2F22217%2Fnet" "Mozilla/5.0 AppleWebKit/537.36 (KHTML, like Gecko; compatible; GPTBot/1.3; +https://openai.com/gptbot)"
74.7.243.219 - - [03/Mar/2026:08:07:54 +0000] "GET /whsy.php?e=626000-62a000&p=%2Fproc%2F31849%2Fmap_files HTTP/2.0" 200 2794 "https://www.cashewpay.com.lab2454.com/whsy.php?p=%2Fproc%2F31849%2Fmap_files" "Mozilla/5.0 AppleWebKit/537.36 (KHTML, like Gecko; compatible; GPTBot/1.3; +https://openai.com/gptbot)"
74.7.243.219 - - [03/Mar/2026:08:08:06 +0000] "GET /whsy.php?e=625000-626000&p=%2Fproc%2F31849%2Fmap_files HTTP/2.0" 200 2794 "https://www.cashewpay.com.lab2454.com/whsy.php?p=%2Fproc%2F31849%2Fmap_files" "Mozilla/5.0 AppleWebKit/537.36 (KHTML, like Gecko; compatible; GPTBot/1.3; +https://openai.com/gptbot)"
74.7.243.219 - - [03/Mar/2026:08:08:16 +0000] "GET /whsy.php?p=%2Fproc%2F19332%2Fnet%2Fxt_recent HTTP/2.0" 200 497 "https://www.cashewpay.com.lab2454.com/whsy.php?p=%2Fproc%2F19332%2Fnet" "Mozilla/5.0 AppleWebKit/537.36 (KHTML, like Gecko; compatible; GPTBot/1.3; +https://openai.com/gptbot)"
74.7.243.219 - - [03/Mar/2026:08:08:26 +0000] "GET /whsy.php?p=%2Fproc%2F10277%2Fnet%2Fxt_recent HTTP/2.0" 200 498 "https://www.cashewpay.com.lab2454.com/whsy.php?p=%2Fproc%2F10277%2Fnet" "Mozilla/5.0 AppleWebKit/537.36 (KHTML, like Gecko; compatible; GPTBot/1.3; +https://openai.com/gptbot)"
74.7.243.219 - - [03/Mar/2026:08:08:36 +0000] "GET /whsy.php?p=%2Fproc%2F15809%2Ftask%2F16149%2Fnet%2Fxt_recent%2F.. HTTP/2.0" 200 2468 "https://www.cashewpay.com.lab2454.com/whsy.php?p=%2Fproc%2F15809%2Ftask%2F16149%2Fnet%2Fxt_recent" "Mozilla/5.0 AppleWebKit/537.36 (KHTML, like Gecko; compatible; GPTBot/1.3; +https://openai.com/gptbot)"
74.7.243.219 - - [03/Mar/2026:08:08:46 +0000] "GET /whsy.php?p=%2Fproc%2F15809%2Ftask%2F16148%2Fnet%2Fxt_recent%2F.. HTTP/2.0" 200 2468 "https://www.cashewpay.com.lab2454.com/whsy.php?p=%2Fproc%2F15809%2Ftask%2F16148%2Fnet%2Fxt_recent" "Mozilla/5.0 AppleWebKit/537.36 (KHTML, like Gecko; compatible; GPTBot/1.3; +https://openai.com/gptbot)"
74.7.243.219 - - [03/Mar/2026:08:08:55 +0000] "GET /whsy.php?p=%2Fproc%2F15809%2Ftask%2F16146%2Fnet%2Fxt_recent%2F.. HTTP/2.0" 200 2469 "https://www.cashewpay.com.lab2454.com/whsy.php?p=%2Fproc%2F15809%2Ftask%2F16146%2Fnet%2Fxt_recent" "Mozilla/5.0 AppleWebKit/537.36 (KHTML, like Gecko; compatible; GPTBot/1.3; +https://openai.com/gptbot)"
74.7.243.219 - - [03/Mar/2026:08:09:06 +0000] "GET /whsy.php?p=%2Fproc%2F15809%2F.. HTTP/2.0" 200 4155 "https://www.cashewpay.com.lab2454.com/whsy.php?p=%2Fproc%2F15809" "Mozilla/5.0 AppleWebKit/537.36 (KHTML, like Gecko; compatible; GPTBot/1.3; +https://openai.com/gptbot)"
74.7.243.219 - - [03/Mar/2026:08:09:18 +0000] "GET /whsy.php?p=%2Fproc%2F26459%2F.. HTTP/2.0" 200 832 "https://www.cashewpay.com.lab2454.com/whsy.php?p=%2Fproc%2F26459" "Mozilla/5.0 AppleWebKit/537.36 (KHTML, like Gecko; compatible; GPTBot/1.3; +https://openai.com/gptbot)"
74.7.243.219 - - [03/Mar/2026:08:09:28 +0000] "GET /whsy.php?p=%2Fproc%2F31849%2F.. HTTP/2.0" 200 4230 "https://www.cashewpay.com.lab2454.com/whsy.php?p=%2Fproc%2F31849" "Mozilla/5.0 AppleWebKit/537.36 (KHTML, like Gecko; compatible; GPTBot/1.3; +https://openai.com/gptbot)"
74.7.243.219 - - [03/Mar/2026:08:09:38 +0000] "GET /whsy.php?p=%2Fproc%2F31848%2F.. HTTP/2.0" 200 4157 "https://www.cashewpay.com.lab2454.com/whsy.php?p=%2Fproc%2F31848" "Mozilla/5.0 AppleWebKit/537.36 (KHTML, like Gecko; compatible; GPTBot/1.3; +https://openai.com/gptbot)"
