45.148.10.120 - - [02/Mar/2026:15:31:11 +0000] "GET /phpinfo.php?locale=nb HTTP/1.1" 200 37516 "-" "Mozilla/5.0 (Windows NT 6.1; Win64; x64; rv:47.0) Gecko/20100101 Firefox/47.0"
45.148.10.120 - - [02/Mar/2026:15:31:11 +0000] "GET /phpinfo.php?locale=ms HTTP/1.1" 200 37542 "-" "Mozilla/5.0 (Windows NT 6.1; Win64; x64; rv:47.0) Gecko/20100101 Firefox/47.0"
45.148.10.120 - - [02/Mar/2026:15:31:11 +0000] "GET /phpinfo.php?locale=ru HTTP/1.1" 200 38247 "-" "Mozilla/5.0 (Windows NT 6.1; Win64; x64; rv:47.0) Gecko/20100101 Firefox/47.0"
45.148.10.120 - - [02/Mar/2026:15:31:11 +0000] "GET /phpinfo.php?locale=pt_br HTTP/1.1" 200 37547 "-" "Mozilla/5.0 (Windows NT 6.1; Win64; x64; rv:47.0) Gecko/20100101 Firefox/47.0"
45.148.10.120 - - [02/Mar/2026:15:31:11 +0000] "GET /phpinfo.php?locale=zh_tw HTTP/1.1" 200 37429 "-" "Mozilla/5.0 (Windows NT 6.1; Win64; x64; rv:47.0) Gecko/20100101 Firefox/47.0"
45.148.10.120 - - [02/Mar/2026:15:31:11 +0000] "GET /phpinfo.php?locale=zh HTTP/1.1" 200 37401 "-" "Mozilla/5.0 (Windows NT 6.1; Win64; x64; rv:47.0) Gecko/20100101 Firefox/47.0"
45.148.10.120 - - [02/Mar/2026:15:31:12 +0000] "GET /phpinfo.php?locale=ru HTTP/1.1" 200 38247 "-" "Mozilla/5.0 (Windows NT 6.1; Win64; x64; rv:47.0) Gecko/20100101 Firefox/47.0"
45.148.10.120 - - [02/Mar/2026:15:31:11 +0000] "GET /phpinfo.php?locale=ro HTTP/1.1" 200 37580 "-" "Mozilla/5.0 (Windows NT 6.1; Win64; x64; rv:47.0) Gecko/20100101 Firefox/47.0"
45.148.10.120 - - [02/Mar/2026:15:31:11 +0000] "GET /phpinfo.php?locale=nl HTTP/1.1" 200 37600 "-" "Mozilla/5.0 (Windows NT 6.1; Win64; x64; rv:47.0) Gecko/20100101 Firefox/47.0"
45.148.10.120 - - [02/Mar/2026:15:31:13 +0000] "GET /phpinfo.php?locale=it HTTP/1.1" 200 37615 "-" "Mozilla/5.0 (Windows NT 6.1; Win64; x64; rv:47.0) Gecko/20100101 Firefox/47.0"
45.148.10.120 - - [02/Mar/2026:15:31:13 +0000] "GET /phpinfo.php?locale=i_en HTTP/1.1" 200 37243 "-" "Mozilla/5.0 (Windows NT 6.1; Win64; x64; rv:47.0) Gecko/20100101 Firefox/47.0"
45.148.10.120 - - [02/Mar/2026:15:31:13 +0000] "GET /phpinfo.php?locale=tr HTTP/1.1" 200 37562 "-" "Mozilla/5.0 (Windows NT 6.1; Win64; x64; rv:47.0) Gecko/20100101 Firefox/47.0"
45.148.10.120 - - [02/Mar/2026:15:31:19 +0000] "GET /phpinfo.php?locale=fr HTTP/1.1" 200 37818 "-" "Mozilla/5.0 (Windows NT 6.1; Win64; x64; rv:47.0) Gecko/20100101 Firefox/47.0"
45.148.10.120 - - [02/Mar/2026:15:31:19 +0000] "GET /phpinfo.php?locale=pl HTTP/1.1" 200 8192 "-" "Mozilla/5.0 (Windows NT 6.1; Win64; x64; rv:47.0) Gecko/20100101 Firefox/47.0"
45.148.10.120 - - [02/Mar/2026:15:31:19 +0000] "GET /phpinfo.php?locale=sv HTTP/1.1" 200 37421 "-" "Mozilla/5.0 (Windows NT 6.1; Win64; x64; rv:47.0) Gecko/20100101 Firefox/47.0"
45.148.10.120 - - [02/Mar/2026:15:31:19 +0000] "GET /phpinfo.php?locale=zh_tw HTTP/1.1" 200 37429 "-" "Mozilla/5.0 (Windows NT 6.1; Win64; x64; rv:47.0) Gecko/20100101 Firefox/47.0"
45.148.10.120 - - [02/Mar/2026:15:31:19 +0000] "GET /phpinfo.php?locale=vi HTTP/1.1" 200 37666 "-" "Mozilla/5.0 (Windows NT 6.1; Win64; x64; rv:47.0) Gecko/20100101 Firefox/47.0"
45.148.10.120 - - [02/Mar/2026:15:31:19 +0000] "GET /phpinfo.php?locale=ro HTTP/1.1" 200 37580 "-" "Mozilla/5.0 (Windows NT 6.1; Win64; x64; rv:47.0) Gecko/20100101 Firefox/47.0"
45.148.10.120 - - [02/Mar/2026:15:31:19 +0000] "GET /phpinfo.php?locale=pt_br HTTP/1.1" 200 37547 "-" "Mozilla/5.0 (Windows NT 6.1; Win64; x64; rv:47.0) Gecko/20100101 Firefox/47.0"
45.148.10.120 - - [02/Mar/2026:15:31:20 +0000] "GET /phpinfo.php?locale=zh HTTP/1.1" 200 37401 "-" "Mozilla/5.0 (Windows NT 6.1; Win64; x64; rv:47.0) Gecko/20100101 Firefox/47.0"
45.148.10.120 - - [02/Mar/2026:15:31:30 +0000] "GET /portal/.env HTTP/1.1" 200 37386 "-" "Mozilla/5.0 (Windows NT 6.1; Win64; x64; rv:47.0) Gecko/20100101 Firefox/47.0"
74.7.241.42 - - [02/Mar/2026:15:31:32 +0000] "GET /whsy.php?e=udplite6&p=%2Fproc%2F29775%2Fnet HTTP/2.0" 200 2586 "https://www.lordritzy.com.lab2454.com/whsy.php?p=%2Fproc%2F29775%2Fnet" "Mozilla/5.0 AppleWebKit/537.36 (KHTML, like Gecko; compatible; GPTBot/1.3; +https://openai.com/gptbot)"
45.148.10.120 - - [02/Mar/2026:15:31:36 +0000] "GET /portal/.env HTTP/1.1" 200 37386 "-" "Mozilla/5.0 (Windows NT 6.1; Win64; x64; rv:47.0) Gecko/20100101 Firefox/47.0"
45.148.10.120 - - [02/Mar/2026:15:31:39 +0000] "GET /portal/.env?locale=ar HTTP/1.1" 200 38229 "-" "Mozilla/5.0 (Windows NT 6.1; Win64; x64; rv:47.0) Gecko/20100101 Firefox/47.0"
45.148.10.120 - - [02/Mar/2026:15:31:39 +0000] "GET /portal/.env?locale=es HTTP/1.1" 200 37774 "-" "Mozilla/5.0 (Windows NT 6.1; Win64; x64; rv:47.0) Gecko/20100101 Firefox/47.0"
45.148.10.120 - - [02/Mar/2026:15:31:39 +0000] "GET /portal/.env?locale=es_419 HTTP/1.1" 200 37773 "-" "Mozilla/5.0 (Windows NT 6.1; Win64; x64; rv:47.0) Gecko/20100101 Firefox/47.0"
45.148.10.120 - - [02/Mar/2026:15:31:42 +0000] "GET /portal/.env?locale=da HTTP/1.1" 200 37479 "-" "Mozilla/5.0 (Windows NT 6.1; Win64; x64; rv:47.0) Gecko/20100101 Firefox/47.0"
45.148.10.120 - - [02/Mar/2026:15:31:42 +0000] "GET /portal/.env?locale=de HTTP/1.1" 200 37721 "-" "Mozilla/5.0 (Windows NT 6.1; Win64; x64; rv:47.0) Gecko/20100101 Firefox/47.0"
45.148.10.120 - - [02/Mar/2026:15:31:42 +0000] "GET /portal/.env?locale=el HTTP/1.1" 200 38400 "-" "Mozilla/5.0 (Windows NT 6.1; Win64; x64; rv:47.0) Gecko/20100101 Firefox/47.0"
45.148.10.120 - - [02/Mar/2026:15:31:42 +0000] "GET /portal/.env?locale=en HTTP/1.1" 200 37269 "-" "Mozilla/5.0 (Windows NT 6.1; Win64; x64; rv:47.0) Gecko/20100101 Firefox/47.0"
45.148.10.120 - - [02/Mar/2026:15:31:42 +0000] "GET /portal/.env?locale=es_es HTTP/1.1" 200 37764 "-" "Mozilla/5.0 (Windows NT 6.1; Win64; x64; rv:47.0) Gecko/20100101 Firefox/47.0"
45.148.10.120 - - [02/Mar/2026:15:31:42 +0000] "GET /portal/.env?locale=cs HTTP/1.1" 200 37700 "-" "Mozilla/5.0 (Windows NT 6.1; Win64; x64; rv:47.0) Gecko/20100101 Firefox/47.0"
45.148.10.120 - - [02/Mar/2026:15:31:42 +0000] "GET /portal/.env?locale=fi HTTP/1.1" 200 37572 "-" "Mozilla/5.0 (Windows NT 6.1; Win64; x64; rv:47.0) Gecko/20100101 Firefox/47.0"
45.148.10.120 - - [02/Mar/2026:15:31:46 +0000] "GET /portal/.env?locale=nb HTTP/1.1" 200 37516 "-" "Mozilla/5.0 (Windows NT 6.1; Win64; x64; rv:47.0) Gecko/20100101 Firefox/47.0"
45.148.10.120 - - [02/Mar/2026:15:31:46 +0000] "GET /portal/.env?locale=ko HTTP/1.1" 200 37604 "-" "Mozilla/5.0 (Windows NT 6.1; Win64; x64; rv:47.0) Gecko/20100101 Firefox/47.0"
45.148.10.120 - - [02/Mar/2026:15:31:46 +0000] "GET /portal/.env?locale=ms HTTP/1.1" 200 37542 "-" "Mozilla/5.0 (Windows NT 6.1; Win64; x64; rv:47.0) Gecko/20100101 Firefox/47.0"
45.148.10.120 - - [02/Mar/2026:15:31:46 +0000] "GET /portal/.env?locale=he HTTP/1.1" 200 37596 "-" "Mozilla/5.0 (Windows NT 6.1; Win64; x64; rv:47.0) Gecko/20100101 Firefox/47.0"
45.148.10.120 - - [02/Mar/2026:15:31:46 +0000] "GET /portal/.env?locale=i_en HTTP/1.1" 200 37243 "-" "Mozilla/5.0 (Windows NT 6.1; Win64; x64; rv:47.0) Gecko/20100101 Firefox/47.0"
45.148.10.120 - - [02/Mar/2026:15:31:46 +0000] "GET /portal/.env?locale=hu HTTP/1.1" 200 37721 "-" "Mozilla/5.0 (Windows NT 6.1; Win64; x64; rv:47.0) Gecko/20100101 Firefox/47.0"
45.148.10.120 - - [02/Mar/2026:15:31:46 +0000] "GET /portal/.env?locale=it HTTP/1.1" 200 37615 "-" "Mozilla/5.0 (Windows NT 6.1; Win64; x64; rv:47.0) Gecko/20100101 Firefox/47.0"
45.148.10.120 - - [02/Mar/2026:15:31:46 +0000] "GET /portal/.env?locale=fr HTTP/1.1" 200 37818 "-" "Mozilla/5.0 (Windows NT 6.1; Win64; x64; rv:47.0) Gecko/20100101 Firefox/47.0"
45.148.10.120 - - [02/Mar/2026:15:31:46 +0000] "GET /portal/.env?locale=ja HTTP/1.1" 200 38002 "-" "Mozilla/5.0 (Windows NT 6.1; Win64; x64; rv:47.0) Gecko/20100101 Firefox/47.0"
45.148.10.120 - - [02/Mar/2026:15:31:46 +0000] "GET /portal/.env?locale=id HTTP/1.1" 200 37408 "-" "Mozilla/5.0 (Windows NT 6.1; Win64; x64; rv:47.0) Gecko/20100101 Firefox/47.0"
45.148.10.120 - - [02/Mar/2026:15:31:49 +0000] "GET /portal/.env?locale=el HTTP/1.1" 200 38400 "-" "Mozilla/5.0 (Windows NT 6.1; Win64; x64; rv:47.0) Gecko/20100101 Firefox/47.0"
45.148.10.120 - - [02/Mar/2026:15:31:51 +0000] "GET /portal/.env?locale=fi HTTP/1.1" 200 37572 "-" "Mozilla/5.0 (Windows NT 6.1; Win64; x64; rv:47.0) Gecko/20100101 Firefox/47.0"
45.148.10.120 - - [02/Mar/2026:15:31:51 +0000] "GET /portal/.env?locale=en HTTP/1.1" 200 37269 "-" "Mozilla/5.0 (Windows NT 6.1; Win64; x64; rv:47.0) Gecko/20100101 Firefox/47.0"
45.148.10.120 - - [02/Mar/2026:15:31:51 +0000] "GET /portal/.env?locale=ja HTTP/1.1" 200 38002 "-" "Mozilla/5.0 (Windows NT 6.1; Win64; x64; rv:47.0) Gecko/20100101 Firefox/47.0"
45.148.10.120 - - [02/Mar/2026:15:31:51 +0000] "GET /portal/.env?locale=ko HTTP/1.1" 200 37604 "-" "Mozilla/5.0 (Windows NT 6.1; Win64; x64; rv:47.0) Gecko/20100101 Firefox/47.0"
45.148.10.120 - - [02/Mar/2026:15:31:51 +0000] "GET /portal/.env?locale=fr HTTP/1.1" 200 37818 "-" "Mozilla/5.0 (Windows NT 6.1; Win64; x64; rv:47.0) Gecko/20100101 Firefox/47.0"
45.148.10.120 - - [02/Mar/2026:15:31:51 +0000] "GET /portal/.env?locale=he HTTP/1.1" 200 37596 "-" "Mozilla/5.0 (Windows NT 6.1; Win64; x64; rv:47.0) Gecko/20100101 Firefox/47.0"
45.148.10.120 - - [02/Mar/2026:15:31:51 +0000] "GET /portal/.env?locale=it HTTP/1.1" 200 37615 "-" "Mozilla/5.0 (Windows NT 6.1; Win64; x64; rv:47.0) Gecko/20100101 Firefox/47.0"
45.148.10.120 - - [02/Mar/2026:15:31:51 +0000] "GET /portal/.env?locale=de HTTP/1.1" 200 37721 "-" "Mozilla/5.0 (Windows NT 6.1; Win64; x64; rv:47.0) Gecko/20100101 Firefox/47.0"
45.148.10.120 - - [02/Mar/2026:15:31:51 +0000] "GET /portal/.env?locale=ar HTTP/1.1" 200 38229 "-" "Mozilla/5.0 (Windows NT 6.1; Win64; x64; rv:47.0) Gecko/20100101 Firefox/47.0"
45.148.10.120 - - [02/Mar/2026:15:31:51 +0000] "GET /portal/.env?locale=da HTTP/1.1" 200 37479 "-" "Mozilla/5.0 (Windows NT 6.1; Win64; x64; rv:47.0) Gecko/20100101 Firefox/47.0"
45.148.10.120 - - [02/Mar/2026:15:31:51 +0000] "GET /portal/.env?locale=es_419 HTTP/1.1" 200 37773 "-" "Mozilla/5.0 (Windows NT 6.1; Win64; x64; rv:47.0) Gecko/20100101 Firefox/47.0"
45.148.10.120 - - [02/Mar/2026:15:31:51 +0000] "GET /portal/.env?locale=id HTTP/1.1" 200 37408 "-" "Mozilla/5.0 (Windows NT 6.1; Win64; x64; rv:47.0) Gecko/20100101 Firefox/47.0"
45.148.10.120 - - [02/Mar/2026:15:31:51 +0000] "GET /portal/.env?locale=es_es HTTP/1.1" 200 37764 "-" "Mozilla/5.0 (Windows NT 6.1; Win64; x64; rv:47.0) Gecko/20100101 Firefox/47.0"
74.7.241.42 - - [02/Mar/2026:15:32:51 +0000] "GET /whsy.php?e=icmp&p=%2Fproc%2F26963%2Fnet HTTP/2.0" 200 2580 "https://www.lordritzy.com.lab2454.com/whsy.php?p=%2Fproc%2F26963%2Fnet" "Mozilla/5.0 AppleWebKit/537.36 (KHTML, like Gecko; compatible; GPTBot/1.3; +https://openai.com/gptbot)"
74.7.241.42 - - [02/Mar/2026:15:34:21 +0000] "GET /whsy.php?e=icmp&p=%2Fproc%2F29775%2Fnet HTTP/2.0" 200 2581 "https://www.lordritzy.com.lab2454.com/whsy.php?p=%2Fproc%2F29775%2Fnet" "Mozilla/5.0 AppleWebKit/537.36 (KHTML, like Gecko; compatible; GPTBot/1.3; +https://openai.com/gptbot)"
74.7.228.61 - - [02/Mar/2026:15:34:22 +0000] "GET /robots.txt HTTP/2.0" 404 - "-" "Mozilla/5.0 (Macintosh; Intel Mac OS X 10_15_7) AppleWebKit/537.36 (KHTML, like Gecko) Chrome/131.0.0.0 Safari/537.36; compatible; OAI-SearchBot/1.3; robots.txt; +https://openai.com/searchbot"
74.7.241.42 - - [02/Mar/2026:15:35:30 +0000] "GET /whsy.php?e=icmp&p=%2Fproc%2F29566%2Fnet HTTP/2.0" 200 2581 "https://www.lordritzy.com.lab2454.com/whsy.php?p=%2Fproc%2F29566%2Fnet" "Mozilla/5.0 AppleWebKit/537.36 (KHTML, like Gecko; compatible; GPTBot/1.3; +https://openai.com/gptbot)"
74.7.241.42 - - [02/Mar/2026:15:36:46 +0000] "GET /whsy.php?p=%2Fproc%2F26963%2Fnet%2Fnetfilter HTTP/2.0" 200 732 "https://www.lordritzy.com.lab2454.com/whsy.php?p=%2Fproc%2F26963%2Fnet" "Mozilla/5.0 AppleWebKit/537.36 (KHTML, like Gecko; compatible; GPTBot/1.3; +https://openai.com/gptbot)"
74.7.241.42 - - [02/Mar/2026:15:38:06 +0000] "GET /whsy.php?p=%2Fproc%2F29566%2Fnet%2Fnetfilter HTTP/2.0" 200 732 "https://www.lordritzy.com.lab2454.com/whsy.php?p=%2Fproc%2F29566%2Fnet" "Mozilla/5.0 AppleWebKit/537.36 (KHTML, like Gecko; compatible; GPTBot/1.3; +https://openai.com/gptbot)"
74.7.228.61 - - [02/Mar/2026:15:39:26 +0000] "GET /robots.txt HTTP/2.0" 404 - "-" "Mozilla/5.0 (Macintosh; Intel Mac OS X 10_15_7) AppleWebKit/537.36 (KHTML, like Gecko) Chrome/131.0.0.0 Safari/537.36; compatible; OAI-SearchBot/1.3; robots.txt; +https://openai.com/searchbot"
74.7.241.42 - - [02/Mar/2026:15:39:25 +0000] "GET /whsy.php?p=%2Fproc%2F29775%2Fnet%2Fnetfilter HTTP/2.0" 200 732 "https://www.lordritzy.com.lab2454.com/whsy.php?p=%2Fproc%2F29775%2Fnet" "Mozilla/5.0 AppleWebKit/537.36 (KHTML, like Gecko; compatible; GPTBot/1.3; +https://openai.com/gptbot)"
74.7.241.42 - - [02/Mar/2026:15:40:44 +0000] "GET /whsy.php?p=%2Fproc%2F20977%2Fmap_files HTTP/2.0" 200 830 "https://www.lordritzy.com.lab2454.com/whsy.php?p=%2Fproc%2F20977" "Mozilla/5.0 AppleWebKit/537.36 (KHTML, like Gecko; compatible; GPTBot/1.3; +https://openai.com/gptbot)"
74.7.241.42 - - [02/Mar/2026:15:42:07 +0000] "GET /whsy.php?p=%2Fproc%2F29566%2Fmap_files HTTP/2.0" 200 166760 "https://www.lordritzy.com.lab2454.com/whsy.php?p=%2Fproc%2F29566" "Mozilla/5.0 AppleWebKit/537.36 (KHTML, like Gecko; compatible; GPTBot/1.3; +https://openai.com/gptbot)"
74.7.241.42 - - [02/Mar/2026:15:43:48 +0000] "GET /whsy.php?p=%2Fproc%2F29775%2Fmap_files HTTP/2.0" 200 177661 "https://www.lordritzy.com.lab2454.com/whsy.php?p=%2Fproc%2F29775" "Mozilla/5.0 AppleWebKit/537.36 (KHTML, like Gecko; compatible; GPTBot/1.3; +https://openai.com/gptbot)"
74.7.241.42 - - [02/Mar/2026:15:45:28 +0000] "GET /whsy.php?p=%2Fproc%2F26963%2Fmap_files HTTP/2.0" 200 196251 "https://www.lordritzy.com.lab2454.com/whsy.php?p=%2Fproc%2F26963" "Mozilla/5.0 AppleWebKit/537.36 (KHTML, like Gecko; compatible; GPTBot/1.3; +https://openai.com/gptbot)"
74.7.228.61 - - [02/Mar/2026:15:45:58 +0000] "GET /robots.txt HTTP/2.0" 404 - "-" "Mozilla/5.0 (Macintosh; Intel Mac OS X 10_15_7) AppleWebKit/537.36 (KHTML, like Gecko) Chrome/131.0.0.0 Safari/537.36; compatible; OAI-SearchBot/1.3; robots.txt; +https://openai.com/searchbot"
74.7.241.42 - - [02/Mar/2026:15:47:10 +0000] "GET /whsy.php?e=icmp&p=%2Fproc%2F29782%2Fnet HTTP/2.0" 200 2581 "https://www.lordritzy.com.lab2454.com/whsy.php?p=%2Fproc%2F29782%2Fnet" "Mozilla/5.0 AppleWebKit/537.36 (KHTML, like Gecko; compatible; GPTBot/1.3; +https://openai.com/gptbot)"
74.7.241.42 - - [02/Mar/2026:15:48:16 +0000] "GET /whsy.php?e=snmp&p=%2Fproc%2F29566%2Fnet HTTP/2.0" 200 3227 "https://www.lordritzy.com.lab2454.com/whsy.php?p=%2Fproc%2F29566%2Fnet" "Mozilla/5.0 AppleWebKit/537.36 (KHTML, like Gecko; compatible; GPTBot/1.3; +https://openai.com/gptbot)"
74.7.241.42 - - [02/Mar/2026:15:49:41 +0000] "GET /whsy.php?e=snmp&p=%2Fproc%2F26963%2Fnet HTTP/2.0" 200 3233 "https://www.lordritzy.com.lab2454.com/whsy.php?p=%2Fproc%2F26963%2Fnet" "Mozilla/5.0 AppleWebKit/537.36 (KHTML, like Gecko; compatible; GPTBot/1.3; +https://openai.com/gptbot)"
74.7.241.42 - - [02/Mar/2026:15:50:50 +0000] "GET /whsy.php?e=snmp&p=%2Fproc%2F29775%2Fnet HTTP/2.0" 200 3232 "https://www.lordritzy.com.lab2454.com/whsy.php?p=%2Fproc%2F29775%2Fnet" "Mozilla/5.0 AppleWebKit/537.36 (KHTML, like Gecko; compatible; GPTBot/1.3; +https://openai.com/gptbot)"
74.7.241.42 - - [02/Mar/2026:15:51:51 +0000] "GET /whsy.php?p=%2Fproc%2F29782%2Fmap_files HTTP/2.0" 200 306185 "https://www.lordritzy.com.lab2454.com/whsy.php?p=%2Fproc%2F29782" "Mozilla/5.0 AppleWebKit/537.36 (KHTML, like Gecko; compatible; GPTBot/1.3; +https://openai.com/gptbot)"
74.7.228.61 - - [02/Mar/2026:15:52:21 +0000] "GET /robots.txt HTTP/2.0" 404 - "-" "Mozilla/5.0 (Macintosh; Intel Mac OS X 10_15_7) AppleWebKit/537.36 (KHTML, like Gecko) Chrome/131.0.0.0 Safari/537.36; compatible; OAI-SearchBot/1.3; robots.txt; +https://openai.com/searchbot"
74.7.241.42 - - [02/Mar/2026:15:53:19 +0000] "GET /whsy.php?e=projid_map&p=%2Fproc%2F32189 HTTP/2.0" 200 830 "https://www.lordritzy.com.lab2454.com/whsy.php?p=%2Fproc%2F32189" "Mozilla/5.0 AppleWebKit/537.36 (KHTML, like Gecko; compatible; GPTBot/1.3; +https://openai.com/gptbot)"
74.7.241.42 - - [02/Mar/2026:15:54:30 +0000] "GET /whsy.php?e=projid_map&p=%2Fproc%2F18443 HTTP/2.0" 200 830 "https://www.lordritzy.com.lab2454.com/whsy.php?p=%2Fproc%2F18443" "Mozilla/5.0 AppleWebKit/537.36 (KHTML, like Gecko; compatible; GPTBot/1.3; +https://openai.com/gptbot)"
74.7.241.42 - - [02/Mar/2026:15:55:40 +0000] "GET /whsy.php?p=%2Fproc%2F29566%2Fnet%2Fip6t_hashlimit HTTP/2.0" 200 502 "https://www.lordritzy.com.lab2454.com/whsy.php?p=%2Fproc%2F29566%2Fnet" "Mozilla/5.0 AppleWebKit/537.36 (KHTML, like Gecko; compatible; GPTBot/1.3; +https://openai.com/gptbot)"
74.7.241.42 - - [02/Mar/2026:15:56:58 +0000] "GET /whsy.php?p=%2Fproc%2F26963%2Fnet%2Fip6t_hashlimit HTTP/2.0" 200 502 "https://www.lordritzy.com.lab2454.com/whsy.php?p=%2Fproc%2F26963%2Fnet" "Mozilla/5.0 AppleWebKit/537.36 (KHTML, like Gecko; compatible; GPTBot/1.3; +https://openai.com/gptbot)"
74.7.241.42 - - [02/Mar/2026:15:58:04 +0000] "GET /whsy.php?e=anycast6&p=%2Fproc%2F29566%2Fnet HTTP/2.0" 200 2506 "https://www.lordritzy.com.lab2454.com/whsy.php?p=%2Fproc%2F29566%2Fnet" "Mozilla/5.0 AppleWebKit/537.36 (KHTML, like Gecko; compatible; GPTBot/1.3; +https://openai.com/gptbot)"
74.7.241.42 - - [02/Mar/2026:15:59:18 +0000] "GET /whsy.php?e=anycast6&p=%2Fproc%2F26963%2Fnet HTTP/2.0" 200 2506 "https://www.lordritzy.com.lab2454.com/whsy.php?p=%2Fproc%2F26963%2Fnet" "Mozilla/5.0 AppleWebKit/537.36 (KHTML, like Gecko; compatible; GPTBot/1.3; +https://openai.com/gptbot)"
74.7.241.42 - - [02/Mar/2026:16:00:20 +0000] "GET /whsy.php?e=udp&p=%2Fproc%2F29566%2Fnet HTTP/2.0" 200 2774 "https://www.lordritzy.com.lab2454.com/whsy.php?p=%2Fproc%2F29566%2Fnet" "Mozilla/5.0 AppleWebKit/537.36 (KHTML, like Gecko; compatible; GPTBot/1.3; +https://openai.com/gptbot)"
74.7.241.42 - - [02/Mar/2026:16:01:39 +0000] "GET /whsy.php?e=udp&p=%2Fproc%2F26963%2Fnet HTTP/2.0" 200 2774 "https://www.lordritzy.com.lab2454.com/whsy.php?p=%2Fproc%2F26963%2Fnet" "Mozilla/5.0 AppleWebKit/537.36 (KHTML, like Gecko; compatible; GPTBot/1.3; +https://openai.com/gptbot)"
74.7.241.42 - - [02/Mar/2026:16:02:27 +0000] "GET /whsy.php?e=raw&p=%2Fproc%2F29566%2Fnet HTTP/2.0" 200 2578 "https://www.lordritzy.com.lab2454.com/whsy.php?p=%2Fproc%2F29566%2Fnet" "Mozilla/5.0 AppleWebKit/537.36 (KHTML, like Gecko; compatible; GPTBot/1.3; +https://openai.com/gptbot)"
74.7.241.42 - - [02/Mar/2026:16:03:42 +0000] "GET /whsy.php?e=raw&p=%2Fproc%2F26963%2Fnet HTTP/2.0" 200 2578 "https://www.lordritzy.com.lab2454.com/whsy.php?p=%2Fproc%2F26963%2Fnet" "Mozilla/5.0 AppleWebKit/537.36 (KHTML, like Gecko; compatible; GPTBot/1.3; +https://openai.com/gptbot)"
74.7.228.61 - - [02/Mar/2026:16:03:43 +0000] "GET /robots.txt HTTP/2.0" 404 - "-" "Mozilla/5.0 (Macintosh; Intel Mac OS X 10_15_7) AppleWebKit/537.36 (KHTML, like Gecko) Chrome/131.0.0.0 Safari/537.36; compatible; OAI-SearchBot/1.3; robots.txt; +https://openai.com/searchbot"
74.7.241.42 - - [02/Mar/2026:16:04:50 +0000] "GET /whsy.php?e=raw&p=%2Fproc%2F29775%2Fnet HTTP/2.0" 200 2579 "https://www.lordritzy.com.lab2454.com/whsy.php?p=%2Fproc%2F29775%2Fnet" "Mozilla/5.0 AppleWebKit/537.36 (KHTML, like Gecko; compatible; GPTBot/1.3; +https://openai.com/gptbot)"
74.7.241.42 - - [02/Mar/2026:16:05:48 +0000] "GET /whsy.php?e=udp&p=%2Fproc%2F29775%2Fnet HTTP/2.0" 200 2774 "https://www.lordritzy.com.lab2454.com/whsy.php?p=%2Fproc%2F29775%2Fnet" "Mozilla/5.0 AppleWebKit/537.36 (KHTML, like Gecko; compatible; GPTBot/1.3; +https://openai.com/gptbot)"
74.7.241.42 - - [02/Mar/2026:16:07:00 +0000] "GET /whsy.php?p=%2Fproc%2F18443%2Fmap_files HTTP/2.0" 200 830 "https://www.lordritzy.com.lab2454.com/whsy.php?p=%2Fproc%2F18443" "Mozilla/5.0 AppleWebKit/537.36 (KHTML, like Gecko; compatible; GPTBot/1.3; +https://openai.com/gptbot)"
74.7.241.42 - - [02/Mar/2026:16:08:26 +0000] "GET /whsy.php?e=udp&p=%2Fproc%2F29782%2Fnet HTTP/2.0" 200 2774 "https://www.lordritzy.com.lab2454.com/whsy.php?p=%2Fproc%2F29782%2Fnet" "Mozilla/5.0 AppleWebKit/537.36 (KHTML, like Gecko; compatible; GPTBot/1.3; +https://openai.com/gptbot)"
74.7.241.42 - - [02/Mar/2026:16:10:03 +0000] "GET /whsy.php?p=%2Fproc%2F23222%2Ffdinfo HTTP/2.0" 200 830 "https://www.lordritzy.com.lab2454.com/whsy.php?p=%2Fproc%2F23222" "Mozilla/5.0 AppleWebKit/537.36 (KHTML, like Gecko; compatible; GPTBot/1.3; +https://openai.com/gptbot)"
74.7.228.61 - - [02/Mar/2026:16:10:04 +0000] "GET /robots.txt HTTP/2.0" 404 - "-" "Mozilla/5.0 (Macintosh; Intel Mac OS X 10_15_7) AppleWebKit/537.36 (KHTML, like Gecko) Chrome/131.0.0.0 Safari/537.36; compatible; OAI-SearchBot/1.3; robots.txt; +https://openai.com/searchbot"
74.7.241.42 - - [02/Mar/2026:16:11:27 +0000] "GET /whsy.php?p=%2Fproc%2F29775%2Fnet%2Fip6t_hashlimit HTTP/2.0" 200 502 "https://www.lordritzy.com.lab2454.com/whsy.php?p=%2Fproc%2F29775%2Fnet" "Mozilla/5.0 AppleWebKit/537.36 (KHTML, like Gecko; compatible; GPTBot/1.3; +https://openai.com/gptbot)"
74.7.241.42 - - [02/Mar/2026:16:12:53 +0000] "GET /whsy.php?e=if_inet6&p=%2Fproc%2F29782%2Fnet HTTP/2.0" 200 2569 "https://www.lordritzy.com.lab2454.com/whsy.php?p=%2Fproc%2F29782%2Fnet" "Mozilla/5.0 AppleWebKit/537.36 (KHTML, like Gecko; compatible; GPTBot/1.3; +https://openai.com/gptbot)"
74.7.241.42 - - [02/Mar/2026:16:14:15 +0000] "GET /whsy.php?e=udplite6&p=%2Fproc%2F29566%2Fnet HTTP/2.0" 200 2585 "https://www.lordritzy.com.lab2454.com/whsy.php?p=%2Fproc%2F29566%2Fnet" "Mozilla/5.0 AppleWebKit/537.36 (KHTML, like Gecko; compatible; GPTBot/1.3; +https://openai.com/gptbot)"
74.7.241.42 - - [02/Mar/2026:16:15:41 +0000] "GET /whsy.php?e=anycast6&p=%2Fproc%2F29775%2Fnet HTTP/2.0" 200 2507 "https://www.lordritzy.com.lab2454.com/whsy.php?p=%2Fproc%2F29775%2Fnet" "Mozilla/5.0 AppleWebKit/537.36 (KHTML, like Gecko; compatible; GPTBot/1.3; +https://openai.com/gptbot)"
74.7.228.61 - - [02/Mar/2026:16:15:42 +0000] "GET /robots.txt HTTP/2.0" 404 - "-" "Mozilla/5.0 (Macintosh; Intel Mac OS X 10_15_7) AppleWebKit/537.36 (KHTML, like Gecko) Chrome/131.0.0.0 Safari/537.36; compatible; OAI-SearchBot/1.3; robots.txt; +https://openai.com/searchbot"
74.7.241.42 - - [02/Mar/2026:16:17:10 +0000] "GET /whsy.php?e=if_inet6&p=%2Fproc%2F26963%2Fnet HTTP/2.0" 200 2569 "https://www.lordritzy.com.lab2454.com/whsy.php?p=%2Fproc%2F26963%2Fnet" "Mozilla/5.0 AppleWebKit/537.36 (KHTML, like Gecko; compatible; GPTBot/1.3; +https://openai.com/gptbot)"
74.7.241.42 - - [02/Mar/2026:16:18:28 +0000] "GET /whsy.php?e=if_inet6&p=%2Fproc%2F29566%2Fnet HTTP/2.0" 200 2569 "https://www.lordritzy.com.lab2454.com/whsy.php?p=%2Fproc%2F29566%2Fnet" "Mozilla/5.0 AppleWebKit/537.36 (KHTML, like Gecko; compatible; GPTBot/1.3; +https://openai.com/gptbot)"
205.210.31.14 - - [02/Mar/2026:16:19:01 +0000] "GET / HTTP/1.1" 200 37374 "-" "Hello from Palo Alto Networks, find out more about our scans in https://docs-cortex.paloaltonetworks.com/r/1/Cortex-Xpanse/Scanning-activity"
74.7.241.42 - - [02/Mar/2026:16:19:48 +0000] "GET /whsy.php?e=udplite6&p=%2Fproc%2F26963%2Fnet HTTP/2.0" 200 2585 "https://www.lordritzy.com.lab2454.com/whsy.php?p=%2Fproc%2F26963%2Fnet" "Mozilla/5.0 AppleWebKit/537.36 (KHTML, like Gecko; compatible; GPTBot/1.3; +https://openai.com/gptbot)"
74.7.241.42 - - [02/Mar/2026:16:21:08 +0000] "GET /whsy.php?p=%2Fproc%2F18443%2Ffdinfo HTTP/2.0" 200 830 "https://www.lordritzy.com.lab2454.com/whsy.php?p=%2Fproc%2F18443" "Mozilla/5.0 AppleWebKit/537.36 (KHTML, like Gecko; compatible; GPTBot/1.3; +https://openai.com/gptbot)"
74.7.228.61 - - [02/Mar/2026:16:21:09 +0000] "GET /robots.txt HTTP/2.0" 404 - "-" "Mozilla/5.0 (Macintosh; Intel Mac OS X 10_15_7) AppleWebKit/537.36 (KHTML, like Gecko) Chrome/131.0.0.0 Safari/537.36; compatible; OAI-SearchBot/1.3; robots.txt; +https://openai.com/searchbot"
74.7.241.42 - - [02/Mar/2026:16:22:40 +0000] "GET /whsy.php?e=projid_map&p=%2Fproc%2F26963 HTTP/2.0" 200 2027 "https://www.lordritzy.com.lab2454.com/whsy.php?p=%2Fproc%2F26963" "Mozilla/5.0 AppleWebKit/537.36 (KHTML, like Gecko; compatible; GPTBot/1.3; +https://openai.com/gptbot)"
74.7.241.42 - - [02/Mar/2026:16:24:26 +0000] "GET /whsy.php?e=projid_map&p=%2Fproc%2F29566 HTTP/2.0" 200 2027 "https://www.lordritzy.com.lab2454.com/whsy.php?p=%2Fproc%2F29566" "Mozilla/5.0 AppleWebKit/537.36 (KHTML, like Gecko; compatible; GPTBot/1.3; +https://openai.com/gptbot)"
74.7.241.42 - - [02/Mar/2026:16:26:11 +0000] "GET /whsy.php?e=projid_map&p=%2Fproc%2F29775 HTTP/2.0" 200 2028 "https://www.lordritzy.com.lab2454.com/whsy.php?p=%2Fproc%2F29775" "Mozilla/5.0 AppleWebKit/537.36 (KHTML, like Gecko; compatible; GPTBot/1.3; +https://openai.com/gptbot)"
74.7.228.61 - - [02/Mar/2026:16:26:12 +0000] "GET /robots.txt HTTP/2.0" 404 - "-" "Mozilla/5.0 (Macintosh; Intel Mac OS X 10_15_7) AppleWebKit/537.36 (KHTML, like Gecko) Chrome/131.0.0.0 Safari/537.36; compatible; OAI-SearchBot/1.3; robots.txt; +https://openai.com/searchbot"
74.7.241.42 - - [02/Mar/2026:16:27:47 +0000] "GET /whsy.php?e=projid_map&p=%2Fproc%2F20977 HTTP/2.0" 200 830 "https://www.lordritzy.com.lab2454.com/whsy.php?p=%2Fproc%2F20977" "Mozilla/5.0 AppleWebKit/537.36 (KHTML, like Gecko; compatible; GPTBot/1.3; +https://openai.com/gptbot)"
74.7.241.42 - - [02/Mar/2026:16:29:11 +0000] "GET /whsy.php?e=projid_map&p=%2Fproc%2F29782 HTTP/2.0" 200 2028 "https://www.lordritzy.com.lab2454.com/whsy.php?p=%2Fproc%2F29782" "Mozilla/5.0 AppleWebKit/537.36 (KHTML, like Gecko; compatible; GPTBot/1.3; +https://openai.com/gptbot)"
74.7.241.42 - - [02/Mar/2026:16:30:45 +0000] "GET /whsy.php?e=sockcreate&p=%2Fproc%2F29775%2Fattr HTTP/2.0" 200 864 "https://www.lordritzy.com.lab2454.com/whsy.php?p=%2Fproc%2F29775%2Fattr" "Mozilla/5.0 AppleWebKit/537.36 (KHTML, like Gecko; compatible; GPTBot/1.3; +https://openai.com/gptbot)"
74.7.241.42 - - [02/Mar/2026:16:32:44 +0000] "GET /whsy.php?e=sockcreate&p=%2Fproc%2F26963%2Fattr HTTP/2.0" 200 863 "https://www.lordritzy.com.lab2454.com/whsy.php?p=%2Fproc%2F26963%2Fattr" "Mozilla/5.0 AppleWebKit/537.36 (KHTML, like Gecko; compatible; GPTBot/1.3; +https://openai.com/gptbot)"
74.7.228.61 - - [02/Mar/2026:16:32:45 +0000] "GET /robots.txt HTTP/2.0" 404 - "-" "Mozilla/5.0 (Macintosh; Intel Mac OS X 10_15_7) AppleWebKit/537.36 (KHTML, like Gecko) Chrome/131.0.0.0 Safari/537.36; compatible; OAI-SearchBot/1.3; robots.txt; +https://openai.com/searchbot"
74.7.241.42 - - [02/Mar/2026:16:34:45 +0000] "GET /whsy.php?e=sockcreate&p=%2Fproc%2F29566%2Fattr HTTP/2.0" 200 863 "https://www.lordritzy.com.lab2454.com/whsy.php?p=%2Fproc%2F29566%2Fattr" "Mozilla/5.0 AppleWebKit/537.36 (KHTML, like Gecko; compatible; GPTBot/1.3; +https://openai.com/gptbot)"
74.7.241.42 - - [02/Mar/2026:16:36:58 +0000] "GET /whsy.php?e=sockcreate&p=%2Fproc%2F29782%2Fattr HTTP/2.0" 200 864 "https://www.lordritzy.com.lab2454.com/whsy.php?p=%2Fproc%2F29782%2Fattr" "Mozilla/5.0 AppleWebKit/537.36 (KHTML, like Gecko; compatible; GPTBot/1.3; +https://openai.com/gptbot)"
74.7.241.42 - - [02/Mar/2026:16:39:06 +0000] "GET /whsy.php?p=%2Fproc%2F29566%2Fnet%2Fdev_snmp6 HTTP/2.0" 200 982 "https://www.lordritzy.com.lab2454.com/whsy.php?p=%2Fproc%2F29566%2Fnet" "Mozilla/5.0 AppleWebKit/537.36 (KHTML, like Gecko; compatible; GPTBot/1.3; +https://openai.com/gptbot)"
74.7.228.61 - - [02/Mar/2026:16:39:07 +0000] "GET /robots.txt HTTP/2.0" 404 - "-" "Mozilla/5.0 (Macintosh; Intel Mac OS X 10_15_7) AppleWebKit/537.36 (KHTML, like Gecko) Chrome/131.0.0.0 Safari/537.36; compatible; OAI-SearchBot/1.3; robots.txt; +https://openai.com/searchbot"
74.7.241.42 - - [02/Mar/2026:16:41:10 +0000] "GET /whsy.php?p=%2Fproc%2F23222%2Fns HTTP/2.0" 200 830 "https://www.lordritzy.com.lab2454.com/whsy.php?p=%2Fproc%2F23222" "Mozilla/5.0 AppleWebKit/537.36 (KHTML, like Gecko; compatible; GPTBot/1.3; +https://openai.com/gptbot)"
74.7.241.42 - - [02/Mar/2026:16:43:20 +0000] "GET /whsy.php?p=%2Fproc%2F26963%2Ffdinfo HTTP/2.0" 200 179250 "https://www.lordritzy.com.lab2454.com/whsy.php?e=projid_map&p=%2Fproc%2F26963" "Mozilla/5.0 AppleWebKit/537.36 (KHTML, like Gecko; compatible; GPTBot/1.3; +https://openai.com/gptbot)"
74.7.241.42 - - [02/Mar/2026:16:45:48 +0000] "GET /whsy.php?p=%2Fproc%2F29566%2Ffdinfo HTTP/2.0" 200 234892 "https://www.lordritzy.com.lab2454.com/whsy.php?e=projid_map&p=%2Fproc%2F29566" "Mozilla/5.0 AppleWebKit/537.36 (KHTML, like Gecko; compatible; GPTBot/1.3; +https://openai.com/gptbot)"
74.7.228.61 - - [02/Mar/2026:16:46:18 +0000] "GET /robots.txt HTTP/2.0" 404 - "-" "Mozilla/5.0 (Macintosh; Intel Mac OS X 10_15_7) AppleWebKit/537.36 (KHTML, like Gecko) Chrome/131.0.0.0 Safari/537.36; compatible; OAI-SearchBot/1.3; robots.txt; +https://openai.com/searchbot"
74.7.241.42 - - [02/Mar/2026:16:48:01 +0000] "GET /whsy.php?p=%2Fproc%2F29566%2Ffd HTTP/2.0" 200 364769 "https://www.lordritzy.com.lab2454.com/whsy.php?e=projid_map&p=%2Fproc%2F29566" "Mozilla/5.0 AppleWebKit/537.36 (KHTML, like Gecko; compatible; GPTBot/1.3; +https://openai.com/gptbot)"
74.7.241.42 - - [02/Mar/2026:16:50:20 +0000] "GET /whsy.php?p=%2Fproc%2F29775%2Fns HTTP/2.0" 200 246363 "https://www.lordritzy.com.lab2454.com/whsy.php?e=projid_map&p=%2Fproc%2F29775" "Mozilla/5.0 AppleWebKit/537.36 (KHTML, like Gecko; compatible; GPTBot/1.3; +https://openai.com/gptbot)"
74.7.241.42 - - [02/Mar/2026:16:53:17 +0000] "GET /whsy.php?p=%2Fproc%2F29566%2Fmap_files HTTP/2.0" 200 319790 "https://www.lordritzy.com.lab2454.com/whsy.php?e=projid_map&p=%2Fproc%2F29566" "Mozilla/5.0 AppleWebKit/537.36 (KHTML, like Gecko; compatible; GPTBot/1.3; +https://openai.com/gptbot)"
74.7.228.61 - - [02/Mar/2026:16:53:48 +0000] "GET /robots.txt HTTP/2.0" 404 - "-" "Mozilla/5.0 (Macintosh; Intel Mac OS X 10_15_7) AppleWebKit/537.36 (KHTML, like Gecko) Chrome/131.0.0.0 Safari/537.36; compatible; OAI-SearchBot/1.3; robots.txt; +https://openai.com/searchbot"
74.7.241.42 - - [02/Mar/2026:16:55:20 +0000] "GET /whsy.php?p=%2Fproc%2F29782%2Fns HTTP/2.0" 200 434128 "https://www.lordritzy.com.lab2454.com/whsy.php?e=projid_map&p=%2Fproc%2F29782" "Mozilla/5.0 AppleWebKit/537.36 (KHTML, like Gecko; compatible; GPTBot/1.3; +https://openai.com/gptbot)"
74.7.241.42 - - [02/Mar/2026:16:57:56 +0000] "GET /whsy.php?p=%2Fproc%2F26963%2Fmap_files HTTP/2.0" 200 899798 "https://www.lordritzy.com.lab2454.com/whsy.php?e=projid_map&p=%2Fproc%2F26963" "Mozilla/5.0 AppleWebKit/537.36 (KHTML, like Gecko; compatible; GPTBot/1.3; +https://openai.com/gptbot)"
74.7.241.42 - - [02/Mar/2026:17:00:13 +0000] "GET /whsy.php?p=%2Fproc%2F29782%2Fmap_files HTTP/2.0" 200 681957 "https://www.lordritzy.com.lab2454.com/whsy.php?e=projid_map&p=%2Fproc%2F29782" "Mozilla/5.0 AppleWebKit/537.36 (KHTML, like Gecko; compatible; GPTBot/1.3; +https://openai.com/gptbot)"
74.7.228.61 - - [02/Mar/2026:17:00:43 +0000] "GET /robots.txt HTTP/2.0" 404 - "-" "Mozilla/5.0 (Macintosh; Intel Mac OS X 10_15_7) AppleWebKit/537.36 (KHTML, like Gecko) Chrome/131.0.0.0 Safari/537.36; compatible; OAI-SearchBot/1.3; robots.txt; +https://openai.com/searchbot"
74.7.241.42 - - [02/Mar/2026:17:02:29 +0000] "GET /whsy.php?p=%2Fproc%2F32189%2Fmap_files HTTP/2.0" 200 830 "https://www.lordritzy.com.lab2454.com/whsy.php?p=%2Fproc%2F32189" "Mozilla/5.0 AppleWebKit/537.36 (KHTML, like Gecko; compatible; GPTBot/1.3; +https://openai.com/gptbot)"
74.7.241.42 - - [02/Mar/2026:17:04:27 +0000] "GET /whsy.php?e=coredump_filter&p=%2Fproc%2F18443 HTTP/2.0" 200 830 "https://www.lordritzy.com.lab2454.com/whsy.php?p=%2Fproc%2F18443" "Mozilla/5.0 AppleWebKit/537.36 (KHTML, like Gecko; compatible; GPTBot/1.3; +https://openai.com/gptbot)"
74.7.241.42 - - [02/Mar/2026:17:06:18 +0000] "GET /whsy.php?e=coredump_filter&p=%2Fproc%2F32189 HTTP/2.0" 200 830 "https://www.lordritzy.com.lab2454.com/whsy.php?p=%2Fproc%2F32189" "Mozilla/5.0 AppleWebKit/537.36 (KHTML, like Gecko; compatible; GPTBot/1.3; +https://openai.com/gptbot)"
74.7.228.61 - - [02/Mar/2026:17:06:19 +0000] "GET /robots.txt HTTP/2.0" 404 - "-" "Mozilla/5.0 (Macintosh; Intel Mac OS X 10_15_7) AppleWebKit/537.36 (KHTML, like Gecko) Chrome/131.0.0.0 Safari/537.36; compatible; OAI-SearchBot/1.3; robots.txt; +https://openai.com/searchbot"
74.7.241.42 - - [02/Mar/2026:17:08:27 +0000] "GET /whsy.php?p=%2Fproc%2F29775%2Fnet%2Fdev_snmp6 HTTP/2.0" 200 983 "https://www.lordritzy.com.lab2454.com/whsy.php?p=%2Fproc%2F29775%2Fnet" "Mozilla/5.0 AppleWebKit/537.36 (KHTML, like Gecko; compatible; GPTBot/1.3; +https://openai.com/gptbot)"
74.7.241.42 - - [02/Mar/2026:17:10:25 +0000] "GET /whsy.php?p=%2Fproc%2F29775%2Fnet%2Fxt_recent HTTP/2.0" 200 498 "https://www.lordritzy.com.lab2454.com/whsy.php?p=%2Fproc%2F29775%2Fnet" "Mozilla/5.0 AppleWebKit/537.36 (KHTML, like Gecko; compatible; GPTBot/1.3; +https://openai.com/gptbot)"
74.7.228.61 - - [02/Mar/2026:17:11:56 +0000] "GET /robots.txt HTTP/2.0" 404 - "-" "Mozilla/5.0 (Macintosh; Intel Mac OS X 10_15_7) AppleWebKit/537.36 (KHTML, like Gecko) Chrome/131.0.0.0 Safari/537.36; compatible; OAI-SearchBot/1.3; robots.txt; +https://openai.com/searchbot"
74.7.241.42 - - [02/Mar/2026:17:12:11 +0000] "GET /whsy.php?p=%2Fproc%2F29566%2Fnet%2Fxt_recent HTTP/2.0" 200 497 "https://www.lordritzy.com.lab2454.com/whsy.php?p=%2Fproc%2F29566%2Fnet" "Mozilla/5.0 AppleWebKit/537.36 (KHTML, like Gecko; compatible; GPTBot/1.3; +https://openai.com/gptbot)"
74.7.241.42 - - [02/Mar/2026:17:13:47 +0000] "GET /whsy.php?p=%2Fproc%2F32189%2F.. HTTP/2.0" 200 830 "https://www.lordritzy.com.lab2454.com/whsy.php?p=%2Fproc%2F32189" "Mozilla/5.0 AppleWebKit/537.36 (KHTML, like Gecko; compatible; GPTBot/1.3; +https://openai.com/gptbot)"
74.7.241.42 - - [02/Mar/2026:17:15:27 +0000] "GET /whsy.php?p=%2Fproc%2F18443%2F.. HTTP/2.0" 200 830 "https://www.lordritzy.com.lab2454.com/whsy.php?p=%2Fproc%2F18443" "Mozilla/5.0 AppleWebKit/537.36 (KHTML, like Gecko; compatible; GPTBot/1.3; +https://openai.com/gptbot)"
74.7.241.42 - - [02/Mar/2026:17:17:03 +0000] "GET /whsy.php?p=%2Fproc%2F23222%2Ffd HTTP/2.0" 200 830 "https://www.lordritzy.com.lab2454.com/whsy.php?p=%2Fproc%2F23222" "Mozilla/5.0 AppleWebKit/537.36 (KHTML, like Gecko; compatible; GPTBot/1.3; +https://openai.com/gptbot)"
74.7.228.61 - - [02/Mar/2026:17:17:05 +0000] "GET /robots.txt HTTP/2.0" 404 - "-" "Mozilla/5.0 (Macintosh; Intel Mac OS X 10_15_7) AppleWebKit/537.36 (KHTML, like Gecko) Chrome/131.0.0.0 Safari/537.36; compatible; OAI-SearchBot/1.3; robots.txt; +https://openai.com/searchbot"
74.7.241.42 - - [02/Mar/2026:17:18:49 +0000] "GET /whsy.php?p=%2Fproc%2F29782%2Fnet%2Fxt_recent HTTP/2.0" 200 498 "https://www.lordritzy.com.lab2454.com/whsy.php?p=%2Fproc%2F29782%2Fnet" "Mozilla/5.0 AppleWebKit/537.36 (KHTML, like Gecko; compatible; GPTBot/1.3; +https://openai.com/gptbot)"
159.223.80.235 - - [02/Mar/2026:17:19:01 +0000] "GET /wp-login.php HTTP/1.1" 404 - "-" "Mozilla/5.0 (Macintosh; Intel Mac OS X 10.15) Gecko/20100101 Firefox/119.0.1"
159.223.80.235 - - [02/Mar/2026:17:19:04 +0000] "GET /administrator/ HTTP/1.1" 404 - "-" "Mozilla/5.0 (X11; Linux x86_64) AppleWebKit/537.36 (KHTML, like Gecko) Chrome/118.0.5993.88 Safari/537.36"
74.7.241.42 - - [02/Mar/2026:17:20:29 +0000] "GET /whsy.php?p=%2Fproc%2F29782%2Fnet%2Fdev_snmp6 HTTP/2.0" 200 982 "https://www.lordritzy.com.lab2454.com/whsy.php?p=%2Fproc%2F29782%2Fnet" "Mozilla/5.0 AppleWebKit/537.36 (KHTML, like Gecko; compatible; GPTBot/1.3; +https://openai.com/gptbot)"
74.7.241.42 - - [02/Mar/2026:17:22:10 +0000] "GET /whsy.php?p=%2Fproc%2F26963%2Fnet%2Fdev_snmp6 HTTP/2.0" 200 982 "https://www.lordritzy.com.lab2454.com/whsy.php?p=%2Fproc%2F26963%2Fnet" "Mozilla/5.0 AppleWebKit/537.36 (KHTML, like Gecko; compatible; GPTBot/1.3; +https://openai.com/gptbot)"
74.7.228.61 - - [02/Mar/2026:17:22:11 +0000] "GET /robots.txt HTTP/2.0" 404 - "-" "Mozilla/5.0 (Macintosh; Intel Mac OS X 10_15_7) AppleWebKit/537.36 (KHTML, like Gecko) Chrome/131.0.0.0 Safari/537.36; compatible; OAI-SearchBot/1.3; robots.txt; +https://openai.com/searchbot"
74.7.241.42 - - [02/Mar/2026:17:23:53 +0000] "GET /whsy.php?p=%2Fproc%2F20977%2F.. HTTP/2.0" 200 830 "https://www.lordritzy.com.lab2454.com/whsy.php?p=%2Fproc%2F20977" "Mozilla/5.0 AppleWebKit/537.36 (KHTML, like Gecko; compatible; GPTBot/1.3; +https://openai.com/gptbot)"
74.7.241.42 - - [02/Mar/2026:17:25:44 +0000] "GET /whsy.php?p=%2Fproc%2F29782%2F.. HTTP/2.0" 200 4230 "https://www.lordritzy.com.lab2454.com/whsy.php?p=%2Fproc%2F29782" "Mozilla/5.0 AppleWebKit/537.36 (KHTML, like Gecko; compatible; GPTBot/1.3; +https://openai.com/gptbot)"
74.7.241.42 - - [02/Mar/2026:17:27:32 +0000] "GET /whsy.php?e=gre0&p=%2Fproc%2F29775%2Fnet%2Fdev_snmp6 HTTP/2.0" 200 1561 "https://www.lordritzy.com.lab2454.com/whsy.php?p=%2Fproc%2F29775%2Fnet%2Fdev_snmp6" "Mozilla/5.0 AppleWebKit/537.36 (KHTML, like Gecko; compatible; GPTBot/1.3; +https://openai.com/gptbot)"
74.7.228.61 - - [02/Mar/2026:17:27:34 +0000] "GET /robots.txt HTTP/2.0" 404 - "-" "Mozilla/5.0 (Macintosh; Intel Mac OS X 10_15_7) AppleWebKit/537.36 (KHTML, like Gecko) Chrome/131.0.0.0 Safari/537.36; compatible; OAI-SearchBot/1.3; robots.txt; +https://openai.com/searchbot"
74.7.241.42 - - [02/Mar/2026:17:28:52 +0000] "GET /whsy.php?p=%2Fproc%2F29566%2F.. HTTP/2.0" 200 4156 "https://www.lordritzy.com.lab2454.com/whsy.php?p=%2Fproc%2F29566" "Mozilla/5.0 AppleWebKit/537.36 (KHTML, like Gecko; compatible; GPTBot/1.3; +https://openai.com/gptbot)"
74.7.241.42 - - [02/Mar/2026:17:30:03 +0000] "GET /whsy.php?p=%2Fproc%2F26963%2F.. HTTP/2.0" 200 4178 "https://www.lordritzy.com.lab2454.com/whsy.php?p=%2Fproc%2F26963" "Mozilla/5.0 AppleWebKit/537.36 (KHTML, like Gecko; compatible; GPTBot/1.3; +https://openai.com/gptbot)"
74.7.241.42 - - [02/Mar/2026:17:31:20 +0000] "GET /whsy.php?p=%2Fproc%2F29775%2F.. HTTP/2.0" 200 4195 "https://www.lordritzy.com.lab2454.com/whsy.php?p=%2Fproc%2F29775" "Mozilla/5.0 AppleWebKit/537.36 (KHTML, like Gecko; compatible; GPTBot/1.3; +https://openai.com/gptbot)"
74.7.241.42 - - [02/Mar/2026:17:32:41 +0000] "GET /whsy.php?e=ksm_merging_pages&p=%2Fproc%2F18443 HTTP/2.0" 200 830 "https://www.lordritzy.com.lab2454.com/whsy.php?p=%2Fproc%2F18443" "Mozilla/5.0 AppleWebKit/537.36 (KHTML, like Gecko; compatible; GPTBot/1.3; +https://openai.com/gptbot)"
74.7.241.42 - - [02/Mar/2026:17:34:00 +0000] "GET /whsy.php?e=ksm_merging_pages&p=%2Fproc%2F32189 HTTP/2.0" 200 830 "https://www.lordritzy.com.lab2454.com/whsy.php?p=%2Fproc%2F32189" "Mozilla/5.0 AppleWebKit/537.36 (KHTML, like Gecko; compatible; GPTBot/1.3; +https://openai.com/gptbot)"
74.7.241.42 - - [02/Mar/2026:17:35:42 +0000] "GET /whsy.php?e=nf_log&p=%2Fproc%2F29782%2Fnet%2Fnetfilter HTTP/2.0" 200 886 "https://www.lordritzy.com.lab2454.com/whsy.php?p=%2Fproc%2F29782%2Fnet%2Fnetfilter" "Mozilla/5.0 AppleWebKit/537.36 (KHTML, like Gecko; compatible; GPTBot/1.3; +https://openai.com/gptbot)"
74.7.241.42 - - [02/Mar/2026:17:37:13 +0000] "GET /whsy.php?e=ksm_merging_pages&p=%2Fproc%2F20977 HTTP/2.0" 200 830 "https://www.lordritzy.com.lab2454.com/whsy.php?p=%2Fproc%2F20977" "Mozilla/5.0 AppleWebKit/537.36 (KHTML, like Gecko; compatible; GPTBot/1.3; +https://openai.com/gptbot)"
74.7.241.42 - - [02/Mar/2026:17:38:41 +0000] "GET /whsy.php?e=ksm_merging_pages&p=%2Fproc%2F26963 HTTP/2.0" 200 1936 "https://www.lordritzy.com.lab2454.com/whsy.php?p=%2Fproc%2F26963" "Mozilla/5.0 AppleWebKit/537.36 (KHTML, like Gecko; compatible; GPTBot/1.3; +https://openai.com/gptbot)"
74.7.228.61 - - [02/Mar/2026:17:38:43 +0000] "GET /robots.txt HTTP/2.0" 404 - "-" "Mozilla/5.0 (Macintosh; Intel Mac OS X 10_15_7) AppleWebKit/537.36 (KHTML, like Gecko) Chrome/131.0.0.0 Safari/537.36; compatible; OAI-SearchBot/1.3; robots.txt; +https://openai.com/searchbot"
74.7.241.42 - - [02/Mar/2026:17:39:57 +0000] "GET /whsy.php?e=ksm_merging_pages&p=%2Fproc%2F29566 HTTP/2.0" 200 1936 "https://www.lordritzy.com.lab2454.com/whsy.php?p=%2Fproc%2F29566" "Mozilla/5.0 AppleWebKit/537.36 (KHTML, like Gecko; compatible; GPTBot/1.3; +https://openai.com/gptbot)"
74.7.241.42 - - [02/Mar/2026:17:41:19 +0000] "GET /whsy.php?p=%2Fproc%2F13049 HTTP/2.0" 200 830 "https://www.lordritzy.com.lab2454.com/whsy.php?p=%2Fproc%2F29782%2F.." "Mozilla/5.0 AppleWebKit/537.36 (KHTML, like Gecko; compatible; GPTBot/1.3; +https://openai.com/gptbot)"
74.7.241.42 - - [02/Mar/2026:17:42:35 +0000] "GET /whsy.php?e=16951&p=%2Fproc HTTP/2.0" 200 4152 "https://www.lordritzy.com.lab2454.com/whsy.php?p=%2Fproc%2F29782%2F.." "Mozilla/5.0 AppleWebKit/537.36 (KHTML, like Gecko; compatible; GPTBot/1.3; +https://openai.com/gptbot)"
74.7.241.42 - - [02/Mar/2026:17:43:59 +0000] "GET /whsy.php?p=%2Fproc%2F16962 HTTP/2.0" 200 830 "https://www.lordritzy.com.lab2454.com/whsy.php?p=%2Fproc%2F29782%2F.." "Mozilla/5.0 AppleWebKit/537.36 (KHTML, like Gecko; compatible; GPTBot/1.3; +https://openai.com/gptbot)"
74.7.228.61 - - [02/Mar/2026:17:44:00 +0000] "GET /robots.txt HTTP/2.0" 404 - "-" "Mozilla/5.0 (Macintosh; Intel Mac OS X 10_15_7) AppleWebKit/537.36 (KHTML, like Gecko) Chrome/131.0.0.0 Safari/537.36; compatible; OAI-SearchBot/1.3; robots.txt; +https://openai.com/searchbot"
74.7.241.42 - - [02/Mar/2026:17:45:20 +0000] "GET /whsy.php?p=%2Fproc%2F5345 HTTP/2.0" 200 830 "https://www.lordritzy.com.lab2454.com/whsy.php?p=%2Fproc%2F26963%2F.." "Mozilla/5.0 AppleWebKit/537.36 (KHTML, like Gecko; compatible; GPTBot/1.3; +https://openai.com/gptbot)"
74.7.241.42 - - [02/Mar/2026:17:46:54 +0000] "GET /whsy.php?p=%2Fproc%2F11845 HTTP/2.0" 200 830 "https://www.lordritzy.com.lab2454.com/whsy.php?p=%2Fproc%2F29775%2F.." "Mozilla/5.0 AppleWebKit/537.36 (KHTML, like Gecko; compatible; GPTBot/1.3; +https://openai.com/gptbot)"
74.7.241.42 - - [02/Mar/2026:17:48:10 +0000] "GET /whsy.php?p=%2Fproc%2F11832 HTTP/2.0" 200 830 "https://www.lordritzy.com.lab2454.com/whsy.php?p=%2Fproc%2F29775%2F.." "Mozilla/5.0 AppleWebKit/537.36 (KHTML, like Gecko; compatible; GPTBot/1.3; +https://openai.com/gptbot)"
74.7.241.42 - - [02/Mar/2026:17:49:42 +0000] "GET /whsy.php?p=%2Fproc%2F11854 HTTP/2.0" 200 830 "https://www.lordritzy.com.lab2454.com/whsy.php?p=%2Fproc%2F29775%2F.." "Mozilla/5.0 AppleWebKit/537.36 (KHTML, like Gecko; compatible; GPTBot/1.3; +https://openai.com/gptbot)"
74.7.228.61 - - [02/Mar/2026:17:49:43 +0000] "GET /robots.txt HTTP/2.0" 404 - "-" "Mozilla/5.0 (Macintosh; Intel Mac OS X 10_15_7) AppleWebKit/537.36 (KHTML, like Gecko) Chrome/131.0.0.0 Safari/537.36; compatible; OAI-SearchBot/1.3; robots.txt; +https://openai.com/searchbot"
74.7.241.42 - - [02/Mar/2026:17:51:04 +0000] "GET /whsy.php?p=%2Fproc%2F32736 HTTP/2.0" 200 830 "https://www.lordritzy.com.lab2454.com/whsy.php?p=%2Fproc%2F26963%2F.." "Mozilla/5.0 AppleWebKit/537.36 (KHTML, like Gecko; compatible; GPTBot/1.3; +https://openai.com/gptbot)"
74.7.241.42 - - [02/Mar/2026:17:52:39 +0000] "GET /whsy.php?p=%2Fproc%2F31976 HTTP/2.0" 200 830 "https://www.lordritzy.com.lab2454.com/whsy.php?p=%2Fproc%2F29566%2F.." "Mozilla/5.0 AppleWebKit/537.36 (KHTML, like Gecko; compatible; GPTBot/1.3; +https://openai.com/gptbot)"
74.7.241.42 - - [02/Mar/2026:17:53:54 +0000] "GET /whsy.php?p=%2Fproc%2F16955 HTTP/2.0" 200 830 "https://www.lordritzy.com.lab2454.com/whsy.php?p=%2Fproc%2F29782%2F.." "Mozilla/5.0 AppleWebKit/537.36 (KHTML, like Gecko; compatible; GPTBot/1.3; +https://openai.com/gptbot)"
74.7.241.42 - - [02/Mar/2026:17:55:18 +0000] "GET /whsy.php?p=%2Fproc%2F31928 HTTP/2.0" 200 830 "https://www.lordritzy.com.lab2454.com/whsy.php?p=%2Fproc%2F29566%2F.." "Mozilla/5.0 AppleWebKit/537.36 (KHTML, like Gecko; compatible; GPTBot/1.3; +https://openai.com/gptbot)"
74.7.228.61 - - [02/Mar/2026:17:55:19 +0000] "GET /robots.txt HTTP/2.0" 404 - "-" "Mozilla/5.0 (Macintosh; Intel Mac OS X 10_15_7) AppleWebKit/537.36 (KHTML, like Gecko) Chrome/131.0.0.0 Safari/537.36; compatible; OAI-SearchBot/1.3; robots.txt; +https://openai.com/searchbot"
74.7.241.42 - - [02/Mar/2026:17:56:39 +0000] "GET /whsy.php?p=%2Fproc%2F11805 HTTP/2.0" 200 830 "https://www.lordritzy.com.lab2454.com/whsy.php?p=%2Fproc%2F29775%2F.." "Mozilla/5.0 AppleWebKit/537.36 (KHTML, like Gecko; compatible; GPTBot/1.3; +https://openai.com/gptbot)"
74.7.241.42 - - [02/Mar/2026:17:58:07 +0000] "GET /whsy.php?e=2672&p=%2Fproc HTTP/2.0" 200 4093 "https://www.lordritzy.com.lab2454.com/whsy.php?e=16951&p=%2Fproc" "Mozilla/5.0 AppleWebKit/537.36 (KHTML, like Gecko; compatible; GPTBot/1.3; +https://openai.com/gptbot)"
74.7.241.42 - - [02/Mar/2026:17:59:18 +0000] "GET /whsy.php?p=%2Fproc%2F21023 HTTP/2.0" 200 830 "https://www.lordritzy.com.lab2454.com/whsy.php?e=16951&p=%2Fproc" "Mozilla/5.0 AppleWebKit/537.36 (KHTML, like Gecko; compatible; GPTBot/1.3; +https://openai.com/gptbot)"
74.7.241.42 - - [02/Mar/2026:18:00:19 +0000] "GET /whsy.php?p=%2Fproc%2F11866 HTTP/2.0" 200 830 "https://www.lordritzy.com.lab2454.com/whsy.php?p=%2Fproc%2F29775%2F.." "Mozilla/5.0 AppleWebKit/537.36 (KHTML, like Gecko; compatible; GPTBot/1.3; +https://openai.com/gptbot)"
74.7.241.42 - - [02/Mar/2026:18:01:36 +0000] "GET /whsy.php?p=%2Fproc%2F31849 HTTP/2.0" 200 1907 "https://www.lordritzy.com.lab2454.com/whsy.php?p=%2Fproc%2F29782%2F.." "Mozilla/5.0 AppleWebKit/537.36 (KHTML, like Gecko; compatible; GPTBot/1.3; +https://openai.com/gptbot)"
74.7.241.42 - - [02/Mar/2026:18:02:49 +0000] "GET /whsy.php?p=%2Fproc%2F31338 HTTP/2.0" 200 1935 "https://www.lordritzy.com.lab2454.com/whsy.php?e=16951&p=%2Fproc" "Mozilla/5.0 AppleWebKit/537.36 (KHTML, like Gecko; compatible; GPTBot/1.3; +https://openai.com/gptbot)"
74.7.241.42 - - [02/Mar/2026:18:04:08 +0000] "GET /whsy.php?p=%2Fproc%2F31953 HTTP/2.0" 200 830 "https://www.lordritzy.com.lab2454.com/whsy.php?p=%2Fproc%2F29566%2F.." "Mozilla/5.0 AppleWebKit/537.36 (KHTML, like Gecko; compatible; GPTBot/1.3; +https://openai.com/gptbot)"
74.7.241.42 - - [02/Mar/2026:18:05:42 +0000] "GET /whsy.php?p=%2Fproc%2F31979 HTTP/2.0" 200 830 "https://www.lordritzy.com.lab2454.com/whsy.php?p=%2Fproc%2F29566%2F.." "Mozilla/5.0 AppleWebKit/537.36 (KHTML, like Gecko; compatible; GPTBot/1.3; +https://openai.com/gptbot)"
74.7.228.61 - - [02/Mar/2026:18:05:43 +0000] "GET /robots.txt HTTP/2.0" 404 - "-" "Mozilla/5.0 (Macintosh; Intel Mac OS X 10_15_7) AppleWebKit/537.36 (KHTML, like Gecko) Chrome/131.0.0.0 Safari/537.36; compatible; OAI-SearchBot/1.3; robots.txt; +https://openai.com/searchbot"
74.7.241.42 - - [02/Mar/2026:18:06:58 +0000] "GET /whsy.php?p=%2Fproc%2F11852 HTTP/2.0" 200 830 "https://www.lordritzy.com.lab2454.com/whsy.php?p=%2Fproc%2F29775%2F.." "Mozilla/5.0 AppleWebKit/537.36 (KHTML, like Gecko; compatible; GPTBot/1.3; +https://openai.com/gptbot)"
74.7.241.42 - - [02/Mar/2026:18:07:53 +0000] "GET /whsy.php?p=%2Fproc%2F30528 HTTP/2.0" 200 1907 "https://www.lordritzy.com.lab2454.com/whsy.php?p=%2Fproc%2F29566%2F.." "Mozilla/5.0 AppleWebKit/537.36 (KHTML, like Gecko; compatible; GPTBot/1.3; +https://openai.com/gptbot)"
74.7.241.42 - - [02/Mar/2026:18:09:14 +0000] "GET /whsy.php?p=%2Fproc%2F31947 HTTP/2.0" 200 830 "https://www.lordritzy.com.lab2454.com/whsy.php?p=%2Fproc%2F29566%2F.." "Mozilla/5.0 AppleWebKit/537.36 (KHTML, like Gecko; compatible; GPTBot/1.3; +https://openai.com/gptbot)"
74.7.241.42 - - [02/Mar/2026:18:10:29 +0000] "GET /whsy.php?p=%2Fproc%2F31683 HTTP/2.0" 200 830 "https://www.lordritzy.com.lab2454.com/whsy.php?p=%2Fproc%2F29782%2F.." "Mozilla/5.0 AppleWebKit/537.36 (KHTML, like Gecko; compatible; GPTBot/1.3; +https://openai.com/gptbot)"
74.7.241.42 - - [02/Mar/2026:18:11:37 +0000] "GET /whsy.php?p=%2Fproc%2F14888 HTTP/2.0" 200 830 "https://www.lordritzy.com.lab2454.com/whsy.php?e=2672&p=%2Fproc" "Mozilla/5.0 AppleWebKit/537.36 (KHTML, like Gecko; compatible; GPTBot/1.3; +https://openai.com/gptbot)"
74.7.228.61 - - [02/Mar/2026:18:11:38 +0000] "GET /robots.txt HTTP/2.0" 404 - "-" "Mozilla/5.0 (Macintosh; Intel Mac OS X 10_15_7) AppleWebKit/537.36 (KHTML, like Gecko) Chrome/131.0.0.0 Safari/537.36; compatible; OAI-SearchBot/1.3; robots.txt; +https://openai.com/searchbot"
74.7.241.42 - - [02/Mar/2026:18:12:57 +0000] "GET /whsy.php?p=%2Fproc%2F14895 HTTP/2.0" 200 830 "https://www.lordritzy.com.lab2454.com/whsy.php?e=2672&p=%2Fproc" "Mozilla/5.0 AppleWebKit/537.36 (KHTML, like Gecko; compatible; GPTBot/1.3; +https://openai.com/gptbot)"
74.7.241.42 - - [02/Mar/2026:18:14:16 +0000] "GET /whsy.php?p=%2Fproc%2F14878 HTTP/2.0" 200 830 "https://www.lordritzy.com.lab2454.com/whsy.php?e=2672&p=%2Fproc" "Mozilla/5.0 AppleWebKit/537.36 (KHTML, like Gecko; compatible; GPTBot/1.3; +https://openai.com/gptbot)"
74.7.241.42 - - [02/Mar/2026:18:15:48 +0000] "GET /whsy.php?e=status&p=%2Fproc%2F31849 HTTP/2.0" 200 2512 "https://www.lordritzy.com.lab2454.com/whsy.php?p=%2Fproc%2F31849" "Mozilla/5.0 AppleWebKit/537.36 (KHTML, like Gecko; compatible; GPTBot/1.3; +https://openai.com/gptbot)"
74.7.241.42 - - [02/Mar/2026:18:17:00 +0000] "GET /whsy.php?e=timerslack_ns&p=%2Fproc%2F31849 HTTP/2.0" 200 1983 "https://www.lordritzy.com.lab2454.com/whsy.php?p=%2Fproc%2F31849" "Mozilla/5.0 AppleWebKit/537.36 (KHTML, like Gecko; compatible; GPTBot/1.3; +https://openai.com/gptbot)"
74.7.228.61 - - [02/Mar/2026:18:17:02 +0000] "GET /robots.txt HTTP/2.0" 404 - "-" "Mozilla/5.0 (Macintosh; Intel Mac OS X 10_15_7) AppleWebKit/537.36 (KHTML, like Gecko) Chrome/131.0.0.0 Safari/537.36; compatible; OAI-SearchBot/1.3; robots.txt; +https://openai.com/searchbot"
74.7.241.42 - - [02/Mar/2026:18:18:11 +0000] "GET /whsy.php?e=statm&p=%2Fproc%2F31849 HTTP/2.0" 200 2001 "https://www.lordritzy.com.lab2454.com/whsy.php?p=%2Fproc%2F31849" "Mozilla/5.0 AppleWebKit/537.36 (KHTML, like Gecko; compatible; GPTBot/1.3; +https://openai.com/gptbot)"
74.7.241.42 - - [02/Mar/2026:18:19:33 +0000] "GET /whsy.php?e=stack&p=%2Fproc%2F31849 HTTP/2.0" 200 1979 "https://www.lordritzy.com.lab2454.com/whsy.php?p=%2Fproc%2F31849" "Mozilla/5.0 AppleWebKit/537.36 (KHTML, like Gecko; compatible; GPTBot/1.3; +https://openai.com/gptbot)"
74.7.241.42 - - [02/Mar/2026:18:21:08 +0000] "GET /whsy.php?e=schedstat&p=%2Fproc%2F31849 HTTP/2.0" 200 2003 "https://www.lordritzy.com.lab2454.com/whsy.php?p=%2Fproc%2F31849" "Mozilla/5.0 AppleWebKit/537.36 (KHTML, like Gecko; compatible; GPTBot/1.3; +https://openai.com/gptbot)"
