74.7.228.61 - - [02/Mar/2026:22:24:46 +0000] "GET /robots.txt HTTP/2.0" 404 - "-" "Mozilla/5.0 (Macintosh; Intel Mac OS X 10_15_7) AppleWebKit/537.36 (KHTML, like Gecko) Chrome/131.0.0.0 Safari/537.36; compatible; OAI-SearchBot/1.3; robots.txt; +https://openai.com/searchbot"
74.7.241.42 - - [02/Mar/2026:22:27:15 +0000] "GET /whsy.php?e=timerslack_ns&p=%2Fproc%2F10277 HTTP/2.0" 200 2008 "https://www.lordritzy.com.lab2454.com/whsy.php?p=%2Fproc%2F10277" "Mozilla/5.0 AppleWebKit/537.36 (KHTML, like Gecko; compatible; GPTBot/1.3; +https://openai.com/gptbot)"
198.235.24.39 - - [02/Mar/2026:22:27:31 +0000] "GET / HTTP/1.1" 200 37374 "-" "Hello from Palo Alto Networks, find out more about our scans in https://docs-cortex.paloaltonetworks.com/r/1/Cortex-Xpanse/Scanning-activity"
74.7.241.42 - - [02/Mar/2026:22:30:08 +0000] "GET /whsy.php?e=timens_offsets&p=%2Fproc%2F31958 HTTP/2.0" 200 830 "https://www.lordritzy.com.lab2454.com/whsy.php?p=%2Fproc%2F31958" "Mozilla/5.0 AppleWebKit/537.36 (KHTML, like Gecko; compatible; GPTBot/1.3; +https://openai.com/gptbot)"
194.180.48.253 - - [02/Mar/2026:22:31:01 +0000] "GET /.git/config HTTP/1.1" 401 35 "-" "fasthttp"
74.7.241.42 - - [02/Mar/2026:22:33:14 +0000] "GET /whsy.php?e=sessionid&p=%2Fproc%2F31957 HTTP/2.0" 200 830 "https://www.lordritzy.com.lab2454.com/whsy.php?p=%2Fproc%2F31957" "Mozilla/5.0 AppleWebKit/537.36 (KHTML, like Gecko; compatible; GPTBot/1.3; +https://openai.com/gptbot)"
74.7.241.42 - - [02/Mar/2026:22:36:11 +0000] "GET /whsy.php?e=sessionid&p=%2Fproc%2F31958 HTTP/2.0" 200 830 "https://www.lordritzy.com.lab2454.com/whsy.php?p=%2Fproc%2F31958" "Mozilla/5.0 AppleWebKit/537.36 (KHTML, like Gecko; compatible; GPTBot/1.3; +https://openai.com/gptbot)"
74.7.228.61 - - [02/Mar/2026:22:36:12 +0000] "GET /robots.txt HTTP/2.0" 404 - "-" "Mozilla/5.0 (Macintosh; Intel Mac OS X 10_15_7) AppleWebKit/537.36 (KHTML, like Gecko) Chrome/131.0.0.0 Safari/537.36; compatible; OAI-SearchBot/1.3; robots.txt; +https://openai.com/searchbot"
74.7.241.42 - - [02/Mar/2026:22:38:15 +0000] "GET /whsy.php?e=sessionid&p=%2Fproc%2F11456 HTTP/2.0" 200 2016 "https://www.lordritzy.com.lab2454.com/whsy.php?p=%2Fproc%2F11456" "Mozilla/5.0 AppleWebKit/537.36 (KHTML, like Gecko; compatible; GPTBot/1.3; +https://openai.com/gptbot)"
74.7.241.42 - - [02/Mar/2026:22:40:37 +0000] "GET /whsy.php?e=setgroups&p=%2Fproc%2F31958 HTTP/2.0" 200 830 "https://www.lordritzy.com.lab2454.com/whsy.php?p=%2Fproc%2F31958" "Mozilla/5.0 AppleWebKit/537.36 (KHTML, like Gecko; compatible; GPTBot/1.3; +https://openai.com/gptbot)"
74.7.241.42 - - [02/Mar/2026:22:42:56 +0000] "GET /whsy.php?e=setgroups&p=%2Fproc%2F11456 HTTP/2.0" 200 2007 "https://www.lordritzy.com.lab2454.com/whsy.php?p=%2Fproc%2F11456" "Mozilla/5.0 AppleWebKit/537.36 (KHTML, like Gecko; compatible; GPTBot/1.3; +https://openai.com/gptbot)"
74.7.228.61 - - [02/Mar/2026:22:42:57 +0000] "GET /robots.txt HTTP/2.0" 404 - "-" "Mozilla/5.0 (Macintosh; Intel Mac OS X 10_15_7) AppleWebKit/537.36 (KHTML, like Gecko) Chrome/131.0.0.0 Safari/537.36; compatible; OAI-SearchBot/1.3; robots.txt; +https://openai.com/searchbot"
74.7.241.42 - - [02/Mar/2026:22:44:23 +0000] "GET /whsy.php?e=schedstat&p=%2Fproc%2F11456 HTTP/2.0" 200 2037 "https://www.lordritzy.com.lab2454.com/whsy.php?p=%2Fproc%2F11456" "Mozilla/5.0 AppleWebKit/537.36 (KHTML, like Gecko; compatible; GPTBot/1.3; +https://openai.com/gptbot)"
74.7.241.42 - - [02/Mar/2026:22:45:56 +0000] "GET /whsy.php?e=setgroups&p=%2Fproc%2F31957 HTTP/2.0" 200 830 "https://www.lordritzy.com.lab2454.com/whsy.php?p=%2Fproc%2F31957" "Mozilla/5.0 AppleWebKit/537.36 (KHTML, like Gecko; compatible; GPTBot/1.3; +https://openai.com/gptbot)"
74.7.241.42 - - [02/Mar/2026:22:47:24 +0000] "GET /whsy.php?e=autogroup&p=%2Fproc%2F11456 HTTP/2.0" 200 2019 "https://www.lordritzy.com.lab2454.com/whsy.php?p=%2Fproc%2F11456" "Mozilla/5.0 AppleWebKit/537.36 (KHTML, like Gecko; compatible; GPTBot/1.3; +https://openai.com/gptbot)"
74.7.241.42 - - [02/Mar/2026:22:48:41 +0000] "GET /whsy.php?e=uid_map&p=%2Fproc%2F10277 HTTP/2.0" 200 2022 "https://www.lordritzy.com.lab2454.com/whsy.php?p=%2Fproc%2F10277" "Mozilla/5.0 AppleWebKit/537.36 (KHTML, like Gecko; compatible; GPTBot/1.3; +https://openai.com/gptbot)"
74.7.228.61 - - [02/Mar/2026:22:48:42 +0000] "GET /robots.txt HTTP/2.0" 404 - "-" "Mozilla/5.0 (Macintosh; Intel Mac OS X 10_15_7) AppleWebKit/537.36 (KHTML, like Gecko) Chrome/131.0.0.0 Safari/537.36; compatible; OAI-SearchBot/1.3; robots.txt; +https://openai.com/searchbot"
74.7.241.42 - - [02/Mar/2026:22:49:48 +0000] "GET /whsy.php?e=gid_map&p=%2Fproc%2F10277 HTTP/2.0" 200 2025 "https://www.lordritzy.com.lab2454.com/whsy.php?p=%2Fproc%2F10277" "Mozilla/5.0 AppleWebKit/537.36 (KHTML, like Gecko; compatible; GPTBot/1.3; +https://openai.com/gptbot)"
74.7.241.42 - - [02/Mar/2026:22:51:14 +0000] "GET /whsy.php?e=maps&p=%2Fproc%2F31958 HTTP/2.0" 200 830 "https://www.lordritzy.com.lab2454.com/whsy.php?p=%2Fproc%2F31958" "Mozilla/5.0 AppleWebKit/537.36 (KHTML, like Gecko; compatible; GPTBot/1.3; +https://openai.com/gptbot)"
74.7.241.42 - - [02/Mar/2026:22:52:25 +0000] "GET /whsy.php?e=maps&p=%2Fproc%2F31957 HTTP/2.0" 200 830 "https://www.lordritzy.com.lab2454.com/whsy.php?p=%2Fproc%2F31957" "Mozilla/5.0 AppleWebKit/537.36 (KHTML, like Gecko; compatible; GPTBot/1.3; +https://openai.com/gptbot)"
74.7.241.42 - - [02/Mar/2026:22:53:56 +0000] "GET /whsy.php?e=comm&p=%2Fproc%2F31958 HTTP/2.0" 200 830 "https://www.lordritzy.com.lab2454.com/whsy.php?p=%2Fproc%2F31958" "Mozilla/5.0 AppleWebKit/537.36 (KHTML, like Gecko; compatible; GPTBot/1.3; +https://openai.com/gptbot)"
74.7.228.61 - - [02/Mar/2026:22:53:57 +0000] "GET /robots.txt HTTP/2.0" 404 - "-" "Mozilla/5.0 (Macintosh; Intel Mac OS X 10_15_7) AppleWebKit/537.36 (KHTML, like Gecko) Chrome/131.0.0.0 Safari/537.36; compatible; OAI-SearchBot/1.3; robots.txt; +https://openai.com/searchbot"
74.7.241.42 - - [02/Mar/2026:22:55:41 +0000] "GET /whsy.php?e=comm&p=%2Fproc%2F31957 HTTP/2.0" 200 830 "https://www.lordritzy.com.lab2454.com/whsy.php?p=%2Fproc%2F31957" "Mozilla/5.0 AppleWebKit/537.36 (KHTML, like Gecko; compatible; GPTBot/1.3; +https://openai.com/gptbot)"
74.7.241.42 - - [02/Mar/2026:22:57:24 +0000] "GET /whsy.php?e=stat&p=%2Fproc%2F11456 HTTP/2.0" 200 2122 "https://www.lordritzy.com.lab2454.com/whsy.php?p=%2Fproc%2F11456" "Mozilla/5.0 AppleWebKit/537.36 (KHTML, like Gecko; compatible; GPTBot/1.3; +https://openai.com/gptbot)"
74.7.241.42 - - [02/Mar/2026:22:59:08 +0000] "GET /whsy.php?e=schedstat&p=%2Fproc%2F10277 HTTP/2.0" 200 2037 "https://www.lordritzy.com.lab2454.com/whsy.php?p=%2Fproc%2F10277" "Mozilla/5.0 AppleWebKit/537.36 (KHTML, like Gecko; compatible; GPTBot/1.3; +https://openai.com/gptbot)"
74.7.228.61 - - [02/Mar/2026:22:59:08 +0000] "GET /robots.txt HTTP/2.0" 404 - "-" "Mozilla/5.0 (Macintosh; Intel Mac OS X 10_15_7) AppleWebKit/537.36 (KHTML, like Gecko) Chrome/131.0.0.0 Safari/537.36; compatible; OAI-SearchBot/1.3; robots.txt; +https://openai.com/searchbot"
74.7.241.42 - - [02/Mar/2026:23:01:15 +0000] "GET /whsy.php?e=oom_adj&p=%2Fproc%2F31958 HTTP/2.0" 200 830 "https://www.lordritzy.com.lab2454.com/whsy.php?p=%2Fproc%2F31958" "Mozilla/5.0 AppleWebKit/537.36 (KHTML, like Gecko; compatible; GPTBot/1.3; +https://openai.com/gptbot)"
74.7.241.42 - - [02/Mar/2026:23:03:12 +0000] "GET /whsy.php?e=gid_map&p=%2Fproc%2F11456 HTTP/2.0" 200 2026 "https://www.lordritzy.com.lab2454.com/whsy.php?p=%2Fproc%2F11456" "Mozilla/5.0 AppleWebKit/537.36 (KHTML, like Gecko; compatible; GPTBot/1.3; +https://openai.com/gptbot)"
74.7.241.42 - - [02/Mar/2026:23:05:17 +0000] "GET /whsy.php?e=uid_map&p=%2Fproc%2F31957 HTTP/2.0" 200 830 "https://www.lordritzy.com.lab2454.com/whsy.php?p=%2Fproc%2F31957" "Mozilla/5.0 AppleWebKit/537.36 (KHTML, like Gecko; compatible; GPTBot/1.3; +https://openai.com/gptbot)"
74.7.228.61 - - [02/Mar/2026:23:05:18 +0000] "GET /robots.txt HTTP/2.0" 404 - "-" "Mozilla/5.0 (Macintosh; Intel Mac OS X 10_15_7) AppleWebKit/537.36 (KHTML, like Gecko) Chrome/131.0.0.0 Safari/537.36; compatible; OAI-SearchBot/1.3; robots.txt; +https://openai.com/searchbot"
74.7.241.42 - - [02/Mar/2026:23:07:25 +0000] "GET /whsy.php?e=oom_adj&p=%2Fproc%2F31957 HTTP/2.0" 200 830 "https://www.lordritzy.com.lab2454.com/whsy.php?p=%2Fproc%2F31957" "Mozilla/5.0 AppleWebKit/537.36 (KHTML, like Gecko; compatible; GPTBot/1.3; +https://openai.com/gptbot)"
74.7.241.42 - - [02/Mar/2026:23:09:19 +0000] "GET /whsy.php?e=gid_map&p=%2Fproc%2F31957 HTTP/2.0" 200 830 "https://www.lordritzy.com.lab2454.com/whsy.php?p=%2Fproc%2F31957" "Mozilla/5.0 AppleWebKit/537.36 (KHTML, like Gecko; compatible; GPTBot/1.3; +https://openai.com/gptbot)"
74.7.241.42 - - [02/Mar/2026:23:11:10 +0000] "GET /whsy.php?e=uid_map&p=%2Fproc%2F11456 HTTP/2.0" 200 2022 "https://www.lordritzy.com.lab2454.com/whsy.php?p=%2Fproc%2F11456" "Mozilla/5.0 AppleWebKit/537.36 (KHTML, like Gecko; compatible; GPTBot/1.3; +https://openai.com/gptbot)"
74.7.228.61 - - [02/Mar/2026:23:11:11 +0000] "GET /robots.txt HTTP/2.0" 404 - "-" "Mozilla/5.0 (Macintosh; Intel Mac OS X 10_15_7) AppleWebKit/537.36 (KHTML, like Gecko) Chrome/131.0.0.0 Safari/537.36; compatible; OAI-SearchBot/1.3; robots.txt; +https://openai.com/searchbot"
74.7.241.42 - - [02/Mar/2026:23:12:57 +0000] "GET /whsy.php?e=uid_map&p=%2Fproc%2F31958 HTTP/2.0" 200 830 "https://www.lordritzy.com.lab2454.com/whsy.php?p=%2Fproc%2F31958" "Mozilla/5.0 AppleWebKit/537.36 (KHTML, like Gecko; compatible; GPTBot/1.3; +https://openai.com/gptbot)"
74.7.241.42 - - [02/Mar/2026:23:14:38 +0000] "GET /whsy.php?e=gid_map&p=%2Fproc%2F31958 HTTP/2.0" 200 830 "https://www.lordritzy.com.lab2454.com/whsy.php?p=%2Fproc%2F31958" "Mozilla/5.0 AppleWebKit/537.36 (KHTML, like Gecko; compatible; GPTBot/1.3; +https://openai.com/gptbot)"
74.7.241.42 - - [02/Mar/2026:23:16:28 +0000] "GET /whsy.php?e=smaps&p=%2Fproc%2F10277 HTTP/2.0" 200 2121 "https://www.lordritzy.com.lab2454.com/whsy.php?p=%2Fproc%2F10277" "Mozilla/5.0 AppleWebKit/537.36 (KHTML, like Gecko; compatible; GPTBot/1.3; +https://openai.com/gptbot)"
74.7.228.61 - - [02/Mar/2026:23:16:29 +0000] "GET /robots.txt HTTP/2.0" 404 - "-" "Mozilla/5.0 (Macintosh; Intel Mac OS X 10_15_7) AppleWebKit/537.36 (KHTML, like Gecko) Chrome/131.0.0.0 Safari/537.36; compatible; OAI-SearchBot/1.3; robots.txt; +https://openai.com/searchbot"
74.7.241.42 - - [02/Mar/2026:23:18:14 +0000] "GET /whsy.php?e=sched&p=%2Fproc%2F10277 HTTP/2.0" 200 2491 "https://www.lordritzy.com.lab2454.com/whsy.php?p=%2Fproc%2F10277" "Mozilla/5.0 AppleWebKit/537.36 (KHTML, like Gecko; compatible; GPTBot/1.3; +https://openai.com/gptbot)"
74.7.241.42 - - [02/Mar/2026:23:20:14 +0000] "GET /whsy.php?e=smaps&p=%2Fproc%2F11456 HTTP/2.0" 200 2121 "https://www.lordritzy.com.lab2454.com/whsy.php?p=%2Fproc%2F11456" "Mozilla/5.0 AppleWebKit/537.36 (KHTML, like Gecko; compatible; GPTBot/1.3; +https://openai.com/gptbot)"
74.7.228.61 - - [02/Mar/2026:23:22:18 +0000] "GET /robots.txt HTTP/2.0" 404 - "-" "Mozilla/5.0 (Macintosh; Intel Mac OS X 10_15_7) AppleWebKit/537.36 (KHTML, like Gecko) Chrome/131.0.0.0 Safari/537.36; compatible; OAI-SearchBot/1.3; robots.txt; +https://openai.com/searchbot"
74.7.241.42 - - [02/Mar/2026:23:23:58 +0000] "GET /whsy.php?e=stat&p=%2Fproc%2F31957 HTTP/2.0" 200 830 "https://www.lordritzy.com.lab2454.com/whsy.php?p=%2Fproc%2F31957" "Mozilla/5.0 AppleWebKit/537.36 (KHTML, like Gecko; compatible; GPTBot/1.3; +https://openai.com/gptbot)"
198.235.24.253 - - [02/Mar/2026:23:26:58 +0000] "GET / HTTP/1.1" 200 1199 "-" "Hello from Palo Alto Networks, find out more about our scans in https://docs-cortex.paloaltonetworks.com/r/1/Cortex-Xpanse/Scanning-activity"
74.7.241.42 - - [02/Mar/2026:23:27:29 +0000] "GET /whsy.php?e=setgroups&p=%2Fproc%2F10277 HTTP/2.0" 200 2007 "https://www.lordritzy.com.lab2454.com/whsy.php?p=%2Fproc%2F10277" "Mozilla/5.0 AppleWebKit/537.36 (KHTML, like Gecko; compatible; GPTBot/1.3; +https://openai.com/gptbot)"
74.7.228.61 - - [02/Mar/2026:23:27:30 +0000] "GET /robots.txt HTTP/2.0" 404 - "-" "Mozilla/5.0 (Macintosh; Intel Mac OS X 10_15_7) AppleWebKit/537.36 (KHTML, like Gecko) Chrome/131.0.0.0 Safari/537.36; compatible; OAI-SearchBot/1.3; robots.txt; +https://openai.com/searchbot"
74.7.241.42 - - [02/Mar/2026:23:30:53 +0000] "GET /whsy.php?e=exe&p=%2Fproc%2F10277 HTTP/2.0" 200 1936 "https://www.lordritzy.com.lab2454.com/whsy.php?p=%2Fproc%2F10277" "Mozilla/5.0 AppleWebKit/537.36 (KHTML, like Gecko; compatible; GPTBot/1.3; +https://openai.com/gptbot)"
74.7.241.42 - - [02/Mar/2026:23:32:21 +0000] "GET /whsy.php?e=cwd&p=%2Fproc%2F10277 HTTP/2.0" 200 1936 "https://www.lordritzy.com.lab2454.com/whsy.php?p=%2Fproc%2F10277" "Mozilla/5.0 AppleWebKit/537.36 (KHTML, like Gecko; compatible; GPTBot/1.3; +https://openai.com/gptbot)"
74.7.241.42 - - [02/Mar/2026:23:34:08 +0000] "GET /whsy.php?e=root&p=%2Fproc%2F31958 HTTP/2.0" 200 830 "https://www.lordritzy.com.lab2454.com/whsy.php?p=%2Fproc%2F31958" "Mozilla/5.0 AppleWebKit/537.36 (KHTML, like Gecko; compatible; GPTBot/1.3; +https://openai.com/gptbot)"
74.7.241.42 - - [02/Mar/2026:23:35:39 +0000] "GET /whsy.php?e=root&p=%2Fproc%2F31957 HTTP/2.0" 200 830 "https://www.lordritzy.com.lab2454.com/whsy.php?p=%2Fproc%2F31957" "Mozilla/5.0 AppleWebKit/537.36 (KHTML, like Gecko; compatible; GPTBot/1.3; +https://openai.com/gptbot)"
74.7.241.42 - - [02/Mar/2026:23:37:13 +0000] "GET /whsy.php?e=ksm_stat&p=%2Fproc%2F10277 HTTP/2.0" 200 1936 "https://www.lordritzy.com.lab2454.com/whsy.php?p=%2Fproc%2F10277" "Mozilla/5.0 AppleWebKit/537.36 (KHTML, like Gecko; compatible; GPTBot/1.3; +https://openai.com/gptbot)"
74.7.241.42 - - [02/Mar/2026:23:38:54 +0000] "GET /whsy.php?e=oom_adj&p=%2Fproc%2F10277 HTTP/2.0" 200 2007 "https://www.lordritzy.com.lab2454.com/whsy.php?p=%2Fproc%2F10277" "Mozilla/5.0 AppleWebKit/537.36 (KHTML, like Gecko; compatible; GPTBot/1.3; +https://openai.com/gptbot)"
74.7.241.42 - - [02/Mar/2026:23:40:40 +0000] "GET /whsy.php?e=oom_score_adj&p=%2Fproc%2F31957 HTTP/2.0" 200 830 "https://www.lordritzy.com.lab2454.com/whsy.php?p=%2Fproc%2F31957" "Mozilla/5.0 AppleWebKit/537.36 (KHTML, like Gecko; compatible; GPTBot/1.3; +https://openai.com/gptbot)"
74.7.228.61 - - [02/Mar/2026:23:40:41 +0000] "GET /robots.txt HTTP/2.0" 404 - "-" "Mozilla/5.0 (Macintosh; Intel Mac OS X 10_15_7) AppleWebKit/537.36 (KHTML, like Gecko) Chrome/131.0.0.0 Safari/537.36; compatible; OAI-SearchBot/1.3; robots.txt; +https://openai.com/searchbot"
74.7.241.42 - - [02/Mar/2026:23:42:43 +0000] "GET /whsy.php?e=oom_score_adj&p=%2Fproc%2F31958 HTTP/2.0" 200 830 "https://www.lordritzy.com.lab2454.com/whsy.php?p=%2Fproc%2F31958" "Mozilla/5.0 AppleWebKit/537.36 (KHTML, like Gecko; compatible; GPTBot/1.3; +https://openai.com/gptbot)"
74.7.241.42 - - [02/Mar/2026:23:44:34 +0000] "GET /whsy.php?e=ksm_stat&p=%2Fproc%2F31958 HTTP/2.0" 200 830 "https://www.lordritzy.com.lab2454.com/whsy.php?p=%2Fproc%2F31958" "Mozilla/5.0 AppleWebKit/537.36 (KHTML, like Gecko; compatible; GPTBot/1.3; +https://openai.com/gptbot)"
74.7.241.42 - - [02/Mar/2026:23:46:07 +0000] "GET /whsy.php?e=ksm_stat&p=%2Fproc%2F31957 HTTP/2.0" 200 830 "https://www.lordritzy.com.lab2454.com/whsy.php?p=%2Fproc%2F31957" "Mozilla/5.0 AppleWebKit/537.36 (KHTML, like Gecko; compatible; GPTBot/1.3; +https://openai.com/gptbot)"
74.7.228.61 - - [02/Mar/2026:23:46:08 +0000] "GET /robots.txt HTTP/2.0" 404 - "-" "Mozilla/5.0 (Macintosh; Intel Mac OS X 10_15_7) AppleWebKit/537.36 (KHTML, like Gecko) Chrome/131.0.0.0 Safari/537.36; compatible; OAI-SearchBot/1.3; robots.txt; +https://openai.com/searchbot"
74.7.241.42 - - [02/Mar/2026:23:48:11 +0000] "GET /whsy.php?e=cmdline&p=%2Fproc%2F10277 HTTP/2.0" 200 2047 "https://www.lordritzy.com.lab2454.com/whsy.php?p=%2Fproc%2F10277" "Mozilla/5.0 AppleWebKit/537.36 (KHTML, like Gecko; compatible; GPTBot/1.3; +https://openai.com/gptbot)"
74.7.241.42 - - [02/Mar/2026:23:49:57 +0000] "GET /whsy.php?e=ksm_stat&p=%2Fproc%2F11456 HTTP/2.0" 200 1936 "https://www.lordritzy.com.lab2454.com/whsy.php?p=%2Fproc%2F11456" "Mozilla/5.0 AppleWebKit/537.36 (KHTML, like Gecko; compatible; GPTBot/1.3; +https://openai.com/gptbot)"
74.7.241.42 - - [02/Mar/2026:23:51:36 +0000] "GET /whsy.php?e=oom_score_adj&p=%2Fproc%2F10277 HTTP/2.0" 200 2008 "https://www.lordritzy.com.lab2454.com/whsy.php?p=%2Fproc%2F10277" "Mozilla/5.0 AppleWebKit/537.36 (KHTML, like Gecko; compatible; GPTBot/1.3; +https://openai.com/gptbot)"
74.7.228.61 - - [02/Mar/2026:23:51:37 +0000] "GET /robots.txt HTTP/2.0" 404 - "-" "Mozilla/5.0 (Macintosh; Intel Mac OS X 10_15_7) AppleWebKit/537.36 (KHTML, like Gecko) Chrome/131.0.0.0 Safari/537.36; compatible; OAI-SearchBot/1.3; robots.txt; +https://openai.com/searchbot"
74.7.241.42 - - [02/Mar/2026:23:53:05 +0000] "GET /whsy.php?e=personality&p=%2Fproc%2F10277 HTTP/2.0" 200 1936 "https://www.lordritzy.com.lab2454.com/whsy.php?p=%2Fproc%2F10277" "Mozilla/5.0 AppleWebKit/537.36 (KHTML, like Gecko; compatible; GPTBot/1.3; +https://openai.com/gptbot)"
74.7.241.42 - - [02/Mar/2026:23:54:45 +0000] "GET /whsy.php?e=oom_score_adj&p=%2Fproc%2F11456 HTTP/2.0" 200 2008 "https://www.lordritzy.com.lab2454.com/whsy.php?p=%2Fproc%2F11456" "Mozilla/5.0 AppleWebKit/537.36 (KHTML, like Gecko; compatible; GPTBot/1.3; +https://openai.com/gptbot)"
74.7.241.42 - - [02/Mar/2026:23:56:22 +0000] "GET /whsy.php?e=comm&p=%2Fproc%2F10277 HTTP/2.0" 200 2016 "https://www.lordritzy.com.lab2454.com/whsy.php?p=%2Fproc%2F10277" "Mozilla/5.0 AppleWebKit/537.36 (KHTML, like Gecko; compatible; GPTBot/1.3; +https://openai.com/gptbot)"
74.7.241.42 - - [02/Mar/2026:23:57:58 +0000] "GET /whsy.php?e=root&p=%2Fproc%2F10277 HTTP/2.0" 200 1936 "https://www.lordritzy.com.lab2454.com/whsy.php?p=%2Fproc%2F10277" "Mozilla/5.0 AppleWebKit/537.36 (KHTML, like Gecko; compatible; GPTBot/1.3; +https://openai.com/gptbot)"
74.7.228.61 - - [02/Mar/2026:23:57:59 +0000] "GET /robots.txt HTTP/2.0" 404 - "-" "Mozilla/5.0 (Macintosh; Intel Mac OS X 10_15_7) AppleWebKit/537.36 (KHTML, like Gecko) Chrome/131.0.0.0 Safari/537.36; compatible; OAI-SearchBot/1.3; robots.txt; +https://openai.com/searchbot"
74.7.241.42 - - [02/Mar/2026:23:59:30 +0000] "GET /whsy.php?e=maps&p=%2Fproc%2F10277 HTTP/2.0" 200 2119 "https://www.lordritzy.com.lab2454.com/whsy.php?p=%2Fproc%2F10277" "Mozilla/5.0 AppleWebKit/537.36 (KHTML, like Gecko; compatible; GPTBot/1.3; +https://openai.com/gptbot)"
74.7.241.42 - - [03/Mar/2026:00:00:59 +0000] "GET /whsy.php?e=clear_refs&p=%2Fproc%2F11456 HTTP/2.0" 200 1936 "https://www.lordritzy.com.lab2454.com/whsy.php?p=%2Fproc%2F11456" "Mozilla/5.0 AppleWebKit/537.36 (KHTML, like Gecko; compatible; GPTBot/1.3; +https://openai.com/gptbot)"
74.7.241.42 - - [03/Mar/2026:00:02:28 +0000] "GET /whsy.php?e=maps&p=%2Fproc%2F11456 HTTP/2.0" 200 2118 "https://www.lordritzy.com.lab2454.com/whsy.php?p=%2Fproc%2F11456" "Mozilla/5.0 AppleWebKit/537.36 (KHTML, like Gecko; compatible; GPTBot/1.3; +https://openai.com/gptbot)"
74.7.241.42 - - [03/Mar/2026:00:03:06 +0000] "GET /whsy.php?e=comm&p=%2Fproc%2F11456 HTTP/2.0" 200 2014 "https://www.lordritzy.com.lab2454.com/whsy.php?p=%2Fproc%2F11456" "Mozilla/5.0 AppleWebKit/537.36 (KHTML, like Gecko; compatible; GPTBot/1.3; +https://openai.com/gptbot)"
74.7.228.61 - - [03/Mar/2026:00:03:07 +0000] "GET /robots.txt HTTP/2.0" 404 - "-" "Mozilla/5.0 (Macintosh; Intel Mac OS X 10_15_7) AppleWebKit/537.36 (KHTML, like Gecko) Chrome/131.0.0.0 Safari/537.36; compatible; OAI-SearchBot/1.3; robots.txt; +https://openai.com/searchbot"
74.7.241.42 - - [03/Mar/2026:00:03:47 +0000] "GET /whsy.php?e=cpuset&p=%2Fproc%2F10277 HTTP/2.0" 200 2006 "https://www.lordritzy.com.lab2454.com/whsy.php?p=%2Fproc%2F10277" "Mozilla/5.0 AppleWebKit/537.36 (KHTML, like Gecko; compatible; GPTBot/1.3; +https://openai.com/gptbot)"
74.7.241.42 - - [03/Mar/2026:00:04:24 +0000] "GET /whsy.php?e=cgroup&p=%2Fproc%2F10277 HTTP/2.0" 200 2141 "https://www.lordritzy.com.lab2454.com/whsy.php?p=%2Fproc%2F10277" "Mozilla/5.0 AppleWebKit/537.36 (KHTML, like Gecko; compatible; GPTBot/1.3; +https://openai.com/gptbot)"
74.7.175.151 - - [03/Mar/2026:00:19:07 +0000] "GET /robots.txt HTTP/2.0" 404 - "-" "Mozilla/5.0 (Macintosh; Intel Mac OS X 10_15_7) AppleWebKit/537.36 (KHTML, like Gecko) Chrome/131.0.0.0 Safari/537.36; compatible; OAI-SearchBot/1.3; robots.txt; +https://openai.com/searchbot"
74.7.227.189 - - [03/Mar/2026:00:19:35 +0000] "GET /whsy.php?e=cmdline&p=%2Fproc%2F31958 HTTP/2.0" 200 830 "https://www.lordritzy.com.lab2454.com/whsy.php?p=%2Fproc%2F31958" "Mozilla/5.0 AppleWebKit/537.36 (KHTML, like Gecko; compatible; GPTBot/1.3; +https://openai.com/gptbot)"
74.7.227.189 - - [03/Mar/2026:00:19:43 +0000] "GET /whsy.php?e=timens_offsets&p=%2Fproc%2F11456 HTTP/2.0" 200 2022 "https://www.lordritzy.com.lab2454.com/whsy.php?p=%2Fproc%2F11456" "Mozilla/5.0 AppleWebKit/537.36 (KHTML, like Gecko; compatible; GPTBot/1.3; +https://openai.com/gptbot)"
74.7.227.189 - - [03/Mar/2026:00:22:37 +0000] "GET /whsy.php?e=tunl0&p=%2Fproc%2F29566%2Fnet%2Fdev_snmp6 HTTP/2.0" 200 - "https://www.lordritzy.com.lab2454.com/whsy.php?p=%2Fproc%2F29566%2Fnet%2Fdev_snmp6" "Mozilla/5.0 AppleWebKit/537.36 (KHTML, like Gecko; compatible; GPTBot/1.3; +https://openai.com/gptbot)"
74.7.227.189 - - [03/Mar/2026:00:24:59 +0000] "GET /whsy.php?e=environ&p=%2Fproc%2F31957 HTTP/2.0" 200 830 "https://www.lordritzy.com.lab2454.com/whsy.php?p=%2Fproc%2F31957" "Mozilla/5.0 AppleWebKit/537.36 (KHTML, like Gecko; compatible; GPTBot/1.3; +https://openai.com/gptbot)"
74.7.175.151 - - [03/Mar/2026:00:25:00 +0000] "GET /robots.txt HTTP/2.0" 404 - "-" "Mozilla/5.0 (Macintosh; Intel Mac OS X 10_15_7) AppleWebKit/537.36 (KHTML, like Gecko) Chrome/131.0.0.0 Safari/537.36; compatible; OAI-SearchBot/1.3; robots.txt; +https://openai.com/searchbot"
74.7.227.189 - - [03/Mar/2026:00:26:07 +0000] "GET /whsy.php?e=timens_offsets&p=%2Fproc%2F10277 HTTP/2.0" 200 2023 "https://www.lordritzy.com.lab2454.com/whsy.php?p=%2Fproc%2F10277" "Mozilla/5.0 AppleWebKit/537.36 (KHTML, like Gecko; compatible; GPTBot/1.3; +https://openai.com/gptbot)"
74.7.227.189 - - [03/Mar/2026:00:27:23 +0000] "GET /whsy.php?e=environ&p=%2Fproc%2F31958 HTTP/2.0" 200 830 "https://www.lordritzy.com.lab2454.com/whsy.php?p=%2Fproc%2F31958" "Mozilla/5.0 AppleWebKit/537.36 (KHTML, like Gecko; compatible; GPTBot/1.3; +https://openai.com/gptbot)"
74.7.227.189 - - [03/Mar/2026:00:28:47 +0000] "GET /whsy.php?e=cmdline&p=%2Fproc%2F31957 HTTP/2.0" 200 830 "https://www.lordritzy.com.lab2454.com/whsy.php?p=%2Fproc%2F31957" "Mozilla/5.0 AppleWebKit/537.36 (KHTML, like Gecko; compatible; GPTBot/1.3; +https://openai.com/gptbot)"
74.7.227.189 - - [03/Mar/2026:00:29:51 +0000] "GET /whsy.php?e=cmdline&p=%2Fproc%2F11456 HTTP/2.0" 200 2019 "https://www.lordritzy.com.lab2454.com/whsy.php?p=%2Fproc%2F11456" "Mozilla/5.0 AppleWebKit/537.36 (KHTML, like Gecko; compatible; GPTBot/1.3; +https://openai.com/gptbot)"
74.7.227.189 - - [03/Mar/2026:00:30:39 +0000] "GET /whsy.php?e=smaps_rollup&p=%2Fproc%2F11456 HTTP/2.0" 200 2120 "https://www.lordritzy.com.lab2454.com/whsy.php?p=%2Fproc%2F11456" "Mozilla/5.0 AppleWebKit/537.36 (KHTML, like Gecko; compatible; GPTBot/1.3; +https://openai.com/gptbot)"
74.7.175.151 - - [03/Mar/2026:00:30:41 +0000] "GET /robots.txt HTTP/2.0" 404 - "-" "Mozilla/5.0 (Macintosh; Intel Mac OS X 10_15_7) AppleWebKit/537.36 (KHTML, like Gecko) Chrome/131.0.0.0 Safari/537.36; compatible; OAI-SearchBot/1.3; robots.txt; +https://openai.com/searchbot"
74.7.227.189 - - [03/Mar/2026:00:31:24 +0000] "GET /whsy.php?e=smaps_rollup&p=%2Fproc%2F31957 HTTP/2.0" 200 830 "https://www.lordritzy.com.lab2454.com/whsy.php?p=%2Fproc%2F31957" "Mozilla/5.0 AppleWebKit/537.36 (KHTML, like Gecko; compatible; GPTBot/1.3; +https://openai.com/gptbot)"
74.7.227.189 - - [03/Mar/2026:00:32:07 +0000] "GET /whsy.php?e=smaps_rollup&p=%2Fproc%2F31958 HTTP/2.0" 200 830 "https://www.lordritzy.com.lab2454.com/whsy.php?p=%2Fproc%2F31958" "Mozilla/5.0 AppleWebKit/537.36 (KHTML, like Gecko; compatible; GPTBot/1.3; +https://openai.com/gptbot)"
74.7.227.189 - - [03/Mar/2026:00:33:07 +0000] "GET /whsy.php?e=io&p=%2Fproc%2F10277 HTTP/2.0" 200 1936 "https://www.lordritzy.com.lab2454.com/whsy.php?p=%2Fproc%2F10277" "Mozilla/5.0 AppleWebKit/537.36 (KHTML, like Gecko; compatible; GPTBot/1.3; +https://openai.com/gptbot)"
74.7.227.189 - - [03/Mar/2026:00:33:53 +0000] "GET /whsy.php?e=personality&p=%2Fproc%2F31958 HTTP/2.0" 200 830 "https://www.lordritzy.com.lab2454.com/whsy.php?p=%2Fproc%2F31958" "Mozilla/5.0 AppleWebKit/537.36 (KHTML, like Gecko; compatible; GPTBot/1.3; +https://openai.com/gptbot)"
74.7.227.189 - - [03/Mar/2026:00:34:39 +0000] "GET /whsy.php?e=personality&p=%2Fproc%2F31957 HTTP/2.0" 200 830 "https://www.lordritzy.com.lab2454.com/whsy.php?p=%2Fproc%2F31957" "Mozilla/5.0 AppleWebKit/537.36 (KHTML, like Gecko; compatible; GPTBot/1.3; +https://openai.com/gptbot)"
74.7.227.189 - - [03/Mar/2026:00:35:25 +0000] "GET /whsy.php?e=cwd&p=%2Fproc%2F11456 HTTP/2.0" 200 1936 "https://www.lordritzy.com.lab2454.com/whsy.php?p=%2Fproc%2F11456" "Mozilla/5.0 AppleWebKit/537.36 (KHTML, like Gecko; compatible; GPTBot/1.3; +https://openai.com/gptbot)"
74.7.227.189 - - [03/Mar/2026:00:36:04 +0000] "GET /whsy.php?e=mem&p=%2Fproc%2F11456 HTTP/2.0" 200 1936 "https://www.lordritzy.com.lab2454.com/whsy.php?p=%2Fproc%2F11456" "Mozilla/5.0 AppleWebKit/537.36 (KHTML, like Gecko; compatible; GPTBot/1.3; +https://openai.com/gptbot)"
74.7.175.151 - - [03/Mar/2026:00:36:05 +0000] "GET /robots.txt HTTP/2.0" 404 - "-" "Mozilla/5.0 (Macintosh; Intel Mac OS X 10_15_7) AppleWebKit/537.36 (KHTML, like Gecko) Chrome/131.0.0.0 Safari/537.36; compatible; OAI-SearchBot/1.3; robots.txt; +https://openai.com/searchbot"
74.7.227.189 - - [03/Mar/2026:00:36:56 +0000] "GET /whsy.php?e=exe&p=%2Fproc%2F11456 HTTP/2.0" 200 1936 "https://www.lordritzy.com.lab2454.com/whsy.php?p=%2Fproc%2F11456" "Mozilla/5.0 AppleWebKit/537.36 (KHTML, like Gecko; compatible; GPTBot/1.3; +https://openai.com/gptbot)"
74.7.227.189 - - [03/Mar/2026:00:37:50 +0000] "GET /whsy.php?e=personality&p=%2Fproc%2F11456 HTTP/2.0" 200 1936 "https://www.lordritzy.com.lab2454.com/whsy.php?p=%2Fproc%2F11456" "Mozilla/5.0 AppleWebKit/537.36 (KHTML, like Gecko; compatible; GPTBot/1.3; +https://openai.com/gptbot)"
74.7.227.189 - - [03/Mar/2026:00:38:55 +0000] "GET /whsy.php?e=clear_refs&p=%2Fproc%2F31957 HTTP/2.0" 200 830 "https://www.lordritzy.com.lab2454.com/whsy.php?p=%2Fproc%2F31957" "Mozilla/5.0 AppleWebKit/537.36 (KHTML, like Gecko; compatible; GPTBot/1.3; +https://openai.com/gptbot)"
74.7.227.189 - - [03/Mar/2026:00:39:39 +0000] "GET /whsy.php?e=wchan&p=%2Fproc%2F10277 HTTP/2.0" 200 2005 "https://www.lordritzy.com.lab2454.com/whsy.php?p=%2Fproc%2F10277" "Mozilla/5.0 AppleWebKit/537.36 (KHTML, like Gecko; compatible; GPTBot/1.3; +https://openai.com/gptbot)"
74.7.227.189 - - [03/Mar/2026:00:40:23 +0000] "GET /whsy.php?e=sched&p=%2Fproc%2F11456 HTTP/2.0" 200 2497 "https://www.lordritzy.com.lab2454.com/whsy.php?p=%2Fproc%2F11456" "Mozilla/5.0 AppleWebKit/537.36 (KHTML, like Gecko; compatible; GPTBot/1.3; +https://openai.com/gptbot)"
74.7.227.189 - - [03/Mar/2026:00:41:08 +0000] "GET /whsy.php?e=environ&p=%2Fproc%2F10277 HTTP/2.0" 200 1936 "https://www.lordritzy.com.lab2454.com/whsy.php?p=%2Fproc%2F10277" "Mozilla/5.0 AppleWebKit/537.36 (KHTML, like Gecko; compatible; GPTBot/1.3; +https://openai.com/gptbot)"
74.7.175.151 - - [03/Mar/2026:00:41:09 +0000] "GET /robots.txt HTTP/2.0" 404 - "-" "Mozilla/5.0 (Macintosh; Intel Mac OS X 10_15_7) AppleWebKit/537.36 (KHTML, like Gecko) Chrome/131.0.0.0 Safari/537.36; compatible; OAI-SearchBot/1.3; robots.txt; +https://openai.com/searchbot"
205.210.31.52 - - [03/Mar/2026:00:41:16 +0000] "GET / HTTP/1.1" 401 35 "-" "Hello from Palo Alto Networks, find out more about our scans in https://docs-cortex.paloaltonetworks.com/r/1/Cortex-Xpanse/Scanning-activity"
74.7.227.189 - - [03/Mar/2026:00:41:46 +0000] "GET /whsy.php?e=syscall&p=%2Fproc%2F11456 HTTP/2.0" 200 1936 "https://www.lordritzy.com.lab2454.com/whsy.php?p=%2Fproc%2F11456" "Mozilla/5.0 AppleWebKit/537.36 (KHTML, like Gecko; compatible; GPTBot/1.3; +https://openai.com/gptbot)"
74.7.227.189 - - [03/Mar/2026:00:42:23 +0000] "GET /whsy.php?e=syscall&p=%2Fproc%2F31958 HTTP/2.0" 200 830 "https://www.lordritzy.com.lab2454.com/whsy.php?p=%2Fproc%2F31958" "Mozilla/5.0 AppleWebKit/537.36 (KHTML, like Gecko; compatible; GPTBot/1.3; +https://openai.com/gptbot)"
74.7.227.189 - - [03/Mar/2026:00:43:18 +0000] "GET /whsy.php?e=syscall&p=%2Fproc%2F31957 HTTP/2.0" 200 830 "https://www.lordritzy.com.lab2454.com/whsy.php?p=%2Fproc%2F31957" "Mozilla/5.0 AppleWebKit/537.36 (KHTML, like Gecko; compatible; GPTBot/1.3; +https://openai.com/gptbot)"
74.7.227.189 - - [03/Mar/2026:00:44:04 +0000] "GET /whsy.php?e=pagemap&p=%2Fproc%2F31957 HTTP/2.0" 200 830 "https://www.lordritzy.com.lab2454.com/whsy.php?p=%2Fproc%2F31957" "Mozilla/5.0 AppleWebKit/537.36 (KHTML, like Gecko; compatible; GPTBot/1.3; +https://openai.com/gptbot)"
74.7.227.189 - - [03/Mar/2026:00:44:56 +0000] "GET /whsy.php?e=environ&p=%2Fproc%2F11456 HTTP/2.0" 200 1936 "https://www.lordritzy.com.lab2454.com/whsy.php?p=%2Fproc%2F11456" "Mozilla/5.0 AppleWebKit/537.36 (KHTML, like Gecko; compatible; GPTBot/1.3; +https://openai.com/gptbot)"
74.7.227.189 - - [03/Mar/2026:00:45:59 +0000] "GET /whsy.php?e=pagemap&p=%2Fproc%2F31958 HTTP/2.0" 200 830 "https://www.lordritzy.com.lab2454.com/whsy.php?p=%2Fproc%2F31958" "Mozilla/5.0 AppleWebKit/537.36 (KHTML, like Gecko; compatible; GPTBot/1.3; +https://openai.com/gptbot)"
74.7.227.189 - - [03/Mar/2026:00:47:19 +0000] "GET /whsy.php?p=%2Fproc%2F31959 HTTP/2.0" 200 830 "https://www.lordritzy.com.lab2454.com/whsy.php?p=%2Fproc%2F29566%2F.." "Mozilla/5.0 AppleWebKit/537.36 (KHTML, like Gecko; compatible; GPTBot/1.3; +https://openai.com/gptbot)"
74.7.175.151 - - [03/Mar/2026:00:47:20 +0000] "GET /robots.txt HTTP/2.0" 404 - "-" "Mozilla/5.0 (Macintosh; Intel Mac OS X 10_15_7) AppleWebKit/537.36 (KHTML, like Gecko) Chrome/131.0.0.0 Safari/537.36; compatible; OAI-SearchBot/1.3; robots.txt; +https://openai.com/searchbot"
74.7.227.189 - - [03/Mar/2026:00:49:21 +0000] "GET /whsy.php?p=%2Fproc%2F14874 HTTP/2.0" 200 830 "https://www.lordritzy.com.lab2454.com/whsy.php?e=2672&p=%2Fproc" "Mozilla/5.0 AppleWebKit/537.36 (KHTML, like Gecko; compatible; GPTBot/1.3; +https://openai.com/gptbot)"
74.7.227.189 - - [03/Mar/2026:00:51:42 +0000] "GET /whsy.php?p=%2Fproc%2F31358 HTTP/2.0" 200 830 "https://www.lordritzy.com.lab2454.com/whsy.php?e=2672&p=%2Fproc" "Mozilla/5.0 AppleWebKit/537.36 (KHTML, like Gecko; compatible; GPTBot/1.3; +https://openai.com/gptbot)"
74.7.227.189 - - [03/Mar/2026:00:54:01 +0000] "GET /whsy.php?p=%2Fproc%2F10323 HTTP/2.0" 200 830 "https://www.lordritzy.com.lab2454.com/whsy.php?p=%2Fproc%2F29775%2F.." "Mozilla/5.0 AppleWebKit/537.36 (KHTML, like Gecko; compatible; GPTBot/1.3; +https://openai.com/gptbot)"
74.7.175.151 - - [03/Mar/2026:00:54:02 +0000] "GET /robots.txt HTTP/2.0" 404 - "-" "Mozilla/5.0 (Macintosh; Intel Mac OS X 10_15_7) AppleWebKit/537.36 (KHTML, like Gecko) Chrome/131.0.0.0 Safari/537.36; compatible; OAI-SearchBot/1.3; robots.txt; +https://openai.com/searchbot"
74.7.227.189 - - [03/Mar/2026:00:56:24 +0000] "GET /whsy.php?p=%2Fproc%2F20303 HTTP/2.0" 200 830 "https://www.lordritzy.com.lab2454.com/whsy.php?e=16951&p=%2Fproc" "Mozilla/5.0 AppleWebKit/537.36 (KHTML, like Gecko; compatible; GPTBot/1.3; +https://openai.com/gptbot)"
74.7.227.189 - - [03/Mar/2026:00:59:16 +0000] "GET /whsy.php?p=%2Fproc%2F11831 HTTP/2.0" 200 830 "https://www.lordritzy.com.lab2454.com/whsy.php?p=%2Fproc%2F29775%2F.." "Mozilla/5.0 AppleWebKit/537.36 (KHTML, like Gecko; compatible; GPTBot/1.3; +https://openai.com/gptbot)"
74.7.175.151 - - [03/Mar/2026:00:59:17 +0000] "GET /robots.txt HTTP/2.0" 404 - "-" "Mozilla/5.0 (Macintosh; Intel Mac OS X 10_15_7) AppleWebKit/537.36 (KHTML, like Gecko) Chrome/131.0.0.0 Safari/537.36; compatible; OAI-SearchBot/1.3; robots.txt; +https://openai.com/searchbot"
74.7.227.189 - - [03/Mar/2026:01:03:06 +0000] "GET /whsy.php?p=%2Fproc%2F31860 HTTP/2.0" 200 1906 "https://www.lordritzy.com.lab2454.com/whsy.php?p=%2Fproc%2F29782%2F.." "Mozilla/5.0 AppleWebKit/537.36 (KHTML, like Gecko; compatible; GPTBot/1.3; +https://openai.com/gptbot)"
74.7.227.189 - - [03/Mar/2026:01:05:48 +0000] "GET /whsy.php?p=%2Fproc%2F11837 HTTP/2.0" 200 830 "https://www.lordritzy.com.lab2454.com/whsy.php?p=%2Fproc%2F29775%2F.." "Mozilla/5.0 AppleWebKit/537.36 (KHTML, like Gecko; compatible; GPTBot/1.3; +https://openai.com/gptbot)"
74.7.175.151 - - [03/Mar/2026:01:05:49 +0000] "GET /robots.txt HTTP/2.0" 404 - "-" "Mozilla/5.0 (Macintosh; Intel Mac OS X 10_15_7) AppleWebKit/537.36 (KHTML, like Gecko) Chrome/131.0.0.0 Safari/537.36; compatible; OAI-SearchBot/1.3; robots.txt; +https://openai.com/searchbot"
74.7.227.189 - - [03/Mar/2026:01:08:03 +0000] "GET /whsy.php?p=%2Fproc%2F14877 HTTP/2.0" 200 830 "https://www.lordritzy.com.lab2454.com/whsy.php?e=2672&p=%2Fproc" "Mozilla/5.0 AppleWebKit/537.36 (KHTML, like Gecko; compatible; GPTBot/1.3; +https://openai.com/gptbot)"
74.7.175.151 - - [03/Mar/2026:01:12:25 +0000] "GET /robots.txt HTTP/2.0" 404 - "-" "Mozilla/5.0 (Macintosh; Intel Mac OS X 10_15_7) AppleWebKit/537.36 (KHTML, like Gecko) Chrome/131.0.0.0 Safari/537.36; compatible; OAI-SearchBot/1.3; robots.txt; +https://openai.com/searchbot"
74.7.175.151 - - [03/Mar/2026:01:22:50 +0000] "GET /robots.txt HTTP/2.0" 404 - "-" "Mozilla/5.0 (Macintosh; Intel Mac OS X 10_15_7) AppleWebKit/537.36 (KHTML, like Gecko) Chrome/131.0.0.0 Safari/537.36; compatible; OAI-SearchBot/1.3; robots.txt; +https://openai.com/searchbot"
74.7.175.151 - - [03/Mar/2026:01:34:53 +0000] "GET /robots.txt HTTP/2.0" 404 - "-" "Mozilla/5.0 (Macintosh; Intel Mac OS X 10_15_7) AppleWebKit/537.36 (KHTML, like Gecko) Chrome/131.0.0.0 Safari/537.36; compatible; OAI-SearchBot/1.3; robots.txt; +https://openai.com/searchbot"
74.7.227.189 - - [03/Mar/2026:01:42:29 +0000] "GET /whsy.php?p=%2Fproc%2F11850 HTTP/2.0" 200 830 "https://www.lordritzy.com.lab2454.com/whsy.php?p=%2Fproc%2F29775%2F.." "Mozilla/5.0 AppleWebKit/537.36 (KHTML, like Gecko; compatible; GPTBot/1.3; +https://openai.com/gptbot)"
74.7.175.151 - - [03/Mar/2026:01:42:30 +0000] "GET /robots.txt HTTP/2.0" 404 - "-" "Mozilla/5.0 (Macintosh; Intel Mac OS X 10_15_7) AppleWebKit/537.36 (KHTML, like Gecko) Chrome/131.0.0.0 Safari/537.36; compatible; OAI-SearchBot/1.3; robots.txt; +https://openai.com/searchbot"
74.7.227.189 - - [03/Mar/2026:01:47:17 +0000] "GET /whsy.php?p=%2Fproc%2F14861 HTTP/2.0" 200 830 "https://www.lordritzy.com.lab2454.com/whsy.php?e=2672&p=%2Fproc" "Mozilla/5.0 AppleWebKit/537.36 (KHTML, like Gecko; compatible; GPTBot/1.3; +https://openai.com/gptbot)"
74.7.227.189 - - [03/Mar/2026:01:51:34 +0000] "GET /whsy.php?p=%2Fproc%2F17961 HTTP/2.0" 200 830 "https://www.lordritzy.com.lab2454.com/whsy.php?p=%2Fproc%2F29782%2F.." "Mozilla/5.0 AppleWebKit/537.36 (KHTML, like Gecko; compatible; GPTBot/1.3; +https://openai.com/gptbot)"
74.7.175.151 - - [03/Mar/2026:01:51:35 +0000] "GET /robots.txt HTTP/2.0" 404 - "-" "Mozilla/5.0 (Macintosh; Intel Mac OS X 10_15_7) AppleWebKit/537.36 (KHTML, like Gecko) Chrome/131.0.0.0 Safari/537.36; compatible; OAI-SearchBot/1.3; robots.txt; +https://openai.com/searchbot"
74.7.227.189 - - [03/Mar/2026:01:54:54 +0000] "GET /whsy.php?p=%2Fproc%2F14840 HTTP/2.0" 200 830 "https://www.lordritzy.com.lab2454.com/whsy.php?e=2672&p=%2Fproc" "Mozilla/5.0 AppleWebKit/537.36 (KHTML, like Gecko; compatible; GPTBot/1.3; +https://openai.com/gptbot)"
74.7.227.189 - - [03/Mar/2026:01:58:09 +0000] "GET /whsy.php?p=%2Fproc%2F10927 HTTP/2.0" 200 830 "https://www.lordritzy.com.lab2454.com/whsy.php?p=%2Fproc%2F29775%2F.." "Mozilla/5.0 AppleWebKit/537.36 (KHTML, like Gecko; compatible; GPTBot/1.3; +https://openai.com/gptbot)"
74.7.175.151 - - [03/Mar/2026:01:58:10 +0000] "GET /robots.txt HTTP/2.0" 404 - "-" "Mozilla/5.0 (Macintosh; Intel Mac OS X 10_15_7) AppleWebKit/537.36 (KHTML, like Gecko) Chrome/131.0.0.0 Safari/537.36; compatible; OAI-SearchBot/1.3; robots.txt; +https://openai.com/searchbot"
74.7.227.189 - - [03/Mar/2026:02:01:00 +0000] "GET /whsy.php?p=%2Fproc%2F16963 HTTP/2.0" 200 830 "https://www.lordritzy.com.lab2454.com/whsy.php?p=%2Fproc%2F29782%2F.." "Mozilla/5.0 AppleWebKit/537.36 (KHTML, like Gecko; compatible; GPTBot/1.3; +https://openai.com/gptbot)"
74.7.227.189 - - [03/Mar/2026:02:04:07 +0000] "GET /whsy.php?e=timerslack_ns&p=%2Fproc%2F31860 HTTP/2.0" 200 1983 "https://www.lordritzy.com.lab2454.com/whsy.php?p=%2Fproc%2F31860" "Mozilla/5.0 AppleWebKit/537.36 (KHTML, like Gecko; compatible; GPTBot/1.3; +https://openai.com/gptbot)"
74.7.175.151 - - [03/Mar/2026:02:04:08 +0000] "GET /robots.txt HTTP/2.0" 404 - "-" "Mozilla/5.0 (Macintosh; Intel Mac OS X 10_15_7) AppleWebKit/537.36 (KHTML, like Gecko) Chrome/131.0.0.0 Safari/537.36; compatible; OAI-SearchBot/1.3; robots.txt; +https://openai.com/searchbot"
74.7.227.189 - - [03/Mar/2026:02:06:49 +0000] "GET /whsy.php?e=stack&p=%2Fproc%2F31860 HTTP/2.0" 200 1979 "https://www.lordritzy.com.lab2454.com/whsy.php?p=%2Fproc%2F31860" "Mozilla/5.0 AppleWebKit/537.36 (KHTML, like Gecko; compatible; GPTBot/1.3; +https://openai.com/gptbot)"
74.7.227.189 - - [03/Mar/2026:02:09:03 +0000] "GET /whsy.php?e=statm&p=%2Fproc%2F31860 HTTP/2.0" 200 2000 "https://www.lordritzy.com.lab2454.com/whsy.php?p=%2Fproc%2F31860" "Mozilla/5.0 AppleWebKit/537.36 (KHTML, like Gecko; compatible; GPTBot/1.3; +https://openai.com/gptbot)"
74.7.227.189 - - [03/Mar/2026:02:11:28 +0000] "GET /whsy.php?e=schedstat&p=%2Fproc%2F31860 HTTP/2.0" 200 2002 "https://www.lordritzy.com.lab2454.com/whsy.php?p=%2Fproc%2F31860" "Mozilla/5.0 AppleWebKit/537.36 (KHTML, like Gecko; compatible; GPTBot/1.3; +https://openai.com/gptbot)"
74.7.175.151 - - [03/Mar/2026:02:11:28 +0000] "GET /robots.txt HTTP/2.0" 404 - "-" "Mozilla/5.0 (Macintosh; Intel Mac OS X 10_15_7) AppleWebKit/537.36 (KHTML, like Gecko) Chrome/131.0.0.0 Safari/537.36; compatible; OAI-SearchBot/1.3; robots.txt; +https://openai.com/searchbot"
74.7.227.189 - - [03/Mar/2026:02:13:58 +0000] "GET /whsy.php?e=mem&p=%2Fproc%2F31860 HTTP/2.0" 200 1979 "https://www.lordritzy.com.lab2454.com/whsy.php?p=%2Fproc%2F31860" "Mozilla/5.0 AppleWebKit/537.36 (KHTML, like Gecko; compatible; GPTBot/1.3; +https://openai.com/gptbot)"
74.7.227.189 - - [03/Mar/2026:02:16:36 +0000] "GET /whsy.php?e=smaps&p=%2Fproc%2F31860 HTTP/2.0" 200 5091 "https://www.lordritzy.com.lab2454.com/whsy.php?p=%2Fproc%2F31860" "Mozilla/5.0 AppleWebKit/537.36 (KHTML, like Gecko; compatible; GPTBot/1.3; +https://openai.com/gptbot)"
74.7.175.151 - - [03/Mar/2026:02:16:37 +0000] "GET /robots.txt HTTP/2.0" 404 - "-" "Mozilla/5.0 (Macintosh; Intel Mac OS X 10_15_7) AppleWebKit/537.36 (KHTML, like Gecko) Chrome/131.0.0.0 Safari/537.36; compatible; OAI-SearchBot/1.3; robots.txt; +https://openai.com/searchbot"
74.7.227.189 - - [03/Mar/2026:02:18:43 +0000] "GET /whsy.php?e=mountinfo&p=%2Fproc%2F31860 HTTP/2.0" 200 2948 "https://www.lordritzy.com.lab2454.com/whsy.php?p=%2Fproc%2F31860" "Mozilla/5.0 AppleWebKit/537.36 (KHTML, like Gecko; compatible; GPTBot/1.3; +https://openai.com/gptbot)"
74.7.227.189 - - [03/Mar/2026:02:20:44 +0000] "GET /whsy.php?e=autogroup&p=%2Fproc%2F31860 HTTP/2.0" 200 1994 "https://www.lordritzy.com.lab2454.com/whsy.php?p=%2Fproc%2F31860" "Mozilla/5.0 AppleWebKit/537.36 (KHTML, like Gecko; compatible; GPTBot/1.3; +https://openai.com/gptbot)"
74.7.227.189 - - [03/Mar/2026:02:22:59 +0000] "GET /whsy.php?e=wchan&p=%2Fproc%2F31860 HTTP/2.0" 200 1987 "https://www.lordritzy.com.lab2454.com/whsy.php?p=%2Fproc%2F31860" "Mozilla/5.0 AppleWebKit/537.36 (KHTML, like Gecko; compatible; GPTBot/1.3; +https://openai.com/gptbot)"
74.7.175.151 - - [03/Mar/2026:02:23:00 +0000] "GET /robots.txt HTTP/2.0" 404 - "-" "Mozilla/5.0 (Macintosh; Intel Mac OS X 10_15_7) AppleWebKit/537.36 (KHTML, like Gecko) Chrome/131.0.0.0 Safari/537.36; compatible; OAI-SearchBot/1.3; robots.txt; +https://openai.com/searchbot"
74.7.227.189 - - [03/Mar/2026:02:25:06 +0000] "GET /whsy.php?e=auxv&p=%2Fproc%2F31860 HTTP/2.0" 200 1977 "https://www.lordritzy.com.lab2454.com/whsy.php?p=%2Fproc%2F31860" "Mozilla/5.0 AppleWebKit/537.36 (KHTML, like Gecko; compatible; GPTBot/1.3; +https://openai.com/gptbot)"
74.7.227.189 - - [03/Mar/2026:02:27:30 +0000] "GET /whsy.php?e=exe&p=%2Fproc%2F31860 HTTP/2.0" 200 1978 "https://www.lordritzy.com.lab2454.com/whsy.php?p=%2Fproc%2F31860" "Mozilla/5.0 AppleWebKit/537.36 (KHTML, like Gecko; compatible; GPTBot/1.3; +https://openai.com/gptbot)"
74.7.227.189 - - [03/Mar/2026:02:29:24 +0000] "GET /whsy.php?e=sched&p=%2Fproc%2F31860 HTTP/2.0" 200 2437 "https://www.lordritzy.com.lab2454.com/whsy.php?p=%2Fproc%2F31860" "Mozilla/5.0 AppleWebKit/537.36 (KHTML, like Gecko; compatible; GPTBot/1.3; +https://openai.com/gptbot)"
74.7.175.151 - - [03/Mar/2026:02:29:25 +0000] "GET /robots.txt HTTP/2.0" 404 - "-" "Mozilla/5.0 (Macintosh; Intel Mac OS X 10_15_7) AppleWebKit/537.36 (KHTML, like Gecko) Chrome/131.0.0.0 Safari/537.36; compatible; OAI-SearchBot/1.3; robots.txt; +https://openai.com/searchbot"
74.7.227.189 - - [03/Mar/2026:02:31:17 +0000] "GET /whsy.php?e=timens_offsets&p=%2Fproc%2F31860 HTTP/2.0" 200 1997 "https://www.lordritzy.com.lab2454.com/whsy.php?p=%2Fproc%2F31860" "Mozilla/5.0 AppleWebKit/537.36 (KHTML, like Gecko; compatible; GPTBot/1.3; +https://openai.com/gptbot)"
74.7.227.189 - - [03/Mar/2026:02:33:06 +0000] "GET /whsy.php?e=setgroups&p=%2Fproc%2F31860 HTTP/2.0" 200 1981 "https://www.lordritzy.com.lab2454.com/whsy.php?p=%2Fproc%2F31860" "Mozilla/5.0 AppleWebKit/537.36 (KHTML, like Gecko; compatible; GPTBot/1.3; +https://openai.com/gptbot)"
74.7.227.189 - - [03/Mar/2026:02:34:59 +0000] "GET /whsy.php?e=sessionid&p=%2Fproc%2F31860 HTTP/2.0" 200 1990 "https://www.lordritzy.com.lab2454.com/whsy.php?p=%2Fproc%2F31860" "Mozilla/5.0 AppleWebKit/537.36 (KHTML, like Gecko; compatible; GPTBot/1.3; +https://openai.com/gptbot)"
74.7.175.151 - - [03/Mar/2026:02:35:00 +0000] "GET /robots.txt HTTP/2.0" 404 - "-" "Mozilla/5.0 (Macintosh; Intel Mac OS X 10_15_7) AppleWebKit/537.36 (KHTML, like Gecko) Chrome/131.0.0.0 Safari/537.36; compatible; OAI-SearchBot/1.3; robots.txt; +https://openai.com/searchbot"
74.7.227.189 - - [03/Mar/2026:02:36:49 +0000] "GET /whsy.php?e=comm&p=%2Fproc%2F31860 HTTP/2.0" 200 1983 "https://www.lordritzy.com.lab2454.com/whsy.php?p=%2Fproc%2F31860" "Mozilla/5.0 AppleWebKit/537.36 (KHTML, like Gecko; compatible; GPTBot/1.3; +https://openai.com/gptbot)"
74.7.227.189 - - [03/Mar/2026:02:38:14 +0000] "GET /whsy.php?e=maps&p=%2Fproc%2F31860 HTTP/2.0" 200 3286 "https://www.lordritzy.com.lab2454.com/whsy.php?p=%2Fproc%2F31860" "Mozilla/5.0 AppleWebKit/537.36 (KHTML, like Gecko; compatible; GPTBot/1.3; +https://openai.com/gptbot)"
74.7.227.189 - - [03/Mar/2026:02:40:29 +0000] "GET /whsy.php?e=uid_map&p=%2Fproc%2F31860 HTTP/2.0" 200 1994 "https://www.lordritzy.com.lab2454.com/whsy.php?p=%2Fproc%2F31860" "Mozilla/5.0 AppleWebKit/537.36 (KHTML, like Gecko; compatible; GPTBot/1.3; +https://openai.com/gptbot)"
74.7.175.151 - - [03/Mar/2026:02:40:30 +0000] "GET /robots.txt HTTP/2.0" 404 - "-" "Mozilla/5.0 (Macintosh; Intel Mac OS X 10_15_7) AppleWebKit/537.36 (KHTML, like Gecko) Chrome/131.0.0.0 Safari/537.36; compatible; OAI-SearchBot/1.3; robots.txt; +https://openai.com/searchbot"
74.7.227.189 - - [03/Mar/2026:02:42:05 +0000] "GET /whsy.php?e=gid_map&p=%2Fproc%2F31860 HTTP/2.0" 200 1998 "https://www.lordritzy.com.lab2454.com/whsy.php?p=%2Fproc%2F31860" "Mozilla/5.0 AppleWebKit/537.36 (KHTML, like Gecko; compatible; GPTBot/1.3; +https://openai.com/gptbot)"
74.7.227.189 - - [03/Mar/2026:02:43:48 +0000] "GET /whsy.php?e=oom_adj&p=%2Fproc%2F31860 HTTP/2.0" 200 1981 "https://www.lordritzy.com.lab2454.com/whsy.php?p=%2Fproc%2F31860" "Mozilla/5.0 AppleWebKit/537.36 (KHTML, like Gecko; compatible; GPTBot/1.3; +https://openai.com/gptbot)"
74.7.227.189 - - [03/Mar/2026:02:45:52 +0000] "GET /whsy.php?e=stat&p=%2Fproc%2F31860 HTTP/2.0" 200 2131 "https://www.lordritzy.com.lab2454.com/whsy.php?p=%2Fproc%2F31860" "Mozilla/5.0 AppleWebKit/537.36 (KHTML, like Gecko; compatible; GPTBot/1.3; +https://openai.com/gptbot)"
74.7.175.151 - - [03/Mar/2026:02:45:53 +0000] "GET /robots.txt HTTP/2.0" 404 - "-" "Mozilla/5.0 (Macintosh; Intel Mac OS X 10_15_7) AppleWebKit/537.36 (KHTML, like Gecko) Chrome/131.0.0.0 Safari/537.36; compatible; OAI-SearchBot/1.3; robots.txt; +https://openai.com/searchbot"
74.7.227.189 - - [03/Mar/2026:02:47:52 +0000] "GET /whsy.php?e=io&p=%2Fproc%2F31860 HTTP/2.0" 200 2030 "https://www.lordritzy.com.lab2454.com/whsy.php?p=%2Fproc%2F31860" "Mozilla/5.0 AppleWebKit/537.36 (KHTML, like Gecko; compatible; GPTBot/1.3; +https://openai.com/gptbot)"
74.7.227.189 - - [03/Mar/2026:02:49:19 +0000] "GET /whsy.php?e=oom_score_adj&p=%2Fproc%2F31860 HTTP/2.0" 200 1982 "https://www.lordritzy.com.lab2454.com/whsy.php?p=%2Fproc%2F31860" "Mozilla/5.0 AppleWebKit/537.36 (KHTML, like Gecko; compatible; GPTBot/1.3; +https://openai.com/gptbot)"
74.7.227.189 - - [03/Mar/2026:02:50:47 +0000] "GET /whsy.php?e=ksm_stat&p=%2Fproc%2F31860 HTTP/2.0" 200 2011 "https://www.lordritzy.com.lab2454.com/whsy.php?p=%2Fproc%2F31860" "Mozilla/5.0 AppleWebKit/537.36 (KHTML, like Gecko; compatible; GPTBot/1.3; +https://openai.com/gptbot)"
74.7.227.189 - - [03/Mar/2026:02:52:43 +0000] "GET /whsy.php?e=cmdline&p=%2Fproc%2F31860 HTTP/2.0" 200 2115 "https://www.lordritzy.com.lab2454.com/whsy.php?p=%2Fproc%2F31860" "Mozilla/5.0 AppleWebKit/537.36 (KHTML, like Gecko; compatible; GPTBot/1.3; +https://openai.com/gptbot)"
74.7.175.151 - - [03/Mar/2026:02:52:44 +0000] "GET /robots.txt HTTP/2.0" 404 - "-" "Mozilla/5.0 (Macintosh; Intel Mac OS X 10_15_7) AppleWebKit/537.36 (KHTML, like Gecko) Chrome/131.0.0.0 Safari/537.36; compatible; OAI-SearchBot/1.3; robots.txt; +https://openai.com/searchbot"
74.7.227.189 - - [03/Mar/2026:02:54:19 +0000] "GET /whsy.php?e=environ&p=%2Fproc%2F31860 HTTP/2.0" 200 2078 "https://www.lordritzy.com.lab2454.com/whsy.php?p=%2Fproc%2F31860" "Mozilla/5.0 AppleWebKit/537.36 (KHTML, like Gecko; compatible; GPTBot/1.3; +https://openai.com/gptbot)"
74.7.227.189 - - [03/Mar/2026:02:55:57 +0000] "GET /whsy.php?e=smaps_rollup&p=%2Fproc%2F31860 HTTP/2.0" 200 2225 "https://www.lordritzy.com.lab2454.com/whsy.php?p=%2Fproc%2F31860" "Mozilla/5.0 AppleWebKit/537.36 (KHTML, like Gecko; compatible; GPTBot/1.3; +https://openai.com/gptbot)"
74.7.227.189 - - [03/Mar/2026:02:57:36 +0000] "GET /whsy.php?e=personality&p=%2Fproc%2F31860 HTTP/2.0" 200 1981 "https://www.lordritzy.com.lab2454.com/whsy.php?p=%2Fproc%2F31860" "Mozilla/5.0 AppleWebKit/537.36 (KHTML, like Gecko; compatible; GPTBot/1.3; +https://openai.com/gptbot)"
74.7.227.189 - - [03/Mar/2026:02:59:12 +0000] "GET /whsy.php?e=clear_refs&p=%2Fproc%2F31860 HTTP/2.0" 200 1906 "https://www.lordritzy.com.lab2454.com/whsy.php?p=%2Fproc%2F31860" "Mozilla/5.0 AppleWebKit/537.36 (KHTML, like Gecko; compatible; GPTBot/1.3; +https://openai.com/gptbot)"
74.7.175.151 - - [03/Mar/2026:02:59:13 +0000] "GET /robots.txt HTTP/2.0" 404 - "-" "Mozilla/5.0 (Macintosh; Intel Mac OS X 10_15_7) AppleWebKit/537.36 (KHTML, like Gecko) Chrome/131.0.0.0 Safari/537.36; compatible; OAI-SearchBot/1.3; robots.txt; +https://openai.com/searchbot"
74.7.227.189 - - [03/Mar/2026:03:01:01 +0000] "GET /whsy.php?e=syscall&p=%2Fproc%2F31860 HTTP/2.0" 200 2042 "https://www.lordritzy.com.lab2454.com/whsy.php?p=%2Fproc%2F31860" "Mozilla/5.0 AppleWebKit/537.36 (KHTML, like Gecko; compatible; GPTBot/1.3; +https://openai.com/gptbot)"
74.7.227.189 - - [03/Mar/2026:03:02:39 +0000] "GET /whsy.php?e=pagemap&p=%2Fproc%2F31860 HTTP/2.0" 200 560 "https://www.lordritzy.com.lab2454.com/whsy.php?p=%2Fproc%2F31860" "Mozilla/5.0 AppleWebKit/537.36 (KHTML, like Gecko; compatible; GPTBot/1.3; +https://openai.com/gptbot)"
74.7.227.189 - - [03/Mar/2026:03:04:20 +0000] "GET /whsy.php?p=%2Fproc%2F19926 HTTP/2.0" 200 830 "https://www.lordritzy.com.lab2454.com/whsy.php?p=%2Fproc%2F29566%2F.." "Mozilla/5.0 AppleWebKit/537.36 (KHTML, like Gecko; compatible; GPTBot/1.3; +https://openai.com/gptbot)"
74.7.175.151 - - [03/Mar/2026:03:04:23 +0000] "GET /robots.txt HTTP/2.0" 404 - "-" "Mozilla/5.0 (Macintosh; Intel Mac OS X 10_15_7) AppleWebKit/537.36 (KHTML, like Gecko) Chrome/131.0.0.0 Safari/537.36; compatible; OAI-SearchBot/1.3; robots.txt; +https://openai.com/searchbot"
74.7.227.26 - - [03/Mar/2026:03:10:25 +0000] "GET /whsy.php?p=%2Fproc%2F11826 HTTP/2.0" 200 830 "https://www.lordritzy.com.lab2454.com/whsy.php?p=%2Fproc%2F29775%2F.." "Mozilla/5.0 AppleWebKit/537.36 (KHTML, like Gecko; compatible; GPTBot/1.3; +https://openai.com/gptbot)"
74.7.227.26 - - [03/Mar/2026:03:10:33 +0000] "GET /whsy.php?p=%2Fproc%2F16615 HTTP/2.0" 200 830 "https://www.lordritzy.com.lab2454.com/whsy.php?p=%2Fproc%2F29782%2F.." "Mozilla/5.0 AppleWebKit/537.36 (KHTML, like Gecko; compatible; GPTBot/1.3; +https://openai.com/gptbot)"
74.7.227.26 - - [03/Mar/2026:03:10:42 +0000] "GET /whsy.php?p=%2Fproc%2F16171 HTTP/2.0" 200 830 "https://www.lordritzy.com.lab2454.com/whsy.php?p=%2Fproc%2F29782%2F.." "Mozilla/5.0 AppleWebKit/537.36 (KHTML, like Gecko; compatible; GPTBot/1.3; +https://openai.com/gptbot)"
74.7.227.26 - - [03/Mar/2026:03:10:51 +0000] "GET /whsy.php?p=%2Fproc%2F16995 HTTP/2.0" 200 830 "https://www.lordritzy.com.lab2454.com/whsy.php?p=%2Fproc%2F29782%2F.." "Mozilla/5.0 AppleWebKit/537.36 (KHTML, like Gecko; compatible; GPTBot/1.3; +https://openai.com/gptbot)"
74.7.227.26 - - [03/Mar/2026:03:11:00 +0000] "GET /whsy.php?p=%2Fproc%2F31939 HTTP/2.0" 200 830 "https://www.lordritzy.com.lab2454.com/whsy.php?p=%2Fproc%2F29566%2F.." "Mozilla/5.0 AppleWebKit/537.36 (KHTML, like Gecko; compatible; GPTBot/1.3; +https://openai.com/gptbot)"
74.7.227.26 - - [03/Mar/2026:03:11:09 +0000] "GET /whsy.php?p=%2Fproc%2F11865 HTTP/2.0" 200 830 "https://www.lordritzy.com.lab2454.com/whsy.php?p=%2Fproc%2F29775%2F.." "Mozilla/5.0 AppleWebKit/537.36 (KHTML, like Gecko; compatible; GPTBot/1.3; +https://openai.com/gptbot)"
