74.7.241.42 - - [02/Mar/2026:18:22:33 +0000] "GET /whsy.php?e=ksm_merging_pages&p=%2Fproc%2F30528 HTTP/2.0" 200 830 "https://www.lordritzy.com.lab2454.com/whsy.php?p=%2Fproc%2F30528" "Mozilla/5.0 AppleWebKit/537.36 (KHTML, like Gecko; compatible; GPTBot/1.3; +https://openai.com/gptbot)"
74.7.228.61 - - [02/Mar/2026:18:22:34 +0000] "GET /robots.txt HTTP/2.0" 404 - "-" "Mozilla/5.0 (Macintosh; Intel Mac OS X 10_15_7) AppleWebKit/537.36 (KHTML, like Gecko) Chrome/131.0.0.0 Safari/537.36; compatible; OAI-SearchBot/1.3; robots.txt; +https://openai.com/searchbot"
74.7.241.42 - - [02/Mar/2026:18:24:19 +0000] "GET /whsy.php?e=mounts&p=%2Fproc%2F30528 HTTP/2.0" 200 830 "https://www.lordritzy.com.lab2454.com/whsy.php?p=%2Fproc%2F30528" "Mozilla/5.0 AppleWebKit/537.36 (KHTML, like Gecko; compatible; GPTBot/1.3; +https://openai.com/gptbot)"
74.7.241.42 - - [02/Mar/2026:18:25:43 +0000] "GET /whsy.php?e=mem&p=%2Fproc%2F31849 HTTP/2.0" 200 1979 "https://www.lordritzy.com.lab2454.com/whsy.php?p=%2Fproc%2F31849" "Mozilla/5.0 AppleWebKit/537.36 (KHTML, like Gecko; compatible; GPTBot/1.3; +https://openai.com/gptbot)"
74.7.241.42 - - [02/Mar/2026:18:27:22 +0000] "GET /whsy.php?e=smaps&p=%2Fproc%2F31849 HTTP/2.0" 200 5181 "https://www.lordritzy.com.lab2454.com/whsy.php?p=%2Fproc%2F31849" "Mozilla/5.0 AppleWebKit/537.36 (KHTML, like Gecko; compatible; GPTBot/1.3; +https://openai.com/gptbot)"
74.7.241.42 - - [02/Mar/2026:18:28:49 +0000] "GET /whsy.php?e=mountinfo&p=%2Fproc%2F30528 HTTP/2.0" 200 830 "https://www.lordritzy.com.lab2454.com/whsy.php?p=%2Fproc%2F30528" "Mozilla/5.0 AppleWebKit/537.36 (KHTML, like Gecko; compatible; GPTBot/1.3; +https://openai.com/gptbot)"
74.7.228.61 - - [02/Mar/2026:18:28:50 +0000] "GET /robots.txt HTTP/2.0" 404 - "-" "Mozilla/5.0 (Macintosh; Intel Mac OS X 10_15_7) AppleWebKit/537.36 (KHTML, like Gecko) Chrome/131.0.0.0 Safari/537.36; compatible; OAI-SearchBot/1.3; robots.txt; +https://openai.com/searchbot"
74.7.241.42 - - [02/Mar/2026:18:30:08 +0000] "GET /whsy.php?e=mountinfo&p=%2Fproc%2F31849 HTTP/2.0" 200 2949 "https://www.lordritzy.com.lab2454.com/whsy.php?p=%2Fproc%2F31849" "Mozilla/5.0 AppleWebKit/537.36 (KHTML, like Gecko; compatible; GPTBot/1.3; +https://openai.com/gptbot)"
74.7.241.42 - - [02/Mar/2026:18:31:39 +0000] "GET /whsy.php?e=autogroup&p=%2Fproc%2F31849 HTTP/2.0" 200 1995 "https://www.lordritzy.com.lab2454.com/whsy.php?p=%2Fproc%2F31849" "Mozilla/5.0 AppleWebKit/537.36 (KHTML, like Gecko; compatible; GPTBot/1.3; +https://openai.com/gptbot)"
74.7.241.42 - - [02/Mar/2026:18:33:07 +0000] "GET /whsy.php?e=mountinfo&p=%2Fproc%2F31338 HTTP/2.0" 200 2950 "https://www.lordritzy.com.lab2454.com/whsy.php?p=%2Fproc%2F31338" "Mozilla/5.0 AppleWebKit/537.36 (KHTML, like Gecko; compatible; GPTBot/1.3; +https://openai.com/gptbot)"
74.7.241.42 - - [02/Mar/2026:18:34:24 +0000] "GET /whsy.php?e=wchan&p=%2Fproc%2F31849 HTTP/2.0" 200 1988 "https://www.lordritzy.com.lab2454.com/whsy.php?p=%2Fproc%2F31849" "Mozilla/5.0 AppleWebKit/537.36 (KHTML, like Gecko; compatible; GPTBot/1.3; +https://openai.com/gptbot)"
74.7.228.61 - - [02/Mar/2026:18:34:25 +0000] "GET /robots.txt HTTP/2.0" 404 - "-" "Mozilla/5.0 (Macintosh; Intel Mac OS X 10_15_7) AppleWebKit/537.36 (KHTML, like Gecko) Chrome/131.0.0.0 Safari/537.36; compatible; OAI-SearchBot/1.3; robots.txt; +https://openai.com/searchbot"
74.7.241.42 - - [02/Mar/2026:18:36:03 +0000] "GET /whsy.php?e=stack&p=%2Fproc%2F30528 HTTP/2.0" 200 830 "https://www.lordritzy.com.lab2454.com/whsy.php?p=%2Fproc%2F30528" "Mozilla/5.0 AppleWebKit/537.36 (KHTML, like Gecko; compatible; GPTBot/1.3; +https://openai.com/gptbot)"
74.7.241.42 - - [02/Mar/2026:18:37:46 +0000] "GET /whsy.php?e=statm&p=%2Fproc%2F30528 HTTP/2.0" 200 830 "https://www.lordritzy.com.lab2454.com/whsy.php?p=%2Fproc%2F30528" "Mozilla/5.0 AppleWebKit/537.36 (KHTML, like Gecko; compatible; GPTBot/1.3; +https://openai.com/gptbot)"
74.7.241.42 - - [02/Mar/2026:18:38:52 +0000] "GET /whsy.php?e=auxv&p=%2Fproc%2F30528 HTTP/2.0" 200 830 "https://www.lordritzy.com.lab2454.com/whsy.php?p=%2Fproc%2F30528" "Mozilla/5.0 AppleWebKit/537.36 (KHTML, like Gecko; compatible; GPTBot/1.3; +https://openai.com/gptbot)"
74.7.241.42 - - [02/Mar/2026:18:40:17 +0000] "GET /whsy.php?e=pagemap&p=%2Fproc%2F31338 HTTP/2.0" 200 1935 "https://www.lordritzy.com.lab2454.com/whsy.php?p=%2Fproc%2F31338" "Mozilla/5.0 AppleWebKit/537.36 (KHTML, like Gecko; compatible; GPTBot/1.3; +https://openai.com/gptbot)"
74.7.228.61 - - [02/Mar/2026:18:40:18 +0000] "GET /robots.txt HTTP/2.0" 404 - "-" "Mozilla/5.0 (Macintosh; Intel Mac OS X 10_15_7) AppleWebKit/537.36 (KHTML, like Gecko) Chrome/131.0.0.0 Safari/537.36; compatible; OAI-SearchBot/1.3; robots.txt; +https://openai.com/searchbot"
74.7.241.42 - - [02/Mar/2026:18:41:44 +0000] "GET /whsy.php?e=auxv&p=%2Fproc%2F31849 HTTP/2.0" 200 1977 "https://www.lordritzy.com.lab2454.com/whsy.php?p=%2Fproc%2F31849" "Mozilla/5.0 AppleWebKit/537.36 (KHTML, like Gecko; compatible; GPTBot/1.3; +https://openai.com/gptbot)"
74.7.241.42 - - [02/Mar/2026:18:42:47 +0000] "GET /whsy.php?e=exe&p=%2Fproc%2F31849 HTTP/2.0" 200 1978 "https://www.lordritzy.com.lab2454.com/whsy.php?p=%2Fproc%2F31849" "Mozilla/5.0 AppleWebKit/537.36 (KHTML, like Gecko; compatible; GPTBot/1.3; +https://openai.com/gptbot)"
74.7.241.42 - - [02/Mar/2026:18:44:04 +0000] "GET /whsy.php?e=statm&p=%2Fproc%2F31338 HTTP/2.0" 200 830 "https://www.lordritzy.com.lab2454.com/whsy.php?p=%2Fproc%2F31338" "Mozilla/5.0 AppleWebKit/537.36 (KHTML, like Gecko; compatible; GPTBot/1.3; +https://openai.com/gptbot)"
74.7.241.42 - - [02/Mar/2026:18:45:16 +0000] "GET /whsy.php?e=sched&p=%2Fproc%2F31849 HTTP/2.0" 200 2446 "https://www.lordritzy.com.lab2454.com/whsy.php?p=%2Fproc%2F31849" "Mozilla/5.0 AppleWebKit/537.36 (KHTML, like Gecko; compatible; GPTBot/1.3; +https://openai.com/gptbot)"
74.7.241.42 - - [02/Mar/2026:18:46:30 +0000] "GET /whsy.php?e=stack&p=%2Fproc%2F31338 HTTP/2.0" 200 830 "https://www.lordritzy.com.lab2454.com/whsy.php?p=%2Fproc%2F31338" "Mozilla/5.0 AppleWebKit/537.36 (KHTML, like Gecko; compatible; GPTBot/1.3; +https://openai.com/gptbot)"
74.7.228.61 - - [02/Mar/2026:18:46:31 +0000] "GET /robots.txt HTTP/2.0" 404 - "-" "Mozilla/5.0 (Macintosh; Intel Mac OS X 10_15_7) AppleWebKit/537.36 (KHTML, like Gecko) Chrome/131.0.0.0 Safari/537.36; compatible; OAI-SearchBot/1.3; robots.txt; +https://openai.com/searchbot"
74.7.241.42 - - [02/Mar/2026:18:47:47 +0000] "GET /whsy.php?e=sessionid&p=%2Fproc%2F30528 HTTP/2.0" 200 830 "https://www.lordritzy.com.lab2454.com/whsy.php?p=%2Fproc%2F30528" "Mozilla/5.0 AppleWebKit/537.36 (KHTML, like Gecko; compatible; GPTBot/1.3; +https://openai.com/gptbot)"
74.7.241.42 - - [02/Mar/2026:18:49:11 +0000] "GET /whsy.php?e=autogroup&p=%2Fproc%2F31338 HTTP/2.0" 200 830 "https://www.lordritzy.com.lab2454.com/whsy.php?p=%2Fproc%2F31338" "Mozilla/5.0 AppleWebKit/537.36 (KHTML, like Gecko; compatible; GPTBot/1.3; +https://openai.com/gptbot)"
74.7.241.42 - - [02/Mar/2026:18:50:45 +0000] "GET /whsy.php?e=setgroups&p=%2Fproc%2F30528 HTTP/2.0" 200 830 "https://www.lordritzy.com.lab2454.com/whsy.php?p=%2Fproc%2F30528" "Mozilla/5.0 AppleWebKit/537.36 (KHTML, like Gecko; compatible; GPTBot/1.3; +https://openai.com/gptbot)"
74.7.241.42 - - [02/Mar/2026:18:52:13 +0000] "GET /whsy.php?e=timerslack_ns&p=%2Fproc%2F31338 HTTP/2.0" 200 830 "https://www.lordritzy.com.lab2454.com/whsy.php?p=%2Fproc%2F31338" "Mozilla/5.0 AppleWebKit/537.36 (KHTML, like Gecko; compatible; GPTBot/1.3; +https://openai.com/gptbot)"
74.7.228.61 - - [02/Mar/2026:18:52:14 +0000] "GET /robots.txt HTTP/2.0" 404 - "-" "Mozilla/5.0 (Macintosh; Intel Mac OS X 10_15_7) AppleWebKit/537.36 (KHTML, like Gecko) Chrome/131.0.0.0 Safari/537.36; compatible; OAI-SearchBot/1.3; robots.txt; +https://openai.com/searchbot"
74.7.241.42 - - [02/Mar/2026:18:53:47 +0000] "GET /whsy.php?e=timens_offsets&p=%2Fproc%2F31849 HTTP/2.0" 200 1998 "https://www.lordritzy.com.lab2454.com/whsy.php?p=%2Fproc%2F31849" "Mozilla/5.0 AppleWebKit/537.36 (KHTML, like Gecko; compatible; GPTBot/1.3; +https://openai.com/gptbot)"
74.7.241.42 - - [02/Mar/2026:18:55:43 +0000] "GET /whsy.php?e=timerslack_ns&p=%2Fproc%2F30528 HTTP/2.0" 200 830 "https://www.lordritzy.com.lab2454.com/whsy.php?p=%2Fproc%2F30528" "Mozilla/5.0 AppleWebKit/537.36 (KHTML, like Gecko; compatible; GPTBot/1.3; +https://openai.com/gptbot)"
74.7.241.42 - - [02/Mar/2026:18:57:29 +0000] "GET /whsy.php?e=schedstat&p=%2Fproc%2F30528 HTTP/2.0" 200 830 "https://www.lordritzy.com.lab2454.com/whsy.php?p=%2Fproc%2F30528" "Mozilla/5.0 AppleWebKit/537.36 (KHTML, like Gecko; compatible; GPTBot/1.3; +https://openai.com/gptbot)"
74.7.228.61 - - [02/Mar/2026:18:57:30 +0000] "GET /robots.txt HTTP/2.0" 404 - "-" "Mozilla/5.0 (Macintosh; Intel Mac OS X 10_15_7) AppleWebKit/537.36 (KHTML, like Gecko) Chrome/131.0.0.0 Safari/537.36; compatible; OAI-SearchBot/1.3; robots.txt; +https://openai.com/searchbot"
74.7.241.42 - - [02/Mar/2026:18:59:31 +0000] "GET /whsy.php?e=sessionid&p=%2Fproc%2F31849 HTTP/2.0" 200 1990 "https://www.lordritzy.com.lab2454.com/whsy.php?p=%2Fproc%2F31849" "Mozilla/5.0 AppleWebKit/537.36 (KHTML, like Gecko; compatible; GPTBot/1.3; +https://openai.com/gptbot)"
74.7.241.42 - - [02/Mar/2026:19:00:56 +0000] "GET /whsy.php?e=setgroups&p=%2Fproc%2F31849 HTTP/2.0" 200 1982 "https://www.lordritzy.com.lab2454.com/whsy.php?p=%2Fproc%2F31849" "Mozilla/5.0 AppleWebKit/537.36 (KHTML, like Gecko; compatible; GPTBot/1.3; +https://openai.com/gptbot)"
74.7.241.42 - - [02/Mar/2026:19:02:37 +0000] "GET /whsy.php?e=autogroup&p=%2Fproc%2F30528 HTTP/2.0" 200 830 "https://www.lordritzy.com.lab2454.com/whsy.php?p=%2Fproc%2F30528" "Mozilla/5.0 AppleWebKit/537.36 (KHTML, like Gecko; compatible; GPTBot/1.3; +https://openai.com/gptbot)"
74.7.241.42 - - [02/Mar/2026:19:04:13 +0000] "GET /whsy.php?e=wchan&p=%2Fproc%2F30528 HTTP/2.0" 200 830 "https://www.lordritzy.com.lab2454.com/whsy.php?p=%2Fproc%2F30528" "Mozilla/5.0 AppleWebKit/537.36 (KHTML, like Gecko; compatible; GPTBot/1.3; +https://openai.com/gptbot)"
74.7.241.42 - - [02/Mar/2026:19:06:04 +0000] "GET /whsy.php?e=gid_map&p=%2Fproc%2F31338 HTTP/2.0" 200 830 "https://www.lordritzy.com.lab2454.com/whsy.php?p=%2Fproc%2F31338" "Mozilla/5.0 AppleWebKit/537.36 (KHTML, like Gecko; compatible; GPTBot/1.3; +https://openai.com/gptbot)"
74.7.241.42 - - [02/Mar/2026:19:07:17 +0000] "GET /whsy.php?e=uid_map&p=%2Fproc%2F31338 HTTP/2.0" 200 830 "https://www.lordritzy.com.lab2454.com/whsy.php?p=%2Fproc%2F31338" "Mozilla/5.0 AppleWebKit/537.36 (KHTML, like Gecko; compatible; GPTBot/1.3; +https://openai.com/gptbot)"
74.7.241.42 - - [02/Mar/2026:19:08:50 +0000] "GET /whsy.php?e=maps&p=%2Fproc%2F31849 HTTP/2.0" 200 3257 "https://www.lordritzy.com.lab2454.com/whsy.php?p=%2Fproc%2F31849" "Mozilla/5.0 AppleWebKit/537.36 (KHTML, like Gecko; compatible; GPTBot/1.3; +https://openai.com/gptbot)"
74.7.228.61 - - [02/Mar/2026:19:08:51 +0000] "GET /robots.txt HTTP/2.0" 404 - "-" "Mozilla/5.0 (Macintosh; Intel Mac OS X 10_15_7) AppleWebKit/537.36 (KHTML, like Gecko) Chrome/131.0.0.0 Safari/537.36; compatible; OAI-SearchBot/1.3; robots.txt; +https://openai.com/searchbot"
74.7.241.42 - - [02/Mar/2026:19:10:20 +0000] "GET /whsy.php?e=comm&p=%2Fproc%2F31849 HTTP/2.0" 200 1984 "https://www.lordritzy.com.lab2454.com/whsy.php?p=%2Fproc%2F31849" "Mozilla/5.0 AppleWebKit/537.36 (KHTML, like Gecko; compatible; GPTBot/1.3; +https://openai.com/gptbot)"
74.7.241.42 - - [02/Mar/2026:19:11:38 +0000] "GET /whsy.php?e=schedstat&p=%2Fproc%2F31338 HTTP/2.0" 200 830 "https://www.lordritzy.com.lab2454.com/whsy.php?p=%2Fproc%2F31338" "Mozilla/5.0 AppleWebKit/537.36 (KHTML, like Gecko; compatible; GPTBot/1.3; +https://openai.com/gptbot)"
74.7.241.42 - - [02/Mar/2026:19:13:03 +0000] "GET /whsy.php?e=oom_adj&p=%2Fproc%2F31849 HTTP/2.0" 200 1981 "https://www.lordritzy.com.lab2454.com/whsy.php?p=%2Fproc%2F31849" "Mozilla/5.0 AppleWebKit/537.36 (KHTML, like Gecko; compatible; GPTBot/1.3; +https://openai.com/gptbot)"
74.7.241.42 - - [02/Mar/2026:19:14:56 +0000] "GET /whsy.php?e=uid_map&p=%2Fproc%2F31849 HTTP/2.0" 200 1995 "https://www.lordritzy.com.lab2454.com/whsy.php?p=%2Fproc%2F31849" "Mozilla/5.0 AppleWebKit/537.36 (KHTML, like Gecko; compatible; GPTBot/1.3; +https://openai.com/gptbot)"
74.7.228.61 - - [02/Mar/2026:19:14:57 +0000] "GET /robots.txt HTTP/2.0" 404 - "-" "Mozilla/5.0 (Macintosh; Intel Mac OS X 10_15_7) AppleWebKit/537.36 (KHTML, like Gecko) Chrome/131.0.0.0 Safari/537.36; compatible; OAI-SearchBot/1.3; robots.txt; +https://openai.com/searchbot"
74.7.241.42 - - [02/Mar/2026:19:16:27 +0000] "GET /whsy.php?e=gid_map&p=%2Fproc%2F31849 HTTP/2.0" 200 1998 "https://www.lordritzy.com.lab2454.com/whsy.php?p=%2Fproc%2F31849" "Mozilla/5.0 AppleWebKit/537.36 (KHTML, like Gecko; compatible; GPTBot/1.3; +https://openai.com/gptbot)"
74.7.241.42 - - [02/Mar/2026:19:17:47 +0000] "GET /whsy.php?e=sched&p=%2Fproc%2F31338 HTTP/2.0" 200 830 "https://www.lordritzy.com.lab2454.com/whsy.php?p=%2Fproc%2F31338" "Mozilla/5.0 AppleWebKit/537.36 (KHTML, like Gecko; compatible; GPTBot/1.3; +https://openai.com/gptbot)"
74.7.241.42 - - [02/Mar/2026:19:19:14 +0000] "GET /whsy.php?e=smaps&p=%2Fproc%2F31338 HTTP/2.0" 200 830 "https://www.lordritzy.com.lab2454.com/whsy.php?p=%2Fproc%2F31338" "Mozilla/5.0 AppleWebKit/537.36 (KHTML, like Gecko; compatible; GPTBot/1.3; +https://openai.com/gptbot)"
74.7.241.42 - - [02/Mar/2026:19:20:44 +0000] "GET /whsy.php?e=oom_adj&p=%2Fproc%2F30528 HTTP/2.0" 200 830 "https://www.lordritzy.com.lab2454.com/whsy.php?p=%2Fproc%2F30528" "Mozilla/5.0 AppleWebKit/537.36 (KHTML, like Gecko; compatible; GPTBot/1.3; +https://openai.com/gptbot)"
74.7.228.61 - - [02/Mar/2026:19:20:45 +0000] "GET /robots.txt HTTP/2.0" 404 - "-" "Mozilla/5.0 (Macintosh; Intel Mac OS X 10_15_7) AppleWebKit/537.36 (KHTML, like Gecko) Chrome/131.0.0.0 Safari/537.36; compatible; OAI-SearchBot/1.3; robots.txt; +https://openai.com/searchbot"
74.7.241.42 - - [02/Mar/2026:19:22:05 +0000] "GET /whsy.php?e=uid_map&p=%2Fproc%2F30528 HTTP/2.0" 200 830 "https://www.lordritzy.com.lab2454.com/whsy.php?p=%2Fproc%2F30528" "Mozilla/5.0 AppleWebKit/537.36 (KHTML, like Gecko; compatible; GPTBot/1.3; +https://openai.com/gptbot)"
74.7.241.42 - - [02/Mar/2026:19:23:28 +0000] "GET /whsy.php?e=gid_map&p=%2Fproc%2F30528 HTTP/2.0" 200 830 "https://www.lordritzy.com.lab2454.com/whsy.php?p=%2Fproc%2F30528" "Mozilla/5.0 AppleWebKit/537.36 (KHTML, like Gecko; compatible; GPTBot/1.3; +https://openai.com/gptbot)"
74.7.241.42 - - [02/Mar/2026:19:24:51 +0000] "GET /whsy.php?e=auxv&p=%2Fproc%2F31338 HTTP/2.0" 200 830 "https://www.lordritzy.com.lab2454.com/whsy.php?p=%2Fproc%2F31338" "Mozilla/5.0 AppleWebKit/537.36 (KHTML, like Gecko; compatible; GPTBot/1.3; +https://openai.com/gptbot)"
74.7.241.42 - - [02/Mar/2026:19:26:38 +0000] "GET /whsy.php?e=stat&p=%2Fproc%2F31849 HTTP/2.0" 200 2134 "https://www.lordritzy.com.lab2454.com/whsy.php?p=%2Fproc%2F31849" "Mozilla/5.0 AppleWebKit/537.36 (KHTML, like Gecko; compatible; GPTBot/1.3; +https://openai.com/gptbot)"
74.7.228.61 - - [02/Mar/2026:19:26:39 +0000] "GET /robots.txt HTTP/2.0" 404 - "-" "Mozilla/5.0 (Macintosh; Intel Mac OS X 10_15_7) AppleWebKit/537.36 (KHTML, like Gecko) Chrome/131.0.0.0 Safari/537.36; compatible; OAI-SearchBot/1.3; robots.txt; +https://openai.com/searchbot"
74.7.241.42 - - [02/Mar/2026:19:28:15 +0000] "GET /whsy.php?e=io&p=%2Fproc%2F31849 HTTP/2.0" 200 2053 "https://www.lordritzy.com.lab2454.com/whsy.php?p=%2Fproc%2F31849" "Mozilla/5.0 AppleWebKit/537.36 (KHTML, like Gecko; compatible; GPTBot/1.3; +https://openai.com/gptbot)"
74.7.241.42 - - [02/Mar/2026:19:30:04 +0000] "GET /whsy.php?e=setgroups&p=%2Fproc%2F31338 HTTP/2.0" 200 830 "https://www.lordritzy.com.lab2454.com/whsy.php?p=%2Fproc%2F31338" "Mozilla/5.0 AppleWebKit/537.36 (KHTML, like Gecko; compatible; GPTBot/1.3; +https://openai.com/gptbot)"
74.7.241.42 - - [02/Mar/2026:19:31:20 +0000] "GET /whsy.php?e=sessionid&p=%2Fproc%2F31338 HTTP/2.0" 200 830 "https://www.lordritzy.com.lab2454.com/whsy.php?p=%2Fproc%2F31338" "Mozilla/5.0 AppleWebKit/537.36 (KHTML, like Gecko; compatible; GPTBot/1.3; +https://openai.com/gptbot)"
74.7.241.42 - - [02/Mar/2026:19:32:45 +0000] "GET /whsy.php?e=exe&p=%2Fproc%2F31338 HTTP/2.0" 200 830 "https://www.lordritzy.com.lab2454.com/whsy.php?p=%2Fproc%2F31338" "Mozilla/5.0 AppleWebKit/537.36 (KHTML, like Gecko; compatible; GPTBot/1.3; +https://openai.com/gptbot)"
74.7.228.61 - - [02/Mar/2026:19:32:47 +0000] "GET /robots.txt HTTP/2.0" 404 - "-" "Mozilla/5.0 (Macintosh; Intel Mac OS X 10_15_7) AppleWebKit/537.36 (KHTML, like Gecko) Chrome/131.0.0.0 Safari/537.36; compatible; OAI-SearchBot/1.3; robots.txt; +https://openai.com/searchbot"
74.7.241.42 - - [02/Mar/2026:19:34:03 +0000] "GET /whsy.php?e=mem&p=%2Fproc%2F31338 HTTP/2.0" 200 830 "https://www.lordritzy.com.lab2454.com/whsy.php?p=%2Fproc%2F31338" "Mozilla/5.0 AppleWebKit/537.36 (KHTML, like Gecko; compatible; GPTBot/1.3; +https://openai.com/gptbot)"
74.7.241.42 - - [02/Mar/2026:19:35:09 +0000] "GET /whsy.php?e=cwd&p=%2Fproc%2F31338 HTTP/2.0" 200 830 "https://www.lordritzy.com.lab2454.com/whsy.php?p=%2Fproc%2F31338" "Mozilla/5.0 AppleWebKit/537.36 (KHTML, like Gecko; compatible; GPTBot/1.3; +https://openai.com/gptbot)"
74.7.241.42 - - [02/Mar/2026:19:36:48 +0000] "GET /whsy.php?e=stat&p=%2Fproc%2F30528 HTTP/2.0" 200 830 "https://www.lordritzy.com.lab2454.com/whsy.php?p=%2Fproc%2F30528" "Mozilla/5.0 AppleWebKit/537.36 (KHTML, like Gecko; compatible; GPTBot/1.3; +https://openai.com/gptbot)"
74.7.241.42 - - [02/Mar/2026:19:37:54 +0000] "GET /whsy.php?e=ksm_stat&p=%2Fproc%2F31338 HTTP/2.0" 200 830 "https://www.lordritzy.com.lab2454.com/whsy.php?p=%2Fproc%2F31338" "Mozilla/5.0 AppleWebKit/537.36 (KHTML, like Gecko; compatible; GPTBot/1.3; +https://openai.com/gptbot)"
74.7.228.61 - - [02/Mar/2026:19:37:55 +0000] "GET /robots.txt HTTP/2.0" 404 - "-" "Mozilla/5.0 (Macintosh; Intel Mac OS X 10_15_7) AppleWebKit/537.36 (KHTML, like Gecko) Chrome/131.0.0.0 Safari/537.36; compatible; OAI-SearchBot/1.3; robots.txt; +https://openai.com/searchbot"
74.7.241.42 - - [02/Mar/2026:19:39:05 +0000] "GET /whsy.php?e=exe&p=%2Fproc%2F30528 HTTP/2.0" 200 830 "https://www.lordritzy.com.lab2454.com/whsy.php?p=%2Fproc%2F30528" "Mozilla/5.0 AppleWebKit/537.36 (KHTML, like Gecko; compatible; GPTBot/1.3; +https://openai.com/gptbot)"
74.7.241.42 - - [02/Mar/2026:19:40:25 +0000] "GET /whsy.php?e=oom_adj&p=%2Fproc%2F31338 HTTP/2.0" 200 830 "https://www.lordritzy.com.lab2454.com/whsy.php?p=%2Fproc%2F31338" "Mozilla/5.0 AppleWebKit/537.36 (KHTML, like Gecko; compatible; GPTBot/1.3; +https://openai.com/gptbot)"
74.7.241.42 - - [02/Mar/2026:19:41:39 +0000] "GET /whsy.php?e=oom_score_adj&p=%2Fproc%2F31849 HTTP/2.0" 200 1983 "https://www.lordritzy.com.lab2454.com/whsy.php?p=%2Fproc%2F31849" "Mozilla/5.0 AppleWebKit/537.36 (KHTML, like Gecko; compatible; GPTBot/1.3; +https://openai.com/gptbot)"
74.7.241.42 - - [02/Mar/2026:19:42:43 +0000] "GET /whsy.php?e=ksm_stat&p=%2Fproc%2F31849 HTTP/2.0" 200 2012 "https://www.lordritzy.com.lab2454.com/whsy.php?p=%2Fproc%2F31849" "Mozilla/5.0 AppleWebKit/537.36 (KHTML, like Gecko; compatible; GPTBot/1.3; +https://openai.com/gptbot)"
74.7.241.42 - - [02/Mar/2026:19:43:50 +0000] "GET /whsy.php?e=cmdline&p=%2Fproc%2F31338 HTTP/2.0" 200 830 "https://www.lordritzy.com.lab2454.com/whsy.php?p=%2Fproc%2F31338" "Mozilla/5.0 AppleWebKit/537.36 (KHTML, like Gecko; compatible; GPTBot/1.3; +https://openai.com/gptbot)"
74.7.228.61 - - [02/Mar/2026:19:43:51 +0000] "GET /robots.txt HTTP/2.0" 404 - "-" "Mozilla/5.0 (Macintosh; Intel Mac OS X 10_15_7) AppleWebKit/537.36 (KHTML, like Gecko) Chrome/131.0.0.0 Safari/537.36; compatible; OAI-SearchBot/1.3; robots.txt; +https://openai.com/searchbot"
74.7.241.42 - - [02/Mar/2026:19:45:18 +0000] "GET /whsy.php?e=ksm_stat&p=%2Fproc%2F30528 HTTP/2.0" 200 830 "https://www.lordritzy.com.lab2454.com/whsy.php?p=%2Fproc%2F30528" "Mozilla/5.0 AppleWebKit/537.36 (KHTML, like Gecko; compatible; GPTBot/1.3; +https://openai.com/gptbot)"
74.7.241.42 - - [02/Mar/2026:19:46:36 +0000] "GET /whsy.php?e=oom_score_adj&p=%2Fproc%2F31338 HTTP/2.0" 200 830 "https://www.lordritzy.com.lab2454.com/whsy.php?p=%2Fproc%2F31338" "Mozilla/5.0 AppleWebKit/537.36 (KHTML, like Gecko; compatible; GPTBot/1.3; +https://openai.com/gptbot)"
74.7.241.42 - - [02/Mar/2026:19:47:59 +0000] "GET /whsy.php?e=personality&p=%2Fproc%2F31338 HTTP/2.0" 200 830 "https://www.lordritzy.com.lab2454.com/whsy.php?p=%2Fproc%2F31338" "Mozilla/5.0 AppleWebKit/537.36 (KHTML, like Gecko; compatible; GPTBot/1.3; +https://openai.com/gptbot)"
74.7.241.42 - - [02/Mar/2026:19:49:34 +0000] "GET /whsy.php?e=oom_score_adj&p=%2Fproc%2F30528 HTTP/2.0" 200 830 "https://www.lordritzy.com.lab2454.com/whsy.php?p=%2Fproc%2F30528" "Mozilla/5.0 AppleWebKit/537.36 (KHTML, like Gecko; compatible; GPTBot/1.3; +https://openai.com/gptbot)"
74.7.228.61 - - [02/Mar/2026:19:49:35 +0000] "GET /robots.txt HTTP/2.0" 404 - "-" "Mozilla/5.0 (Macintosh; Intel Mac OS X 10_15_7) AppleWebKit/537.36 (KHTML, like Gecko) Chrome/131.0.0.0 Safari/537.36; compatible; OAI-SearchBot/1.3; robots.txt; +https://openai.com/searchbot"
74.7.241.42 - - [02/Mar/2026:19:51:19 +0000] "GET /whsy.php?e=root&p=%2Fproc%2F31338 HTTP/2.0" 200 830 "https://www.lordritzy.com.lab2454.com/whsy.php?p=%2Fproc%2F31338" "Mozilla/5.0 AppleWebKit/537.36 (KHTML, like Gecko; compatible; GPTBot/1.3; +https://openai.com/gptbot)"
74.7.241.42 - - [02/Mar/2026:19:52:38 +0000] "GET /whsy.php?e=comm&p=%2Fproc%2F31338 HTTP/2.0" 200 830 "https://www.lordritzy.com.lab2454.com/whsy.php?p=%2Fproc%2F31338" "Mozilla/5.0 AppleWebKit/537.36 (KHTML, like Gecko; compatible; GPTBot/1.3; +https://openai.com/gptbot)"
74.7.241.42 - - [02/Mar/2026:19:53:48 +0000] "GET /whsy.php?e=maps&p=%2Fproc%2F31338 HTTP/2.0" 200 830 "https://www.lordritzy.com.lab2454.com/whsy.php?p=%2Fproc%2F31338" "Mozilla/5.0 AppleWebKit/537.36 (KHTML, like Gecko; compatible; GPTBot/1.3; +https://openai.com/gptbot)"
74.7.241.42 - - [02/Mar/2026:19:54:59 +0000] "GET /whsy.php?e=cgroup&p=%2Fproc%2F31338 HTTP/2.0" 200 830 "https://www.lordritzy.com.lab2454.com/whsy.php?p=%2Fproc%2F31338" "Mozilla/5.0 AppleWebKit/537.36 (KHTML, like Gecko; compatible; GPTBot/1.3; +https://openai.com/gptbot)"
74.7.228.61 - - [02/Mar/2026:19:55:00 +0000] "GET /robots.txt HTTP/2.0" 404 - "-" "Mozilla/5.0 (Macintosh; Intel Mac OS X 10_15_7) AppleWebKit/537.36 (KHTML, like Gecko) Chrome/131.0.0.0 Safari/537.36; compatible; OAI-SearchBot/1.3; robots.txt; +https://openai.com/searchbot"
74.7.241.42 - - [02/Mar/2026:19:56:16 +0000] "GET /whsy.php?e=cpuset&p=%2Fproc%2F31338 HTTP/2.0" 200 830 "https://www.lordritzy.com.lab2454.com/whsy.php?p=%2Fproc%2F31338" "Mozilla/5.0 AppleWebKit/537.36 (KHTML, like Gecko; compatible; GPTBot/1.3; +https://openai.com/gptbot)"
74.7.241.42 - - [02/Mar/2026:19:57:25 +0000] "GET /whsy.php?e=cmdline&p=%2Fproc%2F31849 HTTP/2.0" 200 2115 "https://www.lordritzy.com.lab2454.com/whsy.php?p=%2Fproc%2F31849" "Mozilla/5.0 AppleWebKit/537.36 (KHTML, like Gecko; compatible; GPTBot/1.3; +https://openai.com/gptbot)"
74.7.241.42 - - [02/Mar/2026:19:58:36 +0000] "GET /whsy.php?e=timens_offsets&p=%2Fproc%2F30528 HTTP/2.0" 200 830 "https://www.lordritzy.com.lab2454.com/whsy.php?p=%2Fproc%2F30528" "Mozilla/5.0 AppleWebKit/537.36 (KHTML, like Gecko; compatible; GPTBot/1.3; +https://openai.com/gptbot)"
74.7.241.42 - - [02/Mar/2026:20:00:02 +0000] "GET /whsy.php?e=cmdline&p=%2Fproc%2F30528 HTTP/2.0" 200 830 "https://www.lordritzy.com.lab2454.com/whsy.php?p=%2Fproc%2F30528" "Mozilla/5.0 AppleWebKit/537.36 (KHTML, like Gecko; compatible; GPTBot/1.3; +https://openai.com/gptbot)"
74.7.228.61 - - [02/Mar/2026:20:00:04 +0000] "GET /robots.txt HTTP/2.0" 404 - "-" "Mozilla/5.0 (Macintosh; Intel Mac OS X 10_15_7) AppleWebKit/537.36 (KHTML, like Gecko) Chrome/131.0.0.0 Safari/537.36; compatible; OAI-SearchBot/1.3; robots.txt; +https://openai.com/searchbot"
74.7.241.42 - - [02/Mar/2026:20:01:13 +0000] "GET /whsy.php?e=environ&p=%2Fproc%2F31849 HTTP/2.0" 200 2079 "https://www.lordritzy.com.lab2454.com/whsy.php?p=%2Fproc%2F31849" "Mozilla/5.0 AppleWebKit/537.36 (KHTML, like Gecko; compatible; GPTBot/1.3; +https://openai.com/gptbot)"
74.7.241.42 - - [02/Mar/2026:20:02:38 +0000] "GET /whsy.php?e=timens_offsets&p=%2Fproc%2F31338 HTTP/2.0" 200 830 "https://www.lordritzy.com.lab2454.com/whsy.php?p=%2Fproc%2F31338" "Mozilla/5.0 AppleWebKit/537.36 (KHTML, like Gecko; compatible; GPTBot/1.3; +https://openai.com/gptbot)"
74.7.241.42 - - [02/Mar/2026:20:03:50 +0000] "GET /whsy.php?e=smaps_rollup&p=%2Fproc%2F31849 HTTP/2.0" 200 2233 "https://www.lordritzy.com.lab2454.com/whsy.php?p=%2Fproc%2F31849" "Mozilla/5.0 AppleWebKit/537.36 (KHTML, like Gecko; compatible; GPTBot/1.3; +https://openai.com/gptbot)"
74.7.241.42 - - [02/Mar/2026:20:05:19 +0000] "GET /whsy.php?e=io&p=%2Fproc%2F31338 HTTP/2.0" 200 830 "https://www.lordritzy.com.lab2454.com/whsy.php?p=%2Fproc%2F31338" "Mozilla/5.0 AppleWebKit/537.36 (KHTML, like Gecko; compatible; GPTBot/1.3; +https://openai.com/gptbot)"
74.7.241.42 - - [02/Mar/2026:20:06:32 +0000] "GET /whsy.php?e=personality&p=%2Fproc%2F31849 HTTP/2.0" 200 1981 "https://www.lordritzy.com.lab2454.com/whsy.php?p=%2Fproc%2F31849" "Mozilla/5.0 AppleWebKit/537.36 (KHTML, like Gecko; compatible; GPTBot/1.3; +https://openai.com/gptbot)"
74.7.241.42 - - [02/Mar/2026:20:08:01 +0000] "GET /whsy.php?e=mem&p=%2Fproc%2F30528 HTTP/2.0" 200 830 "https://www.lordritzy.com.lab2454.com/whsy.php?p=%2Fproc%2F30528" "Mozilla/5.0 AppleWebKit/537.36 (KHTML, like Gecko; compatible; GPTBot/1.3; +https://openai.com/gptbot)"
74.7.241.42 - - [02/Mar/2026:20:09:21 +0000] "GET /whsy.php?e=personality&p=%2Fproc%2F30528 HTTP/2.0" 200 830 "https://www.lordritzy.com.lab2454.com/whsy.php?p=%2Fproc%2F30528" "Mozilla/5.0 AppleWebKit/537.36 (KHTML, like Gecko; compatible; GPTBot/1.3; +https://openai.com/gptbot)"
74.7.241.42 - - [02/Mar/2026:20:10:46 +0000] "GET /whsy.php?e=clear_refs&p=%2Fproc%2F31849 HTTP/2.0" 200 1907 "https://www.lordritzy.com.lab2454.com/whsy.php?p=%2Fproc%2F31849" "Mozilla/5.0 AppleWebKit/537.36 (KHTML, like Gecko; compatible; GPTBot/1.3; +https://openai.com/gptbot)"
74.7.228.61 - - [02/Mar/2026:20:10:47 +0000] "GET /robots.txt HTTP/2.0" 404 - "-" "Mozilla/5.0 (Macintosh; Intel Mac OS X 10_15_7) AppleWebKit/537.36 (KHTML, like Gecko) Chrome/131.0.0.0 Safari/537.36; compatible; OAI-SearchBot/1.3; robots.txt; +https://openai.com/searchbot"
74.7.241.42 - - [02/Mar/2026:20:11:54 +0000] "GET /whsy.php?e=sched&p=%2Fproc%2F30528 HTTP/2.0" 200 830 "https://www.lordritzy.com.lab2454.com/whsy.php?p=%2Fproc%2F30528" "Mozilla/5.0 AppleWebKit/537.36 (KHTML, like Gecko; compatible; GPTBot/1.3; +https://openai.com/gptbot)"
74.7.241.42 - - [02/Mar/2026:20:13:16 +0000] "GET /whsy.php?e=wchan&p=%2Fproc%2F31338 HTTP/2.0" 200 830 "https://www.lordritzy.com.lab2454.com/whsy.php?p=%2Fproc%2F31338" "Mozilla/5.0 AppleWebKit/537.36 (KHTML, like Gecko; compatible; GPTBot/1.3; +https://openai.com/gptbot)"
74.7.241.42 - - [02/Mar/2026:20:14:32 +0000] "GET /whsy.php?e=smaps&p=%2Fproc%2F30528 HTTP/2.0" 200 830 "https://www.lordritzy.com.lab2454.com/whsy.php?p=%2Fproc%2F30528" "Mozilla/5.0 AppleWebKit/537.36 (KHTML, like Gecko; compatible; GPTBot/1.3; +https://openai.com/gptbot)"
74.7.241.42 - - [02/Mar/2026:20:16:04 +0000] "GET /whsy.php?e=environ&p=%2Fproc%2F31338 HTTP/2.0" 200 830 "https://www.lordritzy.com.lab2454.com/whsy.php?p=%2Fproc%2F31338" "Mozilla/5.0 AppleWebKit/537.36 (KHTML, like Gecko; compatible; GPTBot/1.3; +https://openai.com/gptbot)"
74.7.228.61 - - [02/Mar/2026:20:16:05 +0000] "GET /robots.txt HTTP/2.0" 404 - "-" "Mozilla/5.0 (Macintosh; Intel Mac OS X 10_15_7) AppleWebKit/537.36 (KHTML, like Gecko) Chrome/131.0.0.0 Safari/537.36; compatible; OAI-SearchBot/1.3; robots.txt; +https://openai.com/searchbot"
74.7.241.42 - - [02/Mar/2026:20:17:21 +0000] "GET /whsy.php?e=pagemap&p=%2Fproc%2F31849 HTTP/2.0" 200 560 "https://www.lordritzy.com.lab2454.com/whsy.php?p=%2Fproc%2F31849" "Mozilla/5.0 AppleWebKit/537.36 (KHTML, like Gecko; compatible; GPTBot/1.3; +https://openai.com/gptbot)"
74.7.241.42 - - [02/Mar/2026:20:18:51 +0000] "GET /whsy.php?e=environ&p=%2Fproc%2F30528 HTTP/2.0" 200 830 "https://www.lordritzy.com.lab2454.com/whsy.php?p=%2Fproc%2F30528" "Mozilla/5.0 AppleWebKit/537.36 (KHTML, like Gecko; compatible; GPTBot/1.3; +https://openai.com/gptbot)"
74.7.241.42 - - [02/Mar/2026:20:19:59 +0000] "GET /whsy.php?e=syscall&p=%2Fproc%2F31849 HTTP/2.0" 200 2018 "https://www.lordritzy.com.lab2454.com/whsy.php?p=%2Fproc%2F31849" "Mozilla/5.0 AppleWebKit/537.36 (KHTML, like Gecko; compatible; GPTBot/1.3; +https://openai.com/gptbot)"
74.7.241.42 - - [02/Mar/2026:20:21:30 +0000] "GET /whsy.php?p=%2Fproc%2F14781 HTTP/2.0" 200 830 "https://www.lordritzy.com.lab2454.com/whsy.php?e=2672&p=%2Fproc" "Mozilla/5.0 AppleWebKit/537.36 (KHTML, like Gecko; compatible; GPTBot/1.3; +https://openai.com/gptbot)"
74.7.228.61 - - [02/Mar/2026:20:21:31 +0000] "GET /robots.txt HTTP/2.0" 404 - "-" "Mozilla/5.0 (Macintosh; Intel Mac OS X 10_15_7) AppleWebKit/537.36 (KHTML, like Gecko) Chrome/131.0.0.0 Safari/537.36; compatible; OAI-SearchBot/1.3; robots.txt; +https://openai.com/searchbot"
74.7.241.42 - - [02/Mar/2026:20:22:52 +0000] "GET /whsy.php?p=%2Fproc%2F14867 HTTP/2.0" 200 830 "https://www.lordritzy.com.lab2454.com/whsy.php?e=2672&p=%2Fproc" "Mozilla/5.0 AppleWebKit/537.36 (KHTML, like Gecko; compatible; GPTBot/1.3; +https://openai.com/gptbot)"
74.7.241.42 - - [02/Mar/2026:20:24:31 +0000] "GET /whsy.php?p=%2Fproc%2F14863 HTTP/2.0" 200 830 "https://www.lordritzy.com.lab2454.com/whsy.php?e=2672&p=%2Fproc" "Mozilla/5.0 AppleWebKit/537.36 (KHTML, like Gecko; compatible; GPTBot/1.3; +https://openai.com/gptbot)"
74.7.241.42 - - [02/Mar/2026:20:25:56 +0000] "GET /whsy.php?p=%2Fproc%2F14855 HTTP/2.0" 200 830 "https://www.lordritzy.com.lab2454.com/whsy.php?e=2672&p=%2Fproc" "Mozilla/5.0 AppleWebKit/537.36 (KHTML, like Gecko; compatible; GPTBot/1.3; +https://openai.com/gptbot)"
74.7.241.42 - - [02/Mar/2026:20:27:49 +0000] "GET /whsy.php?p=%2Fproc%2F14882 HTTP/2.0" 200 830 "https://www.lordritzy.com.lab2454.com/whsy.php?e=2672&p=%2Fproc" "Mozilla/5.0 AppleWebKit/537.36 (KHTML, like Gecko; compatible; GPTBot/1.3; +https://openai.com/gptbot)"
74.7.228.61 - - [02/Mar/2026:20:27:50 +0000] "GET /robots.txt HTTP/2.0" 404 - "-" "Mozilla/5.0 (Macintosh; Intel Mac OS X 10_15_7) AppleWebKit/537.36 (KHTML, like Gecko) Chrome/131.0.0.0 Safari/537.36; compatible; OAI-SearchBot/1.3; robots.txt; +https://openai.com/searchbot"
74.7.241.42 - - [02/Mar/2026:20:29:22 +0000] "GET /whsy.php?p=%2Fproc%2F16988 HTTP/2.0" 200 830 "https://www.lordritzy.com.lab2454.com/whsy.php?p=%2Fproc%2F29782%2F.." "Mozilla/5.0 AppleWebKit/537.36 (KHTML, like Gecko; compatible; GPTBot/1.3; +https://openai.com/gptbot)"
195.178.110.34 - - [02/Mar/2026:20:30:24 +0000] "GET / HTTP/1.1" 503 - "-" "-"
195.178.110.34 - - [02/Mar/2026:20:30:26 +0000] "GET / HTTP/1.1" 503 - "-" "-"
195.178.110.34 - - [02/Mar/2026:20:30:29 +0000] "GET / HTTP/1.1" 503 - "-" "-"
74.7.241.42 - - [02/Mar/2026:20:31:18 +0000] "GET /whsy.php?p=%2Fproc%2F11833 HTTP/2.0" 200 830 "https://www.lordritzy.com.lab2454.com/whsy.php?p=%2Fproc%2F29775%2F.." "Mozilla/5.0 AppleWebKit/537.36 (KHTML, like Gecko; compatible; GPTBot/1.3; +https://openai.com/gptbot)"
74.7.241.42 - - [02/Mar/2026:20:32:51 +0000] "GET /whsy.php?p=%2Fproc%2F10277 HTTP/2.0" 200 1936 "https://www.lordritzy.com.lab2454.com/whsy.php?p=%2Fproc%2F29782%2F.." "Mozilla/5.0 AppleWebKit/537.36 (KHTML, like Gecko; compatible; GPTBot/1.3; +https://openai.com/gptbot)"
74.7.228.61 - - [02/Mar/2026:20:32:52 +0000] "GET /robots.txt HTTP/2.0" 404 - "-" "Mozilla/5.0 (Macintosh; Intel Mac OS X 10_15_7) AppleWebKit/537.36 (KHTML, like Gecko) Chrome/131.0.0.0 Safari/537.36; compatible; OAI-SearchBot/1.3; robots.txt; +https://openai.com/searchbot"
74.7.241.42 - - [02/Mar/2026:20:34:30 +0000] "GET /whsy.php?p=%2Fproc%2F31957 HTTP/2.0" 200 1936 "https://www.lordritzy.com.lab2454.com/whsy.php?p=%2Fproc%2F29566%2F.." "Mozilla/5.0 AppleWebKit/537.36 (KHTML, like Gecko; compatible; GPTBot/1.3; +https://openai.com/gptbot)"
74.7.241.42 - - [02/Mar/2026:20:35:50 +0000] "GET /whsy.php?p=%2Fproc%2F31958 HTTP/2.0" 200 1935 "https://www.lordritzy.com.lab2454.com/whsy.php?p=%2Fproc%2F29566%2F.." "Mozilla/5.0 AppleWebKit/537.36 (KHTML, like Gecko; compatible; GPTBot/1.3; +https://openai.com/gptbot)"
74.7.241.42 - - [02/Mar/2026:20:37:21 +0000] "GET /whsy.php?p=%2Fproc%2F16903 HTTP/2.0" 200 830 "https://www.lordritzy.com.lab2454.com/whsy.php?p=%2Fproc%2F29782%2F.." "Mozilla/5.0 AppleWebKit/537.36 (KHTML, like Gecko; compatible; GPTBot/1.3; +https://openai.com/gptbot)"
74.7.241.42 - - [02/Mar/2026:20:38:47 +0000] "GET /whsy.php?p=%2Fproc%2F16910 HTTP/2.0" 200 830 "https://www.lordritzy.com.lab2454.com/whsy.php?p=%2Fproc%2F29782%2F.." "Mozilla/5.0 AppleWebKit/537.36 (KHTML, like Gecko; compatible; GPTBot/1.3; +https://openai.com/gptbot)"
74.7.228.61 - - [02/Mar/2026:20:38:48 +0000] "GET /robots.txt HTTP/2.0" 404 - "-" "Mozilla/5.0 (Macintosh; Intel Mac OS X 10_15_7) AppleWebKit/537.36 (KHTML, like Gecko) Chrome/131.0.0.0 Safari/537.36; compatible; OAI-SearchBot/1.3; robots.txt; +https://openai.com/searchbot"
74.7.241.42 - - [02/Mar/2026:20:40:17 +0000] "GET /whsy.php?p=%2Fproc%2F11843 HTTP/2.0" 200 830 "https://www.lordritzy.com.lab2454.com/whsy.php?p=%2Fproc%2F29775%2F.." "Mozilla/5.0 AppleWebKit/537.36 (KHTML, like Gecko; compatible; GPTBot/1.3; +https://openai.com/gptbot)"
74.7.241.42 - - [02/Mar/2026:20:41:57 +0000] "GET /whsy.php?p=%2Fproc%2F13383 HTTP/2.0" 200 830 "https://www.lordritzy.com.lab2454.com/whsy.php?p=%2Fproc%2F29782%2F.." "Mozilla/5.0 AppleWebKit/537.36 (KHTML, like Gecko; compatible; GPTBot/1.3; +https://openai.com/gptbot)"
74.7.241.42 - - [02/Mar/2026:20:43:26 +0000] "GET /whsy.php?p=%2Fproc%2F11456 HTTP/2.0" 200 1936 "https://www.lordritzy.com.lab2454.com/whsy.php?p=%2Fproc%2F29782%2F.." "Mozilla/5.0 AppleWebKit/537.36 (KHTML, like Gecko; compatible; GPTBot/1.3; +https://openai.com/gptbot)"
74.7.228.61 - - [02/Mar/2026:20:44:04 +0000] "GET /robots.txt HTTP/2.0" 404 - "-" "Mozilla/5.0 (Macintosh; Intel Mac OS X 10_15_7) AppleWebKit/537.36 (KHTML, like Gecko) Chrome/131.0.0.0 Safari/537.36; compatible; OAI-SearchBot/1.3; robots.txt; +https://openai.com/searchbot"
74.7.241.42 - - [02/Mar/2026:20:45:04 +0000] "GET /whsy.php?p=%2Fproc%2F14854 HTTP/2.0" 200 830 "https://www.lordritzy.com.lab2454.com/whsy.php?e=2672&p=%2Fproc" "Mozilla/5.0 AppleWebKit/537.36 (KHTML, like Gecko; compatible; GPTBot/1.3; +https://openai.com/gptbot)"
74.7.241.42 - - [02/Mar/2026:20:46:49 +0000] "GET /whsy.php?p=%2Fproc%2F16989 HTTP/2.0" 200 830 "https://www.lordritzy.com.lab2454.com/whsy.php?p=%2Fproc%2F29782%2F.." "Mozilla/5.0 AppleWebKit/537.36 (KHTML, like Gecko; compatible; GPTBot/1.3; +https://openai.com/gptbot)"
74.7.241.42 - - [02/Mar/2026:20:48:29 +0000] "GET /whsy.php?p=%2Fproc%2F14864 HTTP/2.0" 200 830 "https://www.lordritzy.com.lab2454.com/whsy.php?e=2672&p=%2Fproc" "Mozilla/5.0 AppleWebKit/537.36 (KHTML, like Gecko; compatible; GPTBot/1.3; +https://openai.com/gptbot)"
74.7.241.42 - - [02/Mar/2026:20:49:57 +0000] "GET /whsy.php?e=mountinfo&p=%2Fproc%2F10277 HTTP/2.0" 200 2951 "https://www.lordritzy.com.lab2454.com/whsy.php?p=%2Fproc%2F10277" "Mozilla/5.0 AppleWebKit/537.36 (KHTML, like Gecko; compatible; GPTBot/1.3; +https://openai.com/gptbot)"
74.7.228.61 - - [02/Mar/2026:20:49:58 +0000] "GET /robots.txt HTTP/2.0" 404 - "-" "Mozilla/5.0 (Macintosh; Intel Mac OS X 10_15_7) AppleWebKit/537.36 (KHTML, like Gecko) Chrome/131.0.0.0 Safari/537.36; compatible; OAI-SearchBot/1.3; robots.txt; +https://openai.com/searchbot"
74.7.241.42 - - [02/Mar/2026:20:51:39 +0000] "GET /whsy.php?e=timerslack_ns&p=%2Fproc%2F31957 HTTP/2.0" 200 2008 "https://www.lordritzy.com.lab2454.com/whsy.php?p=%2Fproc%2F31957" "Mozilla/5.0 AppleWebKit/537.36 (KHTML, like Gecko; compatible; GPTBot/1.3; +https://openai.com/gptbot)"
74.7.241.42 - - [02/Mar/2026:20:53:21 +0000] "GET /whsy.php?e=clear_refs&p=%2Fproc%2F31958 HTTP/2.0" 200 1935 "https://www.lordritzy.com.lab2454.com/whsy.php?p=%2Fproc%2F31958" "Mozilla/5.0 AppleWebKit/537.36 (KHTML, like Gecko; compatible; GPTBot/1.3; +https://openai.com/gptbot)"
74.7.241.42 - - [02/Mar/2026:20:55:00 +0000] "GET /whsy.php?e=timerslack_ns&p=%2Fproc%2F31958 HTTP/2.0" 200 2007 "https://www.lordritzy.com.lab2454.com/whsy.php?p=%2Fproc%2F31958" "Mozilla/5.0 AppleWebKit/537.36 (KHTML, like Gecko; compatible; GPTBot/1.3; +https://openai.com/gptbot)"
74.7.228.61 - - [02/Mar/2026:20:55:02 +0000] "GET /robots.txt HTTP/2.0" 404 - "-" "Mozilla/5.0 (Macintosh; Intel Mac OS X 10_15_7) AppleWebKit/537.36 (KHTML, like Gecko) Chrome/131.0.0.0 Safari/537.36; compatible; OAI-SearchBot/1.3; robots.txt; +https://openai.com/searchbot"
74.7.241.42 - - [02/Mar/2026:20:56:55 +0000] "GET /whsy.php?e=stack&p=%2Fproc%2F31958 HTTP/2.0" 200 1935 "https://www.lordritzy.com.lab2454.com/whsy.php?p=%2Fproc%2F31958" "Mozilla/5.0 AppleWebKit/537.36 (KHTML, like Gecko; compatible; GPTBot/1.3; +https://openai.com/gptbot)"
74.7.241.42 - - [02/Mar/2026:20:59:14 +0000] "GET /whsy.php?e=statm&p=%2Fproc%2F31958 HTTP/2.0" 200 2033 "https://www.lordritzy.com.lab2454.com/whsy.php?p=%2Fproc%2F31958" "Mozilla/5.0 AppleWebKit/537.36 (KHTML, like Gecko; compatible; GPTBot/1.3; +https://openai.com/gptbot)"
74.7.241.42 - - [02/Mar/2026:21:01:48 +0000] "GET /whsy.php?e=statm&p=%2Fproc%2F31957 HTTP/2.0" 200 2034 "https://www.lordritzy.com.lab2454.com/whsy.php?p=%2Fproc%2F31957" "Mozilla/5.0 AppleWebKit/537.36 (KHTML, like Gecko; compatible; GPTBot/1.3; +https://openai.com/gptbot)"
74.7.228.61 - - [02/Mar/2026:21:01:49 +0000] "GET /robots.txt HTTP/2.0" 404 - "-" "Mozilla/5.0 (Macintosh; Intel Mac OS X 10_15_7) AppleWebKit/537.36 (KHTML, like Gecko) Chrome/131.0.0.0 Safari/537.36; compatible; OAI-SearchBot/1.3; robots.txt; +https://openai.com/searchbot"
74.7.241.42 - - [02/Mar/2026:21:03:52 +0000] "GET /whsy.php?e=stack&p=%2Fproc%2F31957 HTTP/2.0" 200 1936 "https://www.lordritzy.com.lab2454.com/whsy.php?p=%2Fproc%2F31957" "Mozilla/5.0 AppleWebKit/537.36 (KHTML, like Gecko; compatible; GPTBot/1.3; +https://openai.com/gptbot)"
74.7.241.42 - - [02/Mar/2026:21:06:35 +0000] "GET /whsy.php?e=schedstat&p=%2Fproc%2F31957 HTTP/2.0" 200 2036 "https://www.lordritzy.com.lab2454.com/whsy.php?p=%2Fproc%2F31957" "Mozilla/5.0 AppleWebKit/537.36 (KHTML, like Gecko; compatible; GPTBot/1.3; +https://openai.com/gptbot)"
74.7.241.42 - - [02/Mar/2026:21:08:57 +0000] "GET /whsy.php?e=schedstat&p=%2Fproc%2F31958 HTTP/2.0" 200 2034 "https://www.lordritzy.com.lab2454.com/whsy.php?p=%2Fproc%2F31958" "Mozilla/5.0 AppleWebKit/537.36 (KHTML, like Gecko; compatible; GPTBot/1.3; +https://openai.com/gptbot)"
74.7.241.42 - - [02/Mar/2026:21:11:31 +0000] "GET /whsy.php?e=mem&p=%2Fproc%2F31958 HTTP/2.0" 200 1935 "https://www.lordritzy.com.lab2454.com/whsy.php?p=%2Fproc%2F31958" "Mozilla/5.0 AppleWebKit/537.36 (KHTML, like Gecko; compatible; GPTBot/1.3; +https://openai.com/gptbot)"
74.7.241.42 - - [02/Mar/2026:21:13:41 +0000] "GET /whsy.php?e=cwd&p=%2Fproc%2F31957 HTTP/2.0" 200 1936 "https://www.lordritzy.com.lab2454.com/whsy.php?p=%2Fproc%2F31957" "Mozilla/5.0 AppleWebKit/537.36 (KHTML, like Gecko; compatible; GPTBot/1.3; +https://openai.com/gptbot)"
74.7.241.42 - - [02/Mar/2026:21:15:40 +0000] "GET /whsy.php?e=cwd&p=%2Fproc%2F31958 HTTP/2.0" 200 1935 "https://www.lordritzy.com.lab2454.com/whsy.php?p=%2Fproc%2F31958" "Mozilla/5.0 AppleWebKit/537.36 (KHTML, like Gecko; compatible; GPTBot/1.3; +https://openai.com/gptbot)"
74.7.228.61 - - [02/Mar/2026:21:15:41 +0000] "GET /robots.txt HTTP/2.0" 404 - "-" "Mozilla/5.0 (Macintosh; Intel Mac OS X 10_15_7) AppleWebKit/537.36 (KHTML, like Gecko) Chrome/131.0.0.0 Safari/537.36; compatible; OAI-SearchBot/1.3; robots.txt; +https://openai.com/searchbot"
74.7.241.42 - - [02/Mar/2026:21:18:02 +0000] "GET /whsy.php?e=mem&p=%2Fproc%2F31957 HTTP/2.0" 200 1936 "https://www.lordritzy.com.lab2454.com/whsy.php?p=%2Fproc%2F31957" "Mozilla/5.0 AppleWebKit/537.36 (KHTML, like Gecko; compatible; GPTBot/1.3; +https://openai.com/gptbot)"
74.7.241.42 - - [02/Mar/2026:21:20:27 +0000] "GET /whsy.php?e=smaps&p=%2Fproc%2F31958 HTTP/2.0" 200 2121 "https://www.lordritzy.com.lab2454.com/whsy.php?p=%2Fproc%2F31958" "Mozilla/5.0 AppleWebKit/537.36 (KHTML, like Gecko; compatible; GPTBot/1.3; +https://openai.com/gptbot)"
74.7.241.42 - - [02/Mar/2026:21:23:01 +0000] "GET /whsy.php?e=smaps&p=%2Fproc%2F31957 HTTP/2.0" 200 2122 "https://www.lordritzy.com.lab2454.com/whsy.php?p=%2Fproc%2F31957" "Mozilla/5.0 AppleWebKit/537.36 (KHTML, like Gecko; compatible; GPTBot/1.3; +https://openai.com/gptbot)"
74.7.228.61 - - [02/Mar/2026:21:23:02 +0000] "GET /robots.txt HTTP/2.0" 404 - "-" "Mozilla/5.0 (Macintosh; Intel Mac OS X 10_15_7) AppleWebKit/537.36 (KHTML, like Gecko) Chrome/131.0.0.0 Safari/537.36; compatible; OAI-SearchBot/1.3; robots.txt; +https://openai.com/searchbot"
74.7.241.42 - - [02/Mar/2026:21:25:27 +0000] "GET /whsy.php?e=mountinfo&p=%2Fproc%2F11456 HTTP/2.0" 200 2988 "https://www.lordritzy.com.lab2454.com/whsy.php?p=%2Fproc%2F11456" "Mozilla/5.0 AppleWebKit/537.36 (KHTML, like Gecko; compatible; GPTBot/1.3; +https://openai.com/gptbot)"
74.7.241.42 - - [02/Mar/2026:21:27:58 +0000] "GET /whsy.php?e=mountinfo&p=%2Fproc%2F31957 HTTP/2.0" 200 2950 "https://www.lordritzy.com.lab2454.com/whsy.php?p=%2Fproc%2F31957" "Mozilla/5.0 AppleWebKit/537.36 (KHTML, like Gecko; compatible; GPTBot/1.3; +https://openai.com/gptbot)"
74.7.241.42 - - [02/Mar/2026:21:30:51 +0000] "GET /whsy.php?e=mountinfo&p=%2Fproc%2F31958 HTTP/2.0" 200 2949 "https://www.lordritzy.com.lab2454.com/whsy.php?p=%2Fproc%2F31958" "Mozilla/5.0 AppleWebKit/537.36 (KHTML, like Gecko; compatible; GPTBot/1.3; +https://openai.com/gptbot)"
74.7.228.61 - - [02/Mar/2026:21:30:52 +0000] "GET /robots.txt HTTP/2.0" 404 - "-" "Mozilla/5.0 (Macintosh; Intel Mac OS X 10_15_7) AppleWebKit/537.36 (KHTML, like Gecko) Chrome/131.0.0.0 Safari/537.36; compatible; OAI-SearchBot/1.3; robots.txt; +https://openai.com/searchbot"
74.7.241.42 - - [02/Mar/2026:21:33:34 +0000] "GET /whsy.php?e=timerslack_ns&p=%2Fproc%2F11456 HTTP/2.0" 200 2007 "https://www.lordritzy.com.lab2454.com/whsy.php?p=%2Fproc%2F11456" "Mozilla/5.0 AppleWebKit/537.36 (KHTML, like Gecko; compatible; GPTBot/1.3; +https://openai.com/gptbot)"
74.7.241.42 - - [02/Mar/2026:21:35:52 +0000] "GET /whsy.php?e=autogroup&p=%2Fproc%2F31958 HTTP/2.0" 200 2020 "https://www.lordritzy.com.lab2454.com/whsy.php?p=%2Fproc%2F31958" "Mozilla/5.0 AppleWebKit/537.36 (KHTML, like Gecko; compatible; GPTBot/1.3; +https://openai.com/gptbot)"
74.7.228.61 - - [02/Mar/2026:21:35:52 +0000] "GET /robots.txt HTTP/2.0" 404 - "-" "Mozilla/5.0 (Macintosh; Intel Mac OS X 10_15_7) AppleWebKit/537.36 (KHTML, like Gecko) Chrome/131.0.0.0 Safari/537.36; compatible; OAI-SearchBot/1.3; robots.txt; +https://openai.com/searchbot"
74.7.241.42 - - [02/Mar/2026:21:38:21 +0000] "GET /whsy.php?e=autogroup&p=%2Fproc%2F31957 HTTP/2.0" 200 2021 "https://www.lordritzy.com.lab2454.com/whsy.php?p=%2Fproc%2F31957" "Mozilla/5.0 AppleWebKit/537.36 (KHTML, like Gecko; compatible; GPTBot/1.3; +https://openai.com/gptbot)"
74.7.241.42 - - [02/Mar/2026:21:40:28 +0000] "GET /whsy.php?e=statm&p=%2Fproc%2F11456 HTTP/2.0" 200 2030 "https://www.lordritzy.com.lab2454.com/whsy.php?p=%2Fproc%2F11456" "Mozilla/5.0 AppleWebKit/537.36 (KHTML, like Gecko; compatible; GPTBot/1.3; +https://openai.com/gptbot)"
74.7.241.42 - - [02/Mar/2026:21:42:54 +0000] "GET /whsy.php?e=stack&p=%2Fproc%2F11456 HTTP/2.0" 200 1936 "https://www.lordritzy.com.lab2454.com/whsy.php?p=%2Fproc%2F11456" "Mozilla/5.0 AppleWebKit/537.36 (KHTML, like Gecko; compatible; GPTBot/1.3; +https://openai.com/gptbot)"
74.7.228.61 - - [02/Mar/2026:21:42:55 +0000] "GET /robots.txt HTTP/2.0" 404 - "-" "Mozilla/5.0 (Macintosh; Intel Mac OS X 10_15_7) AppleWebKit/537.36 (KHTML, like Gecko) Chrome/131.0.0.0 Safari/537.36; compatible; OAI-SearchBot/1.3; robots.txt; +https://openai.com/searchbot"
74.7.241.42 - - [02/Mar/2026:21:45:47 +0000] "GET /whsy.php?e=wchan&p=%2Fproc%2F31958 HTTP/2.0" 200 2005 "https://www.lordritzy.com.lab2454.com/whsy.php?p=%2Fproc%2F31958" "Mozilla/5.0 AppleWebKit/537.36 (KHTML, like Gecko; compatible; GPTBot/1.3; +https://openai.com/gptbot)"
74.7.241.42 - - [02/Mar/2026:21:48:40 +0000] "GET /whsy.php?e=wchan&p=%2Fproc%2F31957 HTTP/2.0" 200 2006 "https://www.lordritzy.com.lab2454.com/whsy.php?p=%2Fproc%2F31957" "Mozilla/5.0 AppleWebKit/537.36 (KHTML, like Gecko; compatible; GPTBot/1.3; +https://openai.com/gptbot)"
74.7.228.61 - - [02/Mar/2026:21:48:41 +0000] "GET /robots.txt HTTP/2.0" 404 - "-" "Mozilla/5.0 (Macintosh; Intel Mac OS X 10_15_7) AppleWebKit/537.36 (KHTML, like Gecko) Chrome/131.0.0.0 Safari/537.36; compatible; OAI-SearchBot/1.3; robots.txt; +https://openai.com/searchbot"
74.7.241.42 - - [02/Mar/2026:21:51:05 +0000] "GET /whsy.php?e=auxv&p=%2Fproc%2F11456 HTTP/2.0" 200 1936 "https://www.lordritzy.com.lab2454.com/whsy.php?p=%2Fproc%2F11456" "Mozilla/5.0 AppleWebKit/537.36 (KHTML, like Gecko; compatible; GPTBot/1.3; +https://openai.com/gptbot)"
74.7.241.42 - - [02/Mar/2026:21:53:23 +0000] "GET /whsy.php?e=pagemap&p=%2Fproc%2F10277 HTTP/2.0" 200 1936 "https://www.lordritzy.com.lab2454.com/whsy.php?p=%2Fproc%2F10277" "Mozilla/5.0 AppleWebKit/537.36 (KHTML, like Gecko; compatible; GPTBot/1.3; +https://openai.com/gptbot)"
74.7.241.42 - - [02/Mar/2026:21:56:17 +0000] "GET /whsy.php?e=auxv&p=%2Fproc%2F31958 HTTP/2.0" 200 1935 "https://www.lordritzy.com.lab2454.com/whsy.php?p=%2Fproc%2F31958" "Mozilla/5.0 AppleWebKit/537.36 (KHTML, like Gecko; compatible; GPTBot/1.3; +https://openai.com/gptbot)"
74.7.228.61 - - [02/Mar/2026:21:56:18 +0000] "GET /robots.txt HTTP/2.0" 404 - "-" "Mozilla/5.0 (Macintosh; Intel Mac OS X 10_15_7) AppleWebKit/537.36 (KHTML, like Gecko) Chrome/131.0.0.0 Safari/537.36; compatible; OAI-SearchBot/1.3; robots.txt; +https://openai.com/searchbot"
74.7.241.42 - - [02/Mar/2026:21:59:17 +0000] "GET /whsy.php?e=auxv&p=%2Fproc%2F31957 HTTP/2.0" 200 1936 "https://www.lordritzy.com.lab2454.com/whsy.php?p=%2Fproc%2F31957" "Mozilla/5.0 AppleWebKit/537.36 (KHTML, like Gecko; compatible; GPTBot/1.3; +https://openai.com/gptbot)"
74.7.241.42 - - [02/Mar/2026:22:01:57 +0000] "GET /whsy.php?e=exe&p=%2Fproc%2F31958 HTTP/2.0" 200 1935 "https://www.lordritzy.com.lab2454.com/whsy.php?p=%2Fproc%2F31958" "Mozilla/5.0 AppleWebKit/537.36 (KHTML, like Gecko; compatible; GPTBot/1.3; +https://openai.com/gptbot)"
74.7.228.61 - - [02/Mar/2026:22:01:58 +0000] "GET /robots.txt HTTP/2.0" 404 - "-" "Mozilla/5.0 (Macintosh; Intel Mac OS X 10_15_7) AppleWebKit/537.36 (KHTML, like Gecko) Chrome/131.0.0.0 Safari/537.36; compatible; OAI-SearchBot/1.3; robots.txt; +https://openai.com/searchbot"
74.7.241.42 - - [02/Mar/2026:22:04:56 +0000] "GET /whsy.php?e=exe&p=%2Fproc%2F31957 HTTP/2.0" 200 1936 "https://www.lordritzy.com.lab2454.com/whsy.php?p=%2Fproc%2F31957" "Mozilla/5.0 AppleWebKit/537.36 (KHTML, like Gecko; compatible; GPTBot/1.3; +https://openai.com/gptbot)"
74.7.241.42 - - [02/Mar/2026:22:07:53 +0000] "GET /whsy.php?e=stack&p=%2Fproc%2F10277 HTTP/2.0" 200 1936 "https://www.lordritzy.com.lab2454.com/whsy.php?p=%2Fproc%2F10277" "Mozilla/5.0 AppleWebKit/537.36 (KHTML, like Gecko; compatible; GPTBot/1.3; +https://openai.com/gptbot)"
74.7.228.61 - - [02/Mar/2026:22:07:54 +0000] "GET /robots.txt HTTP/2.0" 404 - "-" "Mozilla/5.0 (Macintosh; Intel Mac OS X 10_15_7) AppleWebKit/537.36 (KHTML, like Gecko) Chrome/131.0.0.0 Safari/537.36; compatible; OAI-SearchBot/1.3; robots.txt; +https://openai.com/searchbot"
74.7.241.42 - - [02/Mar/2026:22:10:42 +0000] "GET /whsy.php?e=sched&p=%2Fproc%2F31957 HTTP/2.0" 200 2483 "https://www.lordritzy.com.lab2454.com/whsy.php?p=%2Fproc%2F31957" "Mozilla/5.0 AppleWebKit/537.36 (KHTML, like Gecko; compatible; GPTBot/1.3; +https://openai.com/gptbot)"
74.7.241.42 - - [02/Mar/2026:22:13:39 +0000] "GET /whsy.php?e=statm&p=%2Fproc%2F10277 HTTP/2.0" 200 2031 "https://www.lordritzy.com.lab2454.com/whsy.php?p=%2Fproc%2F10277" "Mozilla/5.0 AppleWebKit/537.36 (KHTML, like Gecko; compatible; GPTBot/1.3; +https://openai.com/gptbot)"
74.7.228.61 - - [02/Mar/2026:22:13:40 +0000] "GET /robots.txt HTTP/2.0" 404 - "-" "Mozilla/5.0 (Macintosh; Intel Mac OS X 10_15_7) AppleWebKit/537.36 (KHTML, like Gecko) Chrome/131.0.0.0 Safari/537.36; compatible; OAI-SearchBot/1.3; robots.txt; +https://openai.com/searchbot"
74.7.241.42 - - [02/Mar/2026:22:16:23 +0000] "GET /whsy.php?e=sched&p=%2Fproc%2F31958 HTTP/2.0" 200 2487 "https://www.lordritzy.com.lab2454.com/whsy.php?p=%2Fproc%2F31958" "Mozilla/5.0 AppleWebKit/537.36 (KHTML, like Gecko; compatible; GPTBot/1.3; +https://openai.com/gptbot)"
74.7.241.42 - - [02/Mar/2026:22:19:13 +0000] "GET /whsy.php?e=wchan&p=%2Fproc%2F11456 HTTP/2.0" 200 2005 "https://www.lordritzy.com.lab2454.com/whsy.php?p=%2Fproc%2F11456" "Mozilla/5.0 AppleWebKit/537.36 (KHTML, like Gecko; compatible; GPTBot/1.3; +https://openai.com/gptbot)"
74.7.228.61 - - [02/Mar/2026:22:19:15 +0000] "GET /robots.txt HTTP/2.0" 404 - "-" "Mozilla/5.0 (Macintosh; Intel Mac OS X 10_15_7) AppleWebKit/537.36 (KHTML, like Gecko) Chrome/131.0.0.0 Safari/537.36; compatible; OAI-SearchBot/1.3; robots.txt; +https://openai.com/searchbot"
74.7.241.42 - - [02/Mar/2026:22:22:08 +0000] "GET /whsy.php?e=autogroup&p=%2Fproc%2F10277 HTTP/2.0" 200 2021 "https://www.lordritzy.com.lab2454.com/whsy.php?p=%2Fproc%2F10277" "Mozilla/5.0 AppleWebKit/537.36 (KHTML, like Gecko; compatible; GPTBot/1.3; +https://openai.com/gptbot)"
74.7.241.42 - - [02/Mar/2026:22:24:45 +0000] "GET /whsy.php?e=timens_offsets&p=%2Fproc%2F31957 HTTP/2.0" 200 2023 "https://www.lordritzy.com.lab2454.com/whsy.php?p=%2Fproc%2F31957" "Mozilla/5.0 AppleWebKit/537.36 (KHTML, like Gecko; compatible; GPTBot/1.3; +https://openai.com/gptbot)"
