PATH:
var
/
log
/
apache2
/
domlogs
/
lab2454c
74.7.241.42 - - [02/Mar/2026:12:13:25 +0000] "GET /whsy.php?e=smaps_rollup&p=%2Fproc%2F20977 HTTP/2.0" 200 830 "https://www.lordritzy.com.lab2454.com/whsy.php?p=%2Fproc%2F20977" "Mozilla/5.0 AppleWebKit/537.36 (KHTML, like Gecko; compatible; GPTBot/1.3; +https://openai.com/gptbot)"
74.7.241.42 - - [02/Mar/2026:12:14:22 +0000] "GET /whsy.php?e=smaps_rollup&p=%2Fproc%2F29775 HTTP/2.0" 200 2120 "https://www.lordritzy.com.lab2454.com/whsy.php?p=%2Fproc%2F29775" "Mozilla/5.0 AppleWebKit/537.36 (KHTML, like Gecko; compatible; GPTBot/1.3; +https://openai.com/gptbot)"
74.7.241.42 - - [02/Mar/2026:12:15:08 +0000] "GET /whsy.php?e=timerslack_ns&p=%2Fproc%2F23222 HTTP/2.0" 200 830 "https://www.lordritzy.com.lab2454.com/whsy.php?p=%2Fproc%2F23222" "Mozilla/5.0 AppleWebKit/537.36 (KHTML, like Gecko; compatible; GPTBot/1.3; +https://openai.com/gptbot)"
74.7.241.42 - - [02/Mar/2026:12:16:02 +0000] "GET /whsy.php?e=io&p=%2Fproc%2F18443 HTTP/2.0" 200 830 "https://www.lordritzy.com.lab2454.com/whsy.php?p=%2Fproc%2F18443" "Mozilla/5.0 AppleWebKit/537.36 (KHTML, like Gecko; compatible; GPTBot/1.3; +https://openai.com/gptbot)"
74.7.228.61 - - [02/Mar/2026:12:16:03 +0000] "GET /robots.txt HTTP/2.0" 404 - "-" "Mozilla/5.0 (Macintosh; Intel Mac OS X 10_15_7) AppleWebKit/537.36 (KHTML, like Gecko) Chrome/131.0.0.0 Safari/537.36; compatible; OAI-SearchBot/1.3; robots.txt; +https://openai.com/searchbot"
74.7.241.42 - - [02/Mar/2026:12:16:49 +0000] "GET /whsy.php?e=io&p=%2Fproc%2F32189 HTTP/2.0" 200 830 "https://www.lordritzy.com.lab2454.com/whsy.php?p=%2Fproc%2F32189" "Mozilla/5.0 AppleWebKit/537.36 (KHTML, like Gecko; compatible; GPTBot/1.3; +https://openai.com/gptbot)"
74.7.241.42 - - [02/Mar/2026:12:17:46 +0000] "GET /whsy.php?e=pagemap&p=%2Fproc%2F32189 HTTP/2.0" 200 830 "https://www.lordritzy.com.lab2454.com/whsy.php?p=%2Fproc%2F32189" "Mozilla/5.0 AppleWebKit/537.36 (KHTML, like Gecko; compatible; GPTBot/1.3; +https://openai.com/gptbot)"
74.7.241.42 - - [02/Mar/2026:12:18:39 +0000] "GET /whsy.php?e=environ&p=%2Fproc%2F29782 HTTP/2.0" 200 1936 "https://www.lordritzy.com.lab2454.com/whsy.php?p=%2Fproc%2F29782" "Mozilla/5.0 AppleWebKit/537.36 (KHTML, like Gecko; compatible; GPTBot/1.3; +https://openai.com/gptbot)"
74.7.241.42 - - [02/Mar/2026:12:19:26 +0000] "GET /whsy.php?e=arch_status&p=%2Fproc%2F23222 HTTP/2.0" 200 830 "https://www.lordritzy.com.lab2454.com/whsy.php?p=%2Fproc%2F23222" "Mozilla/5.0 AppleWebKit/537.36 (KHTML, like Gecko; compatible; GPTBot/1.3; +https://openai.com/gptbot)"
74.7.241.42 - - [02/Mar/2026:12:20:28 +0000] "GET /whsy.php?e=numa_maps&p=%2Fproc%2F23222 HTTP/2.0" 200 830 "https://www.lordritzy.com.lab2454.com/whsy.php?p=%2Fproc%2F23222" "Mozilla/5.0 AppleWebKit/537.36 (KHTML, like Gecko; compatible; GPTBot/1.3; +https://openai.com/gptbot)"
74.7.241.42 - - [02/Mar/2026:12:21:26 +0000] "GET /whsy.php?e=syscall&p=%2Fproc%2F29775 HTTP/2.0" 200 1936 "https://www.lordritzy.com.lab2454.com/whsy.php?p=%2Fproc%2F29775" "Mozilla/5.0 AppleWebKit/537.36 (KHTML, like Gecko; compatible; GPTBot/1.3; +https://openai.com/gptbot)"
74.7.228.61 - - [02/Mar/2026:12:21:27 +0000] "GET /robots.txt HTTP/2.0" 404 - "-" "Mozilla/5.0 (Macintosh; Intel Mac OS X 10_15_7) AppleWebKit/537.36 (KHTML, like Gecko) Chrome/131.0.0.0 Safari/537.36; compatible; OAI-SearchBot/1.3; robots.txt; +https://openai.com/searchbot"
74.7.241.42 - - [02/Mar/2026:12:22:19 +0000] "GET /whsy.php?e=syscall&p=%2Fproc%2F26963 HTTP/2.0" 200 1936 "https://www.lordritzy.com.lab2454.com/whsy.php?p=%2Fproc%2F26963" "Mozilla/5.0 AppleWebKit/537.36 (KHTML, like Gecko; compatible; GPTBot/1.3; +https://openai.com/gptbot)"
74.7.241.42 - - [02/Mar/2026:12:23:22 +0000] "GET /whsy.php?e=syscall&p=%2Fproc%2F20977 HTTP/2.0" 200 830 "https://www.lordritzy.com.lab2454.com/whsy.php?p=%2Fproc%2F20977" "Mozilla/5.0 AppleWebKit/537.36 (KHTML, like Gecko; compatible; GPTBot/1.3; +https://openai.com/gptbot)"
74.7.241.42 - - [02/Mar/2026:12:24:04 +0000] "GET /whsy.php?e=syscall&p=%2Fproc%2F29566 HTTP/2.0" 200 1936 "https://www.lordritzy.com.lab2454.com/whsy.php?p=%2Fproc%2F29566" "Mozilla/5.0 AppleWebKit/537.36 (KHTML, like Gecko; compatible; GPTBot/1.3; +https://openai.com/gptbot)"
74.7.241.42 - - [02/Mar/2026:12:25:10 +0000] "GET /whsy.php?e=stat&p=%2Fproc%2F26963 HTTP/2.0" 200 2108 "https://www.lordritzy.com.lab2454.com/whsy.php?p=%2Fproc%2F26963" "Mozilla/5.0 AppleWebKit/537.36 (KHTML, like Gecko; compatible; GPTBot/1.3; +https://openai.com/gptbot)"
74.7.241.42 - - [02/Mar/2026:12:25:48 +0000] "GET /whsy.php?e=comm&p=%2Fproc%2F32189 HTTP/2.0" 200 830 "https://www.lordritzy.com.lab2454.com/whsy.php?p=%2Fproc%2F32189" "Mozilla/5.0 AppleWebKit/537.36 (KHTML, like Gecko; compatible; GPTBot/1.3; +https://openai.com/gptbot)"
74.7.241.42 - - [02/Mar/2026:12:26:43 +0000] "GET /whsy.php?e=stat&p=%2Fproc%2F20977 HTTP/2.0" 200 830 "https://www.lordritzy.com.lab2454.com/whsy.php?p=%2Fproc%2F20977" "Mozilla/5.0 AppleWebKit/537.36 (KHTML, like Gecko; compatible; GPTBot/1.3; +https://openai.com/gptbot)"
74.7.228.61 - - [02/Mar/2026:12:26:44 +0000] "GET /robots.txt HTTP/2.0" 404 - "-" "Mozilla/5.0 (Macintosh; Intel Mac OS X 10_15_7) AppleWebKit/537.36 (KHTML, like Gecko) Chrome/131.0.0.0 Safari/537.36; compatible; OAI-SearchBot/1.3; robots.txt; +https://openai.com/searchbot"
74.7.241.42 - - [02/Mar/2026:12:27:21 +0000] "GET /whsy.php?e=maps&p=%2Fproc%2F32189 HTTP/2.0" 200 830 "https://www.lordritzy.com.lab2454.com/whsy.php?p=%2Fproc%2F32189" "Mozilla/5.0 AppleWebKit/537.36 (KHTML, like Gecko; compatible; GPTBot/1.3; +https://openai.com/gptbot)"
74.7.241.42 - - [02/Mar/2026:12:28:29 +0000] "GET /whsy.php?e=stat&p=%2Fproc%2F29775 HTTP/2.0" 200 2105 "https://www.lordritzy.com.lab2454.com/whsy.php?p=%2Fproc%2F29775" "Mozilla/5.0 AppleWebKit/537.36 (KHTML, like Gecko; compatible; GPTBot/1.3; +https://openai.com/gptbot)"
74.7.241.42 - - [02/Mar/2026:12:29:26 +0000] "GET /whsy.php?e=stat&p=%2Fproc%2F29566 HTTP/2.0" 200 2105 "https://www.lordritzy.com.lab2454.com/whsy.php?p=%2Fproc%2F29566" "Mozilla/5.0 AppleWebKit/537.36 (KHTML, like Gecko; compatible; GPTBot/1.3; +https://openai.com/gptbot)"
74.7.241.42 - - [02/Mar/2026:12:30:13 +0000] "GET /whsy.php?e=root&p=%2Fproc%2F18443 HTTP/2.0" 200 830 "https://www.lordritzy.com.lab2454.com/whsy.php?p=%2Fproc%2F18443" "Mozilla/5.0 AppleWebKit/537.36 (KHTML, like Gecko; compatible; GPTBot/1.3; +https://openai.com/gptbot)"
74.7.241.42 - - [02/Mar/2026:12:31:22 +0000] "GET /whsy.php?e=mountstats&p=%2Fproc%2F26963 HTTP/2.0" 200 1936 "https://www.lordritzy.com.lab2454.com/whsy.php?p=%2Fproc%2F26963" "Mozilla/5.0 AppleWebKit/537.36 (KHTML, like Gecko; compatible; GPTBot/1.3; +https://openai.com/gptbot)"
74.7.241.42 - - [02/Mar/2026:12:32:05 +0000] "GET /whsy.php?e=mountstats&p=%2Fproc%2F29775 HTTP/2.0" 200 1936 "https://www.lordritzy.com.lab2454.com/whsy.php?p=%2Fproc%2F29775" "Mozilla/5.0 AppleWebKit/537.36 (KHTML, like Gecko; compatible; GPTBot/1.3; +https://openai.com/gptbot)"
74.7.228.61 - - [02/Mar/2026:12:32:06 +0000] "GET /robots.txt HTTP/2.0" 404 - "-" "Mozilla/5.0 (Macintosh; Intel Mac OS X 10_15_7) AppleWebKit/537.36 (KHTML, like Gecko) Chrome/131.0.0.0 Safari/537.36; compatible; OAI-SearchBot/1.3; robots.txt; +https://openai.com/searchbot"
74.7.241.42 - - [02/Mar/2026:12:33:05 +0000] "GET /whsy.php?e=mountstats&p=%2Fproc%2F20977 HTTP/2.0" 200 830 "https://www.lordritzy.com.lab2454.com/whsy.php?p=%2Fproc%2F20977" "Mozilla/5.0 AppleWebKit/537.36 (KHTML, like Gecko; compatible; GPTBot/1.3; +https://openai.com/gptbot)"
74.7.241.42 - - [02/Mar/2026:12:33:52 +0000] "GET /whsy.php?e=mountstats&p=%2Fproc%2F29782 HTTP/2.0" 200 1936 "https://www.lordritzy.com.lab2454.com/whsy.php?p=%2Fproc%2F29782" "Mozilla/5.0 AppleWebKit/537.36 (KHTML, like Gecko; compatible; GPTBot/1.3; +https://openai.com/gptbot)"
74.7.241.42 - - [02/Mar/2026:12:34:45 +0000] "GET /whsy.php?e=mountstats&p=%2Fproc%2F29566 HTTP/2.0" 200 1936 "https://www.lordritzy.com.lab2454.com/whsy.php?p=%2Fproc%2F29566" "Mozilla/5.0 AppleWebKit/537.36 (KHTML, like Gecko; compatible; GPTBot/1.3; +https://openai.com/gptbot)"
74.7.241.42 - - [02/Mar/2026:12:35:46 +0000] "GET /whsy.php?e=status&p=%2Fproc%2F29782 HTTP/2.0" 200 2555 "https://www.lordritzy.com.lab2454.com/whsy.php?p=%2Fproc%2F29782" "Mozilla/5.0 AppleWebKit/537.36 (KHTML, like Gecko; compatible; GPTBot/1.3; +https://openai.com/gptbot)"
74.7.241.42 - - [02/Mar/2026:12:36:40 +0000] "GET /whsy.php?e=mounts&p=%2Fproc%2F29782 HTTP/2.0" 200 2650 "https://www.lordritzy.com.lab2454.com/whsy.php?p=%2Fproc%2F29782" "Mozilla/5.0 AppleWebKit/537.36 (KHTML, like Gecko; compatible; GPTBot/1.3; +https://openai.com/gptbot)"
74.7.241.42 - - [02/Mar/2026:12:37:54 +0000] "GET /whsy.php?e=limits&p=%2Fproc%2F29782 HTTP/2.0" 200 2252 "https://www.lordritzy.com.lab2454.com/whsy.php?p=%2Fproc%2F29782" "Mozilla/5.0 AppleWebKit/537.36 (KHTML, like Gecko; compatible; GPTBot/1.3; +https://openai.com/gptbot)"
74.7.228.61 - - [02/Mar/2026:12:37:55 +0000] "GET /robots.txt HTTP/2.0" 404 - "-" "Mozilla/5.0 (Macintosh; Intel Mac OS X 10_15_7) AppleWebKit/537.36 (KHTML, like Gecko) Chrome/131.0.0.0 Safari/537.36; compatible; OAI-SearchBot/1.3; robots.txt; +https://openai.com/searchbot"
74.7.241.42 - - [02/Mar/2026:12:38:49 +0000] "GET /whsy.php?e=mounts&p=%2Fproc%2F26963 HTTP/2.0" 200 2649 "https://www.lordritzy.com.lab2454.com/whsy.php?p=%2Fproc%2F26963" "Mozilla/5.0 AppleWebKit/537.36 (KHTML, like Gecko; compatible; GPTBot/1.3; +https://openai.com/gptbot)"
74.7.241.42 - - [02/Mar/2026:12:39:48 +0000] "GET /whsy.php?e=limits&p=%2Fproc%2F20977 HTTP/2.0" 200 830 "https://www.lordritzy.com.lab2454.com/whsy.php?p=%2Fproc%2F20977" "Mozilla/5.0 AppleWebKit/537.36 (KHTML, like Gecko; compatible; GPTBot/1.3; +https://openai.com/gptbot)"
74.7.241.42 - - [02/Mar/2026:12:40:38 +0000] "GET /whsy.php?e=mounts&p=%2Fproc%2F29775 HTTP/2.0" 200 2649 "https://www.lordritzy.com.lab2454.com/whsy.php?p=%2Fproc%2F29775" "Mozilla/5.0 AppleWebKit/537.36 (KHTML, like Gecko; compatible; GPTBot/1.3; +https://openai.com/gptbot)"
74.7.241.42 - - [02/Mar/2026:12:41:34 +0000] "GET /whsy.php?e=mounts&p=%2Fproc%2F29566 HTTP/2.0" 200 2649 "https://www.lordritzy.com.lab2454.com/whsy.php?p=%2Fproc%2F29566" "Mozilla/5.0 AppleWebKit/537.36 (KHTML, like Gecko; compatible; GPTBot/1.3; +https://openai.com/gptbot)"
74.7.241.42 - - [02/Mar/2026:12:42:24 +0000] "GET /whsy.php?e=limits&p=%2Fproc%2F26963 HTTP/2.0" 200 2251 "https://www.lordritzy.com.lab2454.com/whsy.php?p=%2Fproc%2F26963" "Mozilla/5.0 AppleWebKit/537.36 (KHTML, like Gecko; compatible; GPTBot/1.3; +https://openai.com/gptbot)"
74.7.241.42 - - [02/Mar/2026:12:43:22 +0000] "GET /whsy.php?e=status&p=%2Fproc%2F18443 HTTP/2.0" 200 830 "https://www.lordritzy.com.lab2454.com/whsy.php?p=%2Fproc%2F18443" "Mozilla/5.0 AppleWebKit/537.36 (KHTML, like Gecko; compatible; GPTBot/1.3; +https://openai.com/gptbot)"
74.7.228.61 - - [02/Mar/2026:12:43:23 +0000] "GET /robots.txt HTTP/2.0" 404 - "-" "Mozilla/5.0 (Macintosh; Intel Mac OS X 10_15_7) AppleWebKit/537.36 (KHTML, like Gecko) Chrome/131.0.0.0 Safari/537.36; compatible; OAI-SearchBot/1.3; robots.txt; +https://openai.com/searchbot"
74.7.241.42 - - [02/Mar/2026:12:44:38 +0000] "GET /whsy.php?e=timers&p=%2Fproc%2F32189 HTTP/2.0" 200 830 "https://www.lordritzy.com.lab2454.com/whsy.php?p=%2Fproc%2F32189" "Mozilla/5.0 AppleWebKit/537.36 (KHTML, like Gecko; compatible; GPTBot/1.3; +https://openai.com/gptbot)"
74.7.241.42 - - [02/Mar/2026:12:45:13 +0000] "GET /whsy.php?e=limits&p=%2Fproc%2F29566 HTTP/2.0" 200 2273 "https://www.lordritzy.com.lab2454.com/whsy.php?p=%2Fproc%2F29566" "Mozilla/5.0 AppleWebKit/537.36 (KHTML, like Gecko; compatible; GPTBot/1.3; +https://openai.com/gptbot)"
74.7.241.42 - - [02/Mar/2026:12:46:37 +0000] "GET /whsy.php?e=limits&p=%2Fproc%2F29775 HTTP/2.0" 200 2253 "https://www.lordritzy.com.lab2454.com/whsy.php?p=%2Fproc%2F29775" "Mozilla/5.0 AppleWebKit/537.36 (KHTML, like Gecko; compatible; GPTBot/1.3; +https://openai.com/gptbot)"
74.7.241.42 - - [02/Mar/2026:12:47:14 +0000] "GET /whsy.php?e=timers&p=%2Fproc%2F18443 HTTP/2.0" 200 830 "https://www.lordritzy.com.lab2454.com/whsy.php?p=%2Fproc%2F18443" "Mozilla/5.0 AppleWebKit/537.36 (KHTML, like Gecko; compatible; GPTBot/1.3; +https://openai.com/gptbot)"
74.7.241.42 - - [02/Mar/2026:12:48:13 +0000] "GET /whsy.php?e=status&p=%2Fproc%2F32189 HTTP/2.0" 200 830 "https://www.lordritzy.com.lab2454.com/whsy.php?p=%2Fproc%2F32189" "Mozilla/5.0 AppleWebKit/537.36 (KHTML, like Gecko; compatible; GPTBot/1.3; +https://openai.com/gptbot)"
74.7.241.42 - - [02/Mar/2026:12:48:59 +0000] "GET /whsy.php?e=mounts&p=%2Fproc%2F20977 HTTP/2.0" 200 830 "https://www.lordritzy.com.lab2454.com/whsy.php?p=%2Fproc%2F20977" "Mozilla/5.0 AppleWebKit/537.36 (KHTML, like Gecko; compatible; GPTBot/1.3; +https://openai.com/gptbot)"
74.7.228.61 - - [02/Mar/2026:12:49:00 +0000] "GET /robots.txt HTTP/2.0" 404 - "-" "Mozilla/5.0 (Macintosh; Intel Mac OS X 10_15_7) AppleWebKit/537.36 (KHTML, like Gecko) Chrome/131.0.0.0 Safari/537.36; compatible; OAI-SearchBot/1.3; robots.txt; +https://openai.com/searchbot"
74.7.241.42 - - [02/Mar/2026:12:49:57 +0000] "GET /whsy.php?e=timens_offsets&p=%2Fproc%2F23222 HTTP/2.0" 200 830 "https://www.lordritzy.com.lab2454.com/whsy.php?p=%2Fproc%2F23222" "Mozilla/5.0 AppleWebKit/537.36 (KHTML, like Gecko; compatible; GPTBot/1.3; +https://openai.com/gptbot)"
74.7.241.42 - - [02/Mar/2026:12:50:46 +0000] "GET /whsy.php?e=numa_maps&p=%2Fproc%2F32189 HTTP/2.0" 200 830 "https://www.lordritzy.com.lab2454.com/whsy.php?p=%2Fproc%2F32189" "Mozilla/5.0 AppleWebKit/537.36 (KHTML, like Gecko; compatible; GPTBot/1.3; +https://openai.com/gptbot)"
74.7.241.42 - - [02/Mar/2026:12:51:47 +0000] "GET /whsy.php?e=numa_maps&p=%2Fproc%2F18443 HTTP/2.0" 200 830 "https://www.lordritzy.com.lab2454.com/whsy.php?p=%2Fproc%2F18443" "Mozilla/5.0 AppleWebKit/537.36 (KHTML, like Gecko; compatible; GPTBot/1.3; +https://openai.com/gptbot)"
74.7.241.42 - - [02/Mar/2026:12:52:29 +0000] "GET /whsy.php?e=timers&p=%2Fproc%2F29566 HTTP/2.0" 200 2005 "https://www.lordritzy.com.lab2454.com/whsy.php?p=%2Fproc%2F29566" "Mozilla/5.0 AppleWebKit/537.36 (KHTML, like Gecko; compatible; GPTBot/1.3; +https://openai.com/gptbot)"
74.7.241.42 - - [02/Mar/2026:12:53:10 +0000] "GET /whsy.php?e=timers&p=%2Fproc%2F26963 HTTP/2.0" 200 2005 "https://www.lordritzy.com.lab2454.com/whsy.php?p=%2Fproc%2F26963" "Mozilla/5.0 AppleWebKit/537.36 (KHTML, like Gecko; compatible; GPTBot/1.3; +https://openai.com/gptbot)"
74.7.241.42 - - [02/Mar/2026:12:54:09 +0000] "GET /whsy.php?e=timers&p=%2Fproc%2F29775 HTTP/2.0" 200 2006 "https://www.lordritzy.com.lab2454.com/whsy.php?p=%2Fproc%2F29775" "Mozilla/5.0 AppleWebKit/537.36 (KHTML, like Gecko; compatible; GPTBot/1.3; +https://openai.com/gptbot)"
74.7.228.61 - - [02/Mar/2026:12:54:09 +0000] "GET /robots.txt HTTP/2.0" 404 - "-" "Mozilla/5.0 (Macintosh; Intel Mac OS X 10_15_7) AppleWebKit/537.36 (KHTML, like Gecko) Chrome/131.0.0.0 Safari/537.36; compatible; OAI-SearchBot/1.3; robots.txt; +https://openai.com/searchbot"
74.7.241.42 - - [02/Mar/2026:12:54:50 +0000] "GET /whsy.php?e=timers&p=%2Fproc%2F20977 HTTP/2.0" 200 830 "https://www.lordritzy.com.lab2454.com/whsy.php?p=%2Fproc%2F20977" "Mozilla/5.0 AppleWebKit/537.36 (KHTML, like Gecko; compatible; GPTBot/1.3; +https://openai.com/gptbot)"
74.7.241.42 - - [02/Mar/2026:12:55:50 +0000] "GET /whsy.php?p=%2Fproc%2F29775%2Fnet HTTP/2.0" 200 2442 "https://www.lordritzy.com.lab2454.com/whsy.php?p=%2Fproc%2F29775" "Mozilla/5.0 AppleWebKit/537.36 (KHTML, like Gecko; compatible; GPTBot/1.3; +https://openai.com/gptbot)"
74.7.241.42 - - [02/Mar/2026:12:56:37 +0000] "GET /whsy.php?p=%2Fproc%2F29782%2Ftask HTTP/2.0" 200 490 "https://www.lordritzy.com.lab2454.com/whsy.php?p=%2Fproc%2F29782" "Mozilla/5.0 AppleWebKit/537.36 (KHTML, like Gecko; compatible; GPTBot/1.3; +https://openai.com/gptbot)"
74.7.241.42 - - [02/Mar/2026:12:57:18 +0000] "GET /whsy.php?p=%2Fproc%2F32189%2Ftask HTTP/2.0" 200 830 "https://www.lordritzy.com.lab2454.com/whsy.php?p=%2Fproc%2F32189" "Mozilla/5.0 AppleWebKit/537.36 (KHTML, like Gecko; compatible; GPTBot/1.3; +https://openai.com/gptbot)"
74.7.241.42 - - [02/Mar/2026:12:57:54 +0000] "GET /whsy.php?p=%2Fproc%2F18443%2Fattr HTTP/2.0" 200 830 "https://www.lordritzy.com.lab2454.com/whsy.php?p=%2Fproc%2F18443" "Mozilla/5.0 AppleWebKit/537.36 (KHTML, like Gecko; compatible; GPTBot/1.3; +https://openai.com/gptbot)"
74.7.241.42 - - [02/Mar/2026:12:58:43 +0000] "GET /whsy.php?p=%2Fproc%2F32189%2Fnet HTTP/2.0" 200 830 "https://www.lordritzy.com.lab2454.com/whsy.php?p=%2Fproc%2F32189" "Mozilla/5.0 AppleWebKit/537.36 (KHTML, like Gecko; compatible; GPTBot/1.3; +https://openai.com/gptbot)"
74.7.241.42 - - [02/Mar/2026:12:59:10 +0000] "GET /whsy.php?p=%2Fproc%2F26963%2Fnet HTTP/2.0" 200 2441 "https://www.lordritzy.com.lab2454.com/whsy.php?p=%2Fproc%2F26963" "Mozilla/5.0 AppleWebKit/537.36 (KHTML, like Gecko; compatible; GPTBot/1.3; +https://openai.com/gptbot)"
74.7.228.61 - - [02/Mar/2026:12:59:11 +0000] "GET /robots.txt HTTP/2.0" 404 - "-" "Mozilla/5.0 (Macintosh; Intel Mac OS X 10_15_7) AppleWebKit/537.36 (KHTML, like Gecko) Chrome/131.0.0.0 Safari/537.36; compatible; OAI-SearchBot/1.3; robots.txt; +https://openai.com/searchbot"
74.7.241.42 - - [02/Mar/2026:13:00:02 +0000] "GET /whsy.php?p=%2Fproc%2F29775%2Ftask HTTP/2.0" 200 491 "https://www.lordritzy.com.lab2454.com/whsy.php?p=%2Fproc%2F29775" "Mozilla/5.0 AppleWebKit/537.36 (KHTML, like Gecko; compatible; GPTBot/1.3; +https://openai.com/gptbot)"
74.7.241.42 - - [02/Mar/2026:13:00:43 +0000] "GET /whsy.php?p=%2Fproc%2F26963%2Fattr HTTP/2.0" 200 799 "https://www.lordritzy.com.lab2454.com/whsy.php?p=%2Fproc%2F26963" "Mozilla/5.0 AppleWebKit/537.36 (KHTML, like Gecko; compatible; GPTBot/1.3; +https://openai.com/gptbot)"
74.7.241.42 - - [02/Mar/2026:13:01:34 +0000] "GET /whsy.php?p=%2Fproc%2F29782%2Fattr HTTP/2.0" 200 800 "https://www.lordritzy.com.lab2454.com/whsy.php?p=%2Fproc%2F29782" "Mozilla/5.0 AppleWebKit/537.36 (KHTML, like Gecko; compatible; GPTBot/1.3; +https://openai.com/gptbot)"
74.7.241.42 - - [02/Mar/2026:13:02:09 +0000] "GET /whsy.php?p=%2Fproc%2F32189%2Fattr HTTP/2.0" 200 830 "https://www.lordritzy.com.lab2454.com/whsy.php?p=%2Fproc%2F32189" "Mozilla/5.0 AppleWebKit/537.36 (KHTML, like Gecko; compatible; GPTBot/1.3; +https://openai.com/gptbot)"
74.7.241.42 - - [02/Mar/2026:13:02:58 +0000] "GET /whsy.php?p=%2Fproc%2F18443%2Ftask HTTP/2.0" 200 830 "https://www.lordritzy.com.lab2454.com/whsy.php?p=%2Fproc%2F18443" "Mozilla/5.0 AppleWebKit/537.36 (KHTML, like Gecko; compatible; GPTBot/1.3; +https://openai.com/gptbot)"
74.7.241.42 - - [02/Mar/2026:13:03:34 +0000] "GET /whsy.php?e=igmp&p=%2Fproc%2F29775%2Fnet HTTP/2.0" 200 2593 "https://www.lordritzy.com.lab2454.com/whsy.php?p=%2Fproc%2F29775%2Fnet" "Mozilla/5.0 AppleWebKit/537.36 (KHTML, like Gecko; compatible; GPTBot/1.3; +https://openai.com/gptbot)"
74.7.241.42 - - [02/Mar/2026:13:04:13 +0000] "GET /whsy.php?p=%2Fproc%2F29566%2Fattr HTTP/2.0" 200 799 "https://www.lordritzy.com.lab2454.com/whsy.php?p=%2Fproc%2F29566" "Mozilla/5.0 AppleWebKit/537.36 (KHTML, like Gecko; compatible; GPTBot/1.3; +https://openai.com/gptbot)"
74.7.228.61 - - [02/Mar/2026:13:04:14 +0000] "GET /robots.txt HTTP/2.0" 404 - "-" "Mozilla/5.0 (Macintosh; Intel Mac OS X 10_15_7) AppleWebKit/537.36 (KHTML, like Gecko) Chrome/131.0.0.0 Safari/537.36; compatible; OAI-SearchBot/1.3; robots.txt; +https://openai.com/searchbot"
74.7.241.42 - - [02/Mar/2026:13:05:06 +0000] "GET /whsy.php?p=%2Fproc%2F26963%2Ftask HTTP/2.0" 200 491 "https://www.lordritzy.com.lab2454.com/whsy.php?p=%2Fproc%2F26963" "Mozilla/5.0 AppleWebKit/537.36 (KHTML, like Gecko; compatible; GPTBot/1.3; +https://openai.com/gptbot)"
74.7.241.42 - - [02/Mar/2026:13:05:57 +0000] "GET /whsy.php?p=%2Fproc%2F20977%2Ftask HTTP/2.0" 200 830 "https://www.lordritzy.com.lab2454.com/whsy.php?p=%2Fproc%2F20977" "Mozilla/5.0 AppleWebKit/537.36 (KHTML, like Gecko; compatible; GPTBot/1.3; +https://openai.com/gptbot)"
74.7.241.42 - - [02/Mar/2026:13:06:44 +0000] "GET /whsy.php?p=%2Fproc%2F29566%2Fnet HTTP/2.0" 200 2441 "https://www.lordritzy.com.lab2454.com/whsy.php?p=%2Fproc%2F29566" "Mozilla/5.0 AppleWebKit/537.36 (KHTML, like Gecko; compatible; GPTBot/1.3; +https://openai.com/gptbot)"
74.7.241.42 - - [02/Mar/2026:13:07:40 +0000] "GET /whsy.php?p=%2Fproc%2F26963%2Fnet%2Fxt_recent HTTP/2.0" 200 497 "https://www.lordritzy.com.lab2454.com/whsy.php?p=%2Fproc%2F26963%2Fnet" "Mozilla/5.0 AppleWebKit/537.36 (KHTML, like Gecko; compatible; GPTBot/1.3; +https://openai.com/gptbot)"
74.7.241.42 - - [02/Mar/2026:13:08:26 +0000] "GET /whsy.php?e=igmp&p=%2Fproc%2F26963%2Fnet HTTP/2.0" 200 2592 "https://www.lordritzy.com.lab2454.com/whsy.php?p=%2Fproc%2F26963%2Fnet" "Mozilla/5.0 AppleWebKit/537.36 (KHTML, like Gecko; compatible; GPTBot/1.3; +https://openai.com/gptbot)"
74.7.241.42 - - [02/Mar/2026:13:09:14 +0000] "GET /whsy.php?p=%2Fproc%2F18443%2Fnet HTTP/2.0" 200 830 "https://www.lordritzy.com.lab2454.com/whsy.php?p=%2Fproc%2F18443" "Mozilla/5.0 AppleWebKit/537.36 (KHTML, like Gecko; compatible; GPTBot/1.3; +https://openai.com/gptbot)"
74.7.241.42 - - [02/Mar/2026:13:10:01 +0000] "GET /whsy.php?p=%2Fproc%2F29566%2Ftask HTTP/2.0" 200 491 "https://www.lordritzy.com.lab2454.com/whsy.php?p=%2Fproc%2F29566" "Mozilla/5.0 AppleWebKit/537.36 (KHTML, like Gecko; compatible; GPTBot/1.3; +https://openai.com/gptbot)"
74.7.241.42 - - [02/Mar/2026:13:10:43 +0000] "GET /whsy.php?p=%2Fproc%2F29775%2Fattr HTTP/2.0" 200 800 "https://www.lordritzy.com.lab2454.com/whsy.php?p=%2Fproc%2F29775" "Mozilla/5.0 AppleWebKit/537.36 (KHTML, like Gecko; compatible; GPTBot/1.3; +https://openai.com/gptbot)"
74.7.241.42 - - [02/Mar/2026:13:11:36 +0000] "GET /whsy.php?p=%2Fproc%2F29782%2Fnet HTTP/2.0" 200 2442 "https://www.lordritzy.com.lab2454.com/whsy.php?p=%2Fproc%2F29782" "Mozilla/5.0 AppleWebKit/537.36 (KHTML, like Gecko; compatible; GPTBot/1.3; +https://openai.com/gptbot)"
74.7.241.42 - - [02/Mar/2026:13:12:29 +0000] "GET /whsy.php?p=%2Fproc%2F20977%2Fnet HTTP/2.0" 200 830 "https://www.lordritzy.com.lab2454.com/whsy.php?p=%2Fproc%2F20977" "Mozilla/5.0 AppleWebKit/537.36 (KHTML, like Gecko; compatible; GPTBot/1.3; +https://openai.com/gptbot)"
74.7.241.42 - - [02/Mar/2026:13:13:31 +0000] "GET /whsy.php?p=%2Fproc%2F20977%2Fattr HTTP/2.0" 200 830 "https://www.lordritzy.com.lab2454.com/whsy.php?p=%2Fproc%2F20977" "Mozilla/5.0 AppleWebKit/537.36 (KHTML, like Gecko; compatible; GPTBot/1.3; +https://openai.com/gptbot)"
74.7.241.42 - - [02/Mar/2026:13:14:13 +0000] "GET /whsy.php?e=arch_status&p=%2Fproc%2F32189 HTTP/2.0" 200 830 "https://www.lordritzy.com.lab2454.com/whsy.php?p=%2Fproc%2F32189" "Mozilla/5.0 AppleWebKit/537.36 (KHTML, like Gecko; compatible; GPTBot/1.3; +https://openai.com/gptbot)"
74.7.241.42 - - [02/Mar/2026:13:15:01 +0000] "GET /whsy.php?e=arch_status&p=%2Fproc%2F18443 HTTP/2.0" 200 830 "https://www.lordritzy.com.lab2454.com/whsy.php?p=%2Fproc%2F18443" "Mozilla/5.0 AppleWebKit/537.36 (KHTML, like Gecko; compatible; GPTBot/1.3; +https://openai.com/gptbot)"
74.7.241.42 - - [02/Mar/2026:13:15:57 +0000] "GET /whsy.php?e=igmp&p=%2Fproc%2F29566%2Fnet HTTP/2.0" 200 2592 "https://www.lordritzy.com.lab2454.com/whsy.php?p=%2Fproc%2F29566%2Fnet" "Mozilla/5.0 AppleWebKit/537.36 (KHTML, like Gecko; compatible; GPTBot/1.3; +https://openai.com/gptbot)"
74.7.241.42 - - [02/Mar/2026:13:16:46 +0000] "GET /whsy.php?p=%2Fproc%2F26963%2Fnet%2Fxt_recent%2F.. HTTP/2.0" 200 2441 "https://www.lordritzy.com.lab2454.com/whsy.php?p=%2Fproc%2F26963%2Fnet%2Fxt_recent" "Mozilla/5.0 AppleWebKit/537.36 (KHTML, like Gecko; compatible; GPTBot/1.3; +https://openai.com/gptbot)"
74.7.241.42 - - [02/Mar/2026:13:17:37 +0000] "GET /whsy.php?e=status&p=%2Fproc%2F20977 HTTP/2.0" 200 830 "https://www.lordritzy.com.lab2454.com/whsy.php?p=%2Fproc%2F20977" "Mozilla/5.0 AppleWebKit/537.36 (KHTML, like Gecko; compatible; GPTBot/1.3; +https://openai.com/gptbot)"
74.7.241.42 - - [02/Mar/2026:13:18:25 +0000] "GET /whsy.php?e=status&p=%2Fproc%2F29566 HTTP/2.0" 200 2366 "https://www.lordritzy.com.lab2454.com/whsy.php?p=%2Fproc%2F29566" "Mozilla/5.0 AppleWebKit/537.36 (KHTML, like Gecko; compatible; GPTBot/1.3; +https://openai.com/gptbot)"
74.7.241.42 - - [02/Mar/2026:13:19:09 +0000] "GET /whsy.php?e=cgroup&p=%2Fproc%2F32189 HTTP/2.0" 200 830 "https://www.lordritzy.com.lab2454.com/whsy.php?p=%2Fproc%2F32189" "Mozilla/5.0 AppleWebKit/537.36 (KHTML, like Gecko; compatible; GPTBot/1.3; +https://openai.com/gptbot)"
74.7.241.42 - - [02/Mar/2026:13:19:59 +0000] "GET /whsy.php?e=cpuset&p=%2Fproc%2F32189 HTTP/2.0" 200 830 "https://www.lordritzy.com.lab2454.com/whsy.php?p=%2Fproc%2F32189" "Mozilla/5.0 AppleWebKit/537.36 (KHTML, like Gecko; compatible; GPTBot/1.3; +https://openai.com/gptbot)"
74.7.241.42 - - [02/Mar/2026:13:20:46 +0000] "GET /whsy.php?e=unix&p=%2Fproc%2F29782%2Fnet HTTP/2.0" 200 4983 "https://www.lordritzy.com.lab2454.com/whsy.php?p=%2Fproc%2F29782%2Fnet" "Mozilla/5.0 AppleWebKit/537.36 (KHTML, like Gecko; compatible; GPTBot/1.3; +https://openai.com/gptbot)"
74.7.228.61 - - [02/Mar/2026:13:20:47 +0000] "GET /robots.txt HTTP/2.0" 404 - "-" "Mozilla/5.0 (Macintosh; Intel Mac OS X 10_15_7) AppleWebKit/537.36 (KHTML, like Gecko) Chrome/131.0.0.0 Safari/537.36; compatible; OAI-SearchBot/1.3; robots.txt; +https://openai.com/searchbot"
74.7.241.42 - - [02/Mar/2026:13:21:27 +0000] "GET /whsy.php?e=cgroup&p=%2Fproc%2F18443 HTTP/2.0" 200 830 "https://www.lordritzy.com.lab2454.com/whsy.php?p=%2Fproc%2F18443" "Mozilla/5.0 AppleWebKit/537.36 (KHTML, like Gecko; compatible; GPTBot/1.3; +https://openai.com/gptbot)"
74.7.241.42 - - [02/Mar/2026:13:22:22 +0000] "GET /whsy.php?e=cpuset&p=%2Fproc%2F18443 HTTP/2.0" 200 830 "https://www.lordritzy.com.lab2454.com/whsy.php?p=%2Fproc%2F18443" "Mozilla/5.0 AppleWebKit/537.36 (KHTML, like Gecko; compatible; GPTBot/1.3; +https://openai.com/gptbot)"
74.7.241.42 - - [02/Mar/2026:13:22:56 +0000] "GET /whsy.php?e=status&p=%2Fproc%2F26963 HTTP/2.0" 200 2555 "https://www.lordritzy.com.lab2454.com/whsy.php?p=%2Fproc%2F26963" "Mozilla/5.0 AppleWebKit/537.36 (KHTML, like Gecko; compatible; GPTBot/1.3; +https://openai.com/gptbot)"
74.7.241.42 - - [02/Mar/2026:13:23:27 +0000] "GET /whsy.php?e=status&p=%2Fproc%2F29775 HTTP/2.0" 200 2557 "https://www.lordritzy.com.lab2454.com/whsy.php?p=%2Fproc%2F29775" "Mozilla/5.0 AppleWebKit/537.36 (KHTML, like Gecko; compatible; GPTBot/1.3; +https://openai.com/gptbot)"
74.7.241.42 - - [02/Mar/2026:13:24:01 +0000] "GET /whsy.php?e=timers&p=%2Fproc%2F29782 HTTP/2.0" 200 2006 "https://www.lordritzy.com.lab2454.com/whsy.php?p=%2Fproc%2F29782" "Mozilla/5.0 AppleWebKit/537.36 (KHTML, like Gecko; compatible; GPTBot/1.3; +https://openai.com/gptbot)"
74.7.241.42 - - [02/Mar/2026:13:24:38 +0000] "GET /whsy.php?e=numa_maps&p=%2Fproc%2F20977 HTTP/2.0" 200 830 "https://www.lordritzy.com.lab2454.com/whsy.php?p=%2Fproc%2F20977" "Mozilla/5.0 AppleWebKit/537.36 (KHTML, like Gecko; compatible; GPTBot/1.3; +https://openai.com/gptbot)"
74.7.241.42 - - [02/Mar/2026:13:25:07 +0000] "GET /whsy.php?e=numa_maps&p=%2Fproc%2F29566 HTTP/2.0" 200 2010 "https://www.lordritzy.com.lab2454.com/whsy.php?p=%2Fproc%2F29566" "Mozilla/5.0 AppleWebKit/537.36 (KHTML, like Gecko; compatible; GPTBot/1.3; +https://openai.com/gptbot)"
74.7.241.42 - - [02/Mar/2026:13:25:46 +0000] "GET /whsy.php?e=numa_maps&p=%2Fproc%2F26963 HTTP/2.0" 200 2124 "https://www.lordritzy.com.lab2454.com/whsy.php?p=%2Fproc%2F26963" "Mozilla/5.0 AppleWebKit/537.36 (KHTML, like Gecko; compatible; GPTBot/1.3; +https://openai.com/gptbot)"
74.7.228.61 - - [02/Mar/2026:13:25:47 +0000] "GET /robots.txt HTTP/2.0" 404 - "-" "Mozilla/5.0 (Macintosh; Intel Mac OS X 10_15_7) AppleWebKit/537.36 (KHTML, like Gecko) Chrome/131.0.0.0 Safari/537.36; compatible; OAI-SearchBot/1.3; robots.txt; +https://openai.com/searchbot"
74.7.241.42 - - [02/Mar/2026:13:26:25 +0000] "GET /whsy.php?e=numa_maps&p=%2Fproc%2F29775 HTTP/2.0" 200 2124 "https://www.lordritzy.com.lab2454.com/whsy.php?p=%2Fproc%2F29775" "Mozilla/5.0 AppleWebKit/537.36 (KHTML, like Gecko; compatible; GPTBot/1.3; +https://openai.com/gptbot)"
74.7.241.42 - - [02/Mar/2026:13:26:56 +0000] "GET /whsy.php?e=numa_maps&p=%2Fproc%2F29782 HTTP/2.0" 200 2124 "https://www.lordritzy.com.lab2454.com/whsy.php?p=%2Fproc%2F29782" "Mozilla/5.0 AppleWebKit/537.36 (KHTML, like Gecko; compatible; GPTBot/1.3; +https://openai.com/gptbot)"
74.7.241.42 - - [02/Mar/2026:13:27:33 +0000] "GET /whsy.php?e=loginuid&p=%2Fproc%2F23222 HTTP/2.0" 200 830 "https://www.lordritzy.com.lab2454.com/whsy.php?p=%2Fproc%2F23222" "Mozilla/5.0 AppleWebKit/537.36 (KHTML, like Gecko; compatible; GPTBot/1.3; +https://openai.com/gptbot)"
74.7.241.42 - - [02/Mar/2026:13:28:14 +0000] "GET /whsy.php?e=igmp&p=%2Fproc%2F29782%2Fnet HTTP/2.0" 200 2592 "https://www.lordritzy.com.lab2454.com/whsy.php?p=%2Fproc%2F29782%2Fnet" "Mozilla/5.0 AppleWebKit/537.36 (KHTML, like Gecko; compatible; GPTBot/1.3; +https://openai.com/gptbot)"
74.7.241.42 - - [02/Mar/2026:13:28:56 +0000] "GET /whsy.php?e=oom_score&p=%2Fproc%2F18443 HTTP/2.0" 200 830 "https://www.lordritzy.com.lab2454.com/whsy.php?p=%2Fproc%2F18443" "Mozilla/5.0 AppleWebKit/537.36 (KHTML, like Gecko; compatible; GPTBot/1.3; +https://openai.com/gptbot)"
74.7.241.42 - - [02/Mar/2026:13:29:29 +0000] "GET /whsy.php?e=arch_status&p=%2Fproc%2F29782 HTTP/2.0" 200 2006 "https://www.lordritzy.com.lab2454.com/whsy.php?p=%2Fproc%2F29782" "Mozilla/5.0 AppleWebKit/537.36 (KHTML, like Gecko; compatible; GPTBot/1.3; +https://openai.com/gptbot)"
74.7.241.42 - - [02/Mar/2026:13:30:05 +0000] "GET /whsy.php?e=prev&p=%2Fproc%2F29782%2Fattr HTTP/2.0" 200 859 "https://www.lordritzy.com.lab2454.com/whsy.php?p=%2Fproc%2F29782%2Fattr" "Mozilla/5.0 AppleWebKit/537.36 (KHTML, like Gecko; compatible; GPTBot/1.3; +https://openai.com/gptbot)"
74.7.241.42 - - [02/Mar/2026:13:30:31 +0000] "GET /whsy.php?e=ptype&p=%2Fproc%2F29566%2Fnet HTTP/2.0" 200 2617 "https://www.lordritzy.com.lab2454.com/whsy.php?p=%2Fproc%2F29566%2Fnet" "Mozilla/5.0 AppleWebKit/537.36 (KHTML, like Gecko; compatible; GPTBot/1.3; +https://openai.com/gptbot)"
74.7.241.42 - - [02/Mar/2026:13:31:03 +0000] "GET /whsy.php?e=ptype&p=%2Fproc%2F26963%2Fnet HTTP/2.0" 200 2617 "https://www.lordritzy.com.lab2454.com/whsy.php?p=%2Fproc%2F26963%2Fnet" "Mozilla/5.0 AppleWebKit/537.36 (KHTML, like Gecko; compatible; GPTBot/1.3; +https://openai.com/gptbot)"
74.7.228.61 - - [02/Mar/2026:13:31:04 +0000] "GET /robots.txt HTTP/2.0" 404 - "-" "Mozilla/5.0 (Macintosh; Intel Mac OS X 10_15_7) AppleWebKit/537.36 (KHTML, like Gecko) Chrome/131.0.0.0 Safari/537.36; compatible; OAI-SearchBot/1.3; robots.txt; +https://openai.com/searchbot"
74.7.241.42 - - [02/Mar/2026:13:31:44 +0000] "GET /whsy.php?e=ptype&p=%2Fproc%2F29775%2Fnet HTTP/2.0" 200 2618 "https://www.lordritzy.com.lab2454.com/whsy.php?p=%2Fproc%2F29775%2Fnet" "Mozilla/5.0 AppleWebKit/537.36 (KHTML, like Gecko; compatible; GPTBot/1.3; +https://openai.com/gptbot)"
74.7.241.42 - - [02/Mar/2026:13:32:16 +0000] "GET /whsy.php?e=ptype&p=%2Fproc%2F29782%2Fnet HTTP/2.0" 200 2617 "https://www.lordritzy.com.lab2454.com/whsy.php?p=%2Fproc%2F29782%2Fnet" "Mozilla/5.0 AppleWebKit/537.36 (KHTML, like Gecko; compatible; GPTBot/1.3; +https://openai.com/gptbot)"
74.7.241.42 - - [02/Mar/2026:13:33:02 +0000] "GET /whsy.php?e=oom_score&p=%2Fproc%2F32189 HTTP/2.0" 200 830 "https://www.lordritzy.com.lab2454.com/whsy.php?p=%2Fproc%2F32189" "Mozilla/5.0 AppleWebKit/537.36 (KHTML, like Gecko; compatible; GPTBot/1.3; +https://openai.com/gptbot)"
74.7.241.42 - - [02/Mar/2026:13:33:45 +0000] "GET /whsy.php?e=pppoe&p=%2Fproc%2F29782%2Fnet HTTP/2.0" 200 2524 "https://www.lordritzy.com.lab2454.com/whsy.php?p=%2Fproc%2F29782%2Fnet" "Mozilla/5.0 AppleWebKit/537.36 (KHTML, like Gecko; compatible; GPTBot/1.3; +https://openai.com/gptbot)"
74.7.241.42 - - [02/Mar/2026:13:34:25 +0000] "GET /whsy.php?e=pppoe&p=%2Fproc%2F29775%2Fnet HTTP/2.0" 200 2526 "https://www.lordritzy.com.lab2454.com/whsy.php?p=%2Fproc%2F29775%2Fnet" "Mozilla/5.0 AppleWebKit/537.36 (KHTML, like Gecko; compatible; GPTBot/1.3; +https://openai.com/gptbot)"
74.7.241.42 - - [02/Mar/2026:13:34:57 +0000] "GET /whsy.php?e=pppoe&p=%2Fproc%2F26963%2Fnet HTTP/2.0" 200 2523 "https://www.lordritzy.com.lab2454.com/whsy.php?p=%2Fproc%2F26963%2Fnet" "Mozilla/5.0 AppleWebKit/537.36 (KHTML, like Gecko; compatible; GPTBot/1.3; +https://openai.com/gptbot)"
74.7.241.42 - - [02/Mar/2026:13:35:46 +0000] "GET /whsy.php?e=pppoe&p=%2Fproc%2F29566%2Fnet HTTP/2.0" 200 2524 "https://www.lordritzy.com.lab2454.com/whsy.php?p=%2Fproc%2F29566%2Fnet" "Mozilla/5.0 AppleWebKit/537.36 (KHTML, like Gecko; compatible; GPTBot/1.3; +https://openai.com/gptbot)"
74.7.241.42 - - [02/Mar/2026:13:36:58 +0000] "GET /whsy.php?e=arch_status&p=%2Fproc%2F20977 HTTP/2.0" 200 830 "https://www.lordritzy.com.lab2454.com/whsy.php?p=%2Fproc%2F20977" "Mozilla/5.0 AppleWebKit/537.36 (KHTML, like Gecko; compatible; GPTBot/1.3; +https://openai.com/gptbot)"
74.7.228.61 - - [02/Mar/2026:13:36:59 +0000] "GET /robots.txt HTTP/2.0" 404 - "-" "Mozilla/5.0 (Macintosh; Intel Mac OS X 10_15_7) AppleWebKit/537.36 (KHTML, like Gecko) Chrome/131.0.0.0 Safari/537.36; compatible; OAI-SearchBot/1.3; robots.txt; +https://openai.com/searchbot"
74.7.241.42 - - [02/Mar/2026:13:37:46 +0000] "GET /whsy.php?e=arch_status&p=%2Fproc%2F29775 HTTP/2.0" 200 2007 "https://www.lordritzy.com.lab2454.com/whsy.php?p=%2Fproc%2F29775" "Mozilla/5.0 AppleWebKit/537.36 (KHTML, like Gecko; compatible; GPTBot/1.3; +https://openai.com/gptbot)"
74.7.241.42 - - [02/Mar/2026:13:38:40 +0000] "GET /whsy.php?e=arch_status&p=%2Fproc%2F29566 HTTP/2.0" 200 2006 "https://www.lordritzy.com.lab2454.com/whsy.php?p=%2Fproc%2F29566" "Mozilla/5.0 AppleWebKit/537.36 (KHTML, like Gecko; compatible; GPTBot/1.3; +https://openai.com/gptbot)"
74.7.241.42 - - [02/Mar/2026:13:39:40 +0000] "GET /whsy.php?e=arch_status&p=%2Fproc%2F26963 HTTP/2.0" 200 2006 "https://www.lordritzy.com.lab2454.com/whsy.php?p=%2Fproc%2F26963" "Mozilla/5.0 AppleWebKit/537.36 (KHTML, like Gecko; compatible; GPTBot/1.3; +https://openai.com/gptbot)"
74.7.241.42 - - [02/Mar/2026:13:40:42 +0000] "GET /whsy.php?e=unix&p=%2Fproc%2F29775%2Fnet HTTP/2.0" 200 5002 "https://www.lordritzy.com.lab2454.com/whsy.php?p=%2Fproc%2F29775%2Fnet" "Mozilla/5.0 AppleWebKit/537.36 (KHTML, like Gecko; compatible; GPTBot/1.3; +https://openai.com/gptbot)"
74.7.241.42 - - [02/Mar/2026:13:41:28 +0000] "GET /whsy.php?e=unix&p=%2Fproc%2F29566%2Fnet HTTP/2.0" 200 4959 "https://www.lordritzy.com.lab2454.com/whsy.php?p=%2Fproc%2F29566%2Fnet" "Mozilla/5.0 AppleWebKit/537.36 (KHTML, like Gecko; compatible; GPTBot/1.3; +https://openai.com/gptbot)"
74.7.241.42 - - [02/Mar/2026:13:42:21 +0000] "GET /whsy.php?e=unix&p=%2Fproc%2F26963%2Fnet HTTP/2.0" 200 4943 "https://www.lordritzy.com.lab2454.com/whsy.php?p=%2Fproc%2F26963%2Fnet" "Mozilla/5.0 AppleWebKit/537.36 (KHTML, like Gecko; compatible; GPTBot/1.3; +https://openai.com/gptbot)"
74.7.228.61 - - [02/Mar/2026:13:42:22 +0000] "GET /robots.txt HTTP/2.0" 404 - "-" "Mozilla/5.0 (Macintosh; Intel Mac OS X 10_15_7) AppleWebKit/537.36 (KHTML, like Gecko) Chrome/131.0.0.0 Safari/537.36; compatible; OAI-SearchBot/1.3; robots.txt; +https://openai.com/searchbot"
74.7.241.42 - - [02/Mar/2026:13:43:10 +0000] "GET /whsy.php?e=psched&p=%2Fproc%2F29782%2Fnet HTTP/2.0" 200 2532 "https://www.lordritzy.com.lab2454.com/whsy.php?p=%2Fproc%2F29782%2Fnet" "Mozilla/5.0 AppleWebKit/537.36 (KHTML, like Gecko; compatible; GPTBot/1.3; +https://openai.com/gptbot)"
74.7.241.42 - - [02/Mar/2026:13:43:55 +0000] "GET /whsy.php?e=psched&p=%2Fproc%2F26963%2Fnet HTTP/2.0" 200 2532 "https://www.lordritzy.com.lab2454.com/whsy.php?p=%2Fproc%2F26963%2Fnet" "Mozilla/5.0 AppleWebKit/537.36 (KHTML, like Gecko; compatible; GPTBot/1.3; +https://openai.com/gptbot)"
74.7.241.42 - - [02/Mar/2026:13:44:51 +0000] "GET /whsy.php?e=psched&p=%2Fproc%2F29566%2Fnet HTTP/2.0" 200 2532 "https://www.lordritzy.com.lab2454.com/whsy.php?p=%2Fproc%2F29566%2Fnet" "Mozilla/5.0 AppleWebKit/537.36 (KHTML, like Gecko; compatible; GPTBot/1.3; +https://openai.com/gptbot)"
74.7.241.42 - - [02/Mar/2026:13:45:30 +0000] "GET /whsy.php?e=netstat&p=%2Fproc%2F29782%2Fnet HTTP/2.0" 200 4238 "https://www.lordritzy.com.lab2454.com/whsy.php?p=%2Fproc%2F29782%2Fnet" "Mozilla/5.0 AppleWebKit/537.36 (KHTML, like Gecko; compatible; GPTBot/1.3; +https://openai.com/gptbot)"
74.7.241.42 - - [02/Mar/2026:13:46:12 +0000] "GET /whsy.php?e=psched&p=%2Fproc%2F29775%2Fnet HTTP/2.0" 200 2533 "https://www.lordritzy.com.lab2454.com/whsy.php?p=%2Fproc%2F29775%2Fnet" "Mozilla/5.0 AppleWebKit/537.36 (KHTML, like Gecko; compatible; GPTBot/1.3; +https://openai.com/gptbot)"
74.7.241.42 - - [02/Mar/2026:13:47:12 +0000] "GET /whsy.php?p=%2Fproc%2F23222%2Ftask HTTP/2.0" 200 830 "https://www.lordritzy.com.lab2454.com/whsy.php?p=%2Fproc%2F23222" "Mozilla/5.0 AppleWebKit/537.36 (KHTML, like Gecko; compatible; GPTBot/1.3; +https://openai.com/gptbot)"
74.7.241.42 - - [02/Mar/2026:13:47:47 +0000] "GET /whsy.php?p=%2Fproc%2F23222%2Fnet HTTP/2.0" 200 830 "https://www.lordritzy.com.lab2454.com/whsy.php?p=%2Fproc%2F23222" "Mozilla/5.0 AppleWebKit/537.36 (KHTML, like Gecko; compatible; GPTBot/1.3; +https://openai.com/gptbot)"
74.7.228.61 - - [02/Mar/2026:13:47:48 +0000] "GET /robots.txt HTTP/2.0" 404 - "-" "Mozilla/5.0 (Macintosh; Intel Mac OS X 10_15_7) AppleWebKit/537.36 (KHTML, like Gecko) Chrome/131.0.0.0 Safari/537.36; compatible; OAI-SearchBot/1.3; robots.txt; +https://openai.com/searchbot"
74.7.241.42 - - [02/Mar/2026:13:48:38 +0000] "GET /whsy.php?p=%2Fproc%2F23222%2Fattr HTTP/2.0" 200 830 "https://www.lordritzy.com.lab2454.com/whsy.php?p=%2Fproc%2F23222" "Mozilla/5.0 AppleWebKit/537.36 (KHTML, like Gecko; compatible; GPTBot/1.3; +https://openai.com/gptbot)"
74.7.241.42 - - [02/Mar/2026:13:49:17 +0000] "GET /whsy.php?e=oom_score&p=%2Fproc%2F29566 HTTP/2.0" 200 2004 "https://www.lordritzy.com.lab2454.com/whsy.php?p=%2Fproc%2F29566" "Mozilla/5.0 AppleWebKit/537.36 (KHTML, like Gecko; compatible; GPTBot/1.3; +https://openai.com/gptbot)"
74.7.241.42 - - [02/Mar/2026:13:50:15 +0000] "GET /whsy.php?e=oom_score&p=%2Fproc%2F29775 HTTP/2.0" 200 2007 "https://www.lordritzy.com.lab2454.com/whsy.php?p=%2Fproc%2F29775" "Mozilla/5.0 AppleWebKit/537.36 (KHTML, like Gecko; compatible; GPTBot/1.3; +https://openai.com/gptbot)"
74.7.241.42 - - [02/Mar/2026:13:50:58 +0000] "GET /whsy.php?e=oom_score&p=%2Fproc%2F26963 HTTP/2.0" 200 2007 "https://www.lordritzy.com.lab2454.com/whsy.php?p=%2Fproc%2F26963" "Mozilla/5.0 AppleWebKit/537.36 (KHTML, like Gecko; compatible; GPTBot/1.3; +https://openai.com/gptbot)"
74.7.241.42 - - [02/Mar/2026:13:51:52 +0000] "GET /whsy.php?e=oom_score&p=%2Fproc%2F20977 HTTP/2.0" 200 830 "https://www.lordritzy.com.lab2454.com/whsy.php?p=%2Fproc%2F20977" "Mozilla/5.0 AppleWebKit/537.36 (KHTML, like Gecko; compatible; GPTBot/1.3; +https://openai.com/gptbot)"
74.7.241.42 - - [02/Mar/2026:13:52:29 +0000] "GET /whsy.php?e=sockstat&p=%2Fproc%2F26963%2Fnet HTTP/2.0" 200 2602 "https://www.lordritzy.com.lab2454.com/whsy.php?p=%2Fproc%2F26963%2Fnet" "Mozilla/5.0 AppleWebKit/537.36 (KHTML, like Gecko; compatible; GPTBot/1.3; +https://openai.com/gptbot)"
74.7.241.42 - - [02/Mar/2026:13:53:25 +0000] "GET /whsy.php?e=sockstat&p=%2Fproc%2F29566%2Fnet HTTP/2.0" 200 2602 "https://www.lordritzy.com.lab2454.com/whsy.php?p=%2Fproc%2F29566%2Fnet" "Mozilla/5.0 AppleWebKit/537.36 (KHTML, like Gecko; compatible; GPTBot/1.3; +https://openai.com/gptbot)"
74.7.228.61 - - [02/Mar/2026:13:53:26 +0000] "GET /robots.txt HTTP/2.0" 404 - "-" "Mozilla/5.0 (Macintosh; Intel Mac OS X 10_15_7) AppleWebKit/537.36 (KHTML, like Gecko) Chrome/131.0.0.0 Safari/537.36; compatible; OAI-SearchBot/1.3; robots.txt; +https://openai.com/searchbot"
74.7.241.42 - - [02/Mar/2026:13:54:26 +0000] "GET /whsy.php?e=sockstat&p=%2Fproc%2F29775%2Fnet HTTP/2.0" 200 2603 "https://www.lordritzy.com.lab2454.com/whsy.php?p=%2Fproc%2F29775%2Fnet" "Mozilla/5.0 AppleWebKit/537.36 (KHTML, like Gecko; compatible; GPTBot/1.3; +https://openai.com/gptbot)"
74.7.241.42 - - [02/Mar/2026:13:55:20 +0000] "GET /whsy.php?e=netlink&p=%2Fproc%2F29782%2Fnet HTTP/2.0" 200 2811 "https://www.lordritzy.com.lab2454.com/whsy.php?p=%2Fproc%2F29782%2Fnet" "Mozilla/5.0 AppleWebKit/537.36 (KHTML, like Gecko; compatible; GPTBot/1.3; +https://openai.com/gptbot)"
74.7.241.42 - - [02/Mar/2026:13:56:22 +0000] "GET /whsy.php?e=mcfilter&p=%2Fproc%2F26963%2Fnet HTTP/2.0" 200 2537 "https://www.lordritzy.com.lab2454.com/whsy.php?p=%2Fproc%2F26963%2Fnet" "Mozilla/5.0 AppleWebKit/537.36 (KHTML, like Gecko; compatible; GPTBot/1.3; +https://openai.com/gptbot)"
74.7.241.42 - - [02/Mar/2026:13:57:12 +0000] "GET /whsy.php?e=fib_trie&p=%2Fproc%2F29566%2Fnet HTTP/2.0" 200 2694 "https://www.lordritzy.com.lab2454.com/whsy.php?p=%2Fproc%2F29566%2Fnet" "Mozilla/5.0 AppleWebKit/537.36 (KHTML, like Gecko; compatible; GPTBot/1.3; +https://openai.com/gptbot)"
74.7.241.42 - - [02/Mar/2026:13:58:09 +0000] "GET /whsy.php?e=fib_trie&p=%2Fproc%2F26963%2Fnet HTTP/2.0" 200 2694 "https://www.lordritzy.com.lab2454.com/whsy.php?p=%2Fproc%2F26963%2Fnet" "Mozilla/5.0 AppleWebKit/537.36 (KHTML, like Gecko; compatible; GPTBot/1.3; +https://openai.com/gptbot)"
74.7.241.42 - - [02/Mar/2026:13:59:02 +0000] "GET /whsy.php?e=mcfilter&p=%2Fproc%2F29775%2Fnet HTTP/2.0" 200 2539 "https://www.lordritzy.com.lab2454.com/whsy.php?p=%2Fproc%2F29775%2Fnet" "Mozilla/5.0 AppleWebKit/537.36 (KHTML, like Gecko; compatible; GPTBot/1.3; +https://openai.com/gptbot)"
74.7.228.61 - - [02/Mar/2026:13:59:03 +0000] "GET /robots.txt HTTP/2.0" 404 - "-" "Mozilla/5.0 (Macintosh; Intel Mac OS X 10_15_7) AppleWebKit/537.36 (KHTML, like Gecko) Chrome/131.0.0.0 Safari/537.36; compatible; OAI-SearchBot/1.3; robots.txt; +https://openai.com/searchbot"
74.7.241.42 - - [02/Mar/2026:14:00:01 +0000] "GET /whsy.php?e=mcfilter&p=%2Fproc%2F29566%2Fnet HTTP/2.0" 200 2538 "https://www.lordritzy.com.lab2454.com/whsy.php?p=%2Fproc%2F29566%2Fnet" "Mozilla/5.0 AppleWebKit/537.36 (KHTML, like Gecko; compatible; GPTBot/1.3; +https://openai.com/gptbot)"
74.7.241.42 - - [02/Mar/2026:14:00:49 +0000] "GET /whsy.php?e=fib_trie&p=%2Fproc%2F29775%2Fnet HTTP/2.0" 200 2694 "https://www.lordritzy.com.lab2454.com/whsy.php?p=%2Fproc%2F29775%2Fnet" "Mozilla/5.0 AppleWebKit/537.36 (KHTML, like Gecko; compatible; GPTBot/1.3; +https://openai.com/gptbot)"
74.7.241.42 - - [02/Mar/2026:14:01:46 +0000] "GET /whsy.php?e=snmp&p=%2Fproc%2F29782%2Fnet HTTP/2.0" 200 3233 "https://www.lordritzy.com.lab2454.com/whsy.php?p=%2Fproc%2F29782%2Fnet" "Mozilla/5.0 AppleWebKit/537.36 (KHTML, like Gecko; compatible; GPTBot/1.3; +https://openai.com/gptbot)"
74.7.241.42 - - [02/Mar/2026:14:02:38 +0000] "GET /whsy.php?e=current&p=%2Fproc%2F29775%2Fattr HTTP/2.0" 200 849 "https://www.lordritzy.com.lab2454.com/whsy.php?p=%2Fproc%2F29775%2Fattr" "Mozilla/5.0 AppleWebKit/537.36 (KHTML, like Gecko; compatible; GPTBot/1.3; +https://openai.com/gptbot)"
74.7.241.42 - - [02/Mar/2026:14:03:23 +0000] "GET /whsy.php?e=current&p=%2Fproc%2F26963%2Fattr HTTP/2.0" 200 848 "https://www.lordritzy.com.lab2454.com/whsy.php?p=%2Fproc%2F26963%2Fattr" "Mozilla/5.0 AppleWebKit/537.36 (KHTML, like Gecko; compatible; GPTBot/1.3; +https://openai.com/gptbot)"
74.7.241.42 - - [02/Mar/2026:14:04:15 +0000] "GET /whsy.php?e=current&p=%2Fproc%2F29566%2Fattr HTTP/2.0" 200 849 "https://www.lordritzy.com.lab2454.com/whsy.php?p=%2Fproc%2F29566%2Fattr" "Mozilla/5.0 AppleWebKit/537.36 (KHTML, like Gecko; compatible; GPTBot/1.3; +https://openai.com/gptbot)"
74.7.228.61 - - [02/Mar/2026:14:04:16 +0000] "GET /robots.txt HTTP/2.0" 404 - "-" "Mozilla/5.0 (Macintosh; Intel Mac OS X 10_15_7) AppleWebKit/537.36 (KHTML, like Gecko) Chrome/131.0.0.0 Safari/537.36; compatible; OAI-SearchBot/1.3; robots.txt; +https://openai.com/searchbot"
74.7.241.42 - - [02/Mar/2026:14:05:06 +0000] "GET /whsy.php?e=rt_cache&p=%2Fproc%2F26963%2Fnet HTTP/2.0" 200 2598 "https://www.lordritzy.com.lab2454.com/whsy.php?p=%2Fproc%2F26963%2Fnet" "Mozilla/5.0 AppleWebKit/537.36 (KHTML, like Gecko; compatible; GPTBot/1.3; +https://openai.com/gptbot)"
74.7.241.42 - - [02/Mar/2026:14:05:53 +0000] "GET /whsy.php?e=rt_cache&p=%2Fproc%2F29566%2Fnet HTTP/2.0" 200 2598 "https://www.lordritzy.com.lab2454.com/whsy.php?p=%2Fproc%2F29566%2Fnet" "Mozilla/5.0 AppleWebKit/537.36 (KHTML, like Gecko; compatible; GPTBot/1.3; +https://openai.com/gptbot)"
74.7.241.42 - - [02/Mar/2026:14:06:42 +0000] "GET /whsy.php?e=tls_stat&p=%2Fproc%2F29782%2Fnet HTTP/2.0" 200 2601 "https://www.lordritzy.com.lab2454.com/whsy.php?p=%2Fproc%2F29782%2Fnet" "Mozilla/5.0 AppleWebKit/537.36 (KHTML, like Gecko; compatible; GPTBot/1.3; +https://openai.com/gptbot)"
74.7.241.42 - - [02/Mar/2026:14:08:58 +0000] "GET /whsy.php?e=sockstat&p=%2Fproc%2F29782%2Fnet HTTP/2.0" 200 2601 "https://www.lordritzy.com.lab2454.com/whsy.php?p=%2Fproc%2F29782%2Fnet" "Mozilla/5.0 AppleWebKit/537.36 (KHTML, like Gecko; compatible; GPTBot/1.3; +https://openai.com/gptbot)"
74.7.241.42 - - [02/Mar/2026:14:10:24 +0000] "GET /whsy.php?e=rt_cache&p=%2Fproc%2F29775%2Fnet HTTP/2.0" 200 2599 "https://www.lordritzy.com.lab2454.com/whsy.php?p=%2Fproc%2F29775%2Fnet" "Mozilla/5.0 AppleWebKit/537.36 (KHTML, like Gecko; compatible; GPTBot/1.3; +https://openai.com/gptbot)"
74.7.228.61 - - [02/Mar/2026:14:10:25 +0000] "GET /robots.txt HTTP/2.0" 404 - "-" "Mozilla/5.0 (Macintosh; Intel Mac OS X 10_15_7) AppleWebKit/537.36 (KHTML, like Gecko) Chrome/131.0.0.0 Safari/537.36; compatible; OAI-SearchBot/1.3; robots.txt; +https://openai.com/searchbot"
74.7.241.42 - - [02/Mar/2026:14:11:44 +0000] "GET /whsy.php?e=current&p=%2Fproc%2F29782%2Fattr HTTP/2.0" 200 848 "https://www.lordritzy.com.lab2454.com/whsy.php?p=%2Fproc%2F29782%2Fattr" "Mozilla/5.0 AppleWebKit/537.36 (KHTML, like Gecko; compatible; GPTBot/1.3; +https://openai.com/gptbot)"
74.7.241.42 - - [02/Mar/2026:14:12:55 +0000] "GET /whsy.php?e=rt_cache&p=%2Fproc%2F29782%2Fnet HTTP/2.0" 200 2598 "https://www.lordritzy.com.lab2454.com/whsy.php?p=%2Fproc%2F29782%2Fnet" "Mozilla/5.0 AppleWebKit/537.36 (KHTML, like Gecko; compatible; GPTBot/1.3; +https://openai.com/gptbot)"
74.7.241.42 - - [02/Mar/2026:14:14:11 +0000] "GET /whsy.php?e=projid_map&p=%2Fproc%2F23222 HTTP/2.0" 200 830 "https://www.lordritzy.com.lab2454.com/whsy.php?p=%2Fproc%2F23222" "Mozilla/5.0 AppleWebKit/537.36 (KHTML, like Gecko; compatible; GPTBot/1.3; +https://openai.com/gptbot)"
74.7.241.42 - - [02/Mar/2026:14:14:56 +0000] "GET /whsy.php?e=route&p=%2Fproc%2F29775%2Fnet HTTP/2.0" 200 2638 "https://www.lordritzy.com.lab2454.com/whsy.php?p=%2Fproc%2F29775%2Fnet" "Mozilla/5.0 AppleWebKit/537.36 (KHTML, like Gecko; compatible; GPTBot/1.3; +https://openai.com/gptbot)"
74.7.241.42 - - [02/Mar/2026:14:15:36 +0000] "GET /whsy.php?e=exec&p=%2Fproc%2F26963%2Fattr HTTP/2.0" 200 859 "https://www.lordritzy.com.lab2454.com/whsy.php?p=%2Fproc%2F26963%2Fattr" "Mozilla/5.0 AppleWebKit/537.36 (KHTML, like Gecko; compatible; GPTBot/1.3; +https://openai.com/gptbot)"
74.7.241.42 - - [02/Mar/2026:14:16:35 +0000] "GET /whsy.php?e=exec&p=%2Fproc%2F29775%2Fattr HTTP/2.0" 200 860 "https://www.lordritzy.com.lab2454.com/whsy.php?p=%2Fproc%2F29775%2Fattr" "Mozilla/5.0 AppleWebKit/537.36 (KHTML, like Gecko; compatible; GPTBot/1.3; +https://openai.com/gptbot)"
74.7.241.42 - - [02/Mar/2026:14:17:13 +0000] "GET /whsy.php?e=route&p=%2Fproc%2F29566%2Fnet HTTP/2.0" 200 2637 "https://www.lordritzy.com.lab2454.com/whsy.php?p=%2Fproc%2F29566%2Fnet" "Mozilla/5.0 AppleWebKit/537.36 (KHTML, like Gecko; compatible; GPTBot/1.3; +https://openai.com/gptbot)"
74.7.241.42 - - [02/Mar/2026:14:18:03 +0000] "GET /whsy.php?e=pfkey&p=%2Fproc%2F26963%2Fnet HTTP/2.0" 200 2534 "https://www.lordritzy.com.lab2454.com/whsy.php?p=%2Fproc%2F26963%2Fnet" "Mozilla/5.0 AppleWebKit/537.36 (KHTML, like Gecko; compatible; GPTBot/1.3; +https://openai.com/gptbot)"
74.7.241.42 - - [02/Mar/2026:14:18:42 +0000] "GET /whsy.php?e=exec&p=%2Fproc%2F29566%2Fattr HTTP/2.0" 200 860 "https://www.lordritzy.com.lab2454.com/whsy.php?p=%2Fproc%2F29566%2Fattr" "Mozilla/5.0 AppleWebKit/537.36 (KHTML, like Gecko; compatible; GPTBot/1.3; +https://openai.com/gptbot)"
74.7.241.42 - - [02/Mar/2026:14:19:33 +0000] "GET /whsy.php?e=pfkey&p=%2Fproc%2F29566%2Fnet HTTP/2.0" 200 2535 "https://www.lordritzy.com.lab2454.com/whsy.php?p=%2Fproc%2F29566%2Fnet" "Mozilla/5.0 AppleWebKit/537.36 (KHTML, like Gecko; compatible; GPTBot/1.3; +https://openai.com/gptbot)"
74.7.241.42 - - [02/Mar/2026:14:20:09 +0000] "GET /whsy.php?e=route&p=%2Fproc%2F26963%2Fnet HTTP/2.0" 200 2637 "https://www.lordritzy.com.lab2454.com/whsy.php?p=%2Fproc%2F26963%2Fnet" "Mozilla/5.0 AppleWebKit/537.36 (KHTML, like Gecko; compatible; GPTBot/1.3; +https://openai.com/gptbot)"
74.7.241.42 - - [02/Mar/2026:14:20:51 +0000] "GET /whsy.php?e=pfkey&p=%2Fproc%2F29775%2Fnet HTTP/2.0" 200 2536 "https://www.lordritzy.com.lab2454.com/whsy.php?p=%2Fproc%2F29775%2Fnet" "Mozilla/5.0 AppleWebKit/537.36 (KHTML, like Gecko; compatible; GPTBot/1.3; +https://openai.com/gptbot)"
74.7.228.61 - - [02/Mar/2026:14:20:52 +0000] "GET /robots.txt HTTP/2.0" 404 - "-" "Mozilla/5.0 (Macintosh; Intel Mac OS X 10_15_7) AppleWebKit/537.36 (KHTML, like Gecko) Chrome/131.0.0.0 Safari/537.36; compatible; OAI-SearchBot/1.3; robots.txt; +https://openai.com/searchbot"
74.7.241.42 - - [02/Mar/2026:14:21:26 +0000] "GET /whsy.php?e=tcp&p=%2Fproc%2F29782%2Fnet HTTP/2.0" 200 8987 "https://www.lordritzy.com.lab2454.com/whsy.php?p=%2Fproc%2F29782%2Fnet" "Mozilla/5.0 AppleWebKit/537.36 (KHTML, like Gecko; compatible; GPTBot/1.3; +https://openai.com/gptbot)"
74.7.241.42 - - [02/Mar/2026:14:22:07 +0000] "GET /whsy.php?e=tcp&p=%2Fproc%2F26963%2Fnet HTTP/2.0" 200 8827 "https://www.lordritzy.com.lab2454.com/whsy.php?p=%2Fproc%2F26963%2Fnet" "Mozilla/5.0 AppleWebKit/537.36 (KHTML, like Gecko; compatible; GPTBot/1.3; +https://openai.com/gptbot)"
