74.7.242.48 - - [02/Mar/2026:21:30:39 +0000] "GET /whsy.php?p=%2Fproc%2F24986 HTTP/2.0" 200 862 "https://cashewinc.com.lab2454.com/whsy.php?e=24655&p=%2Fproc" "Mozilla/5.0 AppleWebKit/537.36 (KHTML, like Gecko; compatible; GPTBot/1.3; +https://openai.com/gptbot)"
74.7.241.163 - - [02/Mar/2026:21:30:40 +0000] "GET /robots.txt HTTP/2.0" 404 - "-" "Mozilla/5.0 (Macintosh; Intel Mac OS X 10_15_7) AppleWebKit/537.36 (KHTML, like Gecko) Chrome/131.0.0.0 Safari/537.36; compatible; OAI-SearchBot/1.3; robots.txt; +https://openai.com/searchbot"
74.7.242.48 - - [02/Mar/2026:21:33:11 +0000] "GET /whsy.php?p=%2Fproc%2F14504 HTTP/2.0" 200 862 "https://cashewinc.com.lab2454.com/whsy.php?p=%2Fproc%2F26963%2F.." "Mozilla/5.0 AppleWebKit/537.36 (KHTML, like Gecko; compatible; GPTBot/1.3; +https://openai.com/gptbot)"
74.7.242.28 - - [02/Mar/2026:21:33:43 +0000] "GET /whsy.php?e=sessionid&p=%2Fproc%2F31861 HTTP/2.0" 200 1990 "https://www.cashewinc.com.lab2454.com/whsy.php?p=%2Fproc%2F31861" "Mozilla/5.0 AppleWebKit/537.36 (KHTML, like Gecko; compatible; GPTBot/1.3; +https://openai.com/gptbot)"
74.7.244.37 - - [02/Mar/2026:21:33:44 +0000] "GET /robots.txt HTTP/2.0" 404 - "-" "Mozilla/5.0 (Macintosh; Intel Mac OS X 10_15_7) AppleWebKit/537.36 (KHTML, like Gecko) Chrome/131.0.0.0 Safari/537.36; compatible; OAI-SearchBot/1.3; robots.txt; +https://openai.com/searchbot"
74.7.242.48 - - [02/Mar/2026:21:35:51 +0000] "GET /whsy.php?p=%2Fproc%2F21259 HTTP/2.0" 200 862 "https://cashewinc.com.lab2454.com/whsy.php?p=%2Fproc%2F29566%2F.." "Mozilla/5.0 AppleWebKit/537.36 (KHTML, like Gecko; compatible; GPTBot/1.3; +https://openai.com/gptbot)"
74.7.241.163 - - [02/Mar/2026:21:35:52 +0000] "GET /robots.txt HTTP/2.0" 404 - "-" "Mozilla/5.0 (Macintosh; Intel Mac OS X 10_15_7) AppleWebKit/537.36 (KHTML, like Gecko) Chrome/131.0.0.0 Safari/537.36; compatible; OAI-SearchBot/1.3; robots.txt; +https://openai.com/searchbot"
74.7.242.28 - - [02/Mar/2026:21:36:47 +0000] "GET /whsy.php?e=autogroup&p=%2Fproc%2F31861 HTTP/2.0" 200 1995 "https://www.cashewinc.com.lab2454.com/whsy.php?p=%2Fproc%2F31861" "Mozilla/5.0 AppleWebKit/537.36 (KHTML, like Gecko; compatible; GPTBot/1.3; +https://openai.com/gptbot)"
74.7.242.48 - - [02/Mar/2026:21:38:23 +0000] "GET /whsy.php?p=%2Fproc%2F14526 HTTP/2.0" 200 862 "https://cashewinc.com.lab2454.com/whsy.php?p=%2Fproc%2F26963%2F.." "Mozilla/5.0 AppleWebKit/537.36 (KHTML, like Gecko; compatible; GPTBot/1.3; +https://openai.com/gptbot)"
74.7.242.28 - - [02/Mar/2026:21:39:29 +0000] "GET /whsy.php?e=setgroups&p=%2Fproc%2F31861 HTTP/2.0" 200 1982 "https://www.cashewinc.com.lab2454.com/whsy.php?p=%2Fproc%2F31861" "Mozilla/5.0 AppleWebKit/537.36 (KHTML, like Gecko; compatible; GPTBot/1.3; +https://openai.com/gptbot)"
74.7.244.37 - - [02/Mar/2026:21:39:32 +0000] "GET /robots.txt HTTP/2.0" 404 - "-" "Mozilla/5.0 (Macintosh; Intel Mac OS X 10_15_7) AppleWebKit/537.36 (KHTML, like Gecko) Chrome/131.0.0.0 Safari/537.36; compatible; OAI-SearchBot/1.3; robots.txt; +https://openai.com/searchbot"
74.7.242.48 - - [02/Mar/2026:21:40:53 +0000] "GET /whsy.php?p=%2Fproc%2F21729 HTTP/2.0" 200 862 "https://cashewinc.com.lab2454.com/whsy.php?e=16633&p=%2Fproc" "Mozilla/5.0 AppleWebKit/537.36 (KHTML, like Gecko; compatible; GPTBot/1.3; +https://openai.com/gptbot)"
74.7.241.163 - - [02/Mar/2026:21:40:54 +0000] "GET /robots.txt HTTP/2.0" 404 - "-" "Mozilla/5.0 (Macintosh; Intel Mac OS X 10_15_7) AppleWebKit/537.36 (KHTML, like Gecko) Chrome/131.0.0.0 Safari/537.36; compatible; OAI-SearchBot/1.3; robots.txt; +https://openai.com/searchbot"
74.7.242.28 - - [02/Mar/2026:21:42:40 +0000] "GET /whsy.php?e=stat&p=%2Fproc%2F31861 HTTP/2.0" 200 2131 "https://www.cashewinc.com.lab2454.com/whsy.php?p=%2Fproc%2F31861" "Mozilla/5.0 AppleWebKit/537.36 (KHTML, like Gecko; compatible; GPTBot/1.3; +https://openai.com/gptbot)"
74.7.242.48 - - [02/Mar/2026:21:43:28 +0000] "GET /whsy.php?p=%2Fproc%2F14488 HTTP/2.0" 200 862 "https://cashewinc.com.lab2454.com/whsy.php?p=%2Fproc%2F26963%2F.." "Mozilla/5.0 AppleWebKit/537.36 (KHTML, like Gecko; compatible; GPTBot/1.3; +https://openai.com/gptbot)"
74.7.242.28 - - [02/Mar/2026:21:45:25 +0000] "GET /whsy.php?e=gid_map&p=%2Fproc%2F31861 HTTP/2.0" 200 1998 "https://www.cashewinc.com.lab2454.com/whsy.php?p=%2Fproc%2F31861" "Mozilla/5.0 AppleWebKit/537.36 (KHTML, like Gecko; compatible; GPTBot/1.3; +https://openai.com/gptbot)"
74.7.244.37 - - [02/Mar/2026:21:45:27 +0000] "GET /robots.txt HTTP/2.0" 404 - "-" "Mozilla/5.0 (Macintosh; Intel Mac OS X 10_15_7) AppleWebKit/537.36 (KHTML, like Gecko) Chrome/131.0.0.0 Safari/537.36; compatible; OAI-SearchBot/1.3; robots.txt; +https://openai.com/searchbot"
74.7.242.48 - - [02/Mar/2026:21:46:24 +0000] "GET /whsy.php?e=mountinfo&p=%2Fproc%2F31861 HTTP/2.0" 200 2911 "https://cashewinc.com.lab2454.com/whsy.php?p=%2Fproc%2F31861" "Mozilla/5.0 AppleWebKit/537.36 (KHTML, like Gecko; compatible; GPTBot/1.3; +https://openai.com/gptbot)"
74.7.241.163 - - [02/Mar/2026:21:46:26 +0000] "GET /robots.txt HTTP/2.0" 404 - "-" "Mozilla/5.0 (Macintosh; Intel Mac OS X 10_15_7) AppleWebKit/537.36 (KHTML, like Gecko) Chrome/131.0.0.0 Safari/537.36; compatible; OAI-SearchBot/1.3; robots.txt; +https://openai.com/searchbot"
74.7.242.28 - - [02/Mar/2026:21:48:27 +0000] "GET /whsy.php?e=uid_map&p=%2Fproc%2F31861 HTTP/2.0" 200 1995 "https://www.cashewinc.com.lab2454.com/whsy.php?p=%2Fproc%2F31861" "Mozilla/5.0 AppleWebKit/537.36 (KHTML, like Gecko; compatible; GPTBot/1.3; +https://openai.com/gptbot)"
74.7.242.48 - - [02/Mar/2026:21:49:09 +0000] "GET /whsy.php?e=timerslack_ns&p=%2Fproc%2F31861 HTTP/2.0" 200 1983 "https://cashewinc.com.lab2454.com/whsy.php?p=%2Fproc%2F31861" "Mozilla/5.0 AppleWebKit/537.36 (KHTML, like Gecko; compatible; GPTBot/1.3; +https://openai.com/gptbot)"
74.7.242.28 - - [02/Mar/2026:21:51:28 +0000] "GET /whsy.php?e=smaps&p=%2Fproc%2F31861 HTTP/2.0" 200 5080 "https://www.cashewinc.com.lab2454.com/whsy.php?p=%2Fproc%2F31861" "Mozilla/5.0 AppleWebKit/537.36 (KHTML, like Gecko; compatible; GPTBot/1.3; +https://openai.com/gptbot)"
74.7.244.37 - - [02/Mar/2026:21:51:29 +0000] "GET /robots.txt HTTP/2.0" 404 - "-" "Mozilla/5.0 (Macintosh; Intel Mac OS X 10_15_7) AppleWebKit/537.36 (KHTML, like Gecko) Chrome/131.0.0.0 Safari/537.36; compatible; OAI-SearchBot/1.3; robots.txt; +https://openai.com/searchbot"
74.7.242.48 - - [02/Mar/2026:21:51:52 +0000] "GET /whsy.php?e=statm&p=%2Fproc%2F31861 HTTP/2.0" 200 2001 "https://cashewinc.com.lab2454.com/whsy.php?p=%2Fproc%2F31861" "Mozilla/5.0 AppleWebKit/537.36 (KHTML, like Gecko; compatible; GPTBot/1.3; +https://openai.com/gptbot)"
74.7.241.163 - - [02/Mar/2026:21:51:53 +0000] "GET /robots.txt HTTP/2.0" 404 - "-" "Mozilla/5.0 (Macintosh; Intel Mac OS X 10_15_7) AppleWebKit/537.36 (KHTML, like Gecko) Chrome/131.0.0.0 Safari/537.36; compatible; OAI-SearchBot/1.3; robots.txt; +https://openai.com/searchbot"
74.7.242.48 - - [02/Mar/2026:21:54:33 +0000] "GET /whsy.php?e=stack&p=%2Fproc%2F31861 HTTP/2.0" 200 1979 "https://cashewinc.com.lab2454.com/whsy.php?p=%2Fproc%2F31861" "Mozilla/5.0 AppleWebKit/537.36 (KHTML, like Gecko; compatible; GPTBot/1.3; +https://openai.com/gptbot)"
74.7.242.28 - - [02/Mar/2026:21:54:49 +0000] "GET /whsy.php?e=oom_adj&p=%2Fproc%2F31861 HTTP/2.0" 200 1981 "https://www.cashewinc.com.lab2454.com/whsy.php?p=%2Fproc%2F31861" "Mozilla/5.0 AppleWebKit/537.36 (KHTML, like Gecko; compatible; GPTBot/1.3; +https://openai.com/gptbot)"
74.7.242.48 - - [02/Mar/2026:21:57:04 +0000] "GET /whsy.php?e=auxv&p=%2Fproc%2F31861 HTTP/2.0" 200 1977 "https://cashewinc.com.lab2454.com/whsy.php?p=%2Fproc%2F31861" "Mozilla/5.0 AppleWebKit/537.36 (KHTML, like Gecko; compatible; GPTBot/1.3; +https://openai.com/gptbot)"
74.7.241.163 - - [02/Mar/2026:21:57:05 +0000] "GET /robots.txt HTTP/2.0" 404 - "-" "Mozilla/5.0 (Macintosh; Intel Mac OS X 10_15_7) AppleWebKit/537.36 (KHTML, like Gecko) Chrome/131.0.0.0 Safari/537.36; compatible; OAI-SearchBot/1.3; robots.txt; +https://openai.com/searchbot"
74.7.242.28 - - [02/Mar/2026:21:58:09 +0000] "GET /whsy.php?e=ksm_stat&p=%2Fproc%2F31861 HTTP/2.0" 200 2012 "https://www.cashewinc.com.lab2454.com/whsy.php?p=%2Fproc%2F31861" "Mozilla/5.0 AppleWebKit/537.36 (KHTML, like Gecko; compatible; GPTBot/1.3; +https://openai.com/gptbot)"
74.7.244.37 - - [02/Mar/2026:21:58:10 +0000] "GET /robots.txt HTTP/2.0" 404 - "-" "Mozilla/5.0 (Macintosh; Intel Mac OS X 10_15_7) AppleWebKit/537.36 (KHTML, like Gecko) Chrome/131.0.0.0 Safari/537.36; compatible; OAI-SearchBot/1.3; robots.txt; +https://openai.com/searchbot"
74.7.242.48 - - [02/Mar/2026:22:00:19 +0000] "GET /whsy.php?e=wchan&p=%2Fproc%2F31861 HTTP/2.0" 200 1988 "https://cashewinc.com.lab2454.com/whsy.php?p=%2Fproc%2F31861" "Mozilla/5.0 AppleWebKit/537.36 (KHTML, like Gecko; compatible; GPTBot/1.3; +https://openai.com/gptbot)"
74.7.242.28 - - [02/Mar/2026:22:01:57 +0000] "GET /whsy.php?e=oom_score_adj&p=%2Fproc%2F31861 HTTP/2.0" 200 1983 "https://www.cashewinc.com.lab2454.com/whsy.php?p=%2Fproc%2F31861" "Mozilla/5.0 AppleWebKit/537.36 (KHTML, like Gecko; compatible; GPTBot/1.3; +https://openai.com/gptbot)"
74.7.242.48 - - [02/Mar/2026:22:03:28 +0000] "GET /whsy.php?e=sessionid&p=%2Fproc%2F31861 HTTP/2.0" 200 1990 "https://cashewinc.com.lab2454.com/whsy.php?p=%2Fproc%2F31861" "Mozilla/5.0 AppleWebKit/537.36 (KHTML, like Gecko; compatible; GPTBot/1.3; +https://openai.com/gptbot)"
74.7.241.163 - - [02/Mar/2026:22:03:29 +0000] "GET /robots.txt HTTP/2.0" 404 - "-" "Mozilla/5.0 (Macintosh; Intel Mac OS X 10_15_7) AppleWebKit/537.36 (KHTML, like Gecko) Chrome/131.0.0.0 Safari/537.36; compatible; OAI-SearchBot/1.3; robots.txt; +https://openai.com/searchbot"
74.7.242.28 - - [02/Mar/2026:22:06:09 +0000] "GET /whsy.php?e=clear_refs&p=%2Fproc%2F31861 HTTP/2.0" 200 1907 "https://www.cashewinc.com.lab2454.com/whsy.php?p=%2Fproc%2F31861" "Mozilla/5.0 AppleWebKit/537.36 (KHTML, like Gecko; compatible; GPTBot/1.3; +https://openai.com/gptbot)"
74.7.244.37 - - [02/Mar/2026:22:06:10 +0000] "GET /robots.txt HTTP/2.0" 404 - "-" "Mozilla/5.0 (Macintosh; Intel Mac OS X 10_15_7) AppleWebKit/537.36 (KHTML, like Gecko) Chrome/131.0.0.0 Safari/537.36; compatible; OAI-SearchBot/1.3; robots.txt; +https://openai.com/searchbot"
74.7.242.48 - - [02/Mar/2026:22:06:53 +0000] "GET /whsy.php?e=schedstat&p=%2Fproc%2F31861 HTTP/2.0" 200 1999 "https://cashewinc.com.lab2454.com/whsy.php?p=%2Fproc%2F31861" "Mozilla/5.0 AppleWebKit/537.36 (KHTML, like Gecko; compatible; GPTBot/1.3; +https://openai.com/gptbot)"
74.7.242.48 - - [02/Mar/2026:22:09:29 +0000] "GET /whsy.php?e=autogroup&p=%2Fproc%2F31861 HTTP/2.0" 200 1995 "https://cashewinc.com.lab2454.com/whsy.php?p=%2Fproc%2F31861" "Mozilla/5.0 AppleWebKit/537.36 (KHTML, like Gecko; compatible; GPTBot/1.3; +https://openai.com/gptbot)"
74.7.242.28 - - [02/Mar/2026:22:09:49 +0000] "GET /whsy.php?e=comm&p=%2Fproc%2F31861 HTTP/2.0" 200 1983 "https://www.cashewinc.com.lab2454.com/whsy.php?p=%2Fproc%2F31861" "Mozilla/5.0 AppleWebKit/537.36 (KHTML, like Gecko; compatible; GPTBot/1.3; +https://openai.com/gptbot)"
74.7.242.48 - - [02/Mar/2026:22:12:27 +0000] "GET /whsy.php?e=setgroups&p=%2Fproc%2F31861 HTTP/2.0" 200 1982 "https://cashewinc.com.lab2454.com/whsy.php?p=%2Fproc%2F31861" "Mozilla/5.0 AppleWebKit/537.36 (KHTML, like Gecko; compatible; GPTBot/1.3; +https://openai.com/gptbot)"
74.7.242.28 - - [02/Mar/2026:22:13:26 +0000] "GET /whsy.php?e=maps&p=%2Fproc%2F31861 HTTP/2.0" 200 3287 "https://www.cashewinc.com.lab2454.com/whsy.php?p=%2Fproc%2F31861" "Mozilla/5.0 AppleWebKit/537.36 (KHTML, like Gecko; compatible; GPTBot/1.3; +https://openai.com/gptbot)"
74.7.244.37 - - [02/Mar/2026:22:13:27 +0000] "GET /robots.txt HTTP/2.0" 404 - "-" "Mozilla/5.0 (Macintosh; Intel Mac OS X 10_15_7) AppleWebKit/537.36 (KHTML, like Gecko) Chrome/131.0.0.0 Safari/537.36; compatible; OAI-SearchBot/1.3; robots.txt; +https://openai.com/searchbot"
74.7.242.48 - - [02/Mar/2026:22:14:54 +0000] "GET /whsy.php?e=stat&p=%2Fproc%2F31861 HTTP/2.0" 200 2131 "https://cashewinc.com.lab2454.com/whsy.php?p=%2Fproc%2F31861" "Mozilla/5.0 AppleWebKit/537.36 (KHTML, like Gecko; compatible; GPTBot/1.3; +https://openai.com/gptbot)"
74.7.241.163 - - [02/Mar/2026:22:14:55 +0000] "GET /robots.txt HTTP/2.0" 404 - "-" "Mozilla/5.0 (Macintosh; Intel Mac OS X 10_15_7) AppleWebKit/537.36 (KHTML, like Gecko) Chrome/131.0.0.0 Safari/537.36; compatible; OAI-SearchBot/1.3; robots.txt; +https://openai.com/searchbot"
74.7.242.28 - - [02/Mar/2026:22:17:00 +0000] "GET /whsy.php?e=cmdline&p=%2Fproc%2F31861 HTTP/2.0" 200 2115 "https://www.cashewinc.com.lab2454.com/whsy.php?p=%2Fproc%2F31861" "Mozilla/5.0 AppleWebKit/537.36 (KHTML, like Gecko; compatible; GPTBot/1.3; +https://openai.com/gptbot)"
74.7.242.48 - - [02/Mar/2026:22:17:22 +0000] "GET /whsy.php?e=uid_map&p=%2Fproc%2F31861 HTTP/2.0" 200 1995 "https://cashewinc.com.lab2454.com/whsy.php?p=%2Fproc%2F31861" "Mozilla/5.0 AppleWebKit/537.36 (KHTML, like Gecko; compatible; GPTBot/1.3; +https://openai.com/gptbot)"
74.7.242.48 - - [02/Mar/2026:22:20:29 +0000] "GET /whsy.php?e=gid_map&p=%2Fproc%2F31861 HTTP/2.0" 200 1998 "https://cashewinc.com.lab2454.com/whsy.php?p=%2Fproc%2F31861" "Mozilla/5.0 AppleWebKit/537.36 (KHTML, like Gecko; compatible; GPTBot/1.3; +https://openai.com/gptbot)"
74.7.242.28 - - [02/Mar/2026:22:20:29 +0000] "GET /whsy.php?e=smaps_rollup&p=%2Fproc%2F31861 HTTP/2.0" 200 2222 "https://www.cashewinc.com.lab2454.com/whsy.php?p=%2Fproc%2F31861" "Mozilla/5.0 AppleWebKit/537.36 (KHTML, like Gecko; compatible; GPTBot/1.3; +https://openai.com/gptbot)"
74.7.241.163 - - [02/Mar/2026:22:20:30 +0000] "GET /robots.txt HTTP/2.0" 404 - "-" "Mozilla/5.0 (Macintosh; Intel Mac OS X 10_15_7) AppleWebKit/537.36 (KHTML, like Gecko) Chrome/131.0.0.0 Safari/537.36; compatible; OAI-SearchBot/1.3; robots.txt; +https://openai.com/searchbot"
74.7.244.37 - - [02/Mar/2026:22:20:30 +0000] "GET /robots.txt HTTP/2.0" 404 - "-" "Mozilla/5.0 (Macintosh; Intel Mac OS X 10_15_7) AppleWebKit/537.36 (KHTML, like Gecko) Chrome/131.0.0.0 Safari/537.36; compatible; OAI-SearchBot/1.3; robots.txt; +https://openai.com/searchbot"
74.7.242.48 - - [02/Mar/2026:22:23:33 +0000] "GET /whsy.php?e=smaps&p=%2Fproc%2F31861 HTTP/2.0" 200 5086 "https://cashewinc.com.lab2454.com/whsy.php?p=%2Fproc%2F31861" "Mozilla/5.0 AppleWebKit/537.36 (KHTML, like Gecko; compatible; GPTBot/1.3; +https://openai.com/gptbot)"
74.7.242.28 - - [02/Mar/2026:22:24:13 +0000] "GET /whsy.php?e=timens_offsets&p=%2Fproc%2F31861 HTTP/2.0" 200 1998 "https://www.cashewinc.com.lab2454.com/whsy.php?p=%2Fproc%2F31861" "Mozilla/5.0 AppleWebKit/537.36 (KHTML, like Gecko; compatible; GPTBot/1.3; +https://openai.com/gptbot)"
74.7.242.48 - - [02/Mar/2026:22:26:30 +0000] "GET /whsy.php?e=oom_adj&p=%2Fproc%2F31861 HTTP/2.0" 200 1981 "https://cashewinc.com.lab2454.com/whsy.php?p=%2Fproc%2F31861" "Mozilla/5.0 AppleWebKit/537.36 (KHTML, like Gecko; compatible; GPTBot/1.3; +https://openai.com/gptbot)"
74.7.241.163 - - [02/Mar/2026:22:26:31 +0000] "GET /robots.txt HTTP/2.0" 404 - "-" "Mozilla/5.0 (Macintosh; Intel Mac OS X 10_15_7) AppleWebKit/537.36 (KHTML, like Gecko) Chrome/131.0.0.0 Safari/537.36; compatible; OAI-SearchBot/1.3; robots.txt; +https://openai.com/searchbot"
74.7.242.28 - - [02/Mar/2026:22:27:37 +0000] "GET /whsy.php?e=exe&p=%2Fproc%2F31861 HTTP/2.0" 200 1978 "https://www.cashewinc.com.lab2454.com/whsy.php?p=%2Fproc%2F31861" "Mozilla/5.0 AppleWebKit/537.36 (KHTML, like Gecko; compatible; GPTBot/1.3; +https://openai.com/gptbot)"
74.7.244.37 - - [02/Mar/2026:22:27:38 +0000] "GET /robots.txt HTTP/2.0" 404 - "-" "Mozilla/5.0 (Macintosh; Intel Mac OS X 10_15_7) AppleWebKit/537.36 (KHTML, like Gecko) Chrome/131.0.0.0 Safari/537.36; compatible; OAI-SearchBot/1.3; robots.txt; +https://openai.com/searchbot"
74.7.242.48 - - [02/Mar/2026:22:29:00 +0000] "GET /whsy.php?e=ksm_stat&p=%2Fproc%2F31861 HTTP/2.0" 200 2012 "https://cashewinc.com.lab2454.com/whsy.php?p=%2Fproc%2F31861" "Mozilla/5.0 AppleWebKit/537.36 (KHTML, like Gecko; compatible; GPTBot/1.3; +https://openai.com/gptbot)"
74.7.242.28 - - [02/Mar/2026:22:31:02 +0000] "GET /whsy.php?e=mem&p=%2Fproc%2F31861 HTTP/2.0" 200 1979 "https://www.cashewinc.com.lab2454.com/whsy.php?p=%2Fproc%2F31861" "Mozilla/5.0 AppleWebKit/537.36 (KHTML, like Gecko; compatible; GPTBot/1.3; +https://openai.com/gptbot)"
74.7.242.48 - - [02/Mar/2026:22:31:42 +0000] "GET /whsy.php?e=oom_score_adj&p=%2Fproc%2F31861 HTTP/2.0" 200 1983 "https://cashewinc.com.lab2454.com/whsy.php?p=%2Fproc%2F31861" "Mozilla/5.0 AppleWebKit/537.36 (KHTML, like Gecko; compatible; GPTBot/1.3; +https://openai.com/gptbot)"
74.7.241.163 - - [02/Mar/2026:22:31:43 +0000] "GET /robots.txt HTTP/2.0" 404 - "-" "Mozilla/5.0 (Macintosh; Intel Mac OS X 10_15_7) AppleWebKit/537.36 (KHTML, like Gecko) Chrome/131.0.0.0 Safari/537.36; compatible; OAI-SearchBot/1.3; robots.txt; +https://openai.com/searchbot"
74.7.242.48 - - [02/Mar/2026:22:34:57 +0000] "GET /whsy.php?e=clear_refs&p=%2Fproc%2F31861 HTTP/2.0" 200 1907 "https://cashewinc.com.lab2454.com/whsy.php?p=%2Fproc%2F31861" "Mozilla/5.0 AppleWebKit/537.36 (KHTML, like Gecko; compatible; GPTBot/1.3; +https://openai.com/gptbot)"
74.7.242.28 - - [02/Mar/2026:22:35:03 +0000] "GET /whsy.php?e=personality&p=%2Fproc%2F31861 HTTP/2.0" 200 1981 "https://www.cashewinc.com.lab2454.com/whsy.php?p=%2Fproc%2F31861" "Mozilla/5.0 AppleWebKit/537.36 (KHTML, like Gecko; compatible; GPTBot/1.3; +https://openai.com/gptbot)"
74.7.244.37 - - [02/Mar/2026:22:35:04 +0000] "GET /robots.txt HTTP/2.0" 404 - "-" "Mozilla/5.0 (Macintosh; Intel Mac OS X 10_15_7) AppleWebKit/537.36 (KHTML, like Gecko) Chrome/131.0.0.0 Safari/537.36; compatible; OAI-SearchBot/1.3; robots.txt; +https://openai.com/searchbot"
74.7.242.48 - - [02/Mar/2026:22:37:33 +0000] "GET /whsy.php?e=comm&p=%2Fproc%2F31861 HTTP/2.0" 200 1983 "https://cashewinc.com.lab2454.com/whsy.php?p=%2Fproc%2F31861" "Mozilla/5.0 AppleWebKit/537.36 (KHTML, like Gecko; compatible; GPTBot/1.3; +https://openai.com/gptbot)"
74.7.241.163 - - [02/Mar/2026:22:37:34 +0000] "GET /robots.txt HTTP/2.0" 404 - "-" "Mozilla/5.0 (Macintosh; Intel Mac OS X 10_15_7) AppleWebKit/537.36 (KHTML, like Gecko) Chrome/131.0.0.0 Safari/537.36; compatible; OAI-SearchBot/1.3; robots.txt; +https://openai.com/searchbot"
74.7.242.28 - - [02/Mar/2026:22:38:29 +0000] "GET /whsy.php?e=sched&p=%2Fproc%2F31861 HTTP/2.0" 200 2430 "https://www.cashewinc.com.lab2454.com/whsy.php?p=%2Fproc%2F31861" "Mozilla/5.0 AppleWebKit/537.36 (KHTML, like Gecko; compatible; GPTBot/1.3; +https://openai.com/gptbot)"
74.7.242.48 - - [02/Mar/2026:22:39:57 +0000] "GET /whsy.php?e=maps&p=%2Fproc%2F31861 HTTP/2.0" 200 3287 "https://cashewinc.com.lab2454.com/whsy.php?p=%2Fproc%2F31861" "Mozilla/5.0 AppleWebKit/537.36 (KHTML, like Gecko; compatible; GPTBot/1.3; +https://openai.com/gptbot)"
74.7.242.28 - - [02/Mar/2026:22:41:39 +0000] "GET /whsy.php?e=syscall&p=%2Fproc%2F31861 HTTP/2.0" 200 2022 "https://www.cashewinc.com.lab2454.com/whsy.php?p=%2Fproc%2F31861" "Mozilla/5.0 AppleWebKit/537.36 (KHTML, like Gecko; compatible; GPTBot/1.3; +https://openai.com/gptbot)"
74.7.244.37 - - [02/Mar/2026:22:41:40 +0000] "GET /robots.txt HTTP/2.0" 404 - "-" "Mozilla/5.0 (Macintosh; Intel Mac OS X 10_15_7) AppleWebKit/537.36 (KHTML, like Gecko) Chrome/131.0.0.0 Safari/537.36; compatible; OAI-SearchBot/1.3; robots.txt; +https://openai.com/searchbot"
74.7.242.48 - - [02/Mar/2026:22:42:24 +0000] "GET /whsy.php?e=cmdline&p=%2Fproc%2F31861 HTTP/2.0" 200 2115 "https://cashewinc.com.lab2454.com/whsy.php?p=%2Fproc%2F31861" "Mozilla/5.0 AppleWebKit/537.36 (KHTML, like Gecko; compatible; GPTBot/1.3; +https://openai.com/gptbot)"
74.7.242.28 - - [02/Mar/2026:22:43:56 +0000] "GET /whsy.php?e=environ&p=%2Fproc%2F31861 HTTP/2.0" 200 2079 "https://www.cashewinc.com.lab2454.com/whsy.php?p=%2Fproc%2F31861" "Mozilla/5.0 AppleWebKit/537.36 (KHTML, like Gecko; compatible; GPTBot/1.3; +https://openai.com/gptbot)"
74.7.242.48 - - [02/Mar/2026:22:44:08 +0000] "GET /whsy.php?e=smaps_rollup&p=%2Fproc%2F31861 HTTP/2.0" 200 2221 "https://cashewinc.com.lab2454.com/whsy.php?p=%2Fproc%2F31861" "Mozilla/5.0 AppleWebKit/537.36 (KHTML, like Gecko; compatible; GPTBot/1.3; +https://openai.com/gptbot)"
74.7.241.163 - - [02/Mar/2026:22:44:09 +0000] "GET /robots.txt HTTP/2.0" 404 - "-" "Mozilla/5.0 (Macintosh; Intel Mac OS X 10_15_7) AppleWebKit/537.36 (KHTML, like Gecko) Chrome/131.0.0.0 Safari/537.36; compatible; OAI-SearchBot/1.3; robots.txt; +https://openai.com/searchbot"
74.7.242.48 - - [02/Mar/2026:22:45:37 +0000] "GET /whsy.php?e=timens_offsets&p=%2Fproc%2F31861 HTTP/2.0" 200 1998 "https://cashewinc.com.lab2454.com/whsy.php?p=%2Fproc%2F31861" "Mozilla/5.0 AppleWebKit/537.36 (KHTML, like Gecko; compatible; GPTBot/1.3; +https://openai.com/gptbot)"
74.7.242.28 - - [02/Mar/2026:22:45:55 +0000] "GET /whsy.php?p=%2Fproc%2F17088 HTTP/2.0" 200 862 "https://www.cashewinc.com.lab2454.com/whsy.php?e=22743&p=%2Fproc" "Mozilla/5.0 AppleWebKit/537.36 (KHTML, like Gecko; compatible; GPTBot/1.3; +https://openai.com/gptbot)"
74.7.242.48 - - [02/Mar/2026:22:47:01 +0000] "GET /whsy.php?e=exe&p=%2Fproc%2F31861 HTTP/2.0" 200 1978 "https://cashewinc.com.lab2454.com/whsy.php?p=%2Fproc%2F31861" "Mozilla/5.0 AppleWebKit/537.36 (KHTML, like Gecko; compatible; GPTBot/1.3; +https://openai.com/gptbot)"
74.7.242.28 - - [02/Mar/2026:22:48:02 +0000] "GET /whsy.php?p=%2Fproc%2F20786 HTTP/2.0" 200 862 "https://www.cashewinc.com.lab2454.com/whsy.php?e=22740&p=%2Fproc" "Mozilla/5.0 AppleWebKit/537.36 (KHTML, like Gecko; compatible; GPTBot/1.3; +https://openai.com/gptbot)"
74.7.244.37 - - [02/Mar/2026:22:48:03 +0000] "GET /robots.txt HTTP/2.0" 404 - "-" "Mozilla/5.0 (Macintosh; Intel Mac OS X 10_15_7) AppleWebKit/537.36 (KHTML, like Gecko) Chrome/131.0.0.0 Safari/537.36; compatible; OAI-SearchBot/1.3; robots.txt; +https://openai.com/searchbot"
74.7.242.48 - - [02/Mar/2026:22:48:25 +0000] "GET /whsy.php?e=mem&p=%2Fproc%2F31861 HTTP/2.0" 200 1979 "https://cashewinc.com.lab2454.com/whsy.php?p=%2Fproc%2F31861" "Mozilla/5.0 AppleWebKit/537.36 (KHTML, like Gecko; compatible; GPTBot/1.3; +https://openai.com/gptbot)"
74.7.242.28 - - [02/Mar/2026:22:49:38 +0000] "GET /whsy.php?p=%2Fproc%2F12649 HTTP/2.0" 200 862 "https://www.cashewinc.com.lab2454.com/whsy.php?e=22729&p=%2Fproc" "Mozilla/5.0 AppleWebKit/537.36 (KHTML, like Gecko; compatible; GPTBot/1.3; +https://openai.com/gptbot)"
74.7.242.48 - - [02/Mar/2026:22:49:41 +0000] "GET /whsy.php?e=personality&p=%2Fproc%2F31861 HTTP/2.0" 200 1981 "https://cashewinc.com.lab2454.com/whsy.php?p=%2Fproc%2F31861" "Mozilla/5.0 AppleWebKit/537.36 (KHTML, like Gecko; compatible; GPTBot/1.3; +https://openai.com/gptbot)"
74.7.241.163 - - [02/Mar/2026:22:49:42 +0000] "GET /robots.txt HTTP/2.0" 404 - "-" "Mozilla/5.0 (Macintosh; Intel Mac OS X 10_15_7) AppleWebKit/537.36 (KHTML, like Gecko) Chrome/131.0.0.0 Safari/537.36; compatible; OAI-SearchBot/1.3; robots.txt; +https://openai.com/searchbot"
74.7.242.48 - - [02/Mar/2026:22:50:56 +0000] "GET /whsy.php?e=sched&p=%2Fproc%2F31861 HTTP/2.0" 200 2430 "https://cashewinc.com.lab2454.com/whsy.php?p=%2Fproc%2F31861" "Mozilla/5.0 AppleWebKit/537.36 (KHTML, like Gecko; compatible; GPTBot/1.3; +https://openai.com/gptbot)"
74.7.242.28 - - [02/Mar/2026:22:51:31 +0000] "GET /whsy.php?p=%2Fproc%2F19105 HTTP/2.0" 200 862 "https://www.cashewinc.com.lab2454.com/whsy.php?e=22740&p=%2Fproc" "Mozilla/5.0 AppleWebKit/537.36 (KHTML, like Gecko; compatible; GPTBot/1.3; +https://openai.com/gptbot)"
74.7.242.48 - - [02/Mar/2026:22:52:02 +0000] "GET /whsy.php?e=syscall&p=%2Fproc%2F31861 HTTP/2.0" 200 2022 "https://cashewinc.com.lab2454.com/whsy.php?p=%2Fproc%2F31861" "Mozilla/5.0 AppleWebKit/537.36 (KHTML, like Gecko; compatible; GPTBot/1.3; +https://openai.com/gptbot)"
74.7.242.28 - - [02/Mar/2026:22:52:57 +0000] "GET /whsy.php?p=%2Fproc%2F17068 HTTP/2.0" 200 862 "https://www.cashewinc.com.lab2454.com/whsy.php?e=22743&p=%2Fproc" "Mozilla/5.0 AppleWebKit/537.36 (KHTML, like Gecko; compatible; GPTBot/1.3; +https://openai.com/gptbot)"
74.7.242.48 - - [02/Mar/2026:22:53:30 +0000] "GET /whsy.php?e=environ&p=%2Fproc%2F31861 HTTP/2.0" 200 2079 "https://cashewinc.com.lab2454.com/whsy.php?p=%2Fproc%2F31861" "Mozilla/5.0 AppleWebKit/537.36 (KHTML, like Gecko; compatible; GPTBot/1.3; +https://openai.com/gptbot)"
74.7.242.28 - - [02/Mar/2026:22:54:51 +0000] "GET /whsy.php?p=%2Fproc%2F12637 HTTP/2.0" 200 862 "https://www.cashewinc.com.lab2454.com/whsy.php?e=22729&p=%2Fproc" "Mozilla/5.0 AppleWebKit/537.36 (KHTML, like Gecko; compatible; GPTBot/1.3; +https://openai.com/gptbot)"
74.7.244.37 - - [02/Mar/2026:22:54:52 +0000] "GET /robots.txt HTTP/2.0" 404 - "-" "Mozilla/5.0 (Macintosh; Intel Mac OS X 10_15_7) AppleWebKit/537.36 (KHTML, like Gecko) Chrome/131.0.0.0 Safari/537.36; compatible; OAI-SearchBot/1.3; robots.txt; +https://openai.com/searchbot"
74.7.242.48 - - [02/Mar/2026:22:55:13 +0000] "GET /whsy.php?p=%2Fproc%2F24076 HTTP/2.0" 200 862 "https://cashewinc.com.lab2454.com/whsy.php?e=24655&p=%2Fproc" "Mozilla/5.0 AppleWebKit/537.36 (KHTML, like Gecko; compatible; GPTBot/1.3; +https://openai.com/gptbot)"
74.7.241.163 - - [02/Mar/2026:22:55:14 +0000] "GET /robots.txt HTTP/2.0" 404 - "-" "Mozilla/5.0 (Macintosh; Intel Mac OS X 10_15_7) AppleWebKit/537.36 (KHTML, like Gecko) Chrome/131.0.0.0 Safari/537.36; compatible; OAI-SearchBot/1.3; robots.txt; +https://openai.com/searchbot"
74.7.242.48 - - [02/Mar/2026:22:57:07 +0000] "GET /whsy.php?p=%2Fproc%2F14480 HTTP/2.0" 200 862 "https://cashewinc.com.lab2454.com/whsy.php?p=%2Fproc%2F26963%2F.." "Mozilla/5.0 AppleWebKit/537.36 (KHTML, like Gecko; compatible; GPTBot/1.3; +https://openai.com/gptbot)"
74.7.242.28 - - [02/Mar/2026:22:57:17 +0000] "GET /whsy.php?p=%2Fproc%2F31860 HTTP/2.0" 200 1906 "https://www.cashewinc.com.lab2454.com/whsy.php?p=%2Fproc%2F26963%2F.." "Mozilla/5.0 AppleWebKit/537.36 (KHTML, like Gecko; compatible; GPTBot/1.3; +https://openai.com/gptbot)"
74.7.242.48 - - [02/Mar/2026:22:58:57 +0000] "GET /whsy.php?p=%2Fproc%2F20298 HTTP/2.0" 200 862 "https://cashewinc.com.lab2454.com/whsy.php?e=21251&p=%2Fproc" "Mozilla/5.0 AppleWebKit/537.36 (KHTML, like Gecko; compatible; GPTBot/1.3; +https://openai.com/gptbot)"
74.7.242.28 - - [02/Mar/2026:22:59:38 +0000] "GET /whsy.php?p=%2Fproc%2F12660 HTTP/2.0" 200 862 "https://www.cashewinc.com.lab2454.com/whsy.php?e=22729&p=%2Fproc" "Mozilla/5.0 AppleWebKit/537.36 (KHTML, like Gecko; compatible; GPTBot/1.3; +https://openai.com/gptbot)"
74.7.242.48 - - [02/Mar/2026:23:00:55 +0000] "GET /whsy.php?p=%2Fproc%2F16675 HTTP/2.0" 200 862 "https://cashewinc.com.lab2454.com/whsy.php?e=14502&p=%2Fproc" "Mozilla/5.0 AppleWebKit/537.36 (KHTML, like Gecko; compatible; GPTBot/1.3; +https://openai.com/gptbot)"
74.7.241.163 - - [02/Mar/2026:23:00:56 +0000] "GET /robots.txt HTTP/2.0" 404 - "-" "Mozilla/5.0 (Macintosh; Intel Mac OS X 10_15_7) AppleWebKit/537.36 (KHTML, like Gecko) Chrome/131.0.0.0 Safari/537.36; compatible; OAI-SearchBot/1.3; robots.txt; +https://openai.com/searchbot"
74.7.242.28 - - [02/Mar/2026:23:02:37 +0000] "GET /whsy.php?p=%2Fproc%2F12536 HTTP/2.0" 200 862 "https://www.cashewinc.com.lab2454.com/whsy.php?e=22729&p=%2Fproc" "Mozilla/5.0 AppleWebKit/537.36 (KHTML, like Gecko; compatible; GPTBot/1.3; +https://openai.com/gptbot)"
74.7.244.37 - - [02/Mar/2026:23:02:38 +0000] "GET /robots.txt HTTP/2.0" 404 - "-" "Mozilla/5.0 (Macintosh; Intel Mac OS X 10_15_7) AppleWebKit/537.36 (KHTML, like Gecko) Chrome/131.0.0.0 Safari/537.36; compatible; OAI-SearchBot/1.3; robots.txt; +https://openai.com/searchbot"
74.7.242.48 - - [02/Mar/2026:23:03:04 +0000] "GET /whsy.php?p=%2Fproc%2F14486 HTTP/2.0" 200 862 "https://cashewinc.com.lab2454.com/whsy.php?p=%2Fproc%2F26963%2F.." "Mozilla/5.0 AppleWebKit/537.36 (KHTML, like Gecko; compatible; GPTBot/1.3; +https://openai.com/gptbot)"
74.7.242.28 - - [02/Mar/2026:23:05:07 +0000] "GET /whsy.php?p=%2Fproc%2F12632 HTTP/2.0" 200 862 "https://www.cashewinc.com.lab2454.com/whsy.php?e=22729&p=%2Fproc" "Mozilla/5.0 AppleWebKit/537.36 (KHTML, like Gecko; compatible; GPTBot/1.3; +https://openai.com/gptbot)"
74.7.242.48 - - [02/Mar/2026:23:05:16 +0000] "GET /whsy.php?p=%2Fproc%2F24980 HTTP/2.0" 200 862 "https://cashewinc.com.lab2454.com/whsy.php?e=24655&p=%2Fproc" "Mozilla/5.0 AppleWebKit/537.36 (KHTML, like Gecko; compatible; GPTBot/1.3; +https://openai.com/gptbot)"
74.7.242.28 - - [02/Mar/2026:23:07:28 +0000] "GET /whsy.php?p=%2Fproc%2F20518 HTTP/2.0" 200 862 "https://www.cashewinc.com.lab2454.com/whsy.php?p=%2Fproc%2F26963%2F.." "Mozilla/5.0 AppleWebKit/537.36 (KHTML, like Gecko; compatible; GPTBot/1.3; +https://openai.com/gptbot)"
74.7.242.48 - - [02/Mar/2026:23:07:34 +0000] "GET /whsy.php?p=%2Fproc%2F22564 HTTP/2.0" 200 862 "https://cashewinc.com.lab2454.com/whsy.php?e=21251&p=%2Fproc" "Mozilla/5.0 AppleWebKit/537.36 (KHTML, like Gecko; compatible; GPTBot/1.3; +https://openai.com/gptbot)"
74.7.241.163 - - [02/Mar/2026:23:07:35 +0000] "GET /robots.txt HTTP/2.0" 404 - "-" "Mozilla/5.0 (Macintosh; Intel Mac OS X 10_15_7) AppleWebKit/537.36 (KHTML, like Gecko) Chrome/131.0.0.0 Safari/537.36; compatible; OAI-SearchBot/1.3; robots.txt; +https://openai.com/searchbot"
74.7.242.28 - - [02/Mar/2026:23:09:39 +0000] "GET /whsy.php?p=%2Fproc%2F23595 HTTP/2.0" 200 862 "https://www.cashewinc.com.lab2454.com/whsy.php?p=%2Fproc%2F26963%2F.." "Mozilla/5.0 AppleWebKit/537.36 (KHTML, like Gecko; compatible; GPTBot/1.3; +https://openai.com/gptbot)"
74.7.244.37 - - [02/Mar/2026:23:09:40 +0000] "GET /robots.txt HTTP/2.0" 404 - "-" "Mozilla/5.0 (Macintosh; Intel Mac OS X 10_15_7) AppleWebKit/537.36 (KHTML, like Gecko) Chrome/131.0.0.0 Safari/537.36; compatible; OAI-SearchBot/1.3; robots.txt; +https://openai.com/searchbot"
74.7.242.48 - - [02/Mar/2026:23:09:51 +0000] "GET /whsy.php?p=%2Fproc%2F24607 HTTP/2.0" 200 862 "https://cashewinc.com.lab2454.com/whsy.php?p=%2Fproc%2F29782%2F.." "Mozilla/5.0 AppleWebKit/537.36 (KHTML, like Gecko; compatible; GPTBot/1.3; +https://openai.com/gptbot)"
74.7.242.28 - - [02/Mar/2026:23:11:38 +0000] "GET /whsy.php?p=%2Fproc%2F12616 HTTP/2.0" 200 862 "https://www.cashewinc.com.lab2454.com/whsy.php?e=22729&p=%2Fproc" "Mozilla/5.0 AppleWebKit/537.36 (KHTML, like Gecko; compatible; GPTBot/1.3; +https://openai.com/gptbot)"
74.7.242.48 - - [02/Mar/2026:23:11:53 +0000] "GET /whsy.php?p=%2Fproc%2F25015 HTTP/2.0" 200 862 "https://cashewinc.com.lab2454.com/whsy.php?e=24655&p=%2Fproc" "Mozilla/5.0 AppleWebKit/537.36 (KHTML, like Gecko; compatible; GPTBot/1.3; +https://openai.com/gptbot)"
74.7.242.28 - - [02/Mar/2026:23:13:22 +0000] "GET /whsy.php?p=%2Fproc%2F16568 HTTP/2.0" 200 862 "https://www.cashewinc.com.lab2454.com/whsy.php?e=22743&p=%2Fproc" "Mozilla/5.0 AppleWebKit/537.36 (KHTML, like Gecko; compatible; GPTBot/1.3; +https://openai.com/gptbot)"
74.7.242.48 - - [02/Mar/2026:23:13:40 +0000] "GET /whsy.php?p=%2Fproc%2F14532 HTTP/2.0" 200 862 "https://cashewinc.com.lab2454.com/whsy.php?p=%2Fproc%2F26963%2F.." "Mozilla/5.0 AppleWebKit/537.36 (KHTML, like Gecko; compatible; GPTBot/1.3; +https://openai.com/gptbot)"
74.7.242.28 - - [02/Mar/2026:23:15:01 +0000] "GET /whsy.php?p=%2Fproc%2F20793 HTTP/2.0" 200 862 "https://www.cashewinc.com.lab2454.com/whsy.php?e=22740&p=%2Fproc" "Mozilla/5.0 AppleWebKit/537.36 (KHTML, like Gecko; compatible; GPTBot/1.3; +https://openai.com/gptbot)"
74.7.244.37 - - [02/Mar/2026:23:15:02 +0000] "GET /robots.txt HTTP/2.0" 404 - "-" "Mozilla/5.0 (Macintosh; Intel Mac OS X 10_15_7) AppleWebKit/537.36 (KHTML, like Gecko) Chrome/131.0.0.0 Safari/537.36; compatible; OAI-SearchBot/1.3; robots.txt; +https://openai.com/searchbot"
74.7.242.48 - - [02/Mar/2026:23:15:19 +0000] "GET /whsy.php?p=%2Fproc%2F16679 HTTP/2.0" 200 862 "https://cashewinc.com.lab2454.com/whsy.php?e=14502&p=%2Fproc" "Mozilla/5.0 AppleWebKit/537.36 (KHTML, like Gecko; compatible; GPTBot/1.3; +https://openai.com/gptbot)"
74.7.242.28 - - [02/Mar/2026:23:17:06 +0000] "GET /whsy.php?p=%2Fproc%2F16782 HTTP/2.0" 200 862 "https://www.cashewinc.com.lab2454.com/whsy.php?e=22743&p=%2Fproc" "Mozilla/5.0 AppleWebKit/537.36 (KHTML, like Gecko; compatible; GPTBot/1.3; +https://openai.com/gptbot)"
74.7.242.48 - - [02/Mar/2026:23:17:11 +0000] "GET /whsy.php?p=%2Fproc%2F21181 HTTP/2.0" 200 862 "https://cashewinc.com.lab2454.com/whsy.php?p=%2Fproc%2F29566%2F.." "Mozilla/5.0 AppleWebKit/537.36 (KHTML, like Gecko; compatible; GPTBot/1.3; +https://openai.com/gptbot)"
74.7.242.48 - - [02/Mar/2026:23:19:03 +0000] "GET /whsy.php?p=%2Fproc%2F14431 HTTP/2.0" 200 862 "https://cashewinc.com.lab2454.com/whsy.php?p=%2Fproc%2F26963%2F.." "Mozilla/5.0 AppleWebKit/537.36 (KHTML, like Gecko; compatible; GPTBot/1.3; +https://openai.com/gptbot)"
74.7.241.163 - - [02/Mar/2026:23:19:04 +0000] "GET /robots.txt HTTP/2.0" 404 - "-" "Mozilla/5.0 (Macintosh; Intel Mac OS X 10_15_7) AppleWebKit/537.36 (KHTML, like Gecko) Chrome/131.0.0.0 Safari/537.36; compatible; OAI-SearchBot/1.3; robots.txt; +https://openai.com/searchbot"
74.7.242.28 - - [02/Mar/2026:23:19:11 +0000] "GET /whsy.php?p=%2Fproc%2F17113 HTTP/2.0" 200 862 "https://www.cashewinc.com.lab2454.com/whsy.php?e=22743&p=%2Fproc" "Mozilla/5.0 AppleWebKit/537.36 (KHTML, like Gecko; compatible; GPTBot/1.3; +https://openai.com/gptbot)"
74.7.242.48 - - [02/Mar/2026:23:21:08 +0000] "GET /whsy.php?p=%2Fproc%2F31047 HTTP/2.0" 200 862 "https://cashewinc.com.lab2454.com/whsy.php?e=16662&p=%2Fproc" "Mozilla/5.0 AppleWebKit/537.36 (KHTML, like Gecko; compatible; GPTBot/1.3; +https://openai.com/gptbot)"
74.7.242.28 - - [02/Mar/2026:23:21:23 +0000] "GET /whsy.php?e=timerslack_ns&p=%2Fproc%2F31860 HTTP/2.0" 200 1983 "https://www.cashewinc.com.lab2454.com/whsy.php?p=%2Fproc%2F31860" "Mozilla/5.0 AppleWebKit/537.36 (KHTML, like Gecko; compatible; GPTBot/1.3; +https://openai.com/gptbot)"
74.7.244.37 - - [02/Mar/2026:23:21:24 +0000] "GET /robots.txt HTTP/2.0" 404 - "-" "Mozilla/5.0 (Macintosh; Intel Mac OS X 10_15_7) AppleWebKit/537.36 (KHTML, like Gecko) Chrome/131.0.0.0 Safari/537.36; compatible; OAI-SearchBot/1.3; robots.txt; +https://openai.com/searchbot"
74.7.242.48 - - [02/Mar/2026:23:23:01 +0000] "GET /whsy.php?p=%2Fproc%2F24546 HTTP/2.0" 200 862 "https://cashewinc.com.lab2454.com/whsy.php?e=16662&p=%2Fproc" "Mozilla/5.0 AppleWebKit/537.36 (KHTML, like Gecko; compatible; GPTBot/1.3; +https://openai.com/gptbot)"
74.7.242.28 - - [02/Mar/2026:23:23:11 +0000] "GET /whsy.php?e=statm&p=%2Fproc%2F31860 HTTP/2.0" 200 2000 "https://www.cashewinc.com.lab2454.com/whsy.php?p=%2Fproc%2F31860" "Mozilla/5.0 AppleWebKit/537.36 (KHTML, like Gecko; compatible; GPTBot/1.3; +https://openai.com/gptbot)"
74.7.242.48 - - [02/Mar/2026:23:24:56 +0000] "GET /whsy.php?p=%2Fproc%2F16632 HTTP/2.0" 200 862 "https://cashewinc.com.lab2454.com/whsy.php?e=14502&p=%2Fproc" "Mozilla/5.0 AppleWebKit/537.36 (KHTML, like Gecko; compatible; GPTBot/1.3; +https://openai.com/gptbot)"
74.7.241.163 - - [02/Mar/2026:23:24:57 +0000] "GET /robots.txt HTTP/2.0" 404 - "-" "Mozilla/5.0 (Macintosh; Intel Mac OS X 10_15_7) AppleWebKit/537.36 (KHTML, like Gecko) Chrome/131.0.0.0 Safari/537.36; compatible; OAI-SearchBot/1.3; robots.txt; +https://openai.com/searchbot"
74.7.242.28 - - [02/Mar/2026:23:25:05 +0000] "GET /whsy.php?e=stack&p=%2Fproc%2F31860 HTTP/2.0" 200 1979 "https://www.cashewinc.com.lab2454.com/whsy.php?p=%2Fproc%2F31860" "Mozilla/5.0 AppleWebKit/537.36 (KHTML, like Gecko; compatible; GPTBot/1.3; +https://openai.com/gptbot)"
74.7.242.28 - - [02/Mar/2026:23:26:55 +0000] "GET /whsy.php?e=schedstat&p=%2Fproc%2F31860 HTTP/2.0" 200 2001 "https://www.cashewinc.com.lab2454.com/whsy.php?p=%2Fproc%2F31860" "Mozilla/5.0 AppleWebKit/537.36 (KHTML, like Gecko; compatible; GPTBot/1.3; +https://openai.com/gptbot)"
74.7.244.37 - - [02/Mar/2026:23:26:56 +0000] "GET /robots.txt HTTP/2.0" 404 - "-" "Mozilla/5.0 (Macintosh; Intel Mac OS X 10_15_7) AppleWebKit/537.36 (KHTML, like Gecko) Chrome/131.0.0.0 Safari/537.36; compatible; OAI-SearchBot/1.3; robots.txt; +https://openai.com/searchbot"
74.7.242.48 - - [02/Mar/2026:23:26:57 +0000] "GET /whsy.php?p=%2Fproc%2F24592 HTTP/2.0" 200 862 "https://cashewinc.com.lab2454.com/whsy.php?p=%2Fproc%2F29782%2F.." "Mozilla/5.0 AppleWebKit/537.36 (KHTML, like Gecko; compatible; GPTBot/1.3; +https://openai.com/gptbot)"
74.7.242.28 - - [02/Mar/2026:23:28:40 +0000] "GET /whsy.php?e=mem&p=%2Fproc%2F31860 HTTP/2.0" 200 1979 "https://www.cashewinc.com.lab2454.com/whsy.php?p=%2Fproc%2F31860" "Mozilla/5.0 AppleWebKit/537.36 (KHTML, like Gecko; compatible; GPTBot/1.3; +https://openai.com/gptbot)"
74.7.242.48 - - [02/Mar/2026:23:28:59 +0000] "GET /whsy.php?p=%2Fproc%2F17172 HTTP/2.0" 200 862 "https://cashewinc.com.lab2454.com/whsy.php?p=%2Fproc%2F26963%2F.." "Mozilla/5.0 AppleWebKit/537.36 (KHTML, like Gecko; compatible; GPTBot/1.3; +https://openai.com/gptbot)"
74.7.242.28 - - [02/Mar/2026:23:30:20 +0000] "GET /whsy.php?e=smaps&p=%2Fproc%2F31860 HTTP/2.0" 200 5079 "https://www.cashewinc.com.lab2454.com/whsy.php?p=%2Fproc%2F31860" "Mozilla/5.0 AppleWebKit/537.36 (KHTML, like Gecko; compatible; GPTBot/1.3; +https://openai.com/gptbot)"
74.7.242.48 - - [02/Mar/2026:23:30:35 +0000] "GET /whsy.php?p=%2Fproc%2F21274 HTTP/2.0" 200 862 "https://cashewinc.com.lab2454.com/whsy.php?p=%2Fproc%2F29566%2F.." "Mozilla/5.0 AppleWebKit/537.36 (KHTML, like Gecko; compatible; GPTBot/1.3; +https://openai.com/gptbot)"
74.7.241.163 - - [02/Mar/2026:23:30:36 +0000] "GET /robots.txt HTTP/2.0" 404 - "-" "Mozilla/5.0 (Macintosh; Intel Mac OS X 10_15_7) AppleWebKit/537.36 (KHTML, like Gecko) Chrome/131.0.0.0 Safari/537.36; compatible; OAI-SearchBot/1.3; robots.txt; +https://openai.com/searchbot"
74.7.242.28 - - [02/Mar/2026:23:31:57 +0000] "GET /whsy.php?e=mountinfo&p=%2Fproc%2F31860 HTTP/2.0" 200 2910 "https://www.cashewinc.com.lab2454.com/whsy.php?p=%2Fproc%2F31860" "Mozilla/5.0 AppleWebKit/537.36 (KHTML, like Gecko; compatible; GPTBot/1.3; +https://openai.com/gptbot)"
74.7.244.37 - - [02/Mar/2026:23:31:58 +0000] "GET /robots.txt HTTP/2.0" 404 - "-" "Mozilla/5.0 (Macintosh; Intel Mac OS X 10_15_7) AppleWebKit/537.36 (KHTML, like Gecko) Chrome/131.0.0.0 Safari/537.36; compatible; OAI-SearchBot/1.3; robots.txt; +https://openai.com/searchbot"
74.7.242.48 - - [02/Mar/2026:23:32:07 +0000] "GET /whsy.php?p=%2Fproc%2F13400 HTTP/2.0" 200 862 "https://cashewinc.com.lab2454.com/whsy.php?p=%2Fproc%2F26963%2F.." "Mozilla/5.0 AppleWebKit/537.36 (KHTML, like Gecko; compatible; GPTBot/1.3; +https://openai.com/gptbot)"
74.7.242.28 - - [02/Mar/2026:23:33:35 +0000] "GET /whsy.php?e=autogroup&p=%2Fproc%2F31860 HTTP/2.0" 200 1994 "https://www.cashewinc.com.lab2454.com/whsy.php?p=%2Fproc%2F31860" "Mozilla/5.0 AppleWebKit/537.36 (KHTML, like Gecko; compatible; GPTBot/1.3; +https://openai.com/gptbot)"
74.7.242.48 - - [02/Mar/2026:23:33:50 +0000] "GET /whsy.php?p=%2Fproc%2F25026 HTTP/2.0" 200 862 "https://cashewinc.com.lab2454.com/whsy.php?e=24655&p=%2Fproc" "Mozilla/5.0 AppleWebKit/537.36 (KHTML, like Gecko; compatible; GPTBot/1.3; +https://openai.com/gptbot)"
74.7.242.28 - - [02/Mar/2026:23:35:27 +0000] "GET /whsy.php?e=wchan&p=%2Fproc%2F31860 HTTP/2.0" 200 1987 "https://www.cashewinc.com.lab2454.com/whsy.php?p=%2Fproc%2F31860" "Mozilla/5.0 AppleWebKit/537.36 (KHTML, like Gecko; compatible; GPTBot/1.3; +https://openai.com/gptbot)"
74.7.242.48 - - [02/Mar/2026:23:35:36 +0000] "GET /whsy.php?p=%2Fproc%2F30130 HTTP/2.0" 200 862 "https://cashewinc.com.lab2454.com/whsy.php?e=16662&p=%2Fproc" "Mozilla/5.0 AppleWebKit/537.36 (KHTML, like Gecko; compatible; GPTBot/1.3; +https://openai.com/gptbot)"
74.7.241.163 - - [02/Mar/2026:23:35:37 +0000] "GET /robots.txt HTTP/2.0" 404 - "-" "Mozilla/5.0 (Macintosh; Intel Mac OS X 10_15_7) AppleWebKit/537.36 (KHTML, like Gecko) Chrome/131.0.0.0 Safari/537.36; compatible; OAI-SearchBot/1.3; robots.txt; +https://openai.com/searchbot"
74.7.242.28 - - [02/Mar/2026:23:37:09 +0000] "GET /whsy.php?e=auxv&p=%2Fproc%2F31860 HTTP/2.0" 200 1977 "https://www.cashewinc.com.lab2454.com/whsy.php?p=%2Fproc%2F31860" "Mozilla/5.0 AppleWebKit/537.36 (KHTML, like Gecko; compatible; GPTBot/1.3; +https://openai.com/gptbot)"
74.7.244.37 - - [02/Mar/2026:23:37:10 +0000] "GET /robots.txt HTTP/2.0" 404 - "-" "Mozilla/5.0 (Macintosh; Intel Mac OS X 10_15_7) AppleWebKit/537.36 (KHTML, like Gecko) Chrome/131.0.0.0 Safari/537.36; compatible; OAI-SearchBot/1.3; robots.txt; +https://openai.com/searchbot"
74.7.242.48 - - [02/Mar/2026:23:37:10 +0000] "GET /whsy.php?p=%2Fproc%2F16493 HTTP/2.0" 200 862 "https://cashewinc.com.lab2454.com/whsy.php?e=14502&p=%2Fproc" "Mozilla/5.0 AppleWebKit/537.36 (KHTML, like Gecko; compatible; GPTBot/1.3; +https://openai.com/gptbot)"
74.7.242.48 - - [02/Mar/2026:23:38:53 +0000] "GET /whsy.php?p=%2Fproc%2F14484 HTTP/2.0" 200 862 "https://cashewinc.com.lab2454.com/whsy.php?p=%2Fproc%2F26963%2F.." "Mozilla/5.0 AppleWebKit/537.36 (KHTML, like Gecko; compatible; GPTBot/1.3; +https://openai.com/gptbot)"
74.7.242.28 - - [02/Mar/2026:23:39:18 +0000] "GET /whsy.php?e=exe&p=%2Fproc%2F31860 HTTP/2.0" 200 1978 "https://www.cashewinc.com.lab2454.com/whsy.php?p=%2Fproc%2F31860" "Mozilla/5.0 AppleWebKit/537.36 (KHTML, like Gecko; compatible; GPTBot/1.3; +https://openai.com/gptbot)"
74.7.242.48 - - [02/Mar/2026:23:40:39 +0000] "GET /whsy.php?p=%2Fproc%2F20315 HTTP/2.0" 200 862 "https://cashewinc.com.lab2454.com/whsy.php?p=%2Fproc%2F29566%2F.." "Mozilla/5.0 AppleWebKit/537.36 (KHTML, like Gecko; compatible; GPTBot/1.3; +https://openai.com/gptbot)"
74.7.241.163 - - [02/Mar/2026:23:40:40 +0000] "GET /robots.txt HTTP/2.0" 404 - "-" "Mozilla/5.0 (Macintosh; Intel Mac OS X 10_15_7) AppleWebKit/537.36 (KHTML, like Gecko) Chrome/131.0.0.0 Safari/537.36; compatible; OAI-SearchBot/1.3; robots.txt; +https://openai.com/searchbot"
74.7.242.28 - - [02/Mar/2026:23:41:26 +0000] "GET /whsy.php?e=sched&p=%2Fproc%2F31860 HTTP/2.0" 200 2427 "https://www.cashewinc.com.lab2454.com/whsy.php?p=%2Fproc%2F31860" "Mozilla/5.0 AppleWebKit/537.36 (KHTML, like Gecko; compatible; GPTBot/1.3; +https://openai.com/gptbot)"
74.7.242.48 - - [02/Mar/2026:23:42:45 +0000] "GET /whsy.php?p=%2Fproc%2F14307 HTTP/2.0" 200 862 "https://cashewinc.com.lab2454.com/whsy.php?p=%2Fproc%2F26963%2F.." "Mozilla/5.0 AppleWebKit/537.36 (KHTML, like Gecko; compatible; GPTBot/1.3; +https://openai.com/gptbot)"
74.7.242.28 - - [02/Mar/2026:23:43:34 +0000] "GET /whsy.php?e=timens_offsets&p=%2Fproc%2F31860 HTTP/2.0" 200 1997 "https://www.cashewinc.com.lab2454.com/whsy.php?p=%2Fproc%2F31860" "Mozilla/5.0 AppleWebKit/537.36 (KHTML, like Gecko; compatible; GPTBot/1.3; +https://openai.com/gptbot)"
74.7.244.37 - - [02/Mar/2026:23:43:35 +0000] "GET /robots.txt HTTP/2.0" 404 - "-" "Mozilla/5.0 (Macintosh; Intel Mac OS X 10_15_7) AppleWebKit/537.36 (KHTML, like Gecko) Chrome/131.0.0.0 Safari/537.36; compatible; OAI-SearchBot/1.3; robots.txt; +https://openai.com/searchbot"
74.7.242.48 - - [02/Mar/2026:23:44:36 +0000] "GET /whsy.php?p=%2Fproc%2F21260 HTTP/2.0" 200 862 "https://cashewinc.com.lab2454.com/whsy.php?p=%2Fproc%2F29566%2F.." "Mozilla/5.0 AppleWebKit/537.36 (KHTML, like Gecko; compatible; GPTBot/1.3; +https://openai.com/gptbot)"
74.7.242.28 - - [02/Mar/2026:23:45:38 +0000] "GET /whsy.php?e=setgroups&p=%2Fproc%2F31860 HTTP/2.0" 200 1981 "https://www.cashewinc.com.lab2454.com/whsy.php?p=%2Fproc%2F31860" "Mozilla/5.0 AppleWebKit/537.36 (KHTML, like Gecko; compatible; GPTBot/1.3; +https://openai.com/gptbot)"
74.7.242.48 - - [02/Mar/2026:23:46:09 +0000] "GET /whsy.php?p=%2Fproc%2F16646 HTTP/2.0" 200 862 "https://cashewinc.com.lab2454.com/whsy.php?e=14502&p=%2Fproc" "Mozilla/5.0 AppleWebKit/537.36 (KHTML, like Gecko; compatible; GPTBot/1.3; +https://openai.com/gptbot)"
74.7.241.163 - - [02/Mar/2026:23:46:10 +0000] "GET /robots.txt HTTP/2.0" 404 - "-" "Mozilla/5.0 (Macintosh; Intel Mac OS X 10_15_7) AppleWebKit/537.36 (KHTML, like Gecko) Chrome/131.0.0.0 Safari/537.36; compatible; OAI-SearchBot/1.3; robots.txt; +https://openai.com/searchbot"
74.7.242.28 - - [02/Mar/2026:23:48:01 +0000] "GET /whsy.php?e=sessionid&p=%2Fproc%2F31860 HTTP/2.0" 200 1990 "https://www.cashewinc.com.lab2454.com/whsy.php?p=%2Fproc%2F31860" "Mozilla/5.0 AppleWebKit/537.36 (KHTML, like Gecko; compatible; GPTBot/1.3; +https://openai.com/gptbot)"
74.7.242.48 - - [02/Mar/2026:23:48:12 +0000] "GET /whsy.php?p=%2Fproc%2F20073 HTTP/2.0" 200 862 "https://cashewinc.com.lab2454.com/whsy.php?e=21251&p=%2Fproc" "Mozilla/5.0 AppleWebKit/537.36 (KHTML, like Gecko; compatible; GPTBot/1.3; +https://openai.com/gptbot)"
74.7.242.28 - - [02/Mar/2026:23:49:52 +0000] "GET /whsy.php?e=maps&p=%2Fproc%2F31860 HTTP/2.0" 200 3286 "https://www.cashewinc.com.lab2454.com/whsy.php?p=%2Fproc%2F31860" "Mozilla/5.0 AppleWebKit/537.36 (KHTML, like Gecko; compatible; GPTBot/1.3; +https://openai.com/gptbot)"
74.7.244.37 - - [02/Mar/2026:23:49:53 +0000] "GET /robots.txt HTTP/2.0" 404 - "-" "Mozilla/5.0 (Macintosh; Intel Mac OS X 10_15_7) AppleWebKit/537.36 (KHTML, like Gecko) Chrome/131.0.0.0 Safari/537.36; compatible; OAI-SearchBot/1.3; robots.txt; +https://openai.com/searchbot"
74.7.242.48 - - [02/Mar/2026:23:49:57 +0000] "GET /whsy.php?p=%2Fproc%2F24637 HTTP/2.0" 200 862 "https://cashewinc.com.lab2454.com/whsy.php?p=%2Fproc%2F29782%2F.." "Mozilla/5.0 AppleWebKit/537.36 (KHTML, like Gecko; compatible; GPTBot/1.3; +https://openai.com/gptbot)"
74.7.242.28 - - [02/Mar/2026:23:51:24 +0000] "GET /whsy.php?e=comm&p=%2Fproc%2F31860 HTTP/2.0" 200 1983 "https://www.cashewinc.com.lab2454.com/whsy.php?p=%2Fproc%2F31860" "Mozilla/5.0 AppleWebKit/537.36 (KHTML, like Gecko; compatible; GPTBot/1.3; +https://openai.com/gptbot)"
74.7.242.48 - - [02/Mar/2026:23:51:38 +0000] "GET /whsy.php?p=%2Fproc%2F21702 HTTP/2.0" 200 862 "https://cashewinc.com.lab2454.com/whsy.php?e=16633&p=%2Fproc" "Mozilla/5.0 AppleWebKit/537.36 (KHTML, like Gecko; compatible; GPTBot/1.3; +https://openai.com/gptbot)"
74.7.241.163 - - [02/Mar/2026:23:51:39 +0000] "GET /robots.txt HTTP/2.0" 404 - "-" "Mozilla/5.0 (Macintosh; Intel Mac OS X 10_15_7) AppleWebKit/537.36 (KHTML, like Gecko) Chrome/131.0.0.0 Safari/537.36; compatible; OAI-SearchBot/1.3; robots.txt; +https://openai.com/searchbot"
74.7.242.28 - - [02/Mar/2026:23:52:57 +0000] "GET /whsy.php?e=oom_adj&p=%2Fproc%2F31860 HTTP/2.0" 200 1981 "https://www.cashewinc.com.lab2454.com/whsy.php?p=%2Fproc%2F31860" "Mozilla/5.0 AppleWebKit/537.36 (KHTML, like Gecko; compatible; GPTBot/1.3; +https://openai.com/gptbot)"
74.7.242.48 - - [02/Mar/2026:23:53:11 +0000] "GET /whsy.php?p=%2Fproc%2F20689 HTTP/2.0" 200 862 "https://cashewinc.com.lab2454.com/whsy.php?p=%2Fproc%2F29566%2F.." "Mozilla/5.0 AppleWebKit/537.36 (KHTML, like Gecko; compatible; GPTBot/1.3; +https://openai.com/gptbot)"
74.7.242.28 - - [02/Mar/2026:23:54:42 +0000] "GET /whsy.php?e=gid_map&p=%2Fproc%2F31860 HTTP/2.0" 200 1998 "https://www.cashewinc.com.lab2454.com/whsy.php?p=%2Fproc%2F31860" "Mozilla/5.0 AppleWebKit/537.36 (KHTML, like Gecko; compatible; GPTBot/1.3; +https://openai.com/gptbot)"
74.7.242.48 - - [02/Mar/2026:23:54:55 +0000] "GET /whsy.php?p=%2Fproc%2F24621 HTTP/2.0" 200 862 "https://cashewinc.com.lab2454.com/whsy.php?p=%2Fproc%2F29782%2F.." "Mozilla/5.0 AppleWebKit/537.36 (KHTML, like Gecko; compatible; GPTBot/1.3; +https://openai.com/gptbot)"
74.7.242.28 - - [02/Mar/2026:23:56:27 +0000] "GET /whsy.php?e=uid_map&p=%2Fproc%2F31860 HTTP/2.0" 200 1994 "https://www.cashewinc.com.lab2454.com/whsy.php?p=%2Fproc%2F31860" "Mozilla/5.0 AppleWebKit/537.36 (KHTML, like Gecko; compatible; GPTBot/1.3; +https://openai.com/gptbot)"
74.7.244.37 - - [02/Mar/2026:23:56:27 +0000] "GET /robots.txt HTTP/2.0" 404 - "-" "Mozilla/5.0 (Macintosh; Intel Mac OS X 10_15_7) AppleWebKit/537.36 (KHTML, like Gecko) Chrome/131.0.0.0 Safari/537.36; compatible; OAI-SearchBot/1.3; robots.txt; +https://openai.com/searchbot"
74.7.242.48 - - [02/Mar/2026:23:56:35 +0000] "GET /whsy.php?p=%2Fproc%2F24998 HTTP/2.0" 200 862 "https://cashewinc.com.lab2454.com/whsy.php?e=24655&p=%2Fproc" "Mozilla/5.0 AppleWebKit/537.36 (KHTML, like Gecko; compatible; GPTBot/1.3; +https://openai.com/gptbot)"
74.7.242.28 - - [02/Mar/2026:23:58:05 +0000] "GET /whsy.php?e=stat&p=%2Fproc%2F31860 HTTP/2.0" 200 2130 "https://www.cashewinc.com.lab2454.com/whsy.php?p=%2Fproc%2F31860" "Mozilla/5.0 AppleWebKit/537.36 (KHTML, like Gecko; compatible; GPTBot/1.3; +https://openai.com/gptbot)"
74.7.242.48 - - [02/Mar/2026:23:58:06 +0000] "GET /whsy.php?p=%2Fproc%2F24559 HTTP/2.0" 200 862 "https://cashewinc.com.lab2454.com/whsy.php?p=%2Fproc%2F29782%2F.." "Mozilla/5.0 AppleWebKit/537.36 (KHTML, like Gecko; compatible; GPTBot/1.3; +https://openai.com/gptbot)"
74.7.241.163 - - [02/Mar/2026:23:58:07 +0000] "GET /robots.txt HTTP/2.0" 404 - "-" "Mozilla/5.0 (Macintosh; Intel Mac OS X 10_15_7) AppleWebKit/537.36 (KHTML, like Gecko) Chrome/131.0.0.0 Safari/537.36; compatible; OAI-SearchBot/1.3; robots.txt; +https://openai.com/searchbot"
74.7.242.48 - - [02/Mar/2026:23:59:42 +0000] "GET /whsy.php?p=%2Fproc%2F16570 HTTP/2.0" 200 862 "https://cashewinc.com.lab2454.com/whsy.php?e=14502&p=%2Fproc" "Mozilla/5.0 AppleWebKit/537.36 (KHTML, like Gecko; compatible; GPTBot/1.3; +https://openai.com/gptbot)"
74.7.242.28 - - [02/Mar/2026:23:59:51 +0000] "GET /whsy.php?e=io&p=%2Fproc%2F31860 HTTP/2.0" 200 2028 "https://www.cashewinc.com.lab2454.com/whsy.php?p=%2Fproc%2F31860" "Mozilla/5.0 AppleWebKit/537.36 (KHTML, like Gecko; compatible; GPTBot/1.3; +https://openai.com/gptbot)"
74.7.242.48 - - [03/Mar/2026:00:01:02 +0000] "GET /whsy.php?p=%2Fproc%2F21279 HTTP/2.0" 200 862 "https://cashewinc.com.lab2454.com/whsy.php?p=%2Fproc%2F29566%2F.." "Mozilla/5.0 AppleWebKit/537.36 (KHTML, like Gecko; compatible; GPTBot/1.3; +https://openai.com/gptbot)"
74.7.242.28 - - [03/Mar/2026:00:01:24 +0000] "GET /whsy.php?e=oom_score_adj&p=%2Fproc%2F31860 HTTP/2.0" 200 1982 "https://www.cashewinc.com.lab2454.com/whsy.php?p=%2Fproc%2F31860" "Mozilla/5.0 AppleWebKit/537.36 (KHTML, like Gecko; compatible; GPTBot/1.3; +https://openai.com/gptbot)"
