74.7.242.48 - - [03/Mar/2026:00:02:28 +0000] "GET /whsy.php?p=%2Fproc%2F26430 HTTP/2.0" 200 862 "https://cashewinc.com.lab2454.com/whsy.php?p=%2Fproc%2F26963%2F.." "Mozilla/5.0 AppleWebKit/537.36 (KHTML, like Gecko; compatible; GPTBot/1.3; +https://openai.com/gptbot)"
74.7.242.28 - - [03/Mar/2026:00:02:45 +0000] "GET /whsy.php?e=ksm_stat&p=%2Fproc%2F31860 HTTP/2.0" 200 2011 "https://www.cashewinc.com.lab2454.com/whsy.php?p=%2Fproc%2F31860" "Mozilla/5.0 AppleWebKit/537.36 (KHTML, like Gecko; compatible; GPTBot/1.3; +https://openai.com/gptbot)"
74.7.244.37 - - [03/Mar/2026:00:02:45 +0000] "GET /robots.txt HTTP/2.0" 404 - "-" "Mozilla/5.0 (Macintosh; Intel Mac OS X 10_15_7) AppleWebKit/537.36 (KHTML, like Gecko) Chrome/131.0.0.0 Safari/537.36; compatible; OAI-SearchBot/1.3; robots.txt; +https://openai.com/searchbot"
74.7.242.48 - - [03/Mar/2026:00:03:08 +0000] "GET /whsy.php?p=%2Fproc%2F30944 HTTP/2.0" 200 862 "https://cashewinc.com.lab2454.com/whsy.php?e=16662&p=%2Fproc" "Mozilla/5.0 AppleWebKit/537.36 (KHTML, like Gecko; compatible; GPTBot/1.3; +https://openai.com/gptbot)"
74.7.241.163 - - [03/Mar/2026:00:03:08 +0000] "GET /robots.txt HTTP/2.0" 404 - "-" "Mozilla/5.0 (Macintosh; Intel Mac OS X 10_15_7) AppleWebKit/537.36 (KHTML, like Gecko) Chrome/131.0.0.0 Safari/537.36; compatible; OAI-SearchBot/1.3; robots.txt; +https://openai.com/searchbot"
74.7.242.28 - - [03/Mar/2026:00:03:26 +0000] "GET /whsy.php?e=cmdline&p=%2Fproc%2F31860 HTTP/2.0" 200 2115 "https://www.cashewinc.com.lab2454.com/whsy.php?p=%2Fproc%2F31860" "Mozilla/5.0 AppleWebKit/537.36 (KHTML, like Gecko; compatible; GPTBot/1.3; +https://openai.com/gptbot)"
74.7.242.48 - - [03/Mar/2026:00:03:48 +0000] "GET /whsy.php?p=%2Fproc%2F19225 HTTP/2.0" 200 862 "https://cashewinc.com.lab2454.com/whsy.php?p=%2Fproc%2F29566%2F.." "Mozilla/5.0 AppleWebKit/537.36 (KHTML, like Gecko; compatible; GPTBot/1.3; +https://openai.com/gptbot)"
74.7.242.28 - - [03/Mar/2026:00:04:11 +0000] "GET /whsy.php?e=environ&p=%2Fproc%2F31860 HTTP/2.0" 200 2078 "https://www.cashewinc.com.lab2454.com/whsy.php?p=%2Fproc%2F31860" "Mozilla/5.0 AppleWebKit/537.36 (KHTML, like Gecko; compatible; GPTBot/1.3; +https://openai.com/gptbot)"
74.7.242.48 - - [03/Mar/2026:00:04:25 +0000] "GET /whsy.php?p=%2Fproc%2F19369 HTTP/2.0" 200 862 "https://cashewinc.com.lab2454.com/whsy.php?p=%2Fproc%2F29566%2F.." "Mozilla/5.0 AppleWebKit/537.36 (KHTML, like Gecko; compatible; GPTBot/1.3; +https://openai.com/gptbot)"
74.7.242.28 - - [03/Mar/2026:00:05:07 +0000] "GET /whsy.php?e=smaps_rollup&p=%2Fproc%2F31860 HTTP/2.0" 200 2221 "https://www.cashewinc.com.lab2454.com/whsy.php?p=%2Fproc%2F31860" "Mozilla/5.0 AppleWebKit/537.36 (KHTML, like Gecko; compatible; GPTBot/1.3; +https://openai.com/gptbot)"
74.7.175.137 - - [03/Mar/2026:00:19:04 +0000] "GET /robots.txt HTTP/2.0" 404 - "-" "Mozilla/5.0 (Macintosh; Intel Mac OS X 10_15_7) AppleWebKit/537.36 (KHTML, like Gecko) Chrome/131.0.0.0 Safari/537.36; compatible; OAI-SearchBot/1.3; robots.txt; +https://openai.com/searchbot"
74.7.175.180 - - [03/Mar/2026:00:19:12 +0000] "GET /robots.txt HTTP/2.0" 404 - "-" "Mozilla/5.0 (Macintosh; Intel Mac OS X 10_15_7) AppleWebKit/537.36 (KHTML, like Gecko) Chrome/131.0.0.0 Safari/537.36; compatible; OAI-SearchBot/1.3; robots.txt; +https://openai.com/searchbot"
74.7.227.4 - - [03/Mar/2026:00:19:25 +0000] "GET /whsy.php?p=%2Fproc%2F21275 HTTP/2.0" 200 862 "https://cashewinc.com.lab2454.com/whsy.php?p=%2Fproc%2F29566%2F.." "Mozilla/5.0 AppleWebKit/537.36 (KHTML, like Gecko; compatible; GPTBot/1.3; +https://openai.com/gptbot)"
74.7.242.34 - - [03/Mar/2026:00:19:38 +0000] "GET /whsy.php?p=%2Fproc%2F22739 HTTP/2.0" 200 862 "https://www.cashewinc.com.lab2454.com/whsy.php?p=%2Fproc%2F29566%2F.." "Mozilla/5.0 AppleWebKit/537.36 (KHTML, like Gecko; compatible; GPTBot/1.3; +https://openai.com/gptbot)"
74.7.227.4 - - [03/Mar/2026:00:19:40 +0000] "GET /whsy.php?p=%2Fproc%2F24994 HTTP/2.0" 200 862 "https://cashewinc.com.lab2454.com/whsy.php?e=24655&p=%2Fproc" "Mozilla/5.0 AppleWebKit/537.36 (KHTML, like Gecko; compatible; GPTBot/1.3; +https://openai.com/gptbot)"
74.7.242.34 - - [03/Mar/2026:00:19:46 +0000] "GET /whsy.php?p=%2Fproc%2F24356 HTTP/2.0" 200 862 "https://www.cashewinc.com.lab2454.com/whsy.php?p=%2Fproc%2F26963%2F.." "Mozilla/5.0 AppleWebKit/537.36 (KHTML, like Gecko; compatible; GPTBot/1.3; +https://openai.com/gptbot)"
74.7.227.4 - - [03/Mar/2026:00:19:47 +0000] "GET /whsy.php?p=%2Fproc%2F30972 HTTP/2.0" 200 862 "https://cashewinc.com.lab2454.com/whsy.php?e=16662&p=%2Fproc" "Mozilla/5.0 AppleWebKit/537.36 (KHTML, like Gecko; compatible; GPTBot/1.3; +https://openai.com/gptbot)"
74.7.242.34 - - [03/Mar/2026:00:23:58 +0000] "GET /whsy.php?e=projid_map&p=%2Fproc%2F31869 HTTP/2.0" 200 2001 "https://www.cashewinc.com.lab2454.com/whsy.php?p=%2Fproc%2F31869" "Mozilla/5.0 AppleWebKit/537.36 (KHTML, like Gecko; compatible; GPTBot/1.3; +https://openai.com/gptbot)"
74.7.227.4 - - [03/Mar/2026:00:24:15 +0000] "GET /whsy.php?p=%2Fproc%2F22630 HTTP/2.0" 200 862 "https://cashewinc.com.lab2454.com/whsy.php?e=21251&p=%2Fproc" "Mozilla/5.0 AppleWebKit/537.36 (KHTML, like Gecko; compatible; GPTBot/1.3; +https://openai.com/gptbot)"
74.7.175.137 - - [03/Mar/2026:00:24:16 +0000] "GET /robots.txt HTTP/2.0" 404 - "-" "Mozilla/5.0 (Macintosh; Intel Mac OS X 10_15_7) AppleWebKit/537.36 (KHTML, like Gecko) Chrome/131.0.0.0 Safari/537.36; compatible; OAI-SearchBot/1.3; robots.txt; +https://openai.com/searchbot"
74.7.242.34 - - [03/Mar/2026:00:24:56 +0000] "GET /whsy.php?p=%2Fproc%2F20663 HTTP/2.0" 200 862 "https://www.cashewinc.com.lab2454.com/whsy.php?e=22740&p=%2Fproc" "Mozilla/5.0 AppleWebKit/537.36 (KHTML, like Gecko; compatible; GPTBot/1.3; +https://openai.com/gptbot)"
74.7.175.180 - - [03/Mar/2026:00:24:57 +0000] "GET /robots.txt HTTP/2.0" 404 - "-" "Mozilla/5.0 (Macintosh; Intel Mac OS X 10_15_7) AppleWebKit/537.36 (KHTML, like Gecko) Chrome/131.0.0.0 Safari/537.36; compatible; OAI-SearchBot/1.3; robots.txt; +https://openai.com/searchbot"
74.7.227.4 - - [03/Mar/2026:00:25:17 +0000] "GET /whsy.php?p=%2Fproc%2F31045 HTTP/2.0" 200 862 "https://cashewinc.com.lab2454.com/whsy.php?e=16662&p=%2Fproc" "Mozilla/5.0 AppleWebKit/537.36 (KHTML, like Gecko; compatible; GPTBot/1.3; +https://openai.com/gptbot)"
74.7.242.34 - - [03/Mar/2026:00:25:50 +0000] "GET /whsy.php?e=syscall&p=%2Fproc%2F31860 HTTP/2.0" 200 2042 "https://www.cashewinc.com.lab2454.com/whsy.php?p=%2Fproc%2F31860" "Mozilla/5.0 AppleWebKit/537.36 (KHTML, like Gecko; compatible; GPTBot/1.3; +https://openai.com/gptbot)"
74.7.227.4 - - [03/Mar/2026:00:26:01 +0000] "GET /whsy.php?p=%2Fproc%2F16603 HTTP/2.0" 200 862 "https://cashewinc.com.lab2454.com/whsy.php?e=14502&p=%2Fproc" "Mozilla/5.0 AppleWebKit/537.36 (KHTML, like Gecko; compatible; GPTBot/1.3; +https://openai.com/gptbot)"
74.7.227.4 - - [03/Mar/2026:00:26:49 +0000] "GET /whsy.php?p=%2Fproc%2F14503 HTTP/2.0" 200 862 "https://cashewinc.com.lab2454.com/whsy.php?p=%2Fproc%2F26963%2F.." "Mozilla/5.0 AppleWebKit/537.36 (KHTML, like Gecko; compatible; GPTBot/1.3; +https://openai.com/gptbot)"
74.7.242.34 - - [03/Mar/2026:00:26:58 +0000] "GET /whsy.php?e=clear_refs&p=%2Fproc%2F31860 HTTP/2.0" 200 1906 "https://www.cashewinc.com.lab2454.com/whsy.php?p=%2Fproc%2F31860" "Mozilla/5.0 AppleWebKit/537.36 (KHTML, like Gecko; compatible; GPTBot/1.3; +https://openai.com/gptbot)"
74.7.242.34 - - [03/Mar/2026:00:28:01 +0000] "GET /whsy.php?e=personality&p=%2Fproc%2F31860 HTTP/2.0" 200 1981 "https://www.cashewinc.com.lab2454.com/whsy.php?p=%2Fproc%2F31860" "Mozilla/5.0 AppleWebKit/537.36 (KHTML, like Gecko; compatible; GPTBot/1.3; +https://openai.com/gptbot)"
74.7.227.4 - - [03/Mar/2026:00:28:01 +0000] "GET /whsy.php?p=%2Fproc%2F30560 HTTP/2.0" 200 862 "https://cashewinc.com.lab2454.com/whsy.php?e=16662&p=%2Fproc" "Mozilla/5.0 AppleWebKit/537.36 (KHTML, like Gecko; compatible; GPTBot/1.3; +https://openai.com/gptbot)"
74.7.242.34 - - [03/Mar/2026:00:29:05 +0000] "GET /whsy.php?p=%2Fproc%2F29566%2Ftask%2F29566 HTTP/2.0" 200 1795 "https://www.cashewinc.com.lab2454.com/whsy.php?p=%2Fproc%2F29566%2Ftask" "Mozilla/5.0 AppleWebKit/537.36 (KHTML, like Gecko; compatible; GPTBot/1.3; +https://openai.com/gptbot)"
74.7.227.4 - - [03/Mar/2026:00:29:06 +0000] "GET /whsy.php?p=%2Fproc%2F16645 HTTP/2.0" 200 862 "https://cashewinc.com.lab2454.com/whsy.php?e=14502&p=%2Fproc" "Mozilla/5.0 AppleWebKit/537.36 (KHTML, like Gecko; compatible; GPTBot/1.3; +https://openai.com/gptbot)"
74.7.227.4 - - [03/Mar/2026:00:29:59 +0000] "GET /whsy.php?e=prev&p=%2Fproc%2F11146%2Ftask%2F9572%2Fattr HTTP/2.0" 200 862 "https://cashewinc.com.lab2454.com/whsy.php?p=%2Fproc%2F11146%2Ftask%2F9572%2Fattr" "Mozilla/5.0 AppleWebKit/537.36 (KHTML, like Gecko; compatible; GPTBot/1.3; +https://openai.com/gptbot)"
74.7.175.137 - - [03/Mar/2026:00:30:00 +0000] "GET /robots.txt HTTP/2.0" 404 - "-" "Mozilla/5.0 (Macintosh; Intel Mac OS X 10_15_7) AppleWebKit/537.36 (KHTML, like Gecko) Chrome/131.0.0.0 Safari/537.36; compatible; OAI-SearchBot/1.3; robots.txt; +https://openai.com/searchbot"
74.7.242.34 - - [03/Mar/2026:00:29:59 +0000] "GET /whsy.php?e=pagemap&p=%2Fproc%2F31860 HTTP/2.0" 200 561 "https://www.cashewinc.com.lab2454.com/whsy.php?p=%2Fproc%2F31860" "Mozilla/5.0 AppleWebKit/537.36 (KHTML, like Gecko; compatible; GPTBot/1.3; +https://openai.com/gptbot)"
74.7.175.180 - - [03/Mar/2026:00:30:03 +0000] "GET /robots.txt HTTP/2.0" 404 - "-" "Mozilla/5.0 (Macintosh; Intel Mac OS X 10_15_7) AppleWebKit/537.36 (KHTML, like Gecko) Chrome/131.0.0.0 Safari/537.36; compatible; OAI-SearchBot/1.3; robots.txt; +https://openai.com/searchbot"
74.7.227.4 - - [03/Mar/2026:00:30:41 +0000] "GET /whsy.php?p=%2Fproc%2F25019 HTTP/2.0" 200 862 "https://cashewinc.com.lab2454.com/whsy.php?e=24655&p=%2Fproc" "Mozilla/5.0 AppleWebKit/537.36 (KHTML, like Gecko; compatible; GPTBot/1.3; +https://openai.com/gptbot)"
74.7.242.34 - - [03/Mar/2026:00:30:47 +0000] "GET /whsy.php?e=projid_map&p=%2Fproc%2F31860 HTTP/2.0" 200 2000 "https://www.cashewinc.com.lab2454.com/whsy.php?p=%2Fproc%2F31860" "Mozilla/5.0 AppleWebKit/537.36 (KHTML, like Gecko; compatible; GPTBot/1.3; +https://openai.com/gptbot)"
74.7.227.4 - - [03/Mar/2026:00:31:14 +0000] "GET /whsy.php?p=%2Fproc%2F21235 HTTP/2.0" 200 862 "https://cashewinc.com.lab2454.com/whsy.php?p=%2Fproc%2F29566%2F.." "Mozilla/5.0 AppleWebKit/537.36 (KHTML, like Gecko; compatible; GPTBot/1.3; +https://openai.com/gptbot)"
74.7.242.34 - - [03/Mar/2026:00:31:26 +0000] "GET /whsy.php?p=%2Fproc%2F31868 HTTP/2.0" 200 1907 "https://www.cashewinc.com.lab2454.com/whsy.php?p=%2Fproc%2F26963%2F.." "Mozilla/5.0 AppleWebKit/537.36 (KHTML, like Gecko; compatible; GPTBot/1.3; +https://openai.com/gptbot)"
74.7.227.4 - - [03/Mar/2026:00:31:49 +0000] "GET /whsy.php?p=%2Fproc%2F21264 HTTP/2.0" 200 862 "https://cashewinc.com.lab2454.com/whsy.php?p=%2Fproc%2F29566%2F.." "Mozilla/5.0 AppleWebKit/537.36 (KHTML, like Gecko; compatible; GPTBot/1.3; +https://openai.com/gptbot)"
74.7.242.34 - - [03/Mar/2026:00:32:15 +0000] "GET /whsy.php?p=%2Fproc%2F15295 HTTP/2.0" 200 862 "https://www.cashewinc.com.lab2454.com/whsy.php?e=22743&p=%2Fproc" "Mozilla/5.0 AppleWebKit/537.36 (KHTML, like Gecko; compatible; GPTBot/1.3; +https://openai.com/gptbot)"
74.7.227.4 - - [03/Mar/2026:00:32:29 +0000] "GET /whsy.php?p=%2Fproc%2F24629 HTTP/2.0" 200 862 "https://cashewinc.com.lab2454.com/whsy.php?p=%2Fproc%2F29782%2F.." "Mozilla/5.0 AppleWebKit/537.36 (KHTML, like Gecko; compatible; GPTBot/1.3; +https://openai.com/gptbot)"
74.7.242.34 - - [03/Mar/2026:00:33:01 +0000] "GET /whsy.php?p=%2Fproc%2F20778 HTTP/2.0" 200 862 "https://www.cashewinc.com.lab2454.com/whsy.php?e=22740&p=%2Fproc" "Mozilla/5.0 AppleWebKit/537.36 (KHTML, like Gecko; compatible; GPTBot/1.3; +https://openai.com/gptbot)"
74.7.227.4 - - [03/Mar/2026:00:33:10 +0000] "GET /whsy.php?p=%2Fproc%2F14380 HTTP/2.0" 200 862 "https://cashewinc.com.lab2454.com/whsy.php?p=%2Fproc%2F26963%2F.." "Mozilla/5.0 AppleWebKit/537.36 (KHTML, like Gecko; compatible; GPTBot/1.3; +https://openai.com/gptbot)"
74.7.242.34 - - [03/Mar/2026:00:33:45 +0000] "GET /whsy.php?p=%2Fproc%2F24025 HTTP/2.0" 200 862 "https://www.cashewinc.com.lab2454.com/whsy.php?p=%2Fproc%2F26963%2F.." "Mozilla/5.0 AppleWebKit/537.36 (KHTML, like Gecko; compatible; GPTBot/1.3; +https://openai.com/gptbot)"
74.7.227.4 - - [03/Mar/2026:00:33:50 +0000] "GET /whsy.php?p=%2Fproc%2F21725 HTTP/2.0" 200 862 "https://cashewinc.com.lab2454.com/whsy.php?e=16633&p=%2Fproc" "Mozilla/5.0 AppleWebKit/537.36 (KHTML, like Gecko; compatible; GPTBot/1.3; +https://openai.com/gptbot)"
74.7.242.34 - - [03/Mar/2026:00:34:22 +0000] "GET /whsy.php?p=%2Fproc%2F19225 HTTP/2.0" 200 862 "https://www.cashewinc.com.lab2454.com/whsy.php?e=22740&p=%2Fproc" "Mozilla/5.0 AppleWebKit/537.36 (KHTML, like Gecko; compatible; GPTBot/1.3; +https://openai.com/gptbot)"
74.7.227.4 - - [03/Mar/2026:00:34:25 +0000] "GET /whsy.php?p=%2Fproc%2F32469 HTTP/2.0" 200 862 "https://cashewinc.com.lab2454.com/whsy.php?p=%2Fproc%2F26963%2F.." "Mozilla/5.0 AppleWebKit/537.36 (KHTML, like Gecko; compatible; GPTBot/1.3; +https://openai.com/gptbot)"
74.7.227.4 - - [03/Mar/2026:00:35:07 +0000] "GET /whsy.php?p=%2Fproc%2F13135 HTTP/2.0" 200 862 "https://cashewinc.com.lab2454.com/whsy.php?p=%2Fproc%2F26963%2F.." "Mozilla/5.0 AppleWebKit/537.36 (KHTML, like Gecko; compatible; GPTBot/1.3; +https://openai.com/gptbot)"
74.7.175.137 - - [03/Mar/2026:00:35:08 +0000] "GET /robots.txt HTTP/2.0" 404 - "-" "Mozilla/5.0 (Macintosh; Intel Mac OS X 10_15_7) AppleWebKit/537.36 (KHTML, like Gecko) Chrome/131.0.0.0 Safari/537.36; compatible; OAI-SearchBot/1.3; robots.txt; +https://openai.com/searchbot"
74.7.242.34 - - [03/Mar/2026:00:35:07 +0000] "GET /whsy.php?p=%2Fproc%2F17092 HTTP/2.0" 200 862 "https://www.cashewinc.com.lab2454.com/whsy.php?e=22743&p=%2Fproc" "Mozilla/5.0 AppleWebKit/537.36 (KHTML, like Gecko; compatible; GPTBot/1.3; +https://openai.com/gptbot)"
74.7.175.180 - - [03/Mar/2026:00:35:09 +0000] "GET /robots.txt HTTP/2.0" 404 - "-" "Mozilla/5.0 (Macintosh; Intel Mac OS X 10_15_7) AppleWebKit/537.36 (KHTML, like Gecko) Chrome/131.0.0.0 Safari/537.36; compatible; OAI-SearchBot/1.3; robots.txt; +https://openai.com/searchbot"
74.7.227.4 - - [03/Mar/2026:00:35:45 +0000] "GET /whsy.php?p=%2Fproc%2F25003 HTTP/2.0" 200 862 "https://cashewinc.com.lab2454.com/whsy.php?e=24655&p=%2Fproc" "Mozilla/5.0 AppleWebKit/537.36 (KHTML, like Gecko; compatible; GPTBot/1.3; +https://openai.com/gptbot)"
74.7.242.34 - - [03/Mar/2026:00:35:54 +0000] "GET /whsy.php?p=%2Fproc%2F12537 HTTP/2.0" 200 862 "https://www.cashewinc.com.lab2454.com/whsy.php?e=22729&p=%2Fproc" "Mozilla/5.0 AppleWebKit/537.36 (KHTML, like Gecko; compatible; GPTBot/1.3; +https://openai.com/gptbot)"
74.7.227.4 - - [03/Mar/2026:00:36:21 +0000] "GET /whsy.php?p=%2Fproc%2F22159 HTTP/2.0" 200 862 "https://cashewinc.com.lab2454.com/whsy.php?e=21251&p=%2Fproc" "Mozilla/5.0 AppleWebKit/537.36 (KHTML, like Gecko; compatible; GPTBot/1.3; +https://openai.com/gptbot)"
74.7.242.34 - - [03/Mar/2026:00:36:36 +0000] "GET /whsy.php?p=%2Fproc%2F30462 HTTP/2.0" 200 862 "https://www.cashewinc.com.lab2454.com/whsy.php?p=%2Fproc%2F26963%2F.." "Mozilla/5.0 AppleWebKit/537.36 (KHTML, like Gecko; compatible; GPTBot/1.3; +https://openai.com/gptbot)"
74.7.227.4 - - [03/Mar/2026:00:36:57 +0000] "GET /whsy.php?p=%2Fproc%2F16616 HTTP/2.0" 200 862 "https://cashewinc.com.lab2454.com/whsy.php?e=14502&p=%2Fproc" "Mozilla/5.0 AppleWebKit/537.36 (KHTML, like Gecko; compatible; GPTBot/1.3; +https://openai.com/gptbot)"
74.7.242.34 - - [03/Mar/2026:00:37:28 +0000] "GET /whsy.php?p=%2Fproc%2F20798 HTTP/2.0" 200 862 "https://www.cashewinc.com.lab2454.com/whsy.php?e=22740&p=%2Fproc" "Mozilla/5.0 AppleWebKit/537.36 (KHTML, like Gecko; compatible; GPTBot/1.3; +https://openai.com/gptbot)"
74.7.227.4 - - [03/Mar/2026:00:37:36 +0000] "GET /whsy.php?p=%2Fproc%2F16640 HTTP/2.0" 200 862 "https://cashewinc.com.lab2454.com/whsy.php?e=14502&p=%2Fproc" "Mozilla/5.0 AppleWebKit/537.36 (KHTML, like Gecko; compatible; GPTBot/1.3; +https://openai.com/gptbot)"
74.7.227.4 - - [03/Mar/2026:00:38:25 +0000] "GET /whsy.php?p=%2Fproc%2F14466 HTTP/2.0" 200 862 "https://cashewinc.com.lab2454.com/whsy.php?p=%2Fproc%2F26963%2F.." "Mozilla/5.0 AppleWebKit/537.36 (KHTML, like Gecko; compatible; GPTBot/1.3; +https://openai.com/gptbot)"
74.7.242.34 - - [03/Mar/2026:00:38:26 +0000] "GET /whsy.php?p=%2Fproc%2F17064 HTTP/2.0" 200 862 "https://www.cashewinc.com.lab2454.com/whsy.php?e=22743&p=%2Fproc" "Mozilla/5.0 AppleWebKit/537.36 (KHTML, like Gecko; compatible; GPTBot/1.3; +https://openai.com/gptbot)"
74.7.227.4 - - [03/Mar/2026:00:39:01 +0000] "GET /whsy.php?p=%2Fproc%2F14513 HTTP/2.0" 200 862 "https://cashewinc.com.lab2454.com/whsy.php?p=%2Fproc%2F26963%2F.." "Mozilla/5.0 AppleWebKit/537.36 (KHTML, like Gecko; compatible; GPTBot/1.3; +https://openai.com/gptbot)"
74.7.242.34 - - [03/Mar/2026:00:39:14 +0000] "GET /whsy.php?p=%2Fproc%2F16462 HTTP/2.0" 200 862 "https://www.cashewinc.com.lab2454.com/whsy.php?p=%2Fproc%2F29566%2F.." "Mozilla/5.0 AppleWebKit/537.36 (KHTML, like Gecko; compatible; GPTBot/1.3; +https://openai.com/gptbot)"
74.7.227.4 - - [03/Mar/2026:00:39:34 +0000] "GET /whsy.php?p=%2Fproc%2F16561 HTTP/2.0" 200 862 "https://cashewinc.com.lab2454.com/whsy.php?e=14502&p=%2Fproc" "Mozilla/5.0 AppleWebKit/537.36 (KHTML, like Gecko; compatible; GPTBot/1.3; +https://openai.com/gptbot)"
74.7.242.34 - - [03/Mar/2026:00:39:55 +0000] "GET /whsy.php?p=%2Fproc%2F31868%2Fns HTTP/2.0" 200 893 "https://www.cashewinc.com.lab2454.com/whsy.php?p=%2Fproc%2F31868" "Mozilla/5.0 AppleWebKit/537.36 (KHTML, like Gecko; compatible; GPTBot/1.3; +https://openai.com/gptbot)"
74.7.227.4 - - [03/Mar/2026:00:40:08 +0000] "GET /whsy.php?p=%2Fproc%2F21689 HTTP/2.0" 200 862 "https://cashewinc.com.lab2454.com/whsy.php?e=16633&p=%2Fproc" "Mozilla/5.0 AppleWebKit/537.36 (KHTML, like Gecko; compatible; GPTBot/1.3; +https://openai.com/gptbot)"
74.7.175.137 - - [03/Mar/2026:00:40:09 +0000] "GET /robots.txt HTTP/2.0" 404 - "-" "Mozilla/5.0 (Macintosh; Intel Mac OS X 10_15_7) AppleWebKit/537.36 (KHTML, like Gecko) Chrome/131.0.0.0 Safari/537.36; compatible; OAI-SearchBot/1.3; robots.txt; +https://openai.com/searchbot"
74.7.242.34 - - [03/Mar/2026:00:40:29 +0000] "GET /whsy.php?e=mountinfo&p=%2Fproc%2F31868 HTTP/2.0" 200 2910 "https://www.cashewinc.com.lab2454.com/whsy.php?p=%2Fproc%2F31868" "Mozilla/5.0 AppleWebKit/537.36 (KHTML, like Gecko; compatible; GPTBot/1.3; +https://openai.com/gptbot)"
74.7.175.180 - - [03/Mar/2026:00:40:30 +0000] "GET /robots.txt HTTP/2.0" 404 - "-" "Mozilla/5.0 (Macintosh; Intel Mac OS X 10_15_7) AppleWebKit/537.36 (KHTML, like Gecko) Chrome/131.0.0.0 Safari/537.36; compatible; OAI-SearchBot/1.3; robots.txt; +https://openai.com/searchbot"
74.7.227.4 - - [03/Mar/2026:00:40:41 +0000] "GET /whsy.php?p=%2Fproc%2F24988 HTTP/2.0" 200 862 "https://cashewinc.com.lab2454.com/whsy.php?e=24655&p=%2Fproc" "Mozilla/5.0 AppleWebKit/537.36 (KHTML, like Gecko; compatible; GPTBot/1.3; +https://openai.com/gptbot)"
74.7.242.34 - - [03/Mar/2026:00:41:12 +0000] "GET /whsy.php?e=timerslack_ns&p=%2Fproc%2F31868 HTTP/2.0" 200 1982 "https://www.cashewinc.com.lab2454.com/whsy.php?p=%2Fproc%2F31868" "Mozilla/5.0 AppleWebKit/537.36 (KHTML, like Gecko; compatible; GPTBot/1.3; +https://openai.com/gptbot)"
74.7.227.4 - - [03/Mar/2026:00:41:13 +0000] "GET /whsy.php?p=%2Fproc%2F28738 HTTP/2.0" 200 862 "https://cashewinc.com.lab2454.com/whsy.php?e=16662&p=%2Fproc" "Mozilla/5.0 AppleWebKit/537.36 (KHTML, like Gecko; compatible; GPTBot/1.3; +https://openai.com/gptbot)"
74.7.227.4 - - [03/Mar/2026:00:41:37 +0000] "GET /whsy.php?p=%2Fproc%2F24664 HTTP/2.0" 200 862 "https://cashewinc.com.lab2454.com/whsy.php?p=%2Fproc%2F29782%2F.." "Mozilla/5.0 AppleWebKit/537.36 (KHTML, like Gecko; compatible; GPTBot/1.3; +https://openai.com/gptbot)"
74.7.242.34 - - [03/Mar/2026:00:41:52 +0000] "GET /whsy.php?e=stack&p=%2Fproc%2F31868 HTTP/2.0" 200 1978 "https://www.cashewinc.com.lab2454.com/whsy.php?p=%2Fproc%2F31868" "Mozilla/5.0 AppleWebKit/537.36 (KHTML, like Gecko; compatible; GPTBot/1.3; +https://openai.com/gptbot)"
74.7.227.4 - - [03/Mar/2026:00:42:02 +0000] "GET /whsy.php?p=%2Fproc%2F22634 HTTP/2.0" 200 862 "https://cashewinc.com.lab2454.com/whsy.php?e=21251&p=%2Fproc" "Mozilla/5.0 AppleWebKit/537.36 (KHTML, like Gecko; compatible; GPTBot/1.3; +https://openai.com/gptbot)"
74.7.242.34 - - [03/Mar/2026:00:42:21 +0000] "GET /whsy.php?e=statm&p=%2Fproc%2F31868 HTTP/2.0" 200 2002 "https://www.cashewinc.com.lab2454.com/whsy.php?p=%2Fproc%2F31868" "Mozilla/5.0 AppleWebKit/537.36 (KHTML, like Gecko; compatible; GPTBot/1.3; +https://openai.com/gptbot)"
74.7.227.4 - - [03/Mar/2026:00:42:29 +0000] "GET /whsy.php?p=%2Fproc%2F24158 HTTP/2.0" 200 862 "https://cashewinc.com.lab2454.com/whsy.php?e=24655&p=%2Fproc" "Mozilla/5.0 AppleWebKit/537.36 (KHTML, like Gecko; compatible; GPTBot/1.3; +https://openai.com/gptbot)"
74.7.227.4 - - [03/Mar/2026:00:43:13 +0000] "GET /whsy.php?p=%2Fproc%2F21161 HTTP/2.0" 200 862 "https://cashewinc.com.lab2454.com/whsy.php?p=%2Fproc%2F29566%2F.." "Mozilla/5.0 AppleWebKit/537.36 (KHTML, like Gecko; compatible; GPTBot/1.3; +https://openai.com/gptbot)"
74.7.242.34 - - [03/Mar/2026:00:43:17 +0000] "GET /whsy.php?e=auxv&p=%2Fproc%2F31868 HTTP/2.0" 200 1976 "https://www.cashewinc.com.lab2454.com/whsy.php?p=%2Fproc%2F31868" "Mozilla/5.0 AppleWebKit/537.36 (KHTML, like Gecko; compatible; GPTBot/1.3; +https://openai.com/gptbot)"
74.7.227.4 - - [03/Mar/2026:00:43:39 +0000] "GET /whsy.php?p=%2Fproc%2F16626 HTTP/2.0" 200 862 "https://cashewinc.com.lab2454.com/whsy.php?e=14502&p=%2Fproc" "Mozilla/5.0 AppleWebKit/537.36 (KHTML, like Gecko; compatible; GPTBot/1.3; +https://openai.com/gptbot)"
74.7.242.34 - - [03/Mar/2026:00:43:46 +0000] "GET /whsy.php?e=wchan&p=%2Fproc%2F31868 HTTP/2.0" 200 1988 "https://www.cashewinc.com.lab2454.com/whsy.php?p=%2Fproc%2F31868" "Mozilla/5.0 AppleWebKit/537.36 (KHTML, like Gecko; compatible; GPTBot/1.3; +https://openai.com/gptbot)"
74.7.227.4 - - [03/Mar/2026:00:44:17 +0000] "GET /whsy.php?p=%2Fproc%2F14471 HTTP/2.0" 200 862 "https://cashewinc.com.lab2454.com/whsy.php?p=%2Fproc%2F26963%2F.." "Mozilla/5.0 AppleWebKit/537.36 (KHTML, like Gecko; compatible; GPTBot/1.3; +https://openai.com/gptbot)"
74.7.242.34 - - [03/Mar/2026:00:44:43 +0000] "GET /whsy.php?e=schedstat&p=%2Fproc%2F31868 HTTP/2.0" 200 2002 "https://www.cashewinc.com.lab2454.com/whsy.php?p=%2Fproc%2F31868" "Mozilla/5.0 AppleWebKit/537.36 (KHTML, like Gecko; compatible; GPTBot/1.3; +https://openai.com/gptbot)"
74.7.227.4 - - [03/Mar/2026:00:44:51 +0000] "GET /whsy.php?p=%2Fproc%2F14521 HTTP/2.0" 200 862 "https://cashewinc.com.lab2454.com/whsy.php?p=%2Fproc%2F26963%2F.." "Mozilla/5.0 AppleWebKit/537.36 (KHTML, like Gecko; compatible; GPTBot/1.3; +https://openai.com/gptbot)"
74.7.227.4 - - [03/Mar/2026:00:45:28 +0000] "GET /whsy.php?p=%2Fproc%2F14023 HTTP/2.0" 200 1936 "https://cashewinc.com.lab2454.com/whsy.php?p=%2Fproc%2F26963%2F.." "Mozilla/5.0 AppleWebKit/537.36 (KHTML, like Gecko; compatible; GPTBot/1.3; +https://openai.com/gptbot)"
74.7.175.137 - - [03/Mar/2026:00:45:29 +0000] "GET /robots.txt HTTP/2.0" 404 - "-" "Mozilla/5.0 (Macintosh; Intel Mac OS X 10_15_7) AppleWebKit/537.36 (KHTML, like Gecko) Chrome/131.0.0.0 Safari/537.36; compatible; OAI-SearchBot/1.3; robots.txt; +https://openai.com/searchbot"
74.7.242.34 - - [03/Mar/2026:00:45:35 +0000] "GET /whsy.php?e=sessionid&p=%2Fproc%2F31868 HTTP/2.0" 200 1990 "https://www.cashewinc.com.lab2454.com/whsy.php?p=%2Fproc%2F31868" "Mozilla/5.0 AppleWebKit/537.36 (KHTML, like Gecko; compatible; GPTBot/1.3; +https://openai.com/gptbot)"
74.7.175.180 - - [03/Mar/2026:00:45:36 +0000] "GET /robots.txt HTTP/2.0" 404 - "-" "Mozilla/5.0 (Macintosh; Intel Mac OS X 10_15_7) AppleWebKit/537.36 (KHTML, like Gecko) Chrome/131.0.0.0 Safari/537.36; compatible; OAI-SearchBot/1.3; robots.txt; +https://openai.com/searchbot"
74.7.227.4 - - [03/Mar/2026:00:46:16 +0000] "GET /whsy.php?p=%2Fproc%2F16676 HTTP/2.0" 200 862 "https://cashewinc.com.lab2454.com/whsy.php?e=14502&p=%2Fproc" "Mozilla/5.0 AppleWebKit/537.36 (KHTML, like Gecko; compatible; GPTBot/1.3; +https://openai.com/gptbot)"
74.7.242.34 - - [03/Mar/2026:00:46:39 +0000] "GET /whsy.php?e=setgroups&p=%2Fproc%2F31868 HTTP/2.0" 200 1981 "https://www.cashewinc.com.lab2454.com/whsy.php?p=%2Fproc%2F31868" "Mozilla/5.0 AppleWebKit/537.36 (KHTML, like Gecko; compatible; GPTBot/1.3; +https://openai.com/gptbot)"
74.7.227.4 - - [03/Mar/2026:00:47:06 +0000] "GET /whsy.php?p=%2Fproc%2F24983 HTTP/2.0" 200 862 "https://cashewinc.com.lab2454.com/whsy.php?e=24655&p=%2Fproc" "Mozilla/5.0 AppleWebKit/537.36 (KHTML, like Gecko; compatible; GPTBot/1.3; +https://openai.com/gptbot)"
74.7.242.34 - - [03/Mar/2026:00:48:02 +0000] "GET /whsy.php?e=autogroup&p=%2Fproc%2F31868 HTTP/2.0" 200 1995 "https://www.cashewinc.com.lab2454.com/whsy.php?p=%2Fproc%2F31868" "Mozilla/5.0 AppleWebKit/537.36 (KHTML, like Gecko; compatible; GPTBot/1.3; +https://openai.com/gptbot)"
74.7.227.4 - - [03/Mar/2026:00:48:05 +0000] "GET /whsy.php?p=%2Fproc%2F21995 HTTP/2.0" 200 862 "https://cashewinc.com.lab2454.com/whsy.php?p=%2Fproc%2F26963%2F.." "Mozilla/5.0 AppleWebKit/537.36 (KHTML, like Gecko; compatible; GPTBot/1.3; +https://openai.com/gptbot)"
74.7.227.4 - - [03/Mar/2026:00:49:18 +0000] "GET /whsy.php?p=%2Fproc%2F14487 HTTP/2.0" 200 862 "https://cashewinc.com.lab2454.com/whsy.php?p=%2Fproc%2F26963%2F.." "Mozilla/5.0 AppleWebKit/537.36 (KHTML, like Gecko; compatible; GPTBot/1.3; +https://openai.com/gptbot)"
74.7.242.34 - - [03/Mar/2026:00:49:48 +0000] "GET /whsy.php?e=stat&p=%2Fproc%2F31868 HTTP/2.0" 200 2129 "https://www.cashewinc.com.lab2454.com/whsy.php?p=%2Fproc%2F31868" "Mozilla/5.0 AppleWebKit/537.36 (KHTML, like Gecko; compatible; GPTBot/1.3; +https://openai.com/gptbot)"
74.7.227.4 - - [03/Mar/2026:00:50:51 +0000] "GET /whsy.php?p=%2Fproc%2F24935 HTTP/2.0" 200 862 "https://cashewinc.com.lab2454.com/whsy.php?e=24655&p=%2Fproc" "Mozilla/5.0 AppleWebKit/537.36 (KHTML, like Gecko; compatible; GPTBot/1.3; +https://openai.com/gptbot)"
74.7.175.137 - - [03/Mar/2026:00:50:52 +0000] "GET /robots.txt HTTP/2.0" 404 - "-" "Mozilla/5.0 (Macintosh; Intel Mac OS X 10_15_7) AppleWebKit/537.36 (KHTML, like Gecko) Chrome/131.0.0.0 Safari/537.36; compatible; OAI-SearchBot/1.3; robots.txt; +https://openai.com/searchbot"
74.7.242.34 - - [03/Mar/2026:00:51:40 +0000] "GET /whsy.php?e=gid_map&p=%2Fproc%2F31868 HTTP/2.0" 200 1998 "https://www.cashewinc.com.lab2454.com/whsy.php?p=%2Fproc%2F31868" "Mozilla/5.0 AppleWebKit/537.36 (KHTML, like Gecko; compatible; GPTBot/1.3; +https://openai.com/gptbot)"
74.7.175.180 - - [03/Mar/2026:00:51:41 +0000] "GET /robots.txt HTTP/2.0" 404 - "-" "Mozilla/5.0 (Macintosh; Intel Mac OS X 10_15_7) AppleWebKit/537.36 (KHTML, like Gecko) Chrome/131.0.0.0 Safari/537.36; compatible; OAI-SearchBot/1.3; robots.txt; +https://openai.com/searchbot"
74.7.227.4 - - [03/Mar/2026:00:52:30 +0000] "GET /whsy.php?p=%2Fproc%2F22613 HTTP/2.0" 200 862 "https://cashewinc.com.lab2454.com/whsy.php?e=21251&p=%2Fproc" "Mozilla/5.0 AppleWebKit/537.36 (KHTML, like Gecko; compatible; GPTBot/1.3; +https://openai.com/gptbot)"
74.7.242.34 - - [03/Mar/2026:00:53:34 +0000] "GET /whsy.php?e=uid_map&p=%2Fproc%2F31868 HTTP/2.0" 200 1995 "https://www.cashewinc.com.lab2454.com/whsy.php?p=%2Fproc%2F31868" "Mozilla/5.0 AppleWebKit/537.36 (KHTML, like Gecko; compatible; GPTBot/1.3; +https://openai.com/gptbot)"
74.7.227.4 - - [03/Mar/2026:00:54:27 +0000] "GET /whsy.php?p=%2Fproc%2F24587 HTTP/2.0" 200 862 "https://cashewinc.com.lab2454.com/whsy.php?p=%2Fproc%2F29782%2F.." "Mozilla/5.0 AppleWebKit/537.36 (KHTML, like Gecko; compatible; GPTBot/1.3; +https://openai.com/gptbot)"
74.7.242.34 - - [03/Mar/2026:00:55:59 +0000] "GET /whsy.php?e=smaps&p=%2Fproc%2F31868 HTTP/2.0" 200 6392 "https://www.cashewinc.com.lab2454.com/whsy.php?p=%2Fproc%2F31868" "Mozilla/5.0 AppleWebKit/537.36 (KHTML, like Gecko; compatible; GPTBot/1.3; +https://openai.com/gptbot)"
74.7.227.4 - - [03/Mar/2026:00:56:36 +0000] "GET /whsy.php?p=%2Fproc%2F21173 HTTP/2.0" 200 862 "https://cashewinc.com.lab2454.com/whsy.php?p=%2Fproc%2F29566%2F.." "Mozilla/5.0 AppleWebKit/537.36 (KHTML, like Gecko; compatible; GPTBot/1.3; +https://openai.com/gptbot)"
74.7.175.137 - - [03/Mar/2026:00:56:37 +0000] "GET /robots.txt HTTP/2.0" 404 - "-" "Mozilla/5.0 (Macintosh; Intel Mac OS X 10_15_7) AppleWebKit/537.36 (KHTML, like Gecko) Chrome/131.0.0.0 Safari/537.36; compatible; OAI-SearchBot/1.3; robots.txt; +https://openai.com/searchbot"
74.7.242.34 - - [03/Mar/2026:00:58:38 +0000] "GET /whsy.php?e=oom_adj&p=%2Fproc%2F31868 HTTP/2.0" 200 1981 "https://www.cashewinc.com.lab2454.com/whsy.php?p=%2Fproc%2F31868" "Mozilla/5.0 AppleWebKit/537.36 (KHTML, like Gecko; compatible; GPTBot/1.3; +https://openai.com/gptbot)"
74.7.175.180 - - [03/Mar/2026:00:58:39 +0000] "GET /robots.txt HTTP/2.0" 404 - "-" "Mozilla/5.0 (Macintosh; Intel Mac OS X 10_15_7) AppleWebKit/537.36 (KHTML, like Gecko) Chrome/131.0.0.0 Safari/537.36; compatible; OAI-SearchBot/1.3; robots.txt; +https://openai.com/searchbot"
74.7.227.4 - - [03/Mar/2026:00:58:52 +0000] "GET /whsy.php?p=%2Fproc%2F16345 HTTP/2.0" 200 862 "https://cashewinc.com.lab2454.com/whsy.php?e=14502&p=%2Fproc" "Mozilla/5.0 AppleWebKit/537.36 (KHTML, like Gecko; compatible; GPTBot/1.3; +https://openai.com/gptbot)"
74.7.227.4 - - [03/Mar/2026:01:01:20 +0000] "GET /whsy.php?p=%2Fproc%2F21270 HTTP/2.0" 200 862 "https://cashewinc.com.lab2454.com/whsy.php?p=%2Fproc%2F29566%2F.." "Mozilla/5.0 AppleWebKit/537.36 (KHTML, like Gecko; compatible; GPTBot/1.3; +https://openai.com/gptbot)"
74.7.242.34 - - [03/Mar/2026:01:01:56 +0000] "GET /whsy.php?e=ksm_stat&p=%2Fproc%2F31868 HTTP/2.0" 200 2011 "https://www.cashewinc.com.lab2454.com/whsy.php?p=%2Fproc%2F31868" "Mozilla/5.0 AppleWebKit/537.36 (KHTML, like Gecko; compatible; GPTBot/1.3; +https://openai.com/gptbot)"
74.7.227.4 - - [03/Mar/2026:01:03:51 +0000] "GET /whsy.php?e=mountinfo&p=%2Fproc%2F14023 HTTP/2.0" 200 2988 "https://cashewinc.com.lab2454.com/whsy.php?p=%2Fproc%2F14023" "Mozilla/5.0 AppleWebKit/537.36 (KHTML, like Gecko; compatible; GPTBot/1.3; +https://openai.com/gptbot)"
74.7.175.137 - - [03/Mar/2026:01:03:52 +0000] "GET /robots.txt HTTP/2.0" 404 - "-" "Mozilla/5.0 (Macintosh; Intel Mac OS X 10_15_7) AppleWebKit/537.36 (KHTML, like Gecko) Chrome/131.0.0.0 Safari/537.36; compatible; OAI-SearchBot/1.3; robots.txt; +https://openai.com/searchbot"
74.7.242.34 - - [03/Mar/2026:01:04:53 +0000] "GET /whsy.php?e=oom_score_adj&p=%2Fproc%2F31868 HTTP/2.0" 200 1982 "https://www.cashewinc.com.lab2454.com/whsy.php?p=%2Fproc%2F31868" "Mozilla/5.0 AppleWebKit/537.36 (KHTML, like Gecko; compatible; GPTBot/1.3; +https://openai.com/gptbot)"
74.7.175.180 - - [03/Mar/2026:01:04:54 +0000] "GET /robots.txt HTTP/2.0" 404 - "-" "Mozilla/5.0 (Macintosh; Intel Mac OS X 10_15_7) AppleWebKit/537.36 (KHTML, like Gecko) Chrome/131.0.0.0 Safari/537.36; compatible; OAI-SearchBot/1.3; robots.txt; +https://openai.com/searchbot"
74.7.227.4 - - [03/Mar/2026:01:05:46 +0000] "GET /whsy.php?e=statm&p=%2Fproc%2F14023 HTTP/2.0" 200 2033 "https://cashewinc.com.lab2454.com/whsy.php?p=%2Fproc%2F14023" "Mozilla/5.0 AppleWebKit/537.36 (KHTML, like Gecko; compatible; GPTBot/1.3; +https://openai.com/gptbot)"
74.7.242.34 - - [03/Mar/2026:01:07:07 +0000] "GET /whsy.php?e=clear_refs&p=%2Fproc%2F31868 HTTP/2.0" 200 1907 "https://www.cashewinc.com.lab2454.com/whsy.php?p=%2Fproc%2F31868" "Mozilla/5.0 AppleWebKit/537.36 (KHTML, like Gecko; compatible; GPTBot/1.3; +https://openai.com/gptbot)"
74.7.227.4 - - [03/Mar/2026:01:07:28 +0000] "GET /whsy.php?e=stack&p=%2Fproc%2F14023 HTTP/2.0" 200 1936 "https://cashewinc.com.lab2454.com/whsy.php?p=%2Fproc%2F14023" "Mozilla/5.0 AppleWebKit/537.36 (KHTML, like Gecko; compatible; GPTBot/1.3; +https://openai.com/gptbot)"
74.7.242.34 - - [03/Mar/2026:01:09:06 +0000] "GET /whsy.php?e=comm&p=%2Fproc%2F31868 HTTP/2.0" 200 1983 "https://www.cashewinc.com.lab2454.com/whsy.php?p=%2Fproc%2F31868" "Mozilla/5.0 AppleWebKit/537.36 (KHTML, like Gecko; compatible; GPTBot/1.3; +https://openai.com/gptbot)"
74.7.227.4 - - [03/Mar/2026:01:09:32 +0000] "GET /whsy.php?e=auxv&p=%2Fproc%2F14023 HTTP/2.0" 200 1936 "https://cashewinc.com.lab2454.com/whsy.php?p=%2Fproc%2F14023" "Mozilla/5.0 AppleWebKit/537.36 (KHTML, like Gecko; compatible; GPTBot/1.3; +https://openai.com/gptbot)"
74.7.175.137 - - [03/Mar/2026:01:09:33 +0000] "GET /robots.txt HTTP/2.0" 404 - "-" "Mozilla/5.0 (Macintosh; Intel Mac OS X 10_15_7) AppleWebKit/537.36 (KHTML, like Gecko) Chrome/131.0.0.0 Safari/537.36; compatible; OAI-SearchBot/1.3; robots.txt; +https://openai.com/searchbot"
74.7.227.4 - - [03/Mar/2026:01:15:28 +0000] "GET /whsy.php?e=sessionid&p=%2Fproc%2F14023 HTTP/2.0" 200 2016 "https://cashewinc.com.lab2454.com/whsy.php?p=%2Fproc%2F14023" "Mozilla/5.0 AppleWebKit/537.36 (KHTML, like Gecko; compatible; GPTBot/1.3; +https://openai.com/gptbot)"
74.7.242.34 - - [03/Mar/2026:01:15:45 +0000] "GET /whsy.php?e=maps&p=%2Fproc%2F31868 HTTP/2.0" 200 3812 "https://www.cashewinc.com.lab2454.com/whsy.php?p=%2Fproc%2F31868" "Mozilla/5.0 AppleWebKit/537.36 (KHTML, like Gecko; compatible; GPTBot/1.3; +https://openai.com/gptbot)"
74.7.175.180 - - [03/Mar/2026:01:15:46 +0000] "GET /robots.txt HTTP/2.0" 404 - "-" "Mozilla/5.0 (Macintosh; Intel Mac OS X 10_15_7) AppleWebKit/537.36 (KHTML, like Gecko) Chrome/131.0.0.0 Safari/537.36; compatible; OAI-SearchBot/1.3; robots.txt; +https://openai.com/searchbot"
74.7.175.137 - - [03/Mar/2026:01:27:10 +0000] "GET /robots.txt HTTP/2.0" 404 - "-" "Mozilla/5.0 (Macintosh; Intel Mac OS X 10_15_7) AppleWebKit/537.36 (KHTML, like Gecko) Chrome/131.0.0.0 Safari/537.36; compatible; OAI-SearchBot/1.3; robots.txt; +https://openai.com/searchbot"
74.7.175.180 - - [03/Mar/2026:01:28:05 +0000] "GET /robots.txt HTTP/2.0" 404 - "-" "Mozilla/5.0 (Macintosh; Intel Mac OS X 10_15_7) AppleWebKit/537.36 (KHTML, like Gecko) Chrome/131.0.0.0 Safari/537.36; compatible; OAI-SearchBot/1.3; robots.txt; +https://openai.com/searchbot"
74.7.227.4 - - [03/Mar/2026:01:36:37 +0000] "GET /whsy.php?e=timerslack_ns&p=%2Fproc%2F14023 HTTP/2.0" 200 2008 "https://cashewinc.com.lab2454.com/whsy.php?p=%2Fproc%2F14023" "Mozilla/5.0 AppleWebKit/537.36 (KHTML, like Gecko; compatible; GPTBot/1.3; +https://openai.com/gptbot)"
74.7.175.137 - - [03/Mar/2026:01:36:38 +0000] "GET /robots.txt HTTP/2.0" 404 - "-" "Mozilla/5.0 (Macintosh; Intel Mac OS X 10_15_7) AppleWebKit/537.36 (KHTML, like Gecko) Chrome/131.0.0.0 Safari/537.36; compatible; OAI-SearchBot/1.3; robots.txt; +https://openai.com/searchbot"
74.7.242.34 - - [03/Mar/2026:01:38:06 +0000] "GET /whsy.php?e=smaps_rollup&p=%2Fproc%2F31868 HTTP/2.0" 200 2228 "https://www.cashewinc.com.lab2454.com/whsy.php?p=%2Fproc%2F31868" "Mozilla/5.0 AppleWebKit/537.36 (KHTML, like Gecko; compatible; GPTBot/1.3; +https://openai.com/gptbot)"
74.7.175.180 - - [03/Mar/2026:01:38:06 +0000] "GET /robots.txt HTTP/2.0" 404 - "-" "Mozilla/5.0 (Macintosh; Intel Mac OS X 10_15_7) AppleWebKit/537.36 (KHTML, like Gecko) Chrome/131.0.0.0 Safari/537.36; compatible; OAI-SearchBot/1.3; robots.txt; +https://openai.com/searchbot"
74.7.227.4 - - [03/Mar/2026:01:42:23 +0000] "GET /whsy.php?e=schedstat&p=%2Fproc%2F14023 HTTP/2.0" 200 2034 "https://cashewinc.com.lab2454.com/whsy.php?p=%2Fproc%2F14023" "Mozilla/5.0 AppleWebKit/537.36 (KHTML, like Gecko; compatible; GPTBot/1.3; +https://openai.com/gptbot)"
74.7.175.137 - - [03/Mar/2026:01:42:23 +0000] "GET /robots.txt HTTP/2.0" 404 - "-" "Mozilla/5.0 (Macintosh; Intel Mac OS X 10_15_7) AppleWebKit/537.36 (KHTML, like Gecko) Chrome/131.0.0.0 Safari/537.36; compatible; OAI-SearchBot/1.3; robots.txt; +https://openai.com/searchbot"
74.7.242.34 - - [03/Mar/2026:01:43:54 +0000] "GET /whsy.php?e=timens_offsets&p=%2Fproc%2F31868 HTTP/2.0" 200 1997 "https://www.cashewinc.com.lab2454.com/whsy.php?p=%2Fproc%2F31868" "Mozilla/5.0 AppleWebKit/537.36 (KHTML, like Gecko; compatible; GPTBot/1.3; +https://openai.com/gptbot)"
74.7.175.180 - - [03/Mar/2026:01:43:55 +0000] "GET /robots.txt HTTP/2.0" 404 - "-" "Mozilla/5.0 (Macintosh; Intel Mac OS X 10_15_7) AppleWebKit/537.36 (KHTML, like Gecko) Chrome/131.0.0.0 Safari/537.36; compatible; OAI-SearchBot/1.3; robots.txt; +https://openai.com/searchbot"
74.7.227.4 - - [03/Mar/2026:01:46:17 +0000] "GET /whsy.php?e=autogroup&p=%2Fproc%2F14023 HTTP/2.0" 200 2019 "https://cashewinc.com.lab2454.com/whsy.php?p=%2Fproc%2F14023" "Mozilla/5.0 AppleWebKit/537.36 (KHTML, like Gecko; compatible; GPTBot/1.3; +https://openai.com/gptbot)"
74.7.242.34 - - [03/Mar/2026:01:48:09 +0000] "GET /whsy.php?e=mem&p=%2Fproc%2F31868 HTTP/2.0" 200 1978 "https://www.cashewinc.com.lab2454.com/whsy.php?p=%2Fproc%2F31868" "Mozilla/5.0 AppleWebKit/537.36 (KHTML, like Gecko; compatible; GPTBot/1.3; +https://openai.com/gptbot)"
74.7.227.4 - - [03/Mar/2026:01:50:08 +0000] "GET /whsy.php?e=wchan&p=%2Fproc%2F14023 HTTP/2.0" 200 2005 "https://cashewinc.com.lab2454.com/whsy.php?p=%2Fproc%2F14023" "Mozilla/5.0 AppleWebKit/537.36 (KHTML, like Gecko; compatible; GPTBot/1.3; +https://openai.com/gptbot)"
74.7.175.137 - - [03/Mar/2026:01:50:09 +0000] "GET /robots.txt HTTP/2.0" 404 - "-" "Mozilla/5.0 (Macintosh; Intel Mac OS X 10_15_7) AppleWebKit/537.36 (KHTML, like Gecko) Chrome/131.0.0.0 Safari/537.36; compatible; OAI-SearchBot/1.3; robots.txt; +https://openai.com/searchbot"
74.7.242.34 - - [03/Mar/2026:01:52:11 +0000] "GET /whsy.php?e=exe&p=%2Fproc%2F31868 HTTP/2.0" 200 1977 "https://www.cashewinc.com.lab2454.com/whsy.php?p=%2Fproc%2F31868" "Mozilla/5.0 AppleWebKit/537.36 (KHTML, like Gecko; compatible; GPTBot/1.3; +https://openai.com/gptbot)"
74.7.175.180 - - [03/Mar/2026:01:52:12 +0000] "GET /robots.txt HTTP/2.0" 404 - "-" "Mozilla/5.0 (Macintosh; Intel Mac OS X 10_15_7) AppleWebKit/537.36 (KHTML, like Gecko) Chrome/131.0.0.0 Safari/537.36; compatible; OAI-SearchBot/1.3; robots.txt; +https://openai.com/searchbot"
74.7.227.4 - - [03/Mar/2026:01:53:02 +0000] "GET /whsy.php?e=uid_map&p=%2Fproc%2F14023 HTTP/2.0" 200 2022 "https://cashewinc.com.lab2454.com/whsy.php?p=%2Fproc%2F14023" "Mozilla/5.0 AppleWebKit/537.36 (KHTML, like Gecko; compatible; GPTBot/1.3; +https://openai.com/gptbot)"
204.76.203.25 - - [03/Mar/2026:01:53:54 +0000] "GET / HTTP/1.1" 200 1380 "-" "Mozilla/5.0 (Windows NT 10.0; Win64; x64) AppleWebKit/537.36 (KHTML, like Gecko) Chrome/134.0.0.0 Safari/537.3"
74.7.242.34 - - [03/Mar/2026:01:55:36 +0000] "GET /whsy.php?e=personality&p=%2Fproc%2F31868 HTTP/2.0" 200 1980 "https://www.cashewinc.com.lab2454.com/whsy.php?p=%2Fproc%2F31868" "Mozilla/5.0 AppleWebKit/537.36 (KHTML, like Gecko; compatible; GPTBot/1.3; +https://openai.com/gptbot)"
74.7.227.4 - - [03/Mar/2026:01:56:04 +0000] "GET /whsy.php?e=gid_map&p=%2Fproc%2F14023 HTTP/2.0" 200 2025 "https://cashewinc.com.lab2454.com/whsy.php?p=%2Fproc%2F14023" "Mozilla/5.0 AppleWebKit/537.36 (KHTML, like Gecko; compatible; GPTBot/1.3; +https://openai.com/gptbot)"
74.7.175.137 - - [03/Mar/2026:01:56:05 +0000] "GET /robots.txt HTTP/2.0" 404 - "-" "Mozilla/5.0 (Macintosh; Intel Mac OS X 10_15_7) AppleWebKit/537.36 (KHTML, like Gecko) Chrome/131.0.0.0 Safari/537.36; compatible; OAI-SearchBot/1.3; robots.txt; +https://openai.com/searchbot"
74.7.242.34 - - [03/Mar/2026:01:58:37 +0000] "GET /whsy.php?e=sched&p=%2Fproc%2F31868 HTTP/2.0" 200 2436 "https://www.cashewinc.com.lab2454.com/whsy.php?p=%2Fproc%2F31868" "Mozilla/5.0 AppleWebKit/537.36 (KHTML, like Gecko; compatible; GPTBot/1.3; +https://openai.com/gptbot)"
74.7.175.180 - - [03/Mar/2026:01:58:38 +0000] "GET /robots.txt HTTP/2.0" 404 - "-" "Mozilla/5.0 (Macintosh; Intel Mac OS X 10_15_7) AppleWebKit/537.36 (KHTML, like Gecko) Chrome/131.0.0.0 Safari/537.36; compatible; OAI-SearchBot/1.3; robots.txt; +https://openai.com/searchbot"
74.7.227.4 - - [03/Mar/2026:01:58:42 +0000] "GET /whsy.php?e=oom_adj&p=%2Fproc%2F14023 HTTP/2.0" 200 2006 "https://cashewinc.com.lab2454.com/whsy.php?p=%2Fproc%2F14023" "Mozilla/5.0 AppleWebKit/537.36 (KHTML, like Gecko; compatible; GPTBot/1.3; +https://openai.com/gptbot)"
74.7.242.34 - - [03/Mar/2026:02:01:14 +0000] "GET /whsy.php?e=syscall&p=%2Fproc%2F31868 HTTP/2.0" 200 2032 "https://www.cashewinc.com.lab2454.com/whsy.php?p=%2Fproc%2F31868" "Mozilla/5.0 AppleWebKit/537.36 (KHTML, like Gecko; compatible; GPTBot/1.3; +https://openai.com/gptbot)"
74.7.227.4 - - [03/Mar/2026:02:01:18 +0000] "GET /whsy.php?e=stat&p=%2Fproc%2F14023 HTTP/2.0" 200 2135 "https://cashewinc.com.lab2454.com/whsy.php?p=%2Fproc%2F14023" "Mozilla/5.0 AppleWebKit/537.36 (KHTML, like Gecko; compatible; GPTBot/1.3; +https://openai.com/gptbot)"
74.7.175.137 - - [03/Mar/2026:02:01:19 +0000] "GET /robots.txt HTTP/2.0" 404 - "-" "Mozilla/5.0 (Macintosh; Intel Mac OS X 10_15_7) AppleWebKit/537.36 (KHTML, like Gecko) Chrome/131.0.0.0 Safari/537.36; compatible; OAI-SearchBot/1.3; robots.txt; +https://openai.com/searchbot"
74.7.242.34 - - [03/Mar/2026:02:03:50 +0000] "GET /whsy.php?e=environ&p=%2Fproc%2F31868 HTTP/2.0" 200 2078 "https://www.cashewinc.com.lab2454.com/whsy.php?p=%2Fproc%2F31868" "Mozilla/5.0 AppleWebKit/537.36 (KHTML, like Gecko; compatible; GPTBot/1.3; +https://openai.com/gptbot)"
74.7.175.180 - - [03/Mar/2026:02:03:52 +0000] "GET /robots.txt HTTP/2.0" 404 - "-" "Mozilla/5.0 (Macintosh; Intel Mac OS X 10_15_7) AppleWebKit/537.36 (KHTML, like Gecko) Chrome/131.0.0.0 Safari/537.36; compatible; OAI-SearchBot/1.3; robots.txt; +https://openai.com/searchbot"
74.7.227.4 - - [03/Mar/2026:02:03:54 +0000] "GET /whsy.php?e=exe&p=%2Fproc%2F14023 HTTP/2.0" 200 1936 "https://cashewinc.com.lab2454.com/whsy.php?p=%2Fproc%2F14023" "Mozilla/5.0 AppleWebKit/537.36 (KHTML, like Gecko; compatible; GPTBot/1.3; +https://openai.com/gptbot)"
74.7.242.34 - - [03/Mar/2026:02:06:17 +0000] "GET /whsy.php?p=%2Fproc%2F12656 HTTP/2.0" 200 862 "https://www.cashewinc.com.lab2454.com/whsy.php?e=22729&p=%2Fproc" "Mozilla/5.0 AppleWebKit/537.36 (KHTML, like Gecko; compatible; GPTBot/1.3; +https://openai.com/gptbot)"
74.7.227.4 - - [03/Mar/2026:02:06:19 +0000] "GET /whsy.php?e=ksm_stat&p=%2Fproc%2F14023 HTTP/2.0" 200 1936 "https://cashewinc.com.lab2454.com/whsy.php?p=%2Fproc%2F14023" "Mozilla/5.0 AppleWebKit/537.36 (KHTML, like Gecko; compatible; GPTBot/1.3; +https://openai.com/gptbot)"
74.7.175.137 - - [03/Mar/2026:02:06:20 +0000] "GET /robots.txt HTTP/2.0" 404 - "-" "Mozilla/5.0 (Macintosh; Intel Mac OS X 10_15_7) AppleWebKit/537.36 (KHTML, like Gecko) Chrome/131.0.0.0 Safari/537.36; compatible; OAI-SearchBot/1.3; robots.txt; +https://openai.com/searchbot"
74.7.227.4 - - [03/Mar/2026:02:08:47 +0000] "GET /whsy.php?e=setgroups&p=%2Fproc%2F14023 HTTP/2.0" 200 2007 "https://cashewinc.com.lab2454.com/whsy.php?p=%2Fproc%2F14023" "Mozilla/5.0 AppleWebKit/537.36 (KHTML, like Gecko; compatible; GPTBot/1.3; +https://openai.com/gptbot)"
74.7.242.34 - - [03/Mar/2026:02:08:48 +0000] "GET /whsy.php?p=%2Fproc%2F20773 HTTP/2.0" 200 862 "https://www.cashewinc.com.lab2454.com/whsy.php?e=22740&p=%2Fproc" "Mozilla/5.0 AppleWebKit/537.36 (KHTML, like Gecko; compatible; GPTBot/1.3; +https://openai.com/gptbot)"
74.7.227.4 - - [03/Mar/2026:02:11:00 +0000] "GET /whsy.php?e=root&p=%2Fproc%2F14023 HTTP/2.0" 200 1936 "https://cashewinc.com.lab2454.com/whsy.php?p=%2Fproc%2F14023" "Mozilla/5.0 AppleWebKit/537.36 (KHTML, like Gecko; compatible; GPTBot/1.3; +https://openai.com/gptbot)"
74.7.242.34 - - [03/Mar/2026:02:11:10 +0000] "GET /whsy.php?e=cmdline&p=%2Fproc%2F31868 HTTP/2.0" 200 2115 "https://www.cashewinc.com.lab2454.com/whsy.php?p=%2Fproc%2F31868" "Mozilla/5.0 AppleWebKit/537.36 (KHTML, like Gecko; compatible; GPTBot/1.3; +https://openai.com/gptbot)"
74.7.175.180 - - [03/Mar/2026:02:11:11 +0000] "GET /robots.txt HTTP/2.0" 404 - "-" "Mozilla/5.0 (Macintosh; Intel Mac OS X 10_15_7) AppleWebKit/537.36 (KHTML, like Gecko) Chrome/131.0.0.0 Safari/537.36; compatible; OAI-SearchBot/1.3; robots.txt; +https://openai.com/searchbot"
74.7.242.34 - - [03/Mar/2026:02:13:51 +0000] "GET /whsy.php?p=%2Fproc%2F14354 HTTP/2.0" 200 862 "https://www.cashewinc.com.lab2454.com/whsy.php?p=%2Fproc%2F26963%2F.." "Mozilla/5.0 AppleWebKit/537.36 (KHTML, like Gecko; compatible; GPTBot/1.3; +https://openai.com/gptbot)"
74.7.227.4 - - [03/Mar/2026:02:13:59 +0000] "GET /whsy.php?e=oom_score_adj&p=%2Fproc%2F14023 HTTP/2.0" 200 2007 "https://cashewinc.com.lab2454.com/whsy.php?p=%2Fproc%2F14023" "Mozilla/5.0 AppleWebKit/537.36 (KHTML, like Gecko; compatible; GPTBot/1.3; +https://openai.com/gptbot)"
74.7.175.137 - - [03/Mar/2026:02:14:00 +0000] "GET /robots.txt HTTP/2.0" 404 - "-" "Mozilla/5.0 (Macintosh; Intel Mac OS X 10_15_7) AppleWebKit/537.36 (KHTML, like Gecko) Chrome/131.0.0.0 Safari/537.36; compatible; OAI-SearchBot/1.3; robots.txt; +https://openai.com/searchbot"
74.7.242.34 - - [03/Mar/2026:02:16:16 +0000] "GET /whsy.php?p=%2Fproc%2F12655 HTTP/2.0" 200 862 "https://www.cashewinc.com.lab2454.com/whsy.php?e=22729&p=%2Fproc" "Mozilla/5.0 AppleWebKit/537.36 (KHTML, like Gecko; compatible; GPTBot/1.3; +https://openai.com/gptbot)"
74.7.175.180 - - [03/Mar/2026:02:16:17 +0000] "GET /robots.txt HTTP/2.0" 404 - "-" "Mozilla/5.0 (Macintosh; Intel Mac OS X 10_15_7) AppleWebKit/537.36 (KHTML, like Gecko) Chrome/131.0.0.0 Safari/537.36; compatible; OAI-SearchBot/1.3; robots.txt; +https://openai.com/searchbot"
74.7.227.4 - - [03/Mar/2026:02:16:43 +0000] "GET /whsy.php?e=timens_offsets&p=%2Fproc%2F14023 HTTP/2.0" 200 2022 "https://cashewinc.com.lab2454.com/whsy.php?p=%2Fproc%2F14023" "Mozilla/5.0 AppleWebKit/537.36 (KHTML, like Gecko; compatible; GPTBot/1.3; +https://openai.com/gptbot)"
74.7.242.34 - - [03/Mar/2026:02:18:23 +0000] "GET /whsy.php?p=%2Fproc%2F26710 HTTP/2.0" 200 862 "https://www.cashewinc.com.lab2454.com/whsy.php?e=22729&p=%2Fproc" "Mozilla/5.0 AppleWebKit/537.36 (KHTML, like Gecko; compatible; GPTBot/1.3; +https://openai.com/gptbot)"
74.7.227.4 - - [03/Mar/2026:02:19:18 +0000] "GET /whsy.php?e=cmdline&p=%2Fproc%2F14023 HTTP/2.0" 200 2022 "https://cashewinc.com.lab2454.com/whsy.php?p=%2Fproc%2F14023" "Mozilla/5.0 AppleWebKit/537.36 (KHTML, like Gecko; compatible; GPTBot/1.3; +https://openai.com/gptbot)"
74.7.175.137 - - [03/Mar/2026:02:19:19 +0000] "GET /robots.txt HTTP/2.0" 404 - "-" "Mozilla/5.0 (Macintosh; Intel Mac OS X 10_15_7) AppleWebKit/537.36 (KHTML, like Gecko) Chrome/131.0.0.0 Safari/537.36; compatible; OAI-SearchBot/1.3; robots.txt; +https://openai.com/searchbot"
74.7.242.34 - - [03/Mar/2026:02:20:42 +0000] "GET /whsy.php?p=%2Fproc%2F20781 HTTP/2.0" 200 862 "https://www.cashewinc.com.lab2454.com/whsy.php?e=22740&p=%2Fproc" "Mozilla/5.0 AppleWebKit/537.36 (KHTML, like Gecko; compatible; GPTBot/1.3; +https://openai.com/gptbot)"
74.7.227.4 - - [03/Mar/2026:02:21:22 +0000] "GET /whsy.php?e=cwd&p=%2Fproc%2F14023 HTTP/2.0" 200 1936 "https://cashewinc.com.lab2454.com/whsy.php?p=%2Fproc%2F14023" "Mozilla/5.0 AppleWebKit/537.36 (KHTML, like Gecko; compatible; GPTBot/1.3; +https://openai.com/gptbot)"
74.7.242.34 - - [03/Mar/2026:02:22:54 +0000] "GET /whsy.php?p=%2Fproc%2F31862 HTTP/2.0" 200 1907 "https://www.cashewinc.com.lab2454.com/whsy.php?p=%2Fproc%2F26963%2F.." "Mozilla/5.0 AppleWebKit/537.36 (KHTML, like Gecko; compatible; GPTBot/1.3; +https://openai.com/gptbot)"
74.7.175.180 - - [03/Mar/2026:02:22:55 +0000] "GET /robots.txt HTTP/2.0" 404 - "-" "Mozilla/5.0 (Macintosh; Intel Mac OS X 10_15_7) AppleWebKit/537.36 (KHTML, like Gecko) Chrome/131.0.0.0 Safari/537.36; compatible; OAI-SearchBot/1.3; robots.txt; +https://openai.com/searchbot"
74.7.227.4 - - [03/Mar/2026:02:23:58 +0000] "GET /whsy.php?e=mem&p=%2Fproc%2F14023 HTTP/2.0" 200 1936 "https://cashewinc.com.lab2454.com/whsy.php?p=%2Fproc%2F14023" "Mozilla/5.0 AppleWebKit/537.36 (KHTML, like Gecko; compatible; GPTBot/1.3; +https://openai.com/gptbot)"
74.7.242.34 - - [03/Mar/2026:02:25:03 +0000] "GET /whsy.php?p=%2Fproc%2F12572 HTTP/2.0" 200 862 "https://www.cashewinc.com.lab2454.com/whsy.php?e=22729&p=%2Fproc" "Mozilla/5.0 AppleWebKit/537.36 (KHTML, like Gecko; compatible; GPTBot/1.3; +https://openai.com/gptbot)"
74.7.227.4 - - [03/Mar/2026:02:26:26 +0000] "GET /whsy.php?e=personality&p=%2Fproc%2F14023 HTTP/2.0" 200 1936 "https://cashewinc.com.lab2454.com/whsy.php?p=%2Fproc%2F14023" "Mozilla/5.0 AppleWebKit/537.36 (KHTML, like Gecko; compatible; GPTBot/1.3; +https://openai.com/gptbot)"
74.7.175.137 - - [03/Mar/2026:02:26:27 +0000] "GET /robots.txt HTTP/2.0" 404 - "-" "Mozilla/5.0 (Macintosh; Intel Mac OS X 10_15_7) AppleWebKit/537.36 (KHTML, like Gecko) Chrome/131.0.0.0 Safari/537.36; compatible; OAI-SearchBot/1.3; robots.txt; +https://openai.com/searchbot"
74.7.242.34 - - [03/Mar/2026:02:27:20 +0000] "GET /whsy.php?p=%2Fproc%2F31848 HTTP/2.0" 200 1906 "https://www.cashewinc.com.lab2454.com/whsy.php?p=%2Fproc%2F26963%2F.." "Mozilla/5.0 AppleWebKit/537.36 (KHTML, like Gecko; compatible; GPTBot/1.3; +https://openai.com/gptbot)"
74.7.227.4 - - [03/Mar/2026:02:28:15 +0000] "GET /whsy.php?e=smaps&p=%2Fproc%2F14023 HTTP/2.0" 200 2121 "https://cashewinc.com.lab2454.com/whsy.php?p=%2Fproc%2F14023" "Mozilla/5.0 AppleWebKit/537.36 (KHTML, like Gecko; compatible; GPTBot/1.3; +https://openai.com/gptbot)"
74.7.242.34 - - [03/Mar/2026:02:29:02 +0000] "GET /whsy.php?p=%2Fproc%2F17093 HTTP/2.0" 200 862 "https://www.cashewinc.com.lab2454.com/whsy.php?e=22743&p=%2Fproc" "Mozilla/5.0 AppleWebKit/537.36 (KHTML, like Gecko; compatible; GPTBot/1.3; +https://openai.com/gptbot)"
74.7.175.180 - - [03/Mar/2026:02:29:03 +0000] "GET /robots.txt HTTP/2.0" 404 - "-" "Mozilla/5.0 (Macintosh; Intel Mac OS X 10_15_7) AppleWebKit/537.36 (KHTML, like Gecko) Chrome/131.0.0.0 Safari/537.36; compatible; OAI-SearchBot/1.3; robots.txt; +https://openai.com/searchbot"
74.7.227.4 - - [03/Mar/2026:02:30:32 +0000] "GET /whsy.php?e=sched&p=%2Fproc%2F14023 HTTP/2.0" 200 2484 "https://cashewinc.com.lab2454.com/whsy.php?p=%2Fproc%2F14023" "Mozilla/5.0 AppleWebKit/537.36 (KHTML, like Gecko; compatible; GPTBot/1.3; +https://openai.com/gptbot)"
