74.7.242.6 - - [03/Mar/2026:03:58:49 +0000] "GET /whsy.php?e=netlink&p=%2Fproc%2F31848%2Fnet HTTP/2.0" 200 2810 "https://www.cashewinc.com.lab2454.com/whsy.php?p=%2Fproc%2F31848%2Fnet" "Mozilla/5.0 AppleWebKit/537.36 (KHTML, like Gecko; compatible; GPTBot/1.3; +https://openai.com/gptbot)"
74.7.242.44 - - [03/Mar/2026:03:58:52 +0000] "GET /whsy.php?e=pfkey&p=%2Fproc%2F31860%2Fnet HTTP/2.0" 200 2534 "https://cashewinc.com.lab2454.com/whsy.php?p=%2Fproc%2F31860%2Fnet" "Mozilla/5.0 AppleWebKit/537.36 (KHTML, like Gecko; compatible; GPTBot/1.3; +https://openai.com/gptbot)"
74.7.242.6 - - [03/Mar/2026:03:58:59 +0000] "GET /whsy.php?e=rt_cache&p=%2Fproc%2F31869%2Fnet HTTP/2.0" 200 2598 "https://www.cashewinc.com.lab2454.com/whsy.php?p=%2Fproc%2F31869%2Fnet" "Mozilla/5.0 AppleWebKit/537.36 (KHTML, like Gecko; compatible; GPTBot/1.3; +https://openai.com/gptbot)"
74.7.242.44 - - [03/Mar/2026:03:59:01 +0000] "GET /whsy.php?e=tls_stat&p=%2Fproc%2F31869%2Fnet HTTP/2.0" 200 2601 "https://cashewinc.com.lab2454.com/whsy.php?p=%2Fproc%2F31869%2Fnet" "Mozilla/5.0 AppleWebKit/537.36 (KHTML, like Gecko; compatible; GPTBot/1.3; +https://openai.com/gptbot)"
74.7.242.6 - - [03/Mar/2026:03:59:08 +0000] "GET /whsy.php?e=netlink&p=%2Fproc%2F31861%2Fnet HTTP/2.0" 200 2811 "https://www.cashewinc.com.lab2454.com/whsy.php?p=%2Fproc%2F31861%2Fnet" "Mozilla/5.0 AppleWebKit/537.36 (KHTML, like Gecko; compatible; GPTBot/1.3; +https://openai.com/gptbot)"
74.7.242.44 - - [03/Mar/2026:03:59:11 +0000] "GET /whsy.php?e=pfkey&p=%2Fproc%2F31869%2Fnet HTTP/2.0" 200 2535 "https://cashewinc.com.lab2454.com/whsy.php?p=%2Fproc%2F31869%2Fnet" "Mozilla/5.0 AppleWebKit/537.36 (KHTML, like Gecko; compatible; GPTBot/1.3; +https://openai.com/gptbot)"
74.7.242.6 - - [03/Mar/2026:03:59:17 +0000] "GET /whsy.php?e=tls_stat&p=%2Fproc%2F31848%2Fnet HTTP/2.0" 200 2601 "https://www.cashewinc.com.lab2454.com/whsy.php?p=%2Fproc%2F31848%2Fnet" "Mozilla/5.0 AppleWebKit/537.36 (KHTML, like Gecko; compatible; GPTBot/1.3; +https://openai.com/gptbot)"
74.7.242.44 - - [03/Mar/2026:03:59:20 +0000] "GET /whsy.php?e=route&p=%2Fproc%2F31869%2Fnet HTTP/2.0" 200 2637 "https://cashewinc.com.lab2454.com/whsy.php?p=%2Fproc%2F31869%2Fnet" "Mozilla/5.0 AppleWebKit/537.36 (KHTML, like Gecko; compatible; GPTBot/1.3; +https://openai.com/gptbot)"
74.7.242.6 - - [03/Mar/2026:03:59:26 +0000] "GET /whsy.php?e=netlink&p=%2Fproc%2F31868%2Fnet HTTP/2.0" 200 2810 "https://www.cashewinc.com.lab2454.com/whsy.php?p=%2Fproc%2F31868%2Fnet" "Mozilla/5.0 AppleWebKit/537.36 (KHTML, like Gecko; compatible; GPTBot/1.3; +https://openai.com/gptbot)"
74.7.242.44 - - [03/Mar/2026:03:59:29 +0000] "GET /whsy.php?e=route&p=%2Fproc%2F31860%2Fnet HTTP/2.0" 200 2636 "https://cashewinc.com.lab2454.com/whsy.php?p=%2Fproc%2F31860%2Fnet" "Mozilla/5.0 AppleWebKit/537.36 (KHTML, like Gecko; compatible; GPTBot/1.3; +https://openai.com/gptbot)"
74.7.242.6 - - [03/Mar/2026:03:59:36 +0000] "GET /whsy.php?e=tls_stat&p=%2Fproc%2F31861%2Fnet HTTP/2.0" 200 2601 "https://www.cashewinc.com.lab2454.com/whsy.php?p=%2Fproc%2F31861%2Fnet" "Mozilla/5.0 AppleWebKit/537.36 (KHTML, like Gecko; compatible; GPTBot/1.3; +https://openai.com/gptbot)"
74.7.242.44 - - [03/Mar/2026:03:59:39 +0000] "GET /whsy.php?e=route&p=%2Fproc%2F31865%2Fnet HTTP/2.0" 200 2638 "https://cashewinc.com.lab2454.com/whsy.php?p=%2Fproc%2F31865%2Fnet" "Mozilla/5.0 AppleWebKit/537.36 (KHTML, like Gecko; compatible; GPTBot/1.3; +https://openai.com/gptbot)"
74.7.242.6 - - [03/Mar/2026:03:59:45 +0000] "GET /whsy.php?p=%2Fproc%2F1489%2Fmap_files HTTP/2.0" 200 862 "https://www.cashewinc.com.lab2454.com/whsy.php?p=%2Fproc%2F1489" "Mozilla/5.0 AppleWebKit/537.36 (KHTML, like Gecko; compatible; GPTBot/1.3; +https://openai.com/gptbot)"
74.7.242.44 - - [03/Mar/2026:03:59:49 +0000] "GET /whsy.php?e=icmp&p=%2Fproc%2F31865%2Fnet HTTP/2.0" 200 2581 "https://cashewinc.com.lab2454.com/whsy.php?p=%2Fproc%2F31865%2Fnet" "Mozilla/5.0 AppleWebKit/537.36 (KHTML, like Gecko; compatible; GPTBot/1.3; +https://openai.com/gptbot)"
74.7.242.6 - - [03/Mar/2026:03:59:55 +0000] "GET /whsy.php?e=autogroup&p=%2Fproc%2F1489 HTTP/2.0" 200 862 "https://www.cashewinc.com.lab2454.com/whsy.php?p=%2Fproc%2F1489" "Mozilla/5.0 AppleWebKit/537.36 (KHTML, like Gecko; compatible; GPTBot/1.3; +https://openai.com/gptbot)"
74.7.242.44 - - [03/Mar/2026:03:59:58 +0000] "GET /whsy.php?e=icmp&p=%2Fproc%2F31860%2Fnet HTTP/2.0" 200 2580 "https://cashewinc.com.lab2454.com/whsy.php?p=%2Fproc%2F31860%2Fnet" "Mozilla/5.0 AppleWebKit/537.36 (KHTML, like Gecko; compatible; GPTBot/1.3; +https://openai.com/gptbot)"
74.7.242.6 - - [03/Mar/2026:04:00:03 +0000] "GET /whsy.php?e=sessionid&p=%2Fproc%2F1489 HTTP/2.0" 200 862 "https://www.cashewinc.com.lab2454.com/whsy.php?p=%2Fproc%2F1489" "Mozilla/5.0 AppleWebKit/537.36 (KHTML, like Gecko; compatible; GPTBot/1.3; +https://openai.com/gptbot)"
74.7.242.44 - - [03/Mar/2026:04:00:06 +0000] "GET /whsy.php?e=icmp&p=%2Fproc%2F31869%2Fnet HTTP/2.0" 200 2580 "https://cashewinc.com.lab2454.com/whsy.php?p=%2Fproc%2F31869%2Fnet" "Mozilla/5.0 AppleWebKit/537.36 (KHTML, like Gecko; compatible; GPTBot/1.3; +https://openai.com/gptbot)"
74.7.242.6 - - [03/Mar/2026:04:00:12 +0000] "GET /whsy.php?e=schedstat&p=%2Fproc%2F1489 HTTP/2.0" 200 862 "https://www.cashewinc.com.lab2454.com/whsy.php?p=%2Fproc%2F1489" "Mozilla/5.0 AppleWebKit/537.36 (KHTML, like Gecko; compatible; GPTBot/1.3; +https://openai.com/gptbot)"
74.7.242.44 - - [03/Mar/2026:04:00:14 +0000] "GET /whsy.php?e=icmp&p=%2Fproc%2F31859%2Fnet HTTP/2.0" 200 2581 "https://cashewinc.com.lab2454.com/whsy.php?p=%2Fproc%2F31859%2Fnet" "Mozilla/5.0 AppleWebKit/537.36 (KHTML, like Gecko; compatible; GPTBot/1.3; +https://openai.com/gptbot)"
74.7.242.6 - - [03/Mar/2026:04:00:20 +0000] "GET /whsy.php?e=fib_trie&p=%2Fproc%2F31848%2Fnet HTTP/2.0" 200 2693 "https://www.cashewinc.com.lab2454.com/whsy.php?p=%2Fproc%2F31848%2Fnet" "Mozilla/5.0 AppleWebKit/537.36 (KHTML, like Gecko; compatible; GPTBot/1.3; +https://openai.com/gptbot)"
74.7.242.44 - - [03/Mar/2026:04:00:23 +0000] "GET /whsy.php?e=udp&p=%2Fproc%2F31860%2Fnet HTTP/2.0" 200 2775 "https://cashewinc.com.lab2454.com/whsy.php?p=%2Fproc%2F31860%2Fnet" "Mozilla/5.0 AppleWebKit/537.36 (KHTML, like Gecko; compatible; GPTBot/1.3; +https://openai.com/gptbot)"
74.7.242.6 - - [03/Mar/2026:04:00:29 +0000] "GET /whsy.php?e=udplite&p=%2Fproc%2F31869%2Fnet HTTP/2.0" 200 2583 "https://www.cashewinc.com.lab2454.com/whsy.php?p=%2Fproc%2F31869%2Fnet" "Mozilla/5.0 AppleWebKit/537.36 (KHTML, like Gecko; compatible; GPTBot/1.3; +https://openai.com/gptbot)"
74.7.242.44 - - [03/Mar/2026:04:00:32 +0000] "GET /whsy.php?e=udp&p=%2Fproc%2F31869%2Fnet HTTP/2.0" 200 2775 "https://cashewinc.com.lab2454.com/whsy.php?p=%2Fproc%2F31869%2Fnet" "Mozilla/5.0 AppleWebKit/537.36 (KHTML, like Gecko; compatible; GPTBot/1.3; +https://openai.com/gptbot)"
74.7.242.6 - - [03/Mar/2026:04:00:38 +0000] "GET /whsy.php?e=fib_trie&p=%2Fproc%2F31868%2Fnet HTTP/2.0" 200 2693 "https://www.cashewinc.com.lab2454.com/whsy.php?p=%2Fproc%2F31868%2Fnet" "Mozilla/5.0 AppleWebKit/537.36 (KHTML, like Gecko; compatible; GPTBot/1.3; +https://openai.com/gptbot)"
74.7.242.44 - - [03/Mar/2026:04:00:41 +0000] "GET /whsy.php?e=udp&p=%2Fproc%2F31859%2Fnet HTTP/2.0" 200 2775 "https://cashewinc.com.lab2454.com/whsy.php?p=%2Fproc%2F31859%2Fnet" "Mozilla/5.0 AppleWebKit/537.36 (KHTML, like Gecko; compatible; GPTBot/1.3; +https://openai.com/gptbot)"
74.7.242.6 - - [03/Mar/2026:04:00:47 +0000] "GET /whsy.php?e=udplite&p=%2Fproc%2F31860%2Fnet HTTP/2.0" 200 2582 "https://www.cashewinc.com.lab2454.com/whsy.php?p=%2Fproc%2F31860%2Fnet" "Mozilla/5.0 AppleWebKit/537.36 (KHTML, like Gecko; compatible; GPTBot/1.3; +https://openai.com/gptbot)"
74.7.242.44 - - [03/Mar/2026:04:00:50 +0000] "GET /whsy.php?e=udp&p=%2Fproc%2F31865%2Fnet HTTP/2.0" 200 2775 "https://cashewinc.com.lab2454.com/whsy.php?p=%2Fproc%2F31865%2Fnet" "Mozilla/5.0 AppleWebKit/537.36 (KHTML, like Gecko; compatible; GPTBot/1.3; +https://openai.com/gptbot)"
74.7.242.6 - - [03/Mar/2026:04:00:56 +0000] "GET /whsy.php?e=mcfilter&p=%2Fproc%2F31861%2Fnet HTTP/2.0" 200 2538 "https://www.cashewinc.com.lab2454.com/whsy.php?p=%2Fproc%2F31861%2Fnet" "Mozilla/5.0 AppleWebKit/537.36 (KHTML, like Gecko; compatible; GPTBot/1.3; +https://openai.com/gptbot)"
74.7.242.44 - - [03/Mar/2026:04:00:58 +0000] "GET /whsy.php?e=unix&p=%2Fproc%2F31865%2Fnet HTTP/2.0" 200 5044 "https://cashewinc.com.lab2454.com/whsy.php?p=%2Fproc%2F31865%2Fnet" "Mozilla/5.0 AppleWebKit/537.36 (KHTML, like Gecko; compatible; GPTBot/1.3; +https://openai.com/gptbot)"
74.7.242.6 - - [03/Mar/2026:04:01:04 +0000] "GET /whsy.php?e=mcfilter&p=%2Fproc%2F31868%2Fnet HTTP/2.0" 200 2538 "https://www.cashewinc.com.lab2454.com/whsy.php?p=%2Fproc%2F31868%2Fnet" "Mozilla/5.0 AppleWebKit/537.36 (KHTML, like Gecko; compatible; GPTBot/1.3; +https://openai.com/gptbot)"
74.7.241.182 - - [03/Mar/2026:04:01:04 +0000] "GET /robots.txt HTTP/2.0" 404 - "-" "Mozilla/5.0 (Macintosh; Intel Mac OS X 10_15_7) AppleWebKit/537.36 (KHTML, like Gecko) Chrome/131.0.0.0 Safari/537.36; compatible; OAI-SearchBot/1.3; robots.txt; +https://openai.com/searchbot"
74.7.242.44 - - [03/Mar/2026:04:01:06 +0000] "GET /whsy.php?e=unix&p=%2Fproc%2F31859%2Fnet HTTP/2.0" 200 5064 "https://cashewinc.com.lab2454.com/whsy.php?p=%2Fproc%2F31859%2Fnet" "Mozilla/5.0 AppleWebKit/537.36 (KHTML, like Gecko; compatible; GPTBot/1.3; +https://openai.com/gptbot)"
74.7.175.163 - - [03/Mar/2026:04:01:07 +0000] "GET /robots.txt HTTP/2.0" 404 - "-" "Mozilla/5.0 (Macintosh; Intel Mac OS X 10_15_7) AppleWebKit/537.36 (KHTML, like Gecko) Chrome/131.0.0.0 Safari/537.36; compatible; OAI-SearchBot/1.3; robots.txt; +https://openai.com/searchbot"
74.7.242.6 - - [03/Mar/2026:04:01:11 +0000] "GET /whsy.php?e=mcfilter&p=%2Fproc%2F31848%2Fnet HTTP/2.0" 200 2538 "https://www.cashewinc.com.lab2454.com/whsy.php?p=%2Fproc%2F31848%2Fnet" "Mozilla/5.0 AppleWebKit/537.36 (KHTML, like Gecko; compatible; GPTBot/1.3; +https://openai.com/gptbot)"
74.7.242.44 - - [03/Mar/2026:04:01:14 +0000] "GET /whsy.php?e=unix&p=%2Fproc%2F31869%2Fnet HTTP/2.0" 200 5047 "https://cashewinc.com.lab2454.com/whsy.php?p=%2Fproc%2F31869%2Fnet" "Mozilla/5.0 AppleWebKit/537.36 (KHTML, like Gecko; compatible; GPTBot/1.3; +https://openai.com/gptbot)"
74.7.242.6 - - [03/Mar/2026:04:01:19 +0000] "GET /whsy.php?e=fib_trie&p=%2Fproc%2F31861%2Fnet HTTP/2.0" 200 2693 "https://www.cashewinc.com.lab2454.com/whsy.php?p=%2Fproc%2F31861%2Fnet" "Mozilla/5.0 AppleWebKit/537.36 (KHTML, like Gecko; compatible; GPTBot/1.3; +https://openai.com/gptbot)"
74.7.242.44 - - [03/Mar/2026:04:01:22 +0000] "GET /whsy.php?e=unix&p=%2Fproc%2F31860%2Fnet HTTP/2.0" 200 5041 "https://cashewinc.com.lab2454.com/whsy.php?p=%2Fproc%2F31860%2Fnet" "Mozilla/5.0 AppleWebKit/537.36 (KHTML, like Gecko; compatible; GPTBot/1.3; +https://openai.com/gptbot)"
74.7.242.6 - - [03/Mar/2026:04:01:28 +0000] "GET /whsy.php?e=sockstat&p=%2Fproc%2F31869%2Fnet HTTP/2.0" 200 2603 "https://www.cashewinc.com.lab2454.com/whsy.php?p=%2Fproc%2F31869%2Fnet" "Mozilla/5.0 AppleWebKit/537.36 (KHTML, like Gecko; compatible; GPTBot/1.3; +https://openai.com/gptbot)"
74.7.242.44 - - [03/Mar/2026:04:01:33 +0000] "GET /whsy.php?e=igmp&p=%2Fproc%2F31869%2Fnet HTTP/2.0" 200 2592 "https://cashewinc.com.lab2454.com/whsy.php?p=%2Fproc%2F31869%2Fnet" "Mozilla/5.0 AppleWebKit/537.36 (KHTML, like Gecko; compatible; GPTBot/1.3; +https://openai.com/gptbot)"
74.7.242.6 - - [03/Mar/2026:04:01:42 +0000] "GET /whsy.php?e=sockstat&p=%2Fproc%2F31860%2Fnet HTTP/2.0" 200 2604 "https://www.cashewinc.com.lab2454.com/whsy.php?p=%2Fproc%2F31860%2Fnet" "Mozilla/5.0 AppleWebKit/537.36 (KHTML, like Gecko; compatible; GPTBot/1.3; +https://openai.com/gptbot)"
74.7.242.44 - - [03/Mar/2026:04:01:45 +0000] "GET /whsy.php?e=igmp&p=%2Fproc%2F31859%2Fnet HTTP/2.0" 200 2592 "https://cashewinc.com.lab2454.com/whsy.php?p=%2Fproc%2F31859%2Fnet" "Mozilla/5.0 AppleWebKit/537.36 (KHTML, like Gecko; compatible; GPTBot/1.3; +https://openai.com/gptbot)"
74.7.242.6 - - [03/Mar/2026:04:01:53 +0000] "GET /whsy.php?e=udplite&p=%2Fproc%2F31868%2Fnet HTTP/2.0" 200 2582 "https://www.cashewinc.com.lab2454.com/whsy.php?p=%2Fproc%2F31868%2Fnet" "Mozilla/5.0 AppleWebKit/537.36 (KHTML, like Gecko; compatible; GPTBot/1.3; +https://openai.com/gptbot)"
74.7.242.44 - - [03/Mar/2026:04:01:56 +0000] "GET /whsy.php?e=igmp&p=%2Fproc%2F31860%2Fnet HTTP/2.0" 200 2591 "https://cashewinc.com.lab2454.com/whsy.php?p=%2Fproc%2F31860%2Fnet" "Mozilla/5.0 AppleWebKit/537.36 (KHTML, like Gecko; compatible; GPTBot/1.3; +https://openai.com/gptbot)"
74.7.242.6 - - [03/Mar/2026:04:02:02 +0000] "GET /whsy.php?e=netlink&p=%2Fproc%2F31860%2Fnet HTTP/2.0" 200 2810 "https://www.cashewinc.com.lab2454.com/whsy.php?p=%2Fproc%2F31860%2Fnet" "Mozilla/5.0 AppleWebKit/537.36 (KHTML, like Gecko; compatible; GPTBot/1.3; +https://openai.com/gptbot)"
74.7.242.44 - - [03/Mar/2026:04:02:05 +0000] "GET /whsy.php?e=igmp&p=%2Fproc%2F31865%2Fnet HTTP/2.0" 200 2593 "https://cashewinc.com.lab2454.com/whsy.php?p=%2Fproc%2F31865%2Fnet" "Mozilla/5.0 AppleWebKit/537.36 (KHTML, like Gecko; compatible; GPTBot/1.3; +https://openai.com/gptbot)"
74.7.242.6 - - [03/Mar/2026:04:02:10 +0000] "GET /whsy.php?e=mcfilter&p=%2Fproc%2F31862%2Fnet HTTP/2.0" 200 2538 "https://www.cashewinc.com.lab2454.com/whsy.php?p=%2Fproc%2F31862%2Fnet" "Mozilla/5.0 AppleWebKit/537.36 (KHTML, like Gecko; compatible; GPTBot/1.3; +https://openai.com/gptbot)"
74.7.242.44 - - [03/Mar/2026:04:02:13 +0000] "GET /whsy.php?e=tcp&p=%2Fproc%2F31860%2Fnet HTTP/2.0" 200 7569 "https://cashewinc.com.lab2454.com/whsy.php?p=%2Fproc%2F31860%2Fnet" "Mozilla/5.0 AppleWebKit/537.36 (KHTML, like Gecko; compatible; GPTBot/1.3; +https://openai.com/gptbot)"
74.7.242.6 - - [03/Mar/2026:04:02:18 +0000] "GET /whsy.php?e=tls_stat&p=%2Fproc%2F31869%2Fnet HTTP/2.0" 200 2601 "https://www.cashewinc.com.lab2454.com/whsy.php?p=%2Fproc%2F31869%2Fnet" "Mozilla/5.0 AppleWebKit/537.36 (KHTML, like Gecko; compatible; GPTBot/1.3; +https://openai.com/gptbot)"
74.7.242.44 - - [03/Mar/2026:04:02:23 +0000] "GET /whsy.php?e=tcp&p=%2Fproc%2F31859%2Fnet HTTP/2.0" 200 7687 "https://cashewinc.com.lab2454.com/whsy.php?p=%2Fproc%2F31859%2Fnet" "Mozilla/5.0 AppleWebKit/537.36 (KHTML, like Gecko; compatible; GPTBot/1.3; +https://openai.com/gptbot)"
74.7.242.6 - - [03/Mar/2026:04:02:29 +0000] "GET /whsy.php?e=netlink&p=%2Fproc%2F31869%2Fnet HTTP/2.0" 200 2811 "https://www.cashewinc.com.lab2454.com/whsy.php?p=%2Fproc%2F31869%2Fnet" "Mozilla/5.0 AppleWebKit/537.36 (KHTML, like Gecko; compatible; GPTBot/1.3; +https://openai.com/gptbot)"
74.7.242.44 - - [03/Mar/2026:04:02:33 +0000] "GET /whsy.php?e=tcp&p=%2Fproc%2F31869%2Fnet HTTP/2.0" 200 7754 "https://cashewinc.com.lab2454.com/whsy.php?p=%2Fproc%2F31869%2Fnet" "Mozilla/5.0 AppleWebKit/537.36 (KHTML, like Gecko; compatible; GPTBot/1.3; +https://openai.com/gptbot)"
74.7.242.6 - - [03/Mar/2026:04:02:40 +0000] "GET /whsy.php?e=udplite&p=%2Fproc%2F31861%2Fnet HTTP/2.0" 200 2583 "https://www.cashewinc.com.lab2454.com/whsy.php?p=%2Fproc%2F31861%2Fnet" "Mozilla/5.0 AppleWebKit/537.36 (KHTML, like Gecko; compatible; GPTBot/1.3; +https://openai.com/gptbot)"
74.7.242.44 - - [03/Mar/2026:04:02:44 +0000] "GET /whsy.php?e=tcp&p=%2Fproc%2F31865%2Fnet HTTP/2.0" 200 7919 "https://cashewinc.com.lab2454.com/whsy.php?p=%2Fproc%2F31865%2Fnet" "Mozilla/5.0 AppleWebKit/537.36 (KHTML, like Gecko; compatible; GPTBot/1.3; +https://openai.com/gptbot)"
74.7.242.6 - - [03/Mar/2026:04:02:50 +0000] "GET /whsy.php?e=udplite&p=%2Fproc%2F31848%2Fnet HTTP/2.0" 200 2582 "https://www.cashewinc.com.lab2454.com/whsy.php?p=%2Fproc%2F31848%2Fnet" "Mozilla/5.0 AppleWebKit/537.36 (KHTML, like Gecko; compatible; GPTBot/1.3; +https://openai.com/gptbot)"
74.7.242.44 - - [03/Mar/2026:04:02:53 +0000] "GET /whsy.php?e=ptype&p=%2Fproc%2F19332%2Fnet HTTP/2.0" 200 2617 "https://cashewinc.com.lab2454.com/whsy.php?p=%2Fproc%2F19332%2Fnet" "Mozilla/5.0 AppleWebKit/537.36 (KHTML, like Gecko; compatible; GPTBot/1.3; +https://openai.com/gptbot)"
74.7.242.6 - - [03/Mar/2026:04:02:58 +0000] "GET /whsy.php?e=tls_stat&p=%2Fproc%2F31860%2Fnet HTTP/2.0" 200 2600 "https://www.cashewinc.com.lab2454.com/whsy.php?p=%2Fproc%2F31860%2Fnet" "Mozilla/5.0 AppleWebKit/537.36 (KHTML, like Gecko; compatible; GPTBot/1.3; +https://openai.com/gptbot)"
74.7.242.44 - - [03/Mar/2026:04:03:00 +0000] "GET /whsy.php?e=oom_score&p=%2Fproc%2F14023 HTTP/2.0" 200 862 "https://cashewinc.com.lab2454.com/whsy.php?p=%2Fproc%2F14023" "Mozilla/5.0 AppleWebKit/537.36 (KHTML, like Gecko; compatible; GPTBot/1.3; +https://openai.com/gptbot)"
74.7.242.6 - - [03/Mar/2026:04:03:07 +0000] "GET /whsy.php?e=fib_trie&p=%2Fproc%2F31862%2Fnet HTTP/2.0" 200 2693 "https://www.cashewinc.com.lab2454.com/whsy.php?p=%2Fproc%2F31862%2Fnet" "Mozilla/5.0 AppleWebKit/537.36 (KHTML, like Gecko; compatible; GPTBot/1.3; +https://openai.com/gptbot)"
74.7.242.44 - - [03/Mar/2026:04:03:09 +0000] "GET /whsy.php?e=oom_score&p=%2Fproc%2F14825 HTTP/2.0" 200 862 "https://cashewinc.com.lab2454.com/whsy.php?p=%2Fproc%2F14825" "Mozilla/5.0 AppleWebKit/537.36 (KHTML, like Gecko; compatible; GPTBot/1.3; +https://openai.com/gptbot)"
74.7.242.6 - - [03/Mar/2026:04:03:16 +0000] "GET /whsy.php?e=clear_refs&p=%2Fproc%2F1489 HTTP/2.0" 200 862 "https://www.cashewinc.com.lab2454.com/whsy.php?p=%2Fproc%2F1489" "Mozilla/5.0 AppleWebKit/537.36 (KHTML, like Gecko; compatible; GPTBot/1.3; +https://openai.com/gptbot)"
74.7.242.44 - - [03/Mar/2026:04:03:19 +0000] "GET /whsy.php?e=ptype&p=%2Fproc%2F31861%2Fnet HTTP/2.0" 200 2617 "https://cashewinc.com.lab2454.com/whsy.php?p=%2Fproc%2F31861%2Fnet" "Mozilla/5.0 AppleWebKit/537.36 (KHTML, like Gecko; compatible; GPTBot/1.3; +https://openai.com/gptbot)"
74.7.242.6 - - [03/Mar/2026:04:03:27 +0000] "GET /whsy.php?e=packet&p=%2Fproc%2F31862%2Fnet HTTP/2.0" 200 2572 "https://www.cashewinc.com.lab2454.com/whsy.php?p=%2Fproc%2F31862%2Fnet" "Mozilla/5.0 AppleWebKit/537.36 (KHTML, like Gecko; compatible; GPTBot/1.3; +https://openai.com/gptbot)"
74.7.242.44 - - [03/Mar/2026:04:03:30 +0000] "GET /whsy.php?e=pppoe&p=%2Fproc%2F31861%2Fnet HTTP/2.0" 200 2524 "https://cashewinc.com.lab2454.com/whsy.php?p=%2Fproc%2F31861%2Fnet" "Mozilla/5.0 AppleWebKit/537.36 (KHTML, like Gecko; compatible; GPTBot/1.3; +https://openai.com/gptbot)"
74.7.242.6 - - [03/Mar/2026:04:03:36 +0000] "GET /whsy.php?e=netstat&p=%2Fproc%2F31862%2Fnet HTTP/2.0" 200 4237 "https://www.cashewinc.com.lab2454.com/whsy.php?p=%2Fproc%2F31862%2Fnet" "Mozilla/5.0 AppleWebKit/537.36 (KHTML, like Gecko; compatible; GPTBot/1.3; +https://openai.com/gptbot)"
74.7.242.44 - - [03/Mar/2026:04:03:39 +0000] "GET /whsy.php?e=pppoe&p=%2Fproc%2F19332%2Fnet HTTP/2.0" 200 2524 "https://cashewinc.com.lab2454.com/whsy.php?p=%2Fproc%2F19332%2Fnet" "Mozilla/5.0 AppleWebKit/537.36 (KHTML, like Gecko; compatible; GPTBot/1.3; +https://openai.com/gptbot)"
74.7.242.6 - - [03/Mar/2026:04:03:46 +0000] "GET /whsy.php?p=%2Fproc%2F1489%2Fnet HTTP/2.0" 200 862 "https://www.cashewinc.com.lab2454.com/whsy.php?p=%2Fproc%2F1489" "Mozilla/5.0 AppleWebKit/537.36 (KHTML, like Gecko; compatible; GPTBot/1.3; +https://openai.com/gptbot)"
74.7.242.44 - - [03/Mar/2026:04:03:49 +0000] "GET /whsy.php?e=arch_status&p=%2Fproc%2F19332 HTTP/2.0" 200 2006 "https://cashewinc.com.lab2454.com/whsy.php?p=%2Fproc%2F19332" "Mozilla/5.0 AppleWebKit/537.36 (KHTML, like Gecko; compatible; GPTBot/1.3; +https://openai.com/gptbot)"
74.7.242.6 - - [03/Mar/2026:04:03:54 +0000] "GET /whsy.php?e=ip_vs&p=%2Fproc%2F31868%2Fnet HTTP/2.0" 200 2614 "https://www.cashewinc.com.lab2454.com/whsy.php?p=%2Fproc%2F31868%2Fnet" "Mozilla/5.0 AppleWebKit/537.36 (KHTML, like Gecko; compatible; GPTBot/1.3; +https://openai.com/gptbot)"
74.7.242.44 - - [03/Mar/2026:04:03:57 +0000] "GET /whsy.php?e=pppoe&p=%2Fproc%2F31859%2Fnet HTTP/2.0" 200 2525 "https://cashewinc.com.lab2454.com/whsy.php?p=%2Fproc%2F31859%2Fnet" "Mozilla/5.0 AppleWebKit/537.36 (KHTML, like Gecko; compatible; GPTBot/1.3; +https://openai.com/gptbot)"
74.7.242.6 - - [03/Mar/2026:04:04:03 +0000] "GET /whsy.php?e=ip_vs&p=%2Fproc%2F31848%2Fnet HTTP/2.0" 200 2614 "https://www.cashewinc.com.lab2454.com/whsy.php?p=%2Fproc%2F31848%2Fnet" "Mozilla/5.0 AppleWebKit/537.36 (KHTML, like Gecko; compatible; GPTBot/1.3; +https://openai.com/gptbot)"
74.7.242.44 - - [03/Mar/2026:04:04:05 +0000] "GET /whsy.php?e=pppoe&p=%2Fproc%2F31865%2Fnet HTTP/2.0" 200 2524 "https://cashewinc.com.lab2454.com/whsy.php?p=%2Fproc%2F31865%2Fnet" "Mozilla/5.0 AppleWebKit/537.36 (KHTML, like Gecko; compatible; GPTBot/1.3; +https://openai.com/gptbot)"
74.7.242.6 - - [03/Mar/2026:04:04:11 +0000] "GET /whsy.php?e=ip_vs&p=%2Fproc%2F31861%2Fnet HTTP/2.0" 200 2615 "https://www.cashewinc.com.lab2454.com/whsy.php?p=%2Fproc%2F31861%2Fnet" "Mozilla/5.0 AppleWebKit/537.36 (KHTML, like Gecko; compatible; GPTBot/1.3; +https://openai.com/gptbot)"
74.7.242.44 - - [03/Mar/2026:04:04:13 +0000] "GET /whsy.php?e=pppoe&p=%2Fproc%2F31869%2Fnet HTTP/2.0" 200 2524 "https://cashewinc.com.lab2454.com/whsy.php?p=%2Fproc%2F31869%2Fnet" "Mozilla/5.0 AppleWebKit/537.36 (KHTML, like Gecko; compatible; GPTBot/1.3; +https://openai.com/gptbot)"
74.7.242.6 - - [03/Mar/2026:04:04:20 +0000] "GET /whsy.php?e=ptype&p=%2Fproc%2F31869%2Fnet HTTP/2.0" 200 2617 "https://www.cashewinc.com.lab2454.com/whsy.php?p=%2Fproc%2F31869%2Fnet" "Mozilla/5.0 AppleWebKit/537.36 (KHTML, like Gecko; compatible; GPTBot/1.3; +https://openai.com/gptbot)"
74.7.242.44 - - [03/Mar/2026:04:04:22 +0000] "GET /whsy.php?e=pppoe&p=%2Fproc%2F31860%2Fnet HTTP/2.0" 200 2523 "https://cashewinc.com.lab2454.com/whsy.php?p=%2Fproc%2F31860%2Fnet" "Mozilla/5.0 AppleWebKit/537.36 (KHTML, like Gecko; compatible; GPTBot/1.3; +https://openai.com/gptbot)"
74.7.242.6 - - [03/Mar/2026:04:04:28 +0000] "GET /whsy.php?e=prev&p=%2Fproc%2F31862%2Fattr HTTP/2.0" 200 859 "https://www.cashewinc.com.lab2454.com/whsy.php?p=%2Fproc%2F31862%2Fattr" "Mozilla/5.0 AppleWebKit/537.36 (KHTML, like Gecko; compatible; GPTBot/1.3; +https://openai.com/gptbot)"
74.7.242.44 - - [03/Mar/2026:04:04:31 +0000] "GET /whsy.php?e=snmp&p=%2Fproc%2F31865%2Fnet HTTP/2.0" 200 3231 "https://cashewinc.com.lab2454.com/whsy.php?p=%2Fproc%2F31865%2Fnet" "Mozilla/5.0 AppleWebKit/537.36 (KHTML, like Gecko; compatible; GPTBot/1.3; +https://openai.com/gptbot)"
74.7.242.6 - - [03/Mar/2026:04:04:37 +0000] "GET /whsy.php?e=ptype&p=%2Fproc%2F31860%2Fnet HTTP/2.0" 200 2616 "https://www.cashewinc.com.lab2454.com/whsy.php?p=%2Fproc%2F31860%2Fnet" "Mozilla/5.0 AppleWebKit/537.36 (KHTML, like Gecko; compatible; GPTBot/1.3; +https://openai.com/gptbot)"
74.7.242.44 - - [03/Mar/2026:04:04:39 +0000] "GET /whsy.php?e=unix&p=%2Fproc%2F19332%2Fnet HTTP/2.0" 200 5005 "https://cashewinc.com.lab2454.com/whsy.php?p=%2Fproc%2F19332%2Fnet" "Mozilla/5.0 AppleWebKit/537.36 (KHTML, like Gecko; compatible; GPTBot/1.3; +https://openai.com/gptbot)"
74.7.242.6 - - [03/Mar/2026:04:04:46 +0000] "GET /whsy.php?e=packet&p=%2Fproc%2F31869%2Fnet HTTP/2.0" 200 2572 "https://www.cashewinc.com.lab2454.com/whsy.php?p=%2Fproc%2F31869%2Fnet" "Mozilla/5.0 AppleWebKit/537.36 (KHTML, like Gecko; compatible; GPTBot/1.3; +https://openai.com/gptbot)"
74.7.242.44 - - [03/Mar/2026:04:04:49 +0000] "GET /whsy.php?e=snmp&p=%2Fproc%2F31860%2Fnet HTTP/2.0" 200 3229 "https://cashewinc.com.lab2454.com/whsy.php?p=%2Fproc%2F31860%2Fnet" "Mozilla/5.0 AppleWebKit/537.36 (KHTML, like Gecko; compatible; GPTBot/1.3; +https://openai.com/gptbot)"
74.7.242.6 - - [03/Mar/2026:04:04:55 +0000] "GET /whsy.php?e=packet&p=%2Fproc%2F31860%2Fnet HTTP/2.0" 200 2571 "https://www.cashewinc.com.lab2454.com/whsy.php?p=%2Fproc%2F31860%2Fnet" "Mozilla/5.0 AppleWebKit/537.36 (KHTML, like Gecko; compatible; GPTBot/1.3; +https://openai.com/gptbot)"
74.7.242.44 - - [03/Mar/2026:04:04:58 +0000] "GET /whsy.php?e=snmp&p=%2Fproc%2F31869%2Fnet HTTP/2.0" 200 3232 "https://cashewinc.com.lab2454.com/whsy.php?p=%2Fproc%2F31869%2Fnet" "Mozilla/5.0 AppleWebKit/537.36 (KHTML, like Gecko; compatible; GPTBot/1.3; +https://openai.com/gptbot)"
74.7.242.6 - - [03/Mar/2026:04:05:04 +0000] "GET /whsy.php?e=tcp&p=%2Fproc%2F31862%2Fnet HTTP/2.0" 200 8701 "https://www.cashewinc.com.lab2454.com/whsy.php?p=%2Fproc%2F31862%2Fnet" "Mozilla/5.0 AppleWebKit/537.36 (KHTML, like Gecko; compatible; GPTBot/1.3; +https://openai.com/gptbot)"
74.7.242.44 - - [03/Mar/2026:04:05:06 +0000] "GET /whsy.php?e=icmp&p=%2Fproc%2F31861%2Fnet HTTP/2.0" 200 2581 "https://cashewinc.com.lab2454.com/whsy.php?p=%2Fproc%2F31861%2Fnet" "Mozilla/5.0 AppleWebKit/537.36 (KHTML, like Gecko; compatible; GPTBot/1.3; +https://openai.com/gptbot)"
74.7.242.6 - - [03/Mar/2026:04:05:12 +0000] "GET /whsy.php?e=psched&p=%2Fproc%2F31868%2Fnet HTTP/2.0" 200 2531 "https://www.cashewinc.com.lab2454.com/whsy.php?p=%2Fproc%2F31868%2Fnet" "Mozilla/5.0 AppleWebKit/537.36 (KHTML, like Gecko; compatible; GPTBot/1.3; +https://openai.com/gptbot)"
74.7.242.44 - - [03/Mar/2026:04:05:15 +0000] "GET /whsy.php?e=snmp6&p=%2Fproc%2F31865%2Fnet HTTP/2.0" 200 3361 "https://cashewinc.com.lab2454.com/whsy.php?p=%2Fproc%2F31865%2Fnet" "Mozilla/5.0 AppleWebKit/537.36 (KHTML, like Gecko; compatible; GPTBot/1.3; +https://openai.com/gptbot)"
74.7.242.6 - - [03/Mar/2026:04:05:21 +0000] "GET /whsy.php?e=psched&p=%2Fproc%2F31861%2Fnet HTTP/2.0" 200 2532 "https://www.cashewinc.com.lab2454.com/whsy.php?p=%2Fproc%2F31861%2Fnet" "Mozilla/5.0 AppleWebKit/537.36 (KHTML, like Gecko; compatible; GPTBot/1.3; +https://openai.com/gptbot)"
74.7.242.44 - - [03/Mar/2026:04:05:23 +0000] "GET /whsy.php?e=psched&p=%2Fproc%2F19332%2Fnet HTTP/2.0" 200 2531 "https://cashewinc.com.lab2454.com/whsy.php?p=%2Fproc%2F19332%2Fnet" "Mozilla/5.0 AppleWebKit/537.36 (KHTML, like Gecko; compatible; GPTBot/1.3; +https://openai.com/gptbot)"
74.7.242.6 - - [03/Mar/2026:04:05:30 +0000] "GET /whsy.php?e=psched&p=%2Fproc%2F31848%2Fnet HTTP/2.0" 200 2531 "https://www.cashewinc.com.lab2454.com/whsy.php?p=%2Fproc%2F31848%2Fnet" "Mozilla/5.0 AppleWebKit/537.36 (KHTML, like Gecko; compatible; GPTBot/1.3; +https://openai.com/gptbot)"
74.7.242.44 - - [03/Mar/2026:04:05:33 +0000] "GET /whsy.php?p=%2Fproc%2F31860%2Fnet%2Fipt_hashlimit HTTP/2.0" 200 500 "https://cashewinc.com.lab2454.com/whsy.php?p=%2Fproc%2F31860%2Fnet" "Mozilla/5.0 AppleWebKit/537.36 (KHTML, like Gecko; compatible; GPTBot/1.3; +https://openai.com/gptbot)"
74.7.242.6 - - [03/Mar/2026:04:05:38 +0000] "GET /whsy.php?e=rt_acct&p=%2Fproc%2F31869%2Fnet HTTP/2.0" 200 2529 "https://www.cashewinc.com.lab2454.com/whsy.php?p=%2Fproc%2F31869%2Fnet" "Mozilla/5.0 AppleWebKit/537.36 (KHTML, like Gecko; compatible; GPTBot/1.3; +https://openai.com/gptbot)"
74.7.242.44 - - [03/Mar/2026:04:05:41 +0000] "GET /whsy.php?p=%2Fproc%2F31859%2Fnet%2Fipt_hashlimit HTTP/2.0" 200 501 "https://cashewinc.com.lab2454.com/whsy.php?p=%2Fproc%2F31859%2Fnet" "Mozilla/5.0 AppleWebKit/537.36 (KHTML, like Gecko; compatible; GPTBot/1.3; +https://openai.com/gptbot)"
74.7.242.6 - - [03/Mar/2026:04:05:47 +0000] "GET /whsy.php?e=rt_acct&p=%2Fproc%2F31860%2Fnet HTTP/2.0" 200 2529 "https://www.cashewinc.com.lab2454.com/whsy.php?p=%2Fproc%2F31860%2Fnet" "Mozilla/5.0 AppleWebKit/537.36 (KHTML, like Gecko; compatible; GPTBot/1.3; +https://openai.com/gptbot)"
74.7.242.44 - - [03/Mar/2026:04:05:49 +0000] "GET /whsy.php?p=%2Fproc%2F31869%2Fnet%2Fipt_hashlimit HTTP/2.0" 200 500 "https://cashewinc.com.lab2454.com/whsy.php?p=%2Fproc%2F31869%2Fnet" "Mozilla/5.0 AppleWebKit/537.36 (KHTML, like Gecko; compatible; GPTBot/1.3; +https://openai.com/gptbot)"
74.7.242.6 - - [03/Mar/2026:04:05:55 +0000] "GET /whsy.php?e=psched&p=%2Fproc%2F31862%2Fnet HTTP/2.0" 200 2531 "https://www.cashewinc.com.lab2454.com/whsy.php?p=%2Fproc%2F31862%2Fnet" "Mozilla/5.0 AppleWebKit/537.36 (KHTML, like Gecko; compatible; GPTBot/1.3; +https://openai.com/gptbot)"
74.7.242.44 - - [03/Mar/2026:04:05:58 +0000] "GET /whsy.php?p=%2Fproc%2F31865%2Fnet%2Fipt_hashlimit HTTP/2.0" 200 501 "https://cashewinc.com.lab2454.com/whsy.php?p=%2Fproc%2F31865%2Fnet" "Mozilla/5.0 AppleWebKit/537.36 (KHTML, like Gecko; compatible; GPTBot/1.3; +https://openai.com/gptbot)"
74.7.242.6 - - [03/Mar/2026:04:06:04 +0000] "GET /whsy.php?p=%2Fproc%2F22587%2Ffdinfo HTTP/2.0" 200 862 "https://www.cashewinc.com.lab2454.com/whsy.php?p=%2Fproc%2F22587" "Mozilla/5.0 AppleWebKit/537.36 (KHTML, like Gecko; compatible; GPTBot/1.3; +https://openai.com/gptbot)"
74.7.241.182 - - [03/Mar/2026:04:06:05 +0000] "GET /robots.txt HTTP/2.0" 404 - "-" "Mozilla/5.0 (Macintosh; Intel Mac OS X 10_15_7) AppleWebKit/537.36 (KHTML, like Gecko) Chrome/131.0.0.0 Safari/537.36; compatible; OAI-SearchBot/1.3; robots.txt; +https://openai.com/searchbot"
74.7.242.44 - - [03/Mar/2026:04:06:06 +0000] "GET /whsy.php?e=arp&p=%2Fproc%2F31869%2Fnet HTTP/2.0" 200 2580 "https://cashewinc.com.lab2454.com/whsy.php?p=%2Fproc%2F31869%2Fnet" "Mozilla/5.0 AppleWebKit/537.36 (KHTML, like Gecko; compatible; GPTBot/1.3; +https://openai.com/gptbot)"
74.7.242.6 - - [03/Mar/2026:04:06:13 +0000] "GET /whsy.php?p=%2Fproc%2F20774%2Ffdinfo HTTP/2.0" 200 862 "https://www.cashewinc.com.lab2454.com/whsy.php?p=%2Fproc%2F20774" "Mozilla/5.0 AppleWebKit/537.36 (KHTML, like Gecko; compatible; GPTBot/1.3; +https://openai.com/gptbot)"
74.7.242.44 - - [03/Mar/2026:04:06:16 +0000] "GET /whsy.php?e=arp&p=%2Fproc%2F31860%2Fnet HTTP/2.0" 200 2579 "https://cashewinc.com.lab2454.com/whsy.php?p=%2Fproc%2F31860%2Fnet" "Mozilla/5.0 AppleWebKit/537.36 (KHTML, like Gecko; compatible; GPTBot/1.3; +https://openai.com/gptbot)"
74.7.242.6 - - [03/Mar/2026:04:06:23 +0000] "GET /whsy.php?p=%2Fproc%2F24628%2Ffdinfo HTTP/2.0" 200 862 "https://www.cashewinc.com.lab2454.com/whsy.php?p=%2Fproc%2F24628" "Mozilla/5.0 AppleWebKit/537.36 (KHTML, like Gecko; compatible; GPTBot/1.3; +https://openai.com/gptbot)"
74.7.242.44 - - [03/Mar/2026:04:06:27 +0000] "GET /whsy.php?e=raw&p=%2Fproc%2F31859%2Fnet HTTP/2.0" 200 2579 "https://cashewinc.com.lab2454.com/whsy.php?p=%2Fproc%2F31859%2Fnet" "Mozilla/5.0 AppleWebKit/537.36 (KHTML, like Gecko; compatible; GPTBot/1.3; +https://openai.com/gptbot)"
74.7.242.6 - - [03/Mar/2026:04:06:36 +0000] "GET /whsy.php?p=%2Fproc%2F31869%2Fnet%2Fip6t_hashlimit HTTP/2.0" 200 502 "https://www.cashewinc.com.lab2454.com/whsy.php?p=%2Fproc%2F31869%2Fnet" "Mozilla/5.0 AppleWebKit/537.36 (KHTML, like Gecko; compatible; GPTBot/1.3; +https://openai.com/gptbot)"
74.7.242.44 - - [03/Mar/2026:04:06:40 +0000] "GET /whsy.php?e=raw&p=%2Fproc%2F31869%2Fnet HTTP/2.0" 200 2578 "https://cashewinc.com.lab2454.com/whsy.php?p=%2Fproc%2F31869%2Fnet" "Mozilla/5.0 AppleWebKit/537.36 (KHTML, like Gecko; compatible; GPTBot/1.3; +https://openai.com/gptbot)"
74.7.242.6 - - [03/Mar/2026:04:06:48 +0000] "GET /whsy.php?p=%2Fproc%2F31848%2Fnet%2Fip6t_hashlimit HTTP/2.0" 200 502 "https://www.cashewinc.com.lab2454.com/whsy.php?p=%2Fproc%2F31848%2Fnet" "Mozilla/5.0 AppleWebKit/537.36 (KHTML, like Gecko; compatible; GPTBot/1.3; +https://openai.com/gptbot)"
74.7.242.44 - - [03/Mar/2026:04:06:52 +0000] "GET /whsy.php?e=arp&p=%2Fproc%2F31865%2Fnet HTTP/2.0" 200 2581 "https://cashewinc.com.lab2454.com/whsy.php?p=%2Fproc%2F31865%2Fnet" "Mozilla/5.0 AppleWebKit/537.36 (KHTML, like Gecko; compatible; GPTBot/1.3; +https://openai.com/gptbot)"
74.7.242.6 - - [03/Mar/2026:04:06:58 +0000] "GET /whsy.php?p=%2Fproc%2F31860%2Fnet%2Fip6t_hashlimit HTTP/2.0" 200 502 "https://www.cashewinc.com.lab2454.com/whsy.php?p=%2Fproc%2F31860%2Fnet" "Mozilla/5.0 AppleWebKit/537.36 (KHTML, like Gecko; compatible; GPTBot/1.3; +https://openai.com/gptbot)"
74.7.242.44 - - [03/Mar/2026:04:07:01 +0000] "GET /whsy.php?e=raw&p=%2Fproc%2F31860%2Fnet HTTP/2.0" 200 2578 "https://cashewinc.com.lab2454.com/whsy.php?p=%2Fproc%2F31860%2Fnet" "Mozilla/5.0 AppleWebKit/537.36 (KHTML, like Gecko; compatible; GPTBot/1.3; +https://openai.com/gptbot)"
74.7.242.6 - - [03/Mar/2026:04:07:07 +0000] "GET /whsy.php?e=ip_vs&p=%2Fproc%2F31860%2Fnet HTTP/2.0" 200 2614 "https://www.cashewinc.com.lab2454.com/whsy.php?p=%2Fproc%2F31860%2Fnet" "Mozilla/5.0 AppleWebKit/537.36 (KHTML, like Gecko; compatible; GPTBot/1.3; +https://openai.com/gptbot)"
74.7.242.44 - - [03/Mar/2026:04:07:11 +0000] "GET /whsy.php?e=udp&p=%2Fproc%2F31861%2Fnet HTTP/2.0" 200 2775 "https://cashewinc.com.lab2454.com/whsy.php?p=%2Fproc%2F31861%2Fnet" "Mozilla/5.0 AppleWebKit/537.36 (KHTML, like Gecko; compatible; GPTBot/1.3; +https://openai.com/gptbot)"
74.7.242.6 - - [03/Mar/2026:04:07:16 +0000] "GET /whsy.php?e=ip_vs&p=%2Fproc%2F31869%2Fnet HTTP/2.0" 200 2615 "https://www.cashewinc.com.lab2454.com/whsy.php?p=%2Fproc%2F31869%2Fnet" "Mozilla/5.0 AppleWebKit/537.36 (KHTML, like Gecko; compatible; GPTBot/1.3; +https://openai.com/gptbot)"
74.7.242.44 - - [03/Mar/2026:04:07:19 +0000] "GET /whsy.php?e=raw&p=%2Fproc%2F31865%2Fnet HTTP/2.0" 200 2578 "https://cashewinc.com.lab2454.com/whsy.php?p=%2Fproc%2F31865%2Fnet" "Mozilla/5.0 AppleWebKit/537.36 (KHTML, like Gecko; compatible; GPTBot/1.3; +https://openai.com/gptbot)"
74.7.242.6 - - [03/Mar/2026:04:07:25 +0000] "GET /whsy.php?e=sockstat&p=%2Fproc%2F31862%2Fnet HTTP/2.0" 200 2604 "https://www.cashewinc.com.lab2454.com/whsy.php?p=%2Fproc%2F31862%2Fnet" "Mozilla/5.0 AppleWebKit/537.36 (KHTML, like Gecko; compatible; GPTBot/1.3; +https://openai.com/gptbot)"
74.7.242.44 - - [03/Mar/2026:04:07:28 +0000] "GET /whsy.php?e=raw&p=%2Fproc%2F31861%2Fnet HTTP/2.0" 200 2578 "https://cashewinc.com.lab2454.com/whsy.php?p=%2Fproc%2F31861%2Fnet" "Mozilla/5.0 AppleWebKit/537.36 (KHTML, like Gecko; compatible; GPTBot/1.3; +https://openai.com/gptbot)"
74.7.242.6 - - [03/Mar/2026:04:07:33 +0000] "GET /whsy.php?e=netstat&p=%2Fproc%2F31869%2Fnet HTTP/2.0" 200 4237 "https://www.cashewinc.com.lab2454.com/whsy.php?p=%2Fproc%2F31869%2Fnet" "Mozilla/5.0 AppleWebKit/537.36 (KHTML, like Gecko; compatible; GPTBot/1.3; +https://openai.com/gptbot)"
74.7.242.44 - - [03/Mar/2026:04:07:37 +0000] "GET /whsy.php?e=arp&p=%2Fproc%2F31859%2Fnet HTTP/2.0" 200 2581 "https://cashewinc.com.lab2454.com/whsy.php?p=%2Fproc%2F31859%2Fnet" "Mozilla/5.0 AppleWebKit/537.36 (KHTML, like Gecko; compatible; GPTBot/1.3; +https://openai.com/gptbot)"
74.7.242.6 - - [03/Mar/2026:04:07:42 +0000] "GET /whsy.php?e=sockstat&p=%2Fproc%2F31861%2Fnet HTTP/2.0" 200 2603 "https://www.cashewinc.com.lab2454.com/whsy.php?p=%2Fproc%2F31861%2Fnet" "Mozilla/5.0 AppleWebKit/537.36 (KHTML, like Gecko; compatible; GPTBot/1.3; +https://openai.com/gptbot)"
74.7.242.44 - - [03/Mar/2026:04:07:45 +0000] "GET /whsy.php?e=oom_score&p=%2Fproc%2F19332 HTTP/2.0" 200 2007 "https://cashewinc.com.lab2454.com/whsy.php?p=%2Fproc%2F19332" "Mozilla/5.0 AppleWebKit/537.36 (KHTML, like Gecko; compatible; GPTBot/1.3; +https://openai.com/gptbot)"
74.7.242.6 - - [03/Mar/2026:04:07:51 +0000] "GET /whsy.php?e=current&p=%2Fproc%2F31868%2Fattr HTTP/2.0" 200 848 "https://www.cashewinc.com.lab2454.com/whsy.php?p=%2Fproc%2F31868%2Fattr" "Mozilla/5.0 AppleWebKit/537.36 (KHTML, like Gecko; compatible; GPTBot/1.3; +https://openai.com/gptbot)"
74.7.242.44 - - [03/Mar/2026:04:07:54 +0000] "GET /whsy.php?e=netstat&p=%2Fproc%2F31861%2Fnet HTTP/2.0" 200 4250 "https://cashewinc.com.lab2454.com/whsy.php?p=%2Fproc%2F31861%2Fnet" "Mozilla/5.0 AppleWebKit/537.36 (KHTML, like Gecko; compatible; GPTBot/1.3; +https://openai.com/gptbot)"
74.7.242.6 - - [03/Mar/2026:04:08:00 +0000] "GET /whsy.php?e=rt_cache&p=%2Fproc%2F31868%2Fnet HTTP/2.0" 200 2597 "https://www.cashewinc.com.lab2454.com/whsy.php?p=%2Fproc%2F31868%2Fnet" "Mozilla/5.0 AppleWebKit/537.36 (KHTML, like Gecko; compatible; GPTBot/1.3; +https://openai.com/gptbot)"
74.7.242.44 - - [03/Mar/2026:04:08:03 +0000] "GET /whsy.php?e=sockstat&p=%2Fproc%2F19332%2Fnet HTTP/2.0" 200 2604 "https://cashewinc.com.lab2454.com/whsy.php?p=%2Fproc%2F19332%2Fnet" "Mozilla/5.0 AppleWebKit/537.36 (KHTML, like Gecko; compatible; GPTBot/1.3; +https://openai.com/gptbot)"
74.7.242.44 - - [03/Mar/2026:04:08:12 +0000] "GET /whsy.php?e=fib_trie&p=%2Fproc%2F31869%2Fnet HTTP/2.0" 200 2694 "https://cashewinc.com.lab2454.com/whsy.php?p=%2Fproc%2F31869%2Fnet" "Mozilla/5.0 AppleWebKit/537.36 (KHTML, like Gecko; compatible; GPTBot/1.3; +https://openai.com/gptbot)"
74.7.242.6 - - [03/Mar/2026:04:08:08 +0000] "GET /whsy.php?e=current&p=%2Fproc%2F31862%2Fattr HTTP/2.0" 200 848 "https://www.cashewinc.com.lab2454.com/whsy.php?p=%2Fproc%2F31862%2Fattr" "Mozilla/5.0 AppleWebKit/537.36 (KHTML, like Gecko; compatible; GPTBot/1.3; +https://openai.com/gptbot)"
74.7.242.6 - - [03/Mar/2026:04:08:17 +0000] "GET /whsy.php?e=sockstat&p=%2Fproc%2F31868%2Fnet HTTP/2.0" 200 2604 "https://www.cashewinc.com.lab2454.com/whsy.php?p=%2Fproc%2F31868%2Fnet" "Mozilla/5.0 AppleWebKit/537.36 (KHTML, like Gecko; compatible; GPTBot/1.3; +https://openai.com/gptbot)"
74.7.242.44 - - [03/Mar/2026:04:08:20 +0000] "GET /whsy.php?e=fib_trie&p=%2Fproc%2F31860%2Fnet HTTP/2.0" 200 2693 "https://cashewinc.com.lab2454.com/whsy.php?p=%2Fproc%2F31860%2Fnet" "Mozilla/5.0 AppleWebKit/537.36 (KHTML, like Gecko; compatible; GPTBot/1.3; +https://openai.com/gptbot)"
74.7.242.6 - - [03/Mar/2026:04:08:26 +0000] "GET /whsy.php?e=current&p=%2Fproc%2F31848%2Fattr HTTP/2.0" 200 848 "https://www.cashewinc.com.lab2454.com/whsy.php?p=%2Fproc%2F31848%2Fattr" "Mozilla/5.0 AppleWebKit/537.36 (KHTML, like Gecko; compatible; GPTBot/1.3; +https://openai.com/gptbot)"
74.7.242.44 - - [03/Mar/2026:04:08:28 +0000] "GET /whsy.php?e=fib_trie&p=%2Fproc%2F31859%2Fnet HTTP/2.0" 200 2694 "https://cashewinc.com.lab2454.com/whsy.php?p=%2Fproc%2F31859%2Fnet" "Mozilla/5.0 AppleWebKit/537.36 (KHTML, like Gecko; compatible; GPTBot/1.3; +https://openai.com/gptbot)"
74.7.242.6 - - [03/Mar/2026:04:08:34 +0000] "GET /whsy.php?e=sockstat&p=%2Fproc%2F31848%2Fnet HTTP/2.0" 200 2604 "https://www.cashewinc.com.lab2454.com/whsy.php?p=%2Fproc%2F31848%2Fnet" "Mozilla/5.0 AppleWebKit/537.36 (KHTML, like Gecko; compatible; GPTBot/1.3; +https://openai.com/gptbot)"
74.7.242.44 - - [03/Mar/2026:04:08:37 +0000] "GET /whsy.php?e=mcfilter&p=%2Fproc%2F31860%2Fnet HTTP/2.0" 200 2537 "https://cashewinc.com.lab2454.com/whsy.php?p=%2Fproc%2F31860%2Fnet" "Mozilla/5.0 AppleWebKit/537.36 (KHTML, like Gecko; compatible; GPTBot/1.3; +https://openai.com/gptbot)"
74.7.242.6 - - [03/Mar/2026:04:08:44 +0000] "GET /whsy.php?e=rt_cache&p=%2Fproc%2F31861%2Fnet HTTP/2.0" 200 2598 "https://www.cashewinc.com.lab2454.com/whsy.php?p=%2Fproc%2F31861%2Fnet" "Mozilla/5.0 AppleWebKit/537.36 (KHTML, like Gecko; compatible; GPTBot/1.3; +https://openai.com/gptbot)"
74.7.242.44 - - [03/Mar/2026:04:08:46 +0000] "GET /whsy.php?e=mcfilter&p=%2Fproc%2F31869%2Fnet HTTP/2.0" 200 2538 "https://cashewinc.com.lab2454.com/whsy.php?p=%2Fproc%2F31869%2Fnet" "Mozilla/5.0 AppleWebKit/537.36 (KHTML, like Gecko; compatible; GPTBot/1.3; +https://openai.com/gptbot)"
74.7.242.6 - - [03/Mar/2026:04:08:53 +0000] "GET /whsy.php?e=netstat&p=%2Fproc%2F31860%2Fnet HTTP/2.0" 200 4245 "https://www.cashewinc.com.lab2454.com/whsy.php?p=%2Fproc%2F31860%2Fnet" "Mozilla/5.0 AppleWebKit/537.36 (KHTML, like Gecko; compatible; GPTBot/1.3; +https://openai.com/gptbot)"
74.7.242.44 - - [03/Mar/2026:04:08:56 +0000] "GET /whsy.php?e=mcfilter&p=%2Fproc%2F31865%2Fnet HTTP/2.0" 200 2538 "https://cashewinc.com.lab2454.com/whsy.php?p=%2Fproc%2F31865%2Fnet" "Mozilla/5.0 AppleWebKit/537.36 (KHTML, like Gecko; compatible; GPTBot/1.3; +https://openai.com/gptbot)"
74.7.242.6 - - [03/Mar/2026:04:09:02 +0000] "GET /whsy.php?e=current&p=%2Fproc%2F31861%2Fattr HTTP/2.0" 200 848 "https://www.cashewinc.com.lab2454.com/whsy.php?p=%2Fproc%2F31861%2Fattr" "Mozilla/5.0 AppleWebKit/537.36 (KHTML, like Gecko; compatible; GPTBot/1.3; +https://openai.com/gptbot)"
74.7.242.44 - - [03/Mar/2026:04:09:05 +0000] "GET /whsy.php?e=mcfilter&p=%2Fproc%2F31859%2Fnet HTTP/2.0" 200 2538 "https://cashewinc.com.lab2454.com/whsy.php?p=%2Fproc%2F31859%2Fnet" "Mozilla/5.0 AppleWebKit/537.36 (KHTML, like Gecko; compatible; GPTBot/1.3; +https://openai.com/gptbot)"
74.7.242.6 - - [03/Mar/2026:04:09:11 +0000] "GET /whsy.php?e=rt_cache&p=%2Fproc%2F31862%2Fnet HTTP/2.0" 200 2598 "https://www.cashewinc.com.lab2454.com/whsy.php?p=%2Fproc%2F31862%2Fnet" "Mozilla/5.0 AppleWebKit/537.36 (KHTML, like Gecko; compatible; GPTBot/1.3; +https://openai.com/gptbot)"
74.7.242.44 - - [03/Mar/2026:04:09:14 +0000] "GET /whsy.php?e=fib_trie&p=%2Fproc%2F31865%2Fnet HTTP/2.0" 200 2694 "https://cashewinc.com.lab2454.com/whsy.php?p=%2Fproc%2F31865%2Fnet" "Mozilla/5.0 AppleWebKit/537.36 (KHTML, like Gecko; compatible; GPTBot/1.3; +https://openai.com/gptbot)"
74.7.242.6 - - [03/Mar/2026:04:09:22 +0000] "GET /whsy.php?e=tls_stat&p=%2Fproc%2F31862%2Fnet HTTP/2.0" 200 2601 "https://www.cashewinc.com.lab2454.com/whsy.php?p=%2Fproc%2F31862%2Fnet" "Mozilla/5.0 AppleWebKit/537.36 (KHTML, like Gecko; compatible; GPTBot/1.3; +https://openai.com/gptbot)"
74.7.242.44 - - [03/Mar/2026:04:09:24 +0000] "GET /whsy.php?e=rt_cache&p=%2Fproc%2F31869%2Fnet HTTP/2.0" 200 2598 "https://cashewinc.com.lab2454.com/whsy.php?p=%2Fproc%2F31869%2Fnet" "Mozilla/5.0 AppleWebKit/537.36 (KHTML, like Gecko; compatible; GPTBot/1.3; +https://openai.com/gptbot)"
74.7.242.6 - - [03/Mar/2026:04:09:31 +0000] "GET /whsy.php?e=rt_cache&p=%2Fproc%2F31848%2Fnet HTTP/2.0" 200 2597 "https://www.cashewinc.com.lab2454.com/whsy.php?p=%2Fproc%2F31848%2Fnet" "Mozilla/5.0 AppleWebKit/537.36 (KHTML, like Gecko; compatible; GPTBot/1.3; +https://openai.com/gptbot)"
74.7.242.44 - - [03/Mar/2026:04:09:32 +0000] "GET /whsy.php?e=fib_trie&p=%2Fproc%2F19332%2Fnet HTTP/2.0" 200 2693 "https://cashewinc.com.lab2454.com/whsy.php?p=%2Fproc%2F19332%2Fnet" "Mozilla/5.0 AppleWebKit/537.36 (KHTML, like Gecko; compatible; GPTBot/1.3; +https://openai.com/gptbot)"
74.7.242.6 - - [03/Mar/2026:04:09:38 +0000] "GET /whsy.php?p=%2Fproc%2F31868%2Fnet%2Fipt_hashlimit HTTP/2.0" 200 500 "https://www.cashewinc.com.lab2454.com/whsy.php?p=%2Fproc%2F31868%2Fnet" "Mozilla/5.0 AppleWebKit/537.36 (KHTML, like Gecko; compatible; GPTBot/1.3; +https://openai.com/gptbot)"
74.7.242.44 - - [03/Mar/2026:04:09:40 +0000] "GET /whsy.php?e=current&p=%2Fproc%2F31859%2Fattr HTTP/2.0" 200 849 "https://cashewinc.com.lab2454.com/whsy.php?p=%2Fproc%2F31859%2Fattr" "Mozilla/5.0 AppleWebKit/537.36 (KHTML, like Gecko; compatible; GPTBot/1.3; +https://openai.com/gptbot)"
74.7.242.6 - - [03/Mar/2026:04:09:47 +0000] "GET /whsy.php?p=%2Fproc%2F31861%2Fnet%2Fipt_hashlimit HTTP/2.0" 200 501 "https://www.cashewinc.com.lab2454.com/whsy.php?p=%2Fproc%2F31861%2Fnet" "Mozilla/5.0 AppleWebKit/537.36 (KHTML, like Gecko; compatible; GPTBot/1.3; +https://openai.com/gptbot)"
74.7.242.44 - - [03/Mar/2026:04:09:48 +0000] "GET /whsy.php?e=netlink&p=%2Fproc%2F31861%2Fnet HTTP/2.0" 200 2812 "https://cashewinc.com.lab2454.com/whsy.php?p=%2Fproc%2F31861%2Fnet" "Mozilla/5.0 AppleWebKit/537.36 (KHTML, like Gecko; compatible; GPTBot/1.3; +https://openai.com/gptbot)"
74.7.242.6 - - [03/Mar/2026:04:09:56 +0000] "GET /whsy.php?p=%2Fproc%2F31848%2Fnet%2Fipt_hashlimit HTTP/2.0" 200 500 "https://www.cashewinc.com.lab2454.com/whsy.php?p=%2Fproc%2F31848%2Fnet" "Mozilla/5.0 AppleWebKit/537.36 (KHTML, like Gecko; compatible; GPTBot/1.3; +https://openai.com/gptbot)"
74.7.242.44 - - [03/Mar/2026:04:09:57 +0000] "GET /whsy.php?e=tls_stat&p=%2Fproc%2F31861%2Fnet HTTP/2.0" 200 2601 "https://cashewinc.com.lab2454.com/whsy.php?p=%2Fproc%2F31861%2Fnet" "Mozilla/5.0 AppleWebKit/537.36 (KHTML, like Gecko; compatible; GPTBot/1.3; +https://openai.com/gptbot)"
74.7.242.6 - - [03/Mar/2026:04:10:04 +0000] "GET /whsy.php?p=%2Fproc%2F31862%2Fnet%2Fipt_hashlimit HTTP/2.0" 200 501 "https://www.cashewinc.com.lab2454.com/whsy.php?p=%2Fproc%2F31862%2Fnet" "Mozilla/5.0 AppleWebKit/537.36 (KHTML, like Gecko; compatible; GPTBot/1.3; +https://openai.com/gptbot)"
74.7.242.44 - - [03/Mar/2026:04:10:06 +0000] "GET /whsy.php?e=rt_cache&p=%2Fproc%2F31865%2Fnet HTTP/2.0" 200 2598 "https://cashewinc.com.lab2454.com/whsy.php?p=%2Fproc%2F31865%2Fnet" "Mozilla/5.0 AppleWebKit/537.36 (KHTML, like Gecko; compatible; GPTBot/1.3; +https://openai.com/gptbot)"
74.7.242.6 - - [03/Mar/2026:04:10:12 +0000] "GET /whsy.php?p=%2Fproc%2F31861%2Fnet%2Fnetfilter HTTP/2.0" 200 732 "https://www.cashewinc.com.lab2454.com/whsy.php?p=%2Fproc%2F31861%2Fnet" "Mozilla/5.0 AppleWebKit/537.36 (KHTML, like Gecko; compatible; GPTBot/1.3; +https://openai.com/gptbot)"
74.7.242.44 - - [03/Mar/2026:04:10:15 +0000] "GET /whsy.php?e=rt_cache&p=%2Fproc%2F31859%2Fnet HTTP/2.0" 200 2598 "https://cashewinc.com.lab2454.com/whsy.php?p=%2Fproc%2F31859%2Fnet" "Mozilla/5.0 AppleWebKit/537.36 (KHTML, like Gecko; compatible; GPTBot/1.3; +https://openai.com/gptbot)"
74.7.242.6 - - [03/Mar/2026:04:10:21 +0000] "GET /whsy.php?p=%2Fproc%2F31848%2Fnet%2Fnetfilter HTTP/2.0" 200 732 "https://www.cashewinc.com.lab2454.com/whsy.php?p=%2Fproc%2F31848%2Fnet" "Mozilla/5.0 AppleWebKit/537.36 (KHTML, like Gecko; compatible; GPTBot/1.3; +https://openai.com/gptbot)"
74.7.242.44 - - [03/Mar/2026:04:10:24 +0000] "GET /whsy.php?e=current&p=%2Fproc%2F31869%2Fattr HTTP/2.0" 200 849 "https://cashewinc.com.lab2454.com/whsy.php?p=%2Fproc%2F31869%2Fattr" "Mozilla/5.0 AppleWebKit/537.36 (KHTML, like Gecko; compatible; GPTBot/1.3; +https://openai.com/gptbot)"
74.7.242.6 - - [03/Mar/2026:04:10:29 +0000] "GET /whsy.php?p=%2Fproc%2F31868%2Fnet%2Fnetfilter HTTP/2.0" 200 732 "https://www.cashewinc.com.lab2454.com/whsy.php?p=%2Fproc%2F31868%2Fnet" "Mozilla/5.0 AppleWebKit/537.36 (KHTML, like Gecko; compatible; GPTBot/1.3; +https://openai.com/gptbot)"
74.7.242.44 - - [03/Mar/2026:04:10:32 +0000] "GET /whsy.php?e=current&p=%2Fproc%2F31860%2Fattr HTTP/2.0" 200 849 "https://cashewinc.com.lab2454.com/whsy.php?p=%2Fproc%2F31860%2Fattr" "Mozilla/5.0 AppleWebKit/537.36 (KHTML, like Gecko; compatible; GPTBot/1.3; +https://openai.com/gptbot)"
74.7.242.6 - - [03/Mar/2026:04:10:38 +0000] "GET /whsy.php?p=%2Fproc%2F31869%2Fns HTTP/2.0" 200 894 "https://www.cashewinc.com.lab2454.com/whsy.php?p=%2Fproc%2F31869" "Mozilla/5.0 AppleWebKit/537.36 (KHTML, like Gecko; compatible; GPTBot/1.3; +https://openai.com/gptbot)"
74.7.242.44 - - [03/Mar/2026:04:10:40 +0000] "GET /whsy.php?e=current&p=%2Fproc%2F31865%2Fattr HTTP/2.0" 200 849 "https://cashewinc.com.lab2454.com/whsy.php?p=%2Fproc%2F31865%2Fattr" "Mozilla/5.0 AppleWebKit/537.36 (KHTML, like Gecko; compatible; GPTBot/1.3; +https://openai.com/gptbot)"
74.7.242.6 - - [03/Mar/2026:04:10:46 +0000] "GET /whsy.php?p=%2Fproc%2F20774%2Ffd HTTP/2.0" 200 862 "https://www.cashewinc.com.lab2454.com/whsy.php?p=%2Fproc%2F20774" "Mozilla/5.0 AppleWebKit/537.36 (KHTML, like Gecko; compatible; GPTBot/1.3; +https://openai.com/gptbot)"
74.7.242.44 - - [03/Mar/2026:04:10:49 +0000] "GET /whsy.php?e=rt_cache&p=%2Fproc%2F31860%2Fnet HTTP/2.0" 200 2597 "https://cashewinc.com.lab2454.com/whsy.php?p=%2Fproc%2F31860%2Fnet" "Mozilla/5.0 AppleWebKit/537.36 (KHTML, like Gecko; compatible; GPTBot/1.3; +https://openai.com/gptbot)"
74.7.242.6 - - [03/Mar/2026:04:10:56 +0000] "GET /whsy.php?p=%2Fproc%2F31861%2Fns HTTP/2.0" 200 893 "https://www.cashewinc.com.lab2454.com/whsy.php?p=%2Fproc%2F31861" "Mozilla/5.0 AppleWebKit/537.36 (KHTML, like Gecko; compatible; GPTBot/1.3; +https://openai.com/gptbot)"
74.7.242.44 - - [03/Mar/2026:04:10:59 +0000] "GET /whsy.php?e=mcfilter&p=%2Fproc%2F19332%2Fnet HTTP/2.0" 200 2537 "https://cashewinc.com.lab2454.com/whsy.php?p=%2Fproc%2F19332%2Fnet" "Mozilla/5.0 AppleWebKit/537.36 (KHTML, like Gecko; compatible; GPTBot/1.3; +https://openai.com/gptbot)"
74.7.242.6 - - [03/Mar/2026:04:11:06 +0000] "GET /whsy.php?p=%2Fproc%2F31862%2Ffd HTTP/2.0" 200 929 "https://www.cashewinc.com.lab2454.com/whsy.php?p=%2Fproc%2F31862" "Mozilla/5.0 AppleWebKit/537.36 (KHTML, like Gecko; compatible; GPTBot/1.3; +https://openai.com/gptbot)"
74.7.241.182 - - [03/Mar/2026:04:11:08 +0000] "GET /robots.txt HTTP/2.0" 404 - "-" "Mozilla/5.0 (Macintosh; Intel Mac OS X 10_15_7) AppleWebKit/537.36 (KHTML, like Gecko) Chrome/131.0.0.0 Safari/537.36; compatible; OAI-SearchBot/1.3; robots.txt; +https://openai.com/searchbot"
74.7.242.44 - - [03/Mar/2026:04:11:10 +0000] "GET /whsy.php?e=mcfilter&p=%2Fproc%2F31861%2Fnet HTTP/2.0" 200 2538 "https://cashewinc.com.lab2454.com/whsy.php?p=%2Fproc%2F31861%2Fnet" "Mozilla/5.0 AppleWebKit/537.36 (KHTML, like Gecko; compatible; GPTBot/1.3; +https://openai.com/gptbot)"
74.7.242.6 - - [03/Mar/2026:04:11:17 +0000] "GET /whsy.php?p=%2Fproc%2F31862%2Fns HTTP/2.0" 200 894 "https://www.cashewinc.com.lab2454.com/whsy.php?p=%2Fproc%2F31862" "Mozilla/5.0 AppleWebKit/537.36 (KHTML, like Gecko; compatible; GPTBot/1.3; +https://openai.com/gptbot)"
74.7.242.44 - - [03/Mar/2026:04:11:19 +0000] "GET /whsy.php?e=udplite&p=%2Fproc%2F31859%2Fnet HTTP/2.0" 200 2584 "https://cashewinc.com.lab2454.com/whsy.php?p=%2Fproc%2F31859%2Fnet" "Mozilla/5.0 AppleWebKit/537.36 (KHTML, like Gecko; compatible; GPTBot/1.3; +https://openai.com/gptbot)"
74.7.175.163 - - [03/Mar/2026:04:11:20 +0000] "GET /robots.txt HTTP/2.0" 404 - "-" "Mozilla/5.0 (Macintosh; Intel Mac OS X 10_15_7) AppleWebKit/537.36 (KHTML, like Gecko) Chrome/131.0.0.0 Safari/537.36; compatible; OAI-SearchBot/1.3; robots.txt; +https://openai.com/searchbot"
74.7.242.6 - - [03/Mar/2026:04:11:25 +0000] "GET /whsy.php?p=%2Fproc%2F24628%2Fns HTTP/2.0" 200 862 "https://www.cashewinc.com.lab2454.com/whsy.php?p=%2Fproc%2F24628" "Mozilla/5.0 AppleWebKit/537.36 (KHTML, like Gecko; compatible; GPTBot/1.3; +https://openai.com/gptbot)"
74.7.242.44 - - [03/Mar/2026:04:11:29 +0000] "GET /whsy.php?e=fib_trie&p=%2Fproc%2F31861%2Fnet HTTP/2.0" 200 2693 "https://cashewinc.com.lab2454.com/whsy.php?p=%2Fproc%2F31861%2Fnet" "Mozilla/5.0 AppleWebKit/537.36 (KHTML, like Gecko; compatible; GPTBot/1.3; +https://openai.com/gptbot)"
74.7.242.6 - - [03/Mar/2026:04:11:35 +0000] "GET /whsy.php?p=%2Fproc%2F20774%2Fns HTTP/2.0" 200 862 "https://www.cashewinc.com.lab2454.com/whsy.php?p=%2Fproc%2F20774" "Mozilla/5.0 AppleWebKit/537.36 (KHTML, like Gecko; compatible; GPTBot/1.3; +https://openai.com/gptbot)"
