74.7.242.44 - - [03/Mar/2026:03:19:22 +0000] "GET /whsy.php?e=setgroups&p=%2Fproc%2F14469 HTTP/2.0" 200 2007 "https://cashewinc.com.lab2454.com/whsy.php?p=%2Fproc%2F14469" "Mozilla/5.0 AppleWebKit/537.36 (KHTML, like Gecko; compatible; GPTBot/1.3; +https://openai.com/gptbot)"
74.7.242.6 - - [03/Mar/2026:03:19:30 +0000] "GET /whsy.php?p=%2Fproc%2F22776 HTTP/2.0" 200 862 "https://www.cashewinc.com.lab2454.com/whsy.php?p=%2Fproc%2F29566%2F.." "Mozilla/5.0 AppleWebKit/537.36 (KHTML, like Gecko; compatible; GPTBot/1.3; +https://openai.com/gptbot)"
74.7.242.44 - - [03/Mar/2026:03:19:30 +0000] "GET /whsy.php?e=sessionid&p=%2Fproc%2F14469 HTTP/2.0" 200 2015 "https://cashewinc.com.lab2454.com/whsy.php?p=%2Fproc%2F14469" "Mozilla/5.0 AppleWebKit/537.36 (KHTML, like Gecko; compatible; GPTBot/1.3; +https://openai.com/gptbot)"
74.7.242.6 - - [03/Mar/2026:03:19:39 +0000] "GET /whsy.php?p=%2Fproc%2F12512 HTTP/2.0" 200 862 "https://www.cashewinc.com.lab2454.com/whsy.php?e=22729&p=%2Fproc" "Mozilla/5.0 AppleWebKit/537.36 (KHTML, like Gecko; compatible; GPTBot/1.3; +https://openai.com/gptbot)"
74.7.242.44 - - [03/Mar/2026:03:19:39 +0000] "GET /whsy.php?e=stat&p=%2Fproc%2F14469 HTTP/2.0" 200 2132 "https://cashewinc.com.lab2454.com/whsy.php?p=%2Fproc%2F14469" "Mozilla/5.0 AppleWebKit/537.36 (KHTML, like Gecko; compatible; GPTBot/1.3; +https://openai.com/gptbot)"
74.7.242.6 - - [03/Mar/2026:03:19:47 +0000] "GET /whsy.php?p=%2Fproc%2F20727 HTTP/2.0" 200 862 "https://www.cashewinc.com.lab2454.com/whsy.php?e=22740&p=%2Fproc" "Mozilla/5.0 AppleWebKit/537.36 (KHTML, like Gecko; compatible; GPTBot/1.3; +https://openai.com/gptbot)"
74.7.242.44 - - [03/Mar/2026:03:19:47 +0000] "GET /whsy.php?e=uid_map&p=%2Fproc%2F14469 HTTP/2.0" 200 2022 "https://cashewinc.com.lab2454.com/whsy.php?p=%2Fproc%2F14469" "Mozilla/5.0 AppleWebKit/537.36 (KHTML, like Gecko; compatible; GPTBot/1.3; +https://openai.com/gptbot)"
74.7.242.6 - - [03/Mar/2026:03:19:55 +0000] "GET /whsy.php?p=%2Fproc%2F22007 HTTP/2.0" 200 862 "https://www.cashewinc.com.lab2454.com/whsy.php?p=%2Fproc%2F29566%2F.." "Mozilla/5.0 AppleWebKit/537.36 (KHTML, like Gecko; compatible; GPTBot/1.3; +https://openai.com/gptbot)"
74.7.242.44 - - [03/Mar/2026:03:19:55 +0000] "GET /whsy.php?e=gid_map&p=%2Fproc%2F14469 HTTP/2.0" 200 2025 "https://cashewinc.com.lab2454.com/whsy.php?p=%2Fproc%2F14469" "Mozilla/5.0 AppleWebKit/537.36 (KHTML, like Gecko; compatible; GPTBot/1.3; +https://openai.com/gptbot)"
74.7.242.6 - - [03/Mar/2026:03:20:03 +0000] "GET /whsy.php?p=%2Fproc%2F17122 HTTP/2.0" 200 862 "https://www.cashewinc.com.lab2454.com/whsy.php?e=22743&p=%2Fproc" "Mozilla/5.0 AppleWebKit/537.36 (KHTML, like Gecko; compatible; GPTBot/1.3; +https://openai.com/gptbot)"
74.7.242.44 - - [03/Mar/2026:03:20:04 +0000] "GET /whsy.php?e=smaps&p=%2Fproc%2F14469 HTTP/2.0" 200 2121 "https://cashewinc.com.lab2454.com/whsy.php?p=%2Fproc%2F14469" "Mozilla/5.0 AppleWebKit/537.36 (KHTML, like Gecko; compatible; GPTBot/1.3; +https://openai.com/gptbot)"
74.7.242.6 - - [03/Mar/2026:03:20:13 +0000] "GET /whsy.php?p=%2Fproc%2F22762 HTTP/2.0" 200 862 "https://www.cashewinc.com.lab2454.com/whsy.php?p=%2Fproc%2F29566%2F.." "Mozilla/5.0 AppleWebKit/537.36 (KHTML, like Gecko; compatible; GPTBot/1.3; +https://openai.com/gptbot)"
74.7.242.44 - - [03/Mar/2026:03:20:14 +0000] "GET /whsy.php?e=oom_adj&p=%2Fproc%2F14469 HTTP/2.0" 200 2006 "https://cashewinc.com.lab2454.com/whsy.php?p=%2Fproc%2F14469" "Mozilla/5.0 AppleWebKit/537.36 (KHTML, like Gecko; compatible; GPTBot/1.3; +https://openai.com/gptbot)"
74.7.242.6 - - [03/Mar/2026:03:20:22 +0000] "GET /whsy.php?p=%2Fproc%2F22767 HTTP/2.0" 200 862 "https://www.cashewinc.com.lab2454.com/whsy.php?p=%2Fproc%2F29566%2F.." "Mozilla/5.0 AppleWebKit/537.36 (KHTML, like Gecko; compatible; GPTBot/1.3; +https://openai.com/gptbot)"
74.7.241.182 - - [03/Mar/2026:03:20:23 +0000] "GET /robots.txt HTTP/2.0" 404 - "-" "Mozilla/5.0 (Macintosh; Intel Mac OS X 10_15_7) AppleWebKit/537.36 (KHTML, like Gecko) Chrome/131.0.0.0 Safari/537.36; compatible; OAI-SearchBot/1.3; robots.txt; +https://openai.com/searchbot"
74.7.242.44 - - [03/Mar/2026:03:20:23 +0000] "GET /whsy.php?e=ksm_stat&p=%2Fproc%2F14469 HTTP/2.0" 200 1936 "https://cashewinc.com.lab2454.com/whsy.php?p=%2Fproc%2F14469" "Mozilla/5.0 AppleWebKit/537.36 (KHTML, like Gecko; compatible; GPTBot/1.3; +https://openai.com/gptbot)"
74.7.175.163 - - [03/Mar/2026:03:20:24 +0000] "GET /robots.txt HTTP/2.0" 404 - "-" "Mozilla/5.0 (Macintosh; Intel Mac OS X 10_15_7) AppleWebKit/537.36 (KHTML, like Gecko) Chrome/131.0.0.0 Safari/537.36; compatible; OAI-SearchBot/1.3; robots.txt; +https://openai.com/searchbot"
74.7.242.6 - - [03/Mar/2026:03:20:32 +0000] "GET /whsy.php?p=%2Fproc%2F22702 HTTP/2.0" 200 862 "https://www.cashewinc.com.lab2454.com/whsy.php?p=%2Fproc%2F29566%2F.." "Mozilla/5.0 AppleWebKit/537.36 (KHTML, like Gecko; compatible; GPTBot/1.3; +https://openai.com/gptbot)"
74.7.242.44 - - [03/Mar/2026:03:20:33 +0000] "GET /whsy.php?e=oom_score_adj&p=%2Fproc%2F14469 HTTP/2.0" 200 2007 "https://cashewinc.com.lab2454.com/whsy.php?p=%2Fproc%2F14469" "Mozilla/5.0 AppleWebKit/537.36 (KHTML, like Gecko; compatible; GPTBot/1.3; +https://openai.com/gptbot)"
74.7.242.6 - - [03/Mar/2026:03:20:41 +0000] "GET /whsy.php?p=%2Fproc%2F22009 HTTP/2.0" 200 862 "https://www.cashewinc.com.lab2454.com/whsy.php?p=%2Fproc%2F29566%2F.." "Mozilla/5.0 AppleWebKit/537.36 (KHTML, like Gecko; compatible; GPTBot/1.3; +https://openai.com/gptbot)"
74.7.242.44 - - [03/Mar/2026:03:20:42 +0000] "GET /whsy.php?e=clear_refs&p=%2Fproc%2F14469 HTTP/2.0" 200 1936 "https://cashewinc.com.lab2454.com/whsy.php?p=%2Fproc%2F14469" "Mozilla/5.0 AppleWebKit/537.36 (KHTML, like Gecko; compatible; GPTBot/1.3; +https://openai.com/gptbot)"
74.7.242.6 - - [03/Mar/2026:03:20:51 +0000] "GET /whsy.php?e=clear_refs&p=%2Fproc%2F20774 HTTP/2.0" 200 862 "https://www.cashewinc.com.lab2454.com/whsy.php?p=%2Fproc%2F20774" "Mozilla/5.0 AppleWebKit/537.36 (KHTML, like Gecko; compatible; GPTBot/1.3; +https://openai.com/gptbot)"
74.7.242.44 - - [03/Mar/2026:03:20:52 +0000] "GET /whsy.php?e=comm&p=%2Fproc%2F14469 HTTP/2.0" 200 2007 "https://cashewinc.com.lab2454.com/whsy.php?p=%2Fproc%2F14469" "Mozilla/5.0 AppleWebKit/537.36 (KHTML, like Gecko; compatible; GPTBot/1.3; +https://openai.com/gptbot)"
74.7.242.6 - - [03/Mar/2026:03:21:00 +0000] "GET /whsy.php?e=clear_refs&p=%2Fproc%2F31862 HTTP/2.0" 200 1907 "https://www.cashewinc.com.lab2454.com/whsy.php?p=%2Fproc%2F31862" "Mozilla/5.0 AppleWebKit/537.36 (KHTML, like Gecko; compatible; GPTBot/1.3; +https://openai.com/gptbot)"
74.7.242.44 - - [03/Mar/2026:03:21:02 +0000] "GET /whsy.php?e=maps&p=%2Fproc%2F14469 HTTP/2.0" 200 2118 "https://cashewinc.com.lab2454.com/whsy.php?p=%2Fproc%2F14469" "Mozilla/5.0 AppleWebKit/537.36 (KHTML, like Gecko; compatible; GPTBot/1.3; +https://openai.com/gptbot)"
74.7.242.6 - - [03/Mar/2026:03:21:11 +0000] "GET /whsy.php?e=loginuid&p=%2Fproc%2F24628 HTTP/2.0" 200 862 "https://www.cashewinc.com.lab2454.com/whsy.php?p=%2Fproc%2F24628" "Mozilla/5.0 AppleWebKit/537.36 (KHTML, like Gecko; compatible; GPTBot/1.3; +https://openai.com/gptbot)"
74.7.242.44 - - [03/Mar/2026:03:21:12 +0000] "GET /whsy.php?e=cmdline&p=%2Fproc%2F14469 HTTP/2.0" 200 2023 "https://cashewinc.com.lab2454.com/whsy.php?p=%2Fproc%2F14469" "Mozilla/5.0 AppleWebKit/537.36 (KHTML, like Gecko; compatible; GPTBot/1.3; +https://openai.com/gptbot)"
74.7.242.6 - - [03/Mar/2026:03:21:20 +0000] "GET /whsy.php?e=loginuid&p=%2Fproc%2F20774 HTTP/2.0" 200 862 "https://www.cashewinc.com.lab2454.com/whsy.php?p=%2Fproc%2F20774" "Mozilla/5.0 AppleWebKit/537.36 (KHTML, like Gecko; compatible; GPTBot/1.3; +https://openai.com/gptbot)"
74.7.242.44 - - [03/Mar/2026:03:21:22 +0000] "GET /whsy.php?e=smaps_rollup&p=%2Fproc%2F14469 HTTP/2.0" 200 2120 "https://cashewinc.com.lab2454.com/whsy.php?p=%2Fproc%2F14469" "Mozilla/5.0 AppleWebKit/537.36 (KHTML, like Gecko; compatible; GPTBot/1.3; +https://openai.com/gptbot)"
74.7.242.6 - - [03/Mar/2026:03:21:31 +0000] "GET /whsy.php?e=loginuid&p=%2Fproc%2F22587 HTTP/2.0" 200 862 "https://www.cashewinc.com.lab2454.com/whsy.php?p=%2Fproc%2F22587" "Mozilla/5.0 AppleWebKit/537.36 (KHTML, like Gecko; compatible; GPTBot/1.3; +https://openai.com/gptbot)"
74.7.242.44 - - [03/Mar/2026:03:21:33 +0000] "GET /whsy.php?e=timens_offsets&p=%2Fproc%2F14469 HTTP/2.0" 200 2023 "https://cashewinc.com.lab2454.com/whsy.php?p=%2Fproc%2F14469" "Mozilla/5.0 AppleWebKit/537.36 (KHTML, like Gecko; compatible; GPTBot/1.3; +https://openai.com/gptbot)"
74.7.242.6 - - [03/Mar/2026:03:21:41 +0000] "GET /whsy.php?e=mounts&p=%2Fproc%2F31862 HTTP/2.0" 200 2638 "https://www.cashewinc.com.lab2454.com/whsy.php?p=%2Fproc%2F31862" "Mozilla/5.0 AppleWebKit/537.36 (KHTML, like Gecko; compatible; GPTBot/1.3; +https://openai.com/gptbot)"
74.7.242.44 - - [03/Mar/2026:03:21:43 +0000] "GET /whsy.php?e=mem&p=%2Fproc%2F14469 HTTP/2.0" 200 1936 "https://cashewinc.com.lab2454.com/whsy.php?p=%2Fproc%2F14469" "Mozilla/5.0 AppleWebKit/537.36 (KHTML, like Gecko; compatible; GPTBot/1.3; +https://openai.com/gptbot)"
74.7.242.6 - - [03/Mar/2026:03:21:50 +0000] "GET /whsy.php?e=limits&p=%2Fproc%2F31861 HTTP/2.0" 200 2251 "https://www.cashewinc.com.lab2454.com/whsy.php?p=%2Fproc%2F31861" "Mozilla/5.0 AppleWebKit/537.36 (KHTML, like Gecko; compatible; GPTBot/1.3; +https://openai.com/gptbot)"
74.7.242.44 - - [03/Mar/2026:03:21:52 +0000] "GET /whsy.php?e=cwd&p=%2Fproc%2F14469 HTTP/2.0" 200 1936 "https://cashewinc.com.lab2454.com/whsy.php?p=%2Fproc%2F14469" "Mozilla/5.0 AppleWebKit/537.36 (KHTML, like Gecko; compatible; GPTBot/1.3; +https://openai.com/gptbot)"
74.7.242.6 - - [03/Mar/2026:03:21:58 +0000] "GET /whsy.php?e=timers&p=%2Fproc%2F31860 HTTP/2.0" 200 1980 "https://www.cashewinc.com.lab2454.com/whsy.php?p=%2Fproc%2F31860" "Mozilla/5.0 AppleWebKit/537.36 (KHTML, like Gecko; compatible; GPTBot/1.3; +https://openai.com/gptbot)"
74.7.242.44 - - [03/Mar/2026:03:22:00 +0000] "GET /whsy.php?e=exe&p=%2Fproc%2F14469 HTTP/2.0" 200 1936 "https://cashewinc.com.lab2454.com/whsy.php?p=%2Fproc%2F14469" "Mozilla/5.0 AppleWebKit/537.36 (KHTML, like Gecko; compatible; GPTBot/1.3; +https://openai.com/gptbot)"
74.7.242.6 - - [03/Mar/2026:03:22:07 +0000] "GET /whsy.php?e=mounts&p=%2Fproc%2F31868 HTTP/2.0" 200 2638 "https://www.cashewinc.com.lab2454.com/whsy.php?p=%2Fproc%2F31868" "Mozilla/5.0 AppleWebKit/537.36 (KHTML, like Gecko; compatible; GPTBot/1.3; +https://openai.com/gptbot)"
74.7.242.44 - - [03/Mar/2026:03:22:08 +0000] "GET /whsy.php?e=personality&p=%2Fproc%2F14469 HTTP/2.0" 200 1936 "https://cashewinc.com.lab2454.com/whsy.php?p=%2Fproc%2F14469" "Mozilla/5.0 AppleWebKit/537.36 (KHTML, like Gecko; compatible; GPTBot/1.3; +https://openai.com/gptbot)"
74.7.242.6 - - [03/Mar/2026:03:22:16 +0000] "GET /whsy.php?e=limits&p=%2Fproc%2F31848 HTTP/2.0" 200 2250 "https://www.cashewinc.com.lab2454.com/whsy.php?p=%2Fproc%2F31848" "Mozilla/5.0 AppleWebKit/537.36 (KHTML, like Gecko; compatible; GPTBot/1.3; +https://openai.com/gptbot)"
74.7.242.44 - - [03/Mar/2026:03:22:18 +0000] "GET /whsy.php?e=sched&p=%2Fproc%2F14469 HTTP/2.0" 200 2491 "https://cashewinc.com.lab2454.com/whsy.php?p=%2Fproc%2F14469" "Mozilla/5.0 AppleWebKit/537.36 (KHTML, like Gecko; compatible; GPTBot/1.3; +https://openai.com/gptbot)"
74.7.242.6 - - [03/Mar/2026:03:22:25 +0000] "GET /whsy.php?e=mounts&p=%2Fproc%2F31861 HTTP/2.0" 200 2638 "https://www.cashewinc.com.lab2454.com/whsy.php?p=%2Fproc%2F31861" "Mozilla/5.0 AppleWebKit/537.36 (KHTML, like Gecko; compatible; GPTBot/1.3; +https://openai.com/gptbot)"
74.7.242.44 - - [03/Mar/2026:03:22:27 +0000] "GET /whsy.php?e=syscall&p=%2Fproc%2F14469 HTTP/2.0" 200 1936 "https://cashewinc.com.lab2454.com/whsy.php?p=%2Fproc%2F14469" "Mozilla/5.0 AppleWebKit/537.36 (KHTML, like Gecko; compatible; GPTBot/1.3; +https://openai.com/gptbot)"
74.7.242.6 - - [03/Mar/2026:03:22:34 +0000] "GET /whsy.php?e=limits&p=%2Fproc%2F31862 HTTP/2.0" 200 2251 "https://www.cashewinc.com.lab2454.com/whsy.php?p=%2Fproc%2F31862" "Mozilla/5.0 AppleWebKit/537.36 (KHTML, like Gecko; compatible; GPTBot/1.3; +https://openai.com/gptbot)"
74.7.242.44 - - [03/Mar/2026:03:22:36 +0000] "GET /whsy.php?e=environ&p=%2Fproc%2F14469 HTTP/2.0" 200 1936 "https://cashewinc.com.lab2454.com/whsy.php?p=%2Fproc%2F14469" "Mozilla/5.0 AppleWebKit/537.36 (KHTML, like Gecko; compatible; GPTBot/1.3; +https://openai.com/gptbot)"
74.7.242.6 - - [03/Mar/2026:03:22:43 +0000] "GET /whsy.php?e=timers&p=%2Fproc%2F31869 HTTP/2.0" 200 1980 "https://www.cashewinc.com.lab2454.com/whsy.php?p=%2Fproc%2F31869" "Mozilla/5.0 AppleWebKit/537.36 (KHTML, like Gecko; compatible; GPTBot/1.3; +https://openai.com/gptbot)"
74.7.242.44 - - [03/Mar/2026:03:22:44 +0000] "GET /whsy.php?p=%2Fproc%2F16352 HTTP/2.0" 200 862 "https://cashewinc.com.lab2454.com/whsy.php?e=14502&p=%2Fproc" "Mozilla/5.0 AppleWebKit/537.36 (KHTML, like Gecko; compatible; GPTBot/1.3; +https://openai.com/gptbot)"
74.7.242.6 - - [03/Mar/2026:03:22:52 +0000] "GET /whsy.php?e=limits&p=%2Fproc%2F31868 HTTP/2.0" 200 2251 "https://www.cashewinc.com.lab2454.com/whsy.php?p=%2Fproc%2F31868" "Mozilla/5.0 AppleWebKit/537.36 (KHTML, like Gecko; compatible; GPTBot/1.3; +https://openai.com/gptbot)"
74.7.242.44 - - [03/Mar/2026:03:22:53 +0000] "GET /whsy.php?p=%2Fproc%2F31859 HTTP/2.0" 200 1907 "https://cashewinc.com.lab2454.com/whsy.php?p=%2Fproc%2F26963%2F.." "Mozilla/5.0 AppleWebKit/537.36 (KHTML, like Gecko; compatible; GPTBot/1.3; +https://openai.com/gptbot)"
74.7.242.6 - - [03/Mar/2026:03:23:01 +0000] "GET /whsy.php?e=status&p=%2Fproc%2F31860 HTTP/2.0" 200 2504 "https://www.cashewinc.com.lab2454.com/whsy.php?p=%2Fproc%2F31860" "Mozilla/5.0 AppleWebKit/537.36 (KHTML, like Gecko; compatible; GPTBot/1.3; +https://openai.com/gptbot)"
74.7.242.44 - - [03/Mar/2026:03:23:02 +0000] "GET /whsy.php?p=%2Fproc%2F14306 HTTP/2.0" 200 862 "https://cashewinc.com.lab2454.com/whsy.php?p=%2Fproc%2F26963%2F.." "Mozilla/5.0 AppleWebKit/537.36 (KHTML, like Gecko; compatible; GPTBot/1.3; +https://openai.com/gptbot)"
74.7.242.6 - - [03/Mar/2026:03:23:09 +0000] "GET /whsy.php?e=mounts&p=%2Fproc%2F31848 HTTP/2.0" 200 2638 "https://www.cashewinc.com.lab2454.com/whsy.php?p=%2Fproc%2F31848" "Mozilla/5.0 AppleWebKit/537.36 (KHTML, like Gecko; compatible; GPTBot/1.3; +https://openai.com/gptbot)"
74.7.242.44 - - [03/Mar/2026:03:23:10 +0000] "GET /whsy.php?p=%2Fproc%2F23729 HTTP/2.0" 200 862 "https://cashewinc.com.lab2454.com/whsy.php?p=%2Fproc%2F29782%2F.." "Mozilla/5.0 AppleWebKit/537.36 (KHTML, like Gecko; compatible; GPTBot/1.3; +https://openai.com/gptbot)"
74.7.242.6 - - [03/Mar/2026:03:23:18 +0000] "GET /whsy.php?e=status&p=%2Fproc%2F31869 HTTP/2.0" 200 2509 "https://www.cashewinc.com.lab2454.com/whsy.php?p=%2Fproc%2F31869" "Mozilla/5.0 AppleWebKit/537.36 (KHTML, like Gecko; compatible; GPTBot/1.3; +https://openai.com/gptbot)"
74.7.242.44 - - [03/Mar/2026:03:23:19 +0000] "GET /whsy.php?p=%2Fproc%2F20618 HTTP/2.0" 200 862 "https://cashewinc.com.lab2454.com/whsy.php?e=16633&p=%2Fproc" "Mozilla/5.0 AppleWebKit/537.36 (KHTML, like Gecko; compatible; GPTBot/1.3; +https://openai.com/gptbot)"
74.7.242.44 - - [03/Mar/2026:03:23:28 +0000] "GET /whsy.php?p=%2Fproc%2F22615 HTTP/2.0" 200 862 "https://cashewinc.com.lab2454.com/whsy.php?e=21251&p=%2Fproc" "Mozilla/5.0 AppleWebKit/537.36 (KHTML, like Gecko; compatible; GPTBot/1.3; +https://openai.com/gptbot)"
74.7.242.6 - - [03/Mar/2026:03:23:27 +0000] "GET /whsy.php?e=pagemap&p=%2Fproc%2F31848 HTTP/2.0" 200 560 "https://www.cashewinc.com.lab2454.com/whsy.php?p=%2Fproc%2F31848" "Mozilla/5.0 AppleWebKit/537.36 (KHTML, like Gecko; compatible; GPTBot/1.3; +https://openai.com/gptbot)"
74.7.242.44 - - [03/Mar/2026:03:23:37 +0000] "GET /whsy.php?p=%2Fproc%2F23608 HTTP/2.0" 200 862 "https://cashewinc.com.lab2454.com/whsy.php?p=%2Fproc%2F26963%2F.." "Mozilla/5.0 AppleWebKit/537.36 (KHTML, like Gecko; compatible; GPTBot/1.3; +https://openai.com/gptbot)"
74.7.242.6 - - [03/Mar/2026:03:23:39 +0000] "GET /whsy.php?e=syscall&p=%2Fproc%2F31862 HTTP/2.0" 200 2041 "https://www.cashewinc.com.lab2454.com/whsy.php?p=%2Fproc%2F31862" "Mozilla/5.0 AppleWebKit/537.36 (KHTML, like Gecko; compatible; GPTBot/1.3; +https://openai.com/gptbot)"
74.7.242.44 - - [03/Mar/2026:03:23:45 +0000] "GET /whsy.php?e=mountstats&p=%2Fproc%2F31865 HTTP/2.0" 200 2389 "https://cashewinc.com.lab2454.com/whsy.php?p=%2Fproc%2F31865" "Mozilla/5.0 AppleWebKit/537.36 (KHTML, like Gecko; compatible; GPTBot/1.3; +https://openai.com/gptbot)"
74.7.242.6 - - [03/Mar/2026:03:23:47 +0000] "GET /whsy.php?e=pagemap&p=%2Fproc%2F31868 HTTP/2.0" 200 560 "https://www.cashewinc.com.lab2454.com/whsy.php?p=%2Fproc%2F31868" "Mozilla/5.0 AppleWebKit/537.36 (KHTML, like Gecko; compatible; GPTBot/1.3; +https://openai.com/gptbot)"
74.7.242.44 - - [03/Mar/2026:03:23:53 +0000] "GET /whsy.php?e=mountstats&p=%2Fproc%2F31869 HTTP/2.0" 200 2388 "https://cashewinc.com.lab2454.com/whsy.php?p=%2Fproc%2F31869" "Mozilla/5.0 AppleWebKit/537.36 (KHTML, like Gecko; compatible; GPTBot/1.3; +https://openai.com/gptbot)"
74.7.242.6 - - [03/Mar/2026:03:23:58 +0000] "GET /whsy.php?e=pagemap&p=%2Fproc%2F31861 HTTP/2.0" 200 561 "https://www.cashewinc.com.lab2454.com/whsy.php?p=%2Fproc%2F31861" "Mozilla/5.0 AppleWebKit/537.36 (KHTML, like Gecko; compatible; GPTBot/1.3; +https://openai.com/gptbot)"
74.7.242.44 - - [03/Mar/2026:03:24:02 +0000] "GET /whsy.php?e=mountstats&p=%2Fproc%2F31860 HTTP/2.0" 200 2388 "https://cashewinc.com.lab2454.com/whsy.php?p=%2Fproc%2F31860" "Mozilla/5.0 AppleWebKit/537.36 (KHTML, like Gecko; compatible; GPTBot/1.3; +https://openai.com/gptbot)"
74.7.242.6 - - [03/Mar/2026:03:24:10 +0000] "GET /whsy.php?e=numa_maps&p=%2Fproc%2F1489 HTTP/2.0" 200 862 "https://www.cashewinc.com.lab2454.com/whsy.php?p=%2Fproc%2F1489" "Mozilla/5.0 AppleWebKit/537.36 (KHTML, like Gecko; compatible; GPTBot/1.3; +https://openai.com/gptbot)"
74.7.242.44 - - [03/Mar/2026:03:24:11 +0000] "GET /whsy.php?e=loginuid&p=%2Fproc%2F14023 HTTP/2.0" 200 862 "https://cashewinc.com.lab2454.com/whsy.php?p=%2Fproc%2F14023" "Mozilla/5.0 AppleWebKit/537.36 (KHTML, like Gecko; compatible; GPTBot/1.3; +https://openai.com/gptbot)"
74.7.242.6 - - [03/Mar/2026:03:24:19 +0000] "GET /whsy.php?e=smaps_rollup&p=%2Fproc%2F31862 HTTP/2.0" 200 2228 "https://www.cashewinc.com.lab2454.com/whsy.php?p=%2Fproc%2F31862" "Mozilla/5.0 AppleWebKit/537.36 (KHTML, like Gecko; compatible; GPTBot/1.3; +https://openai.com/gptbot)"
74.7.242.44 - - [03/Mar/2026:03:24:20 +0000] "GET /whsy.php?e=loginuid&p=%2Fproc%2F14825 HTTP/2.0" 200 862 "https://cashewinc.com.lab2454.com/whsy.php?p=%2Fproc%2F14825" "Mozilla/5.0 AppleWebKit/537.36 (KHTML, like Gecko; compatible; GPTBot/1.3; +https://openai.com/gptbot)"
74.7.242.6 - - [03/Mar/2026:03:24:29 +0000] "GET /whsy.php?e=cgroup&p=%2Fproc%2F31868%2Fns HTTP/2.0" 200 1077 "https://www.cashewinc.com.lab2454.com/whsy.php?p=%2Fproc%2F31868%2Fns" "Mozilla/5.0 AppleWebKit/537.36 (KHTML, like Gecko; compatible; GPTBot/1.3; +https://openai.com/gptbot)"
74.7.242.44 - - [03/Mar/2026:03:24:30 +0000] "GET /whsy.php?e=timerslack_ns&p=%2Fproc%2F31859 HTTP/2.0" 200 1983 "https://cashewinc.com.lab2454.com/whsy.php?p=%2Fproc%2F31859" "Mozilla/5.0 AppleWebKit/537.36 (KHTML, like Gecko; compatible; GPTBot/1.3; +https://openai.com/gptbot)"
74.7.242.6 - - [03/Mar/2026:03:24:37 +0000] "GET /whsy.php?e=io&p=%2Fproc%2F31862 HTTP/2.0" 200 2030 "https://www.cashewinc.com.lab2454.com/whsy.php?p=%2Fproc%2F31862" "Mozilla/5.0 AppleWebKit/537.36 (KHTML, like Gecko; compatible; GPTBot/1.3; +https://openai.com/gptbot)"
74.7.242.44 - - [03/Mar/2026:03:24:38 +0000] "GET /whsy.php?e=stack&p=%2Fproc%2F31859 HTTP/2.0" 200 1979 "https://cashewinc.com.lab2454.com/whsy.php?p=%2Fproc%2F31859" "Mozilla/5.0 AppleWebKit/537.36 (KHTML, like Gecko; compatible; GPTBot/1.3; +https://openai.com/gptbot)"
74.7.242.6 - - [03/Mar/2026:03:24:46 +0000] "GET /whsy.php?e=io&p=%2Fproc%2F31848 HTTP/2.0" 200 2038 "https://www.cashewinc.com.lab2454.com/whsy.php?p=%2Fproc%2F31848" "Mozilla/5.0 AppleWebKit/537.36 (KHTML, like Gecko; compatible; GPTBot/1.3; +https://openai.com/gptbot)"
74.7.242.44 - - [03/Mar/2026:03:24:47 +0000] "GET /whsy.php?e=statm&p=%2Fproc%2F31859 HTTP/2.0" 200 2002 "https://cashewinc.com.lab2454.com/whsy.php?p=%2Fproc%2F31859" "Mozilla/5.0 AppleWebKit/537.36 (KHTML, like Gecko; compatible; GPTBot/1.3; +https://openai.com/gptbot)"
74.7.242.6 - - [03/Mar/2026:03:24:54 +0000] "GET /whsy.php?e=io&p=%2Fproc%2F31868 HTTP/2.0" 200 2031 "https://www.cashewinc.com.lab2454.com/whsy.php?p=%2Fproc%2F31868" "Mozilla/5.0 AppleWebKit/537.36 (KHTML, like Gecko; compatible; GPTBot/1.3; +https://openai.com/gptbot)"
74.7.242.44 - - [03/Mar/2026:03:24:55 +0000] "GET /whsy.php?e=schedstat&p=%2Fproc%2F31859 HTTP/2.0" 200 2001 "https://cashewinc.com.lab2454.com/whsy.php?p=%2Fproc%2F31859" "Mozilla/5.0 AppleWebKit/537.36 (KHTML, like Gecko; compatible; GPTBot/1.3; +https://openai.com/gptbot)"
74.7.242.6 - - [03/Mar/2026:03:25:02 +0000] "GET /whsy.php?e=io&p=%2Fproc%2F31861 HTTP/2.0" 200 2029 "https://www.cashewinc.com.lab2454.com/whsy.php?p=%2Fproc%2F31861" "Mozilla/5.0 AppleWebKit/537.36 (KHTML, like Gecko; compatible; GPTBot/1.3; +https://openai.com/gptbot)"
74.7.242.44 - - [03/Mar/2026:03:25:02 +0000] "GET /whsy.php?e=mem&p=%2Fproc%2F31859 HTTP/2.0" 200 1979 "https://cashewinc.com.lab2454.com/whsy.php?p=%2Fproc%2F31859" "Mozilla/5.0 AppleWebKit/537.36 (KHTML, like Gecko; compatible; GPTBot/1.3; +https://openai.com/gptbot)"
74.7.242.6 - - [03/Mar/2026:03:25:10 +0000] "GET /whsy.php?e=environ&p=%2Fproc%2F24628 HTTP/2.0" 200 862 "https://www.cashewinc.com.lab2454.com/whsy.php?p=%2Fproc%2F24628" "Mozilla/5.0 AppleWebKit/537.36 (KHTML, like Gecko; compatible; GPTBot/1.3; +https://openai.com/gptbot)"
74.7.242.44 - - [03/Mar/2026:03:25:10 +0000] "GET /whsy.php?e=smaps&p=%2Fproc%2F31859 HTTP/2.0" 200 6369 "https://cashewinc.com.lab2454.com/whsy.php?p=%2Fproc%2F31859" "Mozilla/5.0 AppleWebKit/537.36 (KHTML, like Gecko; compatible; GPTBot/1.3; +https://openai.com/gptbot)"
74.7.242.44 - - [03/Mar/2026:03:25:19 +0000] "GET /whsy.php?e=mountinfo&p=%2Fproc%2F31859 HTTP/2.0" 200 2949 "https://cashewinc.com.lab2454.com/whsy.php?p=%2Fproc%2F31859" "Mozilla/5.0 AppleWebKit/537.36 (KHTML, like Gecko; compatible; GPTBot/1.3; +https://openai.com/gptbot)"
74.7.242.6 - - [03/Mar/2026:03:25:19 +0000] "GET /whsy.php?e=pagemap&p=%2Fproc%2F31862 HTTP/2.0" 200 561 "https://www.cashewinc.com.lab2454.com/whsy.php?p=%2Fproc%2F31862" "Mozilla/5.0 AppleWebKit/537.36 (KHTML, like Gecko; compatible; GPTBot/1.3; +https://openai.com/gptbot)"
74.7.241.182 - - [03/Mar/2026:03:25:25 +0000] "GET /robots.txt HTTP/2.0" 404 - "-" "Mozilla/5.0 (Macintosh; Intel Mac OS X 10_15_7) AppleWebKit/537.36 (KHTML, like Gecko) Chrome/131.0.0.0 Safari/537.36; compatible; OAI-SearchBot/1.3; robots.txt; +https://openai.com/searchbot"
74.7.242.44 - - [03/Mar/2026:03:25:28 +0000] "GET /whsy.php?e=autogroup&p=%2Fproc%2F31859 HTTP/2.0" 200 1996 "https://cashewinc.com.lab2454.com/whsy.php?p=%2Fproc%2F31859" "Mozilla/5.0 AppleWebKit/537.36 (KHTML, like Gecko; compatible; GPTBot/1.3; +https://openai.com/gptbot)"
74.7.242.6 - - [03/Mar/2026:03:25:31 +0000] "GET /whsy.php?e=environ&p=%2Fproc%2F22587 HTTP/2.0" 200 862 "https://www.cashewinc.com.lab2454.com/whsy.php?p=%2Fproc%2F22587" "Mozilla/5.0 AppleWebKit/537.36 (KHTML, like Gecko; compatible; GPTBot/1.3; +https://openai.com/gptbot)"
74.7.242.44 - - [03/Mar/2026:03:25:37 +0000] "GET /whsy.php?e=wchan&p=%2Fproc%2F31859 HTTP/2.0" 200 1989 "https://cashewinc.com.lab2454.com/whsy.php?p=%2Fproc%2F31859" "Mozilla/5.0 AppleWebKit/537.36 (KHTML, like Gecko; compatible; GPTBot/1.3; +https://openai.com/gptbot)"
74.7.175.163 - - [03/Mar/2026:03:25:38 +0000] "GET /robots.txt HTTP/2.0" 404 - "-" "Mozilla/5.0 (Macintosh; Intel Mac OS X 10_15_7) AppleWebKit/537.36 (KHTML, like Gecko) Chrome/131.0.0.0 Safari/537.36; compatible; OAI-SearchBot/1.3; robots.txt; +https://openai.com/searchbot"
74.7.242.6 - - [03/Mar/2026:03:25:40 +0000] "GET /whsy.php?e=syscall&p=%2Fproc%2F20774 HTTP/2.0" 200 862 "https://www.cashewinc.com.lab2454.com/whsy.php?p=%2Fproc%2F20774" "Mozilla/5.0 AppleWebKit/537.36 (KHTML, like Gecko; compatible; GPTBot/1.3; +https://openai.com/gptbot)"
74.7.242.44 - - [03/Mar/2026:03:25:46 +0000] "GET /whsy.php?e=auxv&p=%2Fproc%2F31859 HTTP/2.0" 200 1977 "https://cashewinc.com.lab2454.com/whsy.php?p=%2Fproc%2F31859" "Mozilla/5.0 AppleWebKit/537.36 (KHTML, like Gecko; compatible; GPTBot/1.3; +https://openai.com/gptbot)"
74.7.242.6 - - [03/Mar/2026:03:25:48 +0000] "GET /whsy.php?e=mounts&p=%2Fproc%2F31869 HTTP/2.0" 200 2638 "https://www.cashewinc.com.lab2454.com/whsy.php?p=%2Fproc%2F31869" "Mozilla/5.0 AppleWebKit/537.36 (KHTML, like Gecko; compatible; GPTBot/1.3; +https://openai.com/gptbot)"
74.7.242.44 - - [03/Mar/2026:03:25:54 +0000] "GET /whsy.php?e=exe&p=%2Fproc%2F31859 HTTP/2.0" 200 1978 "https://cashewinc.com.lab2454.com/whsy.php?p=%2Fproc%2F31859" "Mozilla/5.0 AppleWebKit/537.36 (KHTML, like Gecko; compatible; GPTBot/1.3; +https://openai.com/gptbot)"
74.7.242.6 - - [03/Mar/2026:03:25:56 +0000] "GET /whsy.php?e=limits&p=%2Fproc%2F31860 HTTP/2.0" 200 2250 "https://www.cashewinc.com.lab2454.com/whsy.php?p=%2Fproc%2F31860" "Mozilla/5.0 AppleWebKit/537.36 (KHTML, like Gecko; compatible; GPTBot/1.3; +https://openai.com/gptbot)"
74.7.242.44 - - [03/Mar/2026:03:26:03 +0000] "GET /whsy.php?e=sched&p=%2Fproc%2F31859 HTTP/2.0" 200 2431 "https://cashewinc.com.lab2454.com/whsy.php?p=%2Fproc%2F31859" "Mozilla/5.0 AppleWebKit/537.36 (KHTML, like Gecko; compatible; GPTBot/1.3; +https://openai.com/gptbot)"
74.7.242.6 - - [03/Mar/2026:03:26:06 +0000] "GET /whsy.php?e=limits&p=%2Fproc%2F31869 HTTP/2.0" 200 2252 "https://www.cashewinc.com.lab2454.com/whsy.php?p=%2Fproc%2F31869" "Mozilla/5.0 AppleWebKit/537.36 (KHTML, like Gecko; compatible; GPTBot/1.3; +https://openai.com/gptbot)"
74.7.242.44 - - [03/Mar/2026:03:26:12 +0000] "GET /whsy.php?e=timens_offsets&p=%2Fproc%2F31859 HTTP/2.0" 200 1998 "https://cashewinc.com.lab2454.com/whsy.php?p=%2Fproc%2F31859" "Mozilla/5.0 AppleWebKit/537.36 (KHTML, like Gecko; compatible; GPTBot/1.3; +https://openai.com/gptbot)"
74.7.242.6 - - [03/Mar/2026:03:26:15 +0000] "GET /whsy.php?e=mounts&p=%2Fproc%2F31860 HTTP/2.0" 200 2638 "https://www.cashewinc.com.lab2454.com/whsy.php?p=%2Fproc%2F31860" "Mozilla/5.0 AppleWebKit/537.36 (KHTML, like Gecko; compatible; GPTBot/1.3; +https://openai.com/gptbot)"
74.7.242.44 - - [03/Mar/2026:03:26:22 +0000] "GET /whsy.php?e=sessionid&p=%2Fproc%2F31859 HTTP/2.0" 200 1991 "https://cashewinc.com.lab2454.com/whsy.php?p=%2Fproc%2F31859" "Mozilla/5.0 AppleWebKit/537.36 (KHTML, like Gecko; compatible; GPTBot/1.3; +https://openai.com/gptbot)"
74.7.242.6 - - [03/Mar/2026:03:26:26 +0000] "GET /whsy.php?e=oom_score&p=%2Fproc%2F1489 HTTP/2.0" 200 862 "https://www.cashewinc.com.lab2454.com/whsy.php?p=%2Fproc%2F1489" "Mozilla/5.0 AppleWebKit/537.36 (KHTML, like Gecko; compatible; GPTBot/1.3; +https://openai.com/gptbot)"
74.7.242.44 - - [03/Mar/2026:03:26:33 +0000] "GET /whsy.php?e=setgroups&p=%2Fproc%2F31859 HTTP/2.0" 200 1982 "https://cashewinc.com.lab2454.com/whsy.php?p=%2Fproc%2F31859" "Mozilla/5.0 AppleWebKit/537.36 (KHTML, like Gecko; compatible; GPTBot/1.3; +https://openai.com/gptbot)"
74.7.242.6 - - [03/Mar/2026:03:26:36 +0000] "GET /whsy.php?e=comm&p=%2Fproc%2F31862 HTTP/2.0" 200 1983 "https://www.cashewinc.com.lab2454.com/whsy.php?p=%2Fproc%2F31862" "Mozilla/5.0 AppleWebKit/537.36 (KHTML, like Gecko; compatible; GPTBot/1.3; +https://openai.com/gptbot)"
74.7.242.44 - - [03/Mar/2026:03:26:43 +0000] "GET /whsy.php?e=maps&p=%2Fproc%2F31859 HTTP/2.0" 200 3813 "https://cashewinc.com.lab2454.com/whsy.php?p=%2Fproc%2F31859" "Mozilla/5.0 AppleWebKit/537.36 (KHTML, like Gecko; compatible; GPTBot/1.3; +https://openai.com/gptbot)"
74.7.242.6 - - [03/Mar/2026:03:26:45 +0000] "GET /whsy.php?e=maps&p=%2Fproc%2F31862 HTTP/2.0" 200 3287 "https://www.cashewinc.com.lab2454.com/whsy.php?p=%2Fproc%2F31862" "Mozilla/5.0 AppleWebKit/537.36 (KHTML, like Gecko; compatible; GPTBot/1.3; +https://openai.com/gptbot)"
74.7.242.44 - - [03/Mar/2026:03:26:51 +0000] "GET /whsy.php?e=comm&p=%2Fproc%2F31859 HTTP/2.0" 200 1984 "https://cashewinc.com.lab2454.com/whsy.php?p=%2Fproc%2F31859" "Mozilla/5.0 AppleWebKit/537.36 (KHTML, like Gecko; compatible; GPTBot/1.3; +https://openai.com/gptbot)"
74.7.242.6 - - [03/Mar/2026:03:26:54 +0000] "GET /whsy.php?e=stat&p=%2Fproc%2F20774 HTTP/2.0" 200 862 "https://www.cashewinc.com.lab2454.com/whsy.php?p=%2Fproc%2F20774" "Mozilla/5.0 AppleWebKit/537.36 (KHTML, like Gecko; compatible; GPTBot/1.3; +https://openai.com/gptbot)"
74.7.242.44 - - [03/Mar/2026:03:27:00 +0000] "GET /whsy.php?e=gid_map&p=%2Fproc%2F31859 HTTP/2.0" 200 1999 "https://cashewinc.com.lab2454.com/whsy.php?p=%2Fproc%2F31859" "Mozilla/5.0 AppleWebKit/537.36 (KHTML, like Gecko; compatible; GPTBot/1.3; +https://openai.com/gptbot)"
74.7.242.6 - - [03/Mar/2026:03:27:03 +0000] "GET /whsy.php?e=mountstats&p=%2Fproc%2F24628 HTTP/2.0" 200 862 "https://www.cashewinc.com.lab2454.com/whsy.php?p=%2Fproc%2F24628" "Mozilla/5.0 AppleWebKit/537.36 (KHTML, like Gecko; compatible; GPTBot/1.3; +https://openai.com/gptbot)"
74.7.242.44 - - [03/Mar/2026:03:27:08 +0000] "GET /whsy.php?e=oom_adj&p=%2Fproc%2F31859 HTTP/2.0" 200 1981 "https://cashewinc.com.lab2454.com/whsy.php?p=%2Fproc%2F31859" "Mozilla/5.0 AppleWebKit/537.36 (KHTML, like Gecko; compatible; GPTBot/1.3; +https://openai.com/gptbot)"
74.7.242.6 - - [03/Mar/2026:03:27:10 +0000] "GET /whsy.php?e=mountstats&p=%2Fproc%2F20774 HTTP/2.0" 200 862 "https://www.cashewinc.com.lab2454.com/whsy.php?p=%2Fproc%2F20774" "Mozilla/5.0 AppleWebKit/537.36 (KHTML, like Gecko; compatible; GPTBot/1.3; +https://openai.com/gptbot)"
74.7.242.44 - - [03/Mar/2026:03:27:15 +0000] "GET /whsy.php?e=uid_map&p=%2Fproc%2F31859 HTTP/2.0" 200 1995 "https://cashewinc.com.lab2454.com/whsy.php?p=%2Fproc%2F31859" "Mozilla/5.0 AppleWebKit/537.36 (KHTML, like Gecko; compatible; GPTBot/1.3; +https://openai.com/gptbot)"
74.7.242.6 - - [03/Mar/2026:03:27:17 +0000] "GET /whsy.php?e=mountstats&p=%2Fproc%2F22587 HTTP/2.0" 200 862 "https://www.cashewinc.com.lab2454.com/whsy.php?p=%2Fproc%2F22587" "Mozilla/5.0 AppleWebKit/537.36 (KHTML, like Gecko; compatible; GPTBot/1.3; +https://openai.com/gptbot)"
74.7.242.44 - - [03/Mar/2026:03:27:23 +0000] "GET /whsy.php?e=stat&p=%2Fproc%2F31859 HTTP/2.0" 200 2130 "https://cashewinc.com.lab2454.com/whsy.php?p=%2Fproc%2F31859" "Mozilla/5.0 AppleWebKit/537.36 (KHTML, like Gecko; compatible; GPTBot/1.3; +https://openai.com/gptbot)"
74.7.242.6 - - [03/Mar/2026:03:27:25 +0000] "GET /whsy.php?e=status&p=%2Fproc%2F24628 HTTP/2.0" 200 862 "https://www.cashewinc.com.lab2454.com/whsy.php?p=%2Fproc%2F24628" "Mozilla/5.0 AppleWebKit/537.36 (KHTML, like Gecko; compatible; GPTBot/1.3; +https://openai.com/gptbot)"
74.7.242.44 - - [03/Mar/2026:03:27:31 +0000] "GET /whsy.php?e=io&p=%2Fproc%2F31859 HTTP/2.0" 200 2030 "https://cashewinc.com.lab2454.com/whsy.php?p=%2Fproc%2F31859" "Mozilla/5.0 AppleWebKit/537.36 (KHTML, like Gecko; compatible; GPTBot/1.3; +https://openai.com/gptbot)"
74.7.242.6 - - [03/Mar/2026:03:27:34 +0000] "GET /whsy.php?e=status&p=%2Fproc%2F22587 HTTP/2.0" 200 862 "https://www.cashewinc.com.lab2454.com/whsy.php?p=%2Fproc%2F22587" "Mozilla/5.0 AppleWebKit/537.36 (KHTML, like Gecko; compatible; GPTBot/1.3; +https://openai.com/gptbot)"
74.7.242.44 - - [03/Mar/2026:03:27:39 +0000] "GET /whsy.php?e=oom_score_adj&p=%2Fproc%2F31859 HTTP/2.0" 200 1983 "https://cashewinc.com.lab2454.com/whsy.php?p=%2Fproc%2F31859" "Mozilla/5.0 AppleWebKit/537.36 (KHTML, like Gecko; compatible; GPTBot/1.3; +https://openai.com/gptbot)"
74.7.242.6 - - [03/Mar/2026:03:27:42 +0000] "GET /whsy.php?e=timens_offsets&p=%2Fproc%2F1489 HTTP/2.0" 200 862 "https://www.cashewinc.com.lab2454.com/whsy.php?p=%2Fproc%2F1489" "Mozilla/5.0 AppleWebKit/537.36 (KHTML, like Gecko; compatible; GPTBot/1.3; +https://openai.com/gptbot)"
74.7.242.44 - - [03/Mar/2026:03:27:49 +0000] "GET /whsy.php?e=ksm_stat&p=%2Fproc%2F31859 HTTP/2.0" 200 2013 "https://cashewinc.com.lab2454.com/whsy.php?p=%2Fproc%2F31859" "Mozilla/5.0 AppleWebKit/537.36 (KHTML, like Gecko; compatible; GPTBot/1.3; +https://openai.com/gptbot)"
74.7.242.6 - - [03/Mar/2026:03:27:51 +0000] "GET /whsy.php?e=limits&p=%2Fproc%2F24628 HTTP/2.0" 200 862 "https://www.cashewinc.com.lab2454.com/whsy.php?p=%2Fproc%2F24628" "Mozilla/5.0 AppleWebKit/537.36 (KHTML, like Gecko; compatible; GPTBot/1.3; +https://openai.com/gptbot)"
74.7.242.44 - - [03/Mar/2026:03:27:59 +0000] "GET /whsy.php?e=cmdline&p=%2Fproc%2F31859 HTTP/2.0" 200 2116 "https://cashewinc.com.lab2454.com/whsy.php?p=%2Fproc%2F31859" "Mozilla/5.0 AppleWebKit/537.36 (KHTML, like Gecko; compatible; GPTBot/1.3; +https://openai.com/gptbot)"
74.7.242.6 - - [03/Mar/2026:03:28:01 +0000] "GET /whsy.php?e=mounts&p=%2Fproc%2F22587 HTTP/2.0" 200 862 "https://www.cashewinc.com.lab2454.com/whsy.php?p=%2Fproc%2F22587" "Mozilla/5.0 AppleWebKit/537.36 (KHTML, like Gecko; compatible; GPTBot/1.3; +https://openai.com/gptbot)"
74.7.242.44 - - [03/Mar/2026:03:28:09 +0000] "GET /whsy.php?e=environ&p=%2Fproc%2F31859 HTTP/2.0" 200 2079 "https://cashewinc.com.lab2454.com/whsy.php?p=%2Fproc%2F31859" "Mozilla/5.0 AppleWebKit/537.36 (KHTML, like Gecko; compatible; GPTBot/1.3; +https://openai.com/gptbot)"
74.7.242.6 - - [03/Mar/2026:03:28:11 +0000] "GET /whsy.php?e=limits&p=%2Fproc%2F22587 HTTP/2.0" 200 862 "https://www.cashewinc.com.lab2454.com/whsy.php?p=%2Fproc%2F22587" "Mozilla/5.0 AppleWebKit/537.36 (KHTML, like Gecko; compatible; GPTBot/1.3; +https://openai.com/gptbot)"
74.7.242.44 - - [03/Mar/2026:03:28:18 +0000] "GET /whsy.php?e=smaps_rollup&p=%2Fproc%2F31859 HTTP/2.0" 200 2228 "https://cashewinc.com.lab2454.com/whsy.php?p=%2Fproc%2F31859" "Mozilla/5.0 AppleWebKit/537.36 (KHTML, like Gecko; compatible; GPTBot/1.3; +https://openai.com/gptbot)"
74.7.242.6 - - [03/Mar/2026:03:28:20 +0000] "GET /whsy.php?e=mounts&p=%2Fproc%2F24628 HTTP/2.0" 200 862 "https://www.cashewinc.com.lab2454.com/whsy.php?p=%2Fproc%2F24628" "Mozilla/5.0 AppleWebKit/537.36 (KHTML, like Gecko; compatible; GPTBot/1.3; +https://openai.com/gptbot)"
74.7.242.44 - - [03/Mar/2026:03:28:27 +0000] "GET /whsy.php?e=personality&p=%2Fproc%2F31859 HTTP/2.0" 200 1981 "https://cashewinc.com.lab2454.com/whsy.php?p=%2Fproc%2F31859" "Mozilla/5.0 AppleWebKit/537.36 (KHTML, like Gecko; compatible; GPTBot/1.3; +https://openai.com/gptbot)"
74.7.242.6 - - [03/Mar/2026:03:28:30 +0000] "GET /whsy.php?e=mounts&p=%2Fproc%2F20774 HTTP/2.0" 200 862 "https://www.cashewinc.com.lab2454.com/whsy.php?p=%2Fproc%2F20774" "Mozilla/5.0 AppleWebKit/537.36 (KHTML, like Gecko; compatible; GPTBot/1.3; +https://openai.com/gptbot)"
74.7.242.44 - - [03/Mar/2026:03:28:36 +0000] "GET /whsy.php?e=clear_refs&p=%2Fproc%2F31859 HTTP/2.0" 200 1907 "https://cashewinc.com.lab2454.com/whsy.php?p=%2Fproc%2F31859" "Mozilla/5.0 AppleWebKit/537.36 (KHTML, like Gecko; compatible; GPTBot/1.3; +https://openai.com/gptbot)"
74.7.242.6 - - [03/Mar/2026:03:28:39 +0000] "GET /whsy.php?e=status&p=%2Fproc%2F31861 HTTP/2.0" 200 2510 "https://www.cashewinc.com.lab2454.com/whsy.php?p=%2Fproc%2F31861" "Mozilla/5.0 AppleWebKit/537.36 (KHTML, like Gecko; compatible; GPTBot/1.3; +https://openai.com/gptbot)"
74.7.242.6 - - [03/Mar/2026:03:28:47 +0000] "GET /whsy.php?e=status&p=%2Fproc%2F31868 HTTP/2.0" 200 2508 "https://www.cashewinc.com.lab2454.com/whsy.php?p=%2Fproc%2F31868" "Mozilla/5.0 AppleWebKit/537.36 (KHTML, like Gecko; compatible; GPTBot/1.3; +https://openai.com/gptbot)"
74.7.242.44 - - [03/Mar/2026:03:28:45 +0000] "GET /whsy.php?e=pagemap&p=%2Fproc%2F31859 HTTP/2.0" 200 561 "https://cashewinc.com.lab2454.com/whsy.php?p=%2Fproc%2F31859" "Mozilla/5.0 AppleWebKit/537.36 (KHTML, like Gecko; compatible; GPTBot/1.3; +https://openai.com/gptbot)"
74.7.242.6 - - [03/Mar/2026:03:28:55 +0000] "GET /whsy.php?e=timers&p=%2Fproc%2F31868 HTTP/2.0" 200 1979 "https://www.cashewinc.com.lab2454.com/whsy.php?p=%2Fproc%2F31868" "Mozilla/5.0 AppleWebKit/537.36 (KHTML, like Gecko; compatible; GPTBot/1.3; +https://openai.com/gptbot)"
74.7.242.44 - - [03/Mar/2026:03:28:56 +0000] "GET /whsy.php?e=syscall&p=%2Fproc%2F31859 HTTP/2.0" 200 2033 "https://cashewinc.com.lab2454.com/whsy.php?p=%2Fproc%2F31859" "Mozilla/5.0 AppleWebKit/537.36 (KHTML, like Gecko; compatible; GPTBot/1.3; +https://openai.com/gptbot)"
74.7.242.6 - - [03/Mar/2026:03:29:03 +0000] "GET /whsy.php?e=cgroup&p=%2Fproc%2F31860 HTTP/2.0" 200 2117 "https://www.cashewinc.com.lab2454.com/whsy.php?p=%2Fproc%2F31860" "Mozilla/5.0 AppleWebKit/537.36 (KHTML, like Gecko; compatible; GPTBot/1.3; +https://openai.com/gptbot)"
74.7.242.44 - - [03/Mar/2026:03:29:04 +0000] "GET /whsy.php?e=mountstats&p=%2Fproc%2F31859 HTTP/2.0" 200 2389 "https://cashewinc.com.lab2454.com/whsy.php?p=%2Fproc%2F31859" "Mozilla/5.0 AppleWebKit/537.36 (KHTML, like Gecko; compatible; GPTBot/1.3; +https://openai.com/gptbot)"
74.7.242.6 - - [03/Mar/2026:03:29:13 +0000] "GET /whsy.php?e=timers&p=%2Fproc%2F31848 HTTP/2.0" 200 1979 "https://www.cashewinc.com.lab2454.com/whsy.php?p=%2Fproc%2F31848" "Mozilla/5.0 AppleWebKit/537.36 (KHTML, like Gecko; compatible; GPTBot/1.3; +https://openai.com/gptbot)"
74.7.242.44 - - [03/Mar/2026:03:29:14 +0000] "GET /whsy.php?e=loginuid&p=%2Fproc%2F31869 HTTP/2.0" 200 1988 "https://cashewinc.com.lab2454.com/whsy.php?p=%2Fproc%2F31869" "Mozilla/5.0 AppleWebKit/537.36 (KHTML, like Gecko; compatible; GPTBot/1.3; +https://openai.com/gptbot)"
74.7.242.6 - - [03/Mar/2026:03:29:22 +0000] "GET /whsy.php?e=limits&p=%2Fproc%2F20774 HTTP/2.0" 200 862 "https://www.cashewinc.com.lab2454.com/whsy.php?p=%2Fproc%2F20774" "Mozilla/5.0 AppleWebKit/537.36 (KHTML, like Gecko; compatible; GPTBot/1.3; +https://openai.com/gptbot)"
74.7.242.44 - - [03/Mar/2026:03:29:23 +0000] "GET /whsy.php?e=loginuid&p=%2Fproc%2F31859 HTTP/2.0" 200 1988 "https://cashewinc.com.lab2454.com/whsy.php?p=%2Fproc%2F31859" "Mozilla/5.0 AppleWebKit/537.36 (KHTML, like Gecko; compatible; GPTBot/1.3; +https://openai.com/gptbot)"
74.7.242.6 - - [03/Mar/2026:03:29:31 +0000] "GET /whsy.php?e=cgroup&p=%2Fproc%2F31869 HTTP/2.0" 200 2117 "https://www.cashewinc.com.lab2454.com/whsy.php?p=%2Fproc%2F31869" "Mozilla/5.0 AppleWebKit/537.36 (KHTML, like Gecko; compatible; GPTBot/1.3; +https://openai.com/gptbot)"
74.7.242.44 - - [03/Mar/2026:03:29:32 +0000] "GET /whsy.php?e=loginuid&p=%2Fproc%2F31865 HTTP/2.0" 200 1987 "https://cashewinc.com.lab2454.com/whsy.php?p=%2Fproc%2F31865" "Mozilla/5.0 AppleWebKit/537.36 (KHTML, like Gecko; compatible; GPTBot/1.3; +https://openai.com/gptbot)"
74.7.242.6 - - [03/Mar/2026:03:29:42 +0000] "GET /whsy.php?e=timers&p=%2Fproc%2F31862 HTTP/2.0" 200 1980 "https://www.cashewinc.com.lab2454.com/whsy.php?p=%2Fproc%2F31862" "Mozilla/5.0 AppleWebKit/537.36 (KHTML, like Gecko; compatible; GPTBot/1.3; +https://openai.com/gptbot)"
74.7.242.44 - - [03/Mar/2026:03:29:43 +0000] "GET /whsy.php?e=loginuid&p=%2Fproc%2F14469 HTTP/2.0" 200 862 "https://cashewinc.com.lab2454.com/whsy.php?p=%2Fproc%2F14469" "Mozilla/5.0 AppleWebKit/537.36 (KHTML, like Gecko; compatible; GPTBot/1.3; +https://openai.com/gptbot)"
74.7.242.6 - - [03/Mar/2026:03:29:53 +0000] "GET /whsy.php?e=timers&p=%2Fproc%2F31861 HTTP/2.0" 200 1980 "https://www.cashewinc.com.lab2454.com/whsy.php?p=%2Fproc%2F31861" "Mozilla/5.0 AppleWebKit/537.36 (KHTML, like Gecko; compatible; GPTBot/1.3; +https://openai.com/gptbot)"
74.7.242.44 - - [03/Mar/2026:03:29:54 +0000] "GET /whsy.php?e=loginuid&p=%2Fproc%2F31860 HTTP/2.0" 200 1987 "https://cashewinc.com.lab2454.com/whsy.php?p=%2Fproc%2F31860" "Mozilla/5.0 AppleWebKit/537.36 (KHTML, like Gecko; compatible; GPTBot/1.3; +https://openai.com/gptbot)"
74.7.242.6 - - [03/Mar/2026:03:30:04 +0000] "GET /whsy.php?e=cpuset&p=%2Fproc%2F31869 HTTP/2.0" 200 1980 "https://www.cashewinc.com.lab2454.com/whsy.php?p=%2Fproc%2F31869" "Mozilla/5.0 AppleWebKit/537.36 (KHTML, like Gecko; compatible; GPTBot/1.3; +https://openai.com/gptbot)"
74.7.242.44 - - [03/Mar/2026:03:30:05 +0000] "GET /whsy.php?e=loginuid&p=%2Fproc%2F31861 HTTP/2.0" 200 1987 "https://cashewinc.com.lab2454.com/whsy.php?p=%2Fproc%2F31861" "Mozilla/5.0 AppleWebKit/537.36 (KHTML, like Gecko; compatible; GPTBot/1.3; +https://openai.com/gptbot)"
74.7.242.6 - - [03/Mar/2026:03:30:15 +0000] "GET /whsy.php?e=status&p=%2Fproc%2F31848 HTTP/2.0" 200 2503 "https://www.cashewinc.com.lab2454.com/whsy.php?p=%2Fproc%2F31848" "Mozilla/5.0 AppleWebKit/537.36 (KHTML, like Gecko; compatible; GPTBot/1.3; +https://openai.com/gptbot)"
74.7.242.44 - - [03/Mar/2026:03:30:16 +0000] "GET /whsy.php?e=mountstats&p=%2Fproc%2F31861 HTTP/2.0" 200 2388 "https://cashewinc.com.lab2454.com/whsy.php?p=%2Fproc%2F31861" "Mozilla/5.0 AppleWebKit/537.36 (KHTML, like Gecko; compatible; GPTBot/1.3; +https://openai.com/gptbot)"
74.7.242.6 - - [03/Mar/2026:03:30:26 +0000] "GET /whsy.php?e=cpuset&p=%2Fproc%2F31860 HTTP/2.0" 200 1980 "https://www.cashewinc.com.lab2454.com/whsy.php?p=%2Fproc%2F31860" "Mozilla/5.0 AppleWebKit/537.36 (KHTML, like Gecko; compatible; GPTBot/1.3; +https://openai.com/gptbot)"
74.7.241.182 - - [03/Mar/2026:03:30:27 +0000] "GET /robots.txt HTTP/2.0" 404 - "-" "Mozilla/5.0 (Macintosh; Intel Mac OS X 10_15_7) AppleWebKit/537.36 (KHTML, like Gecko) Chrome/131.0.0.0 Safari/537.36; compatible; OAI-SearchBot/1.3; robots.txt; +https://openai.com/searchbot"
74.7.242.44 - - [03/Mar/2026:03:30:27 +0000] "GET /whsy.php?e=mountstats&p=%2Fproc%2F14023 HTTP/2.0" 200 862 "https://cashewinc.com.lab2454.com/whsy.php?p=%2Fproc%2F14023" "Mozilla/5.0 AppleWebKit/537.36 (KHTML, like Gecko; compatible; GPTBot/1.3; +https://openai.com/gptbot)"
74.7.242.6 - - [03/Mar/2026:03:30:35 +0000] "GET /whsy.php?e=status&p=%2Fproc%2F31862 HTTP/2.0" 200 2511 "https://www.cashewinc.com.lab2454.com/whsy.php?p=%2Fproc%2F31862" "Mozilla/5.0 AppleWebKit/537.36 (KHTML, like Gecko; compatible; GPTBot/1.3; +https://openai.com/gptbot)"
74.7.242.44 - - [03/Mar/2026:03:30:37 +0000] "GET /whsy.php?e=mountstats&p=%2Fproc%2F14825 HTTP/2.0" 200 862 "https://cashewinc.com.lab2454.com/whsy.php?p=%2Fproc%2F14825" "Mozilla/5.0 AppleWebKit/537.36 (KHTML, like Gecko; compatible; GPTBot/1.3; +https://openai.com/gptbot)"
74.7.242.6 - - [03/Mar/2026:03:30:43 +0000] "GET /whsy.php?e=numa_maps&p=%2Fproc%2F31869 HTTP/2.0" 200 3016 "https://www.cashewinc.com.lab2454.com/whsy.php?p=%2Fproc%2F31869" "Mozilla/5.0 AppleWebKit/537.36 (KHTML, like Gecko; compatible; GPTBot/1.3; +https://openai.com/gptbot)"
74.7.242.44 - - [03/Mar/2026:03:30:45 +0000] "GET /whsy.php?e=mountstats&p=%2Fproc%2F14469 HTTP/2.0" 200 862 "https://cashewinc.com.lab2454.com/whsy.php?p=%2Fproc%2F14469" "Mozilla/5.0 AppleWebKit/537.36 (KHTML, like Gecko; compatible; GPTBot/1.3; +https://openai.com/gptbot)"
74.7.175.163 - - [03/Mar/2026:03:30:46 +0000] "GET /robots.txt HTTP/2.0" 404 - "-" "Mozilla/5.0 (Macintosh; Intel Mac OS X 10_15_7) AppleWebKit/537.36 (KHTML, like Gecko) Chrome/131.0.0.0 Safari/537.36; compatible; OAI-SearchBot/1.3; robots.txt; +https://openai.com/searchbot"
74.7.242.6 - - [03/Mar/2026:03:30:52 +0000] "GET /whsy.php?e=numa_maps&p=%2Fproc%2F31860 HTTP/2.0" 200 3016 "https://www.cashewinc.com.lab2454.com/whsy.php?p=%2Fproc%2F31860" "Mozilla/5.0 AppleWebKit/537.36 (KHTML, like Gecko; compatible; GPTBot/1.3; +https://openai.com/gptbot)"
74.7.242.44 - - [03/Mar/2026:03:30:54 +0000] "GET /whsy.php?p=%2Fproc%2F25727 HTTP/2.0" 200 862 "https://cashewinc.com.lab2454.com/whsy.php?e=16633&p=%2Fproc" "Mozilla/5.0 AppleWebKit/537.36 (KHTML, like Gecko; compatible; GPTBot/1.3; +https://openai.com/gptbot)"
74.7.242.6 - - [03/Mar/2026:03:31:02 +0000] "GET /whsy.php?e=wchan&p=%2Fproc%2F1489 HTTP/2.0" 200 862 "https://www.cashewinc.com.lab2454.com/whsy.php?p=%2Fproc%2F1489" "Mozilla/5.0 AppleWebKit/537.36 (KHTML, like Gecko; compatible; GPTBot/1.3; +https://openai.com/gptbot)"
74.7.242.44 - - [03/Mar/2026:03:31:05 +0000] "GET /whsy.php?p=%2Fproc%2F24662 HTTP/2.0" 200 862 "https://cashewinc.com.lab2454.com/whsy.php?p=%2Fproc%2F29782%2F.." "Mozilla/5.0 AppleWebKit/537.36 (KHTML, like Gecko; compatible; GPTBot/1.3; +https://openai.com/gptbot)"
74.7.242.6 - - [03/Mar/2026:03:31:11 +0000] "GET /whsy.php?e=numa_maps&p=%2Fproc%2F31868 HTTP/2.0" 200 3540 "https://www.cashewinc.com.lab2454.com/whsy.php?p=%2Fproc%2F31868" "Mozilla/5.0 AppleWebKit/537.36 (KHTML, like Gecko; compatible; GPTBot/1.3; +https://openai.com/gptbot)"
74.7.242.44 - - [03/Mar/2026:03:31:13 +0000] "GET /whsy.php?p=%2Fproc%2F21721 HTTP/2.0" 200 862 "https://cashewinc.com.lab2454.com/whsy.php?e=16633&p=%2Fproc" "Mozilla/5.0 AppleWebKit/537.36 (KHTML, like Gecko; compatible; GPTBot/1.3; +https://openai.com/gptbot)"
74.7.242.6 - - [03/Mar/2026:03:31:20 +0000] "GET /whsy.php?e=numa_maps&p=%2Fproc%2F31848 HTTP/2.0" 200 2263 "https://www.cashewinc.com.lab2454.com/whsy.php?p=%2Fproc%2F31848" "Mozilla/5.0 AppleWebKit/537.36 (KHTML, like Gecko; compatible; GPTBot/1.3; +https://openai.com/gptbot)"
74.7.242.44 - - [03/Mar/2026:03:31:22 +0000] "GET /whsy.php?p=%2Fproc%2F21262 HTTP/2.0" 200 862 "https://cashewinc.com.lab2454.com/whsy.php?p=%2Fproc%2F29566%2F.." "Mozilla/5.0 AppleWebKit/537.36 (KHTML, like Gecko; compatible; GPTBot/1.3; +https://openai.com/gptbot)"
74.7.242.6 - - [03/Mar/2026:03:31:30 +0000] "GET /whsy.php?e=numa_maps&p=%2Fproc%2F31862 HTTP/2.0" 200 3015 "https://www.cashewinc.com.lab2454.com/whsy.php?p=%2Fproc%2F31862" "Mozilla/5.0 AppleWebKit/537.36 (KHTML, like Gecko; compatible; GPTBot/1.3; +https://openai.com/gptbot)"
74.7.242.44 - - [03/Mar/2026:03:31:32 +0000] "GET /whsy.php?p=%2Fproc%2F22629 HTTP/2.0" 200 862 "https://cashewinc.com.lab2454.com/whsy.php?e=21251&p=%2Fproc" "Mozilla/5.0 AppleWebKit/537.36 (KHTML, like Gecko; compatible; GPTBot/1.3; +https://openai.com/gptbot)"
74.7.242.6 - - [03/Mar/2026:03:31:39 +0000] "GET /whsy.php?e=numa_maps&p=%2Fproc%2F31861 HTTP/2.0" 200 3016 "https://www.cashewinc.com.lab2454.com/whsy.php?p=%2Fproc%2F31861" "Mozilla/5.0 AppleWebKit/537.36 (KHTML, like Gecko; compatible; GPTBot/1.3; +https://openai.com/gptbot)"
74.7.242.44 - - [03/Mar/2026:03:31:41 +0000] "GET /whsy.php?p=%2Fproc%2F21292 HTTP/2.0" 200 862 "https://cashewinc.com.lab2454.com/whsy.php?e=16633&p=%2Fproc" "Mozilla/5.0 AppleWebKit/537.36 (KHTML, like Gecko; compatible; GPTBot/1.3; +https://openai.com/gptbot)"
74.7.242.6 - - [03/Mar/2026:03:31:48 +0000] "GET /whsy.php?e=stack&p=%2Fproc%2F1489 HTTP/2.0" 200 862 "https://www.cashewinc.com.lab2454.com/whsy.php?p=%2Fproc%2F1489" "Mozilla/5.0 AppleWebKit/537.36 (KHTML, like Gecko; compatible; GPTBot/1.3; +https://openai.com/gptbot)"
74.7.242.44 - - [03/Mar/2026:03:31:49 +0000] "GET /whsy.php?p=%2Fproc%2F22009 HTTP/2.0" 200 862 "https://cashewinc.com.lab2454.com/whsy.php?p=%2Fproc%2F26963%2F.." "Mozilla/5.0 AppleWebKit/537.36 (KHTML, like Gecko; compatible; GPTBot/1.3; +https://openai.com/gptbot)"
74.7.242.6 - - [03/Mar/2026:03:31:57 +0000] "GET /whsy.php?e=statm&p=%2Fproc%2F1489 HTTP/2.0" 200 862 "https://www.cashewinc.com.lab2454.com/whsy.php?p=%2Fproc%2F1489" "Mozilla/5.0 AppleWebKit/537.36 (KHTML, like Gecko; compatible; GPTBot/1.3; +https://openai.com/gptbot)"
74.7.242.44 - - [03/Mar/2026:03:31:59 +0000] "GET /whsy.php?p=%2Fproc%2F21266 HTTP/2.0" 200 862 "https://cashewinc.com.lab2454.com/whsy.php?p=%2Fproc%2F29566%2F.." "Mozilla/5.0 AppleWebKit/537.36 (KHTML, like Gecko; compatible; GPTBot/1.3; +https://openai.com/gptbot)"
74.7.242.6 - - [03/Mar/2026:03:32:06 +0000] "GET /whsy.php?e=loginuid&p=%2Fproc%2F1489 HTTP/2.0" 200 862 "https://www.cashewinc.com.lab2454.com/whsy.php?p=%2Fproc%2F1489" "Mozilla/5.0 AppleWebKit/537.36 (KHTML, like Gecko; compatible; GPTBot/1.3; +https://openai.com/gptbot)"
74.7.242.44 - - [03/Mar/2026:03:32:08 +0000] "GET /whsy.php?p=%2Fproc%2F21252 HTTP/2.0" 200 862 "https://cashewinc.com.lab2454.com/whsy.php?p=%2Fproc%2F29566%2F.." "Mozilla/5.0 AppleWebKit/537.36 (KHTML, like Gecko; compatible; GPTBot/1.3; +https://openai.com/gptbot)"
74.7.242.6 - - [03/Mar/2026:03:32:15 +0000] "GET /whsy.php?e=timers&p=%2Fproc%2F20774 HTTP/2.0" 200 862 "https://www.cashewinc.com.lab2454.com/whsy.php?p=%2Fproc%2F20774" "Mozilla/5.0 AppleWebKit/537.36 (KHTML, like Gecko; compatible; GPTBot/1.3; +https://openai.com/gptbot)"
74.7.242.44 - - [03/Mar/2026:03:32:16 +0000] "GET /whsy.php?p=%2Fproc%2F22625 HTTP/2.0" 200 862 "https://cashewinc.com.lab2454.com/whsy.php?e=21251&p=%2Fproc" "Mozilla/5.0 AppleWebKit/537.36 (KHTML, like Gecko; compatible; GPTBot/1.3; +https://openai.com/gptbot)"
74.7.242.6 - - [03/Mar/2026:03:32:23 +0000] "GET /whsy.php?p=%2Fproc%2F31869%2Froot HTTP/2.0" 200 1003 "https://www.cashewinc.com.lab2454.com/whsy.php?p=%2Fproc%2F31869" "Mozilla/5.0 AppleWebKit/537.36 (KHTML, like Gecko; compatible; GPTBot/1.3; +https://openai.com/gptbot)"
74.7.242.44 - - [03/Mar/2026:03:32:25 +0000] "GET /whsy.php?p=%2Fproc%2F25002 HTTP/2.0" 200 862 "https://cashewinc.com.lab2454.com/whsy.php?e=24655&p=%2Fproc" "Mozilla/5.0 AppleWebKit/537.36 (KHTML, like Gecko; compatible; GPTBot/1.3; +https://openai.com/gptbot)"
74.7.242.6 - - [03/Mar/2026:03:32:30 +0000] "GET /whsy.php?p=%2Fproc%2F20774%2Ftask HTTP/2.0" 200 862 "https://www.cashewinc.com.lab2454.com/whsy.php?p=%2Fproc%2F20774" "Mozilla/5.0 AppleWebKit/537.36 (KHTML, like Gecko; compatible; GPTBot/1.3; +https://openai.com/gptbot)"
74.7.242.44 - - [03/Mar/2026:03:32:31 +0000] "GET /whsy.php?p=%2Fproc%2F25025 HTTP/2.0" 200 862 "https://cashewinc.com.lab2454.com/whsy.php?e=24655&p=%2Fproc" "Mozilla/5.0 AppleWebKit/537.36 (KHTML, like Gecko; compatible; GPTBot/1.3; +https://openai.com/gptbot)"
74.7.242.6 - - [03/Mar/2026:03:32:38 +0000] "GET /whsy.php?p=%2Fproc%2F31848%2Fattr HTTP/2.0" 200 799 "https://www.cashewinc.com.lab2454.com/whsy.php?p=%2Fproc%2F31848" "Mozilla/5.0 AppleWebKit/537.36 (KHTML, like Gecko; compatible; GPTBot/1.3; +https://openai.com/gptbot)"
