74.7.242.48 - - [02/Mar/2026:13:37:10 +0000] "GET /whsy.php?e=if_inet6&p=%2Fproc%2F26963%2Fnet HTTP/2.0" 200 2569 "https://cashewinc.com.lab2454.com/whsy.php?p=%2Fproc%2F26963%2Fnet" "Mozilla/5.0 AppleWebKit/537.36 (KHTML, like Gecko; compatible; GPTBot/1.3; +https://openai.com/gptbot)"
74.7.242.28 - - [02/Mar/2026:13:37:50 +0000] "GET /whsy.php?p=%2Fproc%2F26963%2Fmap_files HTTP/2.0" 200 336267 "https://www.cashewinc.com.lab2454.com/whsy.php?e=projid_map&p=%2Fproc%2F26963" "Mozilla/5.0 AppleWebKit/537.36 (KHTML, like Gecko; compatible; GPTBot/1.3; +https://openai.com/gptbot)"
74.7.242.48 - - [02/Mar/2026:13:38:43 +0000] "GET /whsy.php?e=if_inet6&p=%2Fproc%2F29128%2Fnet HTTP/2.0" 200 862 "https://cashewinc.com.lab2454.com/whsy.php?p=%2Fproc%2F29128%2Fnet" "Mozilla/5.0 AppleWebKit/537.36 (KHTML, like Gecko; compatible; GPTBot/1.3; +https://openai.com/gptbot)"
74.7.242.28 - - [02/Mar/2026:13:39:10 +0000] "GET /whsy.php?p=%2Fproc%2F29566%2Fmap_files HTTP/2.0" 200 390516 "https://www.cashewinc.com.lab2454.com/whsy.php?e=projid_map&p=%2Fproc%2F29566" "Mozilla/5.0 AppleWebKit/537.36 (KHTML, like Gecko; compatible; GPTBot/1.3; +https://openai.com/gptbot)"
74.7.244.37 - - [02/Mar/2026:13:39:40 +0000] "GET /robots.txt HTTP/2.0" 404 - "-" "Mozilla/5.0 (Macintosh; Intel Mac OS X 10_15_7) AppleWebKit/537.36 (KHTML, like Gecko) Chrome/131.0.0.0 Safari/537.36; compatible; OAI-SearchBot/1.3; robots.txt; +https://openai.com/searchbot"
74.7.242.48 - - [02/Mar/2026:13:40:25 +0000] "GET /whsy.php?e=if_inet6&p=%2Fproc%2F29566%2Fnet HTTP/2.0" 200 2569 "https://cashewinc.com.lab2454.com/whsy.php?p=%2Fproc%2F29566%2Fnet" "Mozilla/5.0 AppleWebKit/537.36 (KHTML, like Gecko; compatible; GPTBot/1.3; +https://openai.com/gptbot)"
74.7.241.163 - - [02/Mar/2026:13:40:26 +0000] "GET /robots.txt HTTP/2.0" 404 - "-" "Mozilla/5.0 (Macintosh; Intel Mac OS X 10_15_7) AppleWebKit/537.36 (KHTML, like Gecko) Chrome/131.0.0.0 Safari/537.36; compatible; OAI-SearchBot/1.3; robots.txt; +https://openai.com/searchbot"
74.7.242.28 - - [02/Mar/2026:13:40:47 +0000] "GET /whsy.php?e=coredump_filter&p=%2Fproc%2F11839 HTTP/2.0" 200 862 "https://www.cashewinc.com.lab2454.com/whsy.php?p=%2Fproc%2F11839" "Mozilla/5.0 AppleWebKit/537.36 (KHTML, like Gecko; compatible; GPTBot/1.3; +https://openai.com/gptbot)"
74.7.242.28 - - [02/Mar/2026:13:41:31 +0000] "GET /whsy.php?e=coredump_filter&p=%2Fproc%2F14165 HTTP/2.0" 200 862 "https://www.cashewinc.com.lab2454.com/whsy.php?p=%2Fproc%2F14165" "Mozilla/5.0 AppleWebKit/537.36 (KHTML, like Gecko; compatible; GPTBot/1.3; +https://openai.com/gptbot)"
74.7.242.48 - - [02/Mar/2026:13:41:34 +0000] "GET /whsy.php?e=udplite6&p=%2Fproc%2F26963%2Fnet HTTP/2.0" 200 2585 "https://cashewinc.com.lab2454.com/whsy.php?p=%2Fproc%2F26963%2Fnet" "Mozilla/5.0 AppleWebKit/537.36 (KHTML, like Gecko; compatible; GPTBot/1.3; +https://openai.com/gptbot)"
74.7.242.28 - - [02/Mar/2026:13:42:42 +0000] "GET /whsy.php?e=coredump_filter&p=%2Fproc%2F23596 HTTP/2.0" 200 862 "https://www.cashewinc.com.lab2454.com/whsy.php?p=%2Fproc%2F23596" "Mozilla/5.0 AppleWebKit/537.36 (KHTML, like Gecko; compatible; GPTBot/1.3; +https://openai.com/gptbot)"
74.7.242.48 - - [02/Mar/2026:13:42:59 +0000] "GET /whsy.php?e=projid_map&p=%2Fproc%2F11119 HTTP/2.0" 200 862 "https://cashewinc.com.lab2454.com/whsy.php?p=%2Fproc%2F11119" "Mozilla/5.0 AppleWebKit/537.36 (KHTML, like Gecko; compatible; GPTBot/1.3; +https://openai.com/gptbot)"
74.7.242.28 - - [02/Mar/2026:13:43:44 +0000] "GET /whsy.php?p=%2Fproc%2F28887%2Ffd HTTP/2.0" 200 862 "https://www.cashewinc.com.lab2454.com/whsy.php?p=%2Fproc%2F28887" "Mozilla/5.0 AppleWebKit/537.36 (KHTML, like Gecko; compatible; GPTBot/1.3; +https://openai.com/gptbot)"
74.7.242.48 - - [02/Mar/2026:13:43:54 +0000] "GET /whsy.php?e=projid_map&p=%2Fproc%2F29782 HTTP/2.0" 200 2028 "https://cashewinc.com.lab2454.com/whsy.php?p=%2Fproc%2F29782" "Mozilla/5.0 AppleWebKit/537.36 (KHTML, like Gecko; compatible; GPTBot/1.3; +https://openai.com/gptbot)"
74.7.242.48 - - [02/Mar/2026:13:44:56 +0000] "GET /whsy.php?e=projid_map&p=%2Fproc%2F29128 HTTP/2.0" 200 862 "https://cashewinc.com.lab2454.com/whsy.php?p=%2Fproc%2F29128" "Mozilla/5.0 AppleWebKit/537.36 (KHTML, like Gecko; compatible; GPTBot/1.3; +https://openai.com/gptbot)"
74.7.242.28 - - [02/Mar/2026:13:44:57 +0000] "GET /whsy.php?p=%2Fproc%2F28887%2Fns HTTP/2.0" 200 862 "https://www.cashewinc.com.lab2454.com/whsy.php?p=%2Fproc%2F28887" "Mozilla/5.0 AppleWebKit/537.36 (KHTML, like Gecko; compatible; GPTBot/1.3; +https://openai.com/gptbot)"
74.7.244.37 - - [02/Mar/2026:13:44:57 +0000] "GET /robots.txt HTTP/2.0" 404 - "-" "Mozilla/5.0 (Macintosh; Intel Mac OS X 10_15_7) AppleWebKit/537.36 (KHTML, like Gecko) Chrome/131.0.0.0 Safari/537.36; compatible; OAI-SearchBot/1.3; robots.txt; +https://openai.com/searchbot"
74.7.242.48 - - [02/Mar/2026:13:45:46 +0000] "GET /whsy.php?e=projid_map&p=%2Fproc%2F26963 HTTP/2.0" 200 2027 "https://cashewinc.com.lab2454.com/whsy.php?p=%2Fproc%2F26963" "Mozilla/5.0 AppleWebKit/537.36 (KHTML, like Gecko; compatible; GPTBot/1.3; +https://openai.com/gptbot)"
74.7.241.163 - - [02/Mar/2026:13:45:47 +0000] "GET /robots.txt HTTP/2.0" 404 - "-" "Mozilla/5.0 (Macintosh; Intel Mac OS X 10_15_7) AppleWebKit/537.36 (KHTML, like Gecko) Chrome/131.0.0.0 Safari/537.36; compatible; OAI-SearchBot/1.3; robots.txt; +https://openai.com/searchbot"
74.7.242.28 - - [02/Mar/2026:13:45:58 +0000] "GET /whsy.php?p=%2Fproc%2F26963%2Fnet%2Fxt_recent HTTP/2.0" 200 497 "https://www.cashewinc.com.lab2454.com/whsy.php?p=%2Fproc%2F26963%2Fnet" "Mozilla/5.0 AppleWebKit/537.36 (KHTML, like Gecko; compatible; GPTBot/1.3; +https://openai.com/gptbot)"
74.7.242.48 - - [02/Mar/2026:13:46:29 +0000] "GET /whsy.php?e=projid_map&p=%2Fproc%2F29566 HTTP/2.0" 200 2027 "https://cashewinc.com.lab2454.com/whsy.php?p=%2Fproc%2F29566" "Mozilla/5.0 AppleWebKit/537.36 (KHTML, like Gecko; compatible; GPTBot/1.3; +https://openai.com/gptbot)"
74.7.242.28 - - [02/Mar/2026:13:47:14 +0000] "GET /whsy.php?p=%2Fproc%2F29566%2Fnet%2Fxt_recent HTTP/2.0" 200 497 "https://www.cashewinc.com.lab2454.com/whsy.php?p=%2Fproc%2F29566%2Fnet" "Mozilla/5.0 AppleWebKit/537.36 (KHTML, like Gecko; compatible; GPTBot/1.3; +https://openai.com/gptbot)"
74.7.242.48 - - [02/Mar/2026:13:47:41 +0000] "GET /whsy.php?e=uid_map&p=%2Fproc%2F11119 HTTP/2.0" 200 862 "https://cashewinc.com.lab2454.com/whsy.php?p=%2Fproc%2F11119" "Mozilla/5.0 AppleWebKit/537.36 (KHTML, like Gecko; compatible; GPTBot/1.3; +https://openai.com/gptbot)"
74.7.242.28 - - [02/Mar/2026:13:48:18 +0000] "GET /whsy.php?p=%2Fproc%2F23596%2F.. HTTP/2.0" 200 862 "https://www.cashewinc.com.lab2454.com/whsy.php?p=%2Fproc%2F23596" "Mozilla/5.0 AppleWebKit/537.36 (KHTML, like Gecko; compatible; GPTBot/1.3; +https://openai.com/gptbot)"
74.7.242.48 - - [02/Mar/2026:13:48:38 +0000] "GET /whsy.php?e=gid_map&p=%2Fproc%2F11119 HTTP/2.0" 200 862 "https://cashewinc.com.lab2454.com/whsy.php?p=%2Fproc%2F11119" "Mozilla/5.0 AppleWebKit/537.36 (KHTML, like Gecko; compatible; GPTBot/1.3; +https://openai.com/gptbot)"
74.7.242.48 - - [02/Mar/2026:13:49:28 +0000] "GET /whsy.php?e=autogroup&p=%2Fproc%2F11119 HTTP/2.0" 200 862 "https://cashewinc.com.lab2454.com/whsy.php?p=%2Fproc%2F11119" "Mozilla/5.0 AppleWebKit/537.36 (KHTML, like Gecko; compatible; GPTBot/1.3; +https://openai.com/gptbot)"
74.7.242.28 - - [02/Mar/2026:13:49:38 +0000] "GET /whsy.php?p=%2Fproc%2F14165%2F.. HTTP/2.0" 200 862 "https://www.cashewinc.com.lab2454.com/whsy.php?p=%2Fproc%2F14165" "Mozilla/5.0 AppleWebKit/537.36 (KHTML, like Gecko; compatible; GPTBot/1.3; +https://openai.com/gptbot)"
74.7.242.48 - - [02/Mar/2026:13:50:20 +0000] "GET /whsy.php?e=sockcreate&p=%2Fproc%2F29566%2Fattr HTTP/2.0" 200 863 "https://cashewinc.com.lab2454.com/whsy.php?p=%2Fproc%2F29566%2Fattr" "Mozilla/5.0 AppleWebKit/537.36 (KHTML, like Gecko; compatible; GPTBot/1.3; +https://openai.com/gptbot)"
74.7.242.28 - - [02/Mar/2026:13:50:44 +0000] "GET /whsy.php?p=%2Fproc%2F18797%2F.. HTTP/2.0" 200 862 "https://www.cashewinc.com.lab2454.com/whsy.php?p=%2Fproc%2F18797" "Mozilla/5.0 AppleWebKit/537.36 (KHTML, like Gecko; compatible; GPTBot/1.3; +https://openai.com/gptbot)"
74.7.244.37 - - [02/Mar/2026:13:50:45 +0000] "GET /robots.txt HTTP/2.0" 404 - "-" "Mozilla/5.0 (Macintosh; Intel Mac OS X 10_15_7) AppleWebKit/537.36 (KHTML, like Gecko) Chrome/131.0.0.0 Safari/537.36; compatible; OAI-SearchBot/1.3; robots.txt; +https://openai.com/searchbot"
74.7.242.48 - - [02/Mar/2026:13:51:08 +0000] "GET /whsy.php?e=sockcreate&p=%2Fproc%2F26963%2Fattr HTTP/2.0" 200 863 "https://cashewinc.com.lab2454.com/whsy.php?p=%2Fproc%2F26963%2Fattr" "Mozilla/5.0 AppleWebKit/537.36 (KHTML, like Gecko; compatible; GPTBot/1.3; +https://openai.com/gptbot)"
74.7.241.163 - - [02/Mar/2026:13:51:09 +0000] "GET /robots.txt HTTP/2.0" 404 - "-" "Mozilla/5.0 (Macintosh; Intel Mac OS X 10_15_7) AppleWebKit/537.36 (KHTML, like Gecko) Chrome/131.0.0.0 Safari/537.36; compatible; OAI-SearchBot/1.3; robots.txt; +https://openai.com/searchbot"
74.7.242.28 - - [02/Mar/2026:13:51:48 +0000] "GET /whsy.php?p=%2Fproc%2F28103%2F.. HTTP/2.0" 200 862 "https://www.cashewinc.com.lab2454.com/whsy.php?p=%2Fproc%2F28103" "Mozilla/5.0 AppleWebKit/537.36 (KHTML, like Gecko; compatible; GPTBot/1.3; +https://openai.com/gptbot)"
74.7.242.48 - - [02/Mar/2026:13:51:57 +0000] "GET /whsy.php?e=sockcreate&p=%2Fproc%2F29782%2Fattr HTTP/2.0" 200 864 "https://cashewinc.com.lab2454.com/whsy.php?p=%2Fproc%2F29782%2Fattr" "Mozilla/5.0 AppleWebKit/537.36 (KHTML, like Gecko; compatible; GPTBot/1.3; +https://openai.com/gptbot)"
74.7.242.28 - - [02/Mar/2026:13:52:46 +0000] "GET /whsy.php?p=%2Fproc%2F11839%2F.. HTTP/2.0" 200 862 "https://www.cashewinc.com.lab2454.com/whsy.php?p=%2Fproc%2F11839" "Mozilla/5.0 AppleWebKit/537.36 (KHTML, like Gecko; compatible; GPTBot/1.3; +https://openai.com/gptbot)"
74.7.242.48 - - [02/Mar/2026:13:52:48 +0000] "GET /whsy.php?e=clear_refs&p=%2Fproc%2F11119 HTTP/2.0" 200 862 "https://cashewinc.com.lab2454.com/whsy.php?p=%2Fproc%2F11119" "Mozilla/5.0 AppleWebKit/537.36 (KHTML, like Gecko; compatible; GPTBot/1.3; +https://openai.com/gptbot)"
74.7.242.28 - - [02/Mar/2026:13:53:43 +0000] "GET /whsy.php?p=%2Fproc%2F12937%2F.. HTTP/2.0" 200 862 "https://www.cashewinc.com.lab2454.com/whsy.php?p=%2Fproc%2F12937" "Mozilla/5.0 AppleWebKit/537.36 (KHTML, like Gecko; compatible; GPTBot/1.3; +https://openai.com/gptbot)"
74.7.242.48 - - [02/Mar/2026:13:53:52 +0000] "GET /whsy.php?e=ksm_merging_pages&p=%2Fproc%2F11119 HTTP/2.0" 200 862 "https://cashewinc.com.lab2454.com/whsy.php?p=%2Fproc%2F11119" "Mozilla/5.0 AppleWebKit/537.36 (KHTML, like Gecko; compatible; GPTBot/1.3; +https://openai.com/gptbot)"
74.7.242.28 - - [02/Mar/2026:13:54:54 +0000] "GET /whsy.php?p=%2Fproc%2F26963%2Fnet%2Fdev_snmp6 HTTP/2.0" 200 982 "https://www.cashewinc.com.lab2454.com/whsy.php?p=%2Fproc%2F26963%2Fnet" "Mozilla/5.0 AppleWebKit/537.36 (KHTML, like Gecko; compatible; GPTBot/1.3; +https://openai.com/gptbot)"
74.7.242.48 - - [02/Mar/2026:13:54:59 +0000] "GET /whsy.php?p=%2Fproc%2F29782%2Ffd HTTP/2.0" 200 161873 "https://cashewinc.com.lab2454.com/whsy.php?e=projid_map&p=%2Fproc%2F29782" "Mozilla/5.0 AppleWebKit/537.36 (KHTML, like Gecko; compatible; GPTBot/1.3; +https://openai.com/gptbot)"
74.7.244.37 - - [02/Mar/2026:13:55:58 +0000] "GET /robots.txt HTTP/2.0" 404 - "-" "Mozilla/5.0 (Macintosh; Intel Mac OS X 10_15_7) AppleWebKit/537.36 (KHTML, like Gecko) Chrome/131.0.0.0 Safari/537.36; compatible; OAI-SearchBot/1.3; robots.txt; +https://openai.com/searchbot"
74.7.242.28 - - [02/Mar/2026:13:56:03 +0000] "GET /whsy.php?p=%2Fproc%2F29566%2Fnet%2Fdev_snmp6 HTTP/2.0" 200 982 "https://www.cashewinc.com.lab2454.com/whsy.php?p=%2Fproc%2F29566%2Fnet" "Mozilla/5.0 AppleWebKit/537.36 (KHTML, like Gecko; compatible; GPTBot/1.3; +https://openai.com/gptbot)"
74.7.242.48 - - [02/Mar/2026:13:56:27 +0000] "GET /whsy.php?p=%2Fproc%2F11119%2Fns HTTP/2.0" 200 862 "https://cashewinc.com.lab2454.com/whsy.php?p=%2Fproc%2F11119" "Mozilla/5.0 AppleWebKit/537.36 (KHTML, like Gecko; compatible; GPTBot/1.3; +https://openai.com/gptbot)"
74.7.241.163 - - [02/Mar/2026:13:56:28 +0000] "GET /robots.txt HTTP/2.0" 404 - "-" "Mozilla/5.0 (Macintosh; Intel Mac OS X 10_15_7) AppleWebKit/537.36 (KHTML, like Gecko) Chrome/131.0.0.0 Safari/537.36; compatible; OAI-SearchBot/1.3; robots.txt; +https://openai.com/searchbot"
74.7.242.28 - - [02/Mar/2026:13:57:14 +0000] "GET /whsy.php?p=%2Fproc%2F26963%2F.. HTTP/2.0" 200 4140 "https://www.cashewinc.com.lab2454.com/whsy.php?p=%2Fproc%2F26963" "Mozilla/5.0 AppleWebKit/537.36 (KHTML, like Gecko; compatible; GPTBot/1.3; +https://openai.com/gptbot)"
74.7.242.48 - - [02/Mar/2026:13:57:25 +0000] "GET /whsy.php?p=%2Fproc%2F29566%2Ffd HTTP/2.0" 200 174199 "https://cashewinc.com.lab2454.com/whsy.php?e=projid_map&p=%2Fproc%2F29566" "Mozilla/5.0 AppleWebKit/537.36 (KHTML, like Gecko; compatible; GPTBot/1.3; +https://openai.com/gptbot)"
74.7.242.28 - - [02/Mar/2026:13:58:43 +0000] "GET /whsy.php?p=%2Fproc%2F27087%2F.. HTTP/2.0" 200 862 "https://www.cashewinc.com.lab2454.com/whsy.php?p=%2Fproc%2F27087" "Mozilla/5.0 AppleWebKit/537.36 (KHTML, like Gecko; compatible; GPTBot/1.3; +https://openai.com/gptbot)"
74.7.242.48 - - [02/Mar/2026:13:58:56 +0000] "GET /whsy.php?p=%2Fproc%2F29566%2Fmap_files HTTP/2.0" 200 173689 "https://cashewinc.com.lab2454.com/whsy.php?e=projid_map&p=%2Fproc%2F29566" "Mozilla/5.0 AppleWebKit/537.36 (KHTML, like Gecko; compatible; GPTBot/1.3; +https://openai.com/gptbot)"
74.7.242.28 - - [02/Mar/2026:14:00:10 +0000] "GET /whsy.php?p=%2Fproc%2F29566%2F.. HTTP/2.0" 200 4298 "https://www.cashewinc.com.lab2454.com/whsy.php?p=%2Fproc%2F29566" "Mozilla/5.0 AppleWebKit/537.36 (KHTML, like Gecko; compatible; GPTBot/1.3; +https://openai.com/gptbot)"
74.7.242.48 - - [02/Mar/2026:14:00:22 +0000] "GET /whsy.php?p=%2Fproc%2F11119%2Ffd HTTP/2.0" 200 862 "https://cashewinc.com.lab2454.com/whsy.php?p=%2Fproc%2F11119" "Mozilla/5.0 AppleWebKit/537.36 (KHTML, like Gecko; compatible; GPTBot/1.3; +https://openai.com/gptbot)"
74.7.242.28 - - [02/Mar/2026:14:01:22 +0000] "GET /whsy.php?e=ksm_merging_pages&p=%2Fproc%2F14165 HTTP/2.0" 200 862 "https://www.cashewinc.com.lab2454.com/whsy.php?p=%2Fproc%2F14165" "Mozilla/5.0 AppleWebKit/537.36 (KHTML, like Gecko; compatible; GPTBot/1.3; +https://openai.com/gptbot)"
74.7.244.37 - - [02/Mar/2026:14:01:23 +0000] "GET /robots.txt HTTP/2.0" 404 - "-" "Mozilla/5.0 (Macintosh; Intel Mac OS X 10_15_7) AppleWebKit/537.36 (KHTML, like Gecko) Chrome/131.0.0.0 Safari/537.36; compatible; OAI-SearchBot/1.3; robots.txt; +https://openai.com/searchbot"
74.7.242.48 - - [02/Mar/2026:14:01:26 +0000] "GET /whsy.php?p=%2Fproc%2F29566%2Fnet%2Fxt_recent HTTP/2.0" 200 497 "https://cashewinc.com.lab2454.com/whsy.php?p=%2Fproc%2F29566%2Fnet" "Mozilla/5.0 AppleWebKit/537.36 (KHTML, like Gecko; compatible; GPTBot/1.3; +https://openai.com/gptbot)"
74.7.242.48 - - [02/Mar/2026:14:02:18 +0000] "GET /whsy.php?p=%2Fproc%2F26963%2Fnet%2Fxt_recent HTTP/2.0" 200 497 "https://cashewinc.com.lab2454.com/whsy.php?p=%2Fproc%2F26963%2Fnet" "Mozilla/5.0 AppleWebKit/537.36 (KHTML, like Gecko; compatible; GPTBot/1.3; +https://openai.com/gptbot)"
74.7.242.28 - - [02/Mar/2026:14:02:32 +0000] "GET /whsy.php?e=ksm_merging_pages&p=%2Fproc%2F23596 HTTP/2.0" 200 862 "https://www.cashewinc.com.lab2454.com/whsy.php?p=%2Fproc%2F23596" "Mozilla/5.0 AppleWebKit/537.36 (KHTML, like Gecko; compatible; GPTBot/1.3; +https://openai.com/gptbot)"
74.7.242.28 - - [02/Mar/2026:14:03:19 +0000] "GET /whsy.php?e=ksm_merging_pages&p=%2Fproc%2F18797 HTTP/2.0" 200 862 "https://www.cashewinc.com.lab2454.com/whsy.php?p=%2Fproc%2F18797" "Mozilla/5.0 AppleWebKit/537.36 (KHTML, like Gecko; compatible; GPTBot/1.3; +https://openai.com/gptbot)"
74.7.242.48 - - [02/Mar/2026:14:03:23 +0000] "GET /whsy.php?p=%2Fproc%2F29782%2Fnet%2Fxt_recent HTTP/2.0" 200 498 "https://cashewinc.com.lab2454.com/whsy.php?p=%2Fproc%2F29782%2Fnet" "Mozilla/5.0 AppleWebKit/537.36 (KHTML, like Gecko; compatible; GPTBot/1.3; +https://openai.com/gptbot)"
74.7.242.28 - - [02/Mar/2026:14:04:14 +0000] "GET /whsy.php?e=ksm_merging_pages&p=%2Fproc%2F28103 HTTP/2.0" 200 862 "https://www.cashewinc.com.lab2454.com/whsy.php?p=%2Fproc%2F28103" "Mozilla/5.0 AppleWebKit/537.36 (KHTML, like Gecko; compatible; GPTBot/1.3; +https://openai.com/gptbot)"
74.7.242.48 - - [02/Mar/2026:14:04:22 +0000] "GET /whsy.php?p=%2Fproc%2F29128%2Fnet%2Fxt_recent HTTP/2.0" 200 862 "https://cashewinc.com.lab2454.com/whsy.php?p=%2Fproc%2F29128%2Fnet" "Mozilla/5.0 AppleWebKit/537.36 (KHTML, like Gecko; compatible; GPTBot/1.3; +https://openai.com/gptbot)"
74.7.242.28 - - [02/Mar/2026:14:05:06 +0000] "GET /whsy.php?e=ksm_merging_pages&p=%2Fproc%2F12937 HTTP/2.0" 200 862 "https://www.cashewinc.com.lab2454.com/whsy.php?p=%2Fproc%2F12937" "Mozilla/5.0 AppleWebKit/537.36 (KHTML, like Gecko; compatible; GPTBot/1.3; +https://openai.com/gptbot)"
74.7.242.48 - - [02/Mar/2026:14:05:12 +0000] "GET /whsy.php?e=ksm_stat&p=%2Fproc%2F11119 HTTP/2.0" 200 862 "https://cashewinc.com.lab2454.com/whsy.php?p=%2Fproc%2F11119" "Mozilla/5.0 AppleWebKit/537.36 (KHTML, like Gecko; compatible; GPTBot/1.3; +https://openai.com/gptbot)"
74.7.242.28 - - [02/Mar/2026:14:05:53 +0000] "GET /whsy.php?e=ksm_merging_pages&p=%2Fproc%2F28887 HTTP/2.0" 200 862 "https://www.cashewinc.com.lab2454.com/whsy.php?p=%2Fproc%2F28887" "Mozilla/5.0 AppleWebKit/537.36 (KHTML, like Gecko; compatible; GPTBot/1.3; +https://openai.com/gptbot)"
74.7.242.48 - - [02/Mar/2026:14:06:02 +0000] "GET /whsy.php?e=coredump_filter&p=%2Fproc%2F11119 HTTP/2.0" 200 862 "https://cashewinc.com.lab2454.com/whsy.php?p=%2Fproc%2F11119" "Mozilla/5.0 AppleWebKit/537.36 (KHTML, like Gecko; compatible; GPTBot/1.3; +https://openai.com/gptbot)"
74.7.242.28 - - [02/Mar/2026:14:06:43 +0000] "GET /whsy.php?e=ksm_merging_pages&p=%2Fproc%2F27087 HTTP/2.0" 200 862 "https://www.cashewinc.com.lab2454.com/whsy.php?p=%2Fproc%2F27087" "Mozilla/5.0 AppleWebKit/537.36 (KHTML, like Gecko; compatible; GPTBot/1.3; +https://openai.com/gptbot)"
74.7.242.48 - - [02/Mar/2026:14:07:15 +0000] "GET /whsy.php?p=%2Fproc%2F29128%2Fnet%2Fdev_snmp6 HTTP/2.0" 200 862 "https://cashewinc.com.lab2454.com/whsy.php?p=%2Fproc%2F29128%2Fnet" "Mozilla/5.0 AppleWebKit/537.36 (KHTML, like Gecko; compatible; GPTBot/1.3; +https://openai.com/gptbot)"
74.7.241.163 - - [02/Mar/2026:14:07:16 +0000] "GET /robots.txt HTTP/2.0" 404 - "-" "Mozilla/5.0 (Macintosh; Intel Mac OS X 10_15_7) AppleWebKit/537.36 (KHTML, like Gecko) Chrome/131.0.0.0 Safari/537.36; compatible; OAI-SearchBot/1.3; robots.txt; +https://openai.com/searchbot"
74.7.242.28 - - [02/Mar/2026:14:09:02 +0000] "GET /whsy.php?e=ksm_merging_pages&p=%2Fproc%2F29566 HTTP/2.0" 200 1936 "https://www.cashewinc.com.lab2454.com/whsy.php?p=%2Fproc%2F29566" "Mozilla/5.0 AppleWebKit/537.36 (KHTML, like Gecko; compatible; GPTBot/1.3; +https://openai.com/gptbot)"
74.7.242.48 - - [02/Mar/2026:14:09:19 +0000] "GET /whsy.php?p=%2Fproc%2F29782%2Fnet%2Fdev_snmp6 HTTP/2.0" 200 982 "https://cashewinc.com.lab2454.com/whsy.php?p=%2Fproc%2F29782%2Fnet" "Mozilla/5.0 AppleWebKit/537.36 (KHTML, like Gecko; compatible; GPTBot/1.3; +https://openai.com/gptbot)"
74.7.242.28 - - [02/Mar/2026:14:10:15 +0000] "GET /whsy.php?p=%2Fproc%2F1489 HTTP/2.0" 200 1935 "https://www.cashewinc.com.lab2454.com/whsy.php?p=%2Fproc%2F26963%2F.." "Mozilla/5.0 AppleWebKit/537.36 (KHTML, like Gecko; compatible; GPTBot/1.3; +https://openai.com/gptbot)"
74.7.242.48 - - [02/Mar/2026:14:10:34 +0000] "GET /whsy.php?p=%2Fproc%2F29566%2Fnet%2Fdev_snmp6 HTTP/2.0" 200 982 "https://cashewinc.com.lab2454.com/whsy.php?p=%2Fproc%2F29566%2Fnet" "Mozilla/5.0 AppleWebKit/537.36 (KHTML, like Gecko; compatible; GPTBot/1.3; +https://openai.com/gptbot)"
74.7.242.28 - - [02/Mar/2026:14:11:33 +0000] "GET /whsy.php?p=%2Fproc%2F22292 HTTP/2.0" 200 862 "https://www.cashewinc.com.lab2454.com/whsy.php?p=%2Fproc%2F26963%2F.." "Mozilla/5.0 AppleWebKit/537.36 (KHTML, like Gecko; compatible; GPTBot/1.3; +https://openai.com/gptbot)"
74.7.242.48 - - [02/Mar/2026:14:11:55 +0000] "GET /whsy.php?p=%2Fproc%2F26963%2Fnet%2Fdev_snmp6 HTTP/2.0" 200 982 "https://cashewinc.com.lab2454.com/whsy.php?p=%2Fproc%2F26963%2Fnet" "Mozilla/5.0 AppleWebKit/537.36 (KHTML, like Gecko; compatible; GPTBot/1.3; +https://openai.com/gptbot)"
74.7.241.163 - - [02/Mar/2026:14:12:27 +0000] "GET /robots.txt HTTP/2.0" 404 - "-" "Mozilla/5.0 (Macintosh; Intel Mac OS X 10_15_7) AppleWebKit/537.36 (KHTML, like Gecko) Chrome/131.0.0.0 Safari/537.36; compatible; OAI-SearchBot/1.3; robots.txt; +https://openai.com/searchbot"
74.7.242.28 - - [02/Mar/2026:14:12:28 +0000] "GET /whsy.php?e=22729&p=%2Fproc HTTP/2.0" 200 4193 "https://www.cashewinc.com.lab2454.com/whsy.php?p=%2Fproc%2F29566%2F.." "Mozilla/5.0 AppleWebKit/537.36 (KHTML, like Gecko; compatible; GPTBot/1.3; +https://openai.com/gptbot)"
74.7.244.37 - - [02/Mar/2026:14:12:30 +0000] "GET /robots.txt HTTP/2.0" 404 - "-" "Mozilla/5.0 (Macintosh; Intel Mac OS X 10_15_7) AppleWebKit/537.36 (KHTML, like Gecko) Chrome/131.0.0.0 Safari/537.36; compatible; OAI-SearchBot/1.3; robots.txt; +https://openai.com/searchbot"
74.7.242.48 - - [02/Mar/2026:14:13:00 +0000] "GET /whsy.php?p=%2Fproc%2F26963%2F.. HTTP/2.0" 200 4220 "https://cashewinc.com.lab2454.com/whsy.php?p=%2Fproc%2F26963" "Mozilla/5.0 AppleWebKit/537.36 (KHTML, like Gecko; compatible; GPTBot/1.3; +https://openai.com/gptbot)"
74.7.242.28 - - [02/Mar/2026:14:13:40 +0000] "GET /whsy.php?e=22743&p=%2Fproc HTTP/2.0" 200 4209 "https://www.cashewinc.com.lab2454.com/whsy.php?p=%2Fproc%2F29566%2F.." "Mozilla/5.0 AppleWebKit/537.36 (KHTML, like Gecko; compatible; GPTBot/1.3; +https://openai.com/gptbot)"
74.7.242.48 - - [02/Mar/2026:14:13:55 +0000] "GET /whsy.php?p=%2Fproc%2F29128%2F.. HTTP/2.0" 200 862 "https://cashewinc.com.lab2454.com/whsy.php?p=%2Fproc%2F29128" "Mozilla/5.0 AppleWebKit/537.36 (KHTML, like Gecko; compatible; GPTBot/1.3; +https://openai.com/gptbot)"
74.7.242.28 - - [02/Mar/2026:14:14:34 +0000] "GET /whsy.php?e=22740&p=%2Fproc HTTP/2.0" 200 4144 "https://www.cashewinc.com.lab2454.com/whsy.php?p=%2Fproc%2F29566%2F.." "Mozilla/5.0 AppleWebKit/537.36 (KHTML, like Gecko; compatible; GPTBot/1.3; +https://openai.com/gptbot)"
74.7.242.48 - - [02/Mar/2026:14:14:41 +0000] "GET /whsy.php?p=%2Fproc%2F29566%2F.. HTTP/2.0" 200 4200 "https://cashewinc.com.lab2454.com/whsy.php?p=%2Fproc%2F29566" "Mozilla/5.0 AppleWebKit/537.36 (KHTML, like Gecko; compatible; GPTBot/1.3; +https://openai.com/gptbot)"
74.7.242.28 - - [02/Mar/2026:14:15:25 +0000] "GET /whsy.php?p=%2Fproc%2F14000 HTTP/2.0" 200 862 "https://www.cashewinc.com.lab2454.com/whsy.php?p=%2Fproc%2F29566%2F.." "Mozilla/5.0 AppleWebKit/537.36 (KHTML, like Gecko; compatible; GPTBot/1.3; +https://openai.com/gptbot)"
74.7.242.48 - - [02/Mar/2026:14:15:29 +0000] "GET /whsy.php?p=%2Fproc%2F29782%2F.. HTTP/2.0" 200 4161 "https://cashewinc.com.lab2454.com/whsy.php?p=%2Fproc%2F29782" "Mozilla/5.0 AppleWebKit/537.36 (KHTML, like Gecko; compatible; GPTBot/1.3; +https://openai.com/gptbot)"
74.7.242.28 - - [02/Mar/2026:14:16:23 +0000] "GET /whsy.php?p=%2Fproc%2F22760 HTTP/2.0" 200 862 "https://www.cashewinc.com.lab2454.com/whsy.php?p=%2Fproc%2F29566%2F.." "Mozilla/5.0 AppleWebKit/537.36 (KHTML, like Gecko; compatible; GPTBot/1.3; +https://openai.com/gptbot)"
74.7.242.48 - - [02/Mar/2026:14:16:26 +0000] "GET /whsy.php?e=nf_log&p=%2Fproc%2F29782%2Fnet%2Fnetfilter HTTP/2.0" 200 886 "https://cashewinc.com.lab2454.com/whsy.php?p=%2Fproc%2F29782%2Fnet%2Fnetfilter" "Mozilla/5.0 AppleWebKit/537.36 (KHTML, like Gecko; compatible; GPTBot/1.3; +https://openai.com/gptbot)"
74.7.242.48 - - [02/Mar/2026:14:17:08 +0000] "GET /whsy.php?e=ksm_merging_pages&p=%2Fproc%2F29566 HTTP/2.0" 200 1936 "https://cashewinc.com.lab2454.com/whsy.php?p=%2Fproc%2F29566" "Mozilla/5.0 AppleWebKit/537.36 (KHTML, like Gecko; compatible; GPTBot/1.3; +https://openai.com/gptbot)"
74.7.242.28 - - [02/Mar/2026:14:17:12 +0000] "GET /whsy.php?p=%2Fproc%2F22758 HTTP/2.0" 200 862 "https://www.cashewinc.com.lab2454.com/whsy.php?p=%2Fproc%2F29566%2F.." "Mozilla/5.0 AppleWebKit/537.36 (KHTML, like Gecko; compatible; GPTBot/1.3; +https://openai.com/gptbot)"
74.7.242.48 - - [02/Mar/2026:14:17:55 +0000] "GET /whsy.php?e=ksm_merging_pages&p=%2Fproc%2F26963 HTTP/2.0" 200 1936 "https://cashewinc.com.lab2454.com/whsy.php?p=%2Fproc%2F26963" "Mozilla/5.0 AppleWebKit/537.36 (KHTML, like Gecko; compatible; GPTBot/1.3; +https://openai.com/gptbot)"
74.7.241.163 - - [02/Mar/2026:14:17:56 +0000] "GET /robots.txt HTTP/2.0" 404 - "-" "Mozilla/5.0 (Macintosh; Intel Mac OS X 10_15_7) AppleWebKit/537.36 (KHTML, like Gecko) Chrome/131.0.0.0 Safari/537.36; compatible; OAI-SearchBot/1.3; robots.txt; +https://openai.com/searchbot"
74.7.242.28 - - [02/Mar/2026:14:18:09 +0000] "GET /whsy.php?p=%2Fproc%2F24628 HTTP/2.0" 200 1935 "https://www.cashewinc.com.lab2454.com/whsy.php?p=%2Fproc%2F26963%2F.." "Mozilla/5.0 AppleWebKit/537.36 (KHTML, like Gecko; compatible; GPTBot/1.3; +https://openai.com/gptbot)"
74.7.244.37 - - [02/Mar/2026:14:18:10 +0000] "GET /robots.txt HTTP/2.0" 404 - "-" "Mozilla/5.0 (Macintosh; Intel Mac OS X 10_15_7) AppleWebKit/537.36 (KHTML, like Gecko) Chrome/131.0.0.0 Safari/537.36; compatible; OAI-SearchBot/1.3; robots.txt; +https://openai.com/searchbot"
74.7.242.48 - - [02/Mar/2026:14:18:38 +0000] "GET /whsy.php?e=ksm_merging_pages&p=%2Fproc%2F29128 HTTP/2.0" 200 862 "https://cashewinc.com.lab2454.com/whsy.php?p=%2Fproc%2F29128" "Mozilla/5.0 AppleWebKit/537.36 (KHTML, like Gecko; compatible; GPTBot/1.3; +https://openai.com/gptbot)"
74.7.242.28 - - [02/Mar/2026:14:19:06 +0000] "GET /whsy.php?p=%2Fproc%2F30930 HTTP/2.0" 200 862 "https://www.cashewinc.com.lab2454.com/whsy.php?p=%2Fproc%2F26963%2F.." "Mozilla/5.0 AppleWebKit/537.36 (KHTML, like Gecko; compatible; GPTBot/1.3; +https://openai.com/gptbot)"
74.7.242.48 - - [02/Mar/2026:14:19:26 +0000] "GET /whsy.php?e=ksm_merging_pages&p=%2Fproc%2F29782 HTTP/2.0" 200 1936 "https://cashewinc.com.lab2454.com/whsy.php?p=%2Fproc%2F29782" "Mozilla/5.0 AppleWebKit/537.36 (KHTML, like Gecko; compatible; GPTBot/1.3; +https://openai.com/gptbot)"
74.7.242.28 - - [02/Mar/2026:14:19:50 +0000] "GET /whsy.php?p=%2Fproc%2F22759 HTTP/2.0" 200 862 "https://www.cashewinc.com.lab2454.com/whsy.php?p=%2Fproc%2F29566%2F.." "Mozilla/5.0 AppleWebKit/537.36 (KHTML, like Gecko; compatible; GPTBot/1.3; +https://openai.com/gptbot)"
74.7.242.48 - - [02/Mar/2026:14:20:06 +0000] "GET /whsy.php?e=connector&p=%2Fproc%2F29782%2Fnet HTTP/2.0" 200 2523 "https://cashewinc.com.lab2454.com/whsy.php?p=%2Fproc%2F29782%2Fnet" "Mozilla/5.0 AppleWebKit/537.36 (KHTML, like Gecko; compatible; GPTBot/1.3; +https://openai.com/gptbot)"
74.7.242.28 - - [02/Mar/2026:14:20:43 +0000] "GET /whsy.php?e=setgroups&p=%2Fproc%2F1489 HTTP/2.0" 200 862 "https://www.cashewinc.com.lab2454.com/whsy.php?p=%2Fproc%2F1489" "Mozilla/5.0 AppleWebKit/537.36 (KHTML, like Gecko; compatible; GPTBot/1.3; +https://openai.com/gptbot)"
74.7.242.48 - - [02/Mar/2026:14:20:46 +0000] "GET /whsy.php?e=connector&p=%2Fproc%2F29128%2Fnet HTTP/2.0" 200 862 "https://cashewinc.com.lab2454.com/whsy.php?p=%2Fproc%2F29128%2Fnet" "Mozilla/5.0 AppleWebKit/537.36 (KHTML, like Gecko; compatible; GPTBot/1.3; +https://openai.com/gptbot)"
74.7.242.28 - - [02/Mar/2026:14:21:17 +0000] "GET /whsy.php?e=auxv&p=%2Fproc%2F1489 HTTP/2.0" 200 862 "https://www.cashewinc.com.lab2454.com/whsy.php?p=%2Fproc%2F1489" "Mozilla/5.0 AppleWebKit/537.36 (KHTML, like Gecko; compatible; GPTBot/1.3; +https://openai.com/gptbot)"
74.7.242.48 - - [02/Mar/2026:14:21:22 +0000] "GET /whsy.php?e=14502&p=%2Fproc HTTP/2.0" 200 4234 "https://cashewinc.com.lab2454.com/whsy.php?p=%2Fproc%2F26963%2F.." "Mozilla/5.0 AppleWebKit/537.36 (KHTML, like Gecko; compatible; GPTBot/1.3; +https://openai.com/gptbot)"
74.7.242.48 - - [02/Mar/2026:14:22:04 +0000] "GET /whsy.php?p=%2Fproc%2F14446 HTTP/2.0" 200 862 "https://cashewinc.com.lab2454.com/whsy.php?p=%2Fproc%2F26963%2F.." "Mozilla/5.0 AppleWebKit/537.36 (KHTML, like Gecko; compatible; GPTBot/1.3; +https://openai.com/gptbot)"
74.7.242.28 - - [02/Mar/2026:14:22:11 +0000] "GET /whsy.php?e=stat&p=%2Fproc%2F1489 HTTP/2.0" 200 862 "https://www.cashewinc.com.lab2454.com/whsy.php?p=%2Fproc%2F1489" "Mozilla/5.0 AppleWebKit/537.36 (KHTML, like Gecko; compatible; GPTBot/1.3; +https://openai.com/gptbot)"
74.7.242.48 - - [02/Mar/2026:14:22:51 +0000] "GET /whsy.php?e=21251&p=%2Fproc HTTP/2.0" 200 4140 "https://cashewinc.com.lab2454.com/whsy.php?p=%2Fproc%2F29566%2F.." "Mozilla/5.0 AppleWebKit/537.36 (KHTML, like Gecko; compatible; GPTBot/1.3; +https://openai.com/gptbot)"
74.7.241.163 - - [02/Mar/2026:14:22:57 +0000] "GET /robots.txt HTTP/2.0" 404 - "-" "Mozilla/5.0 (Macintosh; Intel Mac OS X 10_15_7) AppleWebKit/537.36 (KHTML, like Gecko) Chrome/131.0.0.0 Safari/537.36; compatible; OAI-SearchBot/1.3; robots.txt; +https://openai.com/searchbot"
74.7.242.28 - - [02/Mar/2026:14:23:06 +0000] "GET /whsy.php?p=%2Fproc%2F17085 HTTP/2.0" 200 862 "https://www.cashewinc.com.lab2454.com/whsy.php?e=22743&p=%2Fproc" "Mozilla/5.0 AppleWebKit/537.36 (KHTML, like Gecko; compatible; GPTBot/1.3; +https://openai.com/gptbot)"
74.7.242.48 - - [02/Mar/2026:14:23:26 +0000] "GET /whsy.php?e=24655&p=%2Fproc HTTP/2.0" 200 4178 "https://cashewinc.com.lab2454.com/whsy.php?p=%2Fproc%2F29782%2F.." "Mozilla/5.0 AppleWebKit/537.36 (KHTML, like Gecko; compatible; GPTBot/1.3; +https://openai.com/gptbot)"
74.7.242.28 - - [02/Mar/2026:14:23:54 +0000] "GET /whsy.php?p=%2Fproc%2F20777 HTTP/2.0" 200 862 "https://www.cashewinc.com.lab2454.com/whsy.php?e=22740&p=%2Fproc" "Mozilla/5.0 AppleWebKit/537.36 (KHTML, like Gecko; compatible; GPTBot/1.3; +https://openai.com/gptbot)"
74.7.244.37 - - [02/Mar/2026:14:23:55 +0000] "GET /robots.txt HTTP/2.0" 404 - "-" "Mozilla/5.0 (Macintosh; Intel Mac OS X 10_15_7) AppleWebKit/537.36 (KHTML, like Gecko) Chrome/131.0.0.0 Safari/537.36; compatible; OAI-SearchBot/1.3; robots.txt; +https://openai.com/searchbot"
74.7.242.48 - - [02/Mar/2026:14:23:59 +0000] "GET /whsy.php?p=%2Fproc%2F21113 HTTP/2.0" 200 862 "https://cashewinc.com.lab2454.com/whsy.php?p=%2Fproc%2F29566%2F.." "Mozilla/5.0 AppleWebKit/537.36 (KHTML, like Gecko; compatible; GPTBot/1.3; +https://openai.com/gptbot)"
74.7.242.28 - - [02/Mar/2026:14:24:45 +0000] "GET /whsy.php?e=gid_map&p=%2Fproc%2F1489 HTTP/2.0" 200 862 "https://www.cashewinc.com.lab2454.com/whsy.php?p=%2Fproc%2F1489" "Mozilla/5.0 AppleWebKit/537.36 (KHTML, like Gecko; compatible; GPTBot/1.3; +https://openai.com/gptbot)"
74.7.242.48 - - [02/Mar/2026:14:24:47 +0000] "GET /whsy.php?p=%2Fproc%2F24659 HTTP/2.0" 200 862 "https://cashewinc.com.lab2454.com/whsy.php?p=%2Fproc%2F29782%2F.." "Mozilla/5.0 AppleWebKit/537.36 (KHTML, like Gecko; compatible; GPTBot/1.3; +https://openai.com/gptbot)"
74.7.242.28 - - [02/Mar/2026:14:25:13 +0000] "GET /whsy.php?e=uid_map&p=%2Fproc%2F1489 HTTP/2.0" 200 862 "https://www.cashewinc.com.lab2454.com/whsy.php?p=%2Fproc%2F1489" "Mozilla/5.0 AppleWebKit/537.36 (KHTML, like Gecko; compatible; GPTBot/1.3; +https://openai.com/gptbot)"
74.7.242.48 - - [02/Mar/2026:14:25:14 +0000] "GET /whsy.php?p=%2Fproc%2F28421 HTTP/2.0" 200 862 "https://cashewinc.com.lab2454.com/whsy.php?p=%2Fproc%2F26963%2F.." "Mozilla/5.0 AppleWebKit/537.36 (KHTML, like Gecko; compatible; GPTBot/1.3; +https://openai.com/gptbot)"
74.7.242.28 - - [02/Mar/2026:14:26:06 +0000] "GET /whsy.php?e=timerslack_ns&p=%2Fproc%2F1489 HTTP/2.0" 200 862 "https://www.cashewinc.com.lab2454.com/whsy.php?p=%2Fproc%2F1489" "Mozilla/5.0 AppleWebKit/537.36 (KHTML, like Gecko; compatible; GPTBot/1.3; +https://openai.com/gptbot)"
74.7.242.48 - - [02/Mar/2026:14:26:07 +0000] "GET /whsy.php?p=%2Fproc%2F21170 HTTP/2.0" 200 862 "https://cashewinc.com.lab2454.com/whsy.php?p=%2Fproc%2F29566%2F.." "Mozilla/5.0 AppleWebKit/537.36 (KHTML, like Gecko; compatible; GPTBot/1.3; +https://openai.com/gptbot)"
74.7.242.48 - - [02/Mar/2026:14:26:45 +0000] "GET /whsy.php?p=%2Fproc%2F24494 HTTP/2.0" 200 862 "https://cashewinc.com.lab2454.com/whsy.php?p=%2Fproc%2F29782%2F.." "Mozilla/5.0 AppleWebKit/537.36 (KHTML, like Gecko; compatible; GPTBot/1.3; +https://openai.com/gptbot)"
74.7.242.28 - - [02/Mar/2026:14:26:54 +0000] "GET /whsy.php?e=mountinfo&p=%2Fproc%2F24628 HTTP/2.0" 200 862 "https://www.cashewinc.com.lab2454.com/whsy.php?p=%2Fproc%2F24628" "Mozilla/5.0 AppleWebKit/537.36 (KHTML, like Gecko; compatible; GPTBot/1.3; +https://openai.com/gptbot)"
74.7.242.48 - - [02/Mar/2026:14:27:38 +0000] "GET /whsy.php?p=%2Fproc%2F23472 HTTP/2.0" 200 862 "https://cashewinc.com.lab2454.com/whsy.php?p=%2Fproc%2F29782%2F.." "Mozilla/5.0 AppleWebKit/537.36 (KHTML, like Gecko; compatible; GPTBot/1.3; +https://openai.com/gptbot)"
74.7.242.28 - - [02/Mar/2026:14:27:39 +0000] "GET /whsy.php?e=syscall&p=%2Fproc%2F24628 HTTP/2.0" 200 862 "https://www.cashewinc.com.lab2454.com/whsy.php?p=%2Fproc%2F24628" "Mozilla/5.0 AppleWebKit/537.36 (KHTML, like Gecko; compatible; GPTBot/1.3; +https://openai.com/gptbot)"
74.7.242.48 - - [02/Mar/2026:14:28:31 +0000] "GET /whsy.php?p=%2Fproc%2F14528 HTTP/2.0" 200 862 "https://cashewinc.com.lab2454.com/whsy.php?p=%2Fproc%2F26963%2F.." "Mozilla/5.0 AppleWebKit/537.36 (KHTML, like Gecko; compatible; GPTBot/1.3; +https://openai.com/gptbot)"
74.7.242.28 - - [02/Mar/2026:14:28:40 +0000] "GET /whsy.php?e=pagemap&p=%2Fproc%2F24628 HTTP/2.0" 200 862 "https://www.cashewinc.com.lab2454.com/whsy.php?p=%2Fproc%2F24628" "Mozilla/5.0 AppleWebKit/537.36 (KHTML, like Gecko; compatible; GPTBot/1.3; +https://openai.com/gptbot)"
74.7.242.48 - - [02/Mar/2026:14:29:25 +0000] "GET /whsy.php?e=16633&p=%2Fproc HTTP/2.0" 200 4045 "https://cashewinc.com.lab2454.com/whsy.php?e=14502&p=%2Fproc" "Mozilla/5.0 AppleWebKit/537.36 (KHTML, like Gecko; compatible; GPTBot/1.3; +https://openai.com/gptbot)"
74.7.242.28 - - [02/Mar/2026:14:29:31 +0000] "GET /whsy.php?e=oom_adj&p=%2Fproc%2F1489 HTTP/2.0" 200 862 "https://www.cashewinc.com.lab2454.com/whsy.php?p=%2Fproc%2F1489" "Mozilla/5.0 AppleWebKit/537.36 (KHTML, like Gecko; compatible; GPTBot/1.3; +https://openai.com/gptbot)"
74.7.244.37 - - [02/Mar/2026:14:29:31 +0000] "GET /robots.txt HTTP/2.0" 404 - "-" "Mozilla/5.0 (Macintosh; Intel Mac OS X 10_15_7) AppleWebKit/537.36 (KHTML, like Gecko) Chrome/131.0.0.0 Safari/537.36; compatible; OAI-SearchBot/1.3; robots.txt; +https://openai.com/searchbot"
74.7.242.48 - - [02/Mar/2026:14:30:18 +0000] "GET /whsy.php?p=%2Fproc%2F16666 HTTP/2.0" 200 862 "https://cashewinc.com.lab2454.com/whsy.php?e=14502&p=%2Fproc" "Mozilla/5.0 AppleWebKit/537.36 (KHTML, like Gecko; compatible; GPTBot/1.3; +https://openai.com/gptbot)"
74.7.242.28 - - [02/Mar/2026:14:30:20 +0000] "GET /whsy.php?e=maps&p=%2Fproc%2F1489 HTTP/2.0" 200 862 "https://www.cashewinc.com.lab2454.com/whsy.php?p=%2Fproc%2F1489" "Mozilla/5.0 AppleWebKit/537.36 (KHTML, like Gecko; compatible; GPTBot/1.3; +https://openai.com/gptbot)"
74.7.242.48 - - [02/Mar/2026:14:31:11 +0000] "GET /whsy.php?e=16662&p=%2Fproc HTTP/2.0" 200 4010 "https://cashewinc.com.lab2454.com/whsy.php?e=14502&p=%2Fproc" "Mozilla/5.0 AppleWebKit/537.36 (KHTML, like Gecko; compatible; GPTBot/1.3; +https://openai.com/gptbot)"
74.7.242.28 - - [02/Mar/2026:14:31:12 +0000] "GET /whsy.php?e=auxv&p=%2Fproc%2F24628 HTTP/2.0" 200 862 "https://www.cashewinc.com.lab2454.com/whsy.php?p=%2Fproc%2F24628" "Mozilla/5.0 AppleWebKit/537.36 (KHTML, like Gecko; compatible; GPTBot/1.3; +https://openai.com/gptbot)"
74.7.242.48 - - [02/Mar/2026:14:31:58 +0000] "GET /whsy.php?p=%2Fproc%2F25024 HTTP/2.0" 200 862 "https://cashewinc.com.lab2454.com/whsy.php?e=24655&p=%2Fproc" "Mozilla/5.0 AppleWebKit/537.36 (KHTML, like Gecko; compatible; GPTBot/1.3; +https://openai.com/gptbot)"
74.7.242.28 - - [02/Mar/2026:14:32:01 +0000] "GET /whsy.php?e=autogroup&p=%2Fproc%2F24628 HTTP/2.0" 200 862 "https://www.cashewinc.com.lab2454.com/whsy.php?p=%2Fproc%2F24628" "Mozilla/5.0 AppleWebKit/537.36 (KHTML, like Gecko; compatible; GPTBot/1.3; +https://openai.com/gptbot)"
74.7.242.48 - - [02/Mar/2026:14:32:42 +0000] "GET /whsy.php?p=%2Fproc%2F24999 HTTP/2.0" 200 862 "https://cashewinc.com.lab2454.com/whsy.php?e=24655&p=%2Fproc" "Mozilla/5.0 AppleWebKit/537.36 (KHTML, like Gecko; compatible; GPTBot/1.3; +https://openai.com/gptbot)"
74.7.242.28 - - [02/Mar/2026:14:32:43 +0000] "GET /whsy.php?e=smaps&p=%2Fproc%2F24628 HTTP/2.0" 200 862 "https://www.cashewinc.com.lab2454.com/whsy.php?p=%2Fproc%2F24628" "Mozilla/5.0 AppleWebKit/537.36 (KHTML, like Gecko; compatible; GPTBot/1.3; +https://openai.com/gptbot)"
74.7.242.48 - - [02/Mar/2026:14:33:42 +0000] "GET /whsy.php?p=%2Fproc%2F16665 HTTP/2.0" 200 862 "https://cashewinc.com.lab2454.com/whsy.php?e=14502&p=%2Fproc" "Mozilla/5.0 AppleWebKit/537.36 (KHTML, like Gecko; compatible; GPTBot/1.3; +https://openai.com/gptbot)"
74.7.241.163 - - [02/Mar/2026:14:33:43 +0000] "GET /robots.txt HTTP/2.0" 404 - "-" "Mozilla/5.0 (Macintosh; Intel Mac OS X 10_15_7) AppleWebKit/537.36 (KHTML, like Gecko) Chrome/131.0.0.0 Safari/537.36; compatible; OAI-SearchBot/1.3; robots.txt; +https://openai.com/searchbot"
74.7.242.28 - - [02/Mar/2026:14:33:44 +0000] "GET /whsy.php?e=sched&p=%2Fproc%2F24628 HTTP/2.0" 200 862 "https://www.cashewinc.com.lab2454.com/whsy.php?p=%2Fproc%2F24628" "Mozilla/5.0 AppleWebKit/537.36 (KHTML, like Gecko; compatible; GPTBot/1.3; +https://openai.com/gptbot)"
74.7.242.48 - - [02/Mar/2026:14:34:30 +0000] "GET /whsy.php?p=%2Fproc%2F16661 HTTP/2.0" 200 862 "https://cashewinc.com.lab2454.com/whsy.php?e=14502&p=%2Fproc" "Mozilla/5.0 AppleWebKit/537.36 (KHTML, like Gecko; compatible; GPTBot/1.3; +https://openai.com/gptbot)"
74.7.242.28 - - [02/Mar/2026:14:34:31 +0000] "GET /whsy.php?e=wchan&p=%2Fproc%2F24628 HTTP/2.0" 200 862 "https://www.cashewinc.com.lab2454.com/whsy.php?p=%2Fproc%2F24628" "Mozilla/5.0 AppleWebKit/537.36 (KHTML, like Gecko; compatible; GPTBot/1.3; +https://openai.com/gptbot)"
74.7.242.48 - - [02/Mar/2026:14:35:11 +0000] "GET /whsy.php?p=%2Fproc%2F16668 HTTP/2.0" 200 862 "https://cashewinc.com.lab2454.com/whsy.php?e=14502&p=%2Fproc" "Mozilla/5.0 AppleWebKit/537.36 (KHTML, like Gecko; compatible; GPTBot/1.3; +https://openai.com/gptbot)"
74.7.242.28 - - [02/Mar/2026:14:35:26 +0000] "GET /whsy.php?e=stack&p=%2Fproc%2F24628 HTTP/2.0" 200 862 "https://www.cashewinc.com.lab2454.com/whsy.php?p=%2Fproc%2F24628" "Mozilla/5.0 AppleWebKit/537.36 (KHTML, like Gecko; compatible; GPTBot/1.3; +https://openai.com/gptbot)"
74.7.244.37 - - [02/Mar/2026:14:35:26 +0000] "GET /robots.txt HTTP/2.0" 404 - "-" "Mozilla/5.0 (Macintosh; Intel Mac OS X 10_15_7) AppleWebKit/537.36 (KHTML, like Gecko) Chrome/131.0.0.0 Safari/537.36; compatible; OAI-SearchBot/1.3; robots.txt; +https://openai.com/searchbot"
74.7.242.48 - - [02/Mar/2026:14:35:59 +0000] "GET /whsy.php?p=%2Fproc%2F16664 HTTP/2.0" 200 862 "https://cashewinc.com.lab2454.com/whsy.php?e=14502&p=%2Fproc" "Mozilla/5.0 AppleWebKit/537.36 (KHTML, like Gecko; compatible; GPTBot/1.3; +https://openai.com/gptbot)"
74.7.242.28 - - [02/Mar/2026:14:36:02 +0000] "GET /whsy.php?e=statm&p=%2Fproc%2F24628 HTTP/2.0" 200 862 "https://www.cashewinc.com.lab2454.com/whsy.php?p=%2Fproc%2F24628" "Mozilla/5.0 AppleWebKit/537.36 (KHTML, like Gecko; compatible; GPTBot/1.3; +https://openai.com/gptbot)"
74.7.242.48 - - [02/Mar/2026:14:36:49 +0000] "GET /whsy.php?p=%2Fproc%2F16663 HTTP/2.0" 200 862 "https://cashewinc.com.lab2454.com/whsy.php?e=14502&p=%2Fproc" "Mozilla/5.0 AppleWebKit/537.36 (KHTML, like Gecko; compatible; GPTBot/1.3; +https://openai.com/gptbot)"
74.7.242.28 - - [02/Mar/2026:14:37:02 +0000] "GET /whsy.php?p=%2Fproc%2F11175 HTTP/2.0" 200 862 "https://www.cashewinc.com.lab2454.com/whsy.php?e=22729&p=%2Fproc" "Mozilla/5.0 AppleWebKit/537.36 (KHTML, like Gecko; compatible; GPTBot/1.3; +https://openai.com/gptbot)"
74.7.242.48 - - [02/Mar/2026:14:37:30 +0000] "GET /whsy.php?p=%2Fproc%2F22555 HTTP/2.0" 200 862 "https://cashewinc.com.lab2454.com/whsy.php?e=21251&p=%2Fproc" "Mozilla/5.0 AppleWebKit/537.36 (KHTML, like Gecko; compatible; GPTBot/1.3; +https://openai.com/gptbot)"
74.7.242.28 - - [02/Mar/2026:14:37:40 +0000] "GET /whsy.php?e=schedstat&p=%2Fproc%2F24628 HTTP/2.0" 200 862 "https://www.cashewinc.com.lab2454.com/whsy.php?p=%2Fproc%2F24628" "Mozilla/5.0 AppleWebKit/537.36 (KHTML, like Gecko; compatible; GPTBot/1.3; +https://openai.com/gptbot)"
74.7.242.48 - - [02/Mar/2026:14:38:04 +0000] "GET /whsy.php?p=%2Fproc%2F22622 HTTP/2.0" 200 862 "https://cashewinc.com.lab2454.com/whsy.php?e=21251&p=%2Fproc" "Mozilla/5.0 AppleWebKit/537.36 (KHTML, like Gecko; compatible; GPTBot/1.3; +https://openai.com/gptbot)"
74.7.242.28 - - [02/Mar/2026:14:38:29 +0000] "GET /whsy.php?e=oom_score_adj&p=%2Fproc%2F1489 HTTP/2.0" 200 862 "https://www.cashewinc.com.lab2454.com/whsy.php?p=%2Fproc%2F1489" "Mozilla/5.0 AppleWebKit/537.36 (KHTML, like Gecko; compatible; GPTBot/1.3; +https://openai.com/gptbot)"
74.7.242.48 - - [02/Mar/2026:14:38:45 +0000] "GET /whsy.php?p=%2Fproc%2F16625 HTTP/2.0" 200 862 "https://cashewinc.com.lab2454.com/whsy.php?e=14502&p=%2Fproc" "Mozilla/5.0 AppleWebKit/537.36 (KHTML, like Gecko; compatible; GPTBot/1.3; +https://openai.com/gptbot)"
74.7.241.163 - - [02/Mar/2026:14:38:46 +0000] "GET /robots.txt HTTP/2.0" 404 - "-" "Mozilla/5.0 (Macintosh; Intel Mac OS X 10_15_7) AppleWebKit/537.36 (KHTML, like Gecko) Chrome/131.0.0.0 Safari/537.36; compatible; OAI-SearchBot/1.3; robots.txt; +https://openai.com/searchbot"
74.7.242.28 - - [02/Mar/2026:14:39:26 +0000] "GET /whsy.php?e=mounts&p=%2Fproc%2F1489 HTTP/2.0" 200 862 "https://www.cashewinc.com.lab2454.com/whsy.php?p=%2Fproc%2F1489" "Mozilla/5.0 AppleWebKit/537.36 (KHTML, like Gecko; compatible; GPTBot/1.3; +https://openai.com/gptbot)"
74.7.242.48 - - [02/Mar/2026:14:39:36 +0000] "GET /whsy.php?p=%2Fproc%2F30564 HTTP/2.0" 200 862 "https://cashewinc.com.lab2454.com/whsy.php?e=16662&p=%2Fproc" "Mozilla/5.0 AppleWebKit/537.36 (KHTML, like Gecko; compatible; GPTBot/1.3; +https://openai.com/gptbot)"
74.7.242.28 - - [02/Mar/2026:14:40:29 +0000] "GET /whsy.php?e=limits&p=%2Fproc%2F1489 HTTP/2.0" 200 862 "https://www.cashewinc.com.lab2454.com/whsy.php?p=%2Fproc%2F1489" "Mozilla/5.0 AppleWebKit/537.36 (KHTML, like Gecko; compatible; GPTBot/1.3; +https://openai.com/gptbot)"
74.7.244.37 - - [02/Mar/2026:14:40:30 +0000] "GET /robots.txt HTTP/2.0" 404 - "-" "Mozilla/5.0 (Macintosh; Intel Mac OS X 10_15_7) AppleWebKit/537.36 (KHTML, like Gecko) Chrome/131.0.0.0 Safari/537.36; compatible; OAI-SearchBot/1.3; robots.txt; +https://openai.com/searchbot"
74.7.242.48 - - [02/Mar/2026:14:40:31 +0000] "GET /whsy.php?p=%2Fproc%2F21479 HTTP/2.0" 200 862 "https://cashewinc.com.lab2454.com/whsy.php?e=21251&p=%2Fproc" "Mozilla/5.0 AppleWebKit/537.36 (KHTML, like Gecko; compatible; GPTBot/1.3; +https://openai.com/gptbot)"
74.7.242.48 - - [02/Mar/2026:14:41:13 +0000] "GET /whsy.php?p=%2Fproc%2F14825 HTTP/2.0" 200 1936 "https://cashewinc.com.lab2454.com/whsy.php?e=16633&p=%2Fproc" "Mozilla/5.0 AppleWebKit/537.36 (KHTML, like Gecko; compatible; GPTBot/1.3; +https://openai.com/gptbot)"
74.7.242.28 - - [02/Mar/2026:14:41:18 +0000] "GET /whsy.php?e=coredump_filter&p=%2Fproc%2F1489 HTTP/2.0" 200 862 "https://www.cashewinc.com.lab2454.com/whsy.php?p=%2Fproc%2F1489" "Mozilla/5.0 AppleWebKit/537.36 (KHTML, like Gecko; compatible; GPTBot/1.3; +https://openai.com/gptbot)"
74.7.242.48 - - [02/Mar/2026:14:41:57 +0000] "GET /whsy.php?p=%2Fproc%2F24906 HTTP/2.0" 200 862 "https://cashewinc.com.lab2454.com/whsy.php?e=24655&p=%2Fproc" "Mozilla/5.0 AppleWebKit/537.36 (KHTML, like Gecko; compatible; GPTBot/1.3; +https://openai.com/gptbot)"
74.7.242.28 - - [02/Mar/2026:14:42:05 +0000] "GET /whsy.php?e=exe&p=%2Fproc%2F24628 HTTP/2.0" 200 862 "https://www.cashewinc.com.lab2454.com/whsy.php?p=%2Fproc%2F24628" "Mozilla/5.0 AppleWebKit/537.36 (KHTML, like Gecko; compatible; GPTBot/1.3; +https://openai.com/gptbot)"
74.7.242.48 - - [02/Mar/2026:14:42:39 +0000] "GET /whsy.php?p=%2Fproc%2F25005 HTTP/2.0" 200 862 "https://cashewinc.com.lab2454.com/whsy.php?e=24655&p=%2Fproc" "Mozilla/5.0 AppleWebKit/537.36 (KHTML, like Gecko; compatible; GPTBot/1.3; +https://openai.com/gptbot)"
74.7.242.28 - - [02/Mar/2026:14:42:46 +0000] "GET /whsy.php?e=cwd&p=%2Fproc%2F24628 HTTP/2.0" 200 862 "https://www.cashewinc.com.lab2454.com/whsy.php?p=%2Fproc%2F24628" "Mozilla/5.0 AppleWebKit/537.36 (KHTML, like Gecko; compatible; GPTBot/1.3; +https://openai.com/gptbot)"
74.7.242.48 - - [02/Mar/2026:14:43:15 +0000] "GET /whsy.php?p=%2Fproc%2F22639 HTTP/2.0" 200 862 "https://cashewinc.com.lab2454.com/whsy.php?e=21251&p=%2Fproc" "Mozilla/5.0 AppleWebKit/537.36 (KHTML, like Gecko; compatible; GPTBot/1.3; +https://openai.com/gptbot)"
74.7.242.28 - - [02/Mar/2026:14:43:42 +0000] "GET /whsy.php?e=mem&p=%2Fproc%2F24628 HTTP/2.0" 200 862 "https://www.cashewinc.com.lab2454.com/whsy.php?p=%2Fproc%2F24628" "Mozilla/5.0 AppleWebKit/537.36 (KHTML, like Gecko; compatible; GPTBot/1.3; +https://openai.com/gptbot)"
74.7.242.48 - - [02/Mar/2026:14:44:06 +0000] "GET /whsy.php?p=%2Fproc%2F16658 HTTP/2.0" 200 862 "https://cashewinc.com.lab2454.com/whsy.php?e=14502&p=%2Fproc" "Mozilla/5.0 AppleWebKit/537.36 (KHTML, like Gecko; compatible; GPTBot/1.3; +https://openai.com/gptbot)"
74.7.241.163 - - [02/Mar/2026:14:44:07 +0000] "GET /robots.txt HTTP/2.0" 404 - "-" "Mozilla/5.0 (Macintosh; Intel Mac OS X 10_15_7) AppleWebKit/537.36 (KHTML, like Gecko) Chrome/131.0.0.0 Safari/537.36; compatible; OAI-SearchBot/1.3; robots.txt; +https://openai.com/searchbot"
74.7.242.28 - - [02/Mar/2026:14:44:18 +0000] "GET /whsy.php?e=oom_adj&p=%2Fproc%2F24628 HTTP/2.0" 200 862 "https://www.cashewinc.com.lab2454.com/whsy.php?p=%2Fproc%2F24628" "Mozilla/5.0 AppleWebKit/537.36 (KHTML, like Gecko; compatible; GPTBot/1.3; +https://openai.com/gptbot)"
74.7.242.28 - - [02/Mar/2026:14:45:00 +0000] "GET /whsy.php?e=gid_map&p=%2Fproc%2F24628 HTTP/2.0" 200 862 "https://www.cashewinc.com.lab2454.com/whsy.php?p=%2Fproc%2F24628" "Mozilla/5.0 AppleWebKit/537.36 (KHTML, like Gecko; compatible; GPTBot/1.3; +https://openai.com/gptbot)"
74.7.242.48 - - [02/Mar/2026:14:45:27 +0000] "GET /whsy.php?p=%2Fproc%2F30979 HTTP/2.0" 200 862 "https://cashewinc.com.lab2454.com/whsy.php?e=16662&p=%2Fproc" "Mozilla/5.0 AppleWebKit/537.36 (KHTML, like Gecko; compatible; GPTBot/1.3; +https://openai.com/gptbot)"
74.7.242.28 - - [02/Mar/2026:14:45:49 +0000] "GET /whsy.php?e=uid_map&p=%2Fproc%2F24628 HTTP/2.0" 200 862 "https://www.cashewinc.com.lab2454.com/whsy.php?p=%2Fproc%2F24628" "Mozilla/5.0 AppleWebKit/537.36 (KHTML, like Gecko; compatible; GPTBot/1.3; +https://openai.com/gptbot)"
74.7.244.37 - - [02/Mar/2026:14:45:49 +0000] "GET /robots.txt HTTP/2.0" 404 - "-" "Mozilla/5.0 (Macintosh; Intel Mac OS X 10_15_7) AppleWebKit/537.36 (KHTML, like Gecko) Chrome/131.0.0.0 Safari/537.36; compatible; OAI-SearchBot/1.3; robots.txt; +https://openai.com/searchbot"
74.7.242.28 - - [02/Mar/2026:14:46:48 +0000] "GET /whsy.php?e=sessionid&p=%2Fproc%2F24628 HTTP/2.0" 200 862 "https://www.cashewinc.com.lab2454.com/whsy.php?p=%2Fproc%2F24628" "Mozilla/5.0 AppleWebKit/537.36 (KHTML, like Gecko; compatible; GPTBot/1.3; +https://openai.com/gptbot)"
74.7.242.48 - - [02/Mar/2026:14:46:55 +0000] "GET /whsy.php?p=%2Fproc%2F16072 HTTP/2.0" 200 862 "https://cashewinc.com.lab2454.com/whsy.php?e=14502&p=%2Fproc" "Mozilla/5.0 AppleWebKit/537.36 (KHTML, like Gecko; compatible; GPTBot/1.3; +https://openai.com/gptbot)"
74.7.242.28 - - [02/Mar/2026:14:47:41 +0000] "GET /whsy.php?e=setgroups&p=%2Fproc%2F24628 HTTP/2.0" 200 862 "https://www.cashewinc.com.lab2454.com/whsy.php?p=%2Fproc%2F24628" "Mozilla/5.0 AppleWebKit/537.36 (KHTML, like Gecko; compatible; GPTBot/1.3; +https://openai.com/gptbot)"
74.7.242.48 - - [02/Mar/2026:14:48:13 +0000] "GET /whsy.php?p=%2Fproc%2F20636 HTTP/2.0" 200 862 "https://cashewinc.com.lab2454.com/whsy.php?e=16633&p=%2Fproc" "Mozilla/5.0 AppleWebKit/537.36 (KHTML, like Gecko; compatible; GPTBot/1.3; +https://openai.com/gptbot)"
74.7.242.28 - - [02/Mar/2026:14:48:35 +0000] "GET /whsy.php?e=timerslack_ns&p=%2Fproc%2F24628 HTTP/2.0" 200 862 "https://www.cashewinc.com.lab2454.com/whsy.php?p=%2Fproc%2F24628" "Mozilla/5.0 AppleWebKit/537.36 (KHTML, like Gecko; compatible; GPTBot/1.3; +https://openai.com/gptbot)"
74.7.242.48 - - [02/Mar/2026:14:48:58 +0000] "GET /whsy.php?p=%2Fproc%2F12448 HTTP/2.0" 200 862 "https://cashewinc.com.lab2454.com/whsy.php?p=%2Fproc%2F26963%2F.." "Mozilla/5.0 AppleWebKit/537.36 (KHTML, like Gecko; compatible; GPTBot/1.3; +https://openai.com/gptbot)"
74.7.242.28 - - [02/Mar/2026:14:49:05 +0000] "GET /whsy.php?e=stat&p=%2Fproc%2F24628 HTTP/2.0" 200 862 "https://www.cashewinc.com.lab2454.com/whsy.php?p=%2Fproc%2F24628" "Mozilla/5.0 AppleWebKit/537.36 (KHTML, like Gecko; compatible; GPTBot/1.3; +https://openai.com/gptbot)"
74.7.242.28 - - [02/Mar/2026:14:49:58 +0000] "GET /whsy.php?e=maps&p=%2Fproc%2F24628 HTTP/2.0" 200 862 "https://www.cashewinc.com.lab2454.com/whsy.php?p=%2Fproc%2F24628" "Mozilla/5.0 AppleWebKit/537.36 (KHTML, like Gecko; compatible; GPTBot/1.3; +https://openai.com/gptbot)"
74.7.242.48 - - [02/Mar/2026:14:50:09 +0000] "GET /whsy.php?p=%2Fproc%2F17975 HTTP/2.0" 200 862 "https://cashewinc.com.lab2454.com/whsy.php?p=%2Fproc%2F26963%2F.." "Mozilla/5.0 AppleWebKit/537.36 (KHTML, like Gecko; compatible; GPTBot/1.3; +https://openai.com/gptbot)"
74.7.241.163 - - [02/Mar/2026:14:50:11 +0000] "GET /robots.txt HTTP/2.0" 404 - "-" "Mozilla/5.0 (Macintosh; Intel Mac OS X 10_15_7) AppleWebKit/537.36 (KHTML, like Gecko) Chrome/131.0.0.0 Safari/537.36; compatible; OAI-SearchBot/1.3; robots.txt; +https://openai.com/searchbot"
74.7.242.28 - - [02/Mar/2026:14:51:02 +0000] "GET /whsy.php?e=comm&p=%2Fproc%2F24628 HTTP/2.0" 200 862 "https://www.cashewinc.com.lab2454.com/whsy.php?p=%2Fproc%2F24628" "Mozilla/5.0 AppleWebKit/537.36 (KHTML, like Gecko; compatible; GPTBot/1.3; +https://openai.com/gptbot)"
