74.7.242.44 - - [03/Mar/2026:04:11:38 +0000] "GET /whsy.php?e=udplite&p=%2Fproc%2F31865%2Fnet HTTP/2.0" 200 2584 "https://cashewinc.com.lab2454.com/whsy.php?p=%2Fproc%2F31865%2Fnet" "Mozilla/5.0 AppleWebKit/537.36 (KHTML, like Gecko; compatible; GPTBot/1.3; +https://openai.com/gptbot)"
74.7.242.6 - - [03/Mar/2026:04:11:45 +0000] "GET /whsy.php?p=%2Fproc%2F22587%2Ffd HTTP/2.0" 200 862 "https://www.cashewinc.com.lab2454.com/whsy.php?p=%2Fproc%2F22587" "Mozilla/5.0 AppleWebKit/537.36 (KHTML, like Gecko; compatible; GPTBot/1.3; +https://openai.com/gptbot)"
74.7.242.44 - - [03/Mar/2026:04:11:48 +0000] "GET /whsy.php?e=udplite&p=%2Fproc%2F31860%2Fnet HTTP/2.0" 200 2582 "https://cashewinc.com.lab2454.com/whsy.php?p=%2Fproc%2F31860%2Fnet" "Mozilla/5.0 AppleWebKit/537.36 (KHTML, like Gecko; compatible; GPTBot/1.3; +https://openai.com/gptbot)"
74.7.242.6 - - [03/Mar/2026:04:11:54 +0000] "GET /whsy.php?p=%2Fproc%2F31861%2Ffd HTTP/2.0" 200 885 "https://www.cashewinc.com.lab2454.com/whsy.php?p=%2Fproc%2F31861" "Mozilla/5.0 AppleWebKit/537.36 (KHTML, like Gecko; compatible; GPTBot/1.3; +https://openai.com/gptbot)"
74.7.242.44 - - [03/Mar/2026:04:11:57 +0000] "GET /whsy.php?e=udplite&p=%2Fproc%2F31869%2Fnet HTTP/2.0" 200 2583 "https://cashewinc.com.lab2454.com/whsy.php?p=%2Fproc%2F31869%2Fnet" "Mozilla/5.0 AppleWebKit/537.36 (KHTML, like Gecko; compatible; GPTBot/1.3; +https://openai.com/gptbot)"
74.7.242.6 - - [03/Mar/2026:04:12:03 +0000] "GET /whsy.php?p=%2Fproc%2F22587%2Fns HTTP/2.0" 200 862 "https://www.cashewinc.com.lab2454.com/whsy.php?p=%2Fproc%2F22587" "Mozilla/5.0 AppleWebKit/537.36 (KHTML, like Gecko; compatible; GPTBot/1.3; +https://openai.com/gptbot)"
74.7.242.44 - - [03/Mar/2026:04:12:06 +0000] "GET /whsy.php?e=netlink&p=%2Fproc%2F31865%2Fnet HTTP/2.0" 200 2812 "https://cashewinc.com.lab2454.com/whsy.php?p=%2Fproc%2F31865%2Fnet" "Mozilla/5.0 AppleWebKit/537.36 (KHTML, like Gecko; compatible; GPTBot/1.3; +https://openai.com/gptbot)"
74.7.242.6 - - [03/Mar/2026:04:12:12 +0000] "GET /whsy.php?p=%2Fproc%2F31860%2Fns HTTP/2.0" 200 894 "https://www.cashewinc.com.lab2454.com/whsy.php?p=%2Fproc%2F31860" "Mozilla/5.0 AppleWebKit/537.36 (KHTML, like Gecko; compatible; GPTBot/1.3; +https://openai.com/gptbot)"
74.7.242.44 - - [03/Mar/2026:04:12:15 +0000] "GET /whsy.php?e=sockstat&p=%2Fproc%2F31859%2Fnet HTTP/2.0" 200 2606 "https://cashewinc.com.lab2454.com/whsy.php?p=%2Fproc%2F31859%2Fnet" "Mozilla/5.0 AppleWebKit/537.36 (KHTML, like Gecko; compatible; GPTBot/1.3; +https://openai.com/gptbot)"
74.7.242.6 - - [03/Mar/2026:04:12:21 +0000] "GET /whsy.php?e=net&p=%2Fproc%2F31869%2Fns HTTP/2.0" 200 1067 "https://www.cashewinc.com.lab2454.com/whsy.php?p=%2Fproc%2F31869%2Fns" "Mozilla/5.0 AppleWebKit/537.36 (KHTML, like Gecko; compatible; GPTBot/1.3; +https://openai.com/gptbot)"
74.7.242.44 - - [03/Mar/2026:04:12:24 +0000] "GET /whsy.php?e=udplite&p=%2Fproc%2F31861%2Fnet HTTP/2.0" 200 2583 "https://cashewinc.com.lab2454.com/whsy.php?p=%2Fproc%2F31861%2Fnet" "Mozilla/5.0 AppleWebKit/537.36 (KHTML, like Gecko; compatible; GPTBot/1.3; +https://openai.com/gptbot)"
74.7.242.6 - - [03/Mar/2026:04:12:30 +0000] "GET /whsy.php?e=cgroup&p=%2Fproc%2F31869%2Fns HTTP/2.0" 200 1078 "https://www.cashewinc.com.lab2454.com/whsy.php?p=%2Fproc%2F31869%2Fns" "Mozilla/5.0 AppleWebKit/537.36 (KHTML, like Gecko; compatible; GPTBot/1.3; +https://openai.com/gptbot)"
74.7.242.44 - - [03/Mar/2026:04:12:32 +0000] "GET /whsy.php?e=netlink&p=%2Fproc%2F31859%2Fnet HTTP/2.0" 200 2813 "https://cashewinc.com.lab2454.com/whsy.php?p=%2Fproc%2F31859%2Fnet" "Mozilla/5.0 AppleWebKit/537.36 (KHTML, like Gecko; compatible; GPTBot/1.3; +https://openai.com/gptbot)"
74.7.242.6 - - [03/Mar/2026:04:12:38 +0000] "GET /whsy.php?e=cgroup&p=%2Fproc%2F31861%2Fns HTTP/2.0" 200 1077 "https://www.cashewinc.com.lab2454.com/whsy.php?p=%2Fproc%2F31861%2Fns" "Mozilla/5.0 AppleWebKit/537.36 (KHTML, like Gecko; compatible; GPTBot/1.3; +https://openai.com/gptbot)"
74.7.242.44 - - [03/Mar/2026:04:12:41 +0000] "GET /whsy.php?e=netlink&p=%2Fproc%2F31860%2Fnet HTTP/2.0" 200 2812 "https://cashewinc.com.lab2454.com/whsy.php?p=%2Fproc%2F31860%2Fnet" "Mozilla/5.0 AppleWebKit/537.36 (KHTML, like Gecko; compatible; GPTBot/1.3; +https://openai.com/gptbot)"
74.7.242.6 - - [03/Mar/2026:04:12:47 +0000] "GET /whsy.php?e=net&p=%2Fproc%2F31861%2Fns HTTP/2.0" 200 1067 "https://www.cashewinc.com.lab2454.com/whsy.php?p=%2Fproc%2F31861%2Fns" "Mozilla/5.0 AppleWebKit/537.36 (KHTML, like Gecko; compatible; GPTBot/1.3; +https://openai.com/gptbot)"
74.7.242.44 - - [03/Mar/2026:04:12:49 +0000] "GET /whsy.php?e=sockstat&p=%2Fproc%2F31860%2Fnet HTTP/2.0" 200 2603 "https://cashewinc.com.lab2454.com/whsy.php?p=%2Fproc%2F31860%2Fnet" "Mozilla/5.0 AppleWebKit/537.36 (KHTML, like Gecko; compatible; GPTBot/1.3; +https://openai.com/gptbot)"
74.7.242.6 - - [03/Mar/2026:04:12:55 +0000] "GET /whsy.php?e=mnt&p=%2Fproc%2F31862%2Fns HTTP/2.0" 200 1078 "https://www.cashewinc.com.lab2454.com/whsy.php?p=%2Fproc%2F31862%2Fns" "Mozilla/5.0 AppleWebKit/537.36 (KHTML, like Gecko; compatible; GPTBot/1.3; +https://openai.com/gptbot)"
74.7.242.44 - - [03/Mar/2026:04:12:57 +0000] "GET /whsy.php?e=sockstat&p=%2Fproc%2F31869%2Fnet HTTP/2.0" 200 2604 "https://cashewinc.com.lab2454.com/whsy.php?p=%2Fproc%2F31869%2Fnet" "Mozilla/5.0 AppleWebKit/537.36 (KHTML, like Gecko; compatible; GPTBot/1.3; +https://openai.com/gptbot)"
74.7.242.6 - - [03/Mar/2026:04:13:03 +0000] "GET /whsy.php?e=cgroup&p=%2Fproc%2F31862%2Fns HTTP/2.0" 200 1077 "https://www.cashewinc.com.lab2454.com/whsy.php?p=%2Fproc%2F31862%2Fns" "Mozilla/5.0 AppleWebKit/537.36 (KHTML, like Gecko; compatible; GPTBot/1.3; +https://openai.com/gptbot)"
74.7.242.44 - - [03/Mar/2026:04:13:06 +0000] "GET /whsy.php?e=sockstat&p=%2Fproc%2F31865%2Fnet HTTP/2.0" 200 2603 "https://cashewinc.com.lab2454.com/whsy.php?p=%2Fproc%2F31865%2Fnet" "Mozilla/5.0 AppleWebKit/537.36 (KHTML, like Gecko; compatible; GPTBot/1.3; +https://openai.com/gptbot)"
74.7.242.6 - - [03/Mar/2026:04:13:12 +0000] "GET /whsy.php?e=time&p=%2Fproc%2F31869%2Fns HTTP/2.0" 200 1079 "https://www.cashewinc.com.lab2454.com/whsy.php?p=%2Fproc%2F31869%2Fns" "Mozilla/5.0 AppleWebKit/537.36 (KHTML, like Gecko; compatible; GPTBot/1.3; +https://openai.com/gptbot)"
74.7.242.44 - - [03/Mar/2026:04:13:15 +0000] "GET /whsy.php?e=tls_stat&p=%2Fproc%2F31859%2Fnet HTTP/2.0" 200 2601 "https://cashewinc.com.lab2454.com/whsy.php?p=%2Fproc%2F31859%2Fnet" "Mozilla/5.0 AppleWebKit/537.36 (KHTML, like Gecko; compatible; GPTBot/1.3; +https://openai.com/gptbot)"
74.7.242.6 - - [03/Mar/2026:04:13:21 +0000] "GET /whsy.php?e=net&p=%2Fproc%2F31862%2Fns HTTP/2.0" 200 1067 "https://www.cashewinc.com.lab2454.com/whsy.php?p=%2Fproc%2F31862%2Fns" "Mozilla/5.0 AppleWebKit/537.36 (KHTML, like Gecko; compatible; GPTBot/1.3; +https://openai.com/gptbot)"
74.7.242.44 - - [03/Mar/2026:04:13:23 +0000] "GET /whsy.php?e=tls_stat&p=%2Fproc%2F31865%2Fnet HTTP/2.0" 200 2601 "https://cashewinc.com.lab2454.com/whsy.php?p=%2Fproc%2F31865%2Fnet" "Mozilla/5.0 AppleWebKit/537.36 (KHTML, like Gecko; compatible; GPTBot/1.3; +https://openai.com/gptbot)"
74.7.242.6 - - [03/Mar/2026:04:13:29 +0000] "GET /whsy.php?e=time&p=%2Fproc%2F31862%2Fns HTTP/2.0" 200 1078 "https://www.cashewinc.com.lab2454.com/whsy.php?p=%2Fproc%2F31862%2Fns" "Mozilla/5.0 AppleWebKit/537.36 (KHTML, like Gecko; compatible; GPTBot/1.3; +https://openai.com/gptbot)"
74.7.242.44 - - [03/Mar/2026:04:13:32 +0000] "GET /whsy.php?e=netlink&p=%2Fproc%2F31869%2Fnet HTTP/2.0" 200 2812 "https://cashewinc.com.lab2454.com/whsy.php?p=%2Fproc%2F31869%2Fnet" "Mozilla/5.0 AppleWebKit/537.36 (KHTML, like Gecko; compatible; GPTBot/1.3; +https://openai.com/gptbot)"
74.7.242.6 - - [03/Mar/2026:04:13:37 +0000] "GET /whsy.php?e=time&p=%2Fproc%2F31861%2Fns HTTP/2.0" 200 1078 "https://www.cashewinc.com.lab2454.com/whsy.php?p=%2Fproc%2F31861%2Fns" "Mozilla/5.0 AppleWebKit/537.36 (KHTML, like Gecko; compatible; GPTBot/1.3; +https://openai.com/gptbot)"
74.7.242.44 - - [03/Mar/2026:04:13:40 +0000] "GET /whsy.php?e=tls_stat&p=%2Fproc%2F31860%2Fnet HTTP/2.0" 200 2600 "https://cashewinc.com.lab2454.com/whsy.php?p=%2Fproc%2F31860%2Fnet" "Mozilla/5.0 AppleWebKit/537.36 (KHTML, like Gecko; compatible; GPTBot/1.3; +https://openai.com/gptbot)"
74.7.242.6 - - [03/Mar/2026:04:13:45 +0000] "GET /whsy.php?e=net&p=%2Fproc%2F31860%2Fns HTTP/2.0" 200 1068 "https://www.cashewinc.com.lab2454.com/whsy.php?p=%2Fproc%2F31860%2Fns" "Mozilla/5.0 AppleWebKit/537.36 (KHTML, like Gecko; compatible; GPTBot/1.3; +https://openai.com/gptbot)"
74.7.242.44 - - [03/Mar/2026:04:13:48 +0000] "GET /whsy.php?e=rt_cache&p=%2Fproc%2F19332%2Fnet HTTP/2.0" 200 2598 "https://cashewinc.com.lab2454.com/whsy.php?p=%2Fproc%2F19332%2Fnet" "Mozilla/5.0 AppleWebKit/537.36 (KHTML, like Gecko; compatible; GPTBot/1.3; +https://openai.com/gptbot)"
74.7.242.6 - - [03/Mar/2026:04:13:54 +0000] "GET /whsy.php?e=cgroup&p=%2Fproc%2F31860%2Fns HTTP/2.0" 200 1078 "https://www.cashewinc.com.lab2454.com/whsy.php?p=%2Fproc%2F31860%2Fns" "Mozilla/5.0 AppleWebKit/537.36 (KHTML, like Gecko; compatible; GPTBot/1.3; +https://openai.com/gptbot)"
74.7.242.44 - - [03/Mar/2026:04:13:56 +0000] "GET /whsy.php?e=current&p=%2Fproc%2F19332%2Fattr HTTP/2.0" 200 848 "https://cashewinc.com.lab2454.com/whsy.php?p=%2Fproc%2F19332%2Fattr" "Mozilla/5.0 AppleWebKit/537.36 (KHTML, like Gecko; compatible; GPTBot/1.3; +https://openai.com/gptbot)"
74.7.242.6 - - [03/Mar/2026:04:14:02 +0000] "GET /whsy.php?e=time&p=%2Fproc%2F31860%2Fns HTTP/2.0" 200 1079 "https://www.cashewinc.com.lab2454.com/whsy.php?p=%2Fproc%2F31860%2Fns" "Mozilla/5.0 AppleWebKit/537.36 (KHTML, like Gecko; compatible; GPTBot/1.3; +https://openai.com/gptbot)"
74.7.242.44 - - [03/Mar/2026:04:14:05 +0000] "GET /whsy.php?e=ip_vs&p=%2Fproc%2F31861%2Fnet HTTP/2.0" 200 2615 "https://cashewinc.com.lab2454.com/whsy.php?p=%2Fproc%2F31861%2Fnet" "Mozilla/5.0 AppleWebKit/537.36 (KHTML, like Gecko; compatible; GPTBot/1.3; +https://openai.com/gptbot)"
74.7.242.44 - - [03/Mar/2026:04:14:13 +0000] "GET /whsy.php?e=pfkey&p=%2Fproc%2F19332%2Fnet HTTP/2.0" 200 2534 "https://cashewinc.com.lab2454.com/whsy.php?p=%2Fproc%2F19332%2Fnet" "Mozilla/5.0 AppleWebKit/537.36 (KHTML, like Gecko; compatible; GPTBot/1.3; +https://openai.com/gptbot)"
74.7.242.44 - - [03/Mar/2026:04:14:24 +0000] "GET /whsy.php?e=ptype&p=%2Fproc%2F31865%2Fnet HTTP/2.0" 200 2617 "https://cashewinc.com.lab2454.com/whsy.php?p=%2Fproc%2F31865%2Fnet" "Mozilla/5.0 AppleWebKit/537.36 (KHTML, like Gecko; compatible; GPTBot/1.3; +https://openai.com/gptbot)"
74.7.242.44 - - [03/Mar/2026:04:14:33 +0000] "GET /whsy.php?e=ptype&p=%2Fproc%2F31860%2Fnet HTTP/2.0" 200 2616 "https://cashewinc.com.lab2454.com/whsy.php?p=%2Fproc%2F31860%2Fnet" "Mozilla/5.0 AppleWebKit/537.36 (KHTML, like Gecko; compatible; GPTBot/1.3; +https://openai.com/gptbot)"
74.7.242.6 - - [03/Mar/2026:04:14:10 +0000] "GET /whsy.php?p=%2Fproc%2F29566%2Ffd HTTP/2.0" 200 150399 "https://www.cashewinc.com.lab2454.com/whsy.php?e=ksm_merging_pages&p=%2Fproc%2F29566" "Mozilla/5.0 AppleWebKit/537.36 (KHTML, like Gecko; compatible; GPTBot/1.3; +https://openai.com/gptbot)"
74.7.242.44 - - [03/Mar/2026:04:14:42 +0000] "GET /whsy.php?e=exec&p=%2Fproc%2F19332%2Fattr HTTP/2.0" 200 859 "https://cashewinc.com.lab2454.com/whsy.php?p=%2Fproc%2F19332%2Fattr" "Mozilla/5.0 AppleWebKit/537.36 (KHTML, like Gecko; compatible; GPTBot/1.3; +https://openai.com/gptbot)"
74.7.242.6 - - [03/Mar/2026:04:14:49 +0000] "GET /whsy.php?p=%2Fproc%2F24628%2Ffd HTTP/2.0" 200 862 "https://www.cashewinc.com.lab2454.com/whsy.php?p=%2Fproc%2F24628" "Mozilla/5.0 AppleWebKit/537.36 (KHTML, like Gecko; compatible; GPTBot/1.3; +https://openai.com/gptbot)"
74.7.242.44 - - [03/Mar/2026:04:14:52 +0000] "GET /whsy.php?e=route&p=%2Fproc%2F19332%2Fnet HTTP/2.0" 200 2637 "https://cashewinc.com.lab2454.com/whsy.php?p=%2Fproc%2F19332%2Fnet" "Mozilla/5.0 AppleWebKit/537.36 (KHTML, like Gecko; compatible; GPTBot/1.3; +https://openai.com/gptbot)"
74.7.242.6 - - [03/Mar/2026:04:14:57 +0000] "GET /whsy.php?p=%2Fproc%2F31848%2Ffd HTTP/2.0" 200 720 "https://www.cashewinc.com.lab2454.com/whsy.php?p=%2Fproc%2F31848" "Mozilla/5.0 AppleWebKit/537.36 (KHTML, like Gecko; compatible; GPTBot/1.3; +https://openai.com/gptbot)"
74.7.242.44 - - [03/Mar/2026:04:15:00 +0000] "GET /whsy.php?e=ptype&p=%2Fproc%2F31859%2Fnet HTTP/2.0" 200 2617 "https://cashewinc.com.lab2454.com/whsy.php?p=%2Fproc%2F31859%2Fnet" "Mozilla/5.0 AppleWebKit/537.36 (KHTML, like Gecko; compatible; GPTBot/1.3; +https://openai.com/gptbot)"
74.7.242.6 - - [03/Mar/2026:04:15:06 +0000] "GET /whsy.php?p=%2Fproc%2F31868%2Ffd HTTP/2.0" 200 1119 "https://www.cashewinc.com.lab2454.com/whsy.php?p=%2Fproc%2F31868" "Mozilla/5.0 AppleWebKit/537.36 (KHTML, like Gecko; compatible; GPTBot/1.3; +https://openai.com/gptbot)"
74.7.242.44 - - [03/Mar/2026:04:15:08 +0000] "GET /whsy.php?e=ptype&p=%2Fproc%2F31869%2Fnet HTTP/2.0" 200 2617 "https://cashewinc.com.lab2454.com/whsy.php?p=%2Fproc%2F31869%2Fnet" "Mozilla/5.0 AppleWebKit/537.36 (KHTML, like Gecko; compatible; GPTBot/1.3; +https://openai.com/gptbot)"
74.7.242.6 - - [03/Mar/2026:04:15:13 +0000] "GET /whsy.php?p=%2Fproc%2F31848%2Fns HTTP/2.0" 200 893 "https://www.cashewinc.com.lab2454.com/whsy.php?p=%2Fproc%2F31848" "Mozilla/5.0 AppleWebKit/537.36 (KHTML, like Gecko; compatible; GPTBot/1.3; +https://openai.com/gptbot)"
74.7.242.44 - - [03/Mar/2026:04:15:17 +0000] "GET /whsy.php?e=packet&p=%2Fproc%2F31859%2Fnet HTTP/2.0" 200 2572 "https://cashewinc.com.lab2454.com/whsy.php?p=%2Fproc%2F31859%2Fnet" "Mozilla/5.0 AppleWebKit/537.36 (KHTML, like Gecko; compatible; GPTBot/1.3; +https://openai.com/gptbot)"
74.7.242.6 - - [03/Mar/2026:04:15:22 +0000] "GET /whsy.php?p=%2Fproc%2F31869%2Ffd HTTP/2.0" 200 1163 "https://www.cashewinc.com.lab2454.com/whsy.php?p=%2Fproc%2F31869" "Mozilla/5.0 AppleWebKit/537.36 (KHTML, like Gecko; compatible; GPTBot/1.3; +https://openai.com/gptbot)"
74.7.242.44 - - [03/Mar/2026:04:15:25 +0000] "GET /whsy.php?e=packet&p=%2Fproc%2F31865%2Fnet HTTP/2.0" 200 2572 "https://cashewinc.com.lab2454.com/whsy.php?p=%2Fproc%2F31865%2Fnet" "Mozilla/5.0 AppleWebKit/537.36 (KHTML, like Gecko; compatible; GPTBot/1.3; +https://openai.com/gptbot)"
74.7.242.6 - - [03/Mar/2026:04:15:32 +0000] "GET /whsy.php?p=%2Fproc%2F31860%2Ffd HTTP/2.0" 200 844 "https://www.cashewinc.com.lab2454.com/whsy.php?p=%2Fproc%2F31860" "Mozilla/5.0 AppleWebKit/537.36 (KHTML, like Gecko; compatible; GPTBot/1.3; +https://openai.com/gptbot)"
74.7.242.44 - - [03/Mar/2026:04:15:34 +0000] "GET /whsy.php?e=packet&p=%2Fproc%2F31869%2Fnet HTTP/2.0" 200 2572 "https://cashewinc.com.lab2454.com/whsy.php?p=%2Fproc%2F31869%2Fnet" "Mozilla/5.0 AppleWebKit/537.36 (KHTML, like Gecko; compatible; GPTBot/1.3; +https://openai.com/gptbot)"
74.7.242.6 - - [03/Mar/2026:04:15:40 +0000] "GET /whsy.php?e=ip_vs&p=%2Fproc%2F31862%2Fnet HTTP/2.0" 200 2615 "https://www.cashewinc.com.lab2454.com/whsy.php?p=%2Fproc%2F31862%2Fnet" "Mozilla/5.0 AppleWebKit/537.36 (KHTML, like Gecko; compatible; GPTBot/1.3; +https://openai.com/gptbot)"
74.7.242.44 - - [03/Mar/2026:04:15:42 +0000] "GET /whsy.php?e=packet&p=%2Fproc%2F31860%2Fnet HTTP/2.0" 200 2571 "https://cashewinc.com.lab2454.com/whsy.php?p=%2Fproc%2F31860%2Fnet" "Mozilla/5.0 AppleWebKit/537.36 (KHTML, like Gecko; compatible; GPTBot/1.3; +https://openai.com/gptbot)"
74.7.242.6 - - [03/Mar/2026:04:15:49 +0000] "GET /whsy.php?e=anycast6&p=%2Fproc%2F31869%2Fnet HTTP/2.0" 200 2506 "https://www.cashewinc.com.lab2454.com/whsy.php?p=%2Fproc%2F31869%2Fnet" "Mozilla/5.0 AppleWebKit/537.36 (KHTML, like Gecko; compatible; GPTBot/1.3; +https://openai.com/gptbot)"
74.7.242.44 - - [03/Mar/2026:04:15:51 +0000] "GET /whsy.php?e=tcp&p=%2Fproc%2F19332%2Fnet HTTP/2.0" 200 11230 "https://cashewinc.com.lab2454.com/whsy.php?p=%2Fproc%2F19332%2Fnet" "Mozilla/5.0 AppleWebKit/537.36 (KHTML, like Gecko; compatible; GPTBot/1.3; +https://openai.com/gptbot)"
74.7.242.6 - - [03/Mar/2026:04:15:57 +0000] "GET /whsy.php?e=anycast6&p=%2Fproc%2F31860%2Fnet HTTP/2.0" 200 2506 "https://www.cashewinc.com.lab2454.com/whsy.php?p=%2Fproc%2F31860%2Fnet" "Mozilla/5.0 AppleWebKit/537.36 (KHTML, like Gecko; compatible; GPTBot/1.3; +https://openai.com/gptbot)"
74.7.242.44 - - [03/Mar/2026:04:15:59 +0000] "GET /whsy.php?e=rt_acct&p=%2Fproc%2F19332%2Fnet HTTP/2.0" 200 2529 "https://cashewinc.com.lab2454.com/whsy.php?p=%2Fproc%2F19332%2Fnet" "Mozilla/5.0 AppleWebKit/537.36 (KHTML, like Gecko; compatible; GPTBot/1.3; +https://openai.com/gptbot)"
74.7.242.6 - - [03/Mar/2026:04:16:07 +0000] "GET /whsy.php?e=if_inet6&p=%2Fproc%2F31862%2Fnet HTTP/2.0" 200 2569 "https://www.cashewinc.com.lab2454.com/whsy.php?p=%2Fproc%2F31862%2Fnet" "Mozilla/5.0 AppleWebKit/537.36 (KHTML, like Gecko; compatible; GPTBot/1.3; +https://openai.com/gptbot)"
74.7.242.44 - - [03/Mar/2026:04:16:08 +0000] "GET /whsy.php?e=prev&p=%2Fproc%2F19332%2Fattr HTTP/2.0" 200 858 "https://cashewinc.com.lab2454.com/whsy.php?p=%2Fproc%2F19332%2Fattr" "Mozilla/5.0 AppleWebKit/537.36 (KHTML, like Gecko; compatible; GPTBot/1.3; +https://openai.com/gptbot)"
74.7.242.6 - - [03/Mar/2026:04:16:16 +0000] "GET /whsy.php?e=anycast6&p=%2Fproc%2F31848%2Fnet HTTP/2.0" 200 2506 "https://www.cashewinc.com.lab2454.com/whsy.php?p=%2Fproc%2F31848%2Fnet" "Mozilla/5.0 AppleWebKit/537.36 (KHTML, like Gecko; compatible; GPTBot/1.3; +https://openai.com/gptbot)"
74.7.241.182 - - [03/Mar/2026:04:16:17 +0000] "GET /robots.txt HTTP/2.0" 404 - "-" "Mozilla/5.0 (Macintosh; Intel Mac OS X 10_15_7) AppleWebKit/537.36 (KHTML, like Gecko) Chrome/131.0.0.0 Safari/537.36; compatible; OAI-SearchBot/1.3; robots.txt; +https://openai.com/searchbot"
74.7.242.44 - - [03/Mar/2026:04:16:18 +0000] "GET /whsy.php?e=arp&p=%2Fproc%2F19332%2Fnet HTTP/2.0" 200 2579 "https://cashewinc.com.lab2454.com/whsy.php?p=%2Fproc%2F19332%2Fnet" "Mozilla/5.0 AppleWebKit/537.36 (KHTML, like Gecko; compatible; GPTBot/1.3; +https://openai.com/gptbot)"
74.7.242.6 - - [03/Mar/2026:04:16:25 +0000] "GET /whsy.php?e=arch_status&p=%2Fproc%2F1489 HTTP/2.0" 200 862 "https://www.cashewinc.com.lab2454.com/whsy.php?p=%2Fproc%2F1489" "Mozilla/5.0 AppleWebKit/537.36 (KHTML, like Gecko; compatible; GPTBot/1.3; +https://openai.com/gptbot)"
74.7.242.44 - - [03/Mar/2026:04:16:27 +0000] "GET /whsy.php?p=%2Fproc%2F19332%2Fnet%2Fipt_hashlimit HTTP/2.0" 200 500 "https://cashewinc.com.lab2454.com/whsy.php?p=%2Fproc%2F19332%2Fnet" "Mozilla/5.0 AppleWebKit/537.36 (KHTML, like Gecko; compatible; GPTBot/1.3; +https://openai.com/gptbot)"
74.7.175.163 - - [03/Mar/2026:04:16:28 +0000] "GET /robots.txt HTTP/2.0" 404 - "-" "Mozilla/5.0 (Macintosh; Intel Mac OS X 10_15_7) AppleWebKit/537.36 (KHTML, like Gecko) Chrome/131.0.0.0 Safari/537.36; compatible; OAI-SearchBot/1.3; robots.txt; +https://openai.com/searchbot"
74.7.242.6 - - [03/Mar/2026:04:16:34 +0000] "GET /whsy.php?e=packet&p=%2Fproc%2F31861%2Fnet HTTP/2.0" 200 2572 "https://www.cashewinc.com.lab2454.com/whsy.php?p=%2Fproc%2F31861%2Fnet" "Mozilla/5.0 AppleWebKit/537.36 (KHTML, like Gecko; compatible; GPTBot/1.3; +https://openai.com/gptbot)"
74.7.242.44 - - [03/Mar/2026:04:16:35 +0000] "GET /whsy.php?e=psched&p=%2Fproc%2F31861%2Fnet HTTP/2.0" 200 2532 "https://cashewinc.com.lab2454.com/whsy.php?p=%2Fproc%2F31861%2Fnet" "Mozilla/5.0 AppleWebKit/537.36 (KHTML, like Gecko; compatible; GPTBot/1.3; +https://openai.com/gptbot)"
74.7.242.6 - - [03/Mar/2026:04:16:42 +0000] "GET /whsy.php?e=packet&p=%2Fproc%2F31868%2Fnet HTTP/2.0" 200 2571 "https://www.cashewinc.com.lab2454.com/whsy.php?p=%2Fproc%2F31868%2Fnet" "Mozilla/5.0 AppleWebKit/537.36 (KHTML, like Gecko; compatible; GPTBot/1.3; +https://openai.com/gptbot)"
74.7.242.44 - - [03/Mar/2026:04:16:44 +0000] "GET /whsy.php?e=rt_acct&p=%2Fproc%2F31865%2Fnet HTTP/2.0" 200 2530 "https://cashewinc.com.lab2454.com/whsy.php?p=%2Fproc%2F31865%2Fnet" "Mozilla/5.0 AppleWebKit/537.36 (KHTML, like Gecko; compatible; GPTBot/1.3; +https://openai.com/gptbot)"
74.7.242.6 - - [03/Mar/2026:04:16:51 +0000] "GET /whsy.php?e=cgroup&p=%2Fproc%2F31848%2Fns HTTP/2.0" 200 1077 "https://www.cashewinc.com.lab2454.com/whsy.php?p=%2Fproc%2F31848%2Fns" "Mozilla/5.0 AppleWebKit/537.36 (KHTML, like Gecko; compatible; GPTBot/1.3; +https://openai.com/gptbot)"
74.7.242.44 - - [03/Mar/2026:04:16:53 +0000] "GET /whsy.php?e=rt_acct&p=%2Fproc%2F31869%2Fnet HTTP/2.0" 200 2529 "https://cashewinc.com.lab2454.com/whsy.php?p=%2Fproc%2F31869%2Fnet" "Mozilla/5.0 AppleWebKit/537.36 (KHTML, like Gecko; compatible; GPTBot/1.3; +https://openai.com/gptbot)"
74.7.242.6 - - [03/Mar/2026:04:17:00 +0000] "GET /whsy.php?e=13&p=%2Fproc%2F31869%2Ffd HTTP/2.0" 200 1163 "https://www.cashewinc.com.lab2454.com/whsy.php?p=%2Fproc%2F31869%2Ffd" "Mozilla/5.0 AppleWebKit/537.36 (KHTML, like Gecko; compatible; GPTBot/1.3; +https://openai.com/gptbot)"
74.7.242.44 - - [03/Mar/2026:04:17:01 +0000] "GET /whsy.php?e=rt_acct&p=%2Fproc%2F31860%2Fnet HTTP/2.0" 200 2529 "https://cashewinc.com.lab2454.com/whsy.php?p=%2Fproc%2F31860%2Fnet" "Mozilla/5.0 AppleWebKit/537.36 (KHTML, like Gecko; compatible; GPTBot/1.3; +https://openai.com/gptbot)"
74.7.242.6 - - [03/Mar/2026:04:17:09 +0000] "GET /whsy.php?e=net&p=%2Fproc%2F31848%2Fns HTTP/2.0" 200 1066 "https://www.cashewinc.com.lab2454.com/whsy.php?p=%2Fproc%2F31848%2Fns" "Mozilla/5.0 AppleWebKit/537.36 (KHTML, like Gecko; compatible; GPTBot/1.3; +https://openai.com/gptbot)"
74.7.242.44 - - [03/Mar/2026:04:17:11 +0000] "GET /whsy.php?e=rt_acct&p=%2Fproc%2F31859%2Fnet HTTP/2.0" 200 2531 "https://cashewinc.com.lab2454.com/whsy.php?p=%2Fproc%2F31859%2Fnet" "Mozilla/5.0 AppleWebKit/537.36 (KHTML, like Gecko; compatible; GPTBot/1.3; +https://openai.com/gptbot)"
74.7.242.6 - - [03/Mar/2026:04:17:18 +0000] "GET /whsy.php?e=time&p=%2Fproc%2F31848%2Fns HTTP/2.0" 200 1078 "https://www.cashewinc.com.lab2454.com/whsy.php?p=%2Fproc%2F31848%2Fns" "Mozilla/5.0 AppleWebKit/537.36 (KHTML, like Gecko; compatible; GPTBot/1.3; +https://openai.com/gptbot)"
74.7.242.44 - - [03/Mar/2026:04:17:19 +0000] "GET /whsy.php?e=packet&p=%2Fproc%2F19332%2Fnet HTTP/2.0" 200 2570 "https://cashewinc.com.lab2454.com/whsy.php?p=%2Fproc%2F19332%2Fnet" "Mozilla/5.0 AppleWebKit/537.36 (KHTML, like Gecko; compatible; GPTBot/1.3; +https://openai.com/gptbot)"
74.7.242.6 - - [03/Mar/2026:04:17:27 +0000] "GET /whsy.php?e=packet&p=%2Fproc%2F31848%2Fnet HTTP/2.0" 200 2571 "https://www.cashewinc.com.lab2454.com/whsy.php?p=%2Fproc%2F31848%2Fnet" "Mozilla/5.0 AppleWebKit/537.36 (KHTML, like Gecko; compatible; GPTBot/1.3; +https://openai.com/gptbot)"
74.7.242.6 - - [03/Mar/2026:04:17:38 +0000] "GET /whsy.php?e=psched&p=%2Fproc%2F31869%2Fnet HTTP/2.0" 200 2532 "https://www.cashewinc.com.lab2454.com/whsy.php?p=%2Fproc%2F31869%2Fnet" "Mozilla/5.0 AppleWebKit/537.36 (KHTML, like Gecko; compatible; GPTBot/1.3; +https://openai.com/gptbot)"
74.7.242.6 - - [03/Mar/2026:04:17:49 +0000] "GET /whsy.php?e=psched&p=%2Fproc%2F31860%2Fnet HTTP/2.0" 200 2531 "https://www.cashewinc.com.lab2454.com/whsy.php?p=%2Fproc%2F31860%2Fnet" "Mozilla/5.0 AppleWebKit/537.36 (KHTML, like Gecko; compatible; GPTBot/1.3; +https://openai.com/gptbot)"
74.7.242.44 - - [03/Mar/2026:04:17:28 +0000] "GET /whsy.php?p=%2Fproc%2F19332%2Ffdinfo HTTP/2.0" 200 137196 "https://cashewinc.com.lab2454.com/whsy.php?p=%2Fproc%2F19332" "Mozilla/5.0 AppleWebKit/537.36 (KHTML, like Gecko; compatible; GPTBot/1.3; +https://openai.com/gptbot)"
74.7.242.6 - - [03/Mar/2026:04:17:59 +0000] "GET /whsy.php?p=%2Fproc%2F31862%2Ffdinfo HTTP/2.0" 200 927 "https://www.cashewinc.com.lab2454.com/whsy.php?p=%2Fproc%2F31862" "Mozilla/5.0 AppleWebKit/537.36 (KHTML, like Gecko; compatible; GPTBot/1.3; +https://openai.com/gptbot)"
74.7.242.44 - - [03/Mar/2026:04:18:06 +0000] "GET /whsy.php?p=%2Fproc%2F31869%2Fnet%2Fip6t_hashlimit HTTP/2.0" 200 502 "https://cashewinc.com.lab2454.com/whsy.php?p=%2Fproc%2F31869%2Fnet" "Mozilla/5.0 AppleWebKit/537.36 (KHTML, like Gecko; compatible; GPTBot/1.3; +https://openai.com/gptbot)"
74.7.242.6 - - [03/Mar/2026:04:18:09 +0000] "GET /whsy.php?e=udplite6&p=%2Fproc%2F31848%2Fnet HTTP/2.0" 200 2585 "https://www.cashewinc.com.lab2454.com/whsy.php?p=%2Fproc%2F31848%2Fnet" "Mozilla/5.0 AppleWebKit/537.36 (KHTML, like Gecko; compatible; GPTBot/1.3; +https://openai.com/gptbot)"
74.7.242.44 - - [03/Mar/2026:04:18:16 +0000] "GET /whsy.php?p=%2Fproc%2F31860%2Fnet%2Fip6t_hashlimit HTTP/2.0" 200 502 "https://cashewinc.com.lab2454.com/whsy.php?p=%2Fproc%2F31860%2Fnet" "Mozilla/5.0 AppleWebKit/537.36 (KHTML, like Gecko; compatible; GPTBot/1.3; +https://openai.com/gptbot)"
74.7.242.6 - - [03/Mar/2026:04:18:18 +0000] "GET /whsy.php?e=if_inet6&p=%2Fproc%2F31869%2Fnet HTTP/2.0" 200 2570 "https://www.cashewinc.com.lab2454.com/whsy.php?p=%2Fproc%2F31869%2Fnet" "Mozilla/5.0 AppleWebKit/537.36 (KHTML, like Gecko; compatible; GPTBot/1.3; +https://openai.com/gptbot)"
74.7.242.44 - - [03/Mar/2026:04:18:26 +0000] "GET /whsy.php?p=%2Fproc%2F31865%2Fnet%2Fip6t_hashlimit HTTP/2.0" 200 502 "https://cashewinc.com.lab2454.com/whsy.php?p=%2Fproc%2F31865%2Fnet" "Mozilla/5.0 AppleWebKit/537.36 (KHTML, like Gecko; compatible; GPTBot/1.3; +https://openai.com/gptbot)"
74.7.242.6 - - [03/Mar/2026:04:18:27 +0000] "GET /whsy.php?e=udplite6&p=%2Fproc%2F31869%2Fnet HTTP/2.0" 200 2585 "https://www.cashewinc.com.lab2454.com/whsy.php?p=%2Fproc%2F31869%2Fnet" "Mozilla/5.0 AppleWebKit/537.36 (KHTML, like Gecko; compatible; GPTBot/1.3; +https://openai.com/gptbot)"
74.7.242.44 - - [03/Mar/2026:04:18:35 +0000] "GET /whsy.php?e=ip_vs&p=%2Fproc%2F31869%2Fnet HTTP/2.0" 200 2615 "https://cashewinc.com.lab2454.com/whsy.php?p=%2Fproc%2F31869%2Fnet" "Mozilla/5.0 AppleWebKit/537.36 (KHTML, like Gecko; compatible; GPTBot/1.3; +https://openai.com/gptbot)"
74.7.242.6 - - [03/Mar/2026:04:18:37 +0000] "GET /whsy.php?e=udplite6&p=%2Fproc%2F31860%2Fnet HTTP/2.0" 200 2584 "https://www.cashewinc.com.lab2454.com/whsy.php?p=%2Fproc%2F31860%2Fnet" "Mozilla/5.0 AppleWebKit/537.36 (KHTML, like Gecko; compatible; GPTBot/1.3; +https://openai.com/gptbot)"
74.7.242.44 - - [03/Mar/2026:04:18:44 +0000] "GET /whsy.php?e=ip_vs&p=%2Fproc%2F31859%2Fnet HTTP/2.0" 200 2615 "https://cashewinc.com.lab2454.com/whsy.php?p=%2Fproc%2F31859%2Fnet" "Mozilla/5.0 AppleWebKit/537.36 (KHTML, like Gecko; compatible; GPTBot/1.3; +https://openai.com/gptbot)"
74.7.242.6 - - [03/Mar/2026:04:18:46 +0000] "GET /whsy.php?e=if_inet6&p=%2Fproc%2F31860%2Fnet HTTP/2.0" 200 2569 "https://www.cashewinc.com.lab2454.com/whsy.php?p=%2Fproc%2F31860%2Fnet" "Mozilla/5.0 AppleWebKit/537.36 (KHTML, like Gecko; compatible; GPTBot/1.3; +https://openai.com/gptbot)"
74.7.242.44 - - [03/Mar/2026:04:18:53 +0000] "GET /whsy.php?e=ip_vs&p=%2Fproc%2F31860%2Fnet HTTP/2.0" 200 2614 "https://cashewinc.com.lab2454.com/whsy.php?p=%2Fproc%2F31860%2Fnet" "Mozilla/5.0 AppleWebKit/537.36 (KHTML, like Gecko; compatible; GPTBot/1.3; +https://openai.com/gptbot)"
74.7.242.6 - - [03/Mar/2026:04:18:55 +0000] "GET /whsy.php?e=if_inet6&p=%2Fproc%2F31848%2Fnet HTTP/2.0" 200 2569 "https://www.cashewinc.com.lab2454.com/whsy.php?p=%2Fproc%2F31848%2Fnet" "Mozilla/5.0 AppleWebKit/537.36 (KHTML, like Gecko; compatible; GPTBot/1.3; +https://openai.com/gptbot)"
74.7.242.44 - - [03/Mar/2026:04:19:01 +0000] "GET /whsy.php?e=ip_vs&p=%2Fproc%2F31865%2Fnet HTTP/2.0" 200 2615 "https://cashewinc.com.lab2454.com/whsy.php?p=%2Fproc%2F31865%2Fnet" "Mozilla/5.0 AppleWebKit/537.36 (KHTML, like Gecko; compatible; GPTBot/1.3; +https://openai.com/gptbot)"
74.7.242.6 - - [03/Mar/2026:04:19:03 +0000] "GET /whsy.php?e=if_inet6&p=%2Fproc%2F31868%2Fnet HTTP/2.0" 200 2569 "https://www.cashewinc.com.lab2454.com/whsy.php?p=%2Fproc%2F31868%2Fnet" "Mozilla/5.0 AppleWebKit/537.36 (KHTML, like Gecko; compatible; GPTBot/1.3; +https://openai.com/gptbot)"
74.7.242.44 - - [03/Mar/2026:04:19:10 +0000] "GET /whsy.php?e=netstat&p=%2Fproc%2F19332%2Fnet HTTP/2.0" 200 4246 "https://cashewinc.com.lab2454.com/whsy.php?p=%2Fproc%2F19332%2Fnet" "Mozilla/5.0 AppleWebKit/537.36 (KHTML, like Gecko; compatible; GPTBot/1.3; +https://openai.com/gptbot)"
74.7.242.6 - - [03/Mar/2026:04:19:11 +0000] "GET /whsy.php?e=udplite6&p=%2Fproc%2F31868%2Fnet HTTP/2.0" 200 2584 "https://www.cashewinc.com.lab2454.com/whsy.php?p=%2Fproc%2F31868%2Fnet" "Mozilla/5.0 AppleWebKit/537.36 (KHTML, like Gecko; compatible; GPTBot/1.3; +https://openai.com/gptbot)"
74.7.242.44 - - [03/Mar/2026:04:19:18 +0000] "GET /whsy.php?e=rt_cache&p=%2Fproc%2F31861%2Fnet HTTP/2.0" 200 2598 "https://cashewinc.com.lab2454.com/whsy.php?p=%2Fproc%2F31861%2Fnet" "Mozilla/5.0 AppleWebKit/537.36 (KHTML, like Gecko; compatible; GPTBot/1.3; +https://openai.com/gptbot)"
74.7.242.6 - - [03/Mar/2026:04:19:19 +0000] "GET /whsy.php?e=udplite6&p=%2Fproc%2F31861%2Fnet HTTP/2.0" 200 2585 "https://www.cashewinc.com.lab2454.com/whsy.php?p=%2Fproc%2F31861%2Fnet" "Mozilla/5.0 AppleWebKit/537.36 (KHTML, like Gecko; compatible; GPTBot/1.3; +https://openai.com/gptbot)"
74.7.242.44 - - [03/Mar/2026:04:19:27 +0000] "GET /whsy.php?e=netstat&p=%2Fproc%2F31869%2Fnet HTTP/2.0" 200 4243 "https://cashewinc.com.lab2454.com/whsy.php?p=%2Fproc%2F31869%2Fnet" "Mozilla/5.0 AppleWebKit/537.36 (KHTML, like Gecko; compatible; GPTBot/1.3; +https://openai.com/gptbot)"
74.7.242.6 - - [03/Mar/2026:04:19:29 +0000] "GET /whsy.php?e=if_inet6&p=%2Fproc%2F31861%2Fnet HTTP/2.0" 200 2570 "https://www.cashewinc.com.lab2454.com/whsy.php?p=%2Fproc%2F31861%2Fnet" "Mozilla/5.0 AppleWebKit/537.36 (KHTML, like Gecko; compatible; GPTBot/1.3; +https://openai.com/gptbot)"
74.7.242.44 - - [03/Mar/2026:04:19:36 +0000] "GET /whsy.php?e=netstat&p=%2Fproc%2F31860%2Fnet HTTP/2.0" 200 4240 "https://cashewinc.com.lab2454.com/whsy.php?p=%2Fproc%2F31860%2Fnet" "Mozilla/5.0 AppleWebKit/537.36 (KHTML, like Gecko; compatible; GPTBot/1.3; +https://openai.com/gptbot)"
74.7.242.6 - - [03/Mar/2026:04:19:38 +0000] "GET /whsy.php?e=udplite6&p=%2Fproc%2F31862%2Fnet HTTP/2.0" 200 2585 "https://www.cashewinc.com.lab2454.com/whsy.php?p=%2Fproc%2F31862%2Fnet" "Mozilla/5.0 AppleWebKit/537.36 (KHTML, like Gecko; compatible; GPTBot/1.3; +https://openai.com/gptbot)"
74.7.242.44 - - [03/Mar/2026:04:19:47 +0000] "GET /whsy.php?e=netstat&p=%2Fproc%2F31865%2Fnet HTTP/2.0" 200 4242 "https://cashewinc.com.lab2454.com/whsy.php?p=%2Fproc%2F31865%2Fnet" "Mozilla/5.0 AppleWebKit/537.36 (KHTML, like Gecko; compatible; GPTBot/1.3; +https://openai.com/gptbot)"
74.7.242.6 - - [03/Mar/2026:04:19:49 +0000] "GET /whsy.php?e=snmp&p=%2Fproc%2F31862%2Fnet HTTP/2.0" 200 3231 "https://www.cashewinc.com.lab2454.com/whsy.php?p=%2Fproc%2F31862%2Fnet" "Mozilla/5.0 AppleWebKit/537.36 (KHTML, like Gecko; compatible; GPTBot/1.3; +https://openai.com/gptbot)"
74.7.242.44 - - [03/Mar/2026:04:19:56 +0000] "GET /whsy.php?e=tls_stat&p=%2Fproc%2F19332%2Fnet HTTP/2.0" 200 2601 "https://cashewinc.com.lab2454.com/whsy.php?p=%2Fproc%2F19332%2Fnet" "Mozilla/5.0 AppleWebKit/537.36 (KHTML, like Gecko; compatible; GPTBot/1.3; +https://openai.com/gptbot)"
74.7.242.6 - - [03/Mar/2026:04:19:58 +0000] "GET /whsy.php?p=%2Fproc%2F31862%2Fnet%2Fnetfilter HTTP/2.0" 200 732 "https://www.cashewinc.com.lab2454.com/whsy.php?p=%2Fproc%2F31862%2Fnet" "Mozilla/5.0 AppleWebKit/537.36 (KHTML, like Gecko; compatible; GPTBot/1.3; +https://openai.com/gptbot)"
74.7.242.44 - - [03/Mar/2026:04:20:05 +0000] "GET /whsy.php?e=netlink&p=%2Fproc%2F19332%2Fnet HTTP/2.0" 200 2812 "https://cashewinc.com.lab2454.com/whsy.php?p=%2Fproc%2F19332%2Fnet" "Mozilla/5.0 AppleWebKit/537.36 (KHTML, like Gecko; compatible; GPTBot/1.3; +https://openai.com/gptbot)"
74.7.242.6 - - [03/Mar/2026:04:20:06 +0000] "GET /whsy.php?e=rt_acct&p=%2Fproc%2F31868%2Fnet HTTP/2.0" 200 2529 "https://www.cashewinc.com.lab2454.com/whsy.php?p=%2Fproc%2F31868%2Fnet" "Mozilla/5.0 AppleWebKit/537.36 (KHTML, like Gecko; compatible; GPTBot/1.3; +https://openai.com/gptbot)"
74.7.242.44 - - [03/Mar/2026:04:20:15 +0000] "GET /whsy.php?e=udplite&p=%2Fproc%2F19332%2Fnet HTTP/2.0" 200 2583 "https://cashewinc.com.lab2454.com/whsy.php?p=%2Fproc%2F19332%2Fnet" "Mozilla/5.0 AppleWebKit/537.36 (KHTML, like Gecko; compatible; GPTBot/1.3; +https://openai.com/gptbot)"
74.7.242.6 - - [03/Mar/2026:04:20:17 +0000] "GET /whsy.php?e=rt_acct&p=%2Fproc%2F31848%2Fnet HTTP/2.0" 200 2530 "https://www.cashewinc.com.lab2454.com/whsy.php?p=%2Fproc%2F31848%2Fnet" "Mozilla/5.0 AppleWebKit/537.36 (KHTML, like Gecko; compatible; GPTBot/1.3; +https://openai.com/gptbot)"
74.7.242.44 - - [03/Mar/2026:04:20:24 +0000] "GET /whsy.php?e=sockstat&p=%2Fproc%2F31861%2Fnet HTTP/2.0" 200 2603 "https://cashewinc.com.lab2454.com/whsy.php?p=%2Fproc%2F31861%2Fnet" "Mozilla/5.0 AppleWebKit/537.36 (KHTML, like Gecko; compatible; GPTBot/1.3; +https://openai.com/gptbot)"
74.7.242.6 - - [03/Mar/2026:04:20:26 +0000] "GET /whsy.php?e=rt_acct&p=%2Fproc%2F31862%2Fnet HTTP/2.0" 200 2529 "https://www.cashewinc.com.lab2454.com/whsy.php?p=%2Fproc%2F31862%2Fnet" "Mozilla/5.0 AppleWebKit/537.36 (KHTML, like Gecko; compatible; GPTBot/1.3; +https://openai.com/gptbot)"
74.7.242.44 - - [03/Mar/2026:04:20:33 +0000] "GET /whsy.php?e=current&p=%2Fproc%2F31861%2Fattr HTTP/2.0" 200 848 "https://cashewinc.com.lab2454.com/whsy.php?p=%2Fproc%2F31861%2Fattr" "Mozilla/5.0 AppleWebKit/537.36 (KHTML, like Gecko; compatible; GPTBot/1.3; +https://openai.com/gptbot)"
74.7.242.6 - - [03/Mar/2026:04:20:35 +0000] "GET /whsy.php?e=rt_acct&p=%2Fproc%2F31861%2Fnet HTTP/2.0" 200 2529 "https://www.cashewinc.com.lab2454.com/whsy.php?p=%2Fproc%2F31861%2Fnet" "Mozilla/5.0 AppleWebKit/537.36 (KHTML, like Gecko; compatible; GPTBot/1.3; +https://openai.com/gptbot)"
74.7.242.44 - - [03/Mar/2026:04:20:41 +0000] "GET /whsy.php?e=netstat&p=%2Fproc%2F31859%2Fnet HTTP/2.0" 200 4239 "https://cashewinc.com.lab2454.com/whsy.php?p=%2Fproc%2F31859%2Fnet" "Mozilla/5.0 AppleWebKit/537.36 (KHTML, like Gecko; compatible; GPTBot/1.3; +https://openai.com/gptbot)"
74.7.242.44 - - [03/Mar/2026:04:20:51 +0000] "GET /whsy.php?p=%2Fproc%2F31859%2Fnet%2Fip6t_hashlimit HTTP/2.0" 200 502 "https://cashewinc.com.lab2454.com/whsy.php?p=%2Fproc%2F31859%2Fnet" "Mozilla/5.0 AppleWebKit/537.36 (KHTML, like Gecko; compatible; GPTBot/1.3; +https://openai.com/gptbot)"
74.7.242.44 - - [03/Mar/2026:04:21:01 +0000] "GET /whsy.php?e=udplite6&p=%2Fproc%2F31859%2Fnet HTTP/2.0" 200 2586 "https://cashewinc.com.lab2454.com/whsy.php?p=%2Fproc%2F31859%2Fnet" "Mozilla/5.0 AppleWebKit/537.36 (KHTML, like Gecko; compatible; GPTBot/1.3; +https://openai.com/gptbot)"
74.7.242.44 - - [03/Mar/2026:04:21:12 +0000] "GET /whsy.php?p=%2Fproc%2F31861%2Fnet%2Fipt_hashlimit HTTP/2.0" 200 501 "https://cashewinc.com.lab2454.com/whsy.php?p=%2Fproc%2F31861%2Fnet" "Mozilla/5.0 AppleWebKit/537.36 (KHTML, like Gecko; compatible; GPTBot/1.3; +https://openai.com/gptbot)"
74.7.242.6 - - [03/Mar/2026:04:20:43 +0000] "GET /whsy.php?p=%2Fproc%2F29566%2Fmap_files HTTP/2.0" 200 158733 "https://www.cashewinc.com.lab2454.com/whsy.php?e=ksm_merging_pages&p=%2Fproc%2F29566" "Mozilla/5.0 AppleWebKit/537.36 (KHTML, like Gecko; compatible; GPTBot/1.3; +https://openai.com/gptbot)"
74.7.242.44 - - [03/Mar/2026:04:21:21 +0000] "GET /whsy.php?p=%2Fproc%2F31861%2Fnet%2Fnetfilter HTTP/2.0" 200 732 "https://cashewinc.com.lab2454.com/whsy.php?p=%2Fproc%2F31861%2Fnet" "Mozilla/5.0 AppleWebKit/537.36 (KHTML, like Gecko; compatible; GPTBot/1.3; +https://openai.com/gptbot)"
74.7.242.6 - - [03/Mar/2026:04:21:21 +0000] "GET /whsy.php?p=%2Fproc%2F20774%2Fmap_files HTTP/2.0" 200 862 "https://www.cashewinc.com.lab2454.com/whsy.php?p=%2Fproc%2F20774" "Mozilla/5.0 AppleWebKit/537.36 (KHTML, like Gecko; compatible; GPTBot/1.3; +https://openai.com/gptbot)"
74.7.241.182 - - [03/Mar/2026:04:21:23 +0000] "GET /robots.txt HTTP/2.0" 404 - "-" "Mozilla/5.0 (Macintosh; Intel Mac OS X 10_15_7) AppleWebKit/537.36 (KHTML, like Gecko) Chrome/131.0.0.0 Safari/537.36; compatible; OAI-SearchBot/1.3; robots.txt; +https://openai.com/searchbot"
74.7.242.44 - - [03/Mar/2026:04:21:30 +0000] "GET /whsy.php?e=if_inet6&p=%2Fproc%2F31859%2Fnet HTTP/2.0" 200 2570 "https://cashewinc.com.lab2454.com/whsy.php?p=%2Fproc%2F31859%2Fnet" "Mozilla/5.0 AppleWebKit/537.36 (KHTML, like Gecko; compatible; GPTBot/1.3; +https://openai.com/gptbot)"
74.7.242.6 - - [03/Mar/2026:04:21:31 +0000] "GET /whsy.php?e=coredump_filter&p=%2Fproc%2F31869 HTTP/2.0" 200 1983 "https://www.cashewinc.com.lab2454.com/whsy.php?p=%2Fproc%2F31869" "Mozilla/5.0 AppleWebKit/537.36 (KHTML, like Gecko; compatible; GPTBot/1.3; +https://openai.com/gptbot)"
74.7.175.163 - - [03/Mar/2026:04:21:32 +0000] "GET /robots.txt HTTP/2.0" 404 - "-" "Mozilla/5.0 (Macintosh; Intel Mac OS X 10_15_7) AppleWebKit/537.36 (KHTML, like Gecko) Chrome/131.0.0.0 Safari/537.36; compatible; OAI-SearchBot/1.3; robots.txt; +https://openai.com/searchbot"
74.7.242.44 - - [03/Mar/2026:04:21:39 +0000] "GET /whsy.php?p=%2Fproc%2F14825%2Fns HTTP/2.0" 200 862 "https://cashewinc.com.lab2454.com/whsy.php?p=%2Fproc%2F14825" "Mozilla/5.0 AppleWebKit/537.36 (KHTML, like Gecko; compatible; GPTBot/1.3; +https://openai.com/gptbot)"
74.7.242.6 - - [03/Mar/2026:04:21:39 +0000] "GET /whsy.php?e=coredump_filter&p=%2Fproc%2F31860 HTTP/2.0" 200 1983 "https://www.cashewinc.com.lab2454.com/whsy.php?p=%2Fproc%2F31860" "Mozilla/5.0 AppleWebKit/537.36 (KHTML, like Gecko; compatible; GPTBot/1.3; +https://openai.com/gptbot)"
74.7.242.44 - - [03/Mar/2026:04:21:48 +0000] "GET /whsy.php?p=%2Fproc%2F29782%2Ffd HTTP/2.0" 200 862 "https://cashewinc.com.lab2454.com/whsy.php?e=ksm_merging_pages&p=%2Fproc%2F29782" "Mozilla/5.0 AppleWebKit/537.36 (KHTML, like Gecko; compatible; GPTBot/1.3; +https://openai.com/gptbot)"
74.7.242.6 - - [03/Mar/2026:04:21:48 +0000] "GET /whsy.php?p=%2Fproc%2F22587%2Fmap_files HTTP/2.0" 200 862 "https://www.cashewinc.com.lab2454.com/whsy.php?p=%2Fproc%2F22587" "Mozilla/5.0 AppleWebKit/537.36 (KHTML, like Gecko; compatible; GPTBot/1.3; +https://openai.com/gptbot)"
74.7.242.44 - - [03/Mar/2026:04:21:56 +0000] "GET /whsy.php?p=%2Fproc%2F14469%2Ffd HTTP/2.0" 200 862 "https://cashewinc.com.lab2454.com/whsy.php?p=%2Fproc%2F14469" "Mozilla/5.0 AppleWebKit/537.36 (KHTML, like Gecko; compatible; GPTBot/1.3; +https://openai.com/gptbot)"
74.7.242.6 - - [03/Mar/2026:04:21:56 +0000] "GET /whsy.php?p=%2Fproc%2F24628%2Fmap_files HTTP/2.0" 200 862 "https://www.cashewinc.com.lab2454.com/whsy.php?p=%2Fproc%2F24628" "Mozilla/5.0 AppleWebKit/537.36 (KHTML, like Gecko; compatible; GPTBot/1.3; +https://openai.com/gptbot)"
74.7.242.44 - - [03/Mar/2026:04:22:04 +0000] "GET /whsy.php?p=%2Fproc%2F31859%2Fns HTTP/2.0" 200 894 "https://cashewinc.com.lab2454.com/whsy.php?p=%2Fproc%2F31859" "Mozilla/5.0 AppleWebKit/537.36 (KHTML, like Gecko; compatible; GPTBot/1.3; +https://openai.com/gptbot)"
74.7.242.6 - - [03/Mar/2026:04:22:04 +0000] "GET /whsy.php?e=projid_map&p=%2Fproc%2F31868 HTTP/2.0" 200 2000 "https://www.cashewinc.com.lab2454.com/whsy.php?p=%2Fproc%2F31868" "Mozilla/5.0 AppleWebKit/537.36 (KHTML, like Gecko; compatible; GPTBot/1.3; +https://openai.com/gptbot)"
74.7.242.44 - - [03/Mar/2026:04:22:12 +0000] "GET /whsy.php?p=%2Fproc%2F31861%2Fns HTTP/2.0" 200 893 "https://cashewinc.com.lab2454.com/whsy.php?p=%2Fproc%2F31861" "Mozilla/5.0 AppleWebKit/537.36 (KHTML, like Gecko; compatible; GPTBot/1.3; +https://openai.com/gptbot)"
74.7.242.6 - - [03/Mar/2026:04:22:12 +0000] "GET /whsy.php?e=projid_map&p=%2Fproc%2F31862 HTTP/2.0" 200 2001 "https://www.cashewinc.com.lab2454.com/whsy.php?p=%2Fproc%2F31862" "Mozilla/5.0 AppleWebKit/537.36 (KHTML, like Gecko; compatible; GPTBot/1.3; +https://openai.com/gptbot)"
74.7.242.44 - - [03/Mar/2026:04:22:20 +0000] "GET /whsy.php?p=%2Fproc%2F31865%2Ffd HTTP/2.0" 200 1049 "https://cashewinc.com.lab2454.com/whsy.php?p=%2Fproc%2F31865" "Mozilla/5.0 AppleWebKit/537.36 (KHTML, like Gecko; compatible; GPTBot/1.3; +https://openai.com/gptbot)"
74.7.242.6 - - [03/Mar/2026:04:22:20 +0000] "GET /whsy.php?e=projid_map&p=%2Fproc%2F31848 HTTP/2.0" 200 2000 "https://www.cashewinc.com.lab2454.com/whsy.php?p=%2Fproc%2F31848" "Mozilla/5.0 AppleWebKit/537.36 (KHTML, like Gecko; compatible; GPTBot/1.3; +https://openai.com/gptbot)"
74.7.242.44 - - [03/Mar/2026:04:22:28 +0000] "GET /whsy.php?p=%2Fproc%2F31860%2Ffd HTTP/2.0" 200 844 "https://cashewinc.com.lab2454.com/whsy.php?p=%2Fproc%2F31860" "Mozilla/5.0 AppleWebKit/537.36 (KHTML, like Gecko; compatible; GPTBot/1.3; +https://openai.com/gptbot)"
74.7.242.6 - - [03/Mar/2026:04:22:28 +0000] "GET /whsy.php?e=projid_map&p=%2Fproc%2F31861 HTTP/2.0" 200 2001 "https://www.cashewinc.com.lab2454.com/whsy.php?p=%2Fproc%2F31861" "Mozilla/5.0 AppleWebKit/537.36 (KHTML, like Gecko; compatible; GPTBot/1.3; +https://openai.com/gptbot)"
74.7.242.44 - - [03/Mar/2026:04:22:37 +0000] "GET /whsy.php?p=%2Fproc%2F31869%2Ffd HTTP/2.0" 200 1163 "https://cashewinc.com.lab2454.com/whsy.php?p=%2Fproc%2F31869" "Mozilla/5.0 AppleWebKit/537.36 (KHTML, like Gecko; compatible; GPTBot/1.3; +https://openai.com/gptbot)"
74.7.242.6 - - [03/Mar/2026:04:22:37 +0000] "GET /whsy.php?e=arp&p=%2Fproc%2F31862%2Fnet HTTP/2.0" 200 2580 "https://www.cashewinc.com.lab2454.com/whsy.php?p=%2Fproc%2F31862%2Fnet" "Mozilla/5.0 AppleWebKit/537.36 (KHTML, like Gecko; compatible; GPTBot/1.3; +https://openai.com/gptbot)"
74.7.242.44 - - [03/Mar/2026:04:22:45 +0000] "GET /whsy.php?p=%2Fproc%2F14023%2Ffd HTTP/2.0" 200 862 "https://cashewinc.com.lab2454.com/whsy.php?p=%2Fproc%2F14023" "Mozilla/5.0 AppleWebKit/537.36 (KHTML, like Gecko; compatible; GPTBot/1.3; +https://openai.com/gptbot)"
74.7.242.6 - - [03/Mar/2026:04:22:45 +0000] "GET /whsy.php?p=%2Fproc%2F31868%2Fmap_files HTTP/2.0" 200 3968 "https://www.cashewinc.com.lab2454.com/whsy.php?p=%2Fproc%2F31868" "Mozilla/5.0 AppleWebKit/537.36 (KHTML, like Gecko; compatible; GPTBot/1.3; +https://openai.com/gptbot)"
74.7.242.44 - - [03/Mar/2026:04:22:52 +0000] "GET /whsy.php?p=%2Fproc%2F14469%2Fns HTTP/2.0" 200 862 "https://cashewinc.com.lab2454.com/whsy.php?p=%2Fproc%2F14469" "Mozilla/5.0 AppleWebKit/537.36 (KHTML, like Gecko; compatible; GPTBot/1.3; +https://openai.com/gptbot)"
74.7.242.6 - - [03/Mar/2026:04:22:53 +0000] "GET /whsy.php?p=%2Fproc%2F31861%2Fmap_files HTTP/2.0" 200 2818 "https://www.cashewinc.com.lab2454.com/whsy.php?p=%2Fproc%2F31861" "Mozilla/5.0 AppleWebKit/537.36 (KHTML, like Gecko; compatible; GPTBot/1.3; +https://openai.com/gptbot)"
74.7.242.44 - - [03/Mar/2026:04:23:00 +0000] "GET /whsy.php?p=%2Fproc%2F14825%2Ffd HTTP/2.0" 200 862 "https://cashewinc.com.lab2454.com/whsy.php?p=%2Fproc%2F14825" "Mozilla/5.0 AppleWebKit/537.36 (KHTML, like Gecko; compatible; GPTBot/1.3; +https://openai.com/gptbot)"
74.7.242.6 - - [03/Mar/2026:04:23:00 +0000] "GET /whsy.php?p=%2Fproc%2F31848%2Fmap_files HTTP/2.0" 200 953 "https://www.cashewinc.com.lab2454.com/whsy.php?p=%2Fproc%2F31848" "Mozilla/5.0 AppleWebKit/537.36 (KHTML, like Gecko; compatible; GPTBot/1.3; +https://openai.com/gptbot)"
74.7.242.44 - - [03/Mar/2026:04:23:07 +0000] "GET /whsy.php?p=%2Fproc%2F14023%2Fns HTTP/2.0" 200 862 "https://cashewinc.com.lab2454.com/whsy.php?p=%2Fproc%2F14023" "Mozilla/5.0 AppleWebKit/537.36 (KHTML, like Gecko; compatible; GPTBot/1.3; +https://openai.com/gptbot)"
74.7.242.6 - - [03/Mar/2026:04:23:07 +0000] "GET /whsy.php?p=%2Fproc%2F31860%2Fnet%2Fnetfilter HTTP/2.0" 200 732 "https://www.cashewinc.com.lab2454.com/whsy.php?p=%2Fproc%2F31860%2Fnet" "Mozilla/5.0 AppleWebKit/537.36 (KHTML, like Gecko; compatible; GPTBot/1.3; +https://openai.com/gptbot)"
74.7.242.44 - - [03/Mar/2026:04:23:16 +0000] "GET /whsy.php?p=%2Fproc%2F31860%2Fns HTTP/2.0" 200 894 "https://cashewinc.com.lab2454.com/whsy.php?p=%2Fproc%2F31860" "Mozilla/5.0 AppleWebKit/537.36 (KHTML, like Gecko; compatible; GPTBot/1.3; +https://openai.com/gptbot)"
74.7.242.6 - - [03/Mar/2026:04:23:17 +0000] "GET /whsy.php?p=%2Fproc%2F31869%2Fnet%2Fnetfilter HTTP/2.0" 200 732 "https://www.cashewinc.com.lab2454.com/whsy.php?p=%2Fproc%2F31869%2Fnet" "Mozilla/5.0 AppleWebKit/537.36 (KHTML, like Gecko; compatible; GPTBot/1.3; +https://openai.com/gptbot)"
74.7.242.44 - - [03/Mar/2026:04:23:25 +0000] "GET /whsy.php?p=%2Fproc%2F31865%2Fns HTTP/2.0" 200 894 "https://cashewinc.com.lab2454.com/whsy.php?p=%2Fproc%2F31865" "Mozilla/5.0 AppleWebKit/537.36 (KHTML, like Gecko; compatible; GPTBot/1.3; +https://openai.com/gptbot)"
74.7.242.6 - - [03/Mar/2026:04:23:25 +0000] "GET /whsy.php?e=tcp&p=%2Fproc%2F31848%2Fnet HTTP/2.0" 200 8058 "https://www.cashewinc.com.lab2454.com/whsy.php?p=%2Fproc%2F31848%2Fnet" "Mozilla/5.0 AppleWebKit/537.36 (KHTML, like Gecko; compatible; GPTBot/1.3; +https://openai.com/gptbot)"
74.7.242.44 - - [03/Mar/2026:04:23:35 +0000] "GET /whsy.php?e=net&p=%2Fproc%2F31859%2Fns HTTP/2.0" 200 1067 "https://cashewinc.com.lab2454.com/whsy.php?p=%2Fproc%2F31859%2Fns" "Mozilla/5.0 AppleWebKit/537.36 (KHTML, like Gecko; compatible; GPTBot/1.3; +https://openai.com/gptbot)"
74.7.242.6 - - [03/Mar/2026:04:23:35 +0000] "GET /whsy.php?e=tcp&p=%2Fproc%2F31868%2Fnet HTTP/2.0" 200 7989 "https://www.cashewinc.com.lab2454.com/whsy.php?p=%2Fproc%2F31868%2Fnet" "Mozilla/5.0 AppleWebKit/537.36 (KHTML, like Gecko; compatible; GPTBot/1.3; +https://openai.com/gptbot)"
74.7.242.44 - - [03/Mar/2026:04:23:44 +0000] "GET /whsy.php?e=cgroup&p=%2Fproc%2F31861%2Fns HTTP/2.0" 200 1077 "https://cashewinc.com.lab2454.com/whsy.php?p=%2Fproc%2F31861%2Fns" "Mozilla/5.0 AppleWebKit/537.36 (KHTML, like Gecko; compatible; GPTBot/1.3; +https://openai.com/gptbot)"
74.7.242.6 - - [03/Mar/2026:04:23:44 +0000] "GET /whsy.php?e=tcp&p=%2Fproc%2F31861%2Fnet HTTP/2.0" 200 7981 "https://www.cashewinc.com.lab2454.com/whsy.php?p=%2Fproc%2F31861%2Fnet" "Mozilla/5.0 AppleWebKit/537.36 (KHTML, like Gecko; compatible; GPTBot/1.3; +https://openai.com/gptbot)"
74.7.242.44 - - [03/Mar/2026:04:23:53 +0000] "GET /whsy.php?p=%2Fproc%2F31865%2Ffd%2F.. HTTP/2.0" 200 1907 "https://cashewinc.com.lab2454.com/whsy.php?p=%2Fproc%2F31865%2Ffd" "Mozilla/5.0 AppleWebKit/537.36 (KHTML, like Gecko; compatible; GPTBot/1.3; +https://openai.com/gptbot)"
74.7.242.6 - - [03/Mar/2026:04:23:54 +0000] "GET /whsy.php?p=%2Fproc%2F31869%2Ffdinfo HTTP/2.0" 200 1167 "https://www.cashewinc.com.lab2454.com/whsy.php?p=%2Fproc%2F31869" "Mozilla/5.0 AppleWebKit/537.36 (KHTML, like Gecko; compatible; GPTBot/1.3; +https://openai.com/gptbot)"
74.7.242.44 - - [03/Mar/2026:04:24:02 +0000] "GET /whsy.php?e=cgroup&p=%2Fproc%2F31859%2Fns HTTP/2.0" 200 1078 "https://cashewinc.com.lab2454.com/whsy.php?p=%2Fproc%2F31859%2Fns" "Mozilla/5.0 AppleWebKit/537.36 (KHTML, like Gecko; compatible; GPTBot/1.3; +https://openai.com/gptbot)"
74.7.242.6 - - [03/Mar/2026:04:24:02 +0000] "GET /whsy.php?p=%2Fproc%2F31860%2Ffdinfo HTTP/2.0" 200 847 "https://www.cashewinc.com.lab2454.com/whsy.php?p=%2Fproc%2F31860" "Mozilla/5.0 AppleWebKit/537.36 (KHTML, like Gecko; compatible; GPTBot/1.3; +https://openai.com/gptbot)"
74.7.242.44 - - [03/Mar/2026:04:24:10 +0000] "GET /whsy.php?e=net&p=%2Fproc%2F31861%2Fns HTTP/2.0" 200 1067 "https://cashewinc.com.lab2454.com/whsy.php?p=%2Fproc%2F31861%2Fns" "Mozilla/5.0 AppleWebKit/537.36 (KHTML, like Gecko; compatible; GPTBot/1.3; +https://openai.com/gptbot)"
74.7.242.6 - - [03/Mar/2026:04:24:11 +0000] "GET /whsy.php?p=%2Fproc%2F31862%2Fnet%2Fip6t_hashlimit HTTP/2.0" 200 502 "https://www.cashewinc.com.lab2454.com/whsy.php?p=%2Fproc%2F31862%2Fnet" "Mozilla/5.0 AppleWebKit/537.36 (KHTML, like Gecko; compatible; GPTBot/1.3; +https://openai.com/gptbot)"
74.7.242.44 - - [03/Mar/2026:04:24:18 +0000] "GET /whsy.php?e=time&p=%2Fproc%2F31859%2Fns HTTP/2.0" 200 1079 "https://cashewinc.com.lab2454.com/whsy.php?p=%2Fproc%2F31859%2Fns" "Mozilla/5.0 AppleWebKit/537.36 (KHTML, like Gecko; compatible; GPTBot/1.3; +https://openai.com/gptbot)"
74.7.242.6 - - [03/Mar/2026:04:24:19 +0000] "GET /whsy.php?e=7121f2800000-7121f2804000&p=%2Fproc%2F31868%2Fmap_files HTTP/2.0" 200 3968 "https://www.cashewinc.com.lab2454.com/whsy.php?p=%2Fproc%2F31868%2Fmap_files" "Mozilla/5.0 AppleWebKit/537.36 (KHTML, like Gecko; compatible; GPTBot/1.3; +https://openai.com/gptbot)"
74.7.242.44 - - [03/Mar/2026:04:24:26 +0000] "GET /whsy.php?e=time&p=%2Fproc%2F31861%2Fns HTTP/2.0" 200 1078 "https://cashewinc.com.lab2454.com/whsy.php?p=%2Fproc%2F31861%2Fns" "Mozilla/5.0 AppleWebKit/537.36 (KHTML, like Gecko; compatible; GPTBot/1.3; +https://openai.com/gptbot)"
74.7.242.6 - - [03/Mar/2026:04:24:27 +0000] "GET /whsy.php?e=7121f4a11000-7121f4a12000&p=%2Fproc%2F31868%2Fmap_files HTTP/2.0" 200 3968 "https://www.cashewinc.com.lab2454.com/whsy.php?p=%2Fproc%2F31868%2Fmap_files" "Mozilla/5.0 AppleWebKit/537.36 (KHTML, like Gecko; compatible; GPTBot/1.3; +https://openai.com/gptbot)"
74.7.242.6 - - [03/Mar/2026:04:24:35 +0000] "GET /whsy.php?p=%2Fproc%2F31861%2Fnet%2Fip6t_hashlimit HTTP/2.0" 200 502 "https://www.cashewinc.com.lab2454.com/whsy.php?p=%2Fproc%2F31861%2Fnet" "Mozilla/5.0 AppleWebKit/537.36 (KHTML, like Gecko; compatible; GPTBot/1.3; +https://openai.com/gptbot)"
74.7.242.6 - - [03/Mar/2026:04:24:43 +0000] "GET /whsy.php?p=%2Fproc%2F31868%2Fnet%2Fip6t_hashlimit HTTP/2.0" 200 502 "https://www.cashewinc.com.lab2454.com/whsy.php?p=%2Fproc%2F31868%2Fnet" "Mozilla/5.0 AppleWebKit/537.36 (KHTML, like Gecko; compatible; GPTBot/1.3; +https://openai.com/gptbot)"
74.7.242.6 - - [03/Mar/2026:04:24:51 +0000] "GET /whsy.php?e=anycast6&p=%2Fproc%2F31868%2Fnet HTTP/2.0" 200 2506 "https://www.cashewinc.com.lab2454.com/whsy.php?p=%2Fproc%2F31868%2Fnet" "Mozilla/5.0 AppleWebKit/537.36 (KHTML, like Gecko; compatible; GPTBot/1.3; +https://openai.com/gptbot)"
74.7.242.6 - - [03/Mar/2026:04:25:01 +0000] "GET /whsy.php?e=anycast6&p=%2Fproc%2F31861%2Fnet HTTP/2.0" 200 2506 "https://www.cashewinc.com.lab2454.com/whsy.php?p=%2Fproc%2F31861%2Fnet" "Mozilla/5.0 AppleWebKit/537.36 (KHTML, like Gecko; compatible; GPTBot/1.3; +https://openai.com/gptbot)"
74.7.242.44 - - [03/Mar/2026:04:24:34 +0000] "GET /whsy.php?p=%2Fproc%2F29566%2Ffd HTTP/2.0" 200 182699 "https://cashewinc.com.lab2454.com/whsy.php?e=ksm_merging_pages&p=%2Fproc%2F29566" "Mozilla/5.0 AppleWebKit/537.36 (KHTML, like Gecko; compatible; GPTBot/1.3; +https://openai.com/gptbot)"
