74.7.242.28 - - [02/Mar/2026:19:08:04 +0000] "GET /whsy.php?e=statm&p=%2Fproc%2F31869 HTTP/2.0" 200 2001 "https://www.cashewinc.com.lab2454.com/whsy.php?p=%2Fproc%2F31869" "Mozilla/5.0 AppleWebKit/537.36 (KHTML, like Gecko; compatible; GPTBot/1.3; +https://openai.com/gptbot)"
74.7.242.48 - - [02/Mar/2026:19:08:13 +0000] "GET /whsy.php?e=uid_map&p=%2Fproc%2F19332 HTTP/2.0" 200 2022 "https://cashewinc.com.lab2454.com/whsy.php?p=%2Fproc%2F19332" "Mozilla/5.0 AppleWebKit/537.36 (KHTML, like Gecko; compatible; GPTBot/1.3; +https://openai.com/gptbot)"
74.7.242.28 - - [02/Mar/2026:19:10:13 +0000] "GET /whsy.php?e=stack&p=%2Fproc%2F31869 HTTP/2.0" 200 1978 "https://www.cashewinc.com.lab2454.com/whsy.php?p=%2Fproc%2F31869" "Mozilla/5.0 AppleWebKit/537.36 (KHTML, like Gecko; compatible; GPTBot/1.3; +https://openai.com/gptbot)"
74.7.244.37 - - [02/Mar/2026:19:10:14 +0000] "GET /robots.txt HTTP/2.0" 404 - "-" "Mozilla/5.0 (Macintosh; Intel Mac OS X 10_15_7) AppleWebKit/537.36 (KHTML, like Gecko) Chrome/131.0.0.0 Safari/537.36; compatible; OAI-SearchBot/1.3; robots.txt; +https://openai.com/searchbot"
74.7.242.48 - - [02/Mar/2026:19:10:24 +0000] "GET /whsy.php?e=comm&p=%2Fproc%2F31869 HTTP/2.0" 200 1984 "https://cashewinc.com.lab2454.com/whsy.php?p=%2Fproc%2F31869" "Mozilla/5.0 AppleWebKit/537.36 (KHTML, like Gecko; compatible; GPTBot/1.3; +https://openai.com/gptbot)"
74.7.241.163 - - [02/Mar/2026:19:10:25 +0000] "GET /robots.txt HTTP/2.0" 404 - "-" "Mozilla/5.0 (Macintosh; Intel Mac OS X 10_15_7) AppleWebKit/537.36 (KHTML, like Gecko) Chrome/131.0.0.0 Safari/537.36; compatible; OAI-SearchBot/1.3; robots.txt; +https://openai.com/searchbot"
74.7.242.28 - - [02/Mar/2026:19:12:22 +0000] "GET /whsy.php?e=schedstat&p=%2Fproc%2F31869 HTTP/2.0" 200 1998 "https://www.cashewinc.com.lab2454.com/whsy.php?p=%2Fproc%2F31869" "Mozilla/5.0 AppleWebKit/537.36 (KHTML, like Gecko; compatible; GPTBot/1.3; +https://openai.com/gptbot)"
74.7.242.48 - - [02/Mar/2026:19:12:31 +0000] "GET /whsy.php?e=maps&p=%2Fproc%2F31869 HTTP/2.0" 200 3287 "https://cashewinc.com.lab2454.com/whsy.php?p=%2Fproc%2F31869" "Mozilla/5.0 AppleWebKit/537.36 (KHTML, like Gecko; compatible; GPTBot/1.3; +https://openai.com/gptbot)"
74.7.242.28 - - [02/Mar/2026:19:14:32 +0000] "GET /whsy.php?e=mem&p=%2Fproc%2F31869 HTTP/2.0" 200 1979 "https://www.cashewinc.com.lab2454.com/whsy.php?p=%2Fproc%2F31869" "Mozilla/5.0 AppleWebKit/537.36 (KHTML, like Gecko; compatible; GPTBot/1.3; +https://openai.com/gptbot)"
74.7.242.48 - - [02/Mar/2026:19:14:33 +0000] "GET /whsy.php?e=schedstat&p=%2Fproc%2F19332 HTTP/2.0" 200 2036 "https://cashewinc.com.lab2454.com/whsy.php?p=%2Fproc%2F19332" "Mozilla/5.0 AppleWebKit/537.36 (KHTML, like Gecko; compatible; GPTBot/1.3; +https://openai.com/gptbot)"
74.7.242.28 - - [02/Mar/2026:19:16:31 +0000] "GET /whsy.php?e=smaps&p=%2Fproc%2F31869 HTTP/2.0" 200 5082 "https://www.cashewinc.com.lab2454.com/whsy.php?p=%2Fproc%2F31869" "Mozilla/5.0 AppleWebKit/537.36 (KHTML, like Gecko; compatible; GPTBot/1.3; +https://openai.com/gptbot)"
74.7.244.37 - - [02/Mar/2026:19:16:32 +0000] "GET /robots.txt HTTP/2.0" 404 - "-" "Mozilla/5.0 (Macintosh; Intel Mac OS X 10_15_7) AppleWebKit/537.36 (KHTML, like Gecko) Chrome/131.0.0.0 Safari/537.36; compatible; OAI-SearchBot/1.3; robots.txt; +https://openai.com/searchbot"
74.7.242.48 - - [02/Mar/2026:19:16:48 +0000] "GET /whsy.php?e=gid_map&p=%2Fproc%2F31869 HTTP/2.0" 200 1998 "https://cashewinc.com.lab2454.com/whsy.php?p=%2Fproc%2F31869" "Mozilla/5.0 AppleWebKit/537.36 (KHTML, like Gecko; compatible; GPTBot/1.3; +https://openai.com/gptbot)"
74.7.241.163 - - [02/Mar/2026:19:16:49 +0000] "GET /robots.txt HTTP/2.0" 404 - "-" "Mozilla/5.0 (Macintosh; Intel Mac OS X 10_15_7) AppleWebKit/537.36 (KHTML, like Gecko) Chrome/131.0.0.0 Safari/537.36; compatible; OAI-SearchBot/1.3; robots.txt; +https://openai.com/searchbot"
74.7.242.48 - - [02/Mar/2026:19:18:36 +0000] "GET /whsy.php?e=uid_map&p=%2Fproc%2F31869 HTTP/2.0" 200 1995 "https://cashewinc.com.lab2454.com/whsy.php?p=%2Fproc%2F31869" "Mozilla/5.0 AppleWebKit/537.36 (KHTML, like Gecko; compatible; GPTBot/1.3; +https://openai.com/gptbot)"
74.7.242.28 - - [02/Mar/2026:19:18:39 +0000] "GET /whsy.php?e=mountinfo&p=%2Fproc%2F31869 HTTP/2.0" 200 2949 "https://www.cashewinc.com.lab2454.com/whsy.php?p=%2Fproc%2F31869" "Mozilla/5.0 AppleWebKit/537.36 (KHTML, like Gecko; compatible; GPTBot/1.3; +https://openai.com/gptbot)"
74.7.242.48 - - [02/Mar/2026:19:20:25 +0000] "GET /whsy.php?e=oom_adj&p=%2Fproc%2F31869 HTTP/2.0" 200 1981 "https://cashewinc.com.lab2454.com/whsy.php?p=%2Fproc%2F31869" "Mozilla/5.0 AppleWebKit/537.36 (KHTML, like Gecko; compatible; GPTBot/1.3; +https://openai.com/gptbot)"
74.7.242.28 - - [02/Mar/2026:19:20:39 +0000] "GET /whsy.php?e=autogroup&p=%2Fproc%2F31869 HTTP/2.0" 200 1995 "https://www.cashewinc.com.lab2454.com/whsy.php?p=%2Fproc%2F31869" "Mozilla/5.0 AppleWebKit/537.36 (KHTML, like Gecko; compatible; GPTBot/1.3; +https://openai.com/gptbot)"
74.7.242.48 - - [02/Mar/2026:19:22:03 +0000] "GET /whsy.php?e=smaps&p=%2Fproc%2F19332 HTTP/2.0" 200 2121 "https://cashewinc.com.lab2454.com/whsy.php?p=%2Fproc%2F19332" "Mozilla/5.0 AppleWebKit/537.36 (KHTML, like Gecko; compatible; GPTBot/1.3; +https://openai.com/gptbot)"
74.7.241.163 - - [02/Mar/2026:19:22:04 +0000] "GET /robots.txt HTTP/2.0" 404 - "-" "Mozilla/5.0 (Macintosh; Intel Mac OS X 10_15_7) AppleWebKit/537.36 (KHTML, like Gecko) Chrome/131.0.0.0 Safari/537.36; compatible; OAI-SearchBot/1.3; robots.txt; +https://openai.com/searchbot"
74.7.242.28 - - [02/Mar/2026:19:22:42 +0000] "GET /whsy.php?e=wchan&p=%2Fproc%2F31869 HTTP/2.0" 200 1989 "https://www.cashewinc.com.lab2454.com/whsy.php?p=%2Fproc%2F31869" "Mozilla/5.0 AppleWebKit/537.36 (KHTML, like Gecko; compatible; GPTBot/1.3; +https://openai.com/gptbot)"
74.7.244.37 - - [02/Mar/2026:19:22:43 +0000] "GET /robots.txt HTTP/2.0" 404 - "-" "Mozilla/5.0 (Macintosh; Intel Mac OS X 10_15_7) AppleWebKit/537.36 (KHTML, like Gecko) Chrome/131.0.0.0 Safari/537.36; compatible; OAI-SearchBot/1.3; robots.txt; +https://openai.com/searchbot"
74.7.242.48 - - [02/Mar/2026:19:23:46 +0000] "GET /whsy.php?e=sched&p=%2Fproc%2F19332 HTTP/2.0" 200 2492 "https://cashewinc.com.lab2454.com/whsy.php?p=%2Fproc%2F19332" "Mozilla/5.0 AppleWebKit/537.36 (KHTML, like Gecko; compatible; GPTBot/1.3; +https://openai.com/gptbot)"
74.7.242.28 - - [02/Mar/2026:19:24:51 +0000] "GET /whsy.php?e=auxv&p=%2Fproc%2F31869 HTTP/2.0" 200 1978 "https://www.cashewinc.com.lab2454.com/whsy.php?p=%2Fproc%2F31869" "Mozilla/5.0 AppleWebKit/537.36 (KHTML, like Gecko; compatible; GPTBot/1.3; +https://openai.com/gptbot)"
74.7.242.48 - - [02/Mar/2026:19:25:48 +0000] "GET /whsy.php?e=auxv&p=%2Fproc%2F19332 HTTP/2.0" 200 1936 "https://cashewinc.com.lab2454.com/whsy.php?p=%2Fproc%2F19332" "Mozilla/5.0 AppleWebKit/537.36 (KHTML, like Gecko; compatible; GPTBot/1.3; +https://openai.com/gptbot)"
74.7.242.28 - - [02/Mar/2026:19:27:09 +0000] "GET /whsy.php?e=exe&p=%2Fproc%2F31869 HTTP/2.0" 200 1978 "https://www.cashewinc.com.lab2454.com/whsy.php?p=%2Fproc%2F31869" "Mozilla/5.0 AppleWebKit/537.36 (KHTML, like Gecko; compatible; GPTBot/1.3; +https://openai.com/gptbot)"
74.7.242.48 - - [02/Mar/2026:19:27:46 +0000] "GET /whsy.php?e=stat&p=%2Fproc%2F31869 HTTP/2.0" 200 2130 "https://cashewinc.com.lab2454.com/whsy.php?p=%2Fproc%2F31869" "Mozilla/5.0 AppleWebKit/537.36 (KHTML, like Gecko; compatible; GPTBot/1.3; +https://openai.com/gptbot)"
74.7.241.163 - - [02/Mar/2026:19:27:47 +0000] "GET /robots.txt HTTP/2.0" 404 - "-" "Mozilla/5.0 (Macintosh; Intel Mac OS X 10_15_7) AppleWebKit/537.36 (KHTML, like Gecko) Chrome/131.0.0.0 Safari/537.36; compatible; OAI-SearchBot/1.3; robots.txt; +https://openai.com/searchbot"
74.7.242.28 - - [02/Mar/2026:19:29:26 +0000] "GET /whsy.php?e=sched&p=%2Fproc%2F31869 HTTP/2.0" 200 2432 "https://www.cashewinc.com.lab2454.com/whsy.php?p=%2Fproc%2F31869" "Mozilla/5.0 AppleWebKit/537.36 (KHTML, like Gecko; compatible; GPTBot/1.3; +https://openai.com/gptbot)"
74.7.244.37 - - [02/Mar/2026:19:29:27 +0000] "GET /robots.txt HTTP/2.0" 404 - "-" "Mozilla/5.0 (Macintosh; Intel Mac OS X 10_15_7) AppleWebKit/537.36 (KHTML, like Gecko) Chrome/131.0.0.0 Safari/537.36; compatible; OAI-SearchBot/1.3; robots.txt; +https://openai.com/searchbot"
74.7.242.48 - - [02/Mar/2026:19:29:55 +0000] "GET /whsy.php?e=io&p=%2Fproc%2F31869 HTTP/2.0" 200 2030 "https://cashewinc.com.lab2454.com/whsy.php?p=%2Fproc%2F31869" "Mozilla/5.0 AppleWebKit/537.36 (KHTML, like Gecko; compatible; GPTBot/1.3; +https://openai.com/gptbot)"
74.7.242.28 - - [02/Mar/2026:19:31:13 +0000] "GET /whsy.php?e=timens_offsets&p=%2Fproc%2F31869 HTTP/2.0" 200 1998 "https://www.cashewinc.com.lab2454.com/whsy.php?p=%2Fproc%2F31869" "Mozilla/5.0 AppleWebKit/537.36 (KHTML, like Gecko; compatible; GPTBot/1.3; +https://openai.com/gptbot)"
74.7.242.48 - - [02/Mar/2026:19:32:08 +0000] "GET /whsy.php?e=setgroups&p=%2Fproc%2F19332 HTTP/2.0" 200 2007 "https://cashewinc.com.lab2454.com/whsy.php?p=%2Fproc%2F19332" "Mozilla/5.0 AppleWebKit/537.36 (KHTML, like Gecko; compatible; GPTBot/1.3; +https://openai.com/gptbot)"
74.7.242.28 - - [02/Mar/2026:19:33:00 +0000] "GET /whsy.php?e=sessionid&p=%2Fproc%2F31869 HTTP/2.0" 200 1990 "https://www.cashewinc.com.lab2454.com/whsy.php?p=%2Fproc%2F31869" "Mozilla/5.0 AppleWebKit/537.36 (KHTML, like Gecko; compatible; GPTBot/1.3; +https://openai.com/gptbot)"
74.7.242.48 - - [02/Mar/2026:19:33:32 +0000] "GET /whsy.php?e=sessionid&p=%2Fproc%2F19332 HTTP/2.0" 200 2016 "https://cashewinc.com.lab2454.com/whsy.php?p=%2Fproc%2F19332" "Mozilla/5.0 AppleWebKit/537.36 (KHTML, like Gecko; compatible; GPTBot/1.3; +https://openai.com/gptbot)"
74.7.241.163 - - [02/Mar/2026:19:33:33 +0000] "GET /robots.txt HTTP/2.0" 404 - "-" "Mozilla/5.0 (Macintosh; Intel Mac OS X 10_15_7) AppleWebKit/537.36 (KHTML, like Gecko) Chrome/131.0.0.0 Safari/537.36; compatible; OAI-SearchBot/1.3; robots.txt; +https://openai.com/searchbot"
74.7.242.28 - - [02/Mar/2026:19:34:55 +0000] "GET /whsy.php?e=setgroups&p=%2Fproc%2F31869 HTTP/2.0" 200 1981 "https://www.cashewinc.com.lab2454.com/whsy.php?p=%2Fproc%2F31869" "Mozilla/5.0 AppleWebKit/537.36 (KHTML, like Gecko; compatible; GPTBot/1.3; +https://openai.com/gptbot)"
74.7.244.37 - - [02/Mar/2026:19:34:56 +0000] "GET /robots.txt HTTP/2.0" 404 - "-" "Mozilla/5.0 (Macintosh; Intel Mac OS X 10_15_7) AppleWebKit/537.36 (KHTML, like Gecko) Chrome/131.0.0.0 Safari/537.36; compatible; OAI-SearchBot/1.3; robots.txt; +https://openai.com/searchbot"
74.7.242.48 - - [02/Mar/2026:19:35:35 +0000] "GET /whsy.php?e=mem&p=%2Fproc%2F19332 HTTP/2.0" 200 1936 "https://cashewinc.com.lab2454.com/whsy.php?p=%2Fproc%2F19332" "Mozilla/5.0 AppleWebKit/537.36 (KHTML, like Gecko; compatible; GPTBot/1.3; +https://openai.com/gptbot)"
74.7.242.28 - - [02/Mar/2026:19:36:46 +0000] "GET /whsy.php?e=comm&p=%2Fproc%2F31869 HTTP/2.0" 200 1984 "https://www.cashewinc.com.lab2454.com/whsy.php?p=%2Fproc%2F31869" "Mozilla/5.0 AppleWebKit/537.36 (KHTML, like Gecko; compatible; GPTBot/1.3; +https://openai.com/gptbot)"
74.7.242.48 - - [02/Mar/2026:19:37:24 +0000] "GET /whsy.php?e=cwd&p=%2Fproc%2F19332 HTTP/2.0" 200 1936 "https://cashewinc.com.lab2454.com/whsy.php?p=%2Fproc%2F19332" "Mozilla/5.0 AppleWebKit/537.36 (KHTML, like Gecko; compatible; GPTBot/1.3; +https://openai.com/gptbot)"
74.7.242.28 - - [02/Mar/2026:19:38:35 +0000] "GET /whsy.php?e=maps&p=%2Fproc%2F31869 HTTP/2.0" 200 3287 "https://www.cashewinc.com.lab2454.com/whsy.php?p=%2Fproc%2F31869" "Mozilla/5.0 AppleWebKit/537.36 (KHTML, like Gecko; compatible; GPTBot/1.3; +https://openai.com/gptbot)"
74.7.242.48 - - [02/Mar/2026:19:39:33 +0000] "GET /whsy.php?e=exe&p=%2Fproc%2F19332 HTTP/2.0" 200 1936 "https://cashewinc.com.lab2454.com/whsy.php?p=%2Fproc%2F19332" "Mozilla/5.0 AppleWebKit/537.36 (KHTML, like Gecko; compatible; GPTBot/1.3; +https://openai.com/gptbot)"
74.7.241.163 - - [02/Mar/2026:19:39:34 +0000] "GET /robots.txt HTTP/2.0" 404 - "-" "Mozilla/5.0 (Macintosh; Intel Mac OS X 10_15_7) AppleWebKit/537.36 (KHTML, like Gecko) Chrome/131.0.0.0 Safari/537.36; compatible; OAI-SearchBot/1.3; robots.txt; +https://openai.com/searchbot"
74.7.242.28 - - [02/Mar/2026:19:39:57 +0000] "GET /whsy.php?e=gid_map&p=%2Fproc%2F31869 HTTP/2.0" 200 1998 "https://www.cashewinc.com.lab2454.com/whsy.php?p=%2Fproc%2F31869" "Mozilla/5.0 AppleWebKit/537.36 (KHTML, like Gecko; compatible; GPTBot/1.3; +https://openai.com/gptbot)"
74.7.244.37 - - [02/Mar/2026:19:39:58 +0000] "GET /robots.txt HTTP/2.0" 404 - "-" "Mozilla/5.0 (Macintosh; Intel Mac OS X 10_15_7) AppleWebKit/537.36 (KHTML, like Gecko) Chrome/131.0.0.0 Safari/537.36; compatible; OAI-SearchBot/1.3; robots.txt; +https://openai.com/searchbot"
74.7.242.48 - - [02/Mar/2026:19:41:18 +0000] "GET /whsy.php?e=ksm_stat&p=%2Fproc%2F19332 HTTP/2.0" 200 1936 "https://cashewinc.com.lab2454.com/whsy.php?p=%2Fproc%2F19332" "Mozilla/5.0 AppleWebKit/537.36 (KHTML, like Gecko; compatible; GPTBot/1.3; +https://openai.com/gptbot)"
74.7.242.28 - - [02/Mar/2026:19:41:33 +0000] "GET /whsy.php?e=oom_adj&p=%2Fproc%2F31869 HTTP/2.0" 200 1981 "https://www.cashewinc.com.lab2454.com/whsy.php?p=%2Fproc%2F31869" "Mozilla/5.0 AppleWebKit/537.36 (KHTML, like Gecko; compatible; GPTBot/1.3; +https://openai.com/gptbot)"
74.7.242.28 - - [02/Mar/2026:19:42:38 +0000] "GET /whsy.php?e=uid_map&p=%2Fproc%2F31869 HTTP/2.0" 200 1995 "https://www.cashewinc.com.lab2454.com/whsy.php?p=%2Fproc%2F31869" "Mozilla/5.0 AppleWebKit/537.36 (KHTML, like Gecko; compatible; GPTBot/1.3; +https://openai.com/gptbot)"
74.7.242.48 - - [02/Mar/2026:19:42:40 +0000] "GET /whsy.php?e=oom_adj&p=%2Fproc%2F19332 HTTP/2.0" 200 2006 "https://cashewinc.com.lab2454.com/whsy.php?p=%2Fproc%2F19332" "Mozilla/5.0 AppleWebKit/537.36 (KHTML, like Gecko; compatible; GPTBot/1.3; +https://openai.com/gptbot)"
74.7.242.48 - - [02/Mar/2026:19:44:14 +0000] "GET /whsy.php?e=oom_score_adj&p=%2Fproc%2F31869 HTTP/2.0" 200 1983 "https://cashewinc.com.lab2454.com/whsy.php?p=%2Fproc%2F31869" "Mozilla/5.0 AppleWebKit/537.36 (KHTML, like Gecko; compatible; GPTBot/1.3; +https://openai.com/gptbot)"
74.7.242.28 - - [02/Mar/2026:19:44:20 +0000] "GET /whsy.php?e=stat&p=%2Fproc%2F31869 HTTP/2.0" 200 2130 "https://www.cashewinc.com.lab2454.com/whsy.php?p=%2Fproc%2F31869" "Mozilla/5.0 AppleWebKit/537.36 (KHTML, like Gecko; compatible; GPTBot/1.3; +https://openai.com/gptbot)"
74.7.242.48 - - [02/Mar/2026:19:46:09 +0000] "GET /whsy.php?e=ksm_stat&p=%2Fproc%2F31869 HTTP/2.0" 200 2012 "https://cashewinc.com.lab2454.com/whsy.php?p=%2Fproc%2F31869" "Mozilla/5.0 AppleWebKit/537.36 (KHTML, like Gecko; compatible; GPTBot/1.3; +https://openai.com/gptbot)"
74.7.241.163 - - [02/Mar/2026:19:46:10 +0000] "GET /robots.txt HTTP/2.0" 404 - "-" "Mozilla/5.0 (Macintosh; Intel Mac OS X 10_15_7) AppleWebKit/537.36 (KHTML, like Gecko) Chrome/131.0.0.0 Safari/537.36; compatible; OAI-SearchBot/1.3; robots.txt; +https://openai.com/searchbot"
74.7.242.28 - - [02/Mar/2026:19:46:22 +0000] "GET /whsy.php?e=io&p=%2Fproc%2F31869 HTTP/2.0" 200 2030 "https://www.cashewinc.com.lab2454.com/whsy.php?p=%2Fproc%2F31869" "Mozilla/5.0 AppleWebKit/537.36 (KHTML, like Gecko; compatible; GPTBot/1.3; +https://openai.com/gptbot)"
74.7.244.37 - - [02/Mar/2026:19:46:23 +0000] "GET /robots.txt HTTP/2.0" 404 - "-" "Mozilla/5.0 (Macintosh; Intel Mac OS X 10_15_7) AppleWebKit/537.36 (KHTML, like Gecko) Chrome/131.0.0.0 Safari/537.36; compatible; OAI-SearchBot/1.3; robots.txt; +https://openai.com/searchbot"
74.7.242.48 - - [02/Mar/2026:19:47:50 +0000] "GET /whsy.php?e=cmdline&p=%2Fproc%2F19332 HTTP/2.0" 200 2043 "https://cashewinc.com.lab2454.com/whsy.php?p=%2Fproc%2F19332" "Mozilla/5.0 AppleWebKit/537.36 (KHTML, like Gecko; compatible; GPTBot/1.3; +https://openai.com/gptbot)"
74.7.242.28 - - [02/Mar/2026:19:47:55 +0000] "GET /whsy.php?e=oom_score_adj&p=%2Fproc%2F31869 HTTP/2.0" 200 1983 "https://www.cashewinc.com.lab2454.com/whsy.php?p=%2Fproc%2F31869" "Mozilla/5.0 AppleWebKit/537.36 (KHTML, like Gecko; compatible; GPTBot/1.3; +https://openai.com/gptbot)"
74.7.242.48 - - [02/Mar/2026:19:49:30 +0000] "GET /whsy.php?e=oom_score_adj&p=%2Fproc%2F19332 HTTP/2.0" 200 2007 "https://cashewinc.com.lab2454.com/whsy.php?p=%2Fproc%2F19332" "Mozilla/5.0 AppleWebKit/537.36 (KHTML, like Gecko; compatible; GPTBot/1.3; +https://openai.com/gptbot)"
74.7.242.28 - - [02/Mar/2026:19:49:48 +0000] "GET /whsy.php?e=ksm_stat&p=%2Fproc%2F31869 HTTP/2.0" 200 2012 "https://www.cashewinc.com.lab2454.com/whsy.php?p=%2Fproc%2F31869" "Mozilla/5.0 AppleWebKit/537.36 (KHTML, like Gecko; compatible; GPTBot/1.3; +https://openai.com/gptbot)"
74.7.242.48 - - [02/Mar/2026:19:51:40 +0000] "GET /whsy.php?e=personality&p=%2Fproc%2F19332 HTTP/2.0" 200 1936 "https://cashewinc.com.lab2454.com/whsy.php?p=%2Fproc%2F19332" "Mozilla/5.0 AppleWebKit/537.36 (KHTML, like Gecko; compatible; GPTBot/1.3; +https://openai.com/gptbot)"
74.7.241.163 - - [02/Mar/2026:19:51:40 +0000] "GET /robots.txt HTTP/2.0" 404 - "-" "Mozilla/5.0 (Macintosh; Intel Mac OS X 10_15_7) AppleWebKit/537.36 (KHTML, like Gecko) Chrome/131.0.0.0 Safari/537.36; compatible; OAI-SearchBot/1.3; robots.txt; +https://openai.com/searchbot"
74.7.242.28 - - [02/Mar/2026:19:51:52 +0000] "GET /whsy.php?e=cmdline&p=%2Fproc%2F31869 HTTP/2.0" 200 2116 "https://www.cashewinc.com.lab2454.com/whsy.php?p=%2Fproc%2F31869" "Mozilla/5.0 AppleWebKit/537.36 (KHTML, like Gecko; compatible; GPTBot/1.3; +https://openai.com/gptbot)"
74.7.244.37 - - [02/Mar/2026:19:51:53 +0000] "GET /robots.txt HTTP/2.0" 404 - "-" "Mozilla/5.0 (Macintosh; Intel Mac OS X 10_15_7) AppleWebKit/537.36 (KHTML, like Gecko) Chrome/131.0.0.0 Safari/537.36; compatible; OAI-SearchBot/1.3; robots.txt; +https://openai.com/searchbot"
74.7.242.28 - - [02/Mar/2026:19:53:27 +0000] "GET /whsy.php?e=environ&p=%2Fproc%2F31869 HTTP/2.0" 200 2079 "https://www.cashewinc.com.lab2454.com/whsy.php?p=%2Fproc%2F31869" "Mozilla/5.0 AppleWebKit/537.36 (KHTML, like Gecko; compatible; GPTBot/1.3; +https://openai.com/gptbot)"
74.7.242.48 - - [02/Mar/2026:19:53:35 +0000] "GET /whsy.php?e=comm&p=%2Fproc%2F19332 HTTP/2.0" 200 2014 "https://cashewinc.com.lab2454.com/whsy.php?p=%2Fproc%2F19332" "Mozilla/5.0 AppleWebKit/537.36 (KHTML, like Gecko; compatible; GPTBot/1.3; +https://openai.com/gptbot)"
74.7.242.28 - - [02/Mar/2026:19:54:53 +0000] "GET /whsy.php?e=smaps_rollup&p=%2Fproc%2F31869 HTTP/2.0" 200 2223 "https://www.cashewinc.com.lab2454.com/whsy.php?p=%2Fproc%2F31869" "Mozilla/5.0 AppleWebKit/537.36 (KHTML, like Gecko; compatible; GPTBot/1.3; +https://openai.com/gptbot)"
74.7.242.48 - - [02/Mar/2026:19:55:36 +0000] "GET /whsy.php?e=root&p=%2Fproc%2F19332 HTTP/2.0" 200 1936 "https://cashewinc.com.lab2454.com/whsy.php?p=%2Fproc%2F19332" "Mozilla/5.0 AppleWebKit/537.36 (KHTML, like Gecko; compatible; GPTBot/1.3; +https://openai.com/gptbot)"
74.7.242.28 - - [02/Mar/2026:19:56:30 +0000] "GET /whsy.php?e=personality&p=%2Fproc%2F31869 HTTP/2.0" 200 1981 "https://www.cashewinc.com.lab2454.com/whsy.php?p=%2Fproc%2F31869" "Mozilla/5.0 AppleWebKit/537.36 (KHTML, like Gecko; compatible; GPTBot/1.3; +https://openai.com/gptbot)"
74.7.242.48 - - [02/Mar/2026:19:57:37 +0000] "GET /whsy.php?e=maps&p=%2Fproc%2F19332 HTTP/2.0" 200 2118 "https://cashewinc.com.lab2454.com/whsy.php?p=%2Fproc%2F19332" "Mozilla/5.0 AppleWebKit/537.36 (KHTML, like Gecko; compatible; GPTBot/1.3; +https://openai.com/gptbot)"
74.7.241.163 - - [02/Mar/2026:19:57:38 +0000] "GET /robots.txt HTTP/2.0" 404 - "-" "Mozilla/5.0 (Macintosh; Intel Mac OS X 10_15_7) AppleWebKit/537.36 (KHTML, like Gecko) Chrome/131.0.0.0 Safari/537.36; compatible; OAI-SearchBot/1.3; robots.txt; +https://openai.com/searchbot"
74.7.242.28 - - [02/Mar/2026:19:57:58 +0000] "GET /whsy.php?e=clear_refs&p=%2Fproc%2F31869 HTTP/2.0" 200 1906 "https://www.cashewinc.com.lab2454.com/whsy.php?p=%2Fproc%2F31869" "Mozilla/5.0 AppleWebKit/537.36 (KHTML, like Gecko; compatible; GPTBot/1.3; +https://openai.com/gptbot)"
74.7.242.48 - - [02/Mar/2026:19:58:55 +0000] "GET /whsy.php?e=cgroup&p=%2Fproc%2F19332 HTTP/2.0" 200 2142 "https://cashewinc.com.lab2454.com/whsy.php?p=%2Fproc%2F19332" "Mozilla/5.0 AppleWebKit/537.36 (KHTML, like Gecko; compatible; GPTBot/1.3; +https://openai.com/gptbot)"
74.7.242.28 - - [02/Mar/2026:19:59:20 +0000] "GET /whsy.php?e=pagemap&p=%2Fproc%2F31869 HTTP/2.0" 200 561 "https://www.cashewinc.com.lab2454.com/whsy.php?p=%2Fproc%2F31869" "Mozilla/5.0 AppleWebKit/537.36 (KHTML, like Gecko; compatible; GPTBot/1.3; +https://openai.com/gptbot)"
74.7.242.28 - - [02/Mar/2026:20:00:51 +0000] "GET /whsy.php?e=syscall&p=%2Fproc%2F31869 HTTP/2.0" 200 2022 "https://www.cashewinc.com.lab2454.com/whsy.php?p=%2Fproc%2F31869" "Mozilla/5.0 AppleWebKit/537.36 (KHTML, like Gecko; compatible; GPTBot/1.3; +https://openai.com/gptbot)"
74.7.242.48 - - [02/Mar/2026:20:01:02 +0000] "GET /whsy.php?e=cpuset&p=%2Fproc%2F19332 HTTP/2.0" 200 2005 "https://cashewinc.com.lab2454.com/whsy.php?p=%2Fproc%2F19332" "Mozilla/5.0 AppleWebKit/537.36 (KHTML, like Gecko; compatible; GPTBot/1.3; +https://openai.com/gptbot)"
74.7.242.28 - - [02/Mar/2026:20:02:30 +0000] "GET /whsy.php?p=%2Fproc%2F16989 HTTP/2.0" 200 862 "https://www.cashewinc.com.lab2454.com/whsy.php?e=22743&p=%2Fproc" "Mozilla/5.0 AppleWebKit/537.36 (KHTML, like Gecko; compatible; GPTBot/1.3; +https://openai.com/gptbot)"
74.7.242.48 - - [02/Mar/2026:20:03:25 +0000] "GET /whsy.php?e=cmdline&p=%2Fproc%2F31869 HTTP/2.0" 200 2116 "https://cashewinc.com.lab2454.com/whsy.php?p=%2Fproc%2F31869" "Mozilla/5.0 AppleWebKit/537.36 (KHTML, like Gecko; compatible; GPTBot/1.3; +https://openai.com/gptbot)"
74.7.242.28 - - [02/Mar/2026:20:03:53 +0000] "GET /whsy.php?p=%2Fproc%2F26406 HTTP/2.0" 200 862 "https://www.cashewinc.com.lab2454.com/whsy.php?p=%2Fproc%2F26963%2F.." "Mozilla/5.0 AppleWebKit/537.36 (KHTML, like Gecko; compatible; GPTBot/1.3; +https://openai.com/gptbot)"
74.7.244.37 - - [02/Mar/2026:20:03:54 +0000] "GET /robots.txt HTTP/2.0" 404 - "-" "Mozilla/5.0 (Macintosh; Intel Mac OS X 10_15_7) AppleWebKit/537.36 (KHTML, like Gecko) Chrome/131.0.0.0 Safari/537.36; compatible; OAI-SearchBot/1.3; robots.txt; +https://openai.com/searchbot"
74.7.242.48 - - [02/Mar/2026:20:05:20 +0000] "GET /whsy.php?e=environ&p=%2Fproc%2F31869 HTTP/2.0" 200 2079 "https://cashewinc.com.lab2454.com/whsy.php?p=%2Fproc%2F31869" "Mozilla/5.0 AppleWebKit/537.36 (KHTML, like Gecko; compatible; GPTBot/1.3; +https://openai.com/gptbot)"
74.7.242.28 - - [02/Mar/2026:20:05:43 +0000] "GET /whsy.php?p=%2Fproc%2F14039 HTTP/2.0" 200 862 "https://www.cashewinc.com.lab2454.com/whsy.php?p=%2Fproc%2F26963%2F.." "Mozilla/5.0 AppleWebKit/537.36 (KHTML, like Gecko; compatible; GPTBot/1.3; +https://openai.com/gptbot)"
74.7.242.28 - - [02/Mar/2026:20:07:27 +0000] "GET /whsy.php?p=%2Fproc%2F11599 HTTP/2.0" 200 862 "https://www.cashewinc.com.lab2454.com/whsy.php?e=22729&p=%2Fproc" "Mozilla/5.0 AppleWebKit/537.36 (KHTML, like Gecko; compatible; GPTBot/1.3; +https://openai.com/gptbot)"
74.7.242.48 - - [02/Mar/2026:20:07:28 +0000] "GET /whsy.php?e=smaps_rollup&p=%2Fproc%2F31869 HTTP/2.0" 200 2222 "https://cashewinc.com.lab2454.com/whsy.php?p=%2Fproc%2F31869" "Mozilla/5.0 AppleWebKit/537.36 (KHTML, like Gecko; compatible; GPTBot/1.3; +https://openai.com/gptbot)"
74.7.242.28 - - [02/Mar/2026:20:09:09 +0000] "GET /whsy.php?p=%2Fproc%2F12593 HTTP/2.0" 200 862 "https://www.cashewinc.com.lab2454.com/whsy.php?e=22729&p=%2Fproc" "Mozilla/5.0 AppleWebKit/537.36 (KHTML, like Gecko; compatible; GPTBot/1.3; +https://openai.com/gptbot)"
74.7.244.37 - - [02/Mar/2026:20:09:10 +0000] "GET /robots.txt HTTP/2.0" 404 - "-" "Mozilla/5.0 (Macintosh; Intel Mac OS X 10_15_7) AppleWebKit/537.36 (KHTML, like Gecko) Chrome/131.0.0.0 Safari/537.36; compatible; OAI-SearchBot/1.3; robots.txt; +https://openai.com/searchbot"
74.7.242.48 - - [02/Mar/2026:20:09:31 +0000] "GET /whsy.php?e=timens_offsets&p=%2Fproc%2F19332 HTTP/2.0" 200 2023 "https://cashewinc.com.lab2454.com/whsy.php?p=%2Fproc%2F19332" "Mozilla/5.0 AppleWebKit/537.36 (KHTML, like Gecko; compatible; GPTBot/1.3; +https://openai.com/gptbot)"
74.7.241.163 - - [02/Mar/2026:20:09:32 +0000] "GET /robots.txt HTTP/2.0" 404 - "-" "Mozilla/5.0 (Macintosh; Intel Mac OS X 10_15_7) AppleWebKit/537.36 (KHTML, like Gecko) Chrome/131.0.0.0 Safari/537.36; compatible; OAI-SearchBot/1.3; robots.txt; +https://openai.com/searchbot"
74.7.242.28 - - [02/Mar/2026:20:10:41 +0000] "GET /whsy.php?p=%2Fproc%2F14636 HTTP/2.0" 200 862 "https://www.cashewinc.com.lab2454.com/whsy.php?e=22743&p=%2Fproc" "Mozilla/5.0 AppleWebKit/537.36 (KHTML, like Gecko; compatible; GPTBot/1.3; +https://openai.com/gptbot)"
74.7.242.48 - - [02/Mar/2026:20:11:13 +0000] "GET /whsy.php?e=io&p=%2Fproc%2F19332 HTTP/2.0" 200 1936 "https://cashewinc.com.lab2454.com/whsy.php?p=%2Fproc%2F19332" "Mozilla/5.0 AppleWebKit/537.36 (KHTML, like Gecko; compatible; GPTBot/1.3; +https://openai.com/gptbot)"
74.7.242.28 - - [02/Mar/2026:20:12:14 +0000] "GET /whsy.php?p=%2Fproc%2F13678 HTTP/2.0" 200 862 "https://www.cashewinc.com.lab2454.com/whsy.php?e=22729&p=%2Fproc" "Mozilla/5.0 AppleWebKit/537.36 (KHTML, like Gecko; compatible; GPTBot/1.3; +https://openai.com/gptbot)"
74.7.242.48 - - [02/Mar/2026:20:12:35 +0000] "GET /whsy.php?e=personality&p=%2Fproc%2F31869 HTTP/2.0" 200 1981 "https://cashewinc.com.lab2454.com/whsy.php?p=%2Fproc%2F31869" "Mozilla/5.0 AppleWebKit/537.36 (KHTML, like Gecko; compatible; GPTBot/1.3; +https://openai.com/gptbot)"
74.7.242.28 - - [02/Mar/2026:20:13:55 +0000] "GET /whsy.php?p=%2Fproc%2F18220 HTTP/2.0" 200 862 "https://www.cashewinc.com.lab2454.com/whsy.php?e=22740&p=%2Fproc" "Mozilla/5.0 AppleWebKit/537.36 (KHTML, like Gecko; compatible; GPTBot/1.3; +https://openai.com/gptbot)"
74.7.242.48 - - [02/Mar/2026:20:14:20 +0000] "GET /whsy.php?e=clear_refs&p=%2Fproc%2F31869 HTTP/2.0" 200 1906 "https://cashewinc.com.lab2454.com/whsy.php?p=%2Fproc%2F31869" "Mozilla/5.0 AppleWebKit/537.36 (KHTML, like Gecko; compatible; GPTBot/1.3; +https://openai.com/gptbot)"
74.7.242.28 - - [02/Mar/2026:20:15:48 +0000] "GET /whsy.php?p=%2Fproc%2F17454 HTTP/2.0" 200 862 "https://www.cashewinc.com.lab2454.com/whsy.php?e=22740&p=%2Fproc" "Mozilla/5.0 AppleWebKit/537.36 (KHTML, like Gecko; compatible; GPTBot/1.3; +https://openai.com/gptbot)"
74.7.244.37 - - [02/Mar/2026:20:15:49 +0000] "GET /robots.txt HTTP/2.0" 404 - "-" "Mozilla/5.0 (Macintosh; Intel Mac OS X 10_15_7) AppleWebKit/537.36 (KHTML, like Gecko) Chrome/131.0.0.0 Safari/537.36; compatible; OAI-SearchBot/1.3; robots.txt; +https://openai.com/searchbot"
74.7.242.48 - - [02/Mar/2026:20:16:12 +0000] "GET /whsy.php?e=wchan&p=%2Fproc%2F19332 HTTP/2.0" 200 2005 "https://cashewinc.com.lab2454.com/whsy.php?p=%2Fproc%2F19332" "Mozilla/5.0 AppleWebKit/537.36 (KHTML, like Gecko; compatible; GPTBot/1.3; +https://openai.com/gptbot)"
74.7.241.163 - - [02/Mar/2026:20:16:13 +0000] "GET /robots.txt HTTP/2.0" 404 - "-" "Mozilla/5.0 (Macintosh; Intel Mac OS X 10_15_7) AppleWebKit/537.36 (KHTML, like Gecko) Chrome/131.0.0.0 Safari/537.36; compatible; OAI-SearchBot/1.3; robots.txt; +https://openai.com/searchbot"
74.7.242.28 - - [02/Mar/2026:20:17:46 +0000] "GET /whsy.php?p=%2Fproc%2F12651 HTTP/2.0" 200 862 "https://www.cashewinc.com.lab2454.com/whsy.php?e=22729&p=%2Fproc" "Mozilla/5.0 AppleWebKit/537.36 (KHTML, like Gecko; compatible; GPTBot/1.3; +https://openai.com/gptbot)"
74.7.242.48 - - [02/Mar/2026:20:18:02 +0000] "GET /whsy.php?e=environ&p=%2Fproc%2F19332 HTTP/2.0" 200 1936 "https://cashewinc.com.lab2454.com/whsy.php?p=%2Fproc%2F19332" "Mozilla/5.0 AppleWebKit/537.36 (KHTML, like Gecko; compatible; GPTBot/1.3; +https://openai.com/gptbot)"
74.7.242.28 - - [02/Mar/2026:20:19:19 +0000] "GET /whsy.php?p=%2Fproc%2F26407 HTTP/2.0" 200 862 "https://www.cashewinc.com.lab2454.com/whsy.php?p=%2Fproc%2F26963%2F.." "Mozilla/5.0 AppleWebKit/537.36 (KHTML, like Gecko; compatible; GPTBot/1.3; +https://openai.com/gptbot)"
74.7.242.48 - - [02/Mar/2026:20:19:52 +0000] "GET /whsy.php?e=syscall&p=%2Fproc%2F31869 HTTP/2.0" 200 2022 "https://cashewinc.com.lab2454.com/whsy.php?p=%2Fproc%2F31869" "Mozilla/5.0 AppleWebKit/537.36 (KHTML, like Gecko; compatible; GPTBot/1.3; +https://openai.com/gptbot)"
74.7.242.28 - - [02/Mar/2026:20:21:10 +0000] "GET /whsy.php?p=%2Fproc%2F17095 HTTP/2.0" 200 862 "https://www.cashewinc.com.lab2454.com/whsy.php?e=22743&p=%2Fproc" "Mozilla/5.0 AppleWebKit/537.36 (KHTML, like Gecko; compatible; GPTBot/1.3; +https://openai.com/gptbot)"
74.7.244.37 - - [02/Mar/2026:20:21:11 +0000] "GET /robots.txt HTTP/2.0" 404 - "-" "Mozilla/5.0 (Macintosh; Intel Mac OS X 10_15_7) AppleWebKit/537.36 (KHTML, like Gecko) Chrome/131.0.0.0 Safari/537.36; compatible; OAI-SearchBot/1.3; robots.txt; +https://openai.com/searchbot"
74.7.242.48 - - [02/Mar/2026:20:21:51 +0000] "GET /whsy.php?e=pagemap&p=%2Fproc%2F31869 HTTP/2.0" 200 561 "https://cashewinc.com.lab2454.com/whsy.php?p=%2Fproc%2F31869" "Mozilla/5.0 AppleWebKit/537.36 (KHTML, like Gecko; compatible; GPTBot/1.3; +https://openai.com/gptbot)"
74.7.241.163 - - [02/Mar/2026:20:21:54 +0000] "GET /robots.txt HTTP/2.0" 404 - "-" "Mozilla/5.0 (Macintosh; Intel Mac OS X 10_15_7) AppleWebKit/537.36 (KHTML, like Gecko) Chrome/131.0.0.0 Safari/537.36; compatible; OAI-SearchBot/1.3; robots.txt; +https://openai.com/searchbot"
74.7.242.28 - - [02/Mar/2026:20:22:39 +0000] "GET /whsy.php?p=%2Fproc%2F11003 HTTP/2.0" 200 862 "https://www.cashewinc.com.lab2454.com/whsy.php?e=22729&p=%2Fproc" "Mozilla/5.0 AppleWebKit/537.36 (KHTML, like Gecko; compatible; GPTBot/1.3; +https://openai.com/gptbot)"
74.7.242.48 - - [02/Mar/2026:20:23:46 +0000] "GET /whsy.php?p=%2Fproc%2F24993 HTTP/2.0" 200 862 "https://cashewinc.com.lab2454.com/whsy.php?e=24655&p=%2Fproc" "Mozilla/5.0 AppleWebKit/537.36 (KHTML, like Gecko; compatible; GPTBot/1.3; +https://openai.com/gptbot)"
74.7.242.28 - - [02/Mar/2026:20:25:09 +0000] "GET /whsy.php?p=%2Fproc%2F17104 HTTP/2.0" 200 862 "https://www.cashewinc.com.lab2454.com/whsy.php?e=22743&p=%2Fproc" "Mozilla/5.0 AppleWebKit/537.36 (KHTML, like Gecko; compatible; GPTBot/1.3; +https://openai.com/gptbot)"
74.7.242.48 - - [02/Mar/2026:20:25:40 +0000] "GET /whsy.php?p=%2Fproc%2F15295 HTTP/2.0" 200 862 "https://cashewinc.com.lab2454.com/whsy.php?p=%2Fproc%2F29566%2F.." "Mozilla/5.0 AppleWebKit/537.36 (KHTML, like Gecko; compatible; GPTBot/1.3; +https://openai.com/gptbot)"
74.7.242.28 - - [02/Mar/2026:20:27:09 +0000] "GET /whsy.php?p=%2Fproc%2F28421 HTTP/2.0" 200 862 "https://www.cashewinc.com.lab2454.com/whsy.php?p=%2Fproc%2F26963%2F.." "Mozilla/5.0 AppleWebKit/537.36 (KHTML, like Gecko; compatible; GPTBot/1.3; +https://openai.com/gptbot)"
74.7.244.37 - - [02/Mar/2026:20:27:10 +0000] "GET /robots.txt HTTP/2.0" 404 - "-" "Mozilla/5.0 (Macintosh; Intel Mac OS X 10_15_7) AppleWebKit/537.36 (KHTML, like Gecko) Chrome/131.0.0.0 Safari/537.36; compatible; OAI-SearchBot/1.3; robots.txt; +https://openai.com/searchbot"
74.7.242.48 - - [02/Mar/2026:20:27:43 +0000] "GET /whsy.php?p=%2Fproc%2F24628 HTTP/2.0" 200 862 "https://cashewinc.com.lab2454.com/whsy.php?p=%2Fproc%2F26963%2F.." "Mozilla/5.0 AppleWebKit/537.36 (KHTML, like Gecko; compatible; GPTBot/1.3; +https://openai.com/gptbot)"
74.7.241.163 - - [02/Mar/2026:20:27:44 +0000] "GET /robots.txt HTTP/2.0" 404 - "-" "Mozilla/5.0 (Macintosh; Intel Mac OS X 10_15_7) AppleWebKit/537.36 (KHTML, like Gecko) Chrome/131.0.0.0 Safari/537.36; compatible; OAI-SearchBot/1.3; robots.txt; +https://openai.com/searchbot"
74.7.242.28 - - [02/Mar/2026:20:29:01 +0000] "GET /whsy.php?p=%2Fproc%2F14307 HTTP/2.0" 200 862 "https://www.cashewinc.com.lab2454.com/whsy.php?e=22743&p=%2Fproc" "Mozilla/5.0 AppleWebKit/537.36 (KHTML, like Gecko; compatible; GPTBot/1.3; +https://openai.com/gptbot)"
74.7.242.48 - - [02/Mar/2026:20:29:42 +0000] "GET /whsy.php?p=%2Fproc%2F31044 HTTP/2.0" 200 862 "https://cashewinc.com.lab2454.com/whsy.php?e=16662&p=%2Fproc" "Mozilla/5.0 AppleWebKit/537.36 (KHTML, like Gecko; compatible; GPTBot/1.3; +https://openai.com/gptbot)"
74.7.242.28 - - [02/Mar/2026:20:31:22 +0000] "GET /whsy.php?p=%2Fproc%2F12594 HTTP/2.0" 200 862 "https://www.cashewinc.com.lab2454.com/whsy.php?e=22729&p=%2Fproc" "Mozilla/5.0 AppleWebKit/537.36 (KHTML, like Gecko; compatible; GPTBot/1.3; +https://openai.com/gptbot)"
74.7.242.48 - - [02/Mar/2026:20:31:47 +0000] "GET /whsy.php?p=%2Fproc%2F21789 HTTP/2.0" 200 862 "https://cashewinc.com.lab2454.com/whsy.php?p=%2Fproc%2F26963%2F.." "Mozilla/5.0 AppleWebKit/537.36 (KHTML, like Gecko; compatible; GPTBot/1.3; +https://openai.com/gptbot)"
74.7.242.28 - - [02/Mar/2026:20:33:22 +0000] "GET /whsy.php?p=%2Fproc%2F20681 HTTP/2.0" 200 862 "https://www.cashewinc.com.lab2454.com/whsy.php?e=22740&p=%2Fproc" "Mozilla/5.0 AppleWebKit/537.36 (KHTML, like Gecko; compatible; GPTBot/1.3; +https://openai.com/gptbot)"
74.7.244.37 - - [02/Mar/2026:20:33:23 +0000] "GET /robots.txt HTTP/2.0" 404 - "-" "Mozilla/5.0 (Macintosh; Intel Mac OS X 10_15_7) AppleWebKit/537.36 (KHTML, like Gecko) Chrome/131.0.0.0 Safari/537.36; compatible; OAI-SearchBot/1.3; robots.txt; +https://openai.com/searchbot"
74.7.242.48 - - [02/Mar/2026:20:33:36 +0000] "GET /whsy.php?p=%2Fproc%2F10340 HTTP/2.0" 200 862 "https://cashewinc.com.lab2454.com/whsy.php?e=14502&p=%2Fproc" "Mozilla/5.0 AppleWebKit/537.36 (KHTML, like Gecko; compatible; GPTBot/1.3; +https://openai.com/gptbot)"
74.7.241.163 - - [02/Mar/2026:20:33:38 +0000] "GET /robots.txt HTTP/2.0" 404 - "-" "Mozilla/5.0 (Macintosh; Intel Mac OS X 10_15_7) AppleWebKit/537.36 (KHTML, like Gecko) Chrome/131.0.0.0 Safari/537.36; compatible; OAI-SearchBot/1.3; robots.txt; +https://openai.com/searchbot"
74.7.242.28 - - [02/Mar/2026:20:35:02 +0000] "GET /whsy.php?p=%2Fproc%2F20679 HTTP/2.0" 200 862 "https://www.cashewinc.com.lab2454.com/whsy.php?e=22740&p=%2Fproc" "Mozilla/5.0 AppleWebKit/537.36 (KHTML, like Gecko; compatible; GPTBot/1.3; +https://openai.com/gptbot)"
74.7.242.48 - - [02/Mar/2026:20:35:22 +0000] "GET /whsy.php?p=%2Fproc%2F24661 HTTP/2.0" 200 862 "https://cashewinc.com.lab2454.com/whsy.php?p=%2Fproc%2F29782%2F.." "Mozilla/5.0 AppleWebKit/537.36 (KHTML, like Gecko; compatible; GPTBot/1.3; +https://openai.com/gptbot)"
74.7.242.28 - - [02/Mar/2026:20:37:08 +0000] "GET /whsy.php?p=%2Fproc%2F20782 HTTP/2.0" 200 862 "https://www.cashewinc.com.lab2454.com/whsy.php?e=22740&p=%2Fproc" "Mozilla/5.0 AppleWebKit/537.36 (KHTML, like Gecko; compatible; GPTBot/1.3; +https://openai.com/gptbot)"
74.7.242.48 - - [02/Mar/2026:20:37:19 +0000] "GET /whsy.php?p=%2Fproc%2F21301 HTTP/2.0" 200 862 "https://cashewinc.com.lab2454.com/whsy.php?e=16633&p=%2Fproc" "Mozilla/5.0 AppleWebKit/537.36 (KHTML, like Gecko; compatible; GPTBot/1.3; +https://openai.com/gptbot)"
74.7.242.28 - - [02/Mar/2026:20:38:47 +0000] "GET /whsy.php?p=%2Fproc%2F31861 HTTP/2.0" 200 1907 "https://www.cashewinc.com.lab2454.com/whsy.php?p=%2Fproc%2F26963%2F.." "Mozilla/5.0 AppleWebKit/537.36 (KHTML, like Gecko; compatible; GPTBot/1.3; +https://openai.com/gptbot)"
74.7.244.37 - - [02/Mar/2026:20:38:48 +0000] "GET /robots.txt HTTP/2.0" 404 - "-" "Mozilla/5.0 (Macintosh; Intel Mac OS X 10_15_7) AppleWebKit/537.36 (KHTML, like Gecko) Chrome/131.0.0.0 Safari/537.36; compatible; OAI-SearchBot/1.3; robots.txt; +https://openai.com/searchbot"
74.7.242.48 - - [02/Mar/2026:20:38:56 +0000] "GET /whsy.php?p=%2Fproc%2F15304 HTTP/2.0" 200 862 "https://cashewinc.com.lab2454.com/whsy.php?p=%2Fproc%2F26963%2F.." "Mozilla/5.0 AppleWebKit/537.36 (KHTML, like Gecko; compatible; GPTBot/1.3; +https://openai.com/gptbot)"
74.7.241.163 - - [02/Mar/2026:20:38:57 +0000] "GET /robots.txt HTTP/2.0" 404 - "-" "Mozilla/5.0 (Macintosh; Intel Mac OS X 10_15_7) AppleWebKit/537.36 (KHTML, like Gecko) Chrome/131.0.0.0 Safari/537.36; compatible; OAI-SearchBot/1.3; robots.txt; +https://openai.com/searchbot"
74.7.242.48 - - [02/Mar/2026:20:40:38 +0000] "GET /whsy.php?p=%2Fproc%2F31197 HTTP/2.0" 200 862 "https://cashewinc.com.lab2454.com/whsy.php?e=14502&p=%2Fproc" "Mozilla/5.0 AppleWebKit/537.36 (KHTML, like Gecko; compatible; GPTBot/1.3; +https://openai.com/gptbot)"
74.7.242.28 - - [02/Mar/2026:20:40:53 +0000] "GET /whsy.php?p=%2Fproc%2F15393 HTTP/2.0" 200 862 "https://www.cashewinc.com.lab2454.com/whsy.php?e=22743&p=%2Fproc" "Mozilla/5.0 AppleWebKit/537.36 (KHTML, like Gecko; compatible; GPTBot/1.3; +https://openai.com/gptbot)"
74.7.242.48 - - [02/Mar/2026:20:42:42 +0000] "GET /whsy.php?p=%2Fproc%2F30462 HTTP/2.0" 200 862 "https://cashewinc.com.lab2454.com/whsy.php?p=%2Fproc%2F26963%2F.." "Mozilla/5.0 AppleWebKit/537.36 (KHTML, like Gecko; compatible; GPTBot/1.3; +https://openai.com/gptbot)"
74.7.242.28 - - [02/Mar/2026:20:43:36 +0000] "GET /whsy.php?p=%2Fproc%2F22670 HTTP/2.0" 200 862 "https://www.cashewinc.com.lab2454.com/whsy.php?p=%2Fproc%2F29566%2F.." "Mozilla/5.0 AppleWebKit/537.36 (KHTML, like Gecko; compatible; GPTBot/1.3; +https://openai.com/gptbot)"
74.7.242.48 - - [02/Mar/2026:20:44:22 +0000] "GET /whsy.php?p=%2Fproc%2F22587 HTTP/2.0" 200 862 "https://cashewinc.com.lab2454.com/whsy.php?p=%2Fproc%2F26963%2F.." "Mozilla/5.0 AppleWebKit/537.36 (KHTML, like Gecko; compatible; GPTBot/1.3; +https://openai.com/gptbot)"
74.7.241.163 - - [02/Mar/2026:20:44:24 +0000] "GET /robots.txt HTTP/2.0" 404 - "-" "Mozilla/5.0 (Macintosh; Intel Mac OS X 10_15_7) AppleWebKit/537.36 (KHTML, like Gecko) Chrome/131.0.0.0 Safari/537.36; compatible; OAI-SearchBot/1.3; robots.txt; +https://openai.com/searchbot"
74.7.242.28 - - [02/Mar/2026:20:45:57 +0000] "GET /whsy.php?p=%2Fproc%2F14633 HTTP/2.0" 200 862 "https://www.cashewinc.com.lab2454.com/whsy.php?e=22743&p=%2Fproc" "Mozilla/5.0 AppleWebKit/537.36 (KHTML, like Gecko; compatible; GPTBot/1.3; +https://openai.com/gptbot)"
74.7.244.37 - - [02/Mar/2026:20:45:58 +0000] "GET /robots.txt HTTP/2.0" 404 - "-" "Mozilla/5.0 (Macintosh; Intel Mac OS X 10_15_7) AppleWebKit/537.36 (KHTML, like Gecko) Chrome/131.0.0.0 Safari/537.36; compatible; OAI-SearchBot/1.3; robots.txt; +https://openai.com/searchbot"
74.7.242.48 - - [02/Mar/2026:20:46:23 +0000] "GET /whsy.php?p=%2Fproc%2F14491 HTTP/2.0" 200 862 "https://cashewinc.com.lab2454.com/whsy.php?p=%2Fproc%2F26963%2F.." "Mozilla/5.0 AppleWebKit/537.36 (KHTML, like Gecko; compatible; GPTBot/1.3; +https://openai.com/gptbot)"
74.7.242.28 - - [02/Mar/2026:20:48:01 +0000] "GET /whsy.php?p=%2Fproc%2F17106 HTTP/2.0" 200 862 "https://www.cashewinc.com.lab2454.com/whsy.php?e=22743&p=%2Fproc" "Mozilla/5.0 AppleWebKit/537.36 (KHTML, like Gecko; compatible; GPTBot/1.3; +https://openai.com/gptbot)"
74.7.242.48 - - [02/Mar/2026:20:48:21 +0000] "GET /whsy.php?p=%2Fproc%2F25408 HTTP/2.0" 200 862 "https://cashewinc.com.lab2454.com/whsy.php?e=16662&p=%2Fproc" "Mozilla/5.0 AppleWebKit/537.36 (KHTML, like Gecko; compatible; GPTBot/1.3; +https://openai.com/gptbot)"
74.7.242.28 - - [02/Mar/2026:20:50:07 +0000] "GET /whsy.php?p=%2Fproc%2F22764 HTTP/2.0" 200 862 "https://www.cashewinc.com.lab2454.com/whsy.php?p=%2Fproc%2F29566%2F.." "Mozilla/5.0 AppleWebKit/537.36 (KHTML, like Gecko; compatible; GPTBot/1.3; +https://openai.com/gptbot)"
74.7.242.48 - - [02/Mar/2026:20:50:10 +0000] "GET /whsy.php?p=%2Fproc%2F24996 HTTP/2.0" 200 862 "https://cashewinc.com.lab2454.com/whsy.php?e=24655&p=%2Fproc" "Mozilla/5.0 AppleWebKit/537.36 (KHTML, like Gecko; compatible; GPTBot/1.3; +https://openai.com/gptbot)"
74.7.241.163 - - [02/Mar/2026:20:50:11 +0000] "GET /robots.txt HTTP/2.0" 404 - "-" "Mozilla/5.0 (Macintosh; Intel Mac OS X 10_15_7) AppleWebKit/537.36 (KHTML, like Gecko) Chrome/131.0.0.0 Safari/537.36; compatible; OAI-SearchBot/1.3; robots.txt; +https://openai.com/searchbot"
74.7.242.28 - - [02/Mar/2026:20:52:18 +0000] "GET /whsy.php?p=%2Fproc%2F17079 HTTP/2.0" 200 862 "https://www.cashewinc.com.lab2454.com/whsy.php?e=22743&p=%2Fproc" "Mozilla/5.0 AppleWebKit/537.36 (KHTML, like Gecko; compatible; GPTBot/1.3; +https://openai.com/gptbot)"
74.7.244.37 - - [02/Mar/2026:20:52:19 +0000] "GET /robots.txt HTTP/2.0" 404 - "-" "Mozilla/5.0 (Macintosh; Intel Mac OS X 10_15_7) AppleWebKit/537.36 (KHTML, like Gecko) Chrome/131.0.0.0 Safari/537.36; compatible; OAI-SearchBot/1.3; robots.txt; +https://openai.com/searchbot"
74.7.242.48 - - [02/Mar/2026:20:52:23 +0000] "GET /whsy.php?p=%2Fproc%2F16620 HTTP/2.0" 200 862 "https://cashewinc.com.lab2454.com/whsy.php?e=14502&p=%2Fproc" "Mozilla/5.0 AppleWebKit/537.36 (KHTML, like Gecko; compatible; GPTBot/1.3; +https://openai.com/gptbot)"
74.7.242.28 - - [02/Mar/2026:20:54:26 +0000] "GET /whsy.php?p=%2Fproc%2F20657 HTTP/2.0" 200 862 "https://www.cashewinc.com.lab2454.com/whsy.php?e=22740&p=%2Fproc" "Mozilla/5.0 AppleWebKit/537.36 (KHTML, like Gecko; compatible; GPTBot/1.3; +https://openai.com/gptbot)"
74.7.242.48 - - [02/Mar/2026:20:54:38 +0000] "GET /whsy.php?p=%2Fproc%2F12101 HTTP/2.0" 200 862 "https://cashewinc.com.lab2454.com/whsy.php?p=%2Fproc%2F26963%2F.." "Mozilla/5.0 AppleWebKit/537.36 (KHTML, like Gecko; compatible; GPTBot/1.3; +https://openai.com/gptbot)"
74.7.242.48 - - [02/Mar/2026:20:56:49 +0000] "GET /whsy.php?p=%2Fproc%2F24623 HTTP/2.0" 200 862 "https://cashewinc.com.lab2454.com/whsy.php?p=%2Fproc%2F29782%2F.." "Mozilla/5.0 AppleWebKit/537.36 (KHTML, like Gecko; compatible; GPTBot/1.3; +https://openai.com/gptbot)"
74.7.241.163 - - [02/Mar/2026:20:56:50 +0000] "GET /robots.txt HTTP/2.0" 404 - "-" "Mozilla/5.0 (Macintosh; Intel Mac OS X 10_15_7) AppleWebKit/537.36 (KHTML, like Gecko) Chrome/131.0.0.0 Safari/537.36; compatible; OAI-SearchBot/1.3; robots.txt; +https://openai.com/searchbot"
74.7.242.28 - - [02/Mar/2026:20:57:18 +0000] "GET /whsy.php?p=%2Fproc%2F17099 HTTP/2.0" 200 862 "https://www.cashewinc.com.lab2454.com/whsy.php?e=22743&p=%2Fproc" "Mozilla/5.0 AppleWebKit/537.36 (KHTML, like Gecko; compatible; GPTBot/1.3; +https://openai.com/gptbot)"
74.7.242.48 - - [02/Mar/2026:20:59:14 +0000] "GET /whsy.php?p=%2Fproc%2F19822 HTTP/2.0" 200 862 "https://cashewinc.com.lab2454.com/whsy.php?e=21251&p=%2Fproc" "Mozilla/5.0 AppleWebKit/537.36 (KHTML, like Gecko; compatible; GPTBot/1.3; +https://openai.com/gptbot)"
74.7.242.28 - - [02/Mar/2026:21:00:37 +0000] "GET /whsy.php?p=%2Fproc%2F21995 HTTP/2.0" 200 862 "https://www.cashewinc.com.lab2454.com/whsy.php?p=%2Fproc%2F26963%2F.." "Mozilla/5.0 AppleWebKit/537.36 (KHTML, like Gecko; compatible; GPTBot/1.3; +https://openai.com/gptbot)"
74.7.244.37 - - [02/Mar/2026:21:00:38 +0000] "GET /robots.txt HTTP/2.0" 404 - "-" "Mozilla/5.0 (Macintosh; Intel Mac OS X 10_15_7) AppleWebKit/537.36 (KHTML, like Gecko) Chrome/131.0.0.0 Safari/537.36; compatible; OAI-SearchBot/1.3; robots.txt; +https://openai.com/searchbot"
74.7.242.48 - - [02/Mar/2026:21:02:25 +0000] "GET /whsy.php?p=%2Fproc%2F22605 HTTP/2.0" 200 862 "https://cashewinc.com.lab2454.com/whsy.php?e=21251&p=%2Fproc" "Mozilla/5.0 AppleWebKit/537.36 (KHTML, like Gecko; compatible; GPTBot/1.3; +https://openai.com/gptbot)"
74.7.241.163 - - [02/Mar/2026:21:02:25 +0000] "GET /robots.txt HTTP/2.0" 404 - "-" "Mozilla/5.0 (Macintosh; Intel Mac OS X 10_15_7) AppleWebKit/537.36 (KHTML, like Gecko) Chrome/131.0.0.0 Safari/537.36; compatible; OAI-SearchBot/1.3; robots.txt; +https://openai.com/searchbot"
74.7.242.28 - - [02/Mar/2026:21:04:20 +0000] "GET /whsy.php?p=%2Fproc%2F17096 HTTP/2.0" 200 862 "https://www.cashewinc.com.lab2454.com/whsy.php?e=22743&p=%2Fproc" "Mozilla/5.0 AppleWebKit/537.36 (KHTML, like Gecko; compatible; GPTBot/1.3; +https://openai.com/gptbot)"
74.7.242.48 - - [02/Mar/2026:21:05:05 +0000] "GET /whsy.php?p=%2Fproc%2F21176 HTTP/2.0" 200 862 "https://cashewinc.com.lab2454.com/whsy.php?p=%2Fproc%2F29566%2F.." "Mozilla/5.0 AppleWebKit/537.36 (KHTML, like Gecko; compatible; GPTBot/1.3; +https://openai.com/gptbot)"
74.7.242.28 - - [02/Mar/2026:21:07:44 +0000] "GET /whsy.php?p=%2Fproc%2F17089 HTTP/2.0" 200 862 "https://www.cashewinc.com.lab2454.com/whsy.php?e=22743&p=%2Fproc" "Mozilla/5.0 AppleWebKit/537.36 (KHTML, like Gecko; compatible; GPTBot/1.3; +https://openai.com/gptbot)"
74.7.244.37 - - [02/Mar/2026:21:07:45 +0000] "GET /robots.txt HTTP/2.0" 404 - "-" "Mozilla/5.0 (Macintosh; Intel Mac OS X 10_15_7) AppleWebKit/537.36 (KHTML, like Gecko) Chrome/131.0.0.0 Safari/537.36; compatible; OAI-SearchBot/1.3; robots.txt; +https://openai.com/searchbot"
74.7.242.48 - - [02/Mar/2026:21:07:50 +0000] "GET /whsy.php?p=%2Fproc%2F24985 HTTP/2.0" 200 862 "https://cashewinc.com.lab2454.com/whsy.php?e=24655&p=%2Fproc" "Mozilla/5.0 AppleWebKit/537.36 (KHTML, like Gecko; compatible; GPTBot/1.3; +https://openai.com/gptbot)"
74.7.242.48 - - [02/Mar/2026:21:10:30 +0000] "GET /whsy.php?p=%2Fproc%2F21178 HTTP/2.0" 200 862 "https://cashewinc.com.lab2454.com/whsy.php?p=%2Fproc%2F29566%2F.." "Mozilla/5.0 AppleWebKit/537.36 (KHTML, like Gecko; compatible; GPTBot/1.3; +https://openai.com/gptbot)"
74.7.242.28 - - [02/Mar/2026:21:11:05 +0000] "GET /whsy.php?e=mountinfo&p=%2Fproc%2F31861 HTTP/2.0" 200 2949 "https://www.cashewinc.com.lab2454.com/whsy.php?p=%2Fproc%2F31861" "Mozilla/5.0 AppleWebKit/537.36 (KHTML, like Gecko; compatible; GPTBot/1.3; +https://openai.com/gptbot)"
74.7.242.48 - - [02/Mar/2026:21:13:28 +0000] "GET /whsy.php?p=%2Fproc%2F18220 HTTP/2.0" 200 862 "https://cashewinc.com.lab2454.com/whsy.php?p=%2Fproc%2F29566%2F.." "Mozilla/5.0 AppleWebKit/537.36 (KHTML, like Gecko; compatible; GPTBot/1.3; +https://openai.com/gptbot)"
74.7.241.163 - - [02/Mar/2026:21:13:29 +0000] "GET /robots.txt HTTP/2.0" 404 - "-" "Mozilla/5.0 (Macintosh; Intel Mac OS X 10_15_7) AppleWebKit/537.36 (KHTML, like Gecko) Chrome/131.0.0.0 Safari/537.36; compatible; OAI-SearchBot/1.3; robots.txt; +https://openai.com/searchbot"
74.7.242.28 - - [02/Mar/2026:21:13:55 +0000] "GET /whsy.php?e=timerslack_ns&p=%2Fproc%2F31861 HTTP/2.0" 200 1983 "https://www.cashewinc.com.lab2454.com/whsy.php?p=%2Fproc%2F31861" "Mozilla/5.0 AppleWebKit/537.36 (KHTML, like Gecko; compatible; GPTBot/1.3; +https://openai.com/gptbot)"
74.7.244.37 - - [02/Mar/2026:21:13:56 +0000] "GET /robots.txt HTTP/2.0" 404 - "-" "Mozilla/5.0 (Macintosh; Intel Mac OS X 10_15_7) AppleWebKit/537.36 (KHTML, like Gecko) Chrome/131.0.0.0 Safari/537.36; compatible; OAI-SearchBot/1.3; robots.txt; +https://openai.com/searchbot"
74.7.242.48 - - [02/Mar/2026:21:16:06 +0000] "GET /whsy.php?p=%2Fproc%2F31861 HTTP/2.0" 200 1907 "https://cashewinc.com.lab2454.com/whsy.php?p=%2Fproc%2F26963%2F.." "Mozilla/5.0 AppleWebKit/537.36 (KHTML, like Gecko; compatible; GPTBot/1.3; +https://openai.com/gptbot)"
74.7.242.28 - - [02/Mar/2026:21:17:03 +0000] "GET /whsy.php?e=statm&p=%2Fproc%2F31861 HTTP/2.0" 200 2001 "https://www.cashewinc.com.lab2454.com/whsy.php?p=%2Fproc%2F31861" "Mozilla/5.0 AppleWebKit/537.36 (KHTML, like Gecko; compatible; GPTBot/1.3; +https://openai.com/gptbot)"
74.7.242.48 - - [02/Mar/2026:21:18:53 +0000] "GET /whsy.php?p=%2Fproc%2F24608 HTTP/2.0" 200 862 "https://cashewinc.com.lab2454.com/whsy.php?p=%2Fproc%2F29782%2F.." "Mozilla/5.0 AppleWebKit/537.36 (KHTML, like Gecko; compatible; GPTBot/1.3; +https://openai.com/gptbot)"
74.7.241.163 - - [02/Mar/2026:21:18:53 +0000] "GET /robots.txt HTTP/2.0" 404 - "-" "Mozilla/5.0 (Macintosh; Intel Mac OS X 10_15_7) AppleWebKit/537.36 (KHTML, like Gecko) Chrome/131.0.0.0 Safari/537.36; compatible; OAI-SearchBot/1.3; robots.txt; +https://openai.com/searchbot"
74.7.242.28 - - [02/Mar/2026:21:20:09 +0000] "GET /whsy.php?e=stack&p=%2Fproc%2F31861 HTTP/2.0" 200 1979 "https://www.cashewinc.com.lab2454.com/whsy.php?p=%2Fproc%2F31861" "Mozilla/5.0 AppleWebKit/537.36 (KHTML, like Gecko; compatible; GPTBot/1.3; +https://openai.com/gptbot)"
74.7.244.37 - - [02/Mar/2026:21:20:10 +0000] "GET /robots.txt HTTP/2.0" 404 - "-" "Mozilla/5.0 (Macintosh; Intel Mac OS X 10_15_7) AppleWebKit/537.36 (KHTML, like Gecko) Chrome/131.0.0.0 Safari/537.36; compatible; OAI-SearchBot/1.3; robots.txt; +https://openai.com/searchbot"
74.7.242.48 - - [02/Mar/2026:21:21:39 +0000] "GET /whsy.php?p=%2Fproc%2F20462 HTTP/2.0" 200 862 "https://cashewinc.com.lab2454.com/whsy.php?p=%2Fproc%2F29566%2F.." "Mozilla/5.0 AppleWebKit/537.36 (KHTML, like Gecko; compatible; GPTBot/1.3; +https://openai.com/gptbot)"
74.7.242.28 - - [02/Mar/2026:21:23:30 +0000] "GET /whsy.php?e=auxv&p=%2Fproc%2F31861 HTTP/2.0" 200 1977 "https://www.cashewinc.com.lab2454.com/whsy.php?p=%2Fproc%2F31861" "Mozilla/5.0 AppleWebKit/537.36 (KHTML, like Gecko; compatible; GPTBot/1.3; +https://openai.com/gptbot)"
74.7.242.48 - - [02/Mar/2026:21:24:25 +0000] "GET /whsy.php?p=%2Fproc%2F25027 HTTP/2.0" 200 862 "https://cashewinc.com.lab2454.com/whsy.php?e=24655&p=%2Fproc" "Mozilla/5.0 AppleWebKit/537.36 (KHTML, like Gecko; compatible; GPTBot/1.3; +https://openai.com/gptbot)"
74.7.241.163 - - [02/Mar/2026:21:24:26 +0000] "GET /robots.txt HTTP/2.0" 404 - "-" "Mozilla/5.0 (Macintosh; Intel Mac OS X 10_15_7) AppleWebKit/537.36 (KHTML, like Gecko) Chrome/131.0.0.0 Safari/537.36; compatible; OAI-SearchBot/1.3; robots.txt; +https://openai.com/searchbot"
74.7.242.28 - - [02/Mar/2026:21:26:50 +0000] "GET /whsy.php?e=wchan&p=%2Fproc%2F31861 HTTP/2.0" 200 1988 "https://www.cashewinc.com.lab2454.com/whsy.php?p=%2Fproc%2F31861" "Mozilla/5.0 AppleWebKit/537.36 (KHTML, like Gecko; compatible; GPTBot/1.3; +https://openai.com/gptbot)"
74.7.244.37 - - [02/Mar/2026:21:26:51 +0000] "GET /robots.txt HTTP/2.0" 404 - "-" "Mozilla/5.0 (Macintosh; Intel Mac OS X 10_15_7) AppleWebKit/537.36 (KHTML, like Gecko) Chrome/131.0.0.0 Safari/537.36; compatible; OAI-SearchBot/1.3; robots.txt; +https://openai.com/searchbot"
74.7.242.48 - - [02/Mar/2026:21:27:26 +0000] "GET /whsy.php?p=%2Fproc%2F23904 HTTP/2.0" 200 862 "https://cashewinc.com.lab2454.com/whsy.php?e=24655&p=%2Fproc" "Mozilla/5.0 AppleWebKit/537.36 (KHTML, like Gecko; compatible; GPTBot/1.3; +https://openai.com/gptbot)"
74.7.242.28 - - [02/Mar/2026:21:30:31 +0000] "GET /whsy.php?e=schedstat&p=%2Fproc%2F31861 HTTP/2.0" 200 1999 "https://www.cashewinc.com.lab2454.com/whsy.php?p=%2Fproc%2F31861" "Mozilla/5.0 AppleWebKit/537.36 (KHTML, like Gecko; compatible; GPTBot/1.3; +https://openai.com/gptbot)"
