74.7.242.6 - - [03/Mar/2026:04:25:10 +0000] "GET /whsy.php?e=anycast6&p=%2Fproc%2F31862%2Fnet HTTP/2.0" 200 2506 "https://www.cashewinc.com.lab2454.com/whsy.php?p=%2Fproc%2F31862%2Fnet" "Mozilla/5.0 AppleWebKit/537.36 (KHTML, like Gecko; compatible; GPTBot/1.3; +https://openai.com/gptbot)"
74.7.242.44 - - [03/Mar/2026:04:25:13 +0000] "GET /whsy.php?p=%2Fproc%2F31861%2Ffd HTTP/2.0" 200 885 "https://cashewinc.com.lab2454.com/whsy.php?p=%2Fproc%2F31861" "Mozilla/5.0 AppleWebKit/537.36 (KHTML, like Gecko; compatible; GPTBot/1.3; +https://openai.com/gptbot)"
74.7.242.6 - - [03/Mar/2026:04:25:20 +0000] "GET /whsy.php?e=sockcreate&p=%2Fproc%2F31862%2Fattr HTTP/2.0" 200 863 "https://www.cashewinc.com.lab2454.com/whsy.php?p=%2Fproc%2F31862%2Fattr" "Mozilla/5.0 AppleWebKit/537.36 (KHTML, like Gecko; compatible; GPTBot/1.3; +https://openai.com/gptbot)"
74.7.242.44 - - [03/Mar/2026:04:25:21 +0000] "GET /whsy.php?e=net&p=%2Fproc%2F31860%2Fns HTTP/2.0" 200 1068 "https://cashewinc.com.lab2454.com/whsy.php?p=%2Fproc%2F31860%2Fns" "Mozilla/5.0 AppleWebKit/537.36 (KHTML, like Gecko; compatible; GPTBot/1.3; +https://openai.com/gptbot)"
74.7.242.6 - - [03/Mar/2026:04:25:28 +0000] "GET /whsy.php?p=%2Fproc%2F31869%2Fmap_files HTTP/2.0" 200 2818 "https://www.cashewinc.com.lab2454.com/whsy.php?p=%2Fproc%2F31869" "Mozilla/5.0 AppleWebKit/537.36 (KHTML, like Gecko; compatible; GPTBot/1.3; +https://openai.com/gptbot)"
74.7.242.44 - - [03/Mar/2026:04:25:30 +0000] "GET /whsy.php?e=net&p=%2Fproc%2F31865%2Fns HTTP/2.0" 200 1067 "https://cashewinc.com.lab2454.com/whsy.php?p=%2Fproc%2F31865%2Fns" "Mozilla/5.0 AppleWebKit/537.36 (KHTML, like Gecko; compatible; GPTBot/1.3; +https://openai.com/gptbot)"
74.7.242.6 - - [03/Mar/2026:04:25:36 +0000] "GET /whsy.php?p=%2Fproc%2F31860%2Fmap_files HTTP/2.0" 200 2818 "https://www.cashewinc.com.lab2454.com/whsy.php?p=%2Fproc%2F31860" "Mozilla/5.0 AppleWebKit/537.36 (KHTML, like Gecko; compatible; GPTBot/1.3; +https://openai.com/gptbot)"
74.7.242.44 - - [03/Mar/2026:04:25:37 +0000] "GET /whsy.php?e=cgroup&p=%2Fproc%2F31860%2Fns HTTP/2.0" 200 1078 "https://cashewinc.com.lab2454.com/whsy.php?p=%2Fproc%2F31860%2Fns" "Mozilla/5.0 AppleWebKit/537.36 (KHTML, like Gecko; compatible; GPTBot/1.3; +https://openai.com/gptbot)"
74.7.242.6 - - [03/Mar/2026:04:25:43 +0000] "GET /whsy.php?p=%2Fproc%2F31868%2Ffdinfo HTTP/2.0" 200 1125 "https://www.cashewinc.com.lab2454.com/whsy.php?p=%2Fproc%2F31868" "Mozilla/5.0 AppleWebKit/537.36 (KHTML, like Gecko; compatible; GPTBot/1.3; +https://openai.com/gptbot)"
74.7.242.44 - - [03/Mar/2026:04:25:45 +0000] "GET /whsy.php?e=cgroup&p=%2Fproc%2F31865%2Fns HTTP/2.0" 200 1078 "https://cashewinc.com.lab2454.com/whsy.php?p=%2Fproc%2F31865%2Fns" "Mozilla/5.0 AppleWebKit/537.36 (KHTML, like Gecko; compatible; GPTBot/1.3; +https://openai.com/gptbot)"
74.7.242.6 - - [03/Mar/2026:04:25:51 +0000] "GET /whsy.php?p=%2Fproc%2F31848%2Ffdinfo HTTP/2.0" 200 724 "https://www.cashewinc.com.lab2454.com/whsy.php?p=%2Fproc%2F31848" "Mozilla/5.0 AppleWebKit/537.36 (KHTML, like Gecko; compatible; GPTBot/1.3; +https://openai.com/gptbot)"
74.7.242.44 - - [03/Mar/2026:04:25:53 +0000] "GET /whsy.php?e=time&p=%2Fproc%2F31860%2Fns HTTP/2.0" 200 1079 "https://cashewinc.com.lab2454.com/whsy.php?p=%2Fproc%2F31860%2Fns" "Mozilla/5.0 AppleWebKit/537.36 (KHTML, like Gecko; compatible; GPTBot/1.3; +https://openai.com/gptbot)"
74.7.242.6 - - [03/Mar/2026:04:25:59 +0000] "GET /whsy.php?p=%2Fproc%2F31861%2Ffdinfo HTTP/2.0" 200 887 "https://www.cashewinc.com.lab2454.com/whsy.php?p=%2Fproc%2F31861" "Mozilla/5.0 AppleWebKit/537.36 (KHTML, like Gecko; compatible; GPTBot/1.3; +https://openai.com/gptbot)"
74.7.242.44 - - [03/Mar/2026:04:26:01 +0000] "GET /whsy.php?e=time&p=%2Fproc%2F31865%2Fns HTTP/2.0" 200 1079 "https://cashewinc.com.lab2454.com/whsy.php?p=%2Fproc%2F31865%2Fns" "Mozilla/5.0 AppleWebKit/537.36 (KHTML, like Gecko; compatible; GPTBot/1.3; +https://openai.com/gptbot)"
74.7.242.6 - - [03/Mar/2026:04:26:07 +0000] "GET /whsy.php?e=projid_map&p=%2Fproc%2F24628 HTTP/2.0" 200 862 "https://www.cashewinc.com.lab2454.com/whsy.php?p=%2Fproc%2F24628" "Mozilla/5.0 AppleWebKit/537.36 (KHTML, like Gecko; compatible; GPTBot/1.3; +https://openai.com/gptbot)"
74.7.242.6 - - [03/Mar/2026:04:26:15 +0000] "GET /whsy.php?e=projid_map&p=%2Fproc%2F22587 HTTP/2.0" 200 862 "https://www.cashewinc.com.lab2454.com/whsy.php?p=%2Fproc%2F22587" "Mozilla/5.0 AppleWebKit/537.36 (KHTML, like Gecko; compatible; GPTBot/1.3; +https://openai.com/gptbot)"
74.7.242.6 - - [03/Mar/2026:04:26:26 +0000] "GET /whsy.php?e=projid_map&p=%2Fproc%2F20774 HTTP/2.0" 200 862 "https://www.cashewinc.com.lab2454.com/whsy.php?p=%2Fproc%2F20774" "Mozilla/5.0 AppleWebKit/537.36 (KHTML, like Gecko; compatible; GPTBot/1.3; +https://openai.com/gptbot)"
74.7.241.182 - - [03/Mar/2026:04:26:27 +0000] "GET /robots.txt HTTP/2.0" 404 - "-" "Mozilla/5.0 (Macintosh; Intel Mac OS X 10_15_7) AppleWebKit/537.36 (KHTML, like Gecko) Chrome/131.0.0.0 Safari/537.36; compatible; OAI-SearchBot/1.3; robots.txt; +https://openai.com/searchbot"
74.7.242.6 - - [03/Mar/2026:04:26:35 +0000] "GET /whsy.php?e=ksm_merging_pages&p=%2Fproc%2F31860 HTTP/2.0" 200 1980 "https://www.cashewinc.com.lab2454.com/whsy.php?p=%2Fproc%2F31860" "Mozilla/5.0 AppleWebKit/537.36 (KHTML, like Gecko; compatible; GPTBot/1.3; +https://openai.com/gptbot)"
74.7.242.44 - - [03/Mar/2026:04:26:09 +0000] "GET /whsy.php?p=%2Fproc%2F19332%2Ffd HTTP/2.0" 200 166718 "https://cashewinc.com.lab2454.com/whsy.php?p=%2Fproc%2F19332" "Mozilla/5.0 AppleWebKit/537.36 (KHTML, like Gecko; compatible; GPTBot/1.3; +https://openai.com/gptbot)"
74.7.175.163 - - [03/Mar/2026:04:26:39 +0000] "GET /robots.txt HTTP/2.0" 404 - "-" "Mozilla/5.0 (Macintosh; Intel Mac OS X 10_15_7) AppleWebKit/537.36 (KHTML, like Gecko) Chrome/131.0.0.0 Safari/537.36; compatible; OAI-SearchBot/1.3; robots.txt; +https://openai.com/searchbot"
74.7.242.6 - - [03/Mar/2026:04:26:43 +0000] "GET /whsy.php?e=ksm_merging_pages&p=%2Fproc%2F31869 HTTP/2.0" 200 1981 "https://www.cashewinc.com.lab2454.com/whsy.php?p=%2Fproc%2F31869" "Mozilla/5.0 AppleWebKit/537.36 (KHTML, like Gecko; compatible; GPTBot/1.3; +https://openai.com/gptbot)"
74.7.242.6 - - [03/Mar/2026:04:26:51 +0000] "GET /whsy.php?p=%2Fproc%2F31860%2Fnet%2Fdev_snmp6 HTTP/2.0" 200 982 "https://www.cashewinc.com.lab2454.com/whsy.php?p=%2Fproc%2F31860%2Fnet" "Mozilla/5.0 AppleWebKit/537.36 (KHTML, like Gecko; compatible; GPTBot/1.3; +https://openai.com/gptbot)"
74.7.242.6 - - [03/Mar/2026:04:26:59 +0000] "GET /whsy.php?p=%2Fproc%2F31869%2Fnet%2Fdev_snmp6 HTTP/2.0" 200 982 "https://www.cashewinc.com.lab2454.com/whsy.php?p=%2Fproc%2F31869%2Fnet" "Mozilla/5.0 AppleWebKit/537.36 (KHTML, like Gecko; compatible; GPTBot/1.3; +https://openai.com/gptbot)"
74.7.242.6 - - [03/Mar/2026:04:27:07 +0000] "GET /whsy.php?e=7121f5815000-7121f5a14000&p=%2Fproc%2F31860%2Fmap_files HTTP/2.0" 200 2818 "https://www.cashewinc.com.lab2454.com/whsy.php?p=%2Fproc%2F31860%2Fmap_files" "Mozilla/5.0 AppleWebKit/537.36 (KHTML, like Gecko; compatible; GPTBot/1.3; +https://openai.com/gptbot)"
74.7.242.6 - - [03/Mar/2026:04:27:15 +0000] "GET /whsy.php?e=16&p=%2Fproc%2F31868%2Ffdinfo HTTP/2.0" 200 1224 "https://www.cashewinc.com.lab2454.com/whsy.php?p=%2Fproc%2F31868%2Ffdinfo" "Mozilla/5.0 AppleWebKit/537.36 (KHTML, like Gecko; compatible; GPTBot/1.3; +https://openai.com/gptbot)"
74.7.242.44 - - [03/Mar/2026:04:26:46 +0000] "GET /whsy.php?p=%2Fproc%2F19332%2Fns HTTP/2.0" 200 176578 "https://cashewinc.com.lab2454.com/whsy.php?p=%2Fproc%2F19332" "Mozilla/5.0 AppleWebKit/537.36 (KHTML, like Gecko; compatible; GPTBot/1.3; +https://openai.com/gptbot)"
74.7.242.6 - - [03/Mar/2026:04:27:22 +0000] "GET /whsy.php?e=7121f2c28000-7121f2e28000&p=%2Fproc%2F31860%2Fmap_files HTTP/2.0" 200 2818 "https://www.cashewinc.com.lab2454.com/whsy.php?p=%2Fproc%2F31860%2Fmap_files" "Mozilla/5.0 AppleWebKit/537.36 (KHTML, like Gecko; compatible; GPTBot/1.3; +https://openai.com/gptbot)"
74.7.242.44 - - [03/Mar/2026:04:27:22 +0000] "GET /whsy.php?p=%2Fproc%2F31859%2Ffd HTTP/2.0" 200 800 "https://cashewinc.com.lab2454.com/whsy.php?p=%2Fproc%2F31859" "Mozilla/5.0 AppleWebKit/537.36 (KHTML, like Gecko; compatible; GPTBot/1.3; +https://openai.com/gptbot)"
74.7.242.6 - - [03/Mar/2026:04:27:30 +0000] "GET /whsy.php?e=3&p=%2Fproc%2F31861%2Ffdinfo HTTP/2.0" 200 991 "https://www.cashewinc.com.lab2454.com/whsy.php?p=%2Fproc%2F31861%2Ffdinfo" "Mozilla/5.0 AppleWebKit/537.36 (KHTML, like Gecko; compatible; GPTBot/1.3; +https://openai.com/gptbot)"
74.7.242.44 - - [03/Mar/2026:04:27:30 +0000] "GET /whsy.php?p=%2Fproc%2F31869%2Fns HTTP/2.0" 200 894 "https://cashewinc.com.lab2454.com/whsy.php?p=%2Fproc%2F31869" "Mozilla/5.0 AppleWebKit/537.36 (KHTML, like Gecko; compatible; GPTBot/1.3; +https://openai.com/gptbot)"
74.7.242.6 - - [03/Mar/2026:04:27:37 +0000] "GET /whsy.php?p=%2Fproc%2F31848%2Fnet%2Fdev_snmp6 HTTP/2.0" 200 981 "https://www.cashewinc.com.lab2454.com/whsy.php?p=%2Fproc%2F31848%2Fnet" "Mozilla/5.0 AppleWebKit/537.36 (KHTML, like Gecko; compatible; GPTBot/1.3; +https://openai.com/gptbot)"
74.7.242.44 - - [03/Mar/2026:04:27:38 +0000] "GET /whsy.php?e=ip_vs&p=%2Fproc%2F19332%2Fnet HTTP/2.0" 200 2615 "https://cashewinc.com.lab2454.com/whsy.php?p=%2Fproc%2F19332%2Fnet" "Mozilla/5.0 AppleWebKit/537.36 (KHTML, like Gecko; compatible; GPTBot/1.3; +https://openai.com/gptbot)"
74.7.242.6 - - [03/Mar/2026:04:27:46 +0000] "GET /whsy.php?e=sched&p=%2Fproc%2F1489 HTTP/2.0" 200 862 "https://www.cashewinc.com.lab2454.com/whsy.php?p=%2Fproc%2F1489" "Mozilla/5.0 AppleWebKit/537.36 (KHTML, like Gecko; compatible; GPTBot/1.3; +https://openai.com/gptbot)"
74.7.242.44 - - [03/Mar/2026:04:27:46 +0000] "GET /whsy.php?e=anycast6&p=%2Fproc%2F31865%2Fnet HTTP/2.0" 200 2507 "https://cashewinc.com.lab2454.com/whsy.php?p=%2Fproc%2F31865%2Fnet" "Mozilla/5.0 AppleWebKit/537.36 (KHTML, like Gecko; compatible; GPTBot/1.3; +https://openai.com/gptbot)"
74.7.242.6 - - [03/Mar/2026:04:27:55 +0000] "GET /whsy.php?e=smaps&p=%2Fproc%2F1489 HTTP/2.0" 200 862 "https://www.cashewinc.com.lab2454.com/whsy.php?p=%2Fproc%2F1489" "Mozilla/5.0 AppleWebKit/537.36 (KHTML, like Gecko; compatible; GPTBot/1.3; +https://openai.com/gptbot)"
74.7.242.44 - - [03/Mar/2026:04:27:55 +0000] "GET /whsy.php?e=anycast6&p=%2Fproc%2F31860%2Fnet HTTP/2.0" 200 2506 "https://cashewinc.com.lab2454.com/whsy.php?p=%2Fproc%2F31860%2Fnet" "Mozilla/5.0 AppleWebKit/537.36 (KHTML, like Gecko; compatible; GPTBot/1.3; +https://openai.com/gptbot)"
74.7.242.6 - - [03/Mar/2026:04:28:04 +0000] "GET /whsy.php?e=cmdline&p=%2Fproc%2F1489 HTTP/2.0" 200 862 "https://www.cashewinc.com.lab2454.com/whsy.php?p=%2Fproc%2F1489" "Mozilla/5.0 AppleWebKit/537.36 (KHTML, like Gecko; compatible; GPTBot/1.3; +https://openai.com/gptbot)"
74.7.242.44 - - [03/Mar/2026:04:28:04 +0000] "GET /whsy.php?e=anycast6&p=%2Fproc%2F31869%2Fnet HTTP/2.0" 200 2506 "https://cashewinc.com.lab2454.com/whsy.php?p=%2Fproc%2F31869%2Fnet" "Mozilla/5.0 AppleWebKit/537.36 (KHTML, like Gecko; compatible; GPTBot/1.3; +https://openai.com/gptbot)"
74.7.242.6 - - [03/Mar/2026:04:28:13 +0000] "GET /whsy.php?p=%2Fproc%2F31862%2Fmap_files HTTP/2.0" 200 2818 "https://www.cashewinc.com.lab2454.com/whsy.php?p=%2Fproc%2F31862" "Mozilla/5.0 AppleWebKit/537.36 (KHTML, like Gecko; compatible; GPTBot/1.3; +https://openai.com/gptbot)"
74.7.242.44 - - [03/Mar/2026:04:28:13 +0000] "GET /whsy.php?e=if_inet6&p=%2Fproc%2F19332%2Fnet HTTP/2.0" 200 2570 "https://cashewinc.com.lab2454.com/whsy.php?p=%2Fproc%2F19332%2Fnet" "Mozilla/5.0 AppleWebKit/537.36 (KHTML, like Gecko; compatible; GPTBot/1.3; +https://openai.com/gptbot)"
74.7.242.6 - - [03/Mar/2026:04:28:21 +0000] "GET /whsy.php?e=coredump_filter&p=%2Fproc%2F31848 HTTP/2.0" 200 1982 "https://www.cashewinc.com.lab2454.com/whsy.php?p=%2Fproc%2F31848" "Mozilla/5.0 AppleWebKit/537.36 (KHTML, like Gecko; compatible; GPTBot/1.3; +https://openai.com/gptbot)"
74.7.242.44 - - [03/Mar/2026:04:28:21 +0000] "GET /whsy.php?e=psched&p=%2Fproc%2F31865%2Fnet HTTP/2.0" 200 2532 "https://cashewinc.com.lab2454.com/whsy.php?p=%2Fproc%2F31865%2Fnet" "Mozilla/5.0 AppleWebKit/537.36 (KHTML, like Gecko; compatible; GPTBot/1.3; +https://openai.com/gptbot)"
74.7.242.6 - - [03/Mar/2026:04:28:29 +0000] "GET /whsy.php?e=coredump_filter&p=%2Fproc%2F31861 HTTP/2.0" 200 1983 "https://www.cashewinc.com.lab2454.com/whsy.php?p=%2Fproc%2F31861" "Mozilla/5.0 AppleWebKit/537.36 (KHTML, like Gecko; compatible; GPTBot/1.3; +https://openai.com/gptbot)"
74.7.242.44 - - [03/Mar/2026:04:28:29 +0000] "GET /whsy.php?e=psched&p=%2Fproc%2F31869%2Fnet HTTP/2.0" 200 2532 "https://cashewinc.com.lab2454.com/whsy.php?p=%2Fproc%2F31869%2Fnet" "Mozilla/5.0 AppleWebKit/537.36 (KHTML, like Gecko; compatible; GPTBot/1.3; +https://openai.com/gptbot)"
74.7.242.6 - - [03/Mar/2026:04:28:36 +0000] "GET /whsy.php?e=coredump_filter&p=%2Fproc%2F31862 HTTP/2.0" 200 1983 "https://www.cashewinc.com.lab2454.com/whsy.php?p=%2Fproc%2F31862" "Mozilla/5.0 AppleWebKit/537.36 (KHTML, like Gecko; compatible; GPTBot/1.3; +https://openai.com/gptbot)"
74.7.242.44 - - [03/Mar/2026:04:28:36 +0000] "GET /whsy.php?e=psched&p=%2Fproc%2F31859%2Fnet HTTP/2.0" 200 2532 "https://cashewinc.com.lab2454.com/whsy.php?p=%2Fproc%2F31859%2Fnet" "Mozilla/5.0 AppleWebKit/537.36 (KHTML, like Gecko; compatible; GPTBot/1.3; +https://openai.com/gptbot)"
74.7.242.6 - - [03/Mar/2026:04:28:43 +0000] "GET /whsy.php?e=coredump_filter&p=%2Fproc%2F31868 HTTP/2.0" 200 1983 "https://www.cashewinc.com.lab2454.com/whsy.php?p=%2Fproc%2F31868" "Mozilla/5.0 AppleWebKit/537.36 (KHTML, like Gecko; compatible; GPTBot/1.3; +https://openai.com/gptbot)"
74.7.242.44 - - [03/Mar/2026:04:28:43 +0000] "GET /whsy.php?e=psched&p=%2Fproc%2F31860%2Fnet HTTP/2.0" 200 2531 "https://cashewinc.com.lab2454.com/whsy.php?p=%2Fproc%2F31860%2Fnet" "Mozilla/5.0 AppleWebKit/537.36 (KHTML, like Gecko; compatible; GPTBot/1.3; +https://openai.com/gptbot)"
74.7.242.6 - - [03/Mar/2026:04:28:51 +0000] "GET /whsy.php?e=syscall&p=%2Fproc%2F1489 HTTP/2.0" 200 862 "https://www.cashewinc.com.lab2454.com/whsy.php?p=%2Fproc%2F1489" "Mozilla/5.0 AppleWebKit/537.36 (KHTML, like Gecko; compatible; GPTBot/1.3; +https://openai.com/gptbot)"
74.7.242.44 - - [03/Mar/2026:04:28:51 +0000] "GET /whsy.php?e=packet&p=%2Fproc%2F31861%2Fnet HTTP/2.0" 200 2572 "https://cashewinc.com.lab2454.com/whsy.php?p=%2Fproc%2F31861%2Fnet" "Mozilla/5.0 AppleWebKit/537.36 (KHTML, like Gecko; compatible; GPTBot/1.3; +https://openai.com/gptbot)"
74.7.242.6 - - [03/Mar/2026:04:28:59 +0000] "GET /whsy.php?e=environ&p=%2Fproc%2F1489 HTTP/2.0" 200 862 "https://www.cashewinc.com.lab2454.com/whsy.php?p=%2Fproc%2F1489" "Mozilla/5.0 AppleWebKit/537.36 (KHTML, like Gecko; compatible; GPTBot/1.3; +https://openai.com/gptbot)"
74.7.242.44 - - [03/Mar/2026:04:29:00 +0000] "GET /whsy.php?e=net&p=%2Fproc%2F31869%2Fns HTTP/2.0" 200 1067 "https://cashewinc.com.lab2454.com/whsy.php?p=%2Fproc%2F31869%2Fns" "Mozilla/5.0 AppleWebKit/537.36 (KHTML, like Gecko; compatible; GPTBot/1.3; +https://openai.com/gptbot)"
74.7.242.6 - - [03/Mar/2026:04:29:08 +0000] "GET /whsy.php?p=%2Fproc%2F31869%2Fnet%2Fxt_recent HTTP/2.0" 200 497 "https://www.cashewinc.com.lab2454.com/whsy.php?p=%2Fproc%2F31869%2Fnet" "Mozilla/5.0 AppleWebKit/537.36 (KHTML, like Gecko; compatible; GPTBot/1.3; +https://openai.com/gptbot)"
74.7.242.44 - - [03/Mar/2026:04:29:08 +0000] "GET /whsy.php?e=cgroup&p=%2Fproc%2F31869%2Fns HTTP/2.0" 200 1078 "https://cashewinc.com.lab2454.com/whsy.php?p=%2Fproc%2F31869%2Fns" "Mozilla/5.0 AppleWebKit/537.36 (KHTML, like Gecko; compatible; GPTBot/1.3; +https://openai.com/gptbot)"
74.7.242.6 - - [03/Mar/2026:04:29:17 +0000] "GET /whsy.php?p=%2Fproc%2F31860%2Fnet%2Fxt_recent HTTP/2.0" 200 497 "https://www.cashewinc.com.lab2454.com/whsy.php?p=%2Fproc%2F31860%2Fnet" "Mozilla/5.0 AppleWebKit/537.36 (KHTML, like Gecko; compatible; GPTBot/1.3; +https://openai.com/gptbot)"
74.7.242.44 - - [03/Mar/2026:04:29:17 +0000] "GET /whsy.php?e=time&p=%2Fproc%2F31869%2Fns HTTP/2.0" 200 1079 "https://cashewinc.com.lab2454.com/whsy.php?p=%2Fproc%2F31869%2Fns" "Mozilla/5.0 AppleWebKit/537.36 (KHTML, like Gecko; compatible; GPTBot/1.3; +https://openai.com/gptbot)"
74.7.242.6 - - [03/Mar/2026:04:29:26 +0000] "GET /whsy.php?p=%2Fproc%2F31862%2Fnet%2Fdev_snmp6 HTTP/2.0" 200 982 "https://www.cashewinc.com.lab2454.com/whsy.php?p=%2Fproc%2F31862%2Fnet" "Mozilla/5.0 AppleWebKit/537.36 (KHTML, like Gecko; compatible; GPTBot/1.3; +https://openai.com/gptbot)"
74.7.242.44 - - [03/Mar/2026:04:29:27 +0000] "GET /whsy.php?p=%2Fproc%2F14825%2Ffdinfo HTTP/2.0" 200 862 "https://cashewinc.com.lab2454.com/whsy.php?p=%2Fproc%2F14825" "Mozilla/5.0 AppleWebKit/537.36 (KHTML, like Gecko; compatible; GPTBot/1.3; +https://openai.com/gptbot)"
74.7.242.6 - - [03/Mar/2026:04:29:37 +0000] "GET /whsy.php?e=pagemap&p=%2Fproc%2F1489 HTTP/2.0" 200 862 "https://www.cashewinc.com.lab2454.com/whsy.php?p=%2Fproc%2F1489" "Mozilla/5.0 AppleWebKit/537.36 (KHTML, like Gecko; compatible; GPTBot/1.3; +https://openai.com/gptbot)"
74.7.242.44 - - [03/Mar/2026:04:29:37 +0000] "GET /whsy.php?p=%2Fproc%2F14023%2Ffdinfo HTTP/2.0" 200 862 "https://cashewinc.com.lab2454.com/whsy.php?p=%2Fproc%2F14023" "Mozilla/5.0 AppleWebKit/537.36 (KHTML, like Gecko; compatible; GPTBot/1.3; +https://openai.com/gptbot)"
74.7.242.6 - - [03/Mar/2026:04:29:47 +0000] "GET /whsy.php?e=7121f5e2a000-7121f5e2b000&p=%2Fproc%2F31862%2Fmap_files HTTP/2.0" 200 2818 "https://www.cashewinc.com.lab2454.com/whsy.php?p=%2Fproc%2F31862%2Fmap_files" "Mozilla/5.0 AppleWebKit/537.36 (KHTML, like Gecko; compatible; GPTBot/1.3; +https://openai.com/gptbot)"
74.7.242.44 - - [03/Mar/2026:04:29:48 +0000] "GET /whsy.php?e=if_inet6&p=%2Fproc%2F31860%2Fnet HTTP/2.0" 200 2569 "https://cashewinc.com.lab2454.com/whsy.php?p=%2Fproc%2F31860%2Fnet" "Mozilla/5.0 AppleWebKit/537.36 (KHTML, like Gecko; compatible; GPTBot/1.3; +https://openai.com/gptbot)"
74.7.242.6 - - [03/Mar/2026:04:29:55 +0000] "GET /whsy.php?e=time_for_children&p=%2Fproc%2F31869%2Fns HTTP/2.0" 200 1083 "https://www.cashewinc.com.lab2454.com/whsy.php?p=%2Fproc%2F31869%2Fns" "Mozilla/5.0 AppleWebKit/537.36 (KHTML, like Gecko; compatible; GPTBot/1.3; +https://openai.com/gptbot)"
74.7.242.44 - - [03/Mar/2026:04:29:55 +0000] "GET /whsy.php?e=udplite6&p=%2Fproc%2F31860%2Fnet HTTP/2.0" 200 2584 "https://cashewinc.com.lab2454.com/whsy.php?p=%2Fproc%2F31860%2Fnet" "Mozilla/5.0 AppleWebKit/537.36 (KHTML, like Gecko; compatible; GPTBot/1.3; +https://openai.com/gptbot)"
74.7.242.6 - - [03/Mar/2026:04:30:03 +0000] "GET /whsy.php?e=time_for_children&p=%2Fproc%2F31860%2Fns HTTP/2.0" 200 1085 "https://www.cashewinc.com.lab2454.com/whsy.php?p=%2Fproc%2F31860%2Fns" "Mozilla/5.0 AppleWebKit/537.36 (KHTML, like Gecko; compatible; GPTBot/1.3; +https://openai.com/gptbot)"
74.7.242.44 - - [03/Mar/2026:04:30:04 +0000] "GET /whsy.php?e=if_inet6&p=%2Fproc%2F31869%2Fnet HTTP/2.0" 200 2570 "https://cashewinc.com.lab2454.com/whsy.php?p=%2Fproc%2F31869%2Fnet" "Mozilla/5.0 AppleWebKit/537.36 (KHTML, like Gecko; compatible; GPTBot/1.3; +https://openai.com/gptbot)"
74.7.242.6 - - [03/Mar/2026:04:30:12 +0000] "GET /whsy.php?p=%2Fproc%2F484 HTTP/2.0" 200 862 "https://www.cashewinc.com.lab2454.com/whsy.php?p=%2Fproc%2F26963%2F.." "Mozilla/5.0 AppleWebKit/537.36 (KHTML, like Gecko; compatible; GPTBot/1.3; +https://openai.com/gptbot)"
74.7.242.44 - - [03/Mar/2026:04:30:12 +0000] "GET /whsy.php?e=if_inet6&p=%2Fproc%2F31865%2Fnet HTTP/2.0" 200 2570 "https://cashewinc.com.lab2454.com/whsy.php?p=%2Fproc%2F31865%2Fnet" "Mozilla/5.0 AppleWebKit/537.36 (KHTML, like Gecko; compatible; GPTBot/1.3; +https://openai.com/gptbot)"
74.7.242.6 - - [03/Mar/2026:04:30:21 +0000] "GET /whsy.php?p=%2Fproc%2F31868%2F.. HTTP/2.0" 200 4164 "https://www.cashewinc.com.lab2454.com/whsy.php?p=%2Fproc%2F31868" "Mozilla/5.0 AppleWebKit/537.36 (KHTML, like Gecko; compatible; GPTBot/1.3; +https://openai.com/gptbot)"
74.7.242.44 - - [03/Mar/2026:04:30:21 +0000] "GET /whsy.php?e=udplite6&p=%2Fproc%2F31869%2Fnet HTTP/2.0" 200 2585 "https://cashewinc.com.lab2454.com/whsy.php?p=%2Fproc%2F31869%2Fnet" "Mozilla/5.0 AppleWebKit/537.36 (KHTML, like Gecko; compatible; GPTBot/1.3; +https://openai.com/gptbot)"
74.7.242.6 - - [03/Mar/2026:04:30:30 +0000] "GET /whsy.php?p=%2Fproc%2F31848%2F.. HTTP/2.0" 200 4199 "https://www.cashewinc.com.lab2454.com/whsy.php?p=%2Fproc%2F31848" "Mozilla/5.0 AppleWebKit/537.36 (KHTML, like Gecko; compatible; GPTBot/1.3; +https://openai.com/gptbot)"
74.7.242.44 - - [03/Mar/2026:04:30:30 +0000] "GET /whsy.php?e=udplite6&p=%2Fproc%2F31865%2Fnet HTTP/2.0" 200 2586 "https://cashewinc.com.lab2454.com/whsy.php?p=%2Fproc%2F31865%2Fnet" "Mozilla/5.0 AppleWebKit/537.36 (KHTML, like Gecko; compatible; GPTBot/1.3; +https://openai.com/gptbot)"
74.7.242.6 - - [03/Mar/2026:04:30:37 +0000] "GET /whsy.php?p=%2Fproc%2F31860%2F.. HTTP/2.0" 200 4039 "https://www.cashewinc.com.lab2454.com/whsy.php?p=%2Fproc%2F31860" "Mozilla/5.0 AppleWebKit/537.36 (KHTML, like Gecko; compatible; GPTBot/1.3; +https://openai.com/gptbot)"
74.7.242.44 - - [03/Mar/2026:04:30:38 +0000] "GET /whsy.php?e=if_inet6&p=%2Fproc%2F31861%2Fnet HTTP/2.0" 200 2570 "https://cashewinc.com.lab2454.com/whsy.php?p=%2Fproc%2F31861%2Fnet" "Mozilla/5.0 AppleWebKit/537.36 (KHTML, like Gecko; compatible; GPTBot/1.3; +https://openai.com/gptbot)"
74.7.242.6 - - [03/Mar/2026:04:30:46 +0000] "GET /whsy.php?p=%2Fproc%2F31861%2F.. HTTP/2.0" 200 4249 "https://www.cashewinc.com.lab2454.com/whsy.php?p=%2Fproc%2F31861" "Mozilla/5.0 AppleWebKit/537.36 (KHTML, like Gecko; compatible; GPTBot/1.3; +https://openai.com/gptbot)"
74.7.242.44 - - [03/Mar/2026:04:30:46 +0000] "GET /whsy.php?e=udplite6&p=%2Fproc%2F19332%2Fnet HTTP/2.0" 200 2585 "https://cashewinc.com.lab2454.com/whsy.php?p=%2Fproc%2F19332%2Fnet" "Mozilla/5.0 AppleWebKit/537.36 (KHTML, like Gecko; compatible; GPTBot/1.3; +https://openai.com/gptbot)"
74.7.242.6 - - [03/Mar/2026:04:30:55 +0000] "GET /whsy.php?p=%2Fproc%2F31869%2F.. HTTP/2.0" 200 4245 "https://www.cashewinc.com.lab2454.com/whsy.php?p=%2Fproc%2F31869" "Mozilla/5.0 AppleWebKit/537.36 (KHTML, like Gecko; compatible; GPTBot/1.3; +https://openai.com/gptbot)"
74.7.242.44 - - [03/Mar/2026:04:30:55 +0000] "GET /whsy.php?e=anycast6&p=%2Fproc%2F31859%2Fnet HTTP/2.0" 200 2507 "https://cashewinc.com.lab2454.com/whsy.php?p=%2Fproc%2F31859%2Fnet" "Mozilla/5.0 AppleWebKit/537.36 (KHTML, like Gecko; compatible; GPTBot/1.3; +https://openai.com/gptbot)"
74.7.242.6 - - [03/Mar/2026:04:31:04 +0000] "GET /whsy.php?p=%2Fproc%2F31862%2F.. HTTP/2.0" 200 4184 "https://www.cashewinc.com.lab2454.com/whsy.php?p=%2Fproc%2F31862" "Mozilla/5.0 AppleWebKit/537.36 (KHTML, like Gecko; compatible; GPTBot/1.3; +https://openai.com/gptbot)"
74.7.242.44 - - [03/Mar/2026:04:31:04 +0000] "GET /whsy.php?e=udplite6&p=%2Fproc%2F31861%2Fnet HTTP/2.0" 200 2585 "https://cashewinc.com.lab2454.com/whsy.php?p=%2Fproc%2F31861%2Fnet" "Mozilla/5.0 AppleWebKit/537.36 (KHTML, like Gecko; compatible; GPTBot/1.3; +https://openai.com/gptbot)"
74.7.242.6 - - [03/Mar/2026:04:31:13 +0000] "GET /whsy.php?e=fib_triestat&p=%2Fproc%2F31869%2Fnet HTTP/2.0" 200 2757 "https://www.cashewinc.com.lab2454.com/whsy.php?p=%2Fproc%2F31869%2Fnet" "Mozilla/5.0 AppleWebKit/537.36 (KHTML, like Gecko; compatible; GPTBot/1.3; +https://openai.com/gptbot)"
74.7.242.44 - - [03/Mar/2026:04:31:13 +0000] "GET /whsy.php?e=icmp&p=%2Fproc%2F19332%2Fnet HTTP/2.0" 200 2580 "https://cashewinc.com.lab2454.com/whsy.php?p=%2Fproc%2F19332%2Fnet" "Mozilla/5.0 AppleWebKit/537.36 (KHTML, like Gecko; compatible; GPTBot/1.3; +https://openai.com/gptbot)"
74.7.242.6 - - [03/Mar/2026:04:31:22 +0000] "GET /whsy.php?e=fib_triestat&p=%2Fproc%2F31860%2Fnet HTTP/2.0" 200 2757 "https://www.cashewinc.com.lab2454.com/whsy.php?p=%2Fproc%2F31860%2Fnet" "Mozilla/5.0 AppleWebKit/537.36 (KHTML, like Gecko; compatible; GPTBot/1.3; +https://openai.com/gptbot)"
74.7.242.44 - - [03/Mar/2026:04:31:22 +0000] "GET /whsy.php?e=rt_acct&p=%2Fproc%2F31861%2Fnet HTTP/2.0" 200 2529 "https://cashewinc.com.lab2454.com/whsy.php?p=%2Fproc%2F31861%2Fnet" "Mozilla/5.0 AppleWebKit/537.36 (KHTML, like Gecko; compatible; GPTBot/1.3; +https://openai.com/gptbot)"
74.7.242.6 - - [03/Mar/2026:04:31:32 +0000] "GET /whsy.php?e=sockcreate&p=%2Fproc%2F31869%2Fattr HTTP/2.0" 200 863 "https://www.cashewinc.com.lab2454.com/whsy.php?p=%2Fproc%2F31869%2Fattr" "Mozilla/5.0 AppleWebKit/537.36 (KHTML, like Gecko; compatible; GPTBot/1.3; +https://openai.com/gptbot)"
74.7.242.44 - - [03/Mar/2026:04:31:32 +0000] "GET /whsy.php?p=%2Fproc%2F19332%2Fnet%2Fnetfilter HTTP/2.0" 200 731 "https://cashewinc.com.lab2454.com/whsy.php?p=%2Fproc%2F19332%2Fnet" "Mozilla/5.0 AppleWebKit/537.36 (KHTML, like Gecko; compatible; GPTBot/1.3; +https://openai.com/gptbot)"
74.7.241.182 - - [03/Mar/2026:04:31:33 +0000] "GET /robots.txt HTTP/2.0" 404 - "-" "Mozilla/5.0 (Macintosh; Intel Mac OS X 10_15_7) AppleWebKit/537.36 (KHTML, like Gecko) Chrome/131.0.0.0 Safari/537.36; compatible; OAI-SearchBot/1.3; robots.txt; +https://openai.com/searchbot"
74.7.242.6 - - [03/Mar/2026:04:31:41 +0000] "GET /whsy.php?e=sockcreate&p=%2Fproc%2F31860%2Fattr HTTP/2.0" 200 863 "https://www.cashewinc.com.lab2454.com/whsy.php?p=%2Fproc%2F31860%2Fattr" "Mozilla/5.0 AppleWebKit/537.36 (KHTML, like Gecko; compatible; GPTBot/1.3; +https://openai.com/gptbot)"
74.7.242.6 - - [03/Mar/2026:04:31:50 +0000] "GET /whsy.php?e=sockcreate&p=%2Fproc%2F31848%2Fattr HTTP/2.0" 200 863 "https://www.cashewinc.com.lab2454.com/whsy.php?p=%2Fproc%2F31848%2Fattr" "Mozilla/5.0 AppleWebKit/537.36 (KHTML, like Gecko; compatible; GPTBot/1.3; +https://openai.com/gptbot)"
74.7.242.6 - - [03/Mar/2026:04:32:00 +0000] "GET /whsy.php?e=25783&p=%2Fproc HTTP/2.0" 200 4174 "https://www.cashewinc.com.lab2454.com/whsy.php?p=%2Fproc%2F31868%2F.." "Mozilla/5.0 AppleWebKit/537.36 (KHTML, like Gecko; compatible; GPTBot/1.3; +https://openai.com/gptbot)"
74.7.242.6 - - [03/Mar/2026:04:32:10 +0000] "GET /whsy.php?e=25776&p=%2Fproc HTTP/2.0" 200 4101 "https://www.cashewinc.com.lab2454.com/whsy.php?p=%2Fproc%2F31868%2F.." "Mozilla/5.0 AppleWebKit/537.36 (KHTML, like Gecko; compatible; GPTBot/1.3; +https://openai.com/gptbot)"
74.7.242.44 - - [03/Mar/2026:04:31:41 +0000] "GET /whsy.php?p=%2Fproc%2F29566%2Fmap_files HTTP/2.0" 200 161099 "https://cashewinc.com.lab2454.com/whsy.php?e=ksm_merging_pages&p=%2Fproc%2F29566" "Mozilla/5.0 AppleWebKit/537.36 (KHTML, like Gecko; compatible; GPTBot/1.3; +https://openai.com/gptbot)"
74.7.175.163 - - [03/Mar/2026:04:32:12 +0000] "GET /robots.txt HTTP/2.0" 404 - "-" "Mozilla/5.0 (Macintosh; Intel Mac OS X 10_15_7) AppleWebKit/537.36 (KHTML, like Gecko) Chrome/131.0.0.0 Safari/537.36; compatible; OAI-SearchBot/1.3; robots.txt; +https://openai.com/searchbot"
74.7.242.6 - - [03/Mar/2026:04:32:19 +0000] "GET /whsy.php?p=%2Fproc%2F25777 HTTP/2.0" 200 862 "https://www.cashewinc.com.lab2454.com/whsy.php?p=%2Fproc%2F31868%2F.." "Mozilla/5.0 AppleWebKit/537.36 (KHTML, like Gecko; compatible; GPTBot/1.3; +https://openai.com/gptbot)"
74.7.242.6 - - [03/Mar/2026:04:32:27 +0000] "GET /whsy.php?p=%2Fproc%2F27890 HTTP/2.0" 200 862 "https://www.cashewinc.com.lab2454.com/whsy.php?p=%2Fproc%2F31861%2F.." "Mozilla/5.0 AppleWebKit/537.36 (KHTML, like Gecko; compatible; GPTBot/1.3; +https://openai.com/gptbot)"
74.7.242.6 - - [03/Mar/2026:04:32:37 +0000] "GET /whsy.php?p=%2Fproc%2F28598 HTTP/2.0" 200 862 "https://www.cashewinc.com.lab2454.com/whsy.php?p=%2Fproc%2F31869%2F.." "Mozilla/5.0 AppleWebKit/537.36 (KHTML, like Gecko; compatible; GPTBot/1.3; +https://openai.com/gptbot)"
74.7.242.6 - - [03/Mar/2026:04:32:45 +0000] "GET /whsy.php?e=27863&p=%2Fproc HTTP/2.0" 200 4287 "https://www.cashewinc.com.lab2454.com/whsy.php?p=%2Fproc%2F31861%2F.." "Mozilla/5.0 AppleWebKit/537.36 (KHTML, like Gecko; compatible; GPTBot/1.3; +https://openai.com/gptbot)"
74.7.242.44 - - [03/Mar/2026:04:32:19 +0000] "GET /whsy.php?p=%2Fproc%2F19332%2Fmap_files HTTP/2.0" 200 150959 "https://cashewinc.com.lab2454.com/whsy.php?p=%2Fproc%2F19332" "Mozilla/5.0 AppleWebKit/537.36 (KHTML, like Gecko; compatible; GPTBot/1.3; +https://openai.com/gptbot)"
74.7.242.6 - - [03/Mar/2026:04:32:54 +0000] "GET /whsy.php?e=28594&p=%2Fproc HTTP/2.0" 200 4240 "https://www.cashewinc.com.lab2454.com/whsy.php?p=%2Fproc%2F31869%2F.." "Mozilla/5.0 AppleWebKit/537.36 (KHTML, like Gecko; compatible; GPTBot/1.3; +https://openai.com/gptbot)"
74.7.242.44 - - [03/Mar/2026:04:32:57 +0000] "GET /whsy.php?e=snmp&p=%2Fproc%2F19332%2Fnet HTTP/2.0" 200 3226 "https://cashewinc.com.lab2454.com/whsy.php?p=%2Fproc%2F19332%2Fnet" "Mozilla/5.0 AppleWebKit/537.36 (KHTML, like Gecko; compatible; GPTBot/1.3; +https://openai.com/gptbot)"
74.7.242.6 - - [03/Mar/2026:04:33:03 +0000] "GET /whsy.php?p=%2Fproc%2F22217 HTTP/2.0" 200 1935 "https://www.cashewinc.com.lab2454.com/whsy.php?p=%2Fproc%2F31868%2F.." "Mozilla/5.0 AppleWebKit/537.36 (KHTML, like Gecko; compatible; GPTBot/1.3; +https://openai.com/gptbot)"
74.7.242.44 - - [03/Mar/2026:04:33:06 +0000] "GET /whsy.php?e=coredump_filter&p=%2Fproc%2F31859 HTTP/2.0" 200 1983 "https://cashewinc.com.lab2454.com/whsy.php?p=%2Fproc%2F31859" "Mozilla/5.0 AppleWebKit/537.36 (KHTML, like Gecko; compatible; GPTBot/1.3; +https://openai.com/gptbot)"
74.7.242.6 - - [03/Mar/2026:04:33:12 +0000] "GET /whsy.php?p=%2Fproc%2F12121 HTTP/2.0" 200 1935 "https://www.cashewinc.com.lab2454.com/whsy.php?p=%2Fproc%2F31868%2F.." "Mozilla/5.0 AppleWebKit/537.36 (KHTML, like Gecko; compatible; GPTBot/1.3; +https://openai.com/gptbot)"
74.7.242.44 - - [03/Mar/2026:04:33:15 +0000] "GET /whsy.php?e=coredump_filter&p=%2Fproc%2F31865 HTTP/2.0" 200 1983 "https://cashewinc.com.lab2454.com/whsy.php?p=%2Fproc%2F31865" "Mozilla/5.0 AppleWebKit/537.36 (KHTML, like Gecko; compatible; GPTBot/1.3; +https://openai.com/gptbot)"
74.7.242.6 - - [03/Mar/2026:04:33:21 +0000] "GET /whsy.php?p=%2Fproc%2F10277 HTTP/2.0" 200 1936 "https://www.cashewinc.com.lab2454.com/whsy.php?p=%2Fproc%2F31868%2F.." "Mozilla/5.0 AppleWebKit/537.36 (KHTML, like Gecko; compatible; GPTBot/1.3; +https://openai.com/gptbot)"
74.7.242.44 - - [03/Mar/2026:04:33:24 +0000] "GET /whsy.php?e=coredump_filter&p=%2Fproc%2F31869 HTTP/2.0" 200 1983 "https://cashewinc.com.lab2454.com/whsy.php?p=%2Fproc%2F31869" "Mozilla/5.0 AppleWebKit/537.36 (KHTML, like Gecko; compatible; GPTBot/1.3; +https://openai.com/gptbot)"
74.7.242.6 - - [03/Mar/2026:04:33:29 +0000] "GET /whsy.php?p=%2Fproc%2F28578 HTTP/2.0" 200 862 "https://www.cashewinc.com.lab2454.com/whsy.php?p=%2Fproc%2F31869%2F.." "Mozilla/5.0 AppleWebKit/537.36 (KHTML, like Gecko; compatible; GPTBot/1.3; +https://openai.com/gptbot)"
74.7.242.44 - - [03/Mar/2026:04:33:32 +0000] "GET /whsy.php?e=coredump_filter&p=%2Fproc%2F31860 HTTP/2.0" 200 1983 "https://cashewinc.com.lab2454.com/whsy.php?p=%2Fproc%2F31860" "Mozilla/5.0 AppleWebKit/537.36 (KHTML, like Gecko; compatible; GPTBot/1.3; +https://openai.com/gptbot)"
74.7.242.6 - - [03/Mar/2026:04:33:37 +0000] "GET /whsy.php?e=1391&p=%2Fproc HTTP/2.0" 200 4204 "https://www.cashewinc.com.lab2454.com/whsy.php?e=25783&p=%2Fproc" "Mozilla/5.0 AppleWebKit/537.36 (KHTML, like Gecko; compatible; GPTBot/1.3; +https://openai.com/gptbot)"
74.7.242.44 - - [03/Mar/2026:04:33:40 +0000] "GET /whsy.php?e=projid_map&p=%2Fproc%2F31860 HTTP/2.0" 200 2000 "https://cashewinc.com.lab2454.com/whsy.php?p=%2Fproc%2F31860" "Mozilla/5.0 AppleWebKit/537.36 (KHTML, like Gecko; compatible; GPTBot/1.3; +https://openai.com/gptbot)"
74.7.242.6 - - [03/Mar/2026:04:33:46 +0000] "GET /whsy.php?p=%2Fproc%2F27171 HTTP/2.0" 200 862 "https://www.cashewinc.com.lab2454.com/whsy.php?p=%2Fproc%2F31860%2F.." "Mozilla/5.0 AppleWebKit/537.36 (KHTML, like Gecko; compatible; GPTBot/1.3; +https://openai.com/gptbot)"
74.7.242.44 - - [03/Mar/2026:04:33:48 +0000] "GET /whsy.php?e=projid_map&p=%2Fproc%2F31859 HTTP/2.0" 200 2001 "https://cashewinc.com.lab2454.com/whsy.php?p=%2Fproc%2F31859" "Mozilla/5.0 AppleWebKit/537.36 (KHTML, like Gecko; compatible; GPTBot/1.3; +https://openai.com/gptbot)"
74.7.242.6 - - [03/Mar/2026:04:33:55 +0000] "GET /whsy.php?p=%2Fproc%2F27886 HTTP/2.0" 200 862 "https://www.cashewinc.com.lab2454.com/whsy.php?p=%2Fproc%2F31861%2F.." "Mozilla/5.0 AppleWebKit/537.36 (KHTML, like Gecko; compatible; GPTBot/1.3; +https://openai.com/gptbot)"
74.7.242.44 - - [03/Mar/2026:04:33:57 +0000] "GET /whsy.php?e=projid_map&p=%2Fproc%2F31865 HTTP/2.0" 200 2001 "https://cashewinc.com.lab2454.com/whsy.php?p=%2Fproc%2F31865" "Mozilla/5.0 AppleWebKit/537.36 (KHTML, like Gecko; compatible; GPTBot/1.3; +https://openai.com/gptbot)"
74.7.242.6 - - [03/Mar/2026:04:34:03 +0000] "GET /whsy.php?p=%2Fproc%2F28572 HTTP/2.0" 200 862 "https://www.cashewinc.com.lab2454.com/whsy.php?p=%2Fproc%2F31869%2F.." "Mozilla/5.0 AppleWebKit/537.36 (KHTML, like Gecko; compatible; GPTBot/1.3; +https://openai.com/gptbot)"
74.7.242.44 - - [03/Mar/2026:04:34:06 +0000] "GET /whsy.php?e=projid_map&p=%2Fproc%2F31869 HTTP/2.0" 200 2001 "https://cashewinc.com.lab2454.com/whsy.php?p=%2Fproc%2F31869" "Mozilla/5.0 AppleWebKit/537.36 (KHTML, like Gecko; compatible; GPTBot/1.3; +https://openai.com/gptbot)"
74.7.242.6 - - [03/Mar/2026:04:34:12 +0000] "GET /whsy.php?p=%2Fproc%2F25740 HTTP/2.0" 200 862 "https://www.cashewinc.com.lab2454.com/whsy.php?p=%2Fproc%2F31868%2F.." "Mozilla/5.0 AppleWebKit/537.36 (KHTML, like Gecko; compatible; GPTBot/1.3; +https://openai.com/gptbot)"
74.7.242.44 - - [03/Mar/2026:04:34:14 +0000] "GET /whsy.php?e=projid_map&p=%2Fproc%2F14023 HTTP/2.0" 200 862 "https://cashewinc.com.lab2454.com/whsy.php?p=%2Fproc%2F14023" "Mozilla/5.0 AppleWebKit/537.36 (KHTML, like Gecko; compatible; GPTBot/1.3; +https://openai.com/gptbot)"
74.7.242.6 - - [03/Mar/2026:04:34:21 +0000] "GET /whsy.php?e=4996&p=%2Fproc HTTP/2.0" 200 4104 "https://www.cashewinc.com.lab2454.com/whsy.php?e=27863&p=%2Fproc" "Mozilla/5.0 AppleWebKit/537.36 (KHTML, like Gecko; compatible; GPTBot/1.3; +https://openai.com/gptbot)"
74.7.242.44 - - [03/Mar/2026:04:34:23 +0000] "GET /whsy.php?e=projid_map&p=%2Fproc%2F14469 HTTP/2.0" 200 862 "https://cashewinc.com.lab2454.com/whsy.php?p=%2Fproc%2F14469" "Mozilla/5.0 AppleWebKit/537.36 (KHTML, like Gecko; compatible; GPTBot/1.3; +https://openai.com/gptbot)"
74.7.242.6 - - [03/Mar/2026:04:34:31 +0000] "GET /whsy.php?e=5673&p=%2Fproc HTTP/2.0" 200 4254 "https://www.cashewinc.com.lab2454.com/whsy.php?e=28594&p=%2Fproc" "Mozilla/5.0 AppleWebKit/537.36 (KHTML, like Gecko; compatible; GPTBot/1.3; +https://openai.com/gptbot)"
74.7.242.44 - - [03/Mar/2026:04:34:33 +0000] "GET /whsy.php?e=projid_map&p=%2Fproc%2F31861 HTTP/2.0" 200 2001 "https://cashewinc.com.lab2454.com/whsy.php?p=%2Fproc%2F31861" "Mozilla/5.0 AppleWebKit/537.36 (KHTML, like Gecko; compatible; GPTBot/1.3; +https://openai.com/gptbot)"
74.7.242.6 - - [03/Mar/2026:04:34:41 +0000] "GET /whsy.php?e=5671&p=%2Fproc HTTP/2.0" 200 4236 "https://www.cashewinc.com.lab2454.com/whsy.php?e=28594&p=%2Fproc" "Mozilla/5.0 AppleWebKit/537.36 (KHTML, like Gecko; compatible; GPTBot/1.3; +https://openai.com/gptbot)"
74.7.242.44 - - [03/Mar/2026:04:34:43 +0000] "GET /whsy.php?e=projid_map&p=%2Fproc%2F14825 HTTP/2.0" 200 862 "https://cashewinc.com.lab2454.com/whsy.php?p=%2Fproc%2F14825" "Mozilla/5.0 AppleWebKit/537.36 (KHTML, like Gecko; compatible; GPTBot/1.3; +https://openai.com/gptbot)"
74.7.242.6 - - [03/Mar/2026:04:34:50 +0000] "GET /whsy.php?e=5681&p=%2Fproc HTTP/2.0" 200 4127 "https://www.cashewinc.com.lab2454.com/whsy.php?e=28594&p=%2Fproc" "Mozilla/5.0 AppleWebKit/537.36 (KHTML, like Gecko; compatible; GPTBot/1.3; +https://openai.com/gptbot)"
74.7.242.44 - - [03/Mar/2026:04:34:54 +0000] "GET /whsy.php?e=raw&p=%2Fproc%2F19332%2Fnet HTTP/2.0" 200 2577 "https://cashewinc.com.lab2454.com/whsy.php?p=%2Fproc%2F19332%2Fnet" "Mozilla/5.0 AppleWebKit/537.36 (KHTML, like Gecko; compatible; GPTBot/1.3; +https://openai.com/gptbot)"
74.7.242.6 - - [03/Mar/2026:04:35:00 +0000] "GET /whsy.php?e=numa_maps&p=%2Fproc%2F10277 HTTP/2.0" 200 2124 "https://www.cashewinc.com.lab2454.com/whsy.php?p=%2Fproc%2F10277" "Mozilla/5.0 AppleWebKit/537.36 (KHTML, like Gecko; compatible; GPTBot/1.3; +https://openai.com/gptbot)"
74.7.242.44 - - [03/Mar/2026:04:35:03 +0000] "GET /whsy.php?e=udp&p=%2Fproc%2F19332%2Fnet HTTP/2.0" 200 2775 "https://cashewinc.com.lab2454.com/whsy.php?p=%2Fproc%2F19332%2Fnet" "Mozilla/5.0 AppleWebKit/537.36 (KHTML, like Gecko; compatible; GPTBot/1.3; +https://openai.com/gptbot)"
74.7.242.6 - - [03/Mar/2026:04:35:09 +0000] "GET /whsy.php?e=autogroup&p=%2Fproc%2F22217 HTTP/2.0" 200 2020 "https://www.cashewinc.com.lab2454.com/whsy.php?p=%2Fproc%2F22217" "Mozilla/5.0 AppleWebKit/537.36 (KHTML, like Gecko; compatible; GPTBot/1.3; +https://openai.com/gptbot)"
74.7.242.44 - - [03/Mar/2026:04:35:11 +0000] "GET /whsy.php?p=%2Fproc%2F14469%2Fmap_files HTTP/2.0" 200 862 "https://cashewinc.com.lab2454.com/whsy.php?p=%2Fproc%2F14469" "Mozilla/5.0 AppleWebKit/537.36 (KHTML, like Gecko; compatible; GPTBot/1.3; +https://openai.com/gptbot)"
74.7.242.6 - - [03/Mar/2026:04:35:17 +0000] "GET /whsy.php?e=9089&p=%2Fproc HTTP/2.0" 200 4169 "https://www.cashewinc.com.lab2454.com/whsy.php?e=1391&p=%2Fproc" "Mozilla/5.0 AppleWebKit/537.36 (KHTML, like Gecko; compatible; GPTBot/1.3; +https://openai.com/gptbot)"
74.7.242.44 - - [03/Mar/2026:04:35:20 +0000] "GET /whsy.php?p=%2Fproc%2F31861%2Fmap_files HTTP/2.0" 200 2818 "https://cashewinc.com.lab2454.com/whsy.php?p=%2Fproc%2F31861" "Mozilla/5.0 AppleWebKit/537.36 (KHTML, like Gecko; compatible; GPTBot/1.3; +https://openai.com/gptbot)"
74.7.242.6 - - [03/Mar/2026:04:35:26 +0000] "GET /whsy.php?e=9083&p=%2Fproc HTTP/2.0" 200 4315 "https://www.cashewinc.com.lab2454.com/whsy.php?e=1391&p=%2Fproc" "Mozilla/5.0 AppleWebKit/537.36 (KHTML, like Gecko; compatible; GPTBot/1.3; +https://openai.com/gptbot)"
74.7.242.44 - - [03/Mar/2026:04:35:28 +0000] "GET /whsy.php?p=%2Fproc%2F31860%2Fnet%2Fnetfilter HTTP/2.0" 200 732 "https://cashewinc.com.lab2454.com/whsy.php?p=%2Fproc%2F31860%2Fnet" "Mozilla/5.0 AppleWebKit/537.36 (KHTML, like Gecko; compatible; GPTBot/1.3; +https://openai.com/gptbot)"
74.7.242.6 - - [03/Mar/2026:04:35:34 +0000] "GET /whsy.php?e=schedstat&p=%2Fproc%2F22217 HTTP/2.0" 200 2034 "https://www.cashewinc.com.lab2454.com/whsy.php?p=%2Fproc%2F22217" "Mozilla/5.0 AppleWebKit/537.36 (KHTML, like Gecko; compatible; GPTBot/1.3; +https://openai.com/gptbot)"
74.7.242.44 - - [03/Mar/2026:04:35:37 +0000] "GET /whsy.php?p=%2Fproc%2F31869%2Fnet%2Fnetfilter HTTP/2.0" 200 732 "https://cashewinc.com.lab2454.com/whsy.php?p=%2Fproc%2F31869%2Fnet" "Mozilla/5.0 AppleWebKit/537.36 (KHTML, like Gecko; compatible; GPTBot/1.3; +https://openai.com/gptbot)"
74.7.242.6 - - [03/Mar/2026:04:35:42 +0000] "GET /whsy.php?e=sessionid&p=%2Fproc%2F22217 HTTP/2.0" 200 2015 "https://www.cashewinc.com.lab2454.com/whsy.php?p=%2Fproc%2F22217" "Mozilla/5.0 AppleWebKit/537.36 (KHTML, like Gecko; compatible; GPTBot/1.3; +https://openai.com/gptbot)"
74.7.242.44 - - [03/Mar/2026:04:35:46 +0000] "GET /whsy.php?p=%2Fproc%2F31865%2Fnet%2Fnetfilter HTTP/2.0" 200 732 "https://cashewinc.com.lab2454.com/whsy.php?p=%2Fproc%2F31865%2Fnet" "Mozilla/5.0 AppleWebKit/537.36 (KHTML, like Gecko; compatible; GPTBot/1.3; +https://openai.com/gptbot)"
74.7.242.6 - - [03/Mar/2026:04:35:51 +0000] "GET /whsy.php?e=setgroups&p=%2Fproc%2F22217 HTTP/2.0" 200 2006 "https://www.cashewinc.com.lab2454.com/whsy.php?p=%2Fproc%2F22217" "Mozilla/5.0 AppleWebKit/537.36 (KHTML, like Gecko; compatible; GPTBot/1.3; +https://openai.com/gptbot)"
74.7.242.44 - - [03/Mar/2026:04:35:54 +0000] "GET /whsy.php?p=%2Fproc%2F31859%2Fnet%2Fnetfilter HTTP/2.0" 200 732 "https://cashewinc.com.lab2454.com/whsy.php?p=%2Fproc%2F31859%2Fnet" "Mozilla/5.0 AppleWebKit/537.36 (KHTML, like Gecko; compatible; GPTBot/1.3; +https://openai.com/gptbot)"
74.7.242.6 - - [03/Mar/2026:04:36:00 +0000] "GET /whsy.php?p=%2Fproc%2F12624 HTTP/2.0" 200 862 "https://www.cashewinc.com.lab2454.com/whsy.php?e=4996&p=%2Fproc" "Mozilla/5.0 AppleWebKit/537.36 (KHTML, like Gecko; compatible; GPTBot/1.3; +https://openai.com/gptbot)"
74.7.242.44 - - [03/Mar/2026:04:36:04 +0000] "GET /whsy.php?e=tcp&p=%2Fproc%2F31861%2Fnet HTTP/2.0" 200 8717 "https://cashewinc.com.lab2454.com/whsy.php?p=%2Fproc%2F31861%2Fnet" "Mozilla/5.0 AppleWebKit/537.36 (KHTML, like Gecko; compatible; GPTBot/1.3; +https://openai.com/gptbot)"
74.7.242.6 - - [03/Mar/2026:04:36:11 +0000] "GET /whsy.php?e=syscall&p=%2Fproc%2F22217 HTTP/2.0" 200 1935 "https://www.cashewinc.com.lab2454.com/whsy.php?p=%2Fproc%2F22217" "Mozilla/5.0 AppleWebKit/537.36 (KHTML, like Gecko; compatible; GPTBot/1.3; +https://openai.com/gptbot)"
74.7.242.44 - - [03/Mar/2026:04:36:14 +0000] "GET /whsy.php?p=%2Fproc%2F31865%2Ffdinfo HTTP/2.0" 200 1052 "https://cashewinc.com.lab2454.com/whsy.php?p=%2Fproc%2F31865" "Mozilla/5.0 AppleWebKit/537.36 (KHTML, like Gecko; compatible; GPTBot/1.3; +https://openai.com/gptbot)"
74.7.242.6 - - [03/Mar/2026:04:36:23 +0000] "GET /whsy.php?e=pagemap&p=%2Fproc%2F22217 HTTP/2.0" 200 1935 "https://www.cashewinc.com.lab2454.com/whsy.php?p=%2Fproc%2F22217" "Mozilla/5.0 AppleWebKit/537.36 (KHTML, like Gecko; compatible; GPTBot/1.3; +https://openai.com/gptbot)"
74.7.242.44 - - [03/Mar/2026:04:36:27 +0000] "GET /whsy.php?p=%2Fproc%2F31860%2Ffdinfo HTTP/2.0" 200 847 "https://cashewinc.com.lab2454.com/whsy.php?p=%2Fproc%2F31860" "Mozilla/5.0 AppleWebKit/537.36 (KHTML, like Gecko; compatible; GPTBot/1.3; +https://openai.com/gptbot)"
74.7.242.6 - - [03/Mar/2026:04:36:33 +0000] "GET /whsy.php?e=13384&p=%2Fproc HTTP/2.0" 200 4188 "https://www.cashewinc.com.lab2454.com/whsy.php?e=5673&p=%2Fproc" "Mozilla/5.0 AppleWebKit/537.36 (KHTML, like Gecko; compatible; GPTBot/1.3; +https://openai.com/gptbot)"
74.7.241.182 - - [03/Mar/2026:04:36:34 +0000] "GET /robots.txt HTTP/2.0" 404 - "-" "Mozilla/5.0 (Macintosh; Intel Mac OS X 10_15_7) AppleWebKit/537.36 (KHTML, like Gecko) Chrome/131.0.0.0 Safari/537.36; compatible; OAI-SearchBot/1.3; robots.txt; +https://openai.com/searchbot"
74.7.242.44 - - [03/Mar/2026:04:36:36 +0000] "GET /whsy.php?p=%2Fproc%2F31859%2Ffdinfo HTTP/2.0" 200 802 "https://cashewinc.com.lab2454.com/whsy.php?p=%2Fproc%2F31859" "Mozilla/5.0 AppleWebKit/537.36 (KHTML, like Gecko; compatible; GPTBot/1.3; +https://openai.com/gptbot)"
74.7.242.6 - - [03/Mar/2026:04:36:41 +0000] "GET /whsy.php?e=13386&p=%2Fproc HTTP/2.0" 200 4173 "https://www.cashewinc.com.lab2454.com/whsy.php?e=5673&p=%2Fproc" "Mozilla/5.0 AppleWebKit/537.36 (KHTML, like Gecko; compatible; GPTBot/1.3; +https://openai.com/gptbot)"
74.7.242.44 - - [03/Mar/2026:04:36:44 +0000] "GET /whsy.php?p=%2Fproc%2F31869%2Ffdinfo HTTP/2.0" 200 1167 "https://cashewinc.com.lab2454.com/whsy.php?p=%2Fproc%2F31869" "Mozilla/5.0 AppleWebKit/537.36 (KHTML, like Gecko; compatible; GPTBot/1.3; +https://openai.com/gptbot)"
74.7.242.6 - - [03/Mar/2026:04:36:51 +0000] "GET /whsy.php?e=14110&p=%2Fproc HTTP/2.0" 200 4180 "https://www.cashewinc.com.lab2454.com/whsy.php?e=5671&p=%2Fproc" "Mozilla/5.0 AppleWebKit/537.36 (KHTML, like Gecko; compatible; GPTBot/1.3; +https://openai.com/gptbot)"
74.7.242.44 - - [03/Mar/2026:04:36:53 +0000] "GET /whsy.php?p=%2Fproc%2F19332%2Fnet%2Fip6t_hashlimit HTTP/2.0" 200 501 "https://cashewinc.com.lab2454.com/whsy.php?p=%2Fproc%2F19332%2Fnet" "Mozilla/5.0 AppleWebKit/537.36 (KHTML, like Gecko; compatible; GPTBot/1.3; +https://openai.com/gptbot)"
74.7.242.6 - - [03/Mar/2026:04:36:59 +0000] "GET /whsy.php?e=mountinfo&p=%2Fproc%2F10277 HTTP/2.0" 200 2988 "https://www.cashewinc.com.lab2454.com/whsy.php?p=%2Fproc%2F10277" "Mozilla/5.0 AppleWebKit/537.36 (KHTML, like Gecko; compatible; GPTBot/1.3; +https://openai.com/gptbot)"
74.7.242.44 - - [03/Mar/2026:04:37:03 +0000] "GET /whsy.php?e=7121f2a04000-7121f2a05000&p=%2Fproc%2F31861%2Fmap_files HTTP/2.0" 200 2818 "https://cashewinc.com.lab2454.com/whsy.php?p=%2Fproc%2F31861%2Fmap_files" "Mozilla/5.0 AppleWebKit/537.36 (KHTML, like Gecko; compatible; GPTBot/1.3; +https://openai.com/gptbot)"
74.7.242.6 - - [03/Mar/2026:04:37:09 +0000] "GET /whsy.php?e=17925&p=%2Fproc HTTP/2.0" 200 4115 "https://www.cashewinc.com.lab2454.com/whsy.php?e=9083&p=%2Fproc" "Mozilla/5.0 AppleWebKit/537.36 (KHTML, like Gecko; compatible; GPTBot/1.3; +https://openai.com/gptbot)"
74.7.242.44 - - [03/Mar/2026:04:37:12 +0000] "GET /whsy.php?e=626000-62a000&p=%2Fproc%2F31861%2Fmap_files HTTP/2.0" 200 2818 "https://cashewinc.com.lab2454.com/whsy.php?p=%2Fproc%2F31861%2Fmap_files" "Mozilla/5.0 AppleWebKit/537.36 (KHTML, like Gecko; compatible; GPTBot/1.3; +https://openai.com/gptbot)"
74.7.175.163 - - [03/Mar/2026:04:37:13 +0000] "GET /robots.txt HTTP/2.0" 404 - "-" "Mozilla/5.0 (Macintosh; Intel Mac OS X 10_15_7) AppleWebKit/537.36 (KHTML, like Gecko) Chrome/131.0.0.0 Safari/537.36; compatible; OAI-SearchBot/1.3; robots.txt; +https://openai.com/searchbot"
74.7.242.6 - - [03/Mar/2026:04:37:19 +0000] "GET /whsy.php?e=17924&p=%2Fproc HTTP/2.0" 200 4117 "https://www.cashewinc.com.lab2454.com/whsy.php?e=9083&p=%2Fproc" "Mozilla/5.0 AppleWebKit/537.36 (KHTML, like Gecko; compatible; GPTBot/1.3; +https://openai.com/gptbot)"
74.7.242.44 - - [03/Mar/2026:04:37:22 +0000] "GET /whsy.php?p=%2Fproc%2F31861%2Fnet%2Fip6t_hashlimit HTTP/2.0" 200 502 "https://cashewinc.com.lab2454.com/whsy.php?p=%2Fproc%2F31861%2Fnet" "Mozilla/5.0 AppleWebKit/537.36 (KHTML, like Gecko; compatible; GPTBot/1.3; +https://openai.com/gptbot)"
74.7.242.6 - - [03/Mar/2026:04:37:29 +0000] "GET /whsy.php?e=pagemap&p=%2Fproc%2F10277 HTTP/2.0" 200 1936 "https://www.cashewinc.com.lab2454.com/whsy.php?p=%2Fproc%2F10277" "Mozilla/5.0 AppleWebKit/537.36 (KHTML, like Gecko; compatible; GPTBot/1.3; +https://openai.com/gptbot)"
74.7.242.44 - - [03/Mar/2026:04:37:32 +0000] "GET /whsy.php?e=anycast6&p=%2Fproc%2F31861%2Fnet HTTP/2.0" 200 2506 "https://cashewinc.com.lab2454.com/whsy.php?p=%2Fproc%2F31861%2Fnet" "Mozilla/5.0 AppleWebKit/537.36 (KHTML, like Gecko; compatible; GPTBot/1.3; +https://openai.com/gptbot)"
74.7.242.6 - - [03/Mar/2026:04:37:40 +0000] "GET /whsy.php?e=environ&p=%2Fproc%2F22217 HTTP/2.0" 200 1935 "https://www.cashewinc.com.lab2454.com/whsy.php?p=%2Fproc%2F22217" "Mozilla/5.0 AppleWebKit/537.36 (KHTML, like Gecko; compatible; GPTBot/1.3; +https://openai.com/gptbot)"
74.7.242.44 - - [03/Mar/2026:04:37:42 +0000] "GET /whsy.php?e=anycast6&p=%2Fproc%2F19332%2Fnet HTTP/2.0" 200 2506 "https://cashewinc.com.lab2454.com/whsy.php?p=%2Fproc%2F19332%2Fnet" "Mozilla/5.0 AppleWebKit/537.36 (KHTML, like Gecko; compatible; GPTBot/1.3; +https://openai.com/gptbot)"
74.7.242.6 - - [03/Mar/2026:04:37:49 +0000] "GET /whsy.php?e=stack&p=%2Fproc%2F10277 HTTP/2.0" 200 1936 "https://www.cashewinc.com.lab2454.com/whsy.php?p=%2Fproc%2F10277" "Mozilla/5.0 AppleWebKit/537.36 (KHTML, like Gecko; compatible; GPTBot/1.3; +https://openai.com/gptbot)"
74.7.242.44 - - [03/Mar/2026:04:37:51 +0000] "GET /whsy.php?p=%2Fproc%2F31859%2Fmap_files HTTP/2.0" 200 3969 "https://cashewinc.com.lab2454.com/whsy.php?p=%2Fproc%2F31859" "Mozilla/5.0 AppleWebKit/537.36 (KHTML, like Gecko; compatible; GPTBot/1.3; +https://openai.com/gptbot)"
74.7.242.6 - - [03/Mar/2026:04:37:59 +0000] "GET /whsy.php?e=statm&p=%2Fproc%2F10277 HTTP/2.0" 200 2031 "https://www.cashewinc.com.lab2454.com/whsy.php?p=%2Fproc%2F10277" "Mozilla/5.0 AppleWebKit/537.36 (KHTML, like Gecko; compatible; GPTBot/1.3; +https://openai.com/gptbot)"
74.7.242.44 - - [03/Mar/2026:04:38:01 +0000] "GET /whsy.php?p=%2Fproc%2F31860%2Fmap_files HTTP/2.0" 200 2818 "https://cashewinc.com.lab2454.com/whsy.php?p=%2Fproc%2F31860" "Mozilla/5.0 AppleWebKit/537.36 (KHTML, like Gecko; compatible; GPTBot/1.3; +https://openai.com/gptbot)"
74.7.242.6 - - [03/Mar/2026:04:38:09 +0000] "GET /whsy.php?e=autogroup&p=%2Fproc%2F10277 HTTP/2.0" 200 2021 "https://www.cashewinc.com.lab2454.com/whsy.php?p=%2Fproc%2F10277" "Mozilla/5.0 AppleWebKit/537.36 (KHTML, like Gecko; compatible; GPTBot/1.3; +https://openai.com/gptbot)"
74.7.242.44 - - [03/Mar/2026:04:38:10 +0000] "GET /whsy.php?p=%2Fproc%2F31869%2Fmap_files HTTP/2.0" 200 2818 "https://cashewinc.com.lab2454.com/whsy.php?p=%2Fproc%2F31869" "Mozilla/5.0 AppleWebKit/537.36 (KHTML, like Gecko; compatible; GPTBot/1.3; +https://openai.com/gptbot)"
74.7.242.6 - - [03/Mar/2026:04:38:18 +0000] "GET /whsy.php?e=23459&p=%2Fproc HTTP/2.0" 200 4261 "https://www.cashewinc.com.lab2454.com/whsy.php?e=13384&p=%2Fproc" "Mozilla/5.0 AppleWebKit/537.36 (KHTML, like Gecko; compatible; GPTBot/1.3; +https://openai.com/gptbot)"
74.7.242.44 - - [03/Mar/2026:04:38:20 +0000] "GET /whsy.php?p=%2Fproc%2F31865%2Fmap_files HTTP/2.0" 200 2818 "https://cashewinc.com.lab2454.com/whsy.php?p=%2Fproc%2F31865" "Mozilla/5.0 AppleWebKit/537.36 (KHTML, like Gecko; compatible; GPTBot/1.3; +https://openai.com/gptbot)"
74.7.242.6 - - [03/Mar/2026:04:38:26 +0000] "GET /whsy.php?e=24127&p=%2Fproc HTTP/2.0" 200 4133 "https://www.cashewinc.com.lab2454.com/whsy.php?e=13386&p=%2Fproc" "Mozilla/5.0 AppleWebKit/537.36 (KHTML, like Gecko; compatible; GPTBot/1.3; +https://openai.com/gptbot)"
74.7.242.44 - - [03/Mar/2026:04:38:28 +0000] "GET /whsy.php?p=%2Fproc%2F31861%2Ffdinfo HTTP/2.0" 200 887 "https://cashewinc.com.lab2454.com/whsy.php?p=%2Fproc%2F31861" "Mozilla/5.0 AppleWebKit/537.36 (KHTML, like Gecko; compatible; GPTBot/1.3; +https://openai.com/gptbot)"
74.7.242.6 - - [03/Mar/2026:04:38:35 +0000] "GET /whsy.php?p=%2Fproc%2F24846 HTTP/2.0" 200 862 "https://www.cashewinc.com.lab2454.com/whsy.php?e=14110&p=%2Fproc" "Mozilla/5.0 AppleWebKit/537.36 (KHTML, like Gecko; compatible; GPTBot/1.3; +https://openai.com/gptbot)"
74.7.242.44 - - [03/Mar/2026:04:38:37 +0000] "GET /whsy.php?p=%2Fproc%2F14469%2Ffdinfo HTTP/2.0" 200 862 "https://cashewinc.com.lab2454.com/whsy.php?p=%2Fproc%2F14469" "Mozilla/5.0 AppleWebKit/537.36 (KHTML, like Gecko; compatible; GPTBot/1.3; +https://openai.com/gptbot)"
74.7.242.6 - - [03/Mar/2026:04:38:44 +0000] "GET /whsy.php?e=timerslack_ns&p=%2Fproc%2F10277 HTTP/2.0" 200 2008 "https://www.cashewinc.com.lab2454.com/whsy.php?p=%2Fproc%2F10277" "Mozilla/5.0 AppleWebKit/537.36 (KHTML, like Gecko; compatible; GPTBot/1.3; +https://openai.com/gptbot)"
