74.7.242.44 - - [03/Mar/2026:03:45:36 +0000] "GET /whsy.php?e=numa_maps&p=%2Fproc%2F14023 HTTP/2.0" 200 862 "https://cashewinc.com.lab2454.com/whsy.php?p=%2Fproc%2F14023" "Mozilla/5.0 AppleWebKit/537.36 (KHTML, like Gecko; compatible; GPTBot/1.3; +https://openai.com/gptbot)"
74.7.242.6 - - [03/Mar/2026:03:45:40 +0000] "GET /whsy.php?e=snmp&p=%2Fproc%2F31861%2Fnet HTTP/2.0" 200 3230 "https://www.cashewinc.com.lab2454.com/whsy.php?p=%2Fproc%2F31861%2Fnet" "Mozilla/5.0 AppleWebKit/537.36 (KHTML, like Gecko; compatible; GPTBot/1.3; +https://openai.com/gptbot)"
74.7.242.44 - - [03/Mar/2026:03:45:45 +0000] "GET /whsy.php?e=numa_maps&p=%2Fproc%2F14825 HTTP/2.0" 200 862 "https://cashewinc.com.lab2454.com/whsy.php?p=%2Fproc%2F14825" "Mozilla/5.0 AppleWebKit/537.36 (KHTML, like Gecko; compatible; GPTBot/1.3; +https://openai.com/gptbot)"
74.7.242.6 - - [03/Mar/2026:03:45:49 +0000] "GET /whsy.php?e=root&p=%2Fproc%2F1489 HTTP/2.0" 200 862 "https://www.cashewinc.com.lab2454.com/whsy.php?p=%2Fproc%2F1489" "Mozilla/5.0 AppleWebKit/537.36 (KHTML, like Gecko; compatible; GPTBot/1.3; +https://openai.com/gptbot)"
74.7.242.44 - - [03/Mar/2026:03:45:54 +0000] "GET /whsy.php?e=numa_maps&p=%2Fproc%2F31861 HTTP/2.0" 200 3014 "https://cashewinc.com.lab2454.com/whsy.php?p=%2Fproc%2F31861" "Mozilla/5.0 AppleWebKit/537.36 (KHTML, like Gecko; compatible; GPTBot/1.3; +https://openai.com/gptbot)"
74.7.175.163 - - [03/Mar/2026:03:45:55 +0000] "GET /robots.txt HTTP/2.0" 404 - "-" "Mozilla/5.0 (Macintosh; Intel Mac OS X 10_15_7) AppleWebKit/537.36 (KHTML, like Gecko) Chrome/131.0.0.0 Safari/537.36; compatible; OAI-SearchBot/1.3; robots.txt; +https://openai.com/searchbot"
74.7.242.6 - - [03/Mar/2026:03:45:57 +0000] "GET /whsy.php?e=comm&p=%2Fproc%2F1489 HTTP/2.0" 200 862 "https://www.cashewinc.com.lab2454.com/whsy.php?p=%2Fproc%2F1489" "Mozilla/5.0 AppleWebKit/537.36 (KHTML, like Gecko; compatible; GPTBot/1.3; +https://openai.com/gptbot)"
74.7.242.44 - - [03/Mar/2026:03:46:03 +0000] "GET /whsy.php?e=numa_maps&p=%2Fproc%2F14469 HTTP/2.0" 200 862 "https://cashewinc.com.lab2454.com/whsy.php?p=%2Fproc%2F14469" "Mozilla/5.0 AppleWebKit/537.36 (KHTML, like Gecko; compatible; GPTBot/1.3; +https://openai.com/gptbot)"
74.7.242.6 - - [03/Mar/2026:03:46:07 +0000] "GET /whsy.php?p=%2Fproc%2F31869%2Fnet HTTP/2.0" 200 2442 "https://www.cashewinc.com.lab2454.com/whsy.php?p=%2Fproc%2F31869" "Mozilla/5.0 AppleWebKit/537.36 (KHTML, like Gecko; compatible; GPTBot/1.3; +https://openai.com/gptbot)"
74.7.242.44 - - [03/Mar/2026:03:46:11 +0000] "GET /whsy.php?e=timers&p=%2Fproc%2F19332 HTTP/2.0" 200 2005 "https://cashewinc.com.lab2454.com/whsy.php?p=%2Fproc%2F19332" "Mozilla/5.0 AppleWebKit/537.36 (KHTML, like Gecko; compatible; GPTBot/1.3; +https://openai.com/gptbot)"
74.7.242.6 - - [03/Mar/2026:03:46:16 +0000] "GET /whsy.php?p=%2Fproc%2F31860%2Ftask HTTP/2.0" 200 491 "https://www.cashewinc.com.lab2454.com/whsy.php?p=%2Fproc%2F31860" "Mozilla/5.0 AppleWebKit/537.36 (KHTML, like Gecko; compatible; GPTBot/1.3; +https://openai.com/gptbot)"
74.7.242.44 - - [03/Mar/2026:03:46:20 +0000] "GET /whsy.php?p=%2Fproc%2F31861%2Fcwd HTTP/2.0" 200 5164 "https://cashewinc.com.lab2454.com/whsy.php?p=%2Fproc%2F31861" "Mozilla/5.0 AppleWebKit/537.36 (KHTML, like Gecko; compatible; GPTBot/1.3; +https://openai.com/gptbot)"
74.7.242.6 - - [03/Mar/2026:03:46:24 +0000] "GET /whsy.php?p=%2Fproc%2F31869%2Ftask HTTP/2.0" 200 491 "https://www.cashewinc.com.lab2454.com/whsy.php?p=%2Fproc%2F31869" "Mozilla/5.0 AppleWebKit/537.36 (KHTML, like Gecko; compatible; GPTBot/1.3; +https://openai.com/gptbot)"
74.7.242.44 - - [03/Mar/2026:03:46:29 +0000] "GET /whsy.php?p=%2Fproc%2F31869%2Fcwd HTTP/2.0" 200 5164 "https://cashewinc.com.lab2454.com/whsy.php?p=%2Fproc%2F31869" "Mozilla/5.0 AppleWebKit/537.36 (KHTML, like Gecko; compatible; GPTBot/1.3; +https://openai.com/gptbot)"
74.7.242.6 - - [03/Mar/2026:03:46:33 +0000] "GET /whsy.php?p=%2Fproc%2F31860%2Fnet HTTP/2.0" 200 2442 "https://www.cashewinc.com.lab2454.com/whsy.php?p=%2Fproc%2F31860" "Mozilla/5.0 AppleWebKit/537.36 (KHTML, like Gecko; compatible; GPTBot/1.3; +https://openai.com/gptbot)"
74.7.242.44 - - [03/Mar/2026:03:46:37 +0000] "GET /whsy.php?p=%2Fproc%2F19332%2Ftask HTTP/2.0" 200 490 "https://cashewinc.com.lab2454.com/whsy.php?p=%2Fproc%2F19332" "Mozilla/5.0 AppleWebKit/537.36 (KHTML, like Gecko; compatible; GPTBot/1.3; +https://openai.com/gptbot)"
74.7.242.6 - - [03/Mar/2026:03:46:42 +0000] "GET /whsy.php?e=unix&p=%2Fproc%2F31868%2Fnet HTTP/2.0" 200 5013 "https://www.cashewinc.com.lab2454.com/whsy.php?p=%2Fproc%2F31868%2Fnet" "Mozilla/5.0 AppleWebKit/537.36 (KHTML, like Gecko; compatible; GPTBot/1.3; +https://openai.com/gptbot)"
74.7.242.44 - - [03/Mar/2026:03:46:46 +0000] "GET /whsy.php?p=%2Fproc%2F31859%2Fattr HTTP/2.0" 200 800 "https://cashewinc.com.lab2454.com/whsy.php?p=%2Fproc%2F31859" "Mozilla/5.0 AppleWebKit/537.36 (KHTML, like Gecko; compatible; GPTBot/1.3; +https://openai.com/gptbot)"
74.7.242.6 - - [03/Mar/2026:03:46:51 +0000] "GET /whsy.php?e=unix&p=%2Fproc%2F31861%2Fnet HTTP/2.0" 200 5052 "https://www.cashewinc.com.lab2454.com/whsy.php?p=%2Fproc%2F31861%2Fnet" "Mozilla/5.0 AppleWebKit/537.36 (KHTML, like Gecko; compatible; GPTBot/1.3; +https://openai.com/gptbot)"
74.7.242.44 - - [03/Mar/2026:03:46:55 +0000] "GET /whsy.php?p=%2Fproc%2F14469%2Fattr HTTP/2.0" 200 862 "https://cashewinc.com.lab2454.com/whsy.php?p=%2Fproc%2F14469" "Mozilla/5.0 AppleWebKit/537.36 (KHTML, like Gecko; compatible; GPTBot/1.3; +https://openai.com/gptbot)"
74.7.242.6 - - [03/Mar/2026:03:46:59 +0000] "GET /whsy.php?e=unix&p=%2Fproc%2F31848%2Fnet HTTP/2.0" 200 5031 "https://www.cashewinc.com.lab2454.com/whsy.php?p=%2Fproc%2F31848%2Fnet" "Mozilla/5.0 AppleWebKit/537.36 (KHTML, like Gecko; compatible; GPTBot/1.3; +https://openai.com/gptbot)"
74.7.242.44 - - [03/Mar/2026:03:47:04 +0000] "GET /whsy.php?p=%2Fproc%2F31859%2Fcwd HTTP/2.0" 200 5164 "https://cashewinc.com.lab2454.com/whsy.php?p=%2Fproc%2F31859" "Mozilla/5.0 AppleWebKit/537.36 (KHTML, like Gecko; compatible; GPTBot/1.3; +https://openai.com/gptbot)"
74.7.242.6 - - [03/Mar/2026:03:47:09 +0000] "GET /whsy.php?e=oom_score&p=%2Fproc%2F31848 HTTP/2.0" 200 1982 "https://www.cashewinc.com.lab2454.com/whsy.php?p=%2Fproc%2F31848" "Mozilla/5.0 AppleWebKit/537.36 (KHTML, like Gecko; compatible; GPTBot/1.3; +https://openai.com/gptbot)"
74.7.242.44 - - [03/Mar/2026:03:47:13 +0000] "GET /whsy.php?p=%2Fproc%2F31860%2Fattr HTTP/2.0" 200 799 "https://cashewinc.com.lab2454.com/whsy.php?p=%2Fproc%2F31860" "Mozilla/5.0 AppleWebKit/537.36 (KHTML, like Gecko; compatible; GPTBot/1.3; +https://openai.com/gptbot)"
74.7.242.6 - - [03/Mar/2026:03:47:18 +0000] "GET /whsy.php?e=oom_score&p=%2Fproc%2F31868 HTTP/2.0" 200 1981 "https://www.cashewinc.com.lab2454.com/whsy.php?p=%2Fproc%2F31868" "Mozilla/5.0 AppleWebKit/537.36 (KHTML, like Gecko; compatible; GPTBot/1.3; +https://openai.com/gptbot)"
74.7.242.44 - - [03/Mar/2026:03:47:21 +0000] "GET /whsy.php?p=%2Fproc%2F14825%2Ftask HTTP/2.0" 200 862 "https://cashewinc.com.lab2454.com/whsy.php?p=%2Fproc%2F14825" "Mozilla/5.0 AppleWebKit/537.36 (KHTML, like Gecko; compatible; GPTBot/1.3; +https://openai.com/gptbot)"
74.7.242.6 - - [03/Mar/2026:03:47:26 +0000] "GET /whsy.php?e=oom_score&p=%2Fproc%2F31861 HTTP/2.0" 200 1981 "https://www.cashewinc.com.lab2454.com/whsy.php?p=%2Fproc%2F31861" "Mozilla/5.0 AppleWebKit/537.36 (KHTML, like Gecko; compatible; GPTBot/1.3; +https://openai.com/gptbot)"
74.7.242.44 - - [03/Mar/2026:03:47:30 +0000] "GET /whsy.php?p=%2Fproc%2F14825%2Fnet HTTP/2.0" 200 862 "https://cashewinc.com.lab2454.com/whsy.php?p=%2Fproc%2F14825" "Mozilla/5.0 AppleWebKit/537.36 (KHTML, like Gecko; compatible; GPTBot/1.3; +https://openai.com/gptbot)"
74.7.242.6 - - [03/Mar/2026:03:47:37 +0000] "GET /whsy.php?e=arp&p=%2Fproc%2F31861%2Fnet HTTP/2.0" 200 2579 "https://www.cashewinc.com.lab2454.com/whsy.php?p=%2Fproc%2F31861%2Fnet" "Mozilla/5.0 AppleWebKit/537.36 (KHTML, like Gecko; compatible; GPTBot/1.3; +https://openai.com/gptbot)"
74.7.242.44 - - [03/Mar/2026:03:47:40 +0000] "GET /whsy.php?p=%2Fproc%2F31859%2Froot HTTP/2.0" 200 1003 "https://cashewinc.com.lab2454.com/whsy.php?p=%2Fproc%2F31859" "Mozilla/5.0 AppleWebKit/537.36 (KHTML, like Gecko; compatible; GPTBot/1.3; +https://openai.com/gptbot)"
74.7.242.6 - - [03/Mar/2026:03:47:46 +0000] "GET /whsy.php?e=tcp&p=%2Fproc%2F31869%2Fnet HTTP/2.0" 200 13936 "https://www.cashewinc.com.lab2454.com/whsy.php?p=%2Fproc%2F31869%2Fnet" "Mozilla/5.0 AppleWebKit/537.36 (KHTML, like Gecko; compatible; GPTBot/1.3; +https://openai.com/gptbot)"
74.7.242.44 - - [03/Mar/2026:03:47:49 +0000] "GET /whsy.php?p=%2Fproc%2F14023%2Fnet HTTP/2.0" 200 862 "https://cashewinc.com.lab2454.com/whsy.php?p=%2Fproc%2F14023" "Mozilla/5.0 AppleWebKit/537.36 (KHTML, like Gecko; compatible; GPTBot/1.3; +https://openai.com/gptbot)"
74.7.242.6 - - [03/Mar/2026:03:47:55 +0000] "GET /whsy.php?e=route&p=%2Fproc%2F31869%2Fnet HTTP/2.0" 200 2637 "https://www.cashewinc.com.lab2454.com/whsy.php?p=%2Fproc%2F31869%2Fnet" "Mozilla/5.0 AppleWebKit/537.36 (KHTML, like Gecko; compatible; GPTBot/1.3; +https://openai.com/gptbot)"
74.7.242.44 - - [03/Mar/2026:03:47:58 +0000] "GET /whsy.php?p=%2Fproc%2F31869%2Froot HTTP/2.0" 200 1003 "https://cashewinc.com.lab2454.com/whsy.php?p=%2Fproc%2F31869" "Mozilla/5.0 AppleWebKit/537.36 (KHTML, like Gecko; compatible; GPTBot/1.3; +https://openai.com/gptbot)"
74.7.242.6 - - [03/Mar/2026:03:48:04 +0000] "GET /whsy.php?e=pfkey&p=%2Fproc%2F31869%2Fnet HTTP/2.0" 200 2535 "https://www.cashewinc.com.lab2454.com/whsy.php?p=%2Fproc%2F31869%2Fnet" "Mozilla/5.0 AppleWebKit/537.36 (KHTML, like Gecko; compatible; GPTBot/1.3; +https://openai.com/gptbot)"
74.7.242.44 - - [03/Mar/2026:03:48:07 +0000] "GET /whsy.php?p=%2Fproc%2F31865%2Fcwd HTTP/2.0" 200 5164 "https://cashewinc.com.lab2454.com/whsy.php?p=%2Fproc%2F31865" "Mozilla/5.0 AppleWebKit/537.36 (KHTML, like Gecko; compatible; GPTBot/1.3; +https://openai.com/gptbot)"
74.7.242.6 - - [03/Mar/2026:03:48:13 +0000] "GET /whsy.php?e=route&p=%2Fproc%2F31860%2Fnet HTTP/2.0" 200 2636 "https://www.cashewinc.com.lab2454.com/whsy.php?p=%2Fproc%2F31860%2Fnet" "Mozilla/5.0 AppleWebKit/537.36 (KHTML, like Gecko; compatible; GPTBot/1.3; +https://openai.com/gptbot)"
74.7.242.44 - - [03/Mar/2026:03:48:18 +0000] "GET /whsy.php?p=%2Fproc%2F31865%2Froot HTTP/2.0" 200 1003 "https://cashewinc.com.lab2454.com/whsy.php?p=%2Fproc%2F31865" "Mozilla/5.0 AppleWebKit/537.36 (KHTML, like Gecko; compatible; GPTBot/1.3; +https://openai.com/gptbot)"
74.7.242.6 - - [03/Mar/2026:03:48:22 +0000] "GET /whsy.php?e=pfkey&p=%2Fproc%2F31860%2Fnet HTTP/2.0" 200 2534 "https://www.cashewinc.com.lab2454.com/whsy.php?p=%2Fproc%2F31860%2Fnet" "Mozilla/5.0 AppleWebKit/537.36 (KHTML, like Gecko; compatible; GPTBot/1.3; +https://openai.com/gptbot)"
74.7.242.44 - - [03/Mar/2026:03:48:27 +0000] "GET /whsy.php?e=prev&p=%2Fproc%2F31859%2Fattr HTTP/2.0" 200 859 "https://cashewinc.com.lab2454.com/whsy.php?p=%2Fproc%2F31859%2Fattr" "Mozilla/5.0 AppleWebKit/537.36 (KHTML, like Gecko; compatible; GPTBot/1.3; +https://openai.com/gptbot)"
74.7.242.6 - - [03/Mar/2026:03:48:30 +0000] "GET /whsy.php?e=icmp&p=%2Fproc%2F31860%2Fnet HTTP/2.0" 200 2580 "https://www.cashewinc.com.lab2454.com/whsy.php?p=%2Fproc%2F31860%2Fnet" "Mozilla/5.0 AppleWebKit/537.36 (KHTML, like Gecko; compatible; GPTBot/1.3; +https://openai.com/gptbot)"
74.7.242.44 - - [03/Mar/2026:03:48:36 +0000] "GET /whsy.php?e=exec&p=%2Fproc%2F31859%2Fattr HTTP/2.0" 200 860 "https://cashewinc.com.lab2454.com/whsy.php?p=%2Fproc%2F31859%2Fattr" "Mozilla/5.0 AppleWebKit/537.36 (KHTML, like Gecko; compatible; GPTBot/1.3; +https://openai.com/gptbot)"
74.7.242.6 - - [03/Mar/2026:03:48:39 +0000] "GET /whsy.php?e=icmp&p=%2Fproc%2F31869%2Fnet HTTP/2.0" 200 2580 "https://www.cashewinc.com.lab2454.com/whsy.php?p=%2Fproc%2F31869%2Fnet" "Mozilla/5.0 AppleWebKit/537.36 (KHTML, like Gecko; compatible; GPTBot/1.3; +https://openai.com/gptbot)"
74.7.242.44 - - [03/Mar/2026:03:48:44 +0000] "GET /whsy.php?p=%2Fproc%2F31865%2Fattr HTTP/2.0" 200 800 "https://cashewinc.com.lab2454.com/whsy.php?p=%2Fproc%2F31865" "Mozilla/5.0 AppleWebKit/537.36 (KHTML, like Gecko; compatible; GPTBot/1.3; +https://openai.com/gptbot)"
74.7.242.6 - - [03/Mar/2026:03:48:48 +0000] "GET /whsy.php?e=udp&p=%2Fproc%2F31869%2Fnet HTTP/2.0" 200 2775 "https://www.cashewinc.com.lab2454.com/whsy.php?p=%2Fproc%2F31869%2Fnet" "Mozilla/5.0 AppleWebKit/537.36 (KHTML, like Gecko; compatible; GPTBot/1.3; +https://openai.com/gptbot)"
74.7.242.44 - - [03/Mar/2026:03:48:53 +0000] "GET /whsy.php?e=prev&p=%2Fproc%2F31860%2Fattr HTTP/2.0" 200 859 "https://cashewinc.com.lab2454.com/whsy.php?p=%2Fproc%2F31860%2Fattr" "Mozilla/5.0 AppleWebKit/537.36 (KHTML, like Gecko; compatible; GPTBot/1.3; +https://openai.com/gptbot)"
74.7.242.6 - - [03/Mar/2026:03:48:56 +0000] "GET /whsy.php?e=udp&p=%2Fproc%2F31860%2Fnet HTTP/2.0" 200 2775 "https://www.cashewinc.com.lab2454.com/whsy.php?p=%2Fproc%2F31860%2Fnet" "Mozilla/5.0 AppleWebKit/537.36 (KHTML, like Gecko; compatible; GPTBot/1.3; +https://openai.com/gptbot)"
74.7.242.44 - - [03/Mar/2026:03:49:02 +0000] "GET /whsy.php?e=exec&p=%2Fproc%2F31860%2Fattr HTTP/2.0" 200 860 "https://cashewinc.com.lab2454.com/whsy.php?p=%2Fproc%2F31860%2Fattr" "Mozilla/5.0 AppleWebKit/537.36 (KHTML, like Gecko; compatible; GPTBot/1.3; +https://openai.com/gptbot)"
74.7.242.6 - - [03/Mar/2026:03:49:06 +0000] "GET /whsy.php?e=unix&p=%2Fproc%2F31860%2Fnet HTTP/2.0" 200 4955 "https://www.cashewinc.com.lab2454.com/whsy.php?p=%2Fproc%2F31860%2Fnet" "Mozilla/5.0 AppleWebKit/537.36 (KHTML, like Gecko; compatible; GPTBot/1.3; +https://openai.com/gptbot)"
74.7.242.44 - - [03/Mar/2026:03:49:12 +0000] "GET /whsy.php?p=%2Fproc%2F14825%2Fattr HTTP/2.0" 200 862 "https://cashewinc.com.lab2454.com/whsy.php?p=%2Fproc%2F14825" "Mozilla/5.0 AppleWebKit/537.36 (KHTML, like Gecko; compatible; GPTBot/1.3; +https://openai.com/gptbot)"
74.7.242.6 - - [03/Mar/2026:03:49:15 +0000] "GET /whsy.php?e=unix&p=%2Fproc%2F31869%2Fnet HTTP/2.0" 200 4977 "https://www.cashewinc.com.lab2454.com/whsy.php?p=%2Fproc%2F31869%2Fnet" "Mozilla/5.0 AppleWebKit/537.36 (KHTML, like Gecko; compatible; GPTBot/1.3; +https://openai.com/gptbot)"
74.7.242.44 - - [03/Mar/2026:03:49:20 +0000] "GET /whsy.php?p=%2Fproc%2F14469%2Fnet HTTP/2.0" 200 862 "https://cashewinc.com.lab2454.com/whsy.php?p=%2Fproc%2F14469" "Mozilla/5.0 AppleWebKit/537.36 (KHTML, like Gecko; compatible; GPTBot/1.3; +https://openai.com/gptbot)"
74.7.242.6 - - [03/Mar/2026:03:49:24 +0000] "GET /whsy.php?e=igmp&p=%2Fproc%2F31860%2Fnet HTTP/2.0" 200 2591 "https://www.cashewinc.com.lab2454.com/whsy.php?p=%2Fproc%2F31860%2Fnet" "Mozilla/5.0 AppleWebKit/537.36 (KHTML, like Gecko; compatible; GPTBot/1.3; +https://openai.com/gptbot)"
74.7.242.44 - - [03/Mar/2026:03:49:29 +0000] "GET /whsy.php?p=%2Fproc%2F31861%2Fnet HTTP/2.0" 200 2441 "https://cashewinc.com.lab2454.com/whsy.php?p=%2Fproc%2F31861" "Mozilla/5.0 AppleWebKit/537.36 (KHTML, like Gecko; compatible; GPTBot/1.3; +https://openai.com/gptbot)"
74.7.242.6 - - [03/Mar/2026:03:49:33 +0000] "GET /whsy.php?e=igmp&p=%2Fproc%2F31869%2Fnet HTTP/2.0" 200 2592 "https://www.cashewinc.com.lab2454.com/whsy.php?p=%2Fproc%2F31869%2Fnet" "Mozilla/5.0 AppleWebKit/537.36 (KHTML, like Gecko; compatible; GPTBot/1.3; +https://openai.com/gptbot)"
74.7.242.44 - - [03/Mar/2026:03:49:39 +0000] "GET /whsy.php?p=%2Fproc%2F19332%2Fnet HTTP/2.0" 200 2441 "https://cashewinc.com.lab2454.com/whsy.php?p=%2Fproc%2F19332" "Mozilla/5.0 AppleWebKit/537.36 (KHTML, like Gecko; compatible; GPTBot/1.3; +https://openai.com/gptbot)"
74.7.242.6 - - [03/Mar/2026:03:49:43 +0000] "GET /whsy.php?e=tcp&p=%2Fproc%2F31860%2Fnet HTTP/2.0" 200 12717 "https://www.cashewinc.com.lab2454.com/whsy.php?p=%2Fproc%2F31860%2Fnet" "Mozilla/5.0 AppleWebKit/537.36 (KHTML, like Gecko; compatible; GPTBot/1.3; +https://openai.com/gptbot)"
74.7.242.44 - - [03/Mar/2026:03:49:50 +0000] "GET /whsy.php?p=%2Fproc%2F31861%2Ftask HTTP/2.0" 200 491 "https://cashewinc.com.lab2454.com/whsy.php?p=%2Fproc%2F31861" "Mozilla/5.0 AppleWebKit/537.36 (KHTML, like Gecko; compatible; GPTBot/1.3; +https://openai.com/gptbot)"
74.7.242.6 - - [03/Mar/2026:03:49:54 +0000] "GET /whsy.php?e=arp&p=%2Fproc%2F31848%2Fnet HTTP/2.0" 200 2579 "https://www.cashewinc.com.lab2454.com/whsy.php?p=%2Fproc%2F31848%2Fnet" "Mozilla/5.0 AppleWebKit/537.36 (KHTML, like Gecko; compatible; GPTBot/1.3; +https://openai.com/gptbot)"
74.7.242.44 - - [03/Mar/2026:03:49:59 +0000] "GET /whsy.php?p=%2Fproc%2F14469%2Ftask HTTP/2.0" 200 862 "https://cashewinc.com.lab2454.com/whsy.php?p=%2Fproc%2F14469" "Mozilla/5.0 AppleWebKit/537.36 (KHTML, like Gecko; compatible; GPTBot/1.3; +https://openai.com/gptbot)"
74.7.242.6 - - [03/Mar/2026:03:50:04 +0000] "GET /whsy.php?e=raw&p=%2Fproc%2F31862%2Fnet HTTP/2.0" 200 2578 "https://www.cashewinc.com.lab2454.com/whsy.php?p=%2Fproc%2F31862%2Fnet" "Mozilla/5.0 AppleWebKit/537.36 (KHTML, like Gecko; compatible; GPTBot/1.3; +https://openai.com/gptbot)"
74.7.242.44 - - [03/Mar/2026:03:50:08 +0000] "GET /whsy.php?p=%2Fproc%2F31860%2Froot HTTP/2.0" 200 1003 "https://cashewinc.com.lab2454.com/whsy.php?p=%2Fproc%2F31860" "Mozilla/5.0 AppleWebKit/537.36 (KHTML, like Gecko; compatible; GPTBot/1.3; +https://openai.com/gptbot)"
74.7.242.6 - - [03/Mar/2026:03:50:13 +0000] "GET /whsy.php?e=arch_status&p=%2Fproc%2F22587 HTTP/2.0" 200 862 "https://www.cashewinc.com.lab2454.com/whsy.php?p=%2Fproc%2F22587" "Mozilla/5.0 AppleWebKit/537.36 (KHTML, like Gecko; compatible; GPTBot/1.3; +https://openai.com/gptbot)"
74.7.242.44 - - [03/Mar/2026:03:50:17 +0000] "GET /whsy.php?p=%2Fproc%2F31861%2Froot HTTP/2.0" 200 1003 "https://cashewinc.com.lab2454.com/whsy.php?p=%2Fproc%2F31861" "Mozilla/5.0 AppleWebKit/537.36 (KHTML, like Gecko; compatible; GPTBot/1.3; +https://openai.com/gptbot)"
74.7.242.6 - - [03/Mar/2026:03:50:22 +0000] "GET /whsy.php?e=arch_status&p=%2Fproc%2F24628 HTTP/2.0" 200 862 "https://www.cashewinc.com.lab2454.com/whsy.php?p=%2Fproc%2F24628" "Mozilla/5.0 AppleWebKit/537.36 (KHTML, like Gecko; compatible; GPTBot/1.3; +https://openai.com/gptbot)"
74.7.242.44 - - [03/Mar/2026:03:50:26 +0000] "GET /whsy.php?e=prev&p=%2Fproc%2F31865%2Fattr HTTP/2.0" 200 859 "https://cashewinc.com.lab2454.com/whsy.php?p=%2Fproc%2F31865%2Fattr" "Mozilla/5.0 AppleWebKit/537.36 (KHTML, like Gecko; compatible; GPTBot/1.3; +https://openai.com/gptbot)"
74.7.242.6 - - [03/Mar/2026:03:50:32 +0000] "GET /whsy.php?e=net&p=%2Fproc%2F31868%2Fns HTTP/2.0" 200 1066 "https://www.cashewinc.com.lab2454.com/whsy.php?p=%2Fproc%2F31868%2Fns" "Mozilla/5.0 AppleWebKit/537.36 (KHTML, like Gecko; compatible; GPTBot/1.3; +https://openai.com/gptbot)"
74.7.242.44 - - [03/Mar/2026:03:50:35 +0000] "GET /whsy.php?e=exec&p=%2Fproc%2F31865%2Fattr HTTP/2.0" 200 860 "https://cashewinc.com.lab2454.com/whsy.php?p=%2Fproc%2F31865%2Fattr" "Mozilla/5.0 AppleWebKit/537.36 (KHTML, like Gecko; compatible; GPTBot/1.3; +https://openai.com/gptbot)"
74.7.242.6 - - [03/Mar/2026:03:50:40 +0000] "GET /whsy.php?e=ptype&p=%2Fproc%2F31862%2Fnet HTTP/2.0" 200 2617 "https://www.cashewinc.com.lab2454.com/whsy.php?p=%2Fproc%2F31862%2Fnet" "Mozilla/5.0 AppleWebKit/537.36 (KHTML, like Gecko; compatible; GPTBot/1.3; +https://openai.com/gptbot)"
74.7.242.44 - - [03/Mar/2026:03:50:43 +0000] "GET /whsy.php?p=%2Fproc%2F14023%2Fattr HTTP/2.0" 200 862 "https://cashewinc.com.lab2454.com/whsy.php?p=%2Fproc%2F14023" "Mozilla/5.0 AppleWebKit/537.36 (KHTML, like Gecko; compatible; GPTBot/1.3; +https://openai.com/gptbot)"
74.7.242.6 - - [03/Mar/2026:03:50:49 +0000] "GET /whsy.php?e=io&p=%2Fproc%2F1489 HTTP/2.0" 200 862 "https://www.cashewinc.com.lab2454.com/whsy.php?p=%2Fproc%2F1489" "Mozilla/5.0 AppleWebKit/537.36 (KHTML, like Gecko; compatible; GPTBot/1.3; +https://openai.com/gptbot)"
74.7.242.44 - - [03/Mar/2026:03:50:52 +0000] "GET /whsy.php?p=%2Fproc%2F31860%2Fcwd HTTP/2.0" 200 5164 "https://cashewinc.com.lab2454.com/whsy.php?p=%2Fproc%2F31860" "Mozilla/5.0 AppleWebKit/537.36 (KHTML, like Gecko; compatible; GPTBot/1.3; +https://openai.com/gptbot)"
74.7.242.6 - - [03/Mar/2026:03:50:57 +0000] "GET /whsy.php?e=oom_score&p=%2Fproc%2F31862 HTTP/2.0" 200 1981 "https://www.cashewinc.com.lab2454.com/whsy.php?p=%2Fproc%2F31862" "Mozilla/5.0 AppleWebKit/537.36 (KHTML, like Gecko; compatible; GPTBot/1.3; +https://openai.com/gptbot)"
74.7.241.182 - - [03/Mar/2026:03:50:58 +0000] "GET /robots.txt HTTP/2.0" 404 - "-" "Mozilla/5.0 (Macintosh; Intel Mac OS X 10_15_7) AppleWebKit/537.36 (KHTML, like Gecko) Chrome/131.0.0.0 Safari/537.36; compatible; OAI-SearchBot/1.3; robots.txt; +https://openai.com/searchbot"
74.7.242.44 - - [03/Mar/2026:03:51:00 +0000] "GET /whsy.php?p=%2Fproc%2F31861%2Fattr HTTP/2.0" 200 799 "https://cashewinc.com.lab2454.com/whsy.php?p=%2Fproc%2F31861" "Mozilla/5.0 AppleWebKit/537.36 (KHTML, like Gecko; compatible; GPTBot/1.3; +https://openai.com/gptbot)"
74.7.242.6 - - [03/Mar/2026:03:51:05 +0000] "GET /whsy.php?p=%2Fproc%2F1489%2Ffdinfo HTTP/2.0" 200 862 "https://www.cashewinc.com.lab2454.com/whsy.php?p=%2Fproc%2F1489" "Mozilla/5.0 AppleWebKit/537.36 (KHTML, like Gecko; compatible; GPTBot/1.3; +https://openai.com/gptbot)"
74.7.242.44 - - [03/Mar/2026:03:51:08 +0000] "GET /whsy.php?e=ip_tables_matches&p=%2Fproc%2F31861%2Fnet HTTP/2.0" 200 2441 "https://cashewinc.com.lab2454.com/whsy.php?p=%2Fproc%2F31861%2Fnet" "Mozilla/5.0 AppleWebKit/537.36 (KHTML, like Gecko; compatible; GPTBot/1.3; +https://openai.com/gptbot)"
74.7.242.6 - - [03/Mar/2026:03:51:14 +0000] "GET /whsy.php?e=ptype&p=%2Fproc%2F31868%2Fnet HTTP/2.0" 200 2616 "https://www.cashewinc.com.lab2454.com/whsy.php?p=%2Fproc%2F31868%2Fnet" "Mozilla/5.0 AppleWebKit/537.36 (KHTML, like Gecko; compatible; GPTBot/1.3; +https://openai.com/gptbot)"
74.7.242.44 - - [03/Mar/2026:03:51:17 +0000] "GET /whsy.php?e=route&p=%2Fproc%2F31861%2Fnet HTTP/2.0" 200 2637 "https://cashewinc.com.lab2454.com/whsy.php?p=%2Fproc%2F31861%2Fnet" "Mozilla/5.0 AppleWebKit/537.36 (KHTML, like Gecko; compatible; GPTBot/1.3; +https://openai.com/gptbot)"
74.7.242.6 - - [03/Mar/2026:03:51:22 +0000] "GET /whsy.php?e=ptype&p=%2Fproc%2F31848%2Fnet HTTP/2.0" 200 2616 "https://www.cashewinc.com.lab2454.com/whsy.php?p=%2Fproc%2F31848%2Fnet" "Mozilla/5.0 AppleWebKit/537.36 (KHTML, like Gecko; compatible; GPTBot/1.3; +https://openai.com/gptbot)"
74.7.242.44 - - [03/Mar/2026:03:51:25 +0000] "GET /whsy.php?e=pfkey&p=%2Fproc%2F31861%2Fnet HTTP/2.0" 200 2535 "https://cashewinc.com.lab2454.com/whsy.php?p=%2Fproc%2F31861%2Fnet" "Mozilla/5.0 AppleWebKit/537.36 (KHTML, like Gecko; compatible; GPTBot/1.3; +https://openai.com/gptbot)"
74.7.242.6 - - [03/Mar/2026:03:51:31 +0000] "GET /whsy.php?e=ptype&p=%2Fproc%2F31861%2Fnet HTTP/2.0" 200 2617 "https://www.cashewinc.com.lab2454.com/whsy.php?p=%2Fproc%2F31861%2Fnet" "Mozilla/5.0 AppleWebKit/537.36 (KHTML, like Gecko; compatible; GPTBot/1.3; +https://openai.com/gptbot)"
74.7.242.44 - - [03/Mar/2026:03:51:35 +0000] "GET /whsy.php?e=igmp&p=%2Fproc%2F19332%2Fnet HTTP/2.0" 200 2592 "https://cashewinc.com.lab2454.com/whsy.php?p=%2Fproc%2F19332%2Fnet" "Mozilla/5.0 AppleWebKit/537.36 (KHTML, like Gecko; compatible; GPTBot/1.3; +https://openai.com/gptbot)"
74.7.242.6 - - [03/Mar/2026:03:51:40 +0000] "GET /whsy.php?e=pppoe&p=%2Fproc%2F31861%2Fnet HTTP/2.0" 200 2524 "https://www.cashewinc.com.lab2454.com/whsy.php?p=%2Fproc%2F31861%2Fnet" "Mozilla/5.0 AppleWebKit/537.36 (KHTML, like Gecko; compatible; GPTBot/1.3; +https://openai.com/gptbot)"
74.7.242.44 - - [03/Mar/2026:03:51:44 +0000] "GET /whsy.php?p=%2Fproc%2F14023%2Ftask HTTP/2.0" 200 862 "https://cashewinc.com.lab2454.com/whsy.php?p=%2Fproc%2F14023" "Mozilla/5.0 AppleWebKit/537.36 (KHTML, like Gecko; compatible; GPTBot/1.3; +https://openai.com/gptbot)"
74.7.242.6 - - [03/Mar/2026:03:51:50 +0000] "GET /whsy.php?e=pppoe&p=%2Fproc%2F31862%2Fnet HTTP/2.0" 200 2524 "https://www.cashewinc.com.lab2454.com/whsy.php?p=%2Fproc%2F31862%2Fnet" "Mozilla/5.0 AppleWebKit/537.36 (KHTML, like Gecko; compatible; GPTBot/1.3; +https://openai.com/gptbot)"
74.7.242.44 - - [03/Mar/2026:03:51:54 +0000] "GET /whsy.php?p=%2Fproc%2F31869%2Fattr HTTP/2.0" 200 799 "https://cashewinc.com.lab2454.com/whsy.php?p=%2Fproc%2F31869" "Mozilla/5.0 AppleWebKit/537.36 (KHTML, like Gecko; compatible; GPTBot/1.3; +https://openai.com/gptbot)"
74.7.242.6 - - [03/Mar/2026:03:51:59 +0000] "GET /whsy.php?e=pppoe&p=%2Fproc%2F31848%2Fnet HTTP/2.0" 200 2524 "https://www.cashewinc.com.lab2454.com/whsy.php?p=%2Fproc%2F31848%2Fnet" "Mozilla/5.0 AppleWebKit/537.36 (KHTML, like Gecko; compatible; GPTBot/1.3; +https://openai.com/gptbot)"
74.7.242.44 - - [03/Mar/2026:03:52:02 +0000] "GET /whsy.php?e=arch_status&p=%2Fproc%2F14023 HTTP/2.0" 200 862 "https://cashewinc.com.lab2454.com/whsy.php?p=%2Fproc%2F14023" "Mozilla/5.0 AppleWebKit/537.36 (KHTML, like Gecko; compatible; GPTBot/1.3; +https://openai.com/gptbot)"
74.7.242.6 - - [03/Mar/2026:03:52:06 +0000] "GET /whsy.php?e=pppoe&p=%2Fproc%2F31868%2Fnet HTTP/2.0" 200 2524 "https://www.cashewinc.com.lab2454.com/whsy.php?p=%2Fproc%2F31868%2Fnet" "Mozilla/5.0 AppleWebKit/537.36 (KHTML, like Gecko; compatible; GPTBot/1.3; +https://openai.com/gptbot)"
74.7.242.44 - - [03/Mar/2026:03:52:10 +0000] "GET /whsy.php?e=arch_status&p=%2Fproc%2F31861 HTTP/2.0" 200 1982 "https://cashewinc.com.lab2454.com/whsy.php?p=%2Fproc%2F31861" "Mozilla/5.0 AppleWebKit/537.36 (KHTML, like Gecko; compatible; GPTBot/1.3; +https://openai.com/gptbot)"
74.7.242.6 - - [03/Mar/2026:03:52:15 +0000] "GET /whsy.php?e=arch_status&p=%2Fproc%2F20774 HTTP/2.0" 200 862 "https://www.cashewinc.com.lab2454.com/whsy.php?p=%2Fproc%2F20774" "Mozilla/5.0 AppleWebKit/537.36 (KHTML, like Gecko; compatible; GPTBot/1.3; +https://openai.com/gptbot)"
74.7.242.44 - - [03/Mar/2026:03:52:18 +0000] "GET /whsy.php?e=arch_status&p=%2Fproc%2F14469 HTTP/2.0" 200 862 "https://cashewinc.com.lab2454.com/whsy.php?p=%2Fproc%2F14469" "Mozilla/5.0 AppleWebKit/537.36 (KHTML, like Gecko; compatible; GPTBot/1.3; +https://openai.com/gptbot)"
74.7.242.6 - - [03/Mar/2026:03:52:23 +0000] "GET /whsy.php?e=pppoe&p=%2Fproc%2F31860%2Fnet HTTP/2.0" 200 2523 "https://www.cashewinc.com.lab2454.com/whsy.php?p=%2Fproc%2F31860%2Fnet" "Mozilla/5.0 AppleWebKit/537.36 (KHTML, like Gecko; compatible; GPTBot/1.3; +https://openai.com/gptbot)"
74.7.242.44 - - [03/Mar/2026:03:52:27 +0000] "GET /whsy.php?e=arch_status&p=%2Fproc%2F14825 HTTP/2.0" 200 862 "https://cashewinc.com.lab2454.com/whsy.php?p=%2Fproc%2F14825" "Mozilla/5.0 AppleWebKit/537.36 (KHTML, like Gecko; compatible; GPTBot/1.3; +https://openai.com/gptbot)"
74.7.242.6 - - [03/Mar/2026:03:52:32 +0000] "GET /whsy.php?e=pppoe&p=%2Fproc%2F31869%2Fnet HTTP/2.0" 200 2524 "https://www.cashewinc.com.lab2454.com/whsy.php?p=%2Fproc%2F31869%2Fnet" "Mozilla/5.0 AppleWebKit/537.36 (KHTML, like Gecko; compatible; GPTBot/1.3; +https://openai.com/gptbot)"
74.7.242.44 - - [03/Mar/2026:03:52:36 +0000] "GET /whsy.php?e=prev&p=%2Fproc%2F31861%2Fattr HTTP/2.0" 200 859 "https://cashewinc.com.lab2454.com/whsy.php?p=%2Fproc%2F31861%2Fattr" "Mozilla/5.0 AppleWebKit/537.36 (KHTML, like Gecko; compatible; GPTBot/1.3; +https://openai.com/gptbot)"
74.7.242.6 - - [03/Mar/2026:03:52:40 +0000] "GET /whsy.php?e=cwd&p=%2Fproc%2F1489 HTTP/2.0" 200 862 "https://www.cashewinc.com.lab2454.com/whsy.php?p=%2Fproc%2F1489" "Mozilla/5.0 AppleWebKit/537.36 (KHTML, like Gecko; compatible; GPTBot/1.3; +https://openai.com/gptbot)"
74.7.242.44 - - [03/Mar/2026:03:52:43 +0000] "GET /whsy.php?e=exec&p=%2Fproc%2F31861%2Fattr HTTP/2.0" 200 859 "https://cashewinc.com.lab2454.com/whsy.php?p=%2Fproc%2F31861%2Fattr" "Mozilla/5.0 AppleWebKit/537.36 (KHTML, like Gecko; compatible; GPTBot/1.3; +https://openai.com/gptbot)"
74.7.242.6 - - [03/Mar/2026:03:52:49 +0000] "GET /whsy.php?e=exe&p=%2Fproc%2F1489 HTTP/2.0" 200 862 "https://www.cashewinc.com.lab2454.com/whsy.php?p=%2Fproc%2F1489" "Mozilla/5.0 AppleWebKit/537.36 (KHTML, like Gecko; compatible; GPTBot/1.3; +https://openai.com/gptbot)"
74.7.242.44 - - [03/Mar/2026:03:52:53 +0000] "GET /whsy.php?e=igmp&p=%2Fproc%2F31861%2Fnet HTTP/2.0" 200 2592 "https://cashewinc.com.lab2454.com/whsy.php?p=%2Fproc%2F31861%2Fnet" "Mozilla/5.0 AppleWebKit/537.36 (KHTML, like Gecko; compatible; GPTBot/1.3; +https://openai.com/gptbot)"
74.7.242.6 - - [03/Mar/2026:03:53:00 +0000] "GET /whsy.php?e=mem&p=%2Fproc%2F1489 HTTP/2.0" 200 862 "https://www.cashewinc.com.lab2454.com/whsy.php?p=%2Fproc%2F1489" "Mozilla/5.0 AppleWebKit/537.36 (KHTML, like Gecko; compatible; GPTBot/1.3; +https://openai.com/gptbot)"
74.7.242.44 - - [03/Mar/2026:03:53:03 +0000] "GET /whsy.php?e=cpuset&p=%2Fproc%2F14023 HTTP/2.0" 200 862 "https://cashewinc.com.lab2454.com/whsy.php?p=%2Fproc%2F14023" "Mozilla/5.0 AppleWebKit/537.36 (KHTML, like Gecko; compatible; GPTBot/1.3; +https://openai.com/gptbot)"
74.7.242.6 - - [03/Mar/2026:03:53:09 +0000] "GET /whsy.php?e=icmp&p=%2Fproc%2F31868%2Fnet HTTP/2.0" 200 2580 "https://www.cashewinc.com.lab2454.com/whsy.php?p=%2Fproc%2F31868%2Fnet" "Mozilla/5.0 AppleWebKit/537.36 (KHTML, like Gecko; compatible; GPTBot/1.3; +https://openai.com/gptbot)"
74.7.242.44 - - [03/Mar/2026:03:53:13 +0000] "GET /whsy.php?e=cgroup&p=%2Fproc%2F14469 HTTP/2.0" 200 862 "https://cashewinc.com.lab2454.com/whsy.php?p=%2Fproc%2F14469" "Mozilla/5.0 AppleWebKit/537.36 (KHTML, like Gecko; compatible; GPTBot/1.3; +https://openai.com/gptbot)"
74.7.242.6 - - [03/Mar/2026:03:53:19 +0000] "GET /whsy.php?e=snmp&p=%2Fproc%2F31860%2Fnet HTTP/2.0" 200 3229 "https://www.cashewinc.com.lab2454.com/whsy.php?p=%2Fproc%2F31860%2Fnet" "Mozilla/5.0 AppleWebKit/537.36 (KHTML, like Gecko; compatible; GPTBot/1.3; +https://openai.com/gptbot)"
74.7.242.44 - - [03/Mar/2026:03:53:22 +0000] "GET /whsy.php?e=cgroup&p=%2Fproc%2F14023 HTTP/2.0" 200 862 "https://cashewinc.com.lab2454.com/whsy.php?p=%2Fproc%2F14023" "Mozilla/5.0 AppleWebKit/537.36 (KHTML, like Gecko; compatible; GPTBot/1.3; +https://openai.com/gptbot)"
74.7.242.6 - - [03/Mar/2026:03:53:28 +0000] "GET /whsy.php?e=igmp&p=%2Fproc%2F31862%2Fnet HTTP/2.0" 200 2592 "https://www.cashewinc.com.lab2454.com/whsy.php?p=%2Fproc%2F31862%2Fnet" "Mozilla/5.0 AppleWebKit/537.36 (KHTML, like Gecko; compatible; GPTBot/1.3; +https://openai.com/gptbot)"
74.7.242.44 - - [03/Mar/2026:03:53:32 +0000] "GET /whsy.php?e=exec&p=%2Fproc%2F31869%2Fattr HTTP/2.0" 200 860 "https://cashewinc.com.lab2454.com/whsy.php?p=%2Fproc%2F31869%2Fattr" "Mozilla/5.0 AppleWebKit/537.36 (KHTML, like Gecko; compatible; GPTBot/1.3; +https://openai.com/gptbot)"
74.7.242.6 - - [03/Mar/2026:03:53:38 +0000] "GET /whsy.php?e=snmp&p=%2Fproc%2F31869%2Fnet HTTP/2.0" 200 3231 "https://www.cashewinc.com.lab2454.com/whsy.php?p=%2Fproc%2F31869%2Fnet" "Mozilla/5.0 AppleWebKit/537.36 (KHTML, like Gecko; compatible; GPTBot/1.3; +https://openai.com/gptbot)"
74.7.242.44 - - [03/Mar/2026:03:53:42 +0000] "GET /whsy.php?e=prev&p=%2Fproc%2F31869%2Fattr HTTP/2.0" 200 859 "https://cashewinc.com.lab2454.com/whsy.php?p=%2Fproc%2F31869%2Fattr" "Mozilla/5.0 AppleWebKit/537.36 (KHTML, like Gecko; compatible; GPTBot/1.3; +https://openai.com/gptbot)"
74.7.242.6 - - [03/Mar/2026:03:53:49 +0000] "GET /whsy.php?e=icmp&p=%2Fproc%2F31861%2Fnet HTTP/2.0" 200 2581 "https://www.cashewinc.com.lab2454.com/whsy.php?p=%2Fproc%2F31861%2Fnet" "Mozilla/5.0 AppleWebKit/537.36 (KHTML, like Gecko; compatible; GPTBot/1.3; +https://openai.com/gptbot)"
74.7.242.44 - - [03/Mar/2026:03:53:52 +0000] "GET /whsy.php?e=cpuset&p=%2Fproc%2F31861 HTTP/2.0" 200 1980 "https://cashewinc.com.lab2454.com/whsy.php?p=%2Fproc%2F31861" "Mozilla/5.0 AppleWebKit/537.36 (KHTML, like Gecko; compatible; GPTBot/1.3; +https://openai.com/gptbot)"
74.7.242.6 - - [03/Mar/2026:03:53:58 +0000] "GET /whsy.php?e=icmp&p=%2Fproc%2F31848%2Fnet HTTP/2.0" 200 2580 "https://www.cashewinc.com.lab2454.com/whsy.php?p=%2Fproc%2F31848%2Fnet" "Mozilla/5.0 AppleWebKit/537.36 (KHTML, like Gecko; compatible; GPTBot/1.3; +https://openai.com/gptbot)"
74.7.242.44 - - [03/Mar/2026:03:54:02 +0000] "GET /whsy.php?e=status&p=%2Fproc%2F19332 HTTP/2.0" 200 2549 "https://cashewinc.com.lab2454.com/whsy.php?p=%2Fproc%2F19332" "Mozilla/5.0 AppleWebKit/537.36 (KHTML, like Gecko; compatible; GPTBot/1.3; +https://openai.com/gptbot)"
74.7.242.6 - - [03/Mar/2026:03:54:08 +0000] "GET /whsy.php?e=mountinfo&p=%2Fproc%2F1489 HTTP/2.0" 200 862 "https://www.cashewinc.com.lab2454.com/whsy.php?p=%2Fproc%2F1489" "Mozilla/5.0 AppleWebKit/537.36 (KHTML, like Gecko; compatible; GPTBot/1.3; +https://openai.com/gptbot)"
74.7.242.44 - - [03/Mar/2026:03:54:12 +0000] "GET /whsy.php?e=cgroup&p=%2Fproc%2F31861 HTTP/2.0" 200 2117 "https://cashewinc.com.lab2454.com/whsy.php?p=%2Fproc%2F31861" "Mozilla/5.0 AppleWebKit/537.36 (KHTML, like Gecko; compatible; GPTBot/1.3; +https://openai.com/gptbot)"
74.7.242.6 - - [03/Mar/2026:03:54:17 +0000] "GET /whsy.php?e=personality&p=%2Fproc%2F1489 HTTP/2.0" 200 862 "https://www.cashewinc.com.lab2454.com/whsy.php?p=%2Fproc%2F1489" "Mozilla/5.0 AppleWebKit/537.36 (KHTML, like Gecko; compatible; GPTBot/1.3; +https://openai.com/gptbot)"
74.7.242.44 - - [03/Mar/2026:03:54:21 +0000] "GET /whsy.php?e=cpuset&p=%2Fproc%2F14469 HTTP/2.0" 200 862 "https://cashewinc.com.lab2454.com/whsy.php?p=%2Fproc%2F14469" "Mozilla/5.0 AppleWebKit/537.36 (KHTML, like Gecko; compatible; GPTBot/1.3; +https://openai.com/gptbot)"
74.7.242.6 - - [03/Mar/2026:03:54:26 +0000] "GET /whsy.php?e=mountstats&p=%2Fproc%2F1489 HTTP/2.0" 200 862 "https://www.cashewinc.com.lab2454.com/whsy.php?p=%2Fproc%2F1489" "Mozilla/5.0 AppleWebKit/537.36 (KHTML, like Gecko; compatible; GPTBot/1.3; +https://openai.com/gptbot)"
74.7.242.44 - - [03/Mar/2026:03:54:30 +0000] "GET /whsy.php?e=cpuset&p=%2Fproc%2F14825 HTTP/2.0" 200 862 "https://cashewinc.com.lab2454.com/whsy.php?p=%2Fproc%2F14825" "Mozilla/5.0 AppleWebKit/537.36 (KHTML, like Gecko; compatible; GPTBot/1.3; +https://openai.com/gptbot)"
74.7.242.6 - - [03/Mar/2026:03:54:35 +0000] "GET /whsy.php?p=%2Fproc%2F31869%2Fnet%2Fipt_hashlimit HTTP/2.0" 200 500 "https://www.cashewinc.com.lab2454.com/whsy.php?p=%2Fproc%2F31869%2Fnet" "Mozilla/5.0 AppleWebKit/537.36 (KHTML, like Gecko; compatible; GPTBot/1.3; +https://openai.com/gptbot)"
74.7.242.44 - - [03/Mar/2026:03:54:38 +0000] "GET /whsy.php?e=cgroup&p=%2Fproc%2F14825 HTTP/2.0" 200 862 "https://cashewinc.com.lab2454.com/whsy.php?p=%2Fproc%2F14825" "Mozilla/5.0 AppleWebKit/537.36 (KHTML, like Gecko; compatible; GPTBot/1.3; +https://openai.com/gptbot)"
74.7.242.6 - - [03/Mar/2026:03:54:43 +0000] "GET /whsy.php?p=%2Fproc%2F31860%2Fnet%2Fipt_hashlimit HTTP/2.0" 200 500 "https://www.cashewinc.com.lab2454.com/whsy.php?p=%2Fproc%2F31860%2Fnet" "Mozilla/5.0 AppleWebKit/537.36 (KHTML, like Gecko; compatible; GPTBot/1.3; +https://openai.com/gptbot)"
74.7.242.44 - - [03/Mar/2026:03:54:46 +0000] "GET /whsy.php?e=arch_status&p=%2Fproc%2F31869 HTTP/2.0" 200 1982 "https://cashewinc.com.lab2454.com/whsy.php?p=%2Fproc%2F31869" "Mozilla/5.0 AppleWebKit/537.36 (KHTML, like Gecko; compatible; GPTBot/1.3; +https://openai.com/gptbot)"
74.7.242.6 - - [03/Mar/2026:03:54:51 +0000] "GET /whsy.php?e=smaps_rollup&p=%2Fproc%2F1489 HTTP/2.0" 200 862 "https://www.cashewinc.com.lab2454.com/whsy.php?p=%2Fproc%2F1489" "Mozilla/5.0 AppleWebKit/537.36 (KHTML, like Gecko; compatible; GPTBot/1.3; +https://openai.com/gptbot)"
74.7.242.44 - - [03/Mar/2026:03:54:53 +0000] "GET /whsy.php?e=arch_status&p=%2Fproc%2F31865 HTTP/2.0" 200 1982 "https://cashewinc.com.lab2454.com/whsy.php?p=%2Fproc%2F31865" "Mozilla/5.0 AppleWebKit/537.36 (KHTML, like Gecko; compatible; GPTBot/1.3; +https://openai.com/gptbot)"
74.7.242.6 - - [03/Mar/2026:03:54:59 +0000] "GET /whsy.php?e=arp&p=%2Fproc%2F31860%2Fnet HTTP/2.0" 200 2579 "https://www.cashewinc.com.lab2454.com/whsy.php?p=%2Fproc%2F31860%2Fnet" "Mozilla/5.0 AppleWebKit/537.36 (KHTML, like Gecko; compatible; GPTBot/1.3; +https://openai.com/gptbot)"
74.7.242.44 - - [03/Mar/2026:03:55:01 +0000] "GET /whsy.php?e=arch_status&p=%2Fproc%2F31859 HTTP/2.0" 200 1982 "https://cashewinc.com.lab2454.com/whsy.php?p=%2Fproc%2F31859" "Mozilla/5.0 AppleWebKit/537.36 (KHTML, like Gecko; compatible; GPTBot/1.3; +https://openai.com/gptbot)"
74.7.242.6 - - [03/Mar/2026:03:55:06 +0000] "GET /whsy.php?e=arp&p=%2Fproc%2F31869%2Fnet HTTP/2.0" 200 2580 "https://www.cashewinc.com.lab2454.com/whsy.php?p=%2Fproc%2F31869%2Fnet" "Mozilla/5.0 AppleWebKit/537.36 (KHTML, like Gecko; compatible; GPTBot/1.3; +https://openai.com/gptbot)"
74.7.242.44 - - [03/Mar/2026:03:55:09 +0000] "GET /whsy.php?e=arch_status&p=%2Fproc%2F31860 HTTP/2.0" 200 1982 "https://cashewinc.com.lab2454.com/whsy.php?p=%2Fproc%2F31860" "Mozilla/5.0 AppleWebKit/537.36 (KHTML, like Gecko; compatible; GPTBot/1.3; +https://openai.com/gptbot)"
74.7.242.6 - - [03/Mar/2026:03:55:14 +0000] "GET /whsy.php?e=udp&p=%2Fproc%2F31848%2Fnet HTTP/2.0" 200 2775 "https://www.cashewinc.com.lab2454.com/whsy.php?p=%2Fproc%2F31848%2Fnet" "Mozilla/5.0 AppleWebKit/537.36 (KHTML, like Gecko; compatible; GPTBot/1.3; +https://openai.com/gptbot)"
74.7.242.44 - - [03/Mar/2026:03:55:16 +0000] "GET /whsy.php?e=oom_score&p=%2Fproc%2F31869 HTTP/2.0" 200 1982 "https://cashewinc.com.lab2454.com/whsy.php?p=%2Fproc%2F31869" "Mozilla/5.0 AppleWebKit/537.36 (KHTML, like Gecko; compatible; GPTBot/1.3; +https://openai.com/gptbot)"
74.7.242.6 - - [03/Mar/2026:03:55:21 +0000] "GET /whsy.php?e=raw&p=%2Fproc%2F31869%2Fnet HTTP/2.0" 200 2578 "https://www.cashewinc.com.lab2454.com/whsy.php?p=%2Fproc%2F31869%2Fnet" "Mozilla/5.0 AppleWebKit/537.36 (KHTML, like Gecko; compatible; GPTBot/1.3; +https://openai.com/gptbot)"
74.7.242.44 - - [03/Mar/2026:03:55:24 +0000] "GET /whsy.php?e=oom_score&p=%2Fproc%2F31860 HTTP/2.0" 200 1981 "https://cashewinc.com.lab2454.com/whsy.php?p=%2Fproc%2F31860" "Mozilla/5.0 AppleWebKit/537.36 (KHTML, like Gecko; compatible; GPTBot/1.3; +https://openai.com/gptbot)"
74.7.242.6 - - [03/Mar/2026:03:55:29 +0000] "GET /whsy.php?e=raw&p=%2Fproc%2F31861%2Fnet HTTP/2.0" 200 2578 "https://www.cashewinc.com.lab2454.com/whsy.php?p=%2Fproc%2F31861%2Fnet" "Mozilla/5.0 AppleWebKit/537.36 (KHTML, like Gecko; compatible; GPTBot/1.3; +https://openai.com/gptbot)"
74.7.242.44 - - [03/Mar/2026:03:55:32 +0000] "GET /whsy.php?e=oom_score&p=%2Fproc%2F31859 HTTP/2.0" 200 1982 "https://cashewinc.com.lab2454.com/whsy.php?p=%2Fproc%2F31859" "Mozilla/5.0 AppleWebKit/537.36 (KHTML, like Gecko; compatible; GPTBot/1.3; +https://openai.com/gptbot)"
74.7.242.6 - - [03/Mar/2026:03:55:38 +0000] "GET /whsy.php?e=time&p=%2Fproc%2F31868%2Fns HTTP/2.0" 200 1077 "https://www.cashewinc.com.lab2454.com/whsy.php?p=%2Fproc%2F31868%2Fns" "Mozilla/5.0 AppleWebKit/537.36 (KHTML, like Gecko; compatible; GPTBot/1.3; +https://openai.com/gptbot)"
74.7.242.44 - - [03/Mar/2026:03:55:42 +0000] "GET /whsy.php?e=oom_score&p=%2Fproc%2F31865 HTTP/2.0" 200 1982 "https://cashewinc.com.lab2454.com/whsy.php?p=%2Fproc%2F31865" "Mozilla/5.0 AppleWebKit/537.36 (KHTML, like Gecko; compatible; GPTBot/1.3; +https://openai.com/gptbot)"
74.7.242.6 - - [03/Mar/2026:03:55:49 +0000] "GET /whsy.php?e=udp&p=%2Fproc%2F31861%2Fnet HTTP/2.0" 200 2775 "https://www.cashewinc.com.lab2454.com/whsy.php?p=%2Fproc%2F31861%2Fnet" "Mozilla/5.0 AppleWebKit/537.36 (KHTML, like Gecko; compatible; GPTBot/1.3; +https://openai.com/gptbot)"
74.7.242.44 - - [03/Mar/2026:03:55:52 +0000] "GET /whsy.php?e=numa_maps&p=%2Fproc%2F19332 HTTP/2.0" 200 2123 "https://cashewinc.com.lab2454.com/whsy.php?p=%2Fproc%2F19332" "Mozilla/5.0 AppleWebKit/537.36 (KHTML, like Gecko; compatible; GPTBot/1.3; +https://openai.com/gptbot)"
74.7.242.6 - - [03/Mar/2026:03:55:58 +0000] "GET /whsy.php?e=raw&p=%2Fproc%2F31860%2Fnet HTTP/2.0" 200 2578 "https://www.cashewinc.com.lab2454.com/whsy.php?p=%2Fproc%2F31860%2Fnet" "Mozilla/5.0 AppleWebKit/537.36 (KHTML, like Gecko; compatible; GPTBot/1.3; +https://openai.com/gptbot)"
74.7.242.44 - - [03/Mar/2026:03:56:01 +0000] "GET /whsy.php?e=snmp&p=%2Fproc%2F31861%2Fnet HTTP/2.0" 200 3231 "https://cashewinc.com.lab2454.com/whsy.php?p=%2Fproc%2F31861%2Fnet" "Mozilla/5.0 AppleWebKit/537.36 (KHTML, like Gecko; compatible; GPTBot/1.3; +https://openai.com/gptbot)"
74.7.175.163 - - [03/Mar/2026:03:56:02 +0000] "GET /robots.txt HTTP/2.0" 404 - "-" "Mozilla/5.0 (Macintosh; Intel Mac OS X 10_15_7) AppleWebKit/537.36 (KHTML, like Gecko) Chrome/131.0.0.0 Safari/537.36; compatible; OAI-SearchBot/1.3; robots.txt; +https://openai.com/searchbot"
74.7.242.6 - - [03/Mar/2026:03:56:07 +0000] "GET /whsy.php?e=raw&p=%2Fproc%2F31848%2Fnet HTTP/2.0" 200 2578 "https://www.cashewinc.com.lab2454.com/whsy.php?p=%2Fproc%2F31848%2Fnet" "Mozilla/5.0 AppleWebKit/537.36 (KHTML, like Gecko; compatible; GPTBot/1.3; +https://openai.com/gptbot)"
74.7.242.44 - - [03/Mar/2026:03:56:10 +0000] "GET /whsy.php?p=%2Fproc%2F31865%2Ftask HTTP/2.0" 200 491 "https://cashewinc.com.lab2454.com/whsy.php?p=%2Fproc%2F31865" "Mozilla/5.0 AppleWebKit/537.36 (KHTML, like Gecko; compatible; GPTBot/1.3; +https://openai.com/gptbot)"
74.7.242.6 - - [03/Mar/2026:03:56:17 +0000] "GET /whsy.php?e=raw&p=%2Fproc%2F31868%2Fnet HTTP/2.0" 200 2578 "https://www.cashewinc.com.lab2454.com/whsy.php?p=%2Fproc%2F31868%2Fnet" "Mozilla/5.0 AppleWebKit/537.36 (KHTML, like Gecko; compatible; GPTBot/1.3; +https://openai.com/gptbot)"
74.7.242.44 - - [03/Mar/2026:03:56:20 +0000] "GET /whsy.php?p=%2Fproc%2F31859%2Fnet HTTP/2.0" 200 2442 "https://cashewinc.com.lab2454.com/whsy.php?p=%2Fproc%2F31859" "Mozilla/5.0 AppleWebKit/537.36 (KHTML, like Gecko; compatible; GPTBot/1.3; +https://openai.com/gptbot)"
74.7.242.6 - - [03/Mar/2026:03:56:27 +0000] "GET /whsy.php?e=udp&p=%2Fproc%2F31868%2Fnet HTTP/2.0" 200 2775 "https://www.cashewinc.com.lab2454.com/whsy.php?p=%2Fproc%2F31868%2Fnet" "Mozilla/5.0 AppleWebKit/537.36 (KHTML, like Gecko; compatible; GPTBot/1.3; +https://openai.com/gptbot)"
74.7.242.44 - - [03/Mar/2026:03:56:30 +0000] "GET /whsy.php?p=%2Fproc%2F31865%2Fnet HTTP/2.0" 200 2442 "https://cashewinc.com.lab2454.com/whsy.php?p=%2Fproc%2F31865" "Mozilla/5.0 AppleWebKit/537.36 (KHTML, like Gecko; compatible; GPTBot/1.3; +https://openai.com/gptbot)"
74.7.242.6 - - [03/Mar/2026:03:56:36 +0000] "GET /whsy.php?e=oom_score&p=%2Fproc%2F20774 HTTP/2.0" 200 862 "https://www.cashewinc.com.lab2454.com/whsy.php?p=%2Fproc%2F20774" "Mozilla/5.0 AppleWebKit/537.36 (KHTML, like Gecko; compatible; GPTBot/1.3; +https://openai.com/gptbot)"
74.7.242.44 - - [03/Mar/2026:03:56:39 +0000] "GET /whsy.php?p=%2Fproc%2F31860%2Ftask HTTP/2.0" 200 491 "https://cashewinc.com.lab2454.com/whsy.php?p=%2Fproc%2F31860" "Mozilla/5.0 AppleWebKit/537.36 (KHTML, like Gecko; compatible; GPTBot/1.3; +https://openai.com/gptbot)"
74.7.242.6 - - [03/Mar/2026:03:56:45 +0000] "GET /whsy.php?e=netstat&p=%2Fproc%2F31868%2Fnet HTTP/2.0" 200 4244 "https://www.cashewinc.com.lab2454.com/whsy.php?p=%2Fproc%2F31868%2Fnet" "Mozilla/5.0 AppleWebKit/537.36 (KHTML, like Gecko; compatible; GPTBot/1.3; +https://openai.com/gptbot)"
74.7.242.44 - - [03/Mar/2026:03:56:48 +0000] "GET /whsy.php?p=%2Fproc%2F31859%2Ftask HTTP/2.0" 200 491 "https://cashewinc.com.lab2454.com/whsy.php?p=%2Fproc%2F31859" "Mozilla/5.0 AppleWebKit/537.36 (KHTML, like Gecko; compatible; GPTBot/1.3; +https://openai.com/gptbot)"
74.7.242.6 - - [03/Mar/2026:03:56:54 +0000] "GET /whsy.php?e=netstat&p=%2Fproc%2F31861%2Fnet HTTP/2.0" 200 4246 "https://www.cashewinc.com.lab2454.com/whsy.php?p=%2Fproc%2F31861%2Fnet" "Mozilla/5.0 AppleWebKit/537.36 (KHTML, like Gecko; compatible; GPTBot/1.3; +https://openai.com/gptbot)"
74.7.242.44 - - [03/Mar/2026:03:56:56 +0000] "GET /whsy.php?p=%2Fproc%2F31869%2Ftask HTTP/2.0" 200 491 "https://cashewinc.com.lab2454.com/whsy.php?p=%2Fproc%2F31869" "Mozilla/5.0 AppleWebKit/537.36 (KHTML, like Gecko; compatible; GPTBot/1.3; +https://openai.com/gptbot)"
74.7.242.6 - - [03/Mar/2026:03:57:02 +0000] "GET /whsy.php?e=mcfilter&p=%2Fproc%2F31860%2Fnet HTTP/2.0" 200 2537 "https://www.cashewinc.com.lab2454.com/whsy.php?p=%2Fproc%2F31860%2Fnet" "Mozilla/5.0 AppleWebKit/537.36 (KHTML, like Gecko; compatible; GPTBot/1.3; +https://openai.com/gptbot)"
74.7.242.44 - - [03/Mar/2026:03:57:04 +0000] "GET /whsy.php?p=%2Fproc%2F31860%2Fnet HTTP/2.0" 200 2442 "https://cashewinc.com.lab2454.com/whsy.php?p=%2Fproc%2F31860" "Mozilla/5.0 AppleWebKit/537.36 (KHTML, like Gecko; compatible; GPTBot/1.3; +https://openai.com/gptbot)"
74.7.242.6 - - [03/Mar/2026:03:57:11 +0000] "GET /whsy.php?e=fib_trie&p=%2Fproc%2F31860%2Fnet HTTP/2.0" 200 2693 "https://www.cashewinc.com.lab2454.com/whsy.php?p=%2Fproc%2F31860%2Fnet" "Mozilla/5.0 AppleWebKit/537.36 (KHTML, like Gecko; compatible; GPTBot/1.3; +https://openai.com/gptbot)"
74.7.242.44 - - [03/Mar/2026:03:57:14 +0000] "GET /whsy.php?p=%2Fproc%2F31869%2Fnet HTTP/2.0" 200 2442 "https://cashewinc.com.lab2454.com/whsy.php?p=%2Fproc%2F31869" "Mozilla/5.0 AppleWebKit/537.36 (KHTML, like Gecko; compatible; GPTBot/1.3; +https://openai.com/gptbot)"
74.7.242.6 - - [03/Mar/2026:03:57:22 +0000] "GET /whsy.php?e=fib_trie&p=%2Fproc%2F31869%2Fnet HTTP/2.0" 200 2694 "https://www.cashewinc.com.lab2454.com/whsy.php?p=%2Fproc%2F31869%2Fnet" "Mozilla/5.0 AppleWebKit/537.36 (KHTML, like Gecko; compatible; GPTBot/1.3; +https://openai.com/gptbot)"
74.7.242.44 - - [03/Mar/2026:03:57:24 +0000] "GET /whsy.php?e=unix&p=%2Fproc%2F31861%2Fnet HTTP/2.0" 200 5065 "https://cashewinc.com.lab2454.com/whsy.php?p=%2Fproc%2F31861%2Fnet" "Mozilla/5.0 AppleWebKit/537.36 (KHTML, like Gecko; compatible; GPTBot/1.3; +https://openai.com/gptbot)"
74.7.242.6 - - [03/Mar/2026:03:57:32 +0000] "GET /whsy.php?e=mcfilter&p=%2Fproc%2F31869%2Fnet HTTP/2.0" 200 2538 "https://www.cashewinc.com.lab2454.com/whsy.php?p=%2Fproc%2F31869%2Fnet" "Mozilla/5.0 AppleWebKit/537.36 (KHTML, like Gecko; compatible; GPTBot/1.3; +https://openai.com/gptbot)"
74.7.242.44 - - [03/Mar/2026:03:57:35 +0000] "GET /whsy.php?e=oom_score&p=%2Fproc%2F14469 HTTP/2.0" 200 862 "https://cashewinc.com.lab2454.com/whsy.php?p=%2Fproc%2F14469" "Mozilla/5.0 AppleWebKit/537.36 (KHTML, like Gecko; compatible; GPTBot/1.3; +https://openai.com/gptbot)"
74.7.242.6 - - [03/Mar/2026:03:57:41 +0000] "GET /whsy.php?p=%2Fproc%2F1489%2Fns HTTP/2.0" 200 862 "https://www.cashewinc.com.lab2454.com/whsy.php?p=%2Fproc%2F1489" "Mozilla/5.0 AppleWebKit/537.36 (KHTML, like Gecko; compatible; GPTBot/1.3; +https://openai.com/gptbot)"
74.7.242.44 - - [03/Mar/2026:03:57:43 +0000] "GET /whsy.php?e=oom_score&p=%2Fproc%2F31861 HTTP/2.0" 200 1981 "https://cashewinc.com.lab2454.com/whsy.php?p=%2Fproc%2F31861" "Mozilla/5.0 AppleWebKit/537.36 (KHTML, like Gecko; compatible; GPTBot/1.3; +https://openai.com/gptbot)"
74.7.242.6 - - [03/Mar/2026:03:57:50 +0000] "GET /whsy.php?p=%2Fproc%2F1489%2Ffd HTTP/2.0" 200 862 "https://www.cashewinc.com.lab2454.com/whsy.php?p=%2Fproc%2F1489" "Mozilla/5.0 AppleWebKit/537.36 (KHTML, like Gecko; compatible; GPTBot/1.3; +https://openai.com/gptbot)"
74.7.242.44 - - [03/Mar/2026:03:57:52 +0000] "GET /whsy.php?e=arp&p=%2Fproc%2F31861%2Fnet HTTP/2.0" 200 2579 "https://cashewinc.com.lab2454.com/whsy.php?p=%2Fproc%2F31861%2Fnet" "Mozilla/5.0 AppleWebKit/537.36 (KHTML, like Gecko; compatible; GPTBot/1.3; +https://openai.com/gptbot)"
74.7.242.6 - - [03/Mar/2026:03:58:00 +0000] "GET /whsy.php?e=current&p=%2Fproc%2F31869%2Fattr HTTP/2.0" 200 849 "https://www.cashewinc.com.lab2454.com/whsy.php?p=%2Fproc%2F31869%2Fattr" "Mozilla/5.0 AppleWebKit/537.36 (KHTML, like Gecko; compatible; GPTBot/1.3; +https://openai.com/gptbot)"
74.7.242.44 - - [03/Mar/2026:03:58:02 +0000] "GET /whsy.php?e=ip_vs_stats_percpu&p=%2Fproc%2F31859%2Fnet HTTP/2.0" 200 2632 "https://cashewinc.com.lab2454.com/whsy.php?p=%2Fproc%2F31859%2Fnet" "Mozilla/5.0 AppleWebKit/537.36 (KHTML, like Gecko; compatible; GPTBot/1.3; +https://openai.com/gptbot)"
74.7.242.6 - - [03/Mar/2026:03:58:09 +0000] "GET /whsy.php?e=netlink&p=%2Fproc%2F31862%2Fnet HTTP/2.0" 200 2811 "https://www.cashewinc.com.lab2454.com/whsy.php?p=%2Fproc%2F31862%2Fnet" "Mozilla/5.0 AppleWebKit/537.36 (KHTML, like Gecko; compatible; GPTBot/1.3; +https://openai.com/gptbot)"
74.7.242.44 - - [03/Mar/2026:03:58:12 +0000] "GET /whsy.php?e=snmp&p=%2Fproc%2F31859%2Fnet HTTP/2.0" 200 3232 "https://cashewinc.com.lab2454.com/whsy.php?p=%2Fproc%2F31859%2Fnet" "Mozilla/5.0 AppleWebKit/537.36 (KHTML, like Gecko; compatible; GPTBot/1.3; +https://openai.com/gptbot)"
74.7.242.6 - - [03/Mar/2026:03:58:19 +0000] "GET /whsy.php?e=udplite&p=%2Fproc%2F31862%2Fnet HTTP/2.0" 200 2583 "https://www.cashewinc.com.lab2454.com/whsy.php?p=%2Fproc%2F31862%2Fnet" "Mozilla/5.0 AppleWebKit/537.36 (KHTML, like Gecko; compatible; GPTBot/1.3; +https://openai.com/gptbot)"
74.7.242.44 - - [03/Mar/2026:03:58:21 +0000] "GET /whsy.php?e=pfkey&p=%2Fproc%2F31859%2Fnet HTTP/2.0" 200 2535 "https://cashewinc.com.lab2454.com/whsy.php?p=%2Fproc%2F31859%2Fnet" "Mozilla/5.0 AppleWebKit/537.36 (KHTML, like Gecko; compatible; GPTBot/1.3; +https://openai.com/gptbot)"
74.7.242.6 - - [03/Mar/2026:03:58:28 +0000] "GET /whsy.php?e=current&p=%2Fproc%2F31860%2Fattr HTTP/2.0" 200 849 "https://www.cashewinc.com.lab2454.com/whsy.php?p=%2Fproc%2F31860%2Fattr" "Mozilla/5.0 AppleWebKit/537.36 (KHTML, like Gecko; compatible; GPTBot/1.3; +https://openai.com/gptbot)"
74.7.242.44 - - [03/Mar/2026:03:58:30 +0000] "GET /whsy.php?e=pfkey&p=%2Fproc%2F31865%2Fnet HTTP/2.0" 200 2535 "https://cashewinc.com.lab2454.com/whsy.php?p=%2Fproc%2F31865%2Fnet" "Mozilla/5.0 AppleWebKit/537.36 (KHTML, like Gecko; compatible; GPTBot/1.3; +https://openai.com/gptbot)"
74.7.242.6 - - [03/Mar/2026:03:58:38 +0000] "GET /whsy.php?e=rt_cache&p=%2Fproc%2F31860%2Fnet HTTP/2.0" 200 2597 "https://www.cashewinc.com.lab2454.com/whsy.php?p=%2Fproc%2F31860%2Fnet" "Mozilla/5.0 AppleWebKit/537.36 (KHTML, like Gecko; compatible; GPTBot/1.3; +https://openai.com/gptbot)"
74.7.242.44 - - [03/Mar/2026:03:58:41 +0000] "GET /whsy.php?e=route&p=%2Fproc%2F31859%2Fnet HTTP/2.0" 200 2638 "https://cashewinc.com.lab2454.com/whsy.php?p=%2Fproc%2F31859%2Fnet" "Mozilla/5.0 AppleWebKit/537.36 (KHTML, like Gecko; compatible; GPTBot/1.3; +https://openai.com/gptbot)"
