74.7.227.60 - - [02/Mar/2026:18:16:45 +0000] "GET /whsy.php?e=mcfilter6&p=%2Fproc%2F5800%2Fnet HTTP/2.0" 200 2552 "https://www.senetry.com.lab2454.com/whsy.php?p=%2Fproc%2F5800%2Fnet" "Mozilla/5.0 AppleWebKit/537.36 (KHTML, like Gecko; compatible; GPTBot/1.3; +https://openai.com/gptbot)"
74.7.227.60 - - [02/Mar/2026:18:18:04 +0000] "GET /whsy.php?e=setgroups&p=%2Fproc%2F5800 HTTP/2.0" 200 2004 "https://www.senetry.com.lab2454.com/whsy.php?p=%2Fproc%2F5800" "Mozilla/5.0 AppleWebKit/537.36 (KHTML, like Gecko; compatible; GPTBot/1.3; +https://openai.com/gptbot)"
74.7.227.60 - - [02/Mar/2026:18:19:18 +0000] "GET /whsy.php?e=udplite6&p=%2Fproc%2F5800%2Fnet HTTP/2.0" 200 2583 "https://www.senetry.com.lab2454.com/whsy.php?p=%2Fproc%2F5800%2Fnet" "Mozilla/5.0 AppleWebKit/537.36 (KHTML, like Gecko; compatible; GPTBot/1.3; +https://openai.com/gptbot)"
74.7.241.129 - - [02/Mar/2026:18:19:19 +0000] "GET /robots.txt HTTP/2.0" 404 - "-" "Mozilla/5.0 (Macintosh; Intel Mac OS X 10_15_7) AppleWebKit/537.36 (KHTML, like Gecko) Chrome/131.0.0.0 Safari/537.36; compatible; OAI-SearchBot/1.3; robots.txt; +https://openai.com/searchbot"
74.7.227.60 - - [02/Mar/2026:18:20:55 +0000] "GET /whsy.php?e=pppoe&p=%2Fproc%2F5800%2Fnet HTTP/2.0" 200 2522 "https://www.senetry.com.lab2454.com/whsy.php?p=%2Fproc%2F5800%2Fnet" "Mozilla/5.0 AppleWebKit/537.36 (KHTML, like Gecko; compatible; GPTBot/1.3; +https://openai.com/gptbot)"
74.7.227.60 - - [02/Mar/2026:18:22:22 +0000] "GET /whsy.php?e=current&p=%2Fproc%2F5800%2Fattr HTTP/2.0" 200 847 "https://www.senetry.com.lab2454.com/whsy.php?p=%2Fproc%2F5800%2Fattr" "Mozilla/5.0 AppleWebKit/537.36 (KHTML, like Gecko; compatible; GPTBot/1.3; +https://openai.com/gptbot)"
74.7.227.60 - - [02/Mar/2026:18:23:55 +0000] "GET /whsy.php?e=snmp&p=%2Fproc%2F29782%2Fnet HTTP/2.0" 200 3225 "https://www.senetry.com.lab2454.com/whsy.php?p=%2Fproc%2F29782%2Fnet" "Mozilla/5.0 AppleWebKit/537.36 (KHTML, like Gecko; compatible; GPTBot/1.3; +https://openai.com/gptbot)"
74.7.227.60 - - [02/Mar/2026:18:25:20 +0000] "GET /whsy.php?e=sockstat&p=%2Fproc%2F29782%2Fnet HTTP/2.0" 200 2604 "https://www.senetry.com.lab2454.com/whsy.php?p=%2Fproc%2F29782%2Fnet" "Mozilla/5.0 AppleWebKit/537.36 (KHTML, like Gecko; compatible; GPTBot/1.3; +https://openai.com/gptbot)"
74.7.241.129 - - [02/Mar/2026:18:25:21 +0000] "GET /robots.txt HTTP/2.0" 404 - "-" "Mozilla/5.0 (Macintosh; Intel Mac OS X 10_15_7) AppleWebKit/537.36 (KHTML, like Gecko) Chrome/131.0.0.0 Safari/537.36; compatible; OAI-SearchBot/1.3; robots.txt; +https://openai.com/searchbot"
74.7.227.60 - - [02/Mar/2026:18:27:03 +0000] "GET /whsy.php?e=rt_cache&p=%2Fproc%2F26963%2Fnet HTTP/2.0" 200 2598 "https://www.senetry.com.lab2454.com/whsy.php?p=%2Fproc%2F26963%2Fnet" "Mozilla/5.0 AppleWebKit/537.36 (KHTML, like Gecko; compatible; GPTBot/1.3; +https://openai.com/gptbot)"
74.7.227.60 - - [02/Mar/2026:18:28:27 +0000] "GET /whsy.php?e=tls_stat&p=%2Fproc%2F29782%2Fnet HTTP/2.0" 200 2601 "https://www.senetry.com.lab2454.com/whsy.php?p=%2Fproc%2F29782%2Fnet" "Mozilla/5.0 AppleWebKit/537.36 (KHTML, like Gecko; compatible; GPTBot/1.3; +https://openai.com/gptbot)"
74.7.227.60 - - [02/Mar/2026:18:29:46 +0000] "GET /whsy.php?e=current&p=%2Fproc%2F29775%2Fattr HTTP/2.0" 200 849 "https://www.senetry.com.lab2454.com/whsy.php?p=%2Fproc%2F29775%2Fattr" "Mozilla/5.0 AppleWebKit/537.36 (KHTML, like Gecko; compatible; GPTBot/1.3; +https://openai.com/gptbot)"
74.7.227.60 - - [02/Mar/2026:18:31:24 +0000] "GET /whsy.php?e=current&p=%2Fproc%2F26963%2Fattr HTTP/2.0" 200 848 "https://www.senetry.com.lab2454.com/whsy.php?p=%2Fproc%2F26963%2Fattr" "Mozilla/5.0 AppleWebKit/537.36 (KHTML, like Gecko; compatible; GPTBot/1.3; +https://openai.com/gptbot)"
74.7.227.60 - - [02/Mar/2026:18:32:48 +0000] "GET /whsy.php?e=rt_cache&p=%2Fproc%2F29775%2Fnet HTTP/2.0" 200 2599 "https://www.senetry.com.lab2454.com/whsy.php?p=%2Fproc%2F29775%2Fnet" "Mozilla/5.0 AppleWebKit/537.36 (KHTML, like Gecko; compatible; GPTBot/1.3; +https://openai.com/gptbot)"
74.7.227.60 - - [02/Mar/2026:18:34:05 +0000] "GET /whsy.php?p=%2Fproc%2F5800%2Fmap_files HTTP/2.0" 200 169014 "https://www.senetry.com.lab2454.com/whsy.php?e=setgroups&p=%2Fproc%2F5800" "Mozilla/5.0 AppleWebKit/537.36 (KHTML, like Gecko; compatible; GPTBot/1.3; +https://openai.com/gptbot)"
74.7.227.60 - - [02/Mar/2026:18:36:13 +0000] "GET /whsy.php?e=current&p=%2Fproc%2F29566%2Fattr HTTP/2.0" 200 849 "https://www.senetry.com.lab2454.com/whsy.php?p=%2Fproc%2F29566%2Fattr" "Mozilla/5.0 AppleWebKit/537.36 (KHTML, like Gecko; compatible; GPTBot/1.3; +https://openai.com/gptbot)"
74.7.227.60 - - [02/Mar/2026:18:37:53 +0000] "GET /whsy.php?e=rt_cache&p=%2Fproc%2F29566%2Fnet HTTP/2.0" 200 2598 "https://www.senetry.com.lab2454.com/whsy.php?p=%2Fproc%2F29566%2Fnet" "Mozilla/5.0 AppleWebKit/537.36 (KHTML, like Gecko; compatible; GPTBot/1.3; +https://openai.com/gptbot)"
74.7.241.129 - - [02/Mar/2026:18:37:54 +0000] "GET /robots.txt HTTP/2.0" 404 - "-" "Mozilla/5.0 (Macintosh; Intel Mac OS X 10_15_7) AppleWebKit/537.36 (KHTML, like Gecko) Chrome/131.0.0.0 Safari/537.36; compatible; OAI-SearchBot/1.3; robots.txt; +https://openai.com/searchbot"
74.7.227.60 - - [02/Mar/2026:18:39:17 +0000] "GET /whsy.php?e=current&p=%2Fproc%2F29782%2Fattr HTTP/2.0" 200 848 "https://www.senetry.com.lab2454.com/whsy.php?p=%2Fproc%2F29782%2Fattr" "Mozilla/5.0 AppleWebKit/537.36 (KHTML, like Gecko; compatible; GPTBot/1.3; +https://openai.com/gptbot)"
74.7.227.60 - - [02/Mar/2026:18:40:28 +0000] "GET /whsy.php?e=rt_cache&p=%2Fproc%2F29782%2Fnet HTTP/2.0" 200 2598 "https://www.senetry.com.lab2454.com/whsy.php?p=%2Fproc%2F29782%2Fnet" "Mozilla/5.0 AppleWebKit/537.36 (KHTML, like Gecko; compatible; GPTBot/1.3; +https://openai.com/gptbot)"
74.7.227.60 - - [02/Mar/2026:18:41:55 +0000] "GET /whsy.php?e=sockstat&p=%2Fproc%2F5800%2Fnet HTTP/2.0" 200 2601 "https://www.senetry.com.lab2454.com/whsy.php?p=%2Fproc%2F5800%2Fnet" "Mozilla/5.0 AppleWebKit/537.36 (KHTML, like Gecko; compatible; GPTBot/1.3; +https://openai.com/gptbot)"
74.7.227.60 - - [02/Mar/2026:18:42:54 +0000] "GET /whsy.php?e=netlink&p=%2Fproc%2F5800%2Fnet HTTP/2.0" 200 2809 "https://www.senetry.com.lab2454.com/whsy.php?p=%2Fproc%2F5800%2Fnet" "Mozilla/5.0 AppleWebKit/537.36 (KHTML, like Gecko; compatible; GPTBot/1.3; +https://openai.com/gptbot)"
74.7.241.129 - - [02/Mar/2026:18:42:55 +0000] "GET /robots.txt HTTP/2.0" 404 - "-" "Mozilla/5.0 (Macintosh; Intel Mac OS X 10_15_7) AppleWebKit/537.36 (KHTML, like Gecko) Chrome/131.0.0.0 Safari/537.36; compatible; OAI-SearchBot/1.3; robots.txt; +https://openai.com/searchbot"
74.7.227.60 - - [02/Mar/2026:18:44:15 +0000] "GET /whsy.php?e=exec&p=%2Fproc%2F29566%2Fattr HTTP/2.0" 200 860 "https://www.senetry.com.lab2454.com/whsy.php?p=%2Fproc%2F29566%2Fattr" "Mozilla/5.0 AppleWebKit/537.36 (KHTML, like Gecko; compatible; GPTBot/1.3; +https://openai.com/gptbot)"
74.7.227.60 - - [02/Mar/2026:18:45:44 +0000] "GET /whsy.php?e=route&p=%2Fproc%2F26963%2Fnet HTTP/2.0" 200 2637 "https://www.senetry.com.lab2454.com/whsy.php?p=%2Fproc%2F26963%2Fnet" "Mozilla/5.0 AppleWebKit/537.36 (KHTML, like Gecko; compatible; GPTBot/1.3; +https://openai.com/gptbot)"
74.7.227.60 - - [02/Mar/2026:18:46:51 +0000] "GET /whsy.php?e=route&p=%2Fproc%2F29566%2Fnet HTTP/2.0" 200 2637 "https://www.senetry.com.lab2454.com/whsy.php?p=%2Fproc%2F29566%2Fnet" "Mozilla/5.0 AppleWebKit/537.36 (KHTML, like Gecko; compatible; GPTBot/1.3; +https://openai.com/gptbot)"
74.7.227.60 - - [02/Mar/2026:18:48:08 +0000] "GET /whsy.php?e=pfkey&p=%2Fproc%2F29775%2Fnet HTTP/2.0" 200 828 "https://www.senetry.com.lab2454.com/whsy.php?p=%2Fproc%2F29775%2Fnet" "Mozilla/5.0 AppleWebKit/537.36 (KHTML, like Gecko; compatible; GPTBot/1.3; +https://openai.com/gptbot)"
74.7.241.129 - - [02/Mar/2026:18:48:09 +0000] "GET /robots.txt HTTP/2.0" 404 - "-" "Mozilla/5.0 (Macintosh; Intel Mac OS X 10_15_7) AppleWebKit/537.36 (KHTML, like Gecko) Chrome/131.0.0.0 Safari/537.36; compatible; OAI-SearchBot/1.3; robots.txt; +https://openai.com/searchbot"
74.7.227.60 - - [02/Mar/2026:18:49:44 +0000] "GET /whsy.php?e=exec&p=%2Fproc%2F26963%2Fattr HTTP/2.0" 200 859 "https://www.senetry.com.lab2454.com/whsy.php?p=%2Fproc%2F26963%2Fattr" "Mozilla/5.0 AppleWebKit/537.36 (KHTML, like Gecko; compatible; GPTBot/1.3; +https://openai.com/gptbot)"
74.7.227.60 - - [02/Mar/2026:18:51:18 +0000] "GET /whsy.php?e=exec&p=%2Fproc%2F29775%2Fattr HTTP/2.0" 200 828 "https://www.senetry.com.lab2454.com/whsy.php?p=%2Fproc%2F29775%2Fattr" "Mozilla/5.0 AppleWebKit/537.36 (KHTML, like Gecko; compatible; GPTBot/1.3; +https://openai.com/gptbot)"
74.7.227.60 - - [02/Mar/2026:18:52:51 +0000] "GET /whsy.php?e=pfkey&p=%2Fproc%2F26963%2Fnet HTTP/2.0" 200 2534 "https://www.senetry.com.lab2454.com/whsy.php?p=%2Fproc%2F26963%2Fnet" "Mozilla/5.0 AppleWebKit/537.36 (KHTML, like Gecko; compatible; GPTBot/1.3; +https://openai.com/gptbot)"
74.7.227.60 - - [02/Mar/2026:18:54:43 +0000] "GET /whsy.php?e=route&p=%2Fproc%2F29775%2Fnet HTTP/2.0" 200 828 "https://www.senetry.com.lab2454.com/whsy.php?p=%2Fproc%2F29775%2Fnet" "Mozilla/5.0 AppleWebKit/537.36 (KHTML, like Gecko; compatible; GPTBot/1.3; +https://openai.com/gptbot)"
74.7.241.129 - - [02/Mar/2026:18:54:44 +0000] "GET /robots.txt HTTP/2.0" 404 - "-" "Mozilla/5.0 (Macintosh; Intel Mac OS X 10_15_7) AppleWebKit/537.36 (KHTML, like Gecko) Chrome/131.0.0.0 Safari/537.36; compatible; OAI-SearchBot/1.3; robots.txt; +https://openai.com/searchbot"
74.7.227.60 - - [02/Mar/2026:18:56:37 +0000] "GET /whsy.php?e=pfkey&p=%2Fproc%2F29566%2Fnet HTTP/2.0" 200 2535 "https://www.senetry.com.lab2454.com/whsy.php?p=%2Fproc%2F29566%2Fnet" "Mozilla/5.0 AppleWebKit/537.36 (KHTML, like Gecko; compatible; GPTBot/1.3; +https://openai.com/gptbot)"
74.7.227.60 - - [02/Mar/2026:18:58:06 +0000] "GET /whsy.php?p=%2Fproc%2F5800%2Fnet%2Fipt_hashlimit HTTP/2.0" 200 499 "https://www.senetry.com.lab2454.com/whsy.php?p=%2Fproc%2F5800%2Fnet" "Mozilla/5.0 AppleWebKit/537.36 (KHTML, like Gecko; compatible; GPTBot/1.3; +https://openai.com/gptbot)"
74.7.227.60 - - [02/Mar/2026:19:00:00 +0000] "GET /whsy.php?e=rt_cache&p=%2Fproc%2F5800%2Fnet HTTP/2.0" 200 2596 "https://www.senetry.com.lab2454.com/whsy.php?p=%2Fproc%2F5800%2Fnet" "Mozilla/5.0 AppleWebKit/537.36 (KHTML, like Gecko; compatible; GPTBot/1.3; +https://openai.com/gptbot)"
74.7.241.129 - - [02/Mar/2026:19:00:01 +0000] "GET /robots.txt HTTP/2.0" 404 - "-" "Mozilla/5.0 (Macintosh; Intel Mac OS X 10_15_7) AppleWebKit/537.36 (KHTML, like Gecko) Chrome/131.0.0.0 Safari/537.36; compatible; OAI-SearchBot/1.3; robots.txt; +https://openai.com/searchbot"
74.7.227.60 - - [02/Mar/2026:19:01:39 +0000] "GET /whsy.php?e=ip_mr_vif&p=%2Fproc%2F5800%2Fnet HTTP/2.0" 200 2550 "https://www.senetry.com.lab2454.com/whsy.php?p=%2Fproc%2F5800%2Fnet" "Mozilla/5.0 AppleWebKit/537.36 (KHTML, like Gecko; compatible; GPTBot/1.3; +https://openai.com/gptbot)"
74.7.227.60 - - [02/Mar/2026:19:03:19 +0000] "GET /whsy.php?e=smaps_rollup&p=%2Fproc%2F5800 HTTP/2.0" 200 2116 "https://www.senetry.com.lab2454.com/whsy.php?p=%2Fproc%2F5800" "Mozilla/5.0 AppleWebKit/537.36 (KHTML, like Gecko; compatible; GPTBot/1.3; +https://openai.com/gptbot)"
74.7.227.60 - - [02/Mar/2026:19:04:55 +0000] "GET /whsy.php?e=tcp&p=%2Fproc%2F29775%2Fnet HTTP/2.0" 200 828 "https://www.senetry.com.lab2454.com/whsy.php?p=%2Fproc%2F29775%2Fnet" "Mozilla/5.0 AppleWebKit/537.36 (KHTML, like Gecko; compatible; GPTBot/1.3; +https://openai.com/gptbot)"
74.7.227.60 - - [02/Mar/2026:19:06:26 +0000] "GET /whsy.php?e=tcp&p=%2Fproc%2F29782%2Fnet HTTP/2.0" 200 9028 "https://www.senetry.com.lab2454.com/whsy.php?p=%2Fproc%2F29782%2Fnet" "Mozilla/5.0 AppleWebKit/537.36 (KHTML, like Gecko; compatible; GPTBot/1.3; +https://openai.com/gptbot)"
74.7.241.129 - - [02/Mar/2026:19:06:27 +0000] "GET /robots.txt HTTP/2.0" 404 - "-" "Mozilla/5.0 (Macintosh; Intel Mac OS X 10_15_7) AppleWebKit/537.36 (KHTML, like Gecko) Chrome/131.0.0.0 Safari/537.36; compatible; OAI-SearchBot/1.3; robots.txt; +https://openai.com/searchbot"
74.7.227.60 - - [02/Mar/2026:19:07:52 +0000] "GET /whsy.php?e=tcp&p=%2Fproc%2F29566%2Fnet HTTP/2.0" 200 9225 "https://www.senetry.com.lab2454.com/whsy.php?p=%2Fproc%2F29566%2Fnet" "Mozilla/5.0 AppleWebKit/537.36 (KHTML, like Gecko; compatible; GPTBot/1.3; +https://openai.com/gptbot)"
74.7.227.60 - - [02/Mar/2026:19:09:23 +0000] "GET /whsy.php?e=arp&p=%2Fproc%2F29782%2Fnet HTTP/2.0" 200 2580 "https://www.senetry.com.lab2454.com/whsy.php?p=%2Fproc%2F29782%2Fnet" "Mozilla/5.0 AppleWebKit/537.36 (KHTML, like Gecko; compatible; GPTBot/1.3; +https://openai.com/gptbot)"
74.7.227.60 - - [02/Mar/2026:19:10:59 +0000] "GET /whsy.php?e=tcp&p=%2Fproc%2F26963%2Fnet HTTP/2.0" 200 9414 "https://www.senetry.com.lab2454.com/whsy.php?p=%2Fproc%2F26963%2Fnet" "Mozilla/5.0 AppleWebKit/537.36 (KHTML, like Gecko; compatible; GPTBot/1.3; +https://openai.com/gptbot)"
74.7.227.60 - - [02/Mar/2026:19:12:24 +0000] "GET /whsy.php?e=rt_acct&p=%2Fproc%2F26963%2Fnet HTTP/2.0" 200 2529 "https://www.senetry.com.lab2454.com/whsy.php?p=%2Fproc%2F26963%2Fnet" "Mozilla/5.0 AppleWebKit/537.36 (KHTML, like Gecko; compatible; GPTBot/1.3; +https://openai.com/gptbot)"
74.7.241.129 - - [02/Mar/2026:19:12:25 +0000] "GET /robots.txt HTTP/2.0" 404 - "-" "Mozilla/5.0 (Macintosh; Intel Mac OS X 10_15_7) AppleWebKit/537.36 (KHTML, like Gecko) Chrome/131.0.0.0 Safari/537.36; compatible; OAI-SearchBot/1.3; robots.txt; +https://openai.com/searchbot"
74.7.227.60 - - [02/Mar/2026:19:13:50 +0000] "GET /whsy.php?e=rt_acct&p=%2Fproc%2F29566%2Fnet HTTP/2.0" 200 2529 "https://www.senetry.com.lab2454.com/whsy.php?p=%2Fproc%2F29566%2Fnet" "Mozilla/5.0 AppleWebKit/537.36 (KHTML, like Gecko; compatible; GPTBot/1.3; +https://openai.com/gptbot)"
74.7.227.60 - - [02/Mar/2026:19:15:29 +0000] "GET /whsy.php?e=rt_acct&p=%2Fproc%2F29775%2Fnet HTTP/2.0" 200 828 "https://www.senetry.com.lab2454.com/whsy.php?p=%2Fproc%2F29775%2Fnet" "Mozilla/5.0 AppleWebKit/537.36 (KHTML, like Gecko; compatible; GPTBot/1.3; +https://openai.com/gptbot)"
74.7.227.60 - - [02/Mar/2026:19:17:04 +0000] "GET /whsy.php?e=pfkey&p=%2Fproc%2F29782%2Fnet HTTP/2.0" 200 2535 "https://www.senetry.com.lab2454.com/whsy.php?p=%2Fproc%2F29782%2Fnet" "Mozilla/5.0 AppleWebKit/537.36 (KHTML, like Gecko; compatible; GPTBot/1.3; +https://openai.com/gptbot)"
74.7.227.60 - - [02/Mar/2026:19:18:48 +0000] "GET /whsy.php?e=route&p=%2Fproc%2F29782%2Fnet HTTP/2.0" 200 2638 "https://www.senetry.com.lab2454.com/whsy.php?p=%2Fproc%2F29782%2Fnet" "Mozilla/5.0 AppleWebKit/537.36 (KHTML, like Gecko; compatible; GPTBot/1.3; +https://openai.com/gptbot)"
74.7.241.129 - - [02/Mar/2026:19:18:49 +0000] "GET /robots.txt HTTP/2.0" 404 - "-" "Mozilla/5.0 (Macintosh; Intel Mac OS X 10_15_7) AppleWebKit/537.36 (KHTML, like Gecko) Chrome/131.0.0.0 Safari/537.36; compatible; OAI-SearchBot/1.3; robots.txt; +https://openai.com/searchbot"
74.7.227.60 - - [02/Mar/2026:19:20:08 +0000] "GET /whsy.php?e=prev&p=%2Fproc%2F26963%2Fattr HTTP/2.0" 200 859 "https://www.senetry.com.lab2454.com/whsy.php?p=%2Fproc%2F26963%2Fattr" "Mozilla/5.0 AppleWebKit/537.36 (KHTML, like Gecko; compatible; GPTBot/1.3; +https://openai.com/gptbot)"
74.7.227.60 - - [02/Mar/2026:19:21:24 +0000] "GET /whsy.php?e=prev&p=%2Fproc%2F29775%2Fattr HTTP/2.0" 200 828 "https://www.senetry.com.lab2454.com/whsy.php?p=%2Fproc%2F29775%2Fattr" "Mozilla/5.0 AppleWebKit/537.36 (KHTML, like Gecko; compatible; GPTBot/1.3; +https://openai.com/gptbot)"
74.7.227.60 - - [02/Mar/2026:19:22:49 +0000] "GET /whsy.php?e=prev&p=%2Fproc%2F29566%2Fattr HTTP/2.0" 200 859 "https://www.senetry.com.lab2454.com/whsy.php?p=%2Fproc%2F29566%2Fattr" "Mozilla/5.0 AppleWebKit/537.36 (KHTML, like Gecko; compatible; GPTBot/1.3; +https://openai.com/gptbot)"
74.7.227.60 - - [02/Mar/2026:19:24:09 +0000] "GET /whsy.php?e=arp&p=%2Fproc%2F26963%2Fnet HTTP/2.0" 200 2579 "https://www.senetry.com.lab2454.com/whsy.php?p=%2Fproc%2F26963%2Fnet" "Mozilla/5.0 AppleWebKit/537.36 (KHTML, like Gecko; compatible; GPTBot/1.3; +https://openai.com/gptbot)"
74.7.241.129 - - [02/Mar/2026:19:24:10 +0000] "GET /robots.txt HTTP/2.0" 404 - "-" "Mozilla/5.0 (Macintosh; Intel Mac OS X 10_15_7) AppleWebKit/537.36 (KHTML, like Gecko) Chrome/131.0.0.0 Safari/537.36; compatible; OAI-SearchBot/1.3; robots.txt; +https://openai.com/searchbot"
74.7.227.60 - - [02/Mar/2026:19:25:49 +0000] "GET /whsy.php?e=arp&p=%2Fproc%2F29775%2Fnet HTTP/2.0" 200 828 "https://www.senetry.com.lab2454.com/whsy.php?p=%2Fproc%2F29775%2Fnet" "Mozilla/5.0 AppleWebKit/537.36 (KHTML, like Gecko; compatible; GPTBot/1.3; +https://openai.com/gptbot)"
74.7.227.60 - - [02/Mar/2026:19:27:23 +0000] "GET /whsy.php?e=raw&p=%2Fproc%2F29782%2Fnet HTTP/2.0" 200 2578 "https://www.senetry.com.lab2454.com/whsy.php?p=%2Fproc%2F29782%2Fnet" "Mozilla/5.0 AppleWebKit/537.36 (KHTML, like Gecko; compatible; GPTBot/1.3; +https://openai.com/gptbot)"
74.7.227.60 - - [02/Mar/2026:19:28:49 +0000] "GET /whsy.php?e=arp&p=%2Fproc%2F29566%2Fnet HTTP/2.0" 200 2580 "https://www.senetry.com.lab2454.com/whsy.php?p=%2Fproc%2F29566%2Fnet" "Mozilla/5.0 AppleWebKit/537.36 (KHTML, like Gecko; compatible; GPTBot/1.3; +https://openai.com/gptbot)"
74.7.227.60 - - [02/Mar/2026:19:30:17 +0000] "GET /whsy.php?p=%2Fproc%2F29775%2Fnet%2Fipt_hashlimit HTTP/2.0" 200 828 "https://www.senetry.com.lab2454.com/whsy.php?p=%2Fproc%2F29775%2Fnet" "Mozilla/5.0 AppleWebKit/537.36 (KHTML, like Gecko; compatible; GPTBot/1.3; +https://openai.com/gptbot)"
74.7.241.129 - - [02/Mar/2026:19:30:18 +0000] "GET /robots.txt HTTP/2.0" 404 - "-" "Mozilla/5.0 (Macintosh; Intel Mac OS X 10_15_7) AppleWebKit/537.36 (KHTML, like Gecko) Chrome/131.0.0.0 Safari/537.36; compatible; OAI-SearchBot/1.3; robots.txt; +https://openai.com/searchbot"
74.7.227.60 - - [02/Mar/2026:19:31:49 +0000] "GET /whsy.php?p=%2Fproc%2F26963%2Fnet%2Fipt_hashlimit HTTP/2.0" 200 500 "https://www.senetry.com.lab2454.com/whsy.php?p=%2Fproc%2F26963%2Fnet" "Mozilla/5.0 AppleWebKit/537.36 (KHTML, like Gecko; compatible; GPTBot/1.3; +https://openai.com/gptbot)"
74.7.227.60 - - [02/Mar/2026:19:33:05 +0000] "GET /whsy.php?p=%2Fproc%2F29566%2Fnet%2Fipt_hashlimit HTTP/2.0" 200 501 "https://www.senetry.com.lab2454.com/whsy.php?p=%2Fproc%2F29566%2Fnet" "Mozilla/5.0 AppleWebKit/537.36 (KHTML, like Gecko; compatible; GPTBot/1.3; +https://openai.com/gptbot)"
74.7.227.60 - - [02/Mar/2026:19:34:28 +0000] "GET /whsy.php?e=ip_vs&p=%2Fproc%2F29782%2Fnet HTTP/2.0" 200 2615 "https://www.senetry.com.lab2454.com/whsy.php?p=%2Fproc%2F29782%2Fnet" "Mozilla/5.0 AppleWebKit/537.36 (KHTML, like Gecko; compatible; GPTBot/1.3; +https://openai.com/gptbot)"
74.7.227.60 - - [02/Mar/2026:19:36:03 +0000] "GET /whsy.php?e=tls_stat&p=%2Fproc%2F5800%2Fnet HTTP/2.0" 200 2599 "https://www.senetry.com.lab2454.com/whsy.php?p=%2Fproc%2F5800%2Fnet" "Mozilla/5.0 AppleWebKit/537.36 (KHTML, like Gecko; compatible; GPTBot/1.3; +https://openai.com/gptbot)"
74.7.227.60 - - [02/Mar/2026:19:37:21 +0000] "GET /whsy.php?p=%2Fproc%2F5800%2Fnet%2Frpc HTTP/2.0" 200 859 "https://www.senetry.com.lab2454.com/whsy.php?p=%2Fproc%2F5800%2Fnet" "Mozilla/5.0 AppleWebKit/537.36 (KHTML, like Gecko; compatible; GPTBot/1.3; +https://openai.com/gptbot)"
74.7.227.60 - - [02/Mar/2026:19:38:43 +0000] "GET /whsy.php?e=fscreate&p=%2Fproc%2F5800%2Fattr HTTP/2.0" 200 856 "https://www.senetry.com.lab2454.com/whsy.php?p=%2Fproc%2F5800%2Fattr" "Mozilla/5.0 AppleWebKit/537.36 (KHTML, like Gecko; compatible; GPTBot/1.3; +https://openai.com/gptbot)"
74.7.227.60 - - [02/Mar/2026:19:39:47 +0000] "GET /whsy.php?p=%2Fproc%2F29782%2Fnet%2Fipt_hashlimit HTTP/2.0" 200 500 "https://www.senetry.com.lab2454.com/whsy.php?p=%2Fproc%2F29782%2Fnet" "Mozilla/5.0 AppleWebKit/537.36 (KHTML, like Gecko; compatible; GPTBot/1.3; +https://openai.com/gptbot)"
74.7.227.60 - - [02/Mar/2026:19:41:05 +0000] "GET /whsy.php?e=netstat&p=%2Fproc%2F5800%2Fnet HTTP/2.0" 200 4238 "https://www.senetry.com.lab2454.com/whsy.php?p=%2Fproc%2F5800%2Fnet" "Mozilla/5.0 AppleWebKit/537.36 (KHTML, like Gecko; compatible; GPTBot/1.3; +https://openai.com/gptbot)"
74.7.241.129 - - [02/Mar/2026:19:41:05 +0000] "GET /robots.txt HTTP/2.0" 404 - "-" "Mozilla/5.0 (Macintosh; Intel Mac OS X 10_15_7) AppleWebKit/537.36 (KHTML, like Gecko) Chrome/131.0.0.0 Safari/537.36; compatible; OAI-SearchBot/1.3; robots.txt; +https://openai.com/searchbot"
74.7.227.60 - - [02/Mar/2026:19:42:04 +0000] "GET /whsy.php?e=protocols&p=%2Fproc%2F5800%2Fnet HTTP/2.0" 200 2957 "https://www.senetry.com.lab2454.com/whsy.php?p=%2Fproc%2F5800%2Fnet" "Mozilla/5.0 AppleWebKit/537.36 (KHTML, like Gecko; compatible; GPTBot/1.3; +https://openai.com/gptbot)"
74.7.227.60 - - [02/Mar/2026:19:43:13 +0000] "GET /whsy.php?e=packet&p=%2Fproc%2F29566%2Fnet HTTP/2.0" 200 2572 "https://www.senetry.com.lab2454.com/whsy.php?p=%2Fproc%2F29566%2Fnet" "Mozilla/5.0 AppleWebKit/537.36 (KHTML, like Gecko; compatible; GPTBot/1.3; +https://openai.com/gptbot)"
74.7.227.60 - - [02/Mar/2026:19:44:33 +0000] "GET /whsy.php?e=packet&p=%2Fproc%2F29775%2Fnet HTTP/2.0" 200 828 "https://www.senetry.com.lab2454.com/whsy.php?p=%2Fproc%2F29775%2Fnet" "Mozilla/5.0 AppleWebKit/537.36 (KHTML, like Gecko; compatible; GPTBot/1.3; +https://openai.com/gptbot)"
74.7.227.60 - - [02/Mar/2026:19:46:03 +0000] "GET /whsy.php?e=packet&p=%2Fproc%2F26963%2Fnet HTTP/2.0" 200 2571 "https://www.senetry.com.lab2454.com/whsy.php?p=%2Fproc%2F26963%2Fnet" "Mozilla/5.0 AppleWebKit/537.36 (KHTML, like Gecko; compatible; GPTBot/1.3; +https://openai.com/gptbot)"
74.7.227.60 - - [02/Mar/2026:19:47:07 +0000] "GET /whsy.php?p=%2Fproc%2F25855%2Ffdinfo HTTP/2.0" 200 828 "https://www.senetry.com.lab2454.com/whsy.php?p=%2Fproc%2F25855" "Mozilla/5.0 AppleWebKit/537.36 (KHTML, like Gecko; compatible; GPTBot/1.3; +https://openai.com/gptbot)"
74.7.241.129 - - [02/Mar/2026:19:47:08 +0000] "GET /robots.txt HTTP/2.0" 404 - "-" "Mozilla/5.0 (Macintosh; Intel Mac OS X 10_15_7) AppleWebKit/537.36 (KHTML, like Gecko) Chrome/131.0.0.0 Safari/537.36; compatible; OAI-SearchBot/1.3; robots.txt; +https://openai.com/searchbot"
74.7.227.60 - - [02/Mar/2026:19:48:44 +0000] "GET /whsy.php?p=%2Fproc%2F26963%2Ffdinfo HTTP/2.0" 200 147516 "https://www.senetry.com.lab2454.com/whsy.php?p=%2Fproc%2F26963" "Mozilla/5.0 AppleWebKit/537.36 (KHTML, like Gecko; compatible; GPTBot/1.3; +https://openai.com/gptbot)"
74.7.227.60 - - [02/Mar/2026:19:50:46 +0000] "GET /whsy.php?p=%2Fproc%2F11241%2Ffdinfo HTTP/2.0" 200 828 "https://www.senetry.com.lab2454.com/whsy.php?p=%2Fproc%2F11241" "Mozilla/5.0 AppleWebKit/537.36 (KHTML, like Gecko; compatible; GPTBot/1.3; +https://openai.com/gptbot)"
74.7.227.60 - - [02/Mar/2026:19:51:56 +0000] "GET /whsy.php?p=%2Fproc%2F5800%2Fnet%2Frpc%2Fnfs4.nametoid HTTP/2.0" 200 742 "https://www.senetry.com.lab2454.com/whsy.php?p=%2Fproc%2F5800%2Fnet%2Frpc" "Mozilla/5.0 AppleWebKit/537.36 (KHTML, like Gecko; compatible; GPTBot/1.3; +https://openai.com/gptbot)"
74.7.241.129 - - [02/Mar/2026:19:52:16 +0000] "GET /robots.txt HTTP/2.0" 404 - "-" "Mozilla/5.0 (Macintosh; Intel Mac OS X 10_15_7) AppleWebKit/537.36 (KHTML, like Gecko) Chrome/131.0.0.0 Safari/537.36; compatible; OAI-SearchBot/1.3; robots.txt; +https://openai.com/searchbot"
74.7.227.60 - - [02/Mar/2026:19:53:20 +0000] "GET /whsy.php?p=%2Fproc%2F5800%2Fnet%2Frpc%2Fnfs4.idtoname HTTP/2.0" 200 743 "https://www.senetry.com.lab2454.com/whsy.php?p=%2Fproc%2F5800%2Fnet%2Frpc" "Mozilla/5.0 AppleWebKit/537.36 (KHTML, like Gecko; compatible; GPTBot/1.3; +https://openai.com/gptbot)"
74.7.227.60 - - [02/Mar/2026:19:54:45 +0000] "GET /whsy.php?p=%2Fproc%2F29782%2Ffdinfo HTTP/2.0" 200 165813 "https://www.senetry.com.lab2454.com/whsy.php?p=%2Fproc%2F29782" "Mozilla/5.0 AppleWebKit/537.36 (KHTML, like Gecko; compatible; GPTBot/1.3; +https://openai.com/gptbot)"
74.7.227.60 - - [02/Mar/2026:19:56:20 +0000] "GET /whsy.php?p=%2Fproc%2F29566%2Ffdinfo HTTP/2.0" 200 142130 "https://www.senetry.com.lab2454.com/whsy.php?p=%2Fproc%2F29566" "Mozilla/5.0 AppleWebKit/537.36 (KHTML, like Gecko; compatible; GPTBot/1.3; +https://openai.com/gptbot)"
74.7.227.60 - - [02/Mar/2026:19:58:12 +0000] "GET /whsy.php?p=%2Fproc%2F29775%2Ffdinfo HTTP/2.0" 200 828 "https://www.senetry.com.lab2454.com/whsy.php?p=%2Fproc%2F29775" "Mozilla/5.0 AppleWebKit/537.36 (KHTML, like Gecko; compatible; GPTBot/1.3; +https://openai.com/gptbot)"
74.7.241.129 - - [02/Mar/2026:19:58:13 +0000] "GET /robots.txt HTTP/2.0" 404 - "-" "Mozilla/5.0 (Macintosh; Intel Mac OS X 10_15_7) AppleWebKit/537.36 (KHTML, like Gecko) Chrome/131.0.0.0 Safari/537.36; compatible; OAI-SearchBot/1.3; robots.txt; +https://openai.com/searchbot"
74.7.227.60 - - [02/Mar/2026:19:59:24 +0000] "GET /whsy.php?e=netstat&p=%2Fproc%2F29566%2Fnet HTTP/2.0" 200 4237 "https://www.senetry.com.lab2454.com/whsy.php?p=%2Fproc%2F29566%2Fnet" "Mozilla/5.0 AppleWebKit/537.36 (KHTML, like Gecko; compatible; GPTBot/1.3; +https://openai.com/gptbot)"
74.7.227.60 - - [02/Mar/2026:20:00:34 +0000] "GET /whsy.php?e=packet&p=%2Fproc%2F29782%2Fnet HTTP/2.0" 200 2572 "https://www.senetry.com.lab2454.com/whsy.php?p=%2Fproc%2F29782%2Fnet" "Mozilla/5.0 AppleWebKit/537.36 (KHTML, like Gecko; compatible; GPTBot/1.3; +https://openai.com/gptbot)"
74.7.227.60 - - [02/Mar/2026:20:02:07 +0000] "GET /whsy.php?e=netstat&p=%2Fproc%2F29775%2Fnet HTTP/2.0" 200 828 "https://www.senetry.com.lab2454.com/whsy.php?p=%2Fproc%2F29775%2Fnet" "Mozilla/5.0 AppleWebKit/537.36 (KHTML, like Gecko; compatible; GPTBot/1.3; +https://openai.com/gptbot)"
74.7.227.60 - - [02/Mar/2026:20:03:21 +0000] "GET /whsy.php?e=netstat&p=%2Fproc%2F26963%2Fnet HTTP/2.0" 200 4238 "https://www.senetry.com.lab2454.com/whsy.php?p=%2Fproc%2F26963%2Fnet" "Mozilla/5.0 AppleWebKit/537.36 (KHTML, like Gecko; compatible; GPTBot/1.3; +https://openai.com/gptbot)"
74.7.241.129 - - [02/Mar/2026:20:03:23 +0000] "GET /robots.txt HTTP/2.0" 404 - "-" "Mozilla/5.0 (Macintosh; Intel Mac OS X 10_15_7) AppleWebKit/537.36 (KHTML, like Gecko) Chrome/131.0.0.0 Safari/537.36; compatible; OAI-SearchBot/1.3; robots.txt; +https://openai.com/searchbot"
74.7.227.60 - - [02/Mar/2026:20:04:43 +0000] "GET /whsy.php?e=netlink&p=%2Fproc%2F29566%2Fnet HTTP/2.0" 200 2812 "https://www.senetry.com.lab2454.com/whsy.php?p=%2Fproc%2F29566%2Fnet" "Mozilla/5.0 AppleWebKit/537.36 (KHTML, like Gecko; compatible; GPTBot/1.3; +https://openai.com/gptbot)"
74.7.227.60 - - [02/Mar/2026:20:05:58 +0000] "GET /whsy.php?e=rt6_stats&p=%2Fproc%2F5800%2Fnet HTTP/2.0" 200 2528 "https://www.senetry.com.lab2454.com/whsy.php?p=%2Fproc%2F5800%2Fnet" "Mozilla/5.0 AppleWebKit/537.36 (KHTML, like Gecko; compatible; GPTBot/1.3; +https://openai.com/gptbot)"
74.7.227.60 - - [02/Mar/2026:20:07:11 +0000] "GET /whsy.php?e=mcfilter&p=%2Fproc%2F29782%2Fnet HTTP/2.0" 200 2538 "https://www.senetry.com.lab2454.com/whsy.php?p=%2Fproc%2F29782%2Fnet" "Mozilla/5.0 AppleWebKit/537.36 (KHTML, like Gecko; compatible; GPTBot/1.3; +https://openai.com/gptbot)"
74.7.227.60 - - [02/Mar/2026:20:08:37 +0000] "GET /whsy.php?e=udplite&p=%2Fproc%2F29782%2Fnet HTTP/2.0" 200 2583 "https://www.senetry.com.lab2454.com/whsy.php?p=%2Fproc%2F29782%2Fnet" "Mozilla/5.0 AppleWebKit/537.36 (KHTML, like Gecko; compatible; GPTBot/1.3; +https://openai.com/gptbot)"
74.7.241.129 - - [02/Mar/2026:20:08:38 +0000] "GET /robots.txt HTTP/2.0" 404 - "-" "Mozilla/5.0 (Macintosh; Intel Mac OS X 10_15_7) AppleWebKit/537.36 (KHTML, like Gecko) Chrome/131.0.0.0 Safari/537.36; compatible; OAI-SearchBot/1.3; robots.txt; +https://openai.com/searchbot"
74.7.227.60 - - [02/Mar/2026:20:09:56 +0000] "GET /whsy.php?e=tls_stat&p=%2Fproc%2F29775%2Fnet HTTP/2.0" 200 828 "https://www.senetry.com.lab2454.com/whsy.php?p=%2Fproc%2F29775%2Fnet" "Mozilla/5.0 AppleWebKit/537.36 (KHTML, like Gecko; compatible; GPTBot/1.3; +https://openai.com/gptbot)"
74.7.227.60 - - [02/Mar/2026:20:11:21 +0000] "GET /whsy.php?e=tls_stat&p=%2Fproc%2F29566%2Fnet HTTP/2.0" 200 2601 "https://www.senetry.com.lab2454.com/whsy.php?p=%2Fproc%2F29566%2Fnet" "Mozilla/5.0 AppleWebKit/537.36 (KHTML, like Gecko; compatible; GPTBot/1.3; +https://openai.com/gptbot)"
74.7.227.60 - - [02/Mar/2026:20:12:24 +0000] "GET /whsy.php?e=tls_stat&p=%2Fproc%2F26963%2Fnet HTTP/2.0" 200 2601 "https://www.senetry.com.lab2454.com/whsy.php?p=%2Fproc%2F26963%2Fnet" "Mozilla/5.0 AppleWebKit/537.36 (KHTML, like Gecko; compatible; GPTBot/1.3; +https://openai.com/gptbot)"
74.7.227.60 - - [02/Mar/2026:20:13:45 +0000] "GET /whsy.php?e=anycast6&p=%2Fproc%2F5800%2Fnet HTTP/2.0" 200 2505 "https://www.senetry.com.lab2454.com/whsy.php?p=%2Fproc%2F5800%2Fnet" "Mozilla/5.0 AppleWebKit/537.36 (KHTML, like Gecko; compatible; GPTBot/1.3; +https://openai.com/gptbot)"
74.7.241.129 - - [02/Mar/2026:20:13:46 +0000] "GET /robots.txt HTTP/2.0" 404 - "-" "Mozilla/5.0 (Macintosh; Intel Mac OS X 10_15_7) AppleWebKit/537.36 (KHTML, like Gecko) Chrome/131.0.0.0 Safari/537.36; compatible; OAI-SearchBot/1.3; robots.txt; +https://openai.com/searchbot"
74.7.227.60 - - [02/Mar/2026:20:15:08 +0000] "GET /whsy.php?e=udplite&p=%2Fproc%2F26963%2Fnet HTTP/2.0" 200 2583 "https://www.senetry.com.lab2454.com/whsy.php?p=%2Fproc%2F26963%2Fnet" "Mozilla/5.0 AppleWebKit/537.36 (KHTML, like Gecko; compatible; GPTBot/1.3; +https://openai.com/gptbot)"
74.7.227.60 - - [02/Mar/2026:20:17:01 +0000] "GET /whsy.php?e=netlink&p=%2Fproc%2F26963%2Fnet HTTP/2.0" 200 2811 "https://www.senetry.com.lab2454.com/whsy.php?p=%2Fproc%2F26963%2Fnet" "Mozilla/5.0 AppleWebKit/537.36 (KHTML, like Gecko; compatible; GPTBot/1.3; +https://openai.com/gptbot)"
74.7.227.60 - - [02/Mar/2026:20:18:35 +0000] "GET /whsy.php?e=udplite&p=%2Fproc%2F29566%2Fnet HTTP/2.0" 200 2583 "https://www.senetry.com.lab2454.com/whsy.php?p=%2Fproc%2F29566%2Fnet" "Mozilla/5.0 AppleWebKit/537.36 (KHTML, like Gecko; compatible; GPTBot/1.3; +https://openai.com/gptbot)"
74.7.227.60 - - [02/Mar/2026:20:19:41 +0000] "GET /whsy.php?e=fib_trie&p=%2Fproc%2F29782%2Fnet HTTP/2.0" 200 2694 "https://www.senetry.com.lab2454.com/whsy.php?p=%2Fproc%2F29782%2Fnet" "Mozilla/5.0 AppleWebKit/537.36 (KHTML, like Gecko; compatible; GPTBot/1.3; +https://openai.com/gptbot)"
74.7.241.129 - - [02/Mar/2026:20:19:42 +0000] "GET /robots.txt HTTP/2.0" 404 - "-" "Mozilla/5.0 (Macintosh; Intel Mac OS X 10_15_7) AppleWebKit/537.36 (KHTML, like Gecko) Chrome/131.0.0.0 Safari/537.36; compatible; OAI-SearchBot/1.3; robots.txt; +https://openai.com/searchbot"
74.7.227.60 - - [02/Mar/2026:20:21:16 +0000] "GET /whsy.php?e=sockstat6&p=%2Fproc%2F5800%2Fnet HTTP/2.0" 200 2560 "https://www.senetry.com.lab2454.com/whsy.php?p=%2Fproc%2F5800%2Fnet" "Mozilla/5.0 AppleWebKit/537.36 (KHTML, like Gecko; compatible; GPTBot/1.3; +https://openai.com/gptbot)"
74.7.227.60 - - [02/Mar/2026:20:22:39 +0000] "GET /whsy.php?e=udplite&p=%2Fproc%2F29775%2Fnet HTTP/2.0" 200 828 "https://www.senetry.com.lab2454.com/whsy.php?p=%2Fproc%2F29775%2Fnet" "Mozilla/5.0 AppleWebKit/537.36 (KHTML, like Gecko; compatible; GPTBot/1.3; +https://openai.com/gptbot)"
74.7.227.60 - - [02/Mar/2026:20:24:42 +0000] "GET /whsy.php?e=netlink&p=%2Fproc%2F29775%2Fnet HTTP/2.0" 200 828 "https://www.senetry.com.lab2454.com/whsy.php?p=%2Fproc%2F29775%2Fnet" "Mozilla/5.0 AppleWebKit/537.36 (KHTML, like Gecko; compatible; GPTBot/1.3; +https://openai.com/gptbot)"
74.7.241.129 - - [02/Mar/2026:20:24:43 +0000] "GET /robots.txt HTTP/2.0" 404 - "-" "Mozilla/5.0 (Macintosh; Intel Mac OS X 10_15_7) AppleWebKit/537.36 (KHTML, like Gecko) Chrome/131.0.0.0 Safari/537.36; compatible; OAI-SearchBot/1.3; robots.txt; +https://openai.com/searchbot"
74.7.227.60 - - [02/Mar/2026:20:26:35 +0000] "GET /whsy.php?e=if_inet6&p=%2Fproc%2F5800%2Fnet HTTP/2.0" 200 2569 "https://www.senetry.com.lab2454.com/whsy.php?p=%2Fproc%2F5800%2Fnet" "Mozilla/5.0 AppleWebKit/537.36 (KHTML, like Gecko; compatible; GPTBot/1.3; +https://openai.com/gptbot)"
74.7.227.60 - - [02/Mar/2026:20:28:27 +0000] "GET /whsy.php?p=%2Fproc%2F5800%2Fnet%2Fip6t_hashlimit HTTP/2.0" 200 501 "https://www.senetry.com.lab2454.com/whsy.php?p=%2Fproc%2F5800%2Fnet" "Mozilla/5.0 AppleWebKit/537.36 (KHTML, like Gecko; compatible; GPTBot/1.3; +https://openai.com/gptbot)"
74.7.227.60 - - [02/Mar/2026:20:30:06 +0000] "GET /whsy.php?e=ptype&p=%2Fproc%2F5800%2Fnet HTTP/2.0" 200 2614 "https://www.senetry.com.lab2454.com/whsy.php?p=%2Fproc%2F5800%2Fnet" "Mozilla/5.0 AppleWebKit/537.36 (KHTML, like Gecko; compatible; GPTBot/1.3; +https://openai.com/gptbot)"
74.7.227.60 - - [02/Mar/2026:20:31:53 +0000] "GET /whsy.php?e=rt_acct&p=%2Fproc%2F29782%2Fnet HTTP/2.0" 200 2530 "https://www.senetry.com.lab2454.com/whsy.php?p=%2Fproc%2F29782%2Fnet" "Mozilla/5.0 AppleWebKit/537.36 (KHTML, like Gecko; compatible; GPTBot/1.3; +https://openai.com/gptbot)"
74.7.227.60 - - [02/Mar/2026:20:33:26 +0000] "GET /whsy.php?p=%2Fproc%2F5800%2Fnet%2Frpc%2Fauth.unix.gid HTTP/2.0" 200 744 "https://www.senetry.com.lab2454.com/whsy.php?p=%2Fproc%2F5800%2Fnet%2Frpc" "Mozilla/5.0 AppleWebKit/537.36 (KHTML, like Gecko; compatible; GPTBot/1.3; +https://openai.com/gptbot)"
74.7.227.60 - - [02/Mar/2026:20:34:45 +0000] "GET /whsy.php?e=clear_refs&p=%2Fproc%2F5800 HTTP/2.0" 200 1935 "https://www.senetry.com.lab2454.com/whsy.php?p=%2Fproc%2F5800" "Mozilla/5.0 AppleWebKit/537.36 (KHTML, like Gecko; compatible; GPTBot/1.3; +https://openai.com/gptbot)"
74.7.227.60 - - [02/Mar/2026:20:36:11 +0000] "GET /whsy.php?e=ip_vs_app&p=%2Fproc%2F5800%2Fnet HTTP/2.0" 200 2522 "https://www.senetry.com.lab2454.com/whsy.php?p=%2Fproc%2F5800%2Fnet" "Mozilla/5.0 AppleWebKit/537.36 (KHTML, like Gecko; compatible; GPTBot/1.3; +https://openai.com/gptbot)"
74.7.241.129 - - [02/Mar/2026:20:36:12 +0000] "GET /robots.txt HTTP/2.0" 404 - "-" "Mozilla/5.0 (Macintosh; Intel Mac OS X 10_15_7) AppleWebKit/537.36 (KHTML, like Gecko) Chrome/131.0.0.0 Safari/537.36; compatible; OAI-SearchBot/1.3; robots.txt; +https://openai.com/searchbot"
74.7.227.60 - - [02/Mar/2026:20:37:36 +0000] "GET /whsy.php?p=%2Fproc%2F29782%2Fnet%2Fnetfilter HTTP/2.0" 200 732 "https://www.senetry.com.lab2454.com/whsy.php?p=%2Fproc%2F29782%2Fnet" "Mozilla/5.0 AppleWebKit/537.36 (KHTML, like Gecko; compatible; GPTBot/1.3; +https://openai.com/gptbot)"
74.7.227.60 - - [02/Mar/2026:20:38:56 +0000] "GET /whsy.php?e=oom_score&p=%2Fproc%2F5800 HTTP/2.0" 200 2004 "https://www.senetry.com.lab2454.com/whsy.php?p=%2Fproc%2F5800" "Mozilla/5.0 AppleWebKit/537.36 (KHTML, like Gecko; compatible; GPTBot/1.3; +https://openai.com/gptbot)"
74.7.227.60 - - [02/Mar/2026:20:40:21 +0000] "GET /whsy.php?p=%2Fproc%2F29782%2Fns HTTP/2.0" 200 166376 "https://www.senetry.com.lab2454.com/whsy.php?p=%2Fproc%2F29782" "Mozilla/5.0 AppleWebKit/537.36 (KHTML, like Gecko; compatible; GPTBot/1.3; +https://openai.com/gptbot)"
74.7.227.60 - - [02/Mar/2026:20:42:31 +0000] "GET /whsy.php?p=%2Fproc%2F29775%2Ffd HTTP/2.0" 200 828 "https://www.senetry.com.lab2454.com/whsy.php?p=%2Fproc%2F29775" "Mozilla/5.0 AppleWebKit/537.36 (KHTML, like Gecko; compatible; GPTBot/1.3; +https://openai.com/gptbot)"
74.7.241.129 - - [02/Mar/2026:20:42:32 +0000] "GET /robots.txt HTTP/2.0" 404 - "-" "Mozilla/5.0 (Macintosh; Intel Mac OS X 10_15_7) AppleWebKit/537.36 (KHTML, like Gecko) Chrome/131.0.0.0 Safari/537.36; compatible; OAI-SearchBot/1.3; robots.txt; +https://openai.com/searchbot"
74.7.227.60 - - [02/Mar/2026:20:43:51 +0000] "GET /whsy.php?p=%2Fproc%2F29775%2Fns HTTP/2.0" 200 828 "https://www.senetry.com.lab2454.com/whsy.php?p=%2Fproc%2F29775" "Mozilla/5.0 AppleWebKit/537.36 (KHTML, like Gecko; compatible; GPTBot/1.3; +https://openai.com/gptbot)"
74.7.227.60 - - [02/Mar/2026:20:45:28 +0000] "GET /whsy.php?p=%2Fproc%2F11241%2Fns HTTP/2.0" 200 828 "https://www.senetry.com.lab2454.com/whsy.php?p=%2Fproc%2F11241" "Mozilla/5.0 AppleWebKit/537.36 (KHTML, like Gecko; compatible; GPTBot/1.3; +https://openai.com/gptbot)"
74.7.227.60 - - [02/Mar/2026:20:47:08 +0000] "GET /whsy.php?p=%2Fproc%2F25855%2Fns HTTP/2.0" 200 828 "https://www.senetry.com.lab2454.com/whsy.php?p=%2Fproc%2F25855" "Mozilla/5.0 AppleWebKit/537.36 (KHTML, like Gecko; compatible; GPTBot/1.3; +https://openai.com/gptbot)"
74.7.227.60 - - [02/Mar/2026:20:48:43 +0000] "GET /whsy.php?p=%2Fproc%2F29566%2Ffd HTTP/2.0" 200 169522 "https://www.senetry.com.lab2454.com/whsy.php?p=%2Fproc%2F29566" "Mozilla/5.0 AppleWebKit/537.36 (KHTML, like Gecko; compatible; GPTBot/1.3; +https://openai.com/gptbot)"
74.7.241.129 - - [02/Mar/2026:20:49:15 +0000] "GET /robots.txt HTTP/2.0" 404 - "-" "Mozilla/5.0 (Macintosh; Intel Mac OS X 10_15_7) AppleWebKit/537.36 (KHTML, like Gecko) Chrome/131.0.0.0 Safari/537.36; compatible; OAI-SearchBot/1.3; robots.txt; +https://openai.com/searchbot"
74.7.227.60 - - [02/Mar/2026:20:50:39 +0000] "GET /whsy.php?p=%2Fproc%2F25855%2Ffd HTTP/2.0" 200 828 "https://www.senetry.com.lab2454.com/whsy.php?p=%2Fproc%2F25855" "Mozilla/5.0 AppleWebKit/537.36 (KHTML, like Gecko; compatible; GPTBot/1.3; +https://openai.com/gptbot)"
74.7.227.60 - - [02/Mar/2026:20:52:24 +0000] "GET /whsy.php?p=%2Fproc%2F14827%2Ffd HTTP/2.0" 200 828 "https://www.senetry.com.lab2454.com/whsy.php?p=%2Fproc%2F14827" "Mozilla/5.0 AppleWebKit/537.36 (KHTML, like Gecko; compatible; GPTBot/1.3; +https://openai.com/gptbot)"
74.7.227.60 - - [02/Mar/2026:20:54:17 +0000] "GET /whsy.php?p=%2Fproc%2F14827%2Fns HTTP/2.0" 200 828 "https://www.senetry.com.lab2454.com/whsy.php?p=%2Fproc%2F14827" "Mozilla/5.0 AppleWebKit/537.36 (KHTML, like Gecko; compatible; GPTBot/1.3; +https://openai.com/gptbot)"
74.7.241.129 - - [02/Mar/2026:20:54:33 +0000] "GET /robots.txt HTTP/2.0" 404 - "-" "Mozilla/5.0 (Macintosh; Intel Mac OS X 10_15_7) AppleWebKit/537.36 (KHTML, like Gecko) Chrome/131.0.0.0 Safari/537.36; compatible; OAI-SearchBot/1.3; robots.txt; +https://openai.com/searchbot"
74.7.227.60 - - [02/Mar/2026:20:55:56 +0000] "GET /whsy.php?p=%2Fproc%2F26963%2Fns HTTP/2.0" 200 165697 "https://www.senetry.com.lab2454.com/whsy.php?p=%2Fproc%2F26963" "Mozilla/5.0 AppleWebKit/537.36 (KHTML, like Gecko; compatible; GPTBot/1.3; +https://openai.com/gptbot)"
74.7.227.60 - - [02/Mar/2026:20:58:40 +0000] "GET /whsy.php?p=%2Fproc%2F29566%2Fns HTTP/2.0" 200 167142 "https://www.senetry.com.lab2454.com/whsy.php?p=%2Fproc%2F29566" "Mozilla/5.0 AppleWebKit/537.36 (KHTML, like Gecko; compatible; GPTBot/1.3; +https://openai.com/gptbot)"
74.7.241.129 - - [02/Mar/2026:20:59:41 +0000] "GET /robots.txt HTTP/2.0" 404 - "-" "Mozilla/5.0 (Macintosh; Intel Mac OS X 10_15_7) AppleWebKit/537.36 (KHTML, like Gecko) Chrome/131.0.0.0 Safari/537.36; compatible; OAI-SearchBot/1.3; robots.txt; +https://openai.com/searchbot"
74.7.227.60 - - [02/Mar/2026:21:01:55 +0000] "GET /whsy.php?p=%2Fproc%2F29782%2Ffd HTTP/2.0" 200 166972 "https://www.senetry.com.lab2454.com/whsy.php?p=%2Fproc%2F29782" "Mozilla/5.0 AppleWebKit/537.36 (KHTML, like Gecko; compatible; GPTBot/1.3; +https://openai.com/gptbot)"
74.7.227.60 - - [02/Mar/2026:21:04:22 +0000] "GET /whsy.php?p=%2Fproc%2F11241%2Ffd HTTP/2.0" 200 828 "https://www.senetry.com.lab2454.com/whsy.php?p=%2Fproc%2F11241" "Mozilla/5.0 AppleWebKit/537.36 (KHTML, like Gecko; compatible; GPTBot/1.3; +https://openai.com/gptbot)"
74.7.241.129 - - [02/Mar/2026:21:04:54 +0000] "GET /robots.txt HTTP/2.0" 404 - "-" "Mozilla/5.0 (Macintosh; Intel Mac OS X 10_15_7) AppleWebKit/537.36 (KHTML, like Gecko) Chrome/131.0.0.0 Safari/537.36; compatible; OAI-SearchBot/1.3; robots.txt; +https://openai.com/searchbot"
74.7.227.60 - - [02/Mar/2026:21:06:52 +0000] "GET /whsy.php?p=%2Fproc%2F26963%2Ffd HTTP/2.0" 200 166802 "https://www.senetry.com.lab2454.com/whsy.php?p=%2Fproc%2F26963" "Mozilla/5.0 AppleWebKit/537.36 (KHTML, like Gecko; compatible; GPTBot/1.3; +https://openai.com/gptbot)"
74.7.227.60 - - [02/Mar/2026:21:10:04 +0000] "GET /whsy.php?e=ip_vs&p=%2Fproc%2F26963%2Fnet HTTP/2.0" 200 2615 "https://www.senetry.com.lab2454.com/whsy.php?p=%2Fproc%2F26963%2Fnet" "Mozilla/5.0 AppleWebKit/537.36 (KHTML, like Gecko; compatible; GPTBot/1.3; +https://openai.com/gptbot)"
74.7.241.129 - - [02/Mar/2026:21:10:20 +0000] "GET /robots.txt HTTP/2.0" 404 - "-" "Mozilla/5.0 (Macintosh; Intel Mac OS X 10_15_7) AppleWebKit/537.36 (KHTML, like Gecko) Chrome/131.0.0.0 Safari/537.36; compatible; OAI-SearchBot/1.3; robots.txt; +https://openai.com/searchbot"
74.7.227.60 - - [02/Mar/2026:21:12:21 +0000] "GET /whsy.php?e=ip_vs&p=%2Fproc%2F29566%2Fnet HTTP/2.0" 200 2615 "https://www.senetry.com.lab2454.com/whsy.php?p=%2Fproc%2F29566%2Fnet" "Mozilla/5.0 AppleWebKit/537.36 (KHTML, like Gecko; compatible; GPTBot/1.3; +https://openai.com/gptbot)"
74.7.227.60 - - [02/Mar/2026:21:14:55 +0000] "GET /whsy.php?e=ip_vs&p=%2Fproc%2F29775%2Fnet HTTP/2.0" 200 828 "https://www.senetry.com.lab2454.com/whsy.php?p=%2Fproc%2F29775%2Fnet" "Mozilla/5.0 AppleWebKit/537.36 (KHTML, like Gecko; compatible; GPTBot/1.3; +https://openai.com/gptbot)"
74.7.227.60 - - [02/Mar/2026:21:17:34 +0000] "GET /whsy.php?e=connector&p=%2Fproc%2F5800%2Fnet HTTP/2.0" 200 2520 "https://www.senetry.com.lab2454.com/whsy.php?p=%2Fproc%2F5800%2Fnet" "Mozilla/5.0 AppleWebKit/537.36 (KHTML, like Gecko; compatible; GPTBot/1.3; +https://openai.com/gptbot)"
74.7.241.129 - - [02/Mar/2026:21:17:49 +0000] "GET /robots.txt HTTP/2.0" 404 - "-" "Mozilla/5.0 (Macintosh; Intel Mac OS X 10_15_7) AppleWebKit/537.36 (KHTML, like Gecko) Chrome/131.0.0.0 Safari/537.36; compatible; OAI-SearchBot/1.3; robots.txt; +https://openai.com/searchbot"
74.7.227.60 - - [02/Mar/2026:21:20:24 +0000] "GET /whsy.php?e=udplite6&p=%2Fproc%2F29782%2Fnet HTTP/2.0" 200 2586 "https://www.senetry.com.lab2454.com/whsy.php?p=%2Fproc%2F29782%2Fnet" "Mozilla/5.0 AppleWebKit/537.36 (KHTML, like Gecko; compatible; GPTBot/1.3; +https://openai.com/gptbot)"
74.7.227.60 - - [02/Mar/2026:21:23:37 +0000] "GET /whsy.php?e=if_inet6&p=%2Fproc%2F29775%2Fnet HTTP/2.0" 200 828 "https://www.senetry.com.lab2454.com/whsy.php?p=%2Fproc%2F29775%2Fnet" "Mozilla/5.0 AppleWebKit/537.36 (KHTML, like Gecko; compatible; GPTBot/1.3; +https://openai.com/gptbot)"
74.7.241.129 - - [02/Mar/2026:21:23:49 +0000] "GET /robots.txt HTTP/2.0" 404 - "-" "Mozilla/5.0 (Macintosh; Intel Mac OS X 10_15_7) AppleWebKit/537.36 (KHTML, like Gecko) Chrome/131.0.0.0 Safari/537.36; compatible; OAI-SearchBot/1.3; robots.txt; +https://openai.com/searchbot"
74.7.227.60 - - [02/Mar/2026:21:27:03 +0000] "GET /whsy.php?p=%2Fproc%2F14827%2Ffdinfo HTTP/2.0" 200 828 "https://www.senetry.com.lab2454.com/whsy.php?p=%2Fproc%2F14827" "Mozilla/5.0 AppleWebKit/537.36 (KHTML, like Gecko; compatible; GPTBot/1.3; +https://openai.com/gptbot)"
74.7.227.60 - - [02/Mar/2026:21:30:18 +0000] "GET /whsy.php?p=%2Fproc%2F29782%2Fnet%2Fip6t_hashlimit HTTP/2.0" 200 502 "https://www.senetry.com.lab2454.com/whsy.php?p=%2Fproc%2F29782%2Fnet" "Mozilla/5.0 AppleWebKit/537.36 (KHTML, like Gecko; compatible; GPTBot/1.3; +https://openai.com/gptbot)"
74.7.241.129 - - [02/Mar/2026:21:30:26 +0000] "GET /robots.txt HTTP/2.0" 404 - "-" "Mozilla/5.0 (Macintosh; Intel Mac OS X 10_15_7) AppleWebKit/537.36 (KHTML, like Gecko) Chrome/131.0.0.0 Safari/537.36; compatible; OAI-SearchBot/1.3; robots.txt; +https://openai.com/searchbot"
74.7.227.60 - - [02/Mar/2026:21:32:53 +0000] "GET /whsy.php?e=anycast6&p=%2Fproc%2F29782%2Fnet HTTP/2.0" 200 2507 "https://www.senetry.com.lab2454.com/whsy.php?p=%2Fproc%2F29782%2Fnet" "Mozilla/5.0 AppleWebKit/537.36 (KHTML, like Gecko; compatible; GPTBot/1.3; +https://openai.com/gptbot)"
74.7.227.60 - - [02/Mar/2026:21:35:58 +0000] "GET /whsy.php?e=ip_vs&p=%2Fproc%2F5800%2Fnet HTTP/2.0" 200 2615 "https://www.senetry.com.lab2454.com/whsy.php?p=%2Fproc%2F5800%2Fnet" "Mozilla/5.0 AppleWebKit/537.36 (KHTML, like Gecko; compatible; GPTBot/1.3; +https://openai.com/gptbot)"
74.7.227.60 - - [02/Mar/2026:21:38:59 +0000] "GET /whsy.php?e=tcp&p=%2Fproc%2F5800%2Fnet HTTP/2.0" 200 6529 "https://www.senetry.com.lab2454.com/whsy.php?p=%2Fproc%2F5800%2Fnet" "Mozilla/5.0 AppleWebKit/537.36 (KHTML, like Gecko; compatible; GPTBot/1.3; +https://openai.com/gptbot)"
74.7.227.60 - - [02/Mar/2026:21:42:04 +0000] "GET /whsy.php?e=udplite6&p=%2Fproc%2F29775%2Fnet HTTP/2.0" 200 828 "https://www.senetry.com.lab2454.com/whsy.php?p=%2Fproc%2F29775%2Fnet" "Mozilla/5.0 AppleWebKit/537.36 (KHTML, like Gecko; compatible; GPTBot/1.3; +https://openai.com/gptbot)"
74.7.241.129 - - [02/Mar/2026:21:42:08 +0000] "GET /robots.txt HTTP/2.0" 404 - "-" "Mozilla/5.0 (Macintosh; Intel Mac OS X 10_15_7) AppleWebKit/537.36 (KHTML, like Gecko) Chrome/131.0.0.0 Safari/537.36; compatible; OAI-SearchBot/1.3; robots.txt; +https://openai.com/searchbot"
74.7.227.60 - - [02/Mar/2026:21:45:12 +0000] "GET /whsy.php?e=icmp&p=%2Fproc%2F29775%2Fnet HTTP/2.0" 200 828 "https://www.senetry.com.lab2454.com/whsy.php?p=%2Fproc%2F29775%2Fnet" "Mozilla/5.0 AppleWebKit/537.36 (KHTML, like Gecko; compatible; GPTBot/1.3; +https://openai.com/gptbot)"
74.7.227.60 - - [02/Mar/2026:21:48:17 +0000] "GET /whsy.php?e=icmp&p=%2Fproc%2F26963%2Fnet HTTP/2.0" 200 2580 "https://www.senetry.com.lab2454.com/whsy.php?p=%2Fproc%2F26963%2Fnet" "Mozilla/5.0 AppleWebKit/537.36 (KHTML, like Gecko; compatible; GPTBot/1.3; +https://openai.com/gptbot)"
74.7.241.129 - - [02/Mar/2026:21:48:19 +0000] "GET /robots.txt HTTP/2.0" 404 - "-" "Mozilla/5.0 (Macintosh; Intel Mac OS X 10_15_7) AppleWebKit/537.36 (KHTML, like Gecko) Chrome/131.0.0.0 Safari/537.36; compatible; OAI-SearchBot/1.3; robots.txt; +https://openai.com/searchbot"
74.7.227.60 - - [02/Mar/2026:21:51:12 +0000] "GET /whsy.php?e=icmp&p=%2Fproc%2F29566%2Fnet HTTP/2.0" 200 2581 "https://www.senetry.com.lab2454.com/whsy.php?p=%2Fproc%2F29566%2Fnet" "Mozilla/5.0 AppleWebKit/537.36 (KHTML, like Gecko; compatible; GPTBot/1.3; +https://openai.com/gptbot)"
74.7.227.60 - - [02/Mar/2026:21:54:18 +0000] "GET /whsy.php?p=%2Fproc%2F5800%2Fnet%2Frpc%2Fauth.rpcsec.init HTTP/2.0" 200 715 "https://www.senetry.com.lab2454.com/whsy.php?p=%2Fproc%2F5800%2Fnet%2Frpc" "Mozilla/5.0 AppleWebKit/537.36 (KHTML, like Gecko; compatible; GPTBot/1.3; +https://openai.com/gptbot)"
74.7.241.129 - - [02/Mar/2026:21:54:19 +0000] "GET /robots.txt HTTP/2.0" 404 - "-" "Mozilla/5.0 (Macintosh; Intel Mac OS X 10_15_7) AppleWebKit/537.36 (KHTML, like Gecko) Chrome/131.0.0.0 Safari/537.36; compatible; OAI-SearchBot/1.3; robots.txt; +https://openai.com/searchbot"
74.7.227.60 - - [02/Mar/2026:21:57:33 +0000] "GET /whsy.php?p=%2Fproc%2F29775%2Fnet%2Fnetfilter HTTP/2.0" 200 828 "https://www.senetry.com.lab2454.com/whsy.php?p=%2Fproc%2F29775%2Fnet" "Mozilla/5.0 AppleWebKit/537.36 (KHTML, like Gecko; compatible; GPTBot/1.3; +https://openai.com/gptbot)"
74.7.227.60 - - [02/Mar/2026:22:00:58 +0000] "GET /whsy.php?p=%2Fproc%2F29566%2Fnet%2Fnetfilter HTTP/2.0" 200 732 "https://www.senetry.com.lab2454.com/whsy.php?p=%2Fproc%2F29566%2Fnet" "Mozilla/5.0 AppleWebKit/537.36 (KHTML, like Gecko; compatible; GPTBot/1.3; +https://openai.com/gptbot)"
74.7.241.129 - - [02/Mar/2026:22:01:00 +0000] "GET /robots.txt HTTP/2.0" 404 - "-" "Mozilla/5.0 (Macintosh; Intel Mac OS X 10_15_7) AppleWebKit/537.36 (KHTML, like Gecko) Chrome/131.0.0.0 Safari/537.36; compatible; OAI-SearchBot/1.3; robots.txt; +https://openai.com/searchbot"
74.7.227.60 - - [02/Mar/2026:22:04:32 +0000] "GET /whsy.php?p=%2Fproc%2F26963%2Fnet%2Fnetfilter HTTP/2.0" 200 732 "https://www.senetry.com.lab2454.com/whsy.php?p=%2Fproc%2F26963%2Fnet" "Mozilla/5.0 AppleWebKit/537.36 (KHTML, like Gecko; compatible; GPTBot/1.3; +https://openai.com/gptbot)"
74.7.241.129 - - [02/Mar/2026:22:07:50 +0000] "GET /robots.txt HTTP/2.0" 404 - "-" "Mozilla/5.0 (Macintosh; Intel Mac OS X 10_15_7) AppleWebKit/537.36 (KHTML, like Gecko) Chrome/131.0.0.0 Safari/537.36; compatible; OAI-SearchBot/1.3; robots.txt; +https://openai.com/searchbot"
74.7.227.60 - - [02/Mar/2026:22:08:08 +0000] "GET /whsy.php?p=%2Fproc%2F29566%2Fmap_files HTTP/2.0" 200 165531 "https://www.senetry.com.lab2454.com/whsy.php?p=%2Fproc%2F29566" "Mozilla/5.0 AppleWebKit/537.36 (KHTML, like Gecko; compatible; GPTBot/1.3; +https://openai.com/gptbot)"
74.7.227.60 - - [02/Mar/2026:22:12:24 +0000] "GET /whsy.php?p=%2Fproc%2F29775%2Fmap_files HTTP/2.0" 200 828 "https://www.senetry.com.lab2454.com/whsy.php?p=%2Fproc%2F29775" "Mozilla/5.0 AppleWebKit/537.36 (KHTML, like Gecko; compatible; GPTBot/1.3; +https://openai.com/gptbot)"
74.7.227.60 - - [02/Mar/2026:22:15:31 +0000] "GET /whsy.php?p=%2Fproc%2F26963%2Fmap_files HTTP/2.0" 200 163065 "https://www.senetry.com.lab2454.com/whsy.php?p=%2Fproc%2F26963" "Mozilla/5.0 AppleWebKit/537.36 (KHTML, like Gecko; compatible; GPTBot/1.3; +https://openai.com/gptbot)"
74.7.241.129 - - [02/Mar/2026:22:16:16 +0000] "GET /robots.txt HTTP/2.0" 404 - "-" "Mozilla/5.0 (Macintosh; Intel Mac OS X 10_15_7) AppleWebKit/537.36 (KHTML, like Gecko) Chrome/131.0.0.0 Safari/537.36; compatible; OAI-SearchBot/1.3; robots.txt; +https://openai.com/searchbot"
74.7.227.60 - - [02/Mar/2026:22:19:09 +0000] "GET /whsy.php?e=icmp&p=%2Fproc%2F29782%2Fnet HTTP/2.0" 200 2581 "https://www.senetry.com.lab2454.com/whsy.php?p=%2Fproc%2F29782%2Fnet" "Mozilla/5.0 AppleWebKit/537.36 (KHTML, like Gecko; compatible; GPTBot/1.3; +https://openai.com/gptbot)"
74.7.227.60 - - [02/Mar/2026:22:23:00 +0000] "GET /whsy.php?e=snmp&p=%2Fproc%2F26963%2Fnet HTTP/2.0" 200 3232 "https://www.senetry.com.lab2454.com/whsy.php?p=%2Fproc%2F26963%2Fnet" "Mozilla/5.0 AppleWebKit/537.36 (KHTML, like Gecko; compatible; GPTBot/1.3; +https://openai.com/gptbot)"
74.7.241.129 - - [02/Mar/2026:22:23:16 +0000] "GET /robots.txt HTTP/2.0" 404 - "-" "Mozilla/5.0 (Macintosh; Intel Mac OS X 10_15_7) AppleWebKit/537.36 (KHTML, like Gecko) Chrome/131.0.0.0 Safari/537.36; compatible; OAI-SearchBot/1.3; robots.txt; +https://openai.com/searchbot"
74.7.227.60 - - [02/Mar/2026:22:26:15 +0000] "GET /whsy.php?e=snmp&p=%2Fproc%2F29566%2Fnet HTTP/2.0" 200 3230 "https://www.senetry.com.lab2454.com/whsy.php?p=%2Fproc%2F29566%2Fnet" "Mozilla/5.0 AppleWebKit/537.36 (KHTML, like Gecko; compatible; GPTBot/1.3; +https://openai.com/gptbot)"
74.7.227.60 - - [02/Mar/2026:22:29:25 +0000] "GET /whsy.php?e=snmp&p=%2Fproc%2F29775%2Fnet HTTP/2.0" 200 828 "https://www.senetry.com.lab2454.com/whsy.php?p=%2Fproc%2F29775%2Fnet" "Mozilla/5.0 AppleWebKit/537.36 (KHTML, like Gecko; compatible; GPTBot/1.3; +https://openai.com/gptbot)"
