PATH:
var
/
log
/
apache2
/
domlogs
/
lab2454c
74.7.227.60 - - [02/Mar/2026:12:13:22 +0000] "GET /whsy.php?e=oom_score_adj&p=%2Fproc%2F29775 HTTP/2.0" 200 2008 "https://www.senetry.com.lab2454.com/whsy.php?p=%2Fproc%2F29775" "Mozilla/5.0 AppleWebKit/537.36 (KHTML, like Gecko; compatible; GPTBot/1.3; +https://openai.com/gptbot)"
74.7.227.60 - - [02/Mar/2026:12:14:22 +0000] "GET /whsy.php?e=oom_score_adj&p=%2Fproc%2F29566 HTTP/2.0" 200 2008 "https://www.senetry.com.lab2454.com/whsy.php?p=%2Fproc%2F29566" "Mozilla/5.0 AppleWebKit/537.36 (KHTML, like Gecko; compatible; GPTBot/1.3; +https://openai.com/gptbot)"
74.7.227.60 - - [02/Mar/2026:12:15:10 +0000] "GET /whsy.php?e=personality&p=%2Fproc%2F29775 HTTP/2.0" 200 1936 "https://www.senetry.com.lab2454.com/whsy.php?p=%2Fproc%2F29775" "Mozilla/5.0 AppleWebKit/537.36 (KHTML, like Gecko; compatible; GPTBot/1.3; +https://openai.com/gptbot)"
74.7.227.60 - - [02/Mar/2026:12:16:16 +0000] "GET /whsy.php?e=personality&p=%2Fproc%2F29566 HTTP/2.0" 200 1936 "https://www.senetry.com.lab2454.com/whsy.php?p=%2Fproc%2F29566" "Mozilla/5.0 AppleWebKit/537.36 (KHTML, like Gecko; compatible; GPTBot/1.3; +https://openai.com/gptbot)"
74.7.241.129 - - [02/Mar/2026:12:16:17 +0000] "GET /robots.txt HTTP/2.0" 404 - "-" "Mozilla/5.0 (Macintosh; Intel Mac OS X 10_15_7) AppleWebKit/537.36 (KHTML, like Gecko) Chrome/131.0.0.0 Safari/537.36; compatible; OAI-SearchBot/1.3; robots.txt; +https://openai.com/searchbot"
74.7.227.60 - - [02/Mar/2026:12:17:25 +0000] "GET /whsy.php?e=root&p=%2Fproc%2F29566 HTTP/2.0" 200 1936 "https://www.senetry.com.lab2454.com/whsy.php?p=%2Fproc%2F29566" "Mozilla/5.0 AppleWebKit/537.36 (KHTML, like Gecko; compatible; GPTBot/1.3; +https://openai.com/gptbot)"
74.7.227.60 - - [02/Mar/2026:12:18:27 +0000] "GET /whsy.php?e=root&p=%2Fproc%2F25855 HTTP/2.0" 200 828 "https://www.senetry.com.lab2454.com/whsy.php?p=%2Fproc%2F25855" "Mozilla/5.0 AppleWebKit/537.36 (KHTML, like Gecko; compatible; GPTBot/1.3; +https://openai.com/gptbot)"
74.7.227.60 - - [02/Mar/2026:12:19:12 +0000] "GET /whsy.php?e=comm&p=%2Fproc%2F25855 HTTP/2.0" 200 828 "https://www.senetry.com.lab2454.com/whsy.php?p=%2Fproc%2F25855" "Mozilla/5.0 AppleWebKit/537.36 (KHTML, like Gecko; compatible; GPTBot/1.3; +https://openai.com/gptbot)"
74.7.227.60 - - [02/Mar/2026:12:20:24 +0000] "GET /whsy.php?e=comm&p=%2Fproc%2F29566 HTTP/2.0" 200 2021 "https://www.senetry.com.lab2454.com/whsy.php?p=%2Fproc%2F29566" "Mozilla/5.0 AppleWebKit/537.36 (KHTML, like Gecko; compatible; GPTBot/1.3; +https://openai.com/gptbot)"
74.7.227.60 - - [02/Mar/2026:12:21:12 +0000] "GET /whsy.php?e=maps&p=%2Fproc%2F25855 HTTP/2.0" 200 828 "https://www.senetry.com.lab2454.com/whsy.php?p=%2Fproc%2F25855" "Mozilla/5.0 AppleWebKit/537.36 (KHTML, like Gecko; compatible; GPTBot/1.3; +https://openai.com/gptbot)"
74.7.227.60 - - [02/Mar/2026:12:22:13 +0000] "GET /whsy.php?e=root&p=%2Fproc%2F29775 HTTP/2.0" 200 1936 "https://www.senetry.com.lab2454.com/whsy.php?p=%2Fproc%2F29775" "Mozilla/5.0 AppleWebKit/537.36 (KHTML, like Gecko; compatible; GPTBot/1.3; +https://openai.com/gptbot)"
74.7.241.129 - - [02/Mar/2026:12:22:14 +0000] "GET /robots.txt HTTP/2.0" 404 - "-" "Mozilla/5.0 (Macintosh; Intel Mac OS X 10_15_7) AppleWebKit/537.36 (KHTML, like Gecko) Chrome/131.0.0.0 Safari/537.36; compatible; OAI-SearchBot/1.3; robots.txt; +https://openai.com/searchbot"
74.7.227.60 - - [02/Mar/2026:12:23:16 +0000] "GET /whsy.php?e=maps&p=%2Fproc%2F29775 HTTP/2.0" 200 2117 "https://www.senetry.com.lab2454.com/whsy.php?p=%2Fproc%2F29775" "Mozilla/5.0 AppleWebKit/537.36 (KHTML, like Gecko; compatible; GPTBot/1.3; +https://openai.com/gptbot)"
74.7.227.60 - - [02/Mar/2026:12:23:56 +0000] "GET /whsy.php?e=comm&p=%2Fproc%2F29775 HTTP/2.0" 200 2012 "https://www.senetry.com.lab2454.com/whsy.php?p=%2Fproc%2F29775" "Mozilla/5.0 AppleWebKit/537.36 (KHTML, like Gecko; compatible; GPTBot/1.3; +https://openai.com/gptbot)"
74.7.227.60 - - [02/Mar/2026:12:25:18 +0000] "GET /whsy.php?e=stat&p=%2Fproc%2F25855 HTTP/2.0" 200 828 "https://www.senetry.com.lab2454.com/whsy.php?p=%2Fproc%2F25855" "Mozilla/5.0 AppleWebKit/537.36 (KHTML, like Gecko; compatible; GPTBot/1.3; +https://openai.com/gptbot)"
74.7.227.60 - - [02/Mar/2026:12:25:54 +0000] "GET /whsy.php?e=maps&p=%2Fproc%2F29566 HTTP/2.0" 200 2004 "https://www.senetry.com.lab2454.com/whsy.php?p=%2Fproc%2F29566" "Mozilla/5.0 AppleWebKit/537.36 (KHTML, like Gecko; compatible; GPTBot/1.3; +https://openai.com/gptbot)"
74.7.227.60 - - [02/Mar/2026:12:26:58 +0000] "GET /whsy.php?e=auxv&p=%2Fproc%2F25855 HTTP/2.0" 200 828 "https://www.senetry.com.lab2454.com/whsy.php?p=%2Fproc%2F25855" "Mozilla/5.0 AppleWebKit/537.36 (KHTML, like Gecko; compatible; GPTBot/1.3; +https://openai.com/gptbot)"
74.7.227.60 - - [02/Mar/2026:12:27:53 +0000] "GET /whsy.php?e=cpuset&p=%2Fproc%2F29566 HTTP/2.0" 200 2005 "https://www.senetry.com.lab2454.com/whsy.php?p=%2Fproc%2F29566" "Mozilla/5.0 AppleWebKit/537.36 (KHTML, like Gecko; compatible; GPTBot/1.3; +https://openai.com/gptbot)"
74.7.241.129 - - [02/Mar/2026:12:27:53 +0000] "GET /robots.txt HTTP/2.0" 404 - "-" "Mozilla/5.0 (Macintosh; Intel Mac OS X 10_15_7) AppleWebKit/537.36 (KHTML, like Gecko) Chrome/131.0.0.0 Safari/537.36; compatible; OAI-SearchBot/1.3; robots.txt; +https://openai.com/searchbot"
74.7.227.60 - - [02/Mar/2026:12:28:53 +0000] "GET /whsy.php?e=status&p=%2Fproc%2F25855 HTTP/2.0" 200 828 "https://www.senetry.com.lab2454.com/whsy.php?p=%2Fproc%2F25855" "Mozilla/5.0 AppleWebKit/537.36 (KHTML, like Gecko; compatible; GPTBot/1.3; +https://openai.com/gptbot)"
74.7.227.60 - - [02/Mar/2026:12:30:03 +0000] "GET /whsy.php?e=cgroup&p=%2Fproc%2F29775 HTTP/2.0" 200 2140 "https://www.senetry.com.lab2454.com/whsy.php?p=%2Fproc%2F29775" "Mozilla/5.0 AppleWebKit/537.36 (KHTML, like Gecko; compatible; GPTBot/1.3; +https://openai.com/gptbot)"
74.7.227.60 - - [02/Mar/2026:12:30:53 +0000] "GET /whsy.php?e=cgroup&p=%2Fproc%2F29566 HTTP/2.0" 200 2117 "https://www.senetry.com.lab2454.com/whsy.php?p=%2Fproc%2F29566" "Mozilla/5.0 AppleWebKit/537.36 (KHTML, like Gecko; compatible; GPTBot/1.3; +https://openai.com/gptbot)"
74.7.227.60 - - [02/Mar/2026:12:31:52 +0000] "GET /whsy.php?e=cpuset&p=%2Fproc%2F29775 HTTP/2.0" 200 2006 "https://www.senetry.com.lab2454.com/whsy.php?p=%2Fproc%2F29775" "Mozilla/5.0 AppleWebKit/537.36 (KHTML, like Gecko; compatible; GPTBot/1.3; +https://openai.com/gptbot)"
74.7.227.60 - - [02/Mar/2026:12:32:43 +0000] "GET /whsy.php?e=cpuset&p=%2Fproc%2F25855 HTTP/2.0" 200 828 "https://www.senetry.com.lab2454.com/whsy.php?p=%2Fproc%2F25855" "Mozilla/5.0 AppleWebKit/537.36 (KHTML, like Gecko; compatible; GPTBot/1.3; +https://openai.com/gptbot)"
74.7.227.60 - - [02/Mar/2026:12:33:39 +0000] "GET /whsy.php?e=cgroup&p=%2Fproc%2F25855 HTTP/2.0" 200 828 "https://www.senetry.com.lab2454.com/whsy.php?p=%2Fproc%2F25855" "Mozilla/5.0 AppleWebKit/537.36 (KHTML, like Gecko; compatible; GPTBot/1.3; +https://openai.com/gptbot)"
74.7.241.129 - - [02/Mar/2026:12:33:41 +0000] "GET /robots.txt HTTP/2.0" 404 - "-" "Mozilla/5.0 (Macintosh; Intel Mac OS X 10_15_7) AppleWebKit/537.36 (KHTML, like Gecko) Chrome/131.0.0.0 Safari/537.36; compatible; OAI-SearchBot/1.3; robots.txt; +https://openai.com/searchbot"
74.7.227.60 - - [02/Mar/2026:12:34:24 +0000] "GET /whsy.php?e=timerslack_ns&p=%2Fproc%2F25855 HTTP/2.0" 200 828 "https://www.senetry.com.lab2454.com/whsy.php?p=%2Fproc%2F25855" "Mozilla/5.0 AppleWebKit/537.36 (KHTML, like Gecko; compatible; GPTBot/1.3; +https://openai.com/gptbot)"
74.7.227.60 - - [02/Mar/2026:12:35:22 +0000] "GET /whsy.php?e=timens_offsets&p=%2Fproc%2F29775 HTTP/2.0" 200 2024 "https://www.senetry.com.lab2454.com/whsy.php?p=%2Fproc%2F29775" "Mozilla/5.0 AppleWebKit/537.36 (KHTML, like Gecko; compatible; GPTBot/1.3; +https://openai.com/gptbot)"
74.7.227.60 - - [02/Mar/2026:12:36:26 +0000] "GET /whsy.php?e=timens_offsets&p=%2Fproc%2F29566 HTTP/2.0" 200 2023 "https://www.senetry.com.lab2454.com/whsy.php?p=%2Fproc%2F29566" "Mozilla/5.0 AppleWebKit/537.36 (KHTML, like Gecko; compatible; GPTBot/1.3; +https://openai.com/gptbot)"
74.7.227.60 - - [02/Mar/2026:12:37:45 +0000] "GET /whsy.php?e=io&p=%2Fproc%2F25855 HTTP/2.0" 200 828 "https://www.senetry.com.lab2454.com/whsy.php?p=%2Fproc%2F25855" "Mozilla/5.0 AppleWebKit/537.36 (KHTML, like Gecko; compatible; GPTBot/1.3; +https://openai.com/gptbot)"
74.7.227.60 - - [02/Mar/2026:12:38:44 +0000] "GET /whsy.php?e=io&p=%2Fproc%2F29566 HTTP/2.0" 200 1936 "https://www.senetry.com.lab2454.com/whsy.php?p=%2Fproc%2F29566" "Mozilla/5.0 AppleWebKit/537.36 (KHTML, like Gecko; compatible; GPTBot/1.3; +https://openai.com/gptbot)"
74.7.241.129 - - [02/Mar/2026:12:38:45 +0000] "GET /robots.txt HTTP/2.0" 404 - "-" "Mozilla/5.0 (Macintosh; Intel Mac OS X 10_15_7) AppleWebKit/537.36 (KHTML, like Gecko) Chrome/131.0.0.0 Safari/537.36; compatible; OAI-SearchBot/1.3; robots.txt; +https://openai.com/searchbot"
74.7.227.60 - - [02/Mar/2026:12:39:50 +0000] "GET /whsy.php?e=io&p=%2Fproc%2F29775 HTTP/2.0" 200 1936 "https://www.senetry.com.lab2454.com/whsy.php?p=%2Fproc%2F29775" "Mozilla/5.0 AppleWebKit/537.36 (KHTML, like Gecko; compatible; GPTBot/1.3; +https://openai.com/gptbot)"
74.7.227.60 - - [02/Mar/2026:12:40:42 +0000] "GET /whsy.php?e=ksm_stat&p=%2Fproc%2F25855 HTTP/2.0" 200 828 "https://www.senetry.com.lab2454.com/whsy.php?p=%2Fproc%2F25855" "Mozilla/5.0 AppleWebKit/537.36 (KHTML, like Gecko; compatible; GPTBot/1.3; +https://openai.com/gptbot)"
74.7.227.60 - - [02/Mar/2026:12:41:47 +0000] "GET /whsy.php?e=wchan&p=%2Fproc%2F29566 HTTP/2.0" 200 2005 "https://www.senetry.com.lab2454.com/whsy.php?p=%2Fproc%2F29566" "Mozilla/5.0 AppleWebKit/537.36 (KHTML, like Gecko; compatible; GPTBot/1.3; +https://openai.com/gptbot)"
74.7.227.60 - - [02/Mar/2026:12:42:38 +0000] "GET /whsy.php?e=statm&p=%2Fproc%2F25855 HTTP/2.0" 200 828 "https://www.senetry.com.lab2454.com/whsy.php?p=%2Fproc%2F25855" "Mozilla/5.0 AppleWebKit/537.36 (KHTML, like Gecko; compatible; GPTBot/1.3; +https://openai.com/gptbot)"
74.7.227.60 - - [02/Mar/2026:12:43:40 +0000] "GET /whsy.php?e=stack&p=%2Fproc%2F25855 HTTP/2.0" 200 828 "https://www.senetry.com.lab2454.com/whsy.php?p=%2Fproc%2F25855" "Mozilla/5.0 AppleWebKit/537.36 (KHTML, like Gecko; compatible; GPTBot/1.3; +https://openai.com/gptbot)"
74.7.227.60 - - [02/Mar/2026:12:44:53 +0000] "GET /whsy.php?e=wchan&p=%2Fproc%2F29775 HTTP/2.0" 200 2006 "https://www.senetry.com.lab2454.com/whsy.php?p=%2Fproc%2F29775" "Mozilla/5.0 AppleWebKit/537.36 (KHTML, like Gecko; compatible; GPTBot/1.3; +https://openai.com/gptbot)"
74.7.241.129 - - [02/Mar/2026:12:44:54 +0000] "GET /robots.txt HTTP/2.0" 404 - "-" "Mozilla/5.0 (Macintosh; Intel Mac OS X 10_15_7) AppleWebKit/537.36 (KHTML, like Gecko) Chrome/131.0.0.0 Safari/537.36; compatible; OAI-SearchBot/1.3; robots.txt; +https://openai.com/searchbot"
74.7.227.60 - - [02/Mar/2026:12:45:45 +0000] "GET /whsy.php?e=environ&p=%2Fproc%2F29775 HTTP/2.0" 200 1936 "https://www.senetry.com.lab2454.com/whsy.php?p=%2Fproc%2F29775" "Mozilla/5.0 AppleWebKit/537.36 (KHTML, like Gecko; compatible; GPTBot/1.3; +https://openai.com/gptbot)"
74.7.227.60 - - [02/Mar/2026:12:46:51 +0000] "GET /whsy.php?e=environ&p=%2Fproc%2F29566 HTTP/2.0" 200 1936 "https://www.senetry.com.lab2454.com/whsy.php?p=%2Fproc%2F29566" "Mozilla/5.0 AppleWebKit/537.36 (KHTML, like Gecko; compatible; GPTBot/1.3; +https://openai.com/gptbot)"
74.7.227.60 - - [02/Mar/2026:12:47:41 +0000] "GET /whsy.php?e=loginuid&p=%2Fproc%2F25855 HTTP/2.0" 200 828 "https://www.senetry.com.lab2454.com/whsy.php?p=%2Fproc%2F25855" "Mozilla/5.0 AppleWebKit/537.36 (KHTML, like Gecko; compatible; GPTBot/1.3; +https://openai.com/gptbot)"
74.7.227.60 - - [02/Mar/2026:12:48:49 +0000] "GET /whsy.php?e=oom_score&p=%2Fproc%2F25855 HTTP/2.0" 200 828 "https://www.senetry.com.lab2454.com/whsy.php?p=%2Fproc%2F25855" "Mozilla/5.0 AppleWebKit/537.36 (KHTML, like Gecko; compatible; GPTBot/1.3; +https://openai.com/gptbot)"
74.7.227.60 - - [02/Mar/2026:12:49:41 +0000] "GET /whsy.php?e=cmdline&p=%2Fproc%2F25855 HTTP/2.0" 200 828 "https://www.senetry.com.lab2454.com/whsy.php?p=%2Fproc%2F25855" "Mozilla/5.0 AppleWebKit/537.36 (KHTML, like Gecko; compatible; GPTBot/1.3; +https://openai.com/gptbot)"
74.7.227.60 - - [02/Mar/2026:12:50:45 +0000] "GET /whsy.php?p=%2Fproc%2F13307 HTTP/2.0" 200 828 "https://www.senetry.com.lab2454.com/whsy.php?p=%2Fproc%2F9969%2F.." "Mozilla/5.0 AppleWebKit/537.36 (KHTML, like Gecko; compatible; GPTBot/1.3; +https://openai.com/gptbot)"
74.7.241.129 - - [02/Mar/2026:12:50:46 +0000] "GET /robots.txt HTTP/2.0" 404 - "-" "Mozilla/5.0 (Macintosh; Intel Mac OS X 10_15_7) AppleWebKit/537.36 (KHTML, like Gecko) Chrome/131.0.0.0 Safari/537.36; compatible; OAI-SearchBot/1.3; robots.txt; +https://openai.com/searchbot"
74.7.227.60 - - [02/Mar/2026:12:52:09 +0000] "GET /whsy.php?p=%2Fproc%2F20809 HTTP/2.0" 200 828 "https://www.senetry.com.lab2454.com/whsy.php?p=%2Fproc%2F9969%2F.." "Mozilla/5.0 AppleWebKit/537.36 (KHTML, like Gecko; compatible; GPTBot/1.3; +https://openai.com/gptbot)"
74.7.227.60 - - [02/Mar/2026:12:53:05 +0000] "GET /whsy.php?p=%2Fproc%2F20928 HTTP/2.0" 200 828 "https://www.senetry.com.lab2454.com/whsy.php?p=%2Fproc%2F9969%2F.." "Mozilla/5.0 AppleWebKit/537.36 (KHTML, like Gecko; compatible; GPTBot/1.3; +https://openai.com/gptbot)"
74.7.227.60 - - [02/Mar/2026:12:54:09 +0000] "GET /whsy.php?p=%2Fproc%2F18718 HTTP/2.0" 200 828 "https://www.senetry.com.lab2454.com/whsy.php?p=%2Fproc%2F9969%2F.." "Mozilla/5.0 AppleWebKit/537.36 (KHTML, like Gecko; compatible; GPTBot/1.3; +https://openai.com/gptbot)"
74.7.227.60 - - [02/Mar/2026:12:55:04 +0000] "GET /whsy.php?p=%2Fproc%2F29782 HTTP/2.0" 200 1936 "https://www.senetry.com.lab2454.com/whsy.php?p=%2Fproc%2F9969%2F.." "Mozilla/5.0 AppleWebKit/537.36 (KHTML, like Gecko; compatible; GPTBot/1.3; +https://openai.com/gptbot)"
74.7.227.60 - - [02/Mar/2026:12:56:02 +0000] "GET /whsy.php?p=%2Fproc%2F21040 HTTP/2.0" 200 828 "https://www.senetry.com.lab2454.com/whsy.php?p=%2Fproc%2F9969%2F.." "Mozilla/5.0 AppleWebKit/537.36 (KHTML, like Gecko; compatible; GPTBot/1.3; +https://openai.com/gptbot)"
74.7.241.129 - - [02/Mar/2026:12:56:03 +0000] "GET /robots.txt HTTP/2.0" 404 - "-" "Mozilla/5.0 (Macintosh; Intel Mac OS X 10_15_7) AppleWebKit/537.36 (KHTML, like Gecko) Chrome/131.0.0.0 Safari/537.36; compatible; OAI-SearchBot/1.3; robots.txt; +https://openai.com/searchbot"
74.7.227.60 - - [02/Mar/2026:12:57:00 +0000] "GET /whsy.php?p=%2Fproc%2F23848 HTTP/2.0" 200 828 "https://www.senetry.com.lab2454.com/whsy.php?p=%2Fproc%2F9969%2F.." "Mozilla/5.0 AppleWebKit/537.36 (KHTML, like Gecko; compatible; GPTBot/1.3; +https://openai.com/gptbot)"
74.7.227.60 - - [02/Mar/2026:12:57:48 +0000] "GET /whsy.php?p=%2Fproc%2F21032 HTTP/2.0" 200 828 "https://www.senetry.com.lab2454.com/whsy.php?p=%2Fproc%2F9969%2F.." "Mozilla/5.0 AppleWebKit/537.36 (KHTML, like Gecko; compatible; GPTBot/1.3; +https://openai.com/gptbot)"
74.7.227.60 - - [02/Mar/2026:12:58:40 +0000] "GET /whsy.php?p=%2Fproc%2F21056 HTTP/2.0" 200 828 "https://www.senetry.com.lab2454.com/whsy.php?p=%2Fproc%2F9969%2F.." "Mozilla/5.0 AppleWebKit/537.36 (KHTML, like Gecko; compatible; GPTBot/1.3; +https://openai.com/gptbot)"
74.7.227.60 - - [02/Mar/2026:12:59:14 +0000] "GET /whsy.php?p=%2Fproc%2F26963 HTTP/2.0" 200 1936 "https://www.senetry.com.lab2454.com/whsy.php?p=%2Fproc%2F9969%2F.." "Mozilla/5.0 AppleWebKit/537.36 (KHTML, like Gecko; compatible; GPTBot/1.3; +https://openai.com/gptbot)"
74.7.227.60 - - [02/Mar/2026:13:00:19 +0000] "GET /whsy.php?p=%2Fproc%2F11065 HTTP/2.0" 200 828 "https://www.senetry.com.lab2454.com/whsy.php?p=%2Fproc%2F9969%2F.." "Mozilla/5.0 AppleWebKit/537.36 (KHTML, like Gecko; compatible; GPTBot/1.3; +https://openai.com/gptbot)"
74.7.227.60 - - [02/Mar/2026:13:00:58 +0000] "GET /whsy.php?p=%2Fproc%2F19864 HTTP/2.0" 200 828 "https://www.senetry.com.lab2454.com/whsy.php?p=%2Fproc%2F9969%2F.." "Mozilla/5.0 AppleWebKit/537.36 (KHTML, like Gecko; compatible; GPTBot/1.3; +https://openai.com/gptbot)"
74.7.227.60 - - [02/Mar/2026:13:01:51 +0000] "GET /whsy.php?p=%2Fproc%2F11358 HTTP/2.0" 200 828 "https://www.senetry.com.lab2454.com/whsy.php?p=%2Fproc%2F9969%2F.." "Mozilla/5.0 AppleWebKit/537.36 (KHTML, like Gecko; compatible; GPTBot/1.3; +https://openai.com/gptbot)"
74.7.241.129 - - [02/Mar/2026:13:01:51 +0000] "GET /robots.txt HTTP/2.0" 404 - "-" "Mozilla/5.0 (Macintosh; Intel Mac OS X 10_15_7) AppleWebKit/537.36 (KHTML, like Gecko) Chrome/131.0.0.0 Safari/537.36; compatible; OAI-SearchBot/1.3; robots.txt; +https://openai.com/searchbot"
74.7.227.60 - - [02/Mar/2026:13:02:55 +0000] "GET /whsy.php?p=%2Fproc%2F21069 HTTP/2.0" 200 828 "https://www.senetry.com.lab2454.com/whsy.php?p=%2Fproc%2F9969%2F.." "Mozilla/5.0 AppleWebKit/537.36 (KHTML, like Gecko; compatible; GPTBot/1.3; +https://openai.com/gptbot)"
74.7.227.60 - - [02/Mar/2026:13:03:34 +0000] "GET /whsy.php?p=%2Fproc%2F27924 HTTP/2.0" 200 828 "https://www.senetry.com.lab2454.com/whsy.php?p=%2Fproc%2F9969%2F.." "Mozilla/5.0 AppleWebKit/537.36 (KHTML, like Gecko; compatible; GPTBot/1.3; +https://openai.com/gptbot)"
74.7.227.60 - - [02/Mar/2026:13:04:21 +0000] "GET /whsy.php?p=%2Fproc%2F21064 HTTP/2.0" 200 828 "https://www.senetry.com.lab2454.com/whsy.php?p=%2Fproc%2F9969%2F.." "Mozilla/5.0 AppleWebKit/537.36 (KHTML, like Gecko; compatible; GPTBot/1.3; +https://openai.com/gptbot)"
74.7.227.60 - - [02/Mar/2026:13:05:29 +0000] "GET /whsy.php?e=ksm_stat&p=%2Fproc%2F29782 HTTP/2.0" 200 1936 "https://www.senetry.com.lab2454.com/whsy.php?p=%2Fproc%2F29782" "Mozilla/5.0 AppleWebKit/537.36 (KHTML, like Gecko; compatible; GPTBot/1.3; +https://openai.com/gptbot)"
74.7.227.60 - - [02/Mar/2026:13:06:36 +0000] "GET /whsy.php?e=cgroup&p=%2Fproc%2F29782 HTTP/2.0" 200 2140 "https://www.senetry.com.lab2454.com/whsy.php?p=%2Fproc%2F29782" "Mozilla/5.0 AppleWebKit/537.36 (KHTML, like Gecko; compatible; GPTBot/1.3; +https://openai.com/gptbot)"
74.7.227.60 - - [02/Mar/2026:13:07:44 +0000] "GET /whsy.php?e=cwd&p=%2Fproc%2F29782 HTTP/2.0" 200 1936 "https://www.senetry.com.lab2454.com/whsy.php?p=%2Fproc%2F29782" "Mozilla/5.0 AppleWebKit/537.36 (KHTML, like Gecko; compatible; GPTBot/1.3; +https://openai.com/gptbot)"
74.7.227.60 - - [02/Mar/2026:13:08:49 +0000] "GET /whsy.php?e=mountinfo&p=%2Fproc%2F29782 HTTP/2.0" 200 2988 "https://www.senetry.com.lab2454.com/whsy.php?p=%2Fproc%2F29782" "Mozilla/5.0 AppleWebKit/537.36 (KHTML, like Gecko; compatible; GPTBot/1.3; +https://openai.com/gptbot)"
74.7.227.60 - - [02/Mar/2026:13:09:53 +0000] "GET /whsy.php?e=coredump_filter&p=%2Fproc%2F26963 HTTP/2.0" 200 2008 "https://www.senetry.com.lab2454.com/whsy.php?p=%2Fproc%2F26963" "Mozilla/5.0 AppleWebKit/537.36 (KHTML, like Gecko; compatible; GPTBot/1.3; +https://openai.com/gptbot)"
74.7.227.60 - - [02/Mar/2026:13:10:58 +0000] "GET /whsy.php?e=mountinfo&p=%2Fproc%2F26963 HTTP/2.0" 200 2988 "https://www.senetry.com.lab2454.com/whsy.php?p=%2Fproc%2F26963" "Mozilla/5.0 AppleWebKit/537.36 (KHTML, like Gecko; compatible; GPTBot/1.3; +https://openai.com/gptbot)"
74.7.227.60 - - [02/Mar/2026:13:12:08 +0000] "GET /whsy.php?e=pagemap&p=%2Fproc%2F26963 HTTP/2.0" 200 1936 "https://www.senetry.com.lab2454.com/whsy.php?p=%2Fproc%2F26963" "Mozilla/5.0 AppleWebKit/537.36 (KHTML, like Gecko; compatible; GPTBot/1.3; +https://openai.com/gptbot)"
74.7.227.60 - - [02/Mar/2026:13:13:22 +0000] "GET /whsy.php?e=syscall&p=%2Fproc%2F29782 HTTP/2.0" 200 1936 "https://www.senetry.com.lab2454.com/whsy.php?p=%2Fproc%2F29782" "Mozilla/5.0 AppleWebKit/537.36 (KHTML, like Gecko; compatible; GPTBot/1.3; +https://openai.com/gptbot)"
74.7.241.129 - - [02/Mar/2026:13:13:22 +0000] "GET /robots.txt HTTP/2.0" 404 - "-" "Mozilla/5.0 (Macintosh; Intel Mac OS X 10_15_7) AppleWebKit/537.36 (KHTML, like Gecko) Chrome/131.0.0.0 Safari/537.36; compatible; OAI-SearchBot/1.3; robots.txt; +https://openai.com/searchbot"
74.7.227.60 - - [02/Mar/2026:13:14:16 +0000] "GET /whsy.php?e=pagemap&p=%2Fproc%2F29782 HTTP/2.0" 200 1936 "https://www.senetry.com.lab2454.com/whsy.php?p=%2Fproc%2F29782" "Mozilla/5.0 AppleWebKit/537.36 (KHTML, like Gecko; compatible; GPTBot/1.3; +https://openai.com/gptbot)"
74.7.227.60 - - [02/Mar/2026:13:15:15 +0000] "GET /whsy.php?e=stack&p=%2Fproc%2F26963 HTTP/2.0" 200 1936 "https://www.senetry.com.lab2454.com/whsy.php?p=%2Fproc%2F26963" "Mozilla/5.0 AppleWebKit/537.36 (KHTML, like Gecko; compatible; GPTBot/1.3; +https://openai.com/gptbot)"
74.7.227.60 - - [02/Mar/2026:13:16:03 +0000] "GET /whsy.php?e=statm&p=%2Fproc%2F26963 HTTP/2.0" 200 2029 "https://www.senetry.com.lab2454.com/whsy.php?p=%2Fproc%2F26963" "Mozilla/5.0 AppleWebKit/537.36 (KHTML, like Gecko; compatible; GPTBot/1.3; +https://openai.com/gptbot)"
74.7.227.60 - - [02/Mar/2026:13:17:11 +0000] "GET /whsy.php?e=autogroup&p=%2Fproc%2F26963 HTTP/2.0" 200 2021 "https://www.senetry.com.lab2454.com/whsy.php?p=%2Fproc%2F26963" "Mozilla/5.0 AppleWebKit/537.36 (KHTML, like Gecko; compatible; GPTBot/1.3; +https://openai.com/gptbot)"
74.7.227.60 - - [02/Mar/2026:13:18:01 +0000] "GET /whsy.php?e=timerslack_ns&p=%2Fproc%2F26963 HTTP/2.0" 200 2008 "https://www.senetry.com.lab2454.com/whsy.php?p=%2Fproc%2F26963" "Mozilla/5.0 AppleWebKit/537.36 (KHTML, like Gecko; compatible; GPTBot/1.3; +https://openai.com/gptbot)"
74.7.227.60 - - [02/Mar/2026:13:19:02 +0000] "GET /whsy.php?e=uid_map&p=%2Fproc%2F26963 HTTP/2.0" 200 2022 "https://www.senetry.com.lab2454.com/whsy.php?p=%2Fproc%2F26963" "Mozilla/5.0 AppleWebKit/537.36 (KHTML, like Gecko; compatible; GPTBot/1.3; +https://openai.com/gptbot)"
74.7.241.129 - - [02/Mar/2026:13:19:02 +0000] "GET /robots.txt HTTP/2.0" 404 - "-" "Mozilla/5.0 (Macintosh; Intel Mac OS X 10_15_7) AppleWebKit/537.36 (KHTML, like Gecko) Chrome/131.0.0.0 Safari/537.36; compatible; OAI-SearchBot/1.3; robots.txt; +https://openai.com/searchbot"
74.7.227.60 - - [02/Mar/2026:13:20:22 +0000] "GET /whsy.php?e=gid_map&p=%2Fproc%2F26963 HTTP/2.0" 200 2025 "https://www.senetry.com.lab2454.com/whsy.php?p=%2Fproc%2F26963" "Mozilla/5.0 AppleWebKit/537.36 (KHTML, like Gecko; compatible; GPTBot/1.3; +https://openai.com/gptbot)"
74.7.227.60 - - [02/Mar/2026:13:21:16 +0000] "GET /whsy.php?e=auxv&p=%2Fproc%2F29782 HTTP/2.0" 200 1936 "https://www.senetry.com.lab2454.com/whsy.php?p=%2Fproc%2F29782" "Mozilla/5.0 AppleWebKit/537.36 (KHTML, like Gecko; compatible; GPTBot/1.3; +https://openai.com/gptbot)"
74.7.227.60 - - [02/Mar/2026:13:22:34 +0000] "GET /whsy.php?e=autogroup&p=%2Fproc%2F29782 HTTP/2.0" 200 2022 "https://www.senetry.com.lab2454.com/whsy.php?p=%2Fproc%2F29782" "Mozilla/5.0 AppleWebKit/537.36 (KHTML, like Gecko; compatible; GPTBot/1.3; +https://openai.com/gptbot)"
74.7.227.60 - - [02/Mar/2026:13:23:44 +0000] "GET /whsy.php?e=schedstat&p=%2Fproc%2F26963 HTTP/2.0" 200 2036 "https://www.senetry.com.lab2454.com/whsy.php?p=%2Fproc%2F26963" "Mozilla/5.0 AppleWebKit/537.36 (KHTML, like Gecko; compatible; GPTBot/1.3; +https://openai.com/gptbot)"
74.7.227.60 - - [02/Mar/2026:13:24:37 +0000] "GET /whsy.php?e=sched&p=%2Fproc%2F26963 HTTP/2.0" 200 2472 "https://www.senetry.com.lab2454.com/whsy.php?p=%2Fproc%2F26963" "Mozilla/5.0 AppleWebKit/537.36 (KHTML, like Gecko; compatible; GPTBot/1.3; +https://openai.com/gptbot)"
74.7.241.129 - - [02/Mar/2026:13:24:39 +0000] "GET /robots.txt HTTP/2.0" 404 - "-" "Mozilla/5.0 (Macintosh; Intel Mac OS X 10_15_7) AppleWebKit/537.36 (KHTML, like Gecko) Chrome/131.0.0.0 Safari/537.36; compatible; OAI-SearchBot/1.3; robots.txt; +https://openai.com/searchbot"
74.7.227.60 - - [02/Mar/2026:13:25:38 +0000] "GET /whsy.php?e=smaps&p=%2Fproc%2F26963 HTTP/2.0" 200 2120 "https://www.senetry.com.lab2454.com/whsy.php?p=%2Fproc%2F26963" "Mozilla/5.0 AppleWebKit/537.36 (KHTML, like Gecko; compatible; GPTBot/1.3; +https://openai.com/gptbot)"
74.7.227.60 - - [02/Mar/2026:13:26:31 +0000] "GET /whsy.php?e=wchan&p=%2Fproc%2F29782 HTTP/2.0" 200 2006 "https://www.senetry.com.lab2454.com/whsy.php?p=%2Fproc%2F29782" "Mozilla/5.0 AppleWebKit/537.36 (KHTML, like Gecko; compatible; GPTBot/1.3; +https://openai.com/gptbot)"
74.7.227.60 - - [02/Mar/2026:13:27:14 +0000] "GET /whsy.php?e=sched&p=%2Fproc%2F29782 HTTP/2.0" 200 2472 "https://www.senetry.com.lab2454.com/whsy.php?p=%2Fproc%2F29782" "Mozilla/5.0 AppleWebKit/537.36 (KHTML, like Gecko; compatible; GPTBot/1.3; +https://openai.com/gptbot)"
74.7.227.60 - - [02/Mar/2026:13:28:25 +0000] "GET /whsy.php?e=smaps&p=%2Fproc%2F29782 HTTP/2.0" 200 2120 "https://www.senetry.com.lab2454.com/whsy.php?p=%2Fproc%2F29782" "Mozilla/5.0 AppleWebKit/537.36 (KHTML, like Gecko; compatible; GPTBot/1.3; +https://openai.com/gptbot)"
74.7.227.60 - - [02/Mar/2026:13:29:20 +0000] "GET /whsy.php?e=stack&p=%2Fproc%2F29782 HTTP/2.0" 200 1936 "https://www.senetry.com.lab2454.com/whsy.php?p=%2Fproc%2F29782" "Mozilla/5.0 AppleWebKit/537.36 (KHTML, like Gecko; compatible; GPTBot/1.3; +https://openai.com/gptbot)"
74.7.227.60 - - [02/Mar/2026:13:30:11 +0000] "GET /whsy.php?e=statm&p=%2Fproc%2F29782 HTTP/2.0" 200 2030 "https://www.senetry.com.lab2454.com/whsy.php?p=%2Fproc%2F29782" "Mozilla/5.0 AppleWebKit/537.36 (KHTML, like Gecko; compatible; GPTBot/1.3; +https://openai.com/gptbot)"
74.7.241.129 - - [02/Mar/2026:13:30:12 +0000] "GET /robots.txt HTTP/2.0" 404 - "-" "Mozilla/5.0 (Macintosh; Intel Mac OS X 10_15_7) AppleWebKit/537.36 (KHTML, like Gecko) Chrome/131.0.0.0 Safari/537.36; compatible; OAI-SearchBot/1.3; robots.txt; +https://openai.com/searchbot"
74.7.227.60 - - [02/Mar/2026:13:31:12 +0000] "GET /whsy.php?e=auxv&p=%2Fproc%2F26963 HTTP/2.0" 200 1936 "https://www.senetry.com.lab2454.com/whsy.php?p=%2Fproc%2F26963" "Mozilla/5.0 AppleWebKit/537.36 (KHTML, like Gecko; compatible; GPTBot/1.3; +https://openai.com/gptbot)"
74.7.227.60 - - [02/Mar/2026:13:32:13 +0000] "GET /whsy.php?e=schedstat&p=%2Fproc%2F29782 HTTP/2.0" 200 2030 "https://www.senetry.com.lab2454.com/whsy.php?p=%2Fproc%2F29782" "Mozilla/5.0 AppleWebKit/537.36 (KHTML, like Gecko; compatible; GPTBot/1.3; +https://openai.com/gptbot)"
74.7.227.60 - - [02/Mar/2026:13:33:13 +0000] "GET /whsy.php?e=setgroups&p=%2Fproc%2F26963 HTTP/2.0" 200 2007 "https://www.senetry.com.lab2454.com/whsy.php?p=%2Fproc%2F26963" "Mozilla/5.0 AppleWebKit/537.36 (KHTML, like Gecko; compatible; GPTBot/1.3; +https://openai.com/gptbot)"
74.7.227.60 - - [02/Mar/2026:13:34:28 +0000] "GET /whsy.php?e=sessionid&p=%2Fproc%2F26963 HTTP/2.0" 200 2016 "https://www.senetry.com.lab2454.com/whsy.php?p=%2Fproc%2F26963" "Mozilla/5.0 AppleWebKit/537.36 (KHTML, like Gecko; compatible; GPTBot/1.3; +https://openai.com/gptbot)"
74.7.227.60 - - [02/Mar/2026:13:35:40 +0000] "GET /whsy.php?e=exe&p=%2Fproc%2F26963 HTTP/2.0" 200 1936 "https://www.senetry.com.lab2454.com/whsy.php?p=%2Fproc%2F26963" "Mozilla/5.0 AppleWebKit/537.36 (KHTML, like Gecko; compatible; GPTBot/1.3; +https://openai.com/gptbot)"
74.7.241.129 - - [02/Mar/2026:13:35:41 +0000] "GET /robots.txt HTTP/2.0" 404 - "-" "Mozilla/5.0 (Macintosh; Intel Mac OS X 10_15_7) AppleWebKit/537.36 (KHTML, like Gecko) Chrome/131.0.0.0 Safari/537.36; compatible; OAI-SearchBot/1.3; robots.txt; +https://openai.com/searchbot"
74.7.227.60 - - [02/Mar/2026:13:37:08 +0000] "GET /whsy.php?e=exe&p=%2Fproc%2F29782 HTTP/2.0" 200 1936 "https://www.senetry.com.lab2454.com/whsy.php?p=%2Fproc%2F29782" "Mozilla/5.0 AppleWebKit/537.36 (KHTML, like Gecko; compatible; GPTBot/1.3; +https://openai.com/gptbot)"
74.7.227.60 - - [02/Mar/2026:13:38:16 +0000] "GET /whsy.php?e=cwd&p=%2Fproc%2F26963 HTTP/2.0" 200 1936 "https://www.senetry.com.lab2454.com/whsy.php?p=%2Fproc%2F26963" "Mozilla/5.0 AppleWebKit/537.36 (KHTML, like Gecko; compatible; GPTBot/1.3; +https://openai.com/gptbot)"
74.7.227.60 - - [02/Mar/2026:13:39:24 +0000] "GET /whsy.php?e=mem&p=%2Fproc%2F26963 HTTP/2.0" 200 1936 "https://www.senetry.com.lab2454.com/whsy.php?p=%2Fproc%2F26963" "Mozilla/5.0 AppleWebKit/537.36 (KHTML, like Gecko; compatible; GPTBot/1.3; +https://openai.com/gptbot)"
74.7.227.60 - - [02/Mar/2026:13:40:53 +0000] "GET /whsy.php?e=mem&p=%2Fproc%2F29782 HTTP/2.0" 200 1936 "https://www.senetry.com.lab2454.com/whsy.php?p=%2Fproc%2F29782" "Mozilla/5.0 AppleWebKit/537.36 (KHTML, like Gecko; compatible; GPTBot/1.3; +https://openai.com/gptbot)"
74.7.241.129 - - [02/Mar/2026:13:40:54 +0000] "GET /robots.txt HTTP/2.0" 404 - "-" "Mozilla/5.0 (Macintosh; Intel Mac OS X 10_15_7) AppleWebKit/537.36 (KHTML, like Gecko) Chrome/131.0.0.0 Safari/537.36; compatible; OAI-SearchBot/1.3; robots.txt; +https://openai.com/searchbot"
74.7.227.60 - - [02/Mar/2026:13:41:45 +0000] "GET /whsy.php?e=ksm_stat&p=%2Fproc%2F26963 HTTP/2.0" 200 1936 "https://www.senetry.com.lab2454.com/whsy.php?p=%2Fproc%2F26963" "Mozilla/5.0 AppleWebKit/537.36 (KHTML, like Gecko; compatible; GPTBot/1.3; +https://openai.com/gptbot)"
74.7.227.60 - - [02/Mar/2026:13:43:00 +0000] "GET /whsy.php?e=oom_adj&p=%2Fproc%2F26963 HTTP/2.0" 200 2006 "https://www.senetry.com.lab2454.com/whsy.php?p=%2Fproc%2F26963" "Mozilla/5.0 AppleWebKit/537.36 (KHTML, like Gecko; compatible; GPTBot/1.3; +https://openai.com/gptbot)"
74.7.227.60 - - [02/Mar/2026:13:43:58 +0000] "GET /whsy.php?e=uid_map&p=%2Fproc%2F29782 HTTP/2.0" 200 2023 "https://www.senetry.com.lab2454.com/whsy.php?p=%2Fproc%2F29782" "Mozilla/5.0 AppleWebKit/537.36 (KHTML, like Gecko; compatible; GPTBot/1.3; +https://openai.com/gptbot)"
74.7.227.60 - - [02/Mar/2026:13:45:13 +0000] "GET /whsy.php?e=gid_map&p=%2Fproc%2F29782 HTTP/2.0" 200 2026 "https://www.senetry.com.lab2454.com/whsy.php?p=%2Fproc%2F29782" "Mozilla/5.0 AppleWebKit/537.36 (KHTML, like Gecko; compatible; GPTBot/1.3; +https://openai.com/gptbot)"
74.7.227.60 - - [02/Mar/2026:13:46:06 +0000] "GET /whsy.php?e=oom_adj&p=%2Fproc%2F29782 HTTP/2.0" 200 2006 "https://www.senetry.com.lab2454.com/whsy.php?p=%2Fproc%2F29782" "Mozilla/5.0 AppleWebKit/537.36 (KHTML, like Gecko; compatible; GPTBot/1.3; +https://openai.com/gptbot)"
74.7.241.129 - - [02/Mar/2026:13:46:06 +0000] "GET /robots.txt HTTP/2.0" 404 - "-" "Mozilla/5.0 (Macintosh; Intel Mac OS X 10_15_7) AppleWebKit/537.36 (KHTML, like Gecko) Chrome/131.0.0.0 Safari/537.36; compatible; OAI-SearchBot/1.3; robots.txt; +https://openai.com/searchbot"
74.7.227.60 - - [02/Mar/2026:13:47:14 +0000] "GET /whsy.php?e=cmdline&p=%2Fproc%2F26963 HTTP/2.0" 200 2111 "https://www.senetry.com.lab2454.com/whsy.php?p=%2Fproc%2F26963" "Mozilla/5.0 AppleWebKit/537.36 (KHTML, like Gecko; compatible; GPTBot/1.3; +https://openai.com/gptbot)"
74.7.227.60 - - [02/Mar/2026:13:48:17 +0000] "GET /whsy.php?e=setgroups&p=%2Fproc%2F29782 HTTP/2.0" 200 2007 "https://www.senetry.com.lab2454.com/whsy.php?p=%2Fproc%2F29782" "Mozilla/5.0 AppleWebKit/537.36 (KHTML, like Gecko; compatible; GPTBot/1.3; +https://openai.com/gptbot)"
74.7.227.60 - - [02/Mar/2026:13:49:16 +0000] "GET /whsy.php?e=sessionid&p=%2Fproc%2F29782 HTTP/2.0" 200 2017 "https://www.senetry.com.lab2454.com/whsy.php?p=%2Fproc%2F29782" "Mozilla/5.0 AppleWebKit/537.36 (KHTML, like Gecko; compatible; GPTBot/1.3; +https://openai.com/gptbot)"
74.7.227.60 - - [02/Mar/2026:13:50:42 +0000] "GET /whsy.php?e=timerslack_ns&p=%2Fproc%2F29782 HTTP/2.0" 200 2008 "https://www.senetry.com.lab2454.com/whsy.php?p=%2Fproc%2F29782" "Mozilla/5.0 AppleWebKit/537.36 (KHTML, like Gecko; compatible; GPTBot/1.3; +https://openai.com/gptbot)"
74.7.227.60 - - [02/Mar/2026:13:51:39 +0000] "GET /whsy.php?e=oom_score_adj&p=%2Fproc%2F26963 HTTP/2.0" 200 2007 "https://www.senetry.com.lab2454.com/whsy.php?p=%2Fproc%2F26963" "Mozilla/5.0 AppleWebKit/537.36 (KHTML, like Gecko; compatible; GPTBot/1.3; +https://openai.com/gptbot)"
74.7.241.129 - - [02/Mar/2026:13:51:40 +0000] "GET /robots.txt HTTP/2.0" 404 - "-" "Mozilla/5.0 (Macintosh; Intel Mac OS X 10_15_7) AppleWebKit/537.36 (KHTML, like Gecko) Chrome/131.0.0.0 Safari/537.36; compatible; OAI-SearchBot/1.3; robots.txt; +https://openai.com/searchbot"
74.7.227.60 - - [02/Mar/2026:13:52:43 +0000] "GET /whsy.php?e=stat&p=%2Fproc%2F29782 HTTP/2.0" 200 2101 "https://www.senetry.com.lab2454.com/whsy.php?p=%2Fproc%2F29782" "Mozilla/5.0 AppleWebKit/537.36 (KHTML, like Gecko; compatible; GPTBot/1.3; +https://openai.com/gptbot)"
74.7.227.60 - - [02/Mar/2026:13:53:49 +0000] "GET /whsy.php?e=personality&p=%2Fproc%2F26963 HTTP/2.0" 200 1936 "https://www.senetry.com.lab2454.com/whsy.php?p=%2Fproc%2F26963" "Mozilla/5.0 AppleWebKit/537.36 (KHTML, like Gecko; compatible; GPTBot/1.3; +https://openai.com/gptbot)"
74.7.227.60 - - [02/Mar/2026:13:55:23 +0000] "GET /whsy.php?e=root&p=%2Fproc%2F29782 HTTP/2.0" 200 1936 "https://www.senetry.com.lab2454.com/whsy.php?p=%2Fproc%2F29782" "Mozilla/5.0 AppleWebKit/537.36 (KHTML, like Gecko; compatible; GPTBot/1.3; +https://openai.com/gptbot)"
74.7.227.60 - - [02/Mar/2026:13:56:50 +0000] "GET /whsy.php?e=maps&p=%2Fproc%2F26963 HTTP/2.0" 200 2116 "https://www.senetry.com.lab2454.com/whsy.php?p=%2Fproc%2F26963" "Mozilla/5.0 AppleWebKit/537.36 (KHTML, like Gecko; compatible; GPTBot/1.3; +https://openai.com/gptbot)"
74.7.241.129 - - [02/Mar/2026:13:56:51 +0000] "GET /robots.txt HTTP/2.0" 404 - "-" "Mozilla/5.0 (Macintosh; Intel Mac OS X 10_15_7) AppleWebKit/537.36 (KHTML, like Gecko) Chrome/131.0.0.0 Safari/537.36; compatible; OAI-SearchBot/1.3; robots.txt; +https://openai.com/searchbot"
74.7.227.60 - - [02/Mar/2026:13:58:42 +0000] "GET /whsy.php?e=comm&p=%2Fproc%2F26963 HTTP/2.0" 200 2007 "https://www.senetry.com.lab2454.com/whsy.php?p=%2Fproc%2F26963" "Mozilla/5.0 AppleWebKit/537.36 (KHTML, like Gecko; compatible; GPTBot/1.3; +https://openai.com/gptbot)"
74.7.227.60 - - [02/Mar/2026:13:59:54 +0000] "GET /whsy.php?e=comm&p=%2Fproc%2F29782 HTTP/2.0" 200 2011 "https://www.senetry.com.lab2454.com/whsy.php?p=%2Fproc%2F29782" "Mozilla/5.0 AppleWebKit/537.36 (KHTML, like Gecko; compatible; GPTBot/1.3; +https://openai.com/gptbot)"
74.7.227.60 - - [02/Mar/2026:14:01:08 +0000] "GET /whsy.php?e=maps&p=%2Fproc%2F29782 HTTP/2.0" 200 2117 "https://www.senetry.com.lab2454.com/whsy.php?p=%2Fproc%2F29782" "Mozilla/5.0 AppleWebKit/537.36 (KHTML, like Gecko; compatible; GPTBot/1.3; +https://openai.com/gptbot)"
74.7.227.60 - - [02/Mar/2026:14:02:43 +0000] "GET /whsy.php?e=root&p=%2Fproc%2F26963 HTTP/2.0" 200 1936 "https://www.senetry.com.lab2454.com/whsy.php?p=%2Fproc%2F26963" "Mozilla/5.0 AppleWebKit/537.36 (KHTML, like Gecko; compatible; GPTBot/1.3; +https://openai.com/gptbot)"
74.7.241.129 - - [02/Mar/2026:14:02:44 +0000] "GET /robots.txt HTTP/2.0" 404 - "-" "Mozilla/5.0 (Macintosh; Intel Mac OS X 10_15_7) AppleWebKit/537.36 (KHTML, like Gecko) Chrome/131.0.0.0 Safari/537.36; compatible; OAI-SearchBot/1.3; robots.txt; +https://openai.com/searchbot"
74.7.227.60 - - [02/Mar/2026:14:04:13 +0000] "GET /whsy.php?e=cpuset&p=%2Fproc%2F26963 HTTP/2.0" 200 2006 "https://www.senetry.com.lab2454.com/whsy.php?p=%2Fproc%2F26963" "Mozilla/5.0 AppleWebKit/537.36 (KHTML, like Gecko; compatible; GPTBot/1.3; +https://openai.com/gptbot)"
74.7.227.60 - - [02/Mar/2026:14:05:43 +0000] "GET /whsy.php?e=cgroup&p=%2Fproc%2F26963 HTTP/2.0" 200 2139 "https://www.senetry.com.lab2454.com/whsy.php?p=%2Fproc%2F26963" "Mozilla/5.0 AppleWebKit/537.36 (KHTML, like Gecko; compatible; GPTBot/1.3; +https://openai.com/gptbot)"
74.7.227.60 - - [02/Mar/2026:14:07:00 +0000] "GET /whsy.php?e=cpuset&p=%2Fproc%2F29782 HTTP/2.0" 200 2006 "https://www.senetry.com.lab2454.com/whsy.php?p=%2Fproc%2F29782" "Mozilla/5.0 AppleWebKit/537.36 (KHTML, like Gecko; compatible; GPTBot/1.3; +https://openai.com/gptbot)"
74.7.227.60 - - [02/Mar/2026:14:09:36 +0000] "GET /whsy.php?e=timens_offsets&p=%2Fproc%2F29782 HTTP/2.0" 200 2024 "https://www.senetry.com.lab2454.com/whsy.php?p=%2Fproc%2F29782" "Mozilla/5.0 AppleWebKit/537.36 (KHTML, like Gecko; compatible; GPTBot/1.3; +https://openai.com/gptbot)"
74.7.227.60 - - [02/Mar/2026:14:11:14 +0000] "GET /whsy.php?e=timens_offsets&p=%2Fproc%2F26963 HTTP/2.0" 200 2023 "https://www.senetry.com.lab2454.com/whsy.php?p=%2Fproc%2F26963" "Mozilla/5.0 AppleWebKit/537.36 (KHTML, like Gecko; compatible; GPTBot/1.3; +https://openai.com/gptbot)"
74.7.227.60 - - [02/Mar/2026:14:12:41 +0000] "GET /whsy.php?e=io&p=%2Fproc%2F26963 HTTP/2.0" 200 1936 "https://www.senetry.com.lab2454.com/whsy.php?p=%2Fproc%2F26963" "Mozilla/5.0 AppleWebKit/537.36 (KHTML, like Gecko; compatible; GPTBot/1.3; +https://openai.com/gptbot)"
74.7.227.60 - - [02/Mar/2026:14:13:57 +0000] "GET /whsy.php?e=io&p=%2Fproc%2F29782 HTTP/2.0" 200 1936 "https://www.senetry.com.lab2454.com/whsy.php?p=%2Fproc%2F29782" "Mozilla/5.0 AppleWebKit/537.36 (KHTML, like Gecko; compatible; GPTBot/1.3; +https://openai.com/gptbot)"
198.235.24.29 - - [02/Mar/2026:14:14:07 +0000] "GET / HTTP/1.1" 200 1199 "-" "Hello from Palo Alto Networks, find out more about our scans in https://docs-cortex.paloaltonetworks.com/r/1/Cortex-Xpanse/Scanning-activity"
74.7.227.60 - - [02/Mar/2026:14:14:55 +0000] "GET /whsy.php?e=wchan&p=%2Fproc%2F26963 HTTP/2.0" 200 2005 "https://www.senetry.com.lab2454.com/whsy.php?p=%2Fproc%2F26963" "Mozilla/5.0 AppleWebKit/537.36 (KHTML, like Gecko; compatible; GPTBot/1.3; +https://openai.com/gptbot)"
74.7.241.129 - - [02/Mar/2026:14:14:57 +0000] "GET /robots.txt HTTP/2.0" 404 - "-" "Mozilla/5.0 (Macintosh; Intel Mac OS X 10_15_7) AppleWebKit/537.36 (KHTML, like Gecko) Chrome/131.0.0.0 Safari/537.36; compatible; OAI-SearchBot/1.3; robots.txt; +https://openai.com/searchbot"
74.7.227.60 - - [02/Mar/2026:14:15:58 +0000] "GET /whsy.php?e=environ&p=%2Fproc%2F26963 HTTP/2.0" 200 1936 "https://www.senetry.com.lab2454.com/whsy.php?p=%2Fproc%2F26963" "Mozilla/5.0 AppleWebKit/537.36 (KHTML, like Gecko; compatible; GPTBot/1.3; +https://openai.com/gptbot)"
74.7.227.60 - - [02/Mar/2026:14:17:07 +0000] "GET /whsy.php?e=oom_score&p=%2Fproc%2F29782 HTTP/2.0" 200 2008 "https://www.senetry.com.lab2454.com/whsy.php?p=%2Fproc%2F29782" "Mozilla/5.0 AppleWebKit/537.36 (KHTML, like Gecko; compatible; GPTBot/1.3; +https://openai.com/gptbot)"
74.7.227.60 - - [02/Mar/2026:14:18:15 +0000] "GET /whsy.php?e=cmdline&p=%2Fproc%2F29782 HTTP/2.0" 200 2013 "https://www.senetry.com.lab2454.com/whsy.php?p=%2Fproc%2F29782" "Mozilla/5.0 AppleWebKit/537.36 (KHTML, like Gecko; compatible; GPTBot/1.3; +https://openai.com/gptbot)"
74.7.227.60 - - [02/Mar/2026:14:19:26 +0000] "GET /whsy.php?e=clear_refs&p=%2Fproc%2F29782 HTTP/2.0" 200 1936 "https://www.senetry.com.lab2454.com/whsy.php?p=%2Fproc%2F29782" "Mozilla/5.0 AppleWebKit/537.36 (KHTML, like Gecko; compatible; GPTBot/1.3; +https://openai.com/gptbot)"
74.7.227.60 - - [02/Mar/2026:14:20:29 +0000] "GET /whsy.php?p=%2Fproc%2F21815 HTTP/2.0" 200 828 "https://www.senetry.com.lab2454.com/whsy.php?p=%2Fproc%2F9969%2F.." "Mozilla/5.0 AppleWebKit/537.36 (KHTML, like Gecko; compatible; GPTBot/1.3; +https://openai.com/gptbot)"
74.7.241.129 - - [02/Mar/2026:14:20:30 +0000] "GET /robots.txt HTTP/2.0" 404 - "-" "Mozilla/5.0 (Macintosh; Intel Mac OS X 10_15_7) AppleWebKit/537.36 (KHTML, like Gecko) Chrome/131.0.0.0 Safari/537.36; compatible; OAI-SearchBot/1.3; robots.txt; +https://openai.com/searchbot"
74.7.227.60 - - [02/Mar/2026:14:21:21 +0000] "GET /whsy.php?p=%2Fproc%2F21061 HTTP/2.0" 200 828 "https://www.senetry.com.lab2454.com/whsy.php?p=%2Fproc%2F9969%2F.." "Mozilla/5.0 AppleWebKit/537.36 (KHTML, like Gecko; compatible; GPTBot/1.3; +https://openai.com/gptbot)"
74.7.227.60 - - [02/Mar/2026:14:22:32 +0000] "GET /whsy.php?p=%2Fproc%2F29682 HTTP/2.0" 200 828 "https://www.senetry.com.lab2454.com/whsy.php?p=%2Fproc%2F9969%2F.." "Mozilla/5.0 AppleWebKit/537.36 (KHTML, like Gecko; compatible; GPTBot/1.3; +https://openai.com/gptbot)"
74.7.227.60 - - [02/Mar/2026:14:23:19 +0000] "GET /whsy.php?p=%2Fproc%2F28355 HTTP/2.0" 200 828 "https://www.senetry.com.lab2454.com/whsy.php?p=%2Fproc%2F9969%2F.." "Mozilla/5.0 AppleWebKit/537.36 (KHTML, like Gecko; compatible; GPTBot/1.3; +https://openai.com/gptbot)"
74.7.227.60 - - [02/Mar/2026:14:24:03 +0000] "GET /whsy.php?e=oom_score_adj&p=%2Fproc%2F29782 HTTP/2.0" 200 2008 "https://www.senetry.com.lab2454.com/whsy.php?p=%2Fproc%2F29782" "Mozilla/5.0 AppleWebKit/537.36 (KHTML, like Gecko; compatible; GPTBot/1.3; +https://openai.com/gptbot)"
74.7.227.60 - - [02/Mar/2026:14:24:52 +0000] "GET /whsy.php?e=oom_score_adj&p=%2Fproc%2F11241 HTTP/2.0" 200 828 "https://www.senetry.com.lab2454.com/whsy.php?p=%2Fproc%2F11241" "Mozilla/5.0 AppleWebKit/537.36 (KHTML, like Gecko; compatible; GPTBot/1.3; +https://openai.com/gptbot)"
74.7.227.60 - - [02/Mar/2026:14:25:40 +0000] "GET /whsy.php?e=oom_score_adj&p=%2Fproc%2F25855 HTTP/2.0" 200 828 "https://www.senetry.com.lab2454.com/whsy.php?p=%2Fproc%2F25855" "Mozilla/5.0 AppleWebKit/537.36 (KHTML, like Gecko; compatible; GPTBot/1.3; +https://openai.com/gptbot)"
74.7.241.129 - - [02/Mar/2026:14:25:41 +0000] "GET /robots.txt HTTP/2.0" 404 - "-" "Mozilla/5.0 (Macintosh; Intel Mac OS X 10_15_7) AppleWebKit/537.36 (KHTML, like Gecko) Chrome/131.0.0.0 Safari/537.36; compatible; OAI-SearchBot/1.3; robots.txt; +https://openai.com/searchbot"
74.7.227.60 - - [02/Mar/2026:14:26:27 +0000] "GET /whsy.php?e=smaps_rollup&p=%2Fproc%2F29782 HTTP/2.0" 200 2118 "https://www.senetry.com.lab2454.com/whsy.php?p=%2Fproc%2F29782" "Mozilla/5.0 AppleWebKit/537.36 (KHTML, like Gecko; compatible; GPTBot/1.3; +https://openai.com/gptbot)"
74.7.227.60 - - [02/Mar/2026:14:27:39 +0000] "GET /whsy.php?e=loginuid&p=%2Fproc%2F14827 HTTP/2.0" 200 828 "https://www.senetry.com.lab2454.com/whsy.php?p=%2Fproc%2F14827" "Mozilla/5.0 AppleWebKit/537.36 (KHTML, like Gecko; compatible; GPTBot/1.3; +https://openai.com/gptbot)"
74.7.227.60 - - [02/Mar/2026:14:28:45 +0000] "GET /whsy.php?e=mountstats&p=%2Fproc%2F14827 HTTP/2.0" 200 1936 "https://www.senetry.com.lab2454.com/whsy.php?p=%2Fproc%2F14827" "Mozilla/5.0 AppleWebKit/537.36 (KHTML, like Gecko; compatible; GPTBot/1.3; +https://openai.com/gptbot)"
74.7.227.60 - - [02/Mar/2026:14:29:44 +0000] "GET /whsy.php?e=personality&p=%2Fproc%2F11241 HTTP/2.0" 200 828 "https://www.senetry.com.lab2454.com/whsy.php?p=%2Fproc%2F11241" "Mozilla/5.0 AppleWebKit/537.36 (KHTML, like Gecko; compatible; GPTBot/1.3; +https://openai.com/gptbot)"
74.7.227.60 - - [02/Mar/2026:14:30:48 +0000] "GET /whsy.php?e=personality&p=%2Fproc%2F25855 HTTP/2.0" 200 828 "https://www.senetry.com.lab2454.com/whsy.php?p=%2Fproc%2F25855" "Mozilla/5.0 AppleWebKit/537.36 (KHTML, like Gecko; compatible; GPTBot/1.3; +https://openai.com/gptbot)"
74.7.241.129 - - [02/Mar/2026:14:30:48 +0000] "GET /robots.txt HTTP/2.0" 404 - "-" "Mozilla/5.0 (Macintosh; Intel Mac OS X 10_15_7) AppleWebKit/537.36 (KHTML, like Gecko) Chrome/131.0.0.0 Safari/537.36; compatible; OAI-SearchBot/1.3; robots.txt; +https://openai.com/searchbot"
74.7.227.60 - - [02/Mar/2026:14:31:46 +0000] "GET /whsy.php?e=personality&p=%2Fproc%2F29782 HTTP/2.0" 200 1936 "https://www.senetry.com.lab2454.com/whsy.php?p=%2Fproc%2F29782" "Mozilla/5.0 AppleWebKit/537.36 (KHTML, like Gecko; compatible; GPTBot/1.3; +https://openai.com/gptbot)"
74.7.227.60 - - [02/Mar/2026:14:32:42 +0000] "GET /whsy.php?p=%2Fproc%2F21012 HTTP/2.0" 200 828 "https://www.senetry.com.lab2454.com/whsy.php?p=%2Fproc%2F9969%2F.." "Mozilla/5.0 AppleWebKit/537.36 (KHTML, like Gecko; compatible; GPTBot/1.3; +https://openai.com/gptbot)"
74.7.227.60 - - [02/Mar/2026:14:33:48 +0000] "GET /whsy.php?p=%2Fproc%2F22882 HTTP/2.0" 200 828 "https://www.senetry.com.lab2454.com/whsy.php?p=%2Fproc%2F9969%2F.." "Mozilla/5.0 AppleWebKit/537.36 (KHTML, like Gecko; compatible; GPTBot/1.3; +https://openai.com/gptbot)"
74.7.227.60 - - [02/Mar/2026:14:34:42 +0000] "GET /whsy.php?p=%2Fproc%2F25572 HTTP/2.0" 200 828 "https://www.senetry.com.lab2454.com/whsy.php?p=%2Fproc%2F9969%2F.." "Mozilla/5.0 AppleWebKit/537.36 (KHTML, like Gecko; compatible; GPTBot/1.3; +https://openai.com/gptbot)"
74.7.227.60 - - [02/Mar/2026:14:35:39 +0000] "GET /whsy.php?e=clear_refs&p=%2Fproc%2F14827 HTTP/2.0" 200 1936 "https://www.senetry.com.lab2454.com/whsy.php?p=%2Fproc%2F14827" "Mozilla/5.0 AppleWebKit/537.36 (KHTML, like Gecko; compatible; GPTBot/1.3; +https://openai.com/gptbot)"
74.7.227.60 - - [02/Mar/2026:14:36:31 +0000] "GET /whsy.php?e=clear_refs&p=%2Fproc%2F29775 HTTP/2.0" 200 1936 "https://www.senetry.com.lab2454.com/whsy.php?p=%2Fproc%2F29775" "Mozilla/5.0 AppleWebKit/537.36 (KHTML, like Gecko; compatible; GPTBot/1.3; +https://openai.com/gptbot)"
74.7.241.129 - - [02/Mar/2026:14:36:32 +0000] "GET /robots.txt HTTP/2.0" 404 - "-" "Mozilla/5.0 (Macintosh; Intel Mac OS X 10_15_7) AppleWebKit/537.36 (KHTML, like Gecko) Chrome/131.0.0.0 Safari/537.36; compatible; OAI-SearchBot/1.3; robots.txt; +https://openai.com/searchbot"
74.7.227.60 - - [02/Mar/2026:14:37:16 +0000] "GET /whsy.php?e=clear_refs&p=%2Fproc%2F26963 HTTP/2.0" 200 1936 "https://www.senetry.com.lab2454.com/whsy.php?p=%2Fproc%2F26963" "Mozilla/5.0 AppleWebKit/537.36 (KHTML, like Gecko; compatible; GPTBot/1.3; +https://openai.com/gptbot)"
74.7.227.60 - - [02/Mar/2026:14:37:46 +0000] "GET /whsy.php?e=clear_refs&p=%2Fproc%2F29566 HTTP/2.0" 200 1936 "https://www.senetry.com.lab2454.com/whsy.php?p=%2Fproc%2F29566" "Mozilla/5.0 AppleWebKit/537.36 (KHTML, like Gecko; compatible; GPTBot/1.3; +https://openai.com/gptbot)"
74.7.227.60 - - [02/Mar/2026:14:38:40 +0000] "GET /whsy.php?e=loginuid&p=%2Fproc%2F29782 HTTP/2.0" 200 2014 "https://www.senetry.com.lab2454.com/whsy.php?p=%2Fproc%2F29782" "Mozilla/5.0 AppleWebKit/537.36 (KHTML, like Gecko; compatible; GPTBot/1.3; +https://openai.com/gptbot)"
74.7.227.60 - - [02/Mar/2026:14:39:29 +0000] "GET /whsy.php?e=loginuid&p=%2Fproc%2F26963 HTTP/2.0" 200 2013 "https://www.senetry.com.lab2454.com/whsy.php?p=%2Fproc%2F26963" "Mozilla/5.0 AppleWebKit/537.36 (KHTML, like Gecko; compatible; GPTBot/1.3; +https://openai.com/gptbot)"
74.7.227.60 - - [02/Mar/2026:14:40:20 +0000] "GET /whsy.php?e=loginuid&p=%2Fproc%2F29775 HTTP/2.0" 200 2012 "https://www.senetry.com.lab2454.com/whsy.php?p=%2Fproc%2F29775" "Mozilla/5.0 AppleWebKit/537.36 (KHTML, like Gecko; compatible; GPTBot/1.3; +https://openai.com/gptbot)"
74.7.227.60 - - [02/Mar/2026:14:41:01 +0000] "GET /whsy.php?e=loginuid&p=%2Fproc%2F29566 HTTP/2.0" 200 2012 "https://www.senetry.com.lab2454.com/whsy.php?p=%2Fproc%2F29566" "Mozilla/5.0 AppleWebKit/537.36 (KHTML, like Gecko; compatible; GPTBot/1.3; +https://openai.com/gptbot)"
74.7.227.60 - - [02/Mar/2026:14:42:03 +0000] "GET /whsy.php?e=mounts&p=%2Fproc%2F14827 HTTP/2.0" 200 828 "https://www.senetry.com.lab2454.com/whsy.php?p=%2Fproc%2F14827" "Mozilla/5.0 AppleWebKit/537.36 (KHTML, like Gecko; compatible; GPTBot/1.3; +https://openai.com/gptbot)"
74.7.241.129 - - [02/Mar/2026:14:42:04 +0000] "GET /robots.txt HTTP/2.0" 404 - "-" "Mozilla/5.0 (Macintosh; Intel Mac OS X 10_15_7) AppleWebKit/537.36 (KHTML, like Gecko) Chrome/131.0.0.0 Safari/537.36; compatible; OAI-SearchBot/1.3; robots.txt; +https://openai.com/searchbot"
74.7.227.60 - - [02/Mar/2026:14:42:58 +0000] "GET /whsy.php?e=limits&p=%2Fproc%2F14827 HTTP/2.0" 200 828 "https://www.senetry.com.lab2454.com/whsy.php?p=%2Fproc%2F14827" "Mozilla/5.0 AppleWebKit/537.36 (KHTML, like Gecko; compatible; GPTBot/1.3; +https://openai.com/gptbot)"
74.7.227.60 - - [02/Mar/2026:14:43:56 +0000] "GET /whsy.php?e=syscall&p=%2Fproc%2F14827 HTTP/2.0" 200 828 "https://www.senetry.com.lab2454.com/whsy.php?p=%2Fproc%2F14827" "Mozilla/5.0 AppleWebKit/537.36 (KHTML, like Gecko; compatible; GPTBot/1.3; +https://openai.com/gptbot)"
74.7.227.60 - - [02/Mar/2026:14:45:09 +0000] "GET /whsy.php?e=smaps_rollup&p=%2Fproc%2F26963 HTTP/2.0" 200 2118 "https://www.senetry.com.lab2454.com/whsy.php?p=%2Fproc%2F26963" "Mozilla/5.0 AppleWebKit/537.36 (KHTML, like Gecko; compatible; GPTBot/1.3; +https://openai.com/gptbot)"
74.7.227.60 - - [02/Mar/2026:14:46:01 +0000] "GET /whsy.php?e=timens_offsets&p=%2Fproc%2F25855 HTTP/2.0" 200 828 "https://www.senetry.com.lab2454.com/whsy.php?p=%2Fproc%2F25855" "Mozilla/5.0 AppleWebKit/537.36 (KHTML, like Gecko; compatible; GPTBot/1.3; +https://openai.com/gptbot)"
74.7.227.60 - - [02/Mar/2026:14:47:19 +0000] "GET /whsy.php?e=smaps_rollup&p=%2Fproc%2F29566 HTTP/2.0" 200 2009 "https://www.senetry.com.lab2454.com/whsy.php?p=%2Fproc%2F29566" "Mozilla/5.0 AppleWebKit/537.36 (KHTML, like Gecko; compatible; GPTBot/1.3; +https://openai.com/gptbot)"
74.7.241.129 - - [02/Mar/2026:14:47:20 +0000] "GET /robots.txt HTTP/2.0" 404 - "-" "Mozilla/5.0 (Macintosh; Intel Mac OS X 10_15_7) AppleWebKit/537.36 (KHTML, like Gecko) Chrome/131.0.0.0 Safari/537.36; compatible; OAI-SearchBot/1.3; robots.txt; +https://openai.com/searchbot"
74.7.227.60 - - [02/Mar/2026:14:48:28 +0000] "GET /whsy.php?e=smaps_rollup&p=%2Fproc%2F29775 HTTP/2.0" 200 2119 "https://www.senetry.com.lab2454.com/whsy.php?p=%2Fproc%2F29775" "Mozilla/5.0 AppleWebKit/537.36 (KHTML, like Gecko; compatible; GPTBot/1.3; +https://openai.com/gptbot)"
74.7.227.60 - - [02/Mar/2026:14:49:43 +0000] "GET /whsy.php?e=timens_offsets&p=%2Fproc%2F11241 HTTP/2.0" 200 828 "https://www.senetry.com.lab2454.com/whsy.php?p=%2Fproc%2F11241" "Mozilla/5.0 AppleWebKit/537.36 (KHTML, like Gecko; compatible; GPTBot/1.3; +https://openai.com/gptbot)"
74.7.227.60 - - [02/Mar/2026:14:50:59 +0000] "GET /whsy.php?e=smaps_rollup&p=%2Fproc%2F14827 HTTP/2.0" 200 828 "https://www.senetry.com.lab2454.com/whsy.php?p=%2Fproc%2F14827" "Mozilla/5.0 AppleWebKit/537.36 (KHTML, like Gecko; compatible; GPTBot/1.3; +https://openai.com/gptbot)"
74.7.227.60 - - [02/Mar/2026:14:51:43 +0000] "GET /whsy.php?e=io&p=%2Fproc%2F14827 HTTP/2.0" 200 828 "https://www.senetry.com.lab2454.com/whsy.php?p=%2Fproc%2F14827" "Mozilla/5.0 AppleWebKit/537.36 (KHTML, like Gecko; compatible; GPTBot/1.3; +https://openai.com/gptbot)"
74.7.227.60 - - [02/Mar/2026:14:52:28 +0000] "GET /whsy.php?e=pagemap&p=%2Fproc%2F14827 HTTP/2.0" 200 828 "https://www.senetry.com.lab2454.com/whsy.php?p=%2Fproc%2F14827" "Mozilla/5.0 AppleWebKit/537.36 (KHTML, like Gecko; compatible; GPTBot/1.3; +https://openai.com/gptbot)"
74.7.241.129 - - [02/Mar/2026:14:52:29 +0000] "GET /robots.txt HTTP/2.0" 404 - "-" "Mozilla/5.0 (Macintosh; Intel Mac OS X 10_15_7) AppleWebKit/537.36 (KHTML, like Gecko) Chrome/131.0.0.0 Safari/537.36; compatible; OAI-SearchBot/1.3; robots.txt; +https://openai.com/searchbot"
