74.7.227.60 - - [02/Mar/2026:14:53:25 +0000] "GET /whsy.php?e=environ&p=%2Fproc%2F29782 HTTP/2.0" 200 1936 "https://www.senetry.com.lab2454.com/whsy.php?p=%2Fproc%2F29782" "Mozilla/5.0 AppleWebKit/537.36 (KHTML, like Gecko; compatible; GPTBot/1.3; +https://openai.com/gptbot)"
74.7.227.60 - - [02/Mar/2026:14:54:04 +0000] "GET /whsy.php?e=mountstats&p=%2Fproc%2F11241 HTTP/2.0" 200 828 "https://www.senetry.com.lab2454.com/whsy.php?p=%2Fproc%2F11241" "Mozilla/5.0 AppleWebKit/537.36 (KHTML, like Gecko; compatible; GPTBot/1.3; +https://openai.com/gptbot)"
74.7.227.60 - - [02/Mar/2026:14:54:59 +0000] "GET /whsy.php?e=mountstats&p=%2Fproc%2F25855 HTTP/2.0" 200 828 "https://www.senetry.com.lab2454.com/whsy.php?p=%2Fproc%2F25855" "Mozilla/5.0 AppleWebKit/537.36 (KHTML, like Gecko; compatible; GPTBot/1.3; +https://openai.com/gptbot)"
74.7.227.60 - - [02/Mar/2026:14:55:36 +0000] "GET /whsy.php?e=environ&p=%2Fproc%2F11241 HTTP/2.0" 200 828 "https://www.senetry.com.lab2454.com/whsy.php?p=%2Fproc%2F11241" "Mozilla/5.0 AppleWebKit/537.36 (KHTML, like Gecko; compatible; GPTBot/1.3; +https://openai.com/gptbot)"
74.7.227.60 - - [02/Mar/2026:14:56:44 +0000] "GET /whsy.php?e=syscall&p=%2Fproc%2F29566 HTTP/2.0" 200 1936 "https://www.senetry.com.lab2454.com/whsy.php?p=%2Fproc%2F29566" "Mozilla/5.0 AppleWebKit/537.36 (KHTML, like Gecko; compatible; GPTBot/1.3; +https://openai.com/gptbot)"
74.7.227.60 - - [02/Mar/2026:14:57:39 +0000] "GET /whsy.php?e=syscall&p=%2Fproc%2F26963 HTTP/2.0" 200 1936 "https://www.senetry.com.lab2454.com/whsy.php?p=%2Fproc%2F26963" "Mozilla/5.0 AppleWebKit/537.36 (KHTML, like Gecko; compatible; GPTBot/1.3; +https://openai.com/gptbot)"
74.7.241.129 - - [02/Mar/2026:14:57:40 +0000] "GET /robots.txt HTTP/2.0" 404 - "-" "Mozilla/5.0 (Macintosh; Intel Mac OS X 10_15_7) AppleWebKit/537.36 (KHTML, like Gecko) Chrome/131.0.0.0 Safari/537.36; compatible; OAI-SearchBot/1.3; robots.txt; +https://openai.com/searchbot"
74.7.227.60 - - [02/Mar/2026:14:58:30 +0000] "GET /whsy.php?e=environ&p=%2Fproc%2F25855 HTTP/2.0" 200 828 "https://www.senetry.com.lab2454.com/whsy.php?p=%2Fproc%2F25855" "Mozilla/5.0 AppleWebKit/537.36 (KHTML, like Gecko; compatible; GPTBot/1.3; +https://openai.com/gptbot)"
74.7.227.60 - - [02/Mar/2026:14:59:40 +0000] "GET /whsy.php?e=syscall&p=%2Fproc%2F29775 HTTP/2.0" 200 1936 "https://www.senetry.com.lab2454.com/whsy.php?p=%2Fproc%2F29775" "Mozilla/5.0 AppleWebKit/537.36 (KHTML, like Gecko; compatible; GPTBot/1.3; +https://openai.com/gptbot)"
74.7.227.60 - - [02/Mar/2026:15:00:28 +0000] "GET /whsy.php?e=smaps_rollup&p=%2Fproc%2F11241 HTTP/2.0" 200 828 "https://www.senetry.com.lab2454.com/whsy.php?p=%2Fproc%2F11241" "Mozilla/5.0 AppleWebKit/537.36 (KHTML, like Gecko; compatible; GPTBot/1.3; +https://openai.com/gptbot)"
74.7.227.60 - - [02/Mar/2026:15:01:25 +0000] "GET /whsy.php?e=smaps_rollup&p=%2Fproc%2F25855 HTTP/2.0" 200 828 "https://www.senetry.com.lab2454.com/whsy.php?p=%2Fproc%2F25855" "Mozilla/5.0 AppleWebKit/537.36 (KHTML, like Gecko; compatible; GPTBot/1.3; +https://openai.com/gptbot)"
74.7.227.60 - - [02/Mar/2026:15:02:19 +0000] "GET /whsy.php?e=stat&p=%2Fproc%2F29775 HTTP/2.0" 200 2104 "https://www.senetry.com.lab2454.com/whsy.php?p=%2Fproc%2F29775" "Mozilla/5.0 AppleWebKit/537.36 (KHTML, like Gecko; compatible; GPTBot/1.3; +https://openai.com/gptbot)"
74.7.227.60 - - [02/Mar/2026:15:03:31 +0000] "GET /whsy.php?e=stat&p=%2Fproc%2F26963 HTTP/2.0" 200 2108 "https://www.senetry.com.lab2454.com/whsy.php?p=%2Fproc%2F26963" "Mozilla/5.0 AppleWebKit/537.36 (KHTML, like Gecko; compatible; GPTBot/1.3; +https://openai.com/gptbot)"
74.7.241.129 - - [02/Mar/2026:15:03:32 +0000] "GET /robots.txt HTTP/2.0" 404 - "-" "Mozilla/5.0 (Macintosh; Intel Mac OS X 10_15_7) AppleWebKit/537.36 (KHTML, like Gecko) Chrome/131.0.0.0 Safari/537.36; compatible; OAI-SearchBot/1.3; robots.txt; +https://openai.com/searchbot"
74.7.227.60 - - [02/Mar/2026:15:04:42 +0000] "GET /whsy.php?e=comm&p=%2Fproc%2F14827 HTTP/2.0" 200 828 "https://www.senetry.com.lab2454.com/whsy.php?p=%2Fproc%2F14827" "Mozilla/5.0 AppleWebKit/537.36 (KHTML, like Gecko; compatible; GPTBot/1.3; +https://openai.com/gptbot)"
74.7.227.60 - - [02/Mar/2026:15:05:47 +0000] "GET /whsy.php?e=stat&p=%2Fproc%2F29566 HTTP/2.0" 200 2104 "https://www.senetry.com.lab2454.com/whsy.php?p=%2Fproc%2F29566" "Mozilla/5.0 AppleWebKit/537.36 (KHTML, like Gecko; compatible; GPTBot/1.3; +https://openai.com/gptbot)"
74.7.227.60 - - [02/Mar/2026:15:07:13 +0000] "GET /whsy.php?e=maps&p=%2Fproc%2F14827 HTTP/2.0" 200 828 "https://www.senetry.com.lab2454.com/whsy.php?p=%2Fproc%2F14827" "Mozilla/5.0 AppleWebKit/537.36 (KHTML, like Gecko; compatible; GPTBot/1.3; +https://openai.com/gptbot)"
74.7.227.60 - - [02/Mar/2026:15:08:42 +0000] "GET /whsy.php?e=clear_refs&p=%2Fproc%2F11241 HTTP/2.0" 200 828 "https://www.senetry.com.lab2454.com/whsy.php?p=%2Fproc%2F11241" "Mozilla/5.0 AppleWebKit/537.36 (KHTML, like Gecko; compatible; GPTBot/1.3; +https://openai.com/gptbot)"
74.7.227.60 - - [02/Mar/2026:15:09:45 +0000] "GET /whsy.php?e=clear_refs&p=%2Fproc%2F25855 HTTP/2.0" 200 828 "https://www.senetry.com.lab2454.com/whsy.php?p=%2Fproc%2F25855" "Mozilla/5.0 AppleWebKit/537.36 (KHTML, like Gecko; compatible; GPTBot/1.3; +https://openai.com/gptbot)"
74.7.227.60 - - [02/Mar/2026:15:10:44 +0000] "GET /whsy.php?e=mountstats&p=%2Fproc%2F26963 HTTP/2.0" 200 1936 "https://www.senetry.com.lab2454.com/whsy.php?p=%2Fproc%2F26963" "Mozilla/5.0 AppleWebKit/537.36 (KHTML, like Gecko; compatible; GPTBot/1.3; +https://openai.com/gptbot)"
74.7.227.60 - - [02/Mar/2026:15:12:15 +0000] "GET /whsy.php?e=mountstats&p=%2Fproc%2F29782 HTTP/2.0" 200 1936 "https://www.senetry.com.lab2454.com/whsy.php?p=%2Fproc%2F29782" "Mozilla/5.0 AppleWebKit/537.36 (KHTML, like Gecko; compatible; GPTBot/1.3; +https://openai.com/gptbot)"
74.7.227.60 - - [02/Mar/2026:15:13:28 +0000] "GET /whsy.php?e=mountstats&p=%2Fproc%2F29566 HTTP/2.0" 200 1936 "https://www.senetry.com.lab2454.com/whsy.php?p=%2Fproc%2F29566" "Mozilla/5.0 AppleWebKit/537.36 (KHTML, like Gecko; compatible; GPTBot/1.3; +https://openai.com/gptbot)"
74.7.227.60 - - [02/Mar/2026:15:14:56 +0000] "GET /whsy.php?e=timers&p=%2Fproc%2F11241 HTTP/2.0" 200 828 "https://www.senetry.com.lab2454.com/whsy.php?p=%2Fproc%2F11241" "Mozilla/5.0 AppleWebKit/537.36 (KHTML, like Gecko; compatible; GPTBot/1.3; +https://openai.com/gptbot)"
74.7.241.129 - - [02/Mar/2026:15:14:57 +0000] "GET /robots.txt HTTP/2.0" 404 - "-" "Mozilla/5.0 (Macintosh; Intel Mac OS X 10_15_7) AppleWebKit/537.36 (KHTML, like Gecko) Chrome/131.0.0.0 Safari/537.36; compatible; OAI-SearchBot/1.3; robots.txt; +https://openai.com/searchbot"
74.7.227.60 - - [02/Mar/2026:15:16:13 +0000] "GET /whsy.php?e=timers&p=%2Fproc%2F25855 HTTP/2.0" 200 828 "https://www.senetry.com.lab2454.com/whsy.php?p=%2Fproc%2F25855" "Mozilla/5.0 AppleWebKit/537.36 (KHTML, like Gecko; compatible; GPTBot/1.3; +https://openai.com/gptbot)"
74.7.227.60 - - [02/Mar/2026:15:17:31 +0000] "GET /whsy.php?e=status&p=%2Fproc%2F29782 HTTP/2.0" 200 2555 "https://www.senetry.com.lab2454.com/whsy.php?p=%2Fproc%2F29782" "Mozilla/5.0 AppleWebKit/537.36 (KHTML, like Gecko; compatible; GPTBot/1.3; +https://openai.com/gptbot)"
74.7.227.60 - - [02/Mar/2026:15:19:00 +0000] "GET /whsy.php?e=timens_offsets&p=%2Fproc%2F5800 HTTP/2.0" 200 2020 "https://www.senetry.com.lab2454.com/whsy.php?p=%2Fproc%2F5800" "Mozilla/5.0 AppleWebKit/537.36 (KHTML, like Gecko; compatible; GPTBot/1.3; +https://openai.com/gptbot)"
74.7.227.60 - - [02/Mar/2026:15:20:27 +0000] "GET /whsy.php?e=limits&p=%2Fproc%2F29782 HTTP/2.0" 200 2252 "https://www.senetry.com.lab2454.com/whsy.php?p=%2Fproc%2F29782" "Mozilla/5.0 AppleWebKit/537.36 (KHTML, like Gecko; compatible; GPTBot/1.3; +https://openai.com/gptbot)"
74.7.227.60 - - [02/Mar/2026:15:21:42 +0000] "GET /whsy.php?e=mounts&p=%2Fproc%2F29782 HTTP/2.0" 200 2650 "https://www.senetry.com.lab2454.com/whsy.php?p=%2Fproc%2F29782" "Mozilla/5.0 AppleWebKit/537.36 (KHTML, like Gecko; compatible; GPTBot/1.3; +https://openai.com/gptbot)"
74.7.227.60 - - [02/Mar/2026:15:23:07 +0000] "GET /whsy.php?e=limits&p=%2Fproc%2F26963 HTTP/2.0" 200 2251 "https://www.senetry.com.lab2454.com/whsy.php?p=%2Fproc%2F26963" "Mozilla/5.0 AppleWebKit/537.36 (KHTML, like Gecko; compatible; GPTBot/1.3; +https://openai.com/gptbot)"
74.7.227.60 - - [02/Mar/2026:15:24:22 +0000] "GET /whsy.php?e=mounts&p=%2Fproc%2F29775 HTTP/2.0" 200 2649 "https://www.senetry.com.lab2454.com/whsy.php?p=%2Fproc%2F29775" "Mozilla/5.0 AppleWebKit/537.36 (KHTML, like Gecko; compatible; GPTBot/1.3; +https://openai.com/gptbot)"
74.7.227.60 - - [02/Mar/2026:15:25:39 +0000] "GET /whsy.php?e=limits&p=%2Fproc%2F29566 HTTP/2.0" 200 2273 "https://www.senetry.com.lab2454.com/whsy.php?p=%2Fproc%2F29566" "Mozilla/5.0 AppleWebKit/537.36 (KHTML, like Gecko; compatible; GPTBot/1.3; +https://openai.com/gptbot)"
74.7.241.129 - - [02/Mar/2026:15:25:40 +0000] "GET /robots.txt HTTP/2.0" 404 - "-" "Mozilla/5.0 (Macintosh; Intel Mac OS X 10_15_7) AppleWebKit/537.36 (KHTML, like Gecko) Chrome/131.0.0.0 Safari/537.36; compatible; OAI-SearchBot/1.3; robots.txt; +https://openai.com/searchbot"
74.7.227.60 - - [02/Mar/2026:15:26:47 +0000] "GET /whsy.php?e=status&p=%2Fproc%2F14827 HTTP/2.0" 200 828 "https://www.senetry.com.lab2454.com/whsy.php?p=%2Fproc%2F14827" "Mozilla/5.0 AppleWebKit/537.36 (KHTML, like Gecko; compatible; GPTBot/1.3; +https://openai.com/gptbot)"
74.7.227.60 - - [02/Mar/2026:15:28:04 +0000] "GET /whsy.php?e=timers&p=%2Fproc%2F14827 HTTP/2.0" 200 828 "https://www.senetry.com.lab2454.com/whsy.php?p=%2Fproc%2F14827" "Mozilla/5.0 AppleWebKit/537.36 (KHTML, like Gecko; compatible; GPTBot/1.3; +https://openai.com/gptbot)"
74.7.227.60 - - [02/Mar/2026:15:29:06 +0000] "GET /whsy.php?e=mounts&p=%2Fproc%2F29566 HTTP/2.0" 200 2649 "https://www.senetry.com.lab2454.com/whsy.php?p=%2Fproc%2F29566" "Mozilla/5.0 AppleWebKit/537.36 (KHTML, like Gecko; compatible; GPTBot/1.3; +https://openai.com/gptbot)"
74.7.227.60 - - [02/Mar/2026:15:30:16 +0000] "GET /whsy.php?e=mounts&p=%2Fproc%2F26963 HTTP/2.0" 200 2677 "https://www.senetry.com.lab2454.com/whsy.php?p=%2Fproc%2F26963" "Mozilla/5.0 AppleWebKit/537.36 (KHTML, like Gecko; compatible; GPTBot/1.3; +https://openai.com/gptbot)"
74.7.227.60 - - [02/Mar/2026:15:31:26 +0000] "GET /whsy.php?e=limits&p=%2Fproc%2F29775 HTTP/2.0" 200 2253 "https://www.senetry.com.lab2454.com/whsy.php?p=%2Fproc%2F29775" "Mozilla/5.0 AppleWebKit/537.36 (KHTML, like Gecko; compatible; GPTBot/1.3; +https://openai.com/gptbot)"
74.7.241.129 - - [02/Mar/2026:15:31:27 +0000] "GET /robots.txt HTTP/2.0" 404 - "-" "Mozilla/5.0 (Macintosh; Intel Mac OS X 10_15_7) AppleWebKit/537.36 (KHTML, like Gecko) Chrome/131.0.0.0 Safari/537.36; compatible; OAI-SearchBot/1.3; robots.txt; +https://openai.com/searchbot"
74.7.227.60 - - [02/Mar/2026:15:32:41 +0000] "GET /whsy.php?e=statm&p=%2Fproc%2F5800 HTTP/2.0" 200 2026 "https://www.senetry.com.lab2454.com/whsy.php?p=%2Fproc%2F5800" "Mozilla/5.0 AppleWebKit/537.36 (KHTML, like Gecko; compatible; GPTBot/1.3; +https://openai.com/gptbot)"
74.7.227.60 - - [02/Mar/2026:15:33:51 +0000] "GET /whsy.php?e=stack&p=%2Fproc%2F5800 HTTP/2.0" 200 1935 "https://www.senetry.com.lab2454.com/whsy.php?p=%2Fproc%2F5800" "Mozilla/5.0 AppleWebKit/537.36 (KHTML, like Gecko; compatible; GPTBot/1.3; +https://openai.com/gptbot)"
74.7.227.60 - - [02/Mar/2026:15:35:17 +0000] "GET /whsy.php?e=numa_maps&p=%2Fproc%2F14827 HTTP/2.0" 200 828 "https://www.senetry.com.lab2454.com/whsy.php?p=%2Fproc%2F14827" "Mozilla/5.0 AppleWebKit/537.36 (KHTML, like Gecko; compatible; GPTBot/1.3; +https://openai.com/gptbot)"
74.7.227.60 - - [02/Mar/2026:15:36:33 +0000] "GET /whsy.php?e=loginuid&p=%2Fproc%2F5800 HTTP/2.0" 200 2011 "https://www.senetry.com.lab2454.com/whsy.php?p=%2Fproc%2F5800" "Mozilla/5.0 AppleWebKit/537.36 (KHTML, like Gecko; compatible; GPTBot/1.3; +https://openai.com/gptbot)"
74.7.241.129 - - [02/Mar/2026:15:36:34 +0000] "GET /robots.txt HTTP/2.0" 404 - "-" "Mozilla/5.0 (Macintosh; Intel Mac OS X 10_15_7) AppleWebKit/537.36 (KHTML, like Gecko) Chrome/131.0.0.0 Safari/537.36; compatible; OAI-SearchBot/1.3; robots.txt; +https://openai.com/searchbot"
74.7.227.60 - - [02/Mar/2026:15:37:49 +0000] "GET /whsy.php?e=timers&p=%2Fproc%2F29775 HTTP/2.0" 200 2006 "https://www.senetry.com.lab2454.com/whsy.php?p=%2Fproc%2F29775" "Mozilla/5.0 AppleWebKit/537.36 (KHTML, like Gecko; compatible; GPTBot/1.3; +https://openai.com/gptbot)"
74.7.227.60 - - [02/Mar/2026:15:39:16 +0000] "GET /whsy.php?e=timers&p=%2Fproc%2F29566 HTTP/2.0" 200 2005 "https://www.senetry.com.lab2454.com/whsy.php?p=%2Fproc%2F29566" "Mozilla/5.0 AppleWebKit/537.36 (KHTML, like Gecko; compatible; GPTBot/1.3; +https://openai.com/gptbot)"
74.7.227.60 - - [02/Mar/2026:15:40:41 +0000] "GET /whsy.php?e=timers&p=%2Fproc%2F26963 HTTP/2.0" 200 2005 "https://www.senetry.com.lab2454.com/whsy.php?p=%2Fproc%2F26963" "Mozilla/5.0 AppleWebKit/537.36 (KHTML, like Gecko; compatible; GPTBot/1.3; +https://openai.com/gptbot)"
74.7.227.60 - - [02/Mar/2026:15:42:05 +0000] "GET /whsy.php?p=%2Fproc%2F29566%2Fnet HTTP/2.0" 200 2441 "https://www.senetry.com.lab2454.com/whsy.php?p=%2Fproc%2F29566" "Mozilla/5.0 AppleWebKit/537.36 (KHTML, like Gecko; compatible; GPTBot/1.3; +https://openai.com/gptbot)"
74.7.241.129 - - [02/Mar/2026:15:42:07 +0000] "GET /robots.txt HTTP/2.0" 404 - "-" "Mozilla/5.0 (Macintosh; Intel Mac OS X 10_15_7) AppleWebKit/537.36 (KHTML, like Gecko) Chrome/131.0.0.0 Safari/537.36; compatible; OAI-SearchBot/1.3; robots.txt; +https://openai.com/searchbot"
74.7.227.60 - - [02/Mar/2026:15:43:16 +0000] "GET /whsy.php?p=%2Fproc%2F29566%2Fattr HTTP/2.0" 200 799 "https://www.senetry.com.lab2454.com/whsy.php?p=%2Fproc%2F29566" "Mozilla/5.0 AppleWebKit/537.36 (KHTML, like Gecko; compatible; GPTBot/1.3; +https://openai.com/gptbot)"
74.7.227.60 - - [02/Mar/2026:15:44:34 +0000] "GET /whsy.php?p=%2Fproc%2F29782%2Fattr HTTP/2.0" 200 800 "https://www.senetry.com.lab2454.com/whsy.php?p=%2Fproc%2F29782" "Mozilla/5.0 AppleWebKit/537.36 (KHTML, like Gecko; compatible; GPTBot/1.3; +https://openai.com/gptbot)"
74.7.227.60 - - [02/Mar/2026:15:45:50 +0000] "GET /whsy.php?p=%2Fproc%2F29782%2Fnet HTTP/2.0" 200 2442 "https://www.senetry.com.lab2454.com/whsy.php?p=%2Fproc%2F29782" "Mozilla/5.0 AppleWebKit/537.36 (KHTML, like Gecko; compatible; GPTBot/1.3; +https://openai.com/gptbot)"
74.7.227.60 - - [02/Mar/2026:15:47:02 +0000] "GET /whsy.php?p=%2Fproc%2F25855%2Ftask HTTP/2.0" 200 828 "https://www.senetry.com.lab2454.com/whsy.php?p=%2Fproc%2F25855" "Mozilla/5.0 AppleWebKit/537.36 (KHTML, like Gecko; compatible; GPTBot/1.3; +https://openai.com/gptbot)"
74.7.227.60 - - [02/Mar/2026:15:48:13 +0000] "GET /whsy.php?p=%2Fproc%2F29566%2Ftask HTTP/2.0" 200 491 "https://www.senetry.com.lab2454.com/whsy.php?p=%2Fproc%2F29566" "Mozilla/5.0 AppleWebKit/537.36 (KHTML, like Gecko; compatible; GPTBot/1.3; +https://openai.com/gptbot)"
74.7.241.129 - - [02/Mar/2026:15:48:14 +0000] "GET /robots.txt HTTP/2.0" 404 - "-" "Mozilla/5.0 (Macintosh; Intel Mac OS X 10_15_7) AppleWebKit/537.36 (KHTML, like Gecko) Chrome/131.0.0.0 Safari/537.36; compatible; OAI-SearchBot/1.3; robots.txt; +https://openai.com/searchbot"
74.7.227.60 - - [02/Mar/2026:15:49:25 +0000] "GET /whsy.php?p=%2Fproc%2F26963%2Fnet HTTP/2.0" 200 2441 "https://www.senetry.com.lab2454.com/whsy.php?p=%2Fproc%2F26963" "Mozilla/5.0 AppleWebKit/537.36 (KHTML, like Gecko; compatible; GPTBot/1.3; +https://openai.com/gptbot)"
74.7.227.60 - - [02/Mar/2026:15:50:38 +0000] "GET /whsy.php?p=%2Fproc%2F25855%2Fattr HTTP/2.0" 200 828 "https://www.senetry.com.lab2454.com/whsy.php?p=%2Fproc%2F25855" "Mozilla/5.0 AppleWebKit/537.36 (KHTML, like Gecko; compatible; GPTBot/1.3; +https://openai.com/gptbot)"
74.7.227.60 - - [02/Mar/2026:15:51:46 +0000] "GET /whsy.php?p=%2Fproc%2F26963%2Ftask HTTP/2.0" 200 491 "https://www.senetry.com.lab2454.com/whsy.php?p=%2Fproc%2F26963" "Mozilla/5.0 AppleWebKit/537.36 (KHTML, like Gecko; compatible; GPTBot/1.3; +https://openai.com/gptbot)"
74.7.227.60 - - [02/Mar/2026:15:52:33 +0000] "GET /whsy.php?p=%2Fproc%2F14827%2Fattr HTTP/2.0" 200 828 "https://www.senetry.com.lab2454.com/whsy.php?p=%2Fproc%2F14827" "Mozilla/5.0 AppleWebKit/537.36 (KHTML, like Gecko; compatible; GPTBot/1.3; +https://openai.com/gptbot)"
74.7.227.60 - - [02/Mar/2026:15:54:03 +0000] "GET /whsy.php?p=%2Fproc%2F29775%2Fattr HTTP/2.0" 200 800 "https://www.senetry.com.lab2454.com/whsy.php?p=%2Fproc%2F29775" "Mozilla/5.0 AppleWebKit/537.36 (KHTML, like Gecko; compatible; GPTBot/1.3; +https://openai.com/gptbot)"
74.7.241.129 - - [02/Mar/2026:15:54:04 +0000] "GET /robots.txt HTTP/2.0" 404 - "-" "Mozilla/5.0 (Macintosh; Intel Mac OS X 10_15_7) AppleWebKit/537.36 (KHTML, like Gecko) Chrome/131.0.0.0 Safari/537.36; compatible; OAI-SearchBot/1.3; robots.txt; +https://openai.com/searchbot"
74.7.227.60 - - [02/Mar/2026:15:55:39 +0000] "GET /whsy.php?e=igmp&p=%2Fproc%2F29566%2Fnet HTTP/2.0" 200 2592 "https://www.senetry.com.lab2454.com/whsy.php?p=%2Fproc%2F29566%2Fnet" "Mozilla/5.0 AppleWebKit/537.36 (KHTML, like Gecko; compatible; GPTBot/1.3; +https://openai.com/gptbot)"
74.7.227.60 - - [02/Mar/2026:15:57:04 +0000] "GET /whsy.php?p=%2Fproc%2F14827%2Fnet HTTP/2.0" 200 828 "https://www.senetry.com.lab2454.com/whsy.php?p=%2Fproc%2F14827" "Mozilla/5.0 AppleWebKit/537.36 (KHTML, like Gecko; compatible; GPTBot/1.3; +https://openai.com/gptbot)"
74.7.227.60 - - [02/Mar/2026:15:58:23 +0000] "GET /whsy.php?e=exec&p=%2Fproc%2F29782%2Fattr HTTP/2.0" 200 859 "https://www.senetry.com.lab2454.com/whsy.php?p=%2Fproc%2F29782%2Fattr" "Mozilla/5.0 AppleWebKit/537.36 (KHTML, like Gecko; compatible; GPTBot/1.3; +https://openai.com/gptbot)"
74.7.227.60 - - [02/Mar/2026:15:59:41 +0000] "GET /whsy.php?e=unix&p=%2Fproc%2F29782%2Fnet HTTP/2.0" 200 5013 "https://www.senetry.com.lab2454.com/whsy.php?p=%2Fproc%2F29782%2Fnet" "Mozilla/5.0 AppleWebKit/537.36 (KHTML, like Gecko; compatible; GPTBot/1.3; +https://openai.com/gptbot)"
74.7.241.129 - - [02/Mar/2026:15:59:42 +0000] "GET /robots.txt HTTP/2.0" 404 - "-" "Mozilla/5.0 (Macintosh; Intel Mac OS X 10_15_7) AppleWebKit/537.36 (KHTML, like Gecko) Chrome/131.0.0.0 Safari/537.36; compatible; OAI-SearchBot/1.3; robots.txt; +https://openai.com/searchbot"
74.7.227.60 - - [02/Mar/2026:16:00:45 +0000] "GET /whsy.php?p=%2Fproc%2F29782%2Ftask HTTP/2.0" 200 490 "https://www.senetry.com.lab2454.com/whsy.php?p=%2Fproc%2F29782" "Mozilla/5.0 AppleWebKit/537.36 (KHTML, like Gecko; compatible; GPTBot/1.3; +https://openai.com/gptbot)"
74.7.227.60 - - [02/Mar/2026:16:01:58 +0000] "GET /whsy.php?p=%2Fproc%2F25855%2Fnet HTTP/2.0" 200 828 "https://www.senetry.com.lab2454.com/whsy.php?p=%2Fproc%2F25855" "Mozilla/5.0 AppleWebKit/537.36 (KHTML, like Gecko; compatible; GPTBot/1.3; +https://openai.com/gptbot)"
74.7.227.60 - - [02/Mar/2026:16:02:56 +0000] "GET /whsy.php?e=mcfilter6&p=%2Fproc%2F26963%2Fnet HTTP/2.0" 200 2553 "https://www.senetry.com.lab2454.com/whsy.php?p=%2Fproc%2F26963%2Fnet" "Mozilla/5.0 AppleWebKit/537.36 (KHTML, like Gecko; compatible; GPTBot/1.3; +https://openai.com/gptbot)"
74.7.227.60 - - [02/Mar/2026:16:04:03 +0000] "GET /whsy.php?e=igmp&p=%2Fproc%2F26963%2Fnet HTTP/2.0" 200 2592 "https://www.senetry.com.lab2454.com/whsy.php?p=%2Fproc%2F26963%2Fnet" "Mozilla/5.0 AppleWebKit/537.36 (KHTML, like Gecko; compatible; GPTBot/1.3; +https://openai.com/gptbot)"
74.7.227.60 - - [02/Mar/2026:16:05:06 +0000] "GET /whsy.php?p=%2Fproc%2F29775%2Fnet HTTP/2.0" 200 2442 "https://www.senetry.com.lab2454.com/whsy.php?p=%2Fproc%2F29775" "Mozilla/5.0 AppleWebKit/537.36 (KHTML, like Gecko; compatible; GPTBot/1.3; +https://openai.com/gptbot)"
74.7.241.129 - - [02/Mar/2026:16:05:06 +0000] "GET /robots.txt HTTP/2.0" 404 - "-" "Mozilla/5.0 (Macintosh; Intel Mac OS X 10_15_7) AppleWebKit/537.36 (KHTML, like Gecko) Chrome/131.0.0.0 Safari/537.36; compatible; OAI-SearchBot/1.3; robots.txt; +https://openai.com/searchbot"
74.7.227.60 - - [02/Mar/2026:16:06:10 +0000] "GET /whsy.php?p=%2Fproc%2F11241%2Ftask HTTP/2.0" 200 828 "https://www.senetry.com.lab2454.com/whsy.php?p=%2Fproc%2F11241" "Mozilla/5.0 AppleWebKit/537.36 (KHTML, like Gecko; compatible; GPTBot/1.3; +https://openai.com/gptbot)"
74.7.227.60 - - [02/Mar/2026:16:07:34 +0000] "GET /whsy.php?p=%2Fproc%2F11241%2Fnet HTTP/2.0" 200 828 "https://www.senetry.com.lab2454.com/whsy.php?p=%2Fproc%2F11241" "Mozilla/5.0 AppleWebKit/537.36 (KHTML, like Gecko; compatible; GPTBot/1.3; +https://openai.com/gptbot)"
74.7.227.60 - - [02/Mar/2026:16:08:54 +0000] "GET /whsy.php?p=%2Fproc%2F26963%2Fattr HTTP/2.0" 200 799 "https://www.senetry.com.lab2454.com/whsy.php?p=%2Fproc%2F26963" "Mozilla/5.0 AppleWebKit/537.36 (KHTML, like Gecko; compatible; GPTBot/1.3; +https://openai.com/gptbot)"
74.7.227.60 - - [02/Mar/2026:16:10:54 +0000] "GET /whsy.php?p=%2Fproc%2F29775%2Ftask HTTP/2.0" 200 491 "https://www.senetry.com.lab2454.com/whsy.php?p=%2Fproc%2F29775" "Mozilla/5.0 AppleWebKit/537.36 (KHTML, like Gecko; compatible; GPTBot/1.3; +https://openai.com/gptbot)"
74.7.241.129 - - [02/Mar/2026:16:10:55 +0000] "GET /robots.txt HTTP/2.0" 404 - "-" "Mozilla/5.0 (Macintosh; Intel Mac OS X 10_15_7) AppleWebKit/537.36 (KHTML, like Gecko) Chrome/131.0.0.0 Safari/537.36; compatible; OAI-SearchBot/1.3; robots.txt; +https://openai.com/searchbot"
74.7.227.60 - - [02/Mar/2026:16:12:24 +0000] "GET /whsy.php?p=%2Fproc%2F14827%2Ftask HTTP/2.0" 200 828 "https://www.senetry.com.lab2454.com/whsy.php?p=%2Fproc%2F14827" "Mozilla/5.0 AppleWebKit/537.36 (KHTML, like Gecko; compatible; GPTBot/1.3; +https://openai.com/gptbot)"
74.7.227.60 - - [02/Mar/2026:16:13:45 +0000] "GET /whsy.php?p=%2Fproc%2F11241%2Fattr HTTP/2.0" 200 828 "https://www.senetry.com.lab2454.com/whsy.php?p=%2Fproc%2F11241" "Mozilla/5.0 AppleWebKit/537.36 (KHTML, like Gecko; compatible; GPTBot/1.3; +https://openai.com/gptbot)"
74.7.227.60 - - [02/Mar/2026:16:15:09 +0000] "GET /whsy.php?e=arch_status&p=%2Fproc%2F14827 HTTP/2.0" 200 828 "https://www.senetry.com.lab2454.com/whsy.php?p=%2Fproc%2F14827" "Mozilla/5.0 AppleWebKit/537.36 (KHTML, like Gecko; compatible; GPTBot/1.3; +https://openai.com/gptbot)"
74.7.227.60 - - [02/Mar/2026:16:16:49 +0000] "GET /whsy.php?e=igmp6&p=%2Fproc%2F5800%2Fnet HTTP/2.0" 200 2719 "https://www.senetry.com.lab2454.com/whsy.php?p=%2Fproc%2F5800%2Fnet" "Mozilla/5.0 AppleWebKit/537.36 (KHTML, like Gecko; compatible; GPTBot/1.3; +https://openai.com/gptbot)"
74.7.241.129 - - [02/Mar/2026:16:16:50 +0000] "GET /robots.txt HTTP/2.0" 404 - "-" "Mozilla/5.0 (Macintosh; Intel Mac OS X 10_15_7) AppleWebKit/537.36 (KHTML, like Gecko) Chrome/131.0.0.0 Safari/537.36; compatible; OAI-SearchBot/1.3; robots.txt; +https://openai.com/searchbot"
74.7.227.60 - - [02/Mar/2026:16:18:16 +0000] "GET /whsy.php?e=timers&p=%2Fproc%2F29782 HTTP/2.0" 200 2006 "https://www.senetry.com.lab2454.com/whsy.php?p=%2Fproc%2F29782" "Mozilla/5.0 AppleWebKit/537.36 (KHTML, like Gecko; compatible; GPTBot/1.3; +https://openai.com/gptbot)"
74.7.227.60 - - [02/Mar/2026:16:19:28 +0000] "GET /whsy.php?e=status&p=%2Fproc%2F29566 HTTP/2.0" 200 2366 "https://www.senetry.com.lab2454.com/whsy.php?p=%2Fproc%2F29566" "Mozilla/5.0 AppleWebKit/537.36 (KHTML, like Gecko; compatible; GPTBot/1.3; +https://openai.com/gptbot)"
74.7.227.60 - - [02/Mar/2026:16:20:48 +0000] "GET /whsy.php?e=igmp&p=%2Fproc%2F29775%2Fnet HTTP/2.0" 200 2593 "https://www.senetry.com.lab2454.com/whsy.php?p=%2Fproc%2F29775%2Fnet" "Mozilla/5.0 AppleWebKit/537.36 (KHTML, like Gecko; compatible; GPTBot/1.3; +https://openai.com/gptbot)"
74.7.227.60 - - [02/Mar/2026:16:22:04 +0000] "GET /whsy.php?e=mounts&p=%2Fproc%2F25855 HTTP/2.0" 200 828 "https://www.senetry.com.lab2454.com/whsy.php?p=%2Fproc%2F25855" "Mozilla/5.0 AppleWebKit/537.36 (KHTML, like Gecko; compatible; GPTBot/1.3; +https://openai.com/gptbot)"
74.7.227.60 - - [02/Mar/2026:16:23:27 +0000] "GET /whsy.php?e=cpuset&p=%2Fproc%2F14827 HTTP/2.0" 200 828 "https://www.senetry.com.lab2454.com/whsy.php?p=%2Fproc%2F14827" "Mozilla/5.0 AppleWebKit/537.36 (KHTML, like Gecko; compatible; GPTBot/1.3; +https://openai.com/gptbot)"
74.7.227.60 - - [02/Mar/2026:16:25:04 +0000] "GET /whsy.php?e=status&p=%2Fproc%2F29775 HTTP/2.0" 200 2556 "https://www.senetry.com.lab2454.com/whsy.php?p=%2Fproc%2F29775" "Mozilla/5.0 AppleWebKit/537.36 (KHTML, like Gecko; compatible; GPTBot/1.3; +https://openai.com/gptbot)"
74.7.227.60 - - [02/Mar/2026:16:26:21 +0000] "GET /whsy.php?e=limits&p=%2Fproc%2F25855 HTTP/2.0" 200 828 "https://www.senetry.com.lab2454.com/whsy.php?p=%2Fproc%2F25855" "Mozilla/5.0 AppleWebKit/537.36 (KHTML, like Gecko; compatible; GPTBot/1.3; +https://openai.com/gptbot)"
74.7.227.60 - - [02/Mar/2026:16:27:59 +0000] "GET /whsy.php?e=cgroup&p=%2Fproc%2F14827 HTTP/2.0" 200 828 "https://www.senetry.com.lab2454.com/whsy.php?p=%2Fproc%2F14827" "Mozilla/5.0 AppleWebKit/537.36 (KHTML, like Gecko; compatible; GPTBot/1.3; +https://openai.com/gptbot)"
74.7.241.129 - - [02/Mar/2026:16:28:01 +0000] "GET /robots.txt HTTP/2.0" 404 - "-" "Mozilla/5.0 (Macintosh; Intel Mac OS X 10_15_7) AppleWebKit/537.36 (KHTML, like Gecko) Chrome/131.0.0.0 Safari/537.36; compatible; OAI-SearchBot/1.3; robots.txt; +https://openai.com/searchbot"
74.7.227.60 - - [02/Mar/2026:16:29:14 +0000] "GET /whsy.php?e=mounts&p=%2Fproc%2F11241 HTTP/2.0" 200 828 "https://www.senetry.com.lab2454.com/whsy.php?p=%2Fproc%2F11241" "Mozilla/5.0 AppleWebKit/537.36 (KHTML, like Gecko; compatible; GPTBot/1.3; +https://openai.com/gptbot)"
74.7.227.60 - - [02/Mar/2026:16:30:45 +0000] "GET /whsy.php?e=limits&p=%2Fproc%2F11241 HTTP/2.0" 200 828 "https://www.senetry.com.lab2454.com/whsy.php?p=%2Fproc%2F11241" "Mozilla/5.0 AppleWebKit/537.36 (KHTML, like Gecko; compatible; GPTBot/1.3; +https://openai.com/gptbot)"
74.7.227.60 - - [02/Mar/2026:16:32:18 +0000] "GET /whsy.php?e=status&p=%2Fproc%2F26963 HTTP/2.0" 200 2557 "https://www.senetry.com.lab2454.com/whsy.php?p=%2Fproc%2F26963" "Mozilla/5.0 AppleWebKit/537.36 (KHTML, like Gecko; compatible; GPTBot/1.3; +https://openai.com/gptbot)"
74.7.227.60 - - [02/Mar/2026:16:33:49 +0000] "GET /whsy.php?e=numa_maps&p=%2Fproc%2F25855 HTTP/2.0" 200 828 "https://www.senetry.com.lab2454.com/whsy.php?p=%2Fproc%2F25855" "Mozilla/5.0 AppleWebKit/537.36 (KHTML, like Gecko; compatible; GPTBot/1.3; +https://openai.com/gptbot)"
74.7.241.129 - - [02/Mar/2026:16:33:50 +0000] "GET /robots.txt HTTP/2.0" 404 - "-" "Mozilla/5.0 (Macintosh; Intel Mac OS X 10_15_7) AppleWebKit/537.36 (KHTML, like Gecko) Chrome/131.0.0.0 Safari/537.36; compatible; OAI-SearchBot/1.3; robots.txt; +https://openai.com/searchbot"
74.7.227.60 - - [02/Mar/2026:16:35:23 +0000] "GET /whsy.php?e=numa_maps&p=%2Fproc%2F11241 HTTP/2.0" 200 828 "https://www.senetry.com.lab2454.com/whsy.php?p=%2Fproc%2F11241" "Mozilla/5.0 AppleWebKit/537.36 (KHTML, like Gecko; compatible; GPTBot/1.3; +https://openai.com/gptbot)"
74.7.227.60 - - [02/Mar/2026:16:37:15 +0000] "GET /whsy.php?e=smaps&p=%2Fproc%2F5800 HTTP/2.0" 200 2116 "https://www.senetry.com.lab2454.com/whsy.php?p=%2Fproc%2F5800" "Mozilla/5.0 AppleWebKit/537.36 (KHTML, like Gecko; compatible; GPTBot/1.3; +https://openai.com/gptbot)"
74.7.227.60 - - [02/Mar/2026:16:39:04 +0000] "GET /whsy.php?e=sched&p=%2Fproc%2F5800 HTTP/2.0" 200 2496 "https://www.senetry.com.lab2454.com/whsy.php?p=%2Fproc%2F5800" "Mozilla/5.0 AppleWebKit/537.36 (KHTML, like Gecko; compatible; GPTBot/1.3; +https://openai.com/gptbot)"
74.7.241.129 - - [02/Mar/2026:16:39:04 +0000] "GET /robots.txt HTTP/2.0" 404 - "-" "Mozilla/5.0 (Macintosh; Intel Mac OS X 10_15_7) AppleWebKit/537.36 (KHTML, like Gecko) Chrome/131.0.0.0 Safari/537.36; compatible; OAI-SearchBot/1.3; robots.txt; +https://openai.com/searchbot"
74.7.227.60 - - [02/Mar/2026:16:40:52 +0000] "GET /whsy.php?e=numa_maps&p=%2Fproc%2F29566 HTTP/2.0" 200 2010 "https://www.senetry.com.lab2454.com/whsy.php?p=%2Fproc%2F29566" "Mozilla/5.0 AppleWebKit/537.36 (KHTML, like Gecko; compatible; GPTBot/1.3; +https://openai.com/gptbot)"
74.7.227.60 - - [02/Mar/2026:16:42:43 +0000] "GET /whsy.php?e=numa_maps&p=%2Fproc%2F29775 HTTP/2.0" 200 2122 "https://www.senetry.com.lab2454.com/whsy.php?p=%2Fproc%2F29775" "Mozilla/5.0 AppleWebKit/537.36 (KHTML, like Gecko; compatible; GPTBot/1.3; +https://openai.com/gptbot)"
74.7.227.60 - - [02/Mar/2026:16:44:31 +0000] "GET /whsy.php?e=numa_maps&p=%2Fproc%2F26963 HTTP/2.0" 200 2122 "https://www.senetry.com.lab2454.com/whsy.php?p=%2Fproc%2F26963" "Mozilla/5.0 AppleWebKit/537.36 (KHTML, like Gecko; compatible; GPTBot/1.3; +https://openai.com/gptbot)"
74.7.241.129 - - [02/Mar/2026:16:44:31 +0000] "GET /robots.txt HTTP/2.0" 404 - "-" "Mozilla/5.0 (Macintosh; Intel Mac OS X 10_15_7) AppleWebKit/537.36 (KHTML, like Gecko) Chrome/131.0.0.0 Safari/537.36; compatible; OAI-SearchBot/1.3; robots.txt; +https://openai.com/searchbot"
74.7.227.60 - - [02/Mar/2026:16:46:00 +0000] "GET /whsy.php?e=numa_maps&p=%2Fproc%2F29782 HTTP/2.0" 200 2122 "https://www.senetry.com.lab2454.com/whsy.php?p=%2Fproc%2F29782" "Mozilla/5.0 AppleWebKit/537.36 (KHTML, like Gecko; compatible; GPTBot/1.3; +https://openai.com/gptbot)"
74.7.227.60 - - [02/Mar/2026:16:47:42 +0000] "GET /whsy.php?e=igmp&p=%2Fproc%2F29782%2Fnet HTTP/2.0" 200 2592 "https://www.senetry.com.lab2454.com/whsy.php?p=%2Fproc%2F29782%2Fnet" "Mozilla/5.0 AppleWebKit/537.36 (KHTML, like Gecko; compatible; GPTBot/1.3; +https://openai.com/gptbot)"
74.7.227.60 - - [02/Mar/2026:16:49:27 +0000] "GET /whsy.php?e=stat&p=%2Fproc%2F5800 HTTP/2.0" 200 2120 "https://www.senetry.com.lab2454.com/whsy.php?p=%2Fproc%2F5800" "Mozilla/5.0 AppleWebKit/537.36 (KHTML, like Gecko; compatible; GPTBot/1.3; +https://openai.com/gptbot)"
74.7.227.60 - - [02/Mar/2026:16:50:47 +0000] "GET /whsy.php?e=arch_status&p=%2Fproc%2F29782 HTTP/2.0" 200 2006 "https://www.senetry.com.lab2454.com/whsy.php?p=%2Fproc%2F29782" "Mozilla/5.0 AppleWebKit/537.36 (KHTML, like Gecko; compatible; GPTBot/1.3; +https://openai.com/gptbot)"
74.7.241.129 - - [02/Mar/2026:16:50:48 +0000] "GET /robots.txt HTTP/2.0" 404 - "-" "Mozilla/5.0 (Macintosh; Intel Mac OS X 10_15_7) AppleWebKit/537.36 (KHTML, like Gecko) Chrome/131.0.0.0 Safari/537.36; compatible; OAI-SearchBot/1.3; robots.txt; +https://openai.com/searchbot"
74.7.227.60 - - [02/Mar/2026:16:52:53 +0000] "GET /whsy.php?e=prev&p=%2Fproc%2F29782%2Fattr HTTP/2.0" 200 859 "https://www.senetry.com.lab2454.com/whsy.php?p=%2Fproc%2F29782%2Fattr" "Mozilla/5.0 AppleWebKit/537.36 (KHTML, like Gecko; compatible; GPTBot/1.3; +https://openai.com/gptbot)"
74.7.227.60 - - [02/Mar/2026:16:54:18 +0000] "GET /whsy.php?e=ptype&p=%2Fproc%2F29782%2Fnet HTTP/2.0" 200 2617 "https://www.senetry.com.lab2454.com/whsy.php?p=%2Fproc%2F29782%2Fnet" "Mozilla/5.0 AppleWebKit/537.36 (KHTML, like Gecko; compatible; GPTBot/1.3; +https://openai.com/gptbot)"
74.7.227.60 - - [02/Mar/2026:16:55:53 +0000] "GET /whsy.php?e=ptype&p=%2Fproc%2F29566%2Fnet HTTP/2.0" 200 2617 "https://www.senetry.com.lab2454.com/whsy.php?p=%2Fproc%2F29566%2Fnet" "Mozilla/5.0 AppleWebKit/537.36 (KHTML, like Gecko; compatible; GPTBot/1.3; +https://openai.com/gptbot)"
74.7.241.129 - - [02/Mar/2026:16:55:53 +0000] "GET /robots.txt HTTP/2.0" 404 - "-" "Mozilla/5.0 (Macintosh; Intel Mac OS X 10_15_7) AppleWebKit/537.36 (KHTML, like Gecko) Chrome/131.0.0.0 Safari/537.36; compatible; OAI-SearchBot/1.3; robots.txt; +https://openai.com/searchbot"
74.7.227.60 - - [02/Mar/2026:16:57:40 +0000] "GET /whsy.php?e=ptype&p=%2Fproc%2F26963%2Fnet HTTP/2.0" 200 2617 "https://www.senetry.com.lab2454.com/whsy.php?p=%2Fproc%2F26963%2Fnet" "Mozilla/5.0 AppleWebKit/537.36 (KHTML, like Gecko; compatible; GPTBot/1.3; +https://openai.com/gptbot)"
74.7.227.60 - - [02/Mar/2026:16:59:06 +0000] "GET /whsy.php?e=ptype&p=%2Fproc%2F29775%2Fnet HTTP/2.0" 200 2618 "https://www.senetry.com.lab2454.com/whsy.php?p=%2Fproc%2F29775%2Fnet" "Mozilla/5.0 AppleWebKit/537.36 (KHTML, like Gecko; compatible; GPTBot/1.3; +https://openai.com/gptbot)"
74.7.227.60 - - [02/Mar/2026:17:00:29 +0000] "GET /whsy.php?e=oom_score&p=%2Fproc%2F14827 HTTP/2.0" 200 828 "https://www.senetry.com.lab2454.com/whsy.php?p=%2Fproc%2F14827" "Mozilla/5.0 AppleWebKit/537.36 (KHTML, like Gecko; compatible; GPTBot/1.3; +https://openai.com/gptbot)"
74.7.227.60 - - [02/Mar/2026:17:02:09 +0000] "GET /whsy.php?e=pppoe&p=%2Fproc%2F29566%2Fnet HTTP/2.0" 200 2524 "https://www.senetry.com.lab2454.com/whsy.php?p=%2Fproc%2F29566%2Fnet" "Mozilla/5.0 AppleWebKit/537.36 (KHTML, like Gecko; compatible; GPTBot/1.3; +https://openai.com/gptbot)"
74.7.241.129 - - [02/Mar/2026:17:02:10 +0000] "GET /robots.txt HTTP/2.0" 404 - "-" "Mozilla/5.0 (Macintosh; Intel Mac OS X 10_15_7) AppleWebKit/537.36 (KHTML, like Gecko) Chrome/131.0.0.0 Safari/537.36; compatible; OAI-SearchBot/1.3; robots.txt; +https://openai.com/searchbot"
74.7.227.60 - - [02/Mar/2026:17:03:42 +0000] "GET /whsy.php?e=pppoe&p=%2Fproc%2F29782%2Fnet HTTP/2.0" 200 2524 "https://www.senetry.com.lab2454.com/whsy.php?p=%2Fproc%2F29782%2Fnet" "Mozilla/5.0 AppleWebKit/537.36 (KHTML, like Gecko; compatible; GPTBot/1.3; +https://openai.com/gptbot)"
74.7.227.60 - - [02/Mar/2026:17:05:08 +0000] "GET /whsy.php?e=pppoe&p=%2Fproc%2F29775%2Fnet HTTP/2.0" 200 2526 "https://www.senetry.com.lab2454.com/whsy.php?p=%2Fproc%2F29775%2Fnet" "Mozilla/5.0 AppleWebKit/537.36 (KHTML, like Gecko; compatible; GPTBot/1.3; +https://openai.com/gptbot)"
74.7.227.60 - - [02/Mar/2026:17:06:48 +0000] "GET /whsy.php?e=pppoe&p=%2Fproc%2F26963%2Fnet HTTP/2.0" 200 2523 "https://www.senetry.com.lab2454.com/whsy.php?p=%2Fproc%2F26963%2Fnet" "Mozilla/5.0 AppleWebKit/537.36 (KHTML, like Gecko; compatible; GPTBot/1.3; +https://openai.com/gptbot)"
159.223.80.235 - - [02/Mar/2026:17:07:01 +0000] "GET /wp-login.php HTTP/1.1" 404 - "-" "Mozilla/5.0 (X11; Linux x86_64) Gecko/20100101 Firefox/120.0.1"
159.223.80.235 - - [02/Mar/2026:17:07:08 +0000] "GET /administrator/ HTTP/1.1" 404 - "-" "Mozilla/5.0 (X11; Linux x86_64) Gecko/20100101 Firefox/120.0.1"
74.7.227.60 - - [02/Mar/2026:17:08:17 +0000] "GET /whsy.php?e=arch_status&p=%2Fproc%2F29775 HTTP/2.0" 200 2007 "https://www.senetry.com.lab2454.com/whsy.php?p=%2Fproc%2F29775" "Mozilla/5.0 AppleWebKit/537.36 (KHTML, like Gecko; compatible; GPTBot/1.3; +https://openai.com/gptbot)"
74.7.241.129 - - [02/Mar/2026:17:08:18 +0000] "GET /robots.txt HTTP/2.0" 404 - "-" "Mozilla/5.0 (Macintosh; Intel Mac OS X 10_15_7) AppleWebKit/537.36 (KHTML, like Gecko) Chrome/131.0.0.0 Safari/537.36; compatible; OAI-SearchBot/1.3; robots.txt; +https://openai.com/searchbot"
74.7.227.60 - - [02/Mar/2026:17:09:58 +0000] "GET /whsy.php?e=arch_status&p=%2Fproc%2F26963 HTTP/2.0" 200 2006 "https://www.senetry.com.lab2454.com/whsy.php?p=%2Fproc%2F26963" "Mozilla/5.0 AppleWebKit/537.36 (KHTML, like Gecko; compatible; GPTBot/1.3; +https://openai.com/gptbot)"
74.7.227.60 - - [02/Mar/2026:17:11:04 +0000] "GET /whsy.php?e=arch_status&p=%2Fproc%2F29566 HTTP/2.0" 200 2006 "https://www.senetry.com.lab2454.com/whsy.php?p=%2Fproc%2F29566" "Mozilla/5.0 AppleWebKit/537.36 (KHTML, like Gecko; compatible; GPTBot/1.3; +https://openai.com/gptbot)"
74.7.227.60 - - [02/Mar/2026:17:12:22 +0000] "GET /whsy.php?e=personality&p=%2Fproc%2F5800 HTTP/2.0" 200 1935 "https://www.senetry.com.lab2454.com/whsy.php?p=%2Fproc%2F5800" "Mozilla/5.0 AppleWebKit/537.36 (KHTML, like Gecko; compatible; GPTBot/1.3; +https://openai.com/gptbot)"
74.7.227.60 - - [02/Mar/2026:17:13:54 +0000] "GET /whsy.php?e=mountstats&p=%2Fproc%2F5800 HTTP/2.0" 200 1935 "https://www.senetry.com.lab2454.com/whsy.php?p=%2Fproc%2F5800" "Mozilla/5.0 AppleWebKit/537.36 (KHTML, like Gecko; compatible; GPTBot/1.3; +https://openai.com/gptbot)"
74.7.241.129 - - [02/Mar/2026:17:13:55 +0000] "GET /robots.txt HTTP/2.0" 404 - "-" "Mozilla/5.0 (Macintosh; Intel Mac OS X 10_15_7) AppleWebKit/537.36 (KHTML, like Gecko) Chrome/131.0.0.0 Safari/537.36; compatible; OAI-SearchBot/1.3; robots.txt; +https://openai.com/searchbot"
74.7.227.60 - - [02/Mar/2026:17:15:32 +0000] "GET /whsy.php?e=unix&p=%2Fproc%2F29566%2Fnet HTTP/2.0" 200 4965 "https://www.senetry.com.lab2454.com/whsy.php?p=%2Fproc%2F29566%2Fnet" "Mozilla/5.0 AppleWebKit/537.36 (KHTML, like Gecko; compatible; GPTBot/1.3; +https://openai.com/gptbot)"
74.7.227.60 - - [02/Mar/2026:17:16:57 +0000] "GET /whsy.php?e=icmp6&p=%2Fproc%2F5800%2Fnet HTTP/2.0" 200 2583 "https://www.senetry.com.lab2454.com/whsy.php?p=%2Fproc%2F5800%2Fnet" "Mozilla/5.0 AppleWebKit/537.36 (KHTML, like Gecko; compatible; GPTBot/1.3; +https://openai.com/gptbot)"
74.7.227.60 - - [02/Mar/2026:17:18:40 +0000] "GET /whsy.php?e=unix&p=%2Fproc%2F26963%2Fnet HTTP/2.0" 200 4979 "https://www.senetry.com.lab2454.com/whsy.php?p=%2Fproc%2F26963%2Fnet" "Mozilla/5.0 AppleWebKit/537.36 (KHTML, like Gecko; compatible; GPTBot/1.3; +https://openai.com/gptbot)"
74.7.227.60 - - [02/Mar/2026:17:20:13 +0000] "GET /whsy.php?e=unix&p=%2Fproc%2F29775%2Fnet HTTP/2.0" 200 4955 "https://www.senetry.com.lab2454.com/whsy.php?p=%2Fproc%2F29775%2Fnet" "Mozilla/5.0 AppleWebKit/537.36 (KHTML, like Gecko; compatible; GPTBot/1.3; +https://openai.com/gptbot)"
74.7.241.129 - - [02/Mar/2026:17:20:14 +0000] "GET /robots.txt HTTP/2.0" 404 - "-" "Mozilla/5.0 (Macintosh; Intel Mac OS X 10_15_7) AppleWebKit/537.36 (KHTML, like Gecko) Chrome/131.0.0.0 Safari/537.36; compatible; OAI-SearchBot/1.3; robots.txt; +https://openai.com/searchbot"
74.7.227.60 - - [02/Mar/2026:17:21:49 +0000] "GET /whsy.php?e=psched&p=%2Fproc%2F29782%2Fnet HTTP/2.0" 200 2532 "https://www.senetry.com.lab2454.com/whsy.php?p=%2Fproc%2F29782%2Fnet" "Mozilla/5.0 AppleWebKit/537.36 (KHTML, like Gecko; compatible; GPTBot/1.3; +https://openai.com/gptbot)"
74.7.227.60 - - [02/Mar/2026:17:23:31 +0000] "GET /whsy.php?e=arch_status&p=%2Fproc%2F25855 HTTP/2.0" 200 828 "https://www.senetry.com.lab2454.com/whsy.php?p=%2Fproc%2F25855" "Mozilla/5.0 AppleWebKit/537.36 (KHTML, like Gecko; compatible; GPTBot/1.3; +https://openai.com/gptbot)"
74.7.227.60 - - [02/Mar/2026:17:25:08 +0000] "GET /whsy.php?e=arch_status&p=%2Fproc%2F11241 HTTP/2.0" 200 828 "https://www.senetry.com.lab2454.com/whsy.php?p=%2Fproc%2F11241" "Mozilla/5.0 AppleWebKit/537.36 (KHTML, like Gecko; compatible; GPTBot/1.3; +https://openai.com/gptbot)"
74.7.227.60 - - [02/Mar/2026:17:26:45 +0000] "GET /whsy.php?e=udplite&p=%2Fproc%2F5800%2Fnet HTTP/2.0" 200 2582 "https://www.senetry.com.lab2454.com/whsy.php?p=%2Fproc%2F5800%2Fnet" "Mozilla/5.0 AppleWebKit/537.36 (KHTML, like Gecko; compatible; GPTBot/1.3; +https://openai.com/gptbot)"
74.7.227.60 - - [02/Mar/2026:17:28:17 +0000] "GET /whsy.php?e=psched&p=%2Fproc%2F29566%2Fnet HTTP/2.0" 200 2532 "https://www.senetry.com.lab2454.com/whsy.php?p=%2Fproc%2F29566%2Fnet" "Mozilla/5.0 AppleWebKit/537.36 (KHTML, like Gecko; compatible; GPTBot/1.3; +https://openai.com/gptbot)"
74.7.227.60 - - [02/Mar/2026:17:29:22 +0000] "GET /whsy.php?e=psched&p=%2Fproc%2F26963%2Fnet HTTP/2.0" 200 2532 "https://www.senetry.com.lab2454.com/whsy.php?p=%2Fproc%2F26963%2Fnet" "Mozilla/5.0 AppleWebKit/537.36 (KHTML, like Gecko; compatible; GPTBot/1.3; +https://openai.com/gptbot)"
74.7.227.60 - - [02/Mar/2026:17:30:22 +0000] "GET /whsy.php?e=netstat&p=%2Fproc%2F29782%2Fnet HTTP/2.0" 200 4242 "https://www.senetry.com.lab2454.com/whsy.php?p=%2Fproc%2F29782%2Fnet" "Mozilla/5.0 AppleWebKit/537.36 (KHTML, like Gecko; compatible; GPTBot/1.3; +https://openai.com/gptbot)"
74.7.227.60 - - [02/Mar/2026:17:31:35 +0000] "GET /whsy.php?e=psched&p=%2Fproc%2F29775%2Fnet HTTP/2.0" 200 2533 "https://www.senetry.com.lab2454.com/whsy.php?p=%2Fproc%2F29775%2Fnet" "Mozilla/5.0 AppleWebKit/537.36 (KHTML, like Gecko; compatible; GPTBot/1.3; +https://openai.com/gptbot)"
74.7.227.60 - - [02/Mar/2026:17:33:02 +0000] "GET /whsy.php?e=mountinfo&p=%2Fproc%2F5800 HTTP/2.0" 200 2943 "https://www.senetry.com.lab2454.com/whsy.php?p=%2Fproc%2F5800" "Mozilla/5.0 AppleWebKit/537.36 (KHTML, like Gecko; compatible; GPTBot/1.3; +https://openai.com/gptbot)"
74.7.241.129 - - [02/Mar/2026:17:33:03 +0000] "GET /robots.txt HTTP/2.0" 404 - "-" "Mozilla/5.0 (Macintosh; Intel Mac OS X 10_15_7) AppleWebKit/537.36 (KHTML, like Gecko) Chrome/131.0.0.0 Safari/537.36; compatible; OAI-SearchBot/1.3; robots.txt; +https://openai.com/searchbot"
74.7.227.60 - - [02/Mar/2026:17:34:44 +0000] "GET /whsy.php?e=xfrm_stat&p=%2Fproc%2F5800%2Fnet HTTP/2.0" 200 2712 "https://www.senetry.com.lab2454.com/whsy.php?p=%2Fproc%2F5800%2Fnet" "Mozilla/5.0 AppleWebKit/537.36 (KHTML, like Gecko; compatible; GPTBot/1.3; +https://openai.com/gptbot)"
74.7.227.60 - - [02/Mar/2026:17:36:27 +0000] "GET /whsy.php?e=dev_mcast&p=%2Fproc%2F5800%2Fnet HTTP/2.0" 200 2575 "https://www.senetry.com.lab2454.com/whsy.php?p=%2Fproc%2F5800%2Fnet" "Mozilla/5.0 AppleWebKit/537.36 (KHTML, like Gecko; compatible; GPTBot/1.3; +https://openai.com/gptbot)"
74.7.227.60 - - [02/Mar/2026:17:38:11 +0000] "GET /whsy.php?e=udp6&p=%2Fproc%2F5800%2Fnet HTTP/2.0" 200 2679 "https://www.senetry.com.lab2454.com/whsy.php?p=%2Fproc%2F5800%2Fnet" "Mozilla/5.0 AppleWebKit/537.36 (KHTML, like Gecko; compatible; GPTBot/1.3; +https://openai.com/gptbot)"
74.7.241.129 - - [02/Mar/2026:17:38:12 +0000] "GET /robots.txt HTTP/2.0" 404 - "-" "Mozilla/5.0 (Macintosh; Intel Mac OS X 10_15_7) AppleWebKit/537.36 (KHTML, like Gecko) Chrome/131.0.0.0 Safari/537.36; compatible; OAI-SearchBot/1.3; robots.txt; +https://openai.com/searchbot"
74.7.227.60 - - [02/Mar/2026:17:39:36 +0000] "GET /whsy.php?e=raw6&p=%2Fproc%2F5800%2Fnet HTTP/2.0" 200 2581 "https://www.senetry.com.lab2454.com/whsy.php?p=%2Fproc%2F5800%2Fnet" "Mozilla/5.0 AppleWebKit/537.36 (KHTML, like Gecko; compatible; GPTBot/1.3; +https://openai.com/gptbot)"
74.7.227.60 - - [02/Mar/2026:17:41:05 +0000] "GET /whsy.php?e=mcfilter&p=%2Fproc%2F5800%2Fnet HTTP/2.0" 200 2536 "https://www.senetry.com.lab2454.com/whsy.php?p=%2Fproc%2F5800%2Fnet" "Mozilla/5.0 AppleWebKit/537.36 (KHTML, like Gecko; compatible; GPTBot/1.3; +https://openai.com/gptbot)"
74.7.227.60 - - [02/Mar/2026:17:42:25 +0000] "GET /whsy.php?e=oom_score&p=%2Fproc%2F29566 HTTP/2.0" 200 2004 "https://www.senetry.com.lab2454.com/whsy.php?p=%2Fproc%2F29566" "Mozilla/5.0 AppleWebKit/537.36 (KHTML, like Gecko; compatible; GPTBot/1.3; +https://openai.com/gptbot)"
74.7.227.60 - - [02/Mar/2026:17:43:50 +0000] "GET /whsy.php?e=oom_score&p=%2Fproc%2F26963 HTTP/2.0" 200 2007 "https://www.senetry.com.lab2454.com/whsy.php?p=%2Fproc%2F26963" "Mozilla/5.0 AppleWebKit/537.36 (KHTML, like Gecko; compatible; GPTBot/1.3; +https://openai.com/gptbot)"
74.7.241.129 - - [02/Mar/2026:17:43:51 +0000] "GET /robots.txt HTTP/2.0" 404 - "-" "Mozilla/5.0 (Macintosh; Intel Mac OS X 10_15_7) AppleWebKit/537.36 (KHTML, like Gecko) Chrome/131.0.0.0 Safari/537.36; compatible; OAI-SearchBot/1.3; robots.txt; +https://openai.com/searchbot"
74.7.227.60 - - [02/Mar/2026:17:45:17 +0000] "GET /whsy.php?e=oom_score&p=%2Fproc%2F29775 HTTP/2.0" 200 2007 "https://www.senetry.com.lab2454.com/whsy.php?p=%2Fproc%2F29775" "Mozilla/5.0 AppleWebKit/537.36 (KHTML, like Gecko; compatible; GPTBot/1.3; +https://openai.com/gptbot)"
74.7.227.60 - - [02/Mar/2026:17:46:51 +0000] "GET /whsy.php?e=sockstat&p=%2Fproc%2F26963%2Fnet HTTP/2.0" 200 2604 "https://www.senetry.com.lab2454.com/whsy.php?p=%2Fproc%2F26963%2Fnet" "Mozilla/5.0 AppleWebKit/537.36 (KHTML, like Gecko; compatible; GPTBot/1.3; +https://openai.com/gptbot)"
74.7.227.60 - - [02/Mar/2026:17:48:08 +0000] "GET /whsy.php?e=sockstat&p=%2Fproc%2F29775%2Fnet HTTP/2.0" 200 2604 "https://www.senetry.com.lab2454.com/whsy.php?p=%2Fproc%2F29775%2Fnet" "Mozilla/5.0 AppleWebKit/537.36 (KHTML, like Gecko; compatible; GPTBot/1.3; +https://openai.com/gptbot)"
74.7.227.60 - - [02/Mar/2026:17:49:50 +0000] "GET /whsy.php?e=netlink&p=%2Fproc%2F29782%2Fnet HTTP/2.0" 200 2811 "https://www.senetry.com.lab2454.com/whsy.php?p=%2Fproc%2F29782%2Fnet" "Mozilla/5.0 AppleWebKit/537.36 (KHTML, like Gecko; compatible; GPTBot/1.3; +https://openai.com/gptbot)"
74.7.241.129 - - [02/Mar/2026:17:49:51 +0000] "GET /robots.txt HTTP/2.0" 404 - "-" "Mozilla/5.0 (Macintosh; Intel Mac OS X 10_15_7) AppleWebKit/537.36 (KHTML, like Gecko) Chrome/131.0.0.0 Safari/537.36; compatible; OAI-SearchBot/1.3; robots.txt; +https://openai.com/searchbot"
74.7.227.60 - - [02/Mar/2026:17:51:25 +0000] "GET /whsy.php?e=sockstat&p=%2Fproc%2F29566%2Fnet HTTP/2.0" 200 2603 "https://www.senetry.com.lab2454.com/whsy.php?p=%2Fproc%2F29566%2Fnet" "Mozilla/5.0 AppleWebKit/537.36 (KHTML, like Gecko; compatible; GPTBot/1.3; +https://openai.com/gptbot)"
74.7.227.60 - - [02/Mar/2026:17:52:52 +0000] "GET /whsy.php?p=%2Fproc%2F5800%2Ffdinfo HTTP/2.0" 200 172829 "https://www.senetry.com.lab2454.com/whsy.php?p=%2Fproc%2F5800" "Mozilla/5.0 AppleWebKit/537.36 (KHTML, like Gecko; compatible; GPTBot/1.3; +https://openai.com/gptbot)"
74.7.227.60 - - [02/Mar/2026:17:54:49 +0000] "GET /whsy.php?e=fib_trie&p=%2Fproc%2F5800%2Fnet HTTP/2.0" 200 2691 "https://www.senetry.com.lab2454.com/whsy.php?p=%2Fproc%2F5800%2Fnet" "Mozilla/5.0 AppleWebKit/537.36 (KHTML, like Gecko; compatible; GPTBot/1.3; +https://openai.com/gptbot)"
74.7.227.60 - - [02/Mar/2026:17:55:58 +0000] "GET /whsy.php?p=%2Fproc%2F5800%2Fns HTTP/2.0" 200 178785 "https://www.senetry.com.lab2454.com/whsy.php?p=%2Fproc%2F5800" "Mozilla/5.0 AppleWebKit/537.36 (KHTML, like Gecko; compatible; GPTBot/1.3; +https://openai.com/gptbot)"
74.7.241.129 - - [02/Mar/2026:17:56:28 +0000] "GET /robots.txt HTTP/2.0" 404 - "-" "Mozilla/5.0 (Macintosh; Intel Mac OS X 10_15_7) AppleWebKit/537.36 (KHTML, like Gecko) Chrome/131.0.0.0 Safari/537.36; compatible; OAI-SearchBot/1.3; robots.txt; +https://openai.com/searchbot"
74.7.227.60 - - [02/Mar/2026:17:57:56 +0000] "GET /whsy.php?p=%2Fproc%2F5800%2Ffd HTTP/2.0" 200 178446 "https://www.senetry.com.lab2454.com/whsy.php?p=%2Fproc%2F5800" "Mozilla/5.0 AppleWebKit/537.36 (KHTML, like Gecko; compatible; GPTBot/1.3; +https://openai.com/gptbot)"
74.7.227.60 - - [02/Mar/2026:17:59:47 +0000] "GET /whsy.php?e=sessionid&p=%2Fproc%2F5800 HTTP/2.0" 200 2013 "https://www.senetry.com.lab2454.com/whsy.php?p=%2Fproc%2F5800" "Mozilla/5.0 AppleWebKit/537.36 (KHTML, like Gecko; compatible; GPTBot/1.3; +https://openai.com/gptbot)"
74.7.227.60 - - [02/Mar/2026:18:01:12 +0000] "GET /whsy.php?e=schedstat&p=%2Fproc%2F5800 HTTP/2.0" 200 2039 "https://www.senetry.com.lab2454.com/whsy.php?p=%2Fproc%2F5800" "Mozilla/5.0 AppleWebKit/537.36 (KHTML, like Gecko; compatible; GPTBot/1.3; +https://openai.com/gptbot)"
74.7.227.60 - - [02/Mar/2026:18:02:25 +0000] "GET /whsy.php?e=autogroup&p=%2Fproc%2F5800 HTTP/2.0" 200 2018 "https://www.senetry.com.lab2454.com/whsy.php?p=%2Fproc%2F5800" "Mozilla/5.0 AppleWebKit/537.36 (KHTML, like Gecko; compatible; GPTBot/1.3; +https://openai.com/gptbot)"
74.7.241.129 - - [02/Mar/2026:18:02:26 +0000] "GET /robots.txt HTTP/2.0" 404 - "-" "Mozilla/5.0 (Macintosh; Intel Mac OS X 10_15_7) AppleWebKit/537.36 (KHTML, like Gecko) Chrome/131.0.0.0 Safari/537.36; compatible; OAI-SearchBot/1.3; robots.txt; +https://openai.com/searchbot"
74.7.227.60 - - [02/Mar/2026:18:03:44 +0000] "GET /whsy.php?p=%2Fproc%2F5800%2Fnet%2Fnetfilter HTTP/2.0" 200 731 "https://www.senetry.com.lab2454.com/whsy.php?p=%2Fproc%2F5800%2Fnet" "Mozilla/5.0 AppleWebKit/537.36 (KHTML, like Gecko; compatible; GPTBot/1.3; +https://openai.com/gptbot)"
74.7.227.60 - - [02/Mar/2026:18:05:22 +0000] "GET /whsy.php?e=mcfilter&p=%2Fproc%2F29775%2Fnet HTTP/2.0" 200 2539 "https://www.senetry.com.lab2454.com/whsy.php?p=%2Fproc%2F29775%2Fnet" "Mozilla/5.0 AppleWebKit/537.36 (KHTML, like Gecko; compatible; GPTBot/1.3; +https://openai.com/gptbot)"
74.7.227.60 - - [02/Mar/2026:18:06:49 +0000] "GET /whsy.php?e=mcfilter&p=%2Fproc%2F26963%2Fnet HTTP/2.0" 200 2537 "https://www.senetry.com.lab2454.com/whsy.php?p=%2Fproc%2F26963%2Fnet" "Mozilla/5.0 AppleWebKit/537.36 (KHTML, like Gecko; compatible; GPTBot/1.3; +https://openai.com/gptbot)"
74.7.227.60 - - [02/Mar/2026:18:07:51 +0000] "GET /whsy.php?e=fib_trie&p=%2Fproc%2F29566%2Fnet HTTP/2.0" 200 2694 "https://www.senetry.com.lab2454.com/whsy.php?p=%2Fproc%2F29566%2Fnet" "Mozilla/5.0 AppleWebKit/537.36 (KHTML, like Gecko; compatible; GPTBot/1.3; +https://openai.com/gptbot)"
74.7.241.129 - - [02/Mar/2026:18:07:52 +0000] "GET /robots.txt HTTP/2.0" 404 - "-" "Mozilla/5.0 (Macintosh; Intel Mac OS X 10_15_7) AppleWebKit/537.36 (KHTML, like Gecko) Chrome/131.0.0.0 Safari/537.36; compatible; OAI-SearchBot/1.3; robots.txt; +https://openai.com/searchbot"
74.7.227.60 - - [02/Mar/2026:18:09:22 +0000] "GET /whsy.php?e=fib_trie&p=%2Fproc%2F26963%2Fnet HTTP/2.0" 200 2694 "https://www.senetry.com.lab2454.com/whsy.php?p=%2Fproc%2F26963%2Fnet" "Mozilla/5.0 AppleWebKit/537.36 (KHTML, like Gecko; compatible; GPTBot/1.3; +https://openai.com/gptbot)"
74.7.227.60 - - [02/Mar/2026:18:10:36 +0000] "GET /whsy.php?e=fib_trie&p=%2Fproc%2F29775%2Fnet HTTP/2.0" 200 2694 "https://www.senetry.com.lab2454.com/whsy.php?p=%2Fproc%2F29775%2Fnet" "Mozilla/5.0 AppleWebKit/537.36 (KHTML, like Gecko; compatible; GPTBot/1.3; +https://openai.com/gptbot)"
74.7.227.60 - - [02/Mar/2026:18:11:43 +0000] "GET /whsy.php?e=mcfilter&p=%2Fproc%2F29566%2Fnet HTTP/2.0" 200 2538 "https://www.senetry.com.lab2454.com/whsy.php?p=%2Fproc%2F29566%2Fnet" "Mozilla/5.0 AppleWebKit/537.36 (KHTML, like Gecko; compatible; GPTBot/1.3; +https://openai.com/gptbot)"
74.7.227.60 - - [02/Mar/2026:18:13:07 +0000] "GET /whsy.php?p=%2Fproc%2F5800%2Fmap_files HTTP/2.0" 200 176409 "https://www.senetry.com.lab2454.com/whsy.php?p=%2Fproc%2F5800" "Mozilla/5.0 AppleWebKit/537.36 (KHTML, like Gecko; compatible; GPTBot/1.3; +https://openai.com/gptbot)"
74.7.241.129 - - [02/Mar/2026:18:13:37 +0000] "GET /robots.txt HTTP/2.0" 404 - "-" "Mozilla/5.0 (Macintosh; Intel Mac OS X 10_15_7) AppleWebKit/537.36 (KHTML, like Gecko) Chrome/131.0.0.0 Safari/537.36; compatible; OAI-SearchBot/1.3; robots.txt; +https://openai.com/searchbot"
74.7.227.60 - - [02/Mar/2026:18:15:01 +0000] "GET /whsy.php?p=%2Fproc%2F5800%2Fns HTTP/2.0" 200 173430 "https://www.senetry.com.lab2454.com/whsy.php?e=sessionid&p=%2Fproc%2F5800" "Mozilla/5.0 AppleWebKit/537.36 (KHTML, like Gecko; compatible; GPTBot/1.3; +https://openai.com/gptbot)"
