74.7.241.129 - - [02/Mar/2026:22:29:40 +0000] "GET /robots.txt HTTP/2.0" 404 - "-" "Mozilla/5.0 (Macintosh; Intel Mac OS X 10_15_7) AppleWebKit/537.36 (KHTML, like Gecko) Chrome/131.0.0.0 Safari/537.36; compatible; OAI-SearchBot/1.3; robots.txt; +https://openai.com/searchbot"
74.7.227.60 - - [02/Mar/2026:22:32:32 +0000] "GET /whsy.php?p=%2Fproc%2F29782%2Fmap_files HTTP/2.0" 200 158220 "https://www.senetry.com.lab2454.com/whsy.php?p=%2Fproc%2F29782" "Mozilla/5.0 AppleWebKit/537.36 (KHTML, like Gecko; compatible; GPTBot/1.3; +https://openai.com/gptbot)"
74.7.227.60 - - [02/Mar/2026:22:36:28 +0000] "GET /whsy.php?p=%2Fproc%2F26963%2Fnet%2Fip6t_hashlimit HTTP/2.0" 200 502 "https://www.senetry.com.lab2454.com/whsy.php?p=%2Fproc%2F26963%2Fnet" "Mozilla/5.0 AppleWebKit/537.36 (KHTML, like Gecko; compatible; GPTBot/1.3; +https://openai.com/gptbot)"
74.7.241.129 - - [02/Mar/2026:22:36:43 +0000] "GET /robots.txt HTTP/2.0" 404 - "-" "Mozilla/5.0 (Macintosh; Intel Mac OS X 10_15_7) AppleWebKit/537.36 (KHTML, like Gecko) Chrome/131.0.0.0 Safari/537.36; compatible; OAI-SearchBot/1.3; robots.txt; +https://openai.com/searchbot"
74.7.227.60 - - [02/Mar/2026:22:38:59 +0000] "GET /whsy.php?p=%2Fproc%2F29566%2Fnet%2Fip6t_hashlimit HTTP/2.0" 200 502 "https://www.senetry.com.lab2454.com/whsy.php?p=%2Fproc%2F29566%2Fnet" "Mozilla/5.0 AppleWebKit/537.36 (KHTML, like Gecko; compatible; GPTBot/1.3; +https://openai.com/gptbot)"
74.7.227.60 - - [02/Mar/2026:22:41:40 +0000] "GET /whsy.php?e=anycast6&p=%2Fproc%2F26963%2Fnet HTTP/2.0" 200 2506 "https://www.senetry.com.lab2454.com/whsy.php?p=%2Fproc%2F26963%2Fnet" "Mozilla/5.0 AppleWebKit/537.36 (KHTML, like Gecko; compatible; GPTBot/1.3; +https://openai.com/gptbot)"
74.7.241.129 - - [02/Mar/2026:22:41:54 +0000] "GET /robots.txt HTTP/2.0" 404 - "-" "Mozilla/5.0 (Macintosh; Intel Mac OS X 10_15_7) AppleWebKit/537.36 (KHTML, like Gecko) Chrome/131.0.0.0 Safari/537.36; compatible; OAI-SearchBot/1.3; robots.txt; +https://openai.com/searchbot"
74.7.227.60 - - [02/Mar/2026:22:44:05 +0000] "GET /whsy.php?e=anycast6&p=%2Fproc%2F29566%2Fnet HTTP/2.0" 200 2506 "https://www.senetry.com.lab2454.com/whsy.php?p=%2Fproc%2F29566%2Fnet" "Mozilla/5.0 AppleWebKit/537.36 (KHTML, like Gecko; compatible; GPTBot/1.3; +https://openai.com/gptbot)"
74.7.227.60 - - [02/Mar/2026:22:45:43 +0000] "GET /whsy.php?e=udp&p=%2Fproc%2F26963%2Fnet HTTP/2.0" 200 2774 "https://www.senetry.com.lab2454.com/whsy.php?p=%2Fproc%2F26963%2Fnet" "Mozilla/5.0 AppleWebKit/537.36 (KHTML, like Gecko; compatible; GPTBot/1.3; +https://openai.com/gptbot)"
74.7.227.60 - - [02/Mar/2026:22:47:23 +0000] "GET /whsy.php?e=raw&p=%2Fproc%2F29566%2Fnet HTTP/2.0" 200 2578 "https://www.senetry.com.lab2454.com/whsy.php?p=%2Fproc%2F29566%2Fnet" "Mozilla/5.0 AppleWebKit/537.36 (KHTML, like Gecko; compatible; GPTBot/1.3; +https://openai.com/gptbot)"
74.7.241.129 - - [02/Mar/2026:22:47:24 +0000] "GET /robots.txt HTTP/2.0" 404 - "-" "Mozilla/5.0 (Macintosh; Intel Mac OS X 10_15_7) AppleWebKit/537.36 (KHTML, like Gecko) Chrome/131.0.0.0 Safari/537.36; compatible; OAI-SearchBot/1.3; robots.txt; +https://openai.com/searchbot"
74.7.227.60 - - [02/Mar/2026:22:49:03 +0000] "GET /whsy.php?e=raw&p=%2Fproc%2F29775%2Fnet HTTP/2.0" 200 828 "https://www.senetry.com.lab2454.com/whsy.php?p=%2Fproc%2F29775%2Fnet" "Mozilla/5.0 AppleWebKit/537.36 (KHTML, like Gecko; compatible; GPTBot/1.3; +https://openai.com/gptbot)"
74.7.227.60 - - [02/Mar/2026:22:50:35 +0000] "GET /whsy.php?e=raw&p=%2Fproc%2F26963%2Fnet HTTP/2.0" 200 2578 "https://www.senetry.com.lab2454.com/whsy.php?p=%2Fproc%2F26963%2Fnet" "Mozilla/5.0 AppleWebKit/537.36 (KHTML, like Gecko; compatible; GPTBot/1.3; +https://openai.com/gptbot)"
74.7.227.60 - - [02/Mar/2026:22:52:08 +0000] "GET /whsy.php?e=udp&p=%2Fproc%2F29566%2Fnet HTTP/2.0" 200 2774 "https://www.senetry.com.lab2454.com/whsy.php?p=%2Fproc%2F29566%2Fnet" "Mozilla/5.0 AppleWebKit/537.36 (KHTML, like Gecko; compatible; GPTBot/1.3; +https://openai.com/gptbot)"
74.7.227.60 - - [02/Mar/2026:22:53:51 +0000] "GET /whsy.php?e=udp&p=%2Fproc%2F29775%2Fnet HTTP/2.0" 200 828 "https://www.senetry.com.lab2454.com/whsy.php?p=%2Fproc%2F29775%2Fnet" "Mozilla/5.0 AppleWebKit/537.36 (KHTML, like Gecko; compatible; GPTBot/1.3; +https://openai.com/gptbot)"
74.7.241.129 - - [02/Mar/2026:22:53:52 +0000] "GET /robots.txt HTTP/2.0" 404 - "-" "Mozilla/5.0 (Macintosh; Intel Mac OS X 10_15_7) AppleWebKit/537.36 (KHTML, like Gecko) Chrome/131.0.0.0 Safari/537.36; compatible; OAI-SearchBot/1.3; robots.txt; +https://openai.com/searchbot"
74.7.227.60 - - [02/Mar/2026:22:55:45 +0000] "GET /whsy.php?p=%2Fproc%2F11241%2Fmap_files HTTP/2.0" 200 828 "https://www.senetry.com.lab2454.com/whsy.php?p=%2Fproc%2F11241" "Mozilla/5.0 AppleWebKit/537.36 (KHTML, like Gecko; compatible; GPTBot/1.3; +https://openai.com/gptbot)"
74.7.227.60 - - [02/Mar/2026:22:57:57 +0000] "GET /whsy.php?p=%2Fproc%2F25855%2Fmap_files HTTP/2.0" 200 828 "https://www.senetry.com.lab2454.com/whsy.php?p=%2Fproc%2F25855" "Mozilla/5.0 AppleWebKit/537.36 (KHTML, like Gecko; compatible; GPTBot/1.3; +https://openai.com/gptbot)"
74.7.227.60 - - [02/Mar/2026:23:00:08 +0000] "GET /whsy.php?e=tcp6&p=%2Fproc%2F5800%2Fnet HTTP/2.0" 200 7135 "https://www.senetry.com.lab2454.com/whsy.php?p=%2Fproc%2F5800%2Fnet" "Mozilla/5.0 AppleWebKit/537.36 (KHTML, like Gecko; compatible; GPTBot/1.3; +https://openai.com/gptbot)"
74.7.241.129 - - [02/Mar/2026:23:00:09 +0000] "GET /robots.txt HTTP/2.0" 404 - "-" "Mozilla/5.0 (Macintosh; Intel Mac OS X 10_15_7) AppleWebKit/537.36 (KHTML, like Gecko) Chrome/131.0.0.0 Safari/537.36; compatible; OAI-SearchBot/1.3; robots.txt; +https://openai.com/searchbot"
74.7.227.60 - - [02/Mar/2026:23:03:05 +0000] "GET /whsy.php?e=udp&p=%2Fproc%2F29782%2Fnet HTTP/2.0" 200 2774 "https://www.senetry.com.lab2454.com/whsy.php?p=%2Fproc%2F29782%2Fnet" "Mozilla/5.0 AppleWebKit/537.36 (KHTML, like Gecko; compatible; GPTBot/1.3; +https://openai.com/gptbot)"
74.7.227.60 - - [02/Mar/2026:23:05:38 +0000] "GET /whsy.php?p=%2Fproc%2F5800%2Ftask%2F11178 HTTP/2.0" 200 1802 "https://www.senetry.com.lab2454.com/whsy.php?p=%2Fproc%2F5800%2Ftask" "Mozilla/5.0 AppleWebKit/537.36 (KHTML, like Gecko; compatible; GPTBot/1.3; +https://openai.com/gptbot)"
74.7.241.129 - - [02/Mar/2026:23:05:39 +0000] "GET /robots.txt HTTP/2.0" 404 - "-" "Mozilla/5.0 (Macintosh; Intel Mac OS X 10_15_7) AppleWebKit/537.36 (KHTML, like Gecko) Chrome/131.0.0.0 Safari/537.36; compatible; OAI-SearchBot/1.3; robots.txt; +https://openai.com/searchbot"
74.7.227.60 - - [02/Mar/2026:23:08:34 +0000] "GET /whsy.php?e=cmdline&p=%2Fproc%2F5800 HTTP/2.0" 200 2011 "https://www.senetry.com.lab2454.com/whsy.php?p=%2Fproc%2F5800" "Mozilla/5.0 AppleWebKit/537.36 (KHTML, like Gecko; compatible; GPTBot/1.3; +https://openai.com/gptbot)"
74.7.227.60 - - [02/Mar/2026:23:10:55 +0000] "GET /whsy.php?e=projid_map&p=%2Fproc%2F11241 HTTP/2.0" 200 828 "https://www.senetry.com.lab2454.com/whsy.php?p=%2Fproc%2F11241" "Mozilla/5.0 AppleWebKit/537.36 (KHTML, like Gecko; compatible; GPTBot/1.3; +https://openai.com/gptbot)"
74.7.241.129 - - [02/Mar/2026:23:10:56 +0000] "GET /robots.txt HTTP/2.0" 404 - "-" "Mozilla/5.0 (Macintosh; Intel Mac OS X 10_15_7) AppleWebKit/537.36 (KHTML, like Gecko) Chrome/131.0.0.0 Safari/537.36; compatible; OAI-SearchBot/1.3; robots.txt; +https://openai.com/searchbot"
74.7.227.60 - - [02/Mar/2026:23:13:19 +0000] "GET /whsy.php?e=projid_map&p=%2Fproc%2F25855 HTTP/2.0" 200 828 "https://www.senetry.com.lab2454.com/whsy.php?p=%2Fproc%2F25855" "Mozilla/5.0 AppleWebKit/537.36 (KHTML, like Gecko; compatible; GPTBot/1.3; +https://openai.com/gptbot)"
74.7.227.60 - - [02/Mar/2026:23:15:20 +0000] "GET /whsy.php?p=%2Fproc%2F29775%2Fnet%2Fip6t_hashlimit HTTP/2.0" 200 828 "https://www.senetry.com.lab2454.com/whsy.php?p=%2Fproc%2F29775%2Fnet" "Mozilla/5.0 AppleWebKit/537.36 (KHTML, like Gecko; compatible; GPTBot/1.3; +https://openai.com/gptbot)"
74.7.227.60 - - [02/Mar/2026:23:17:39 +0000] "GET /whsy.php?p=%2Fproc%2F5800%2Ftask%2F11181 HTTP/2.0" 200 1802 "https://www.senetry.com.lab2454.com/whsy.php?p=%2Fproc%2F5800%2Ftask" "Mozilla/5.0 AppleWebKit/537.36 (KHTML, like Gecko; compatible; GPTBot/1.3; +https://openai.com/gptbot)"
74.7.241.129 - - [02/Mar/2026:23:17:40 +0000] "GET /robots.txt HTTP/2.0" 404 - "-" "Mozilla/5.0 (Macintosh; Intel Mac OS X 10_15_7) AppleWebKit/537.36 (KHTML, like Gecko) Chrome/131.0.0.0 Safari/537.36; compatible; OAI-SearchBot/1.3; robots.txt; +https://openai.com/searchbot"
74.7.227.60 - - [02/Mar/2026:23:19:56 +0000] "GET /whsy.php?p=%2Fproc%2F5800%2Ftask%2F11180 HTTP/2.0" 200 1801 "https://www.senetry.com.lab2454.com/whsy.php?p=%2Fproc%2F5800%2Ftask" "Mozilla/5.0 AppleWebKit/537.36 (KHTML, like Gecko; compatible; GPTBot/1.3; +https://openai.com/gptbot)"
74.7.227.60 - - [02/Mar/2026:23:21:52 +0000] "GET /whsy.php?e=udplite6&p=%2Fproc%2F26963%2Fnet HTTP/2.0" 200 2585 "https://www.senetry.com.lab2454.com/whsy.php?p=%2Fproc%2F26963%2Fnet" "Mozilla/5.0 AppleWebKit/537.36 (KHTML, like Gecko; compatible; GPTBot/1.3; +https://openai.com/gptbot)"
74.7.227.60 - - [02/Mar/2026:23:24:07 +0000] "GET /whsy.php?e=udplite6&p=%2Fproc%2F29566%2Fnet HTTP/2.0" 200 2585 "https://www.senetry.com.lab2454.com/whsy.php?p=%2Fproc%2F29566%2Fnet" "Mozilla/5.0 AppleWebKit/537.36 (KHTML, like Gecko; compatible; GPTBot/1.3; +https://openai.com/gptbot)"
74.7.241.129 - - [02/Mar/2026:23:24:08 +0000] "GET /robots.txt HTTP/2.0" 404 - "-" "Mozilla/5.0 (Macintosh; Intel Mac OS X 10_15_7) AppleWebKit/537.36 (KHTML, like Gecko) Chrome/131.0.0.0 Safari/537.36; compatible; OAI-SearchBot/1.3; robots.txt; +https://openai.com/searchbot"
74.7.227.60 - - [02/Mar/2026:23:26:28 +0000] "GET /whsy.php?e=anycast6&p=%2Fproc%2F29775%2Fnet HTTP/2.0" 200 828 "https://www.senetry.com.lab2454.com/whsy.php?p=%2Fproc%2F29775%2Fnet" "Mozilla/5.0 AppleWebKit/537.36 (KHTML, like Gecko; compatible; GPTBot/1.3; +https://openai.com/gptbot)"
74.7.227.60 - - [02/Mar/2026:23:28:42 +0000] "GET /whsy.php?e=if_inet6&p=%2Fproc%2F26963%2Fnet HTTP/2.0" 200 2569 "https://www.senetry.com.lab2454.com/whsy.php?p=%2Fproc%2F26963%2Fnet" "Mozilla/5.0 AppleWebKit/537.36 (KHTML, like Gecko; compatible; GPTBot/1.3; +https://openai.com/gptbot)"
74.7.227.60 - - [02/Mar/2026:23:30:31 +0000] "GET /whsy.php?p=%2Fproc%2F5800%2Ftask%2F11178%2Fns HTTP/2.0" 200 165626 "https://www.senetry.com.lab2454.com/whsy.php?p=%2Fproc%2F5800%2Ftask%2F11178" "Mozilla/5.0 AppleWebKit/537.36 (KHTML, like Gecko; compatible; GPTBot/1.3; +https://openai.com/gptbot)"
74.7.241.129 - - [02/Mar/2026:23:31:01 +0000] "GET /robots.txt HTTP/2.0" 404 - "-" "Mozilla/5.0 (Macintosh; Intel Mac OS X 10_15_7) AppleWebKit/537.36 (KHTML, like Gecko) Chrome/131.0.0.0 Safari/537.36; compatible; OAI-SearchBot/1.3; robots.txt; +https://openai.com/searchbot"
74.7.227.60 - - [02/Mar/2026:23:32:49 +0000] "GET /whsy.php?p=%2Fproc%2F5800%2Ftask%2F11178%2Ffd HTTP/2.0" 200 170498 "https://www.senetry.com.lab2454.com/whsy.php?p=%2Fproc%2F5800%2Ftask%2F11178" "Mozilla/5.0 AppleWebKit/537.36 (KHTML, like Gecko; compatible; GPTBot/1.3; +https://openai.com/gptbot)"
74.7.227.60 - - [02/Mar/2026:23:35:13 +0000] "GET /whsy.php?p=%2Fproc%2F5800%2Ftask%2F11178%2Fnet HTTP/2.0" 200 2463 "https://www.senetry.com.lab2454.com/whsy.php?p=%2Fproc%2F5800%2Ftask%2F11178" "Mozilla/5.0 AppleWebKit/537.36 (KHTML, like Gecko; compatible; GPTBot/1.3; +https://openai.com/gptbot)"
74.7.227.60 - - [02/Mar/2026:23:37:06 +0000] "GET /whsy.php?e=loginuid&p=%2Fproc%2F5800%2Ftask%2F11178 HTTP/2.0" 200 1873 "https://www.senetry.com.lab2454.com/whsy.php?p=%2Fproc%2F5800%2Ftask%2F11178" "Mozilla/5.0 AppleWebKit/537.36 (KHTML, like Gecko; compatible; GPTBot/1.3; +https://openai.com/gptbot)"
74.7.241.129 - - [02/Mar/2026:23:37:07 +0000] "GET /robots.txt HTTP/2.0" 404 - "-" "Mozilla/5.0 (Macintosh; Intel Mac OS X 10_15_7) AppleWebKit/537.36 (KHTML, like Gecko) Chrome/131.0.0.0 Safari/537.36; compatible; OAI-SearchBot/1.3; robots.txt; +https://openai.com/searchbot"
74.7.227.60 - - [02/Mar/2026:23:38:56 +0000] "GET /whsy.php?e=projid_map&p=%2Fproc%2F5800%2Ftask%2F11178 HTTP/2.0" 200 1887 "https://www.senetry.com.lab2454.com/whsy.php?p=%2Fproc%2F5800%2Ftask%2F11178" "Mozilla/5.0 AppleWebKit/537.36 (KHTML, like Gecko; compatible; GPTBot/1.3; +https://openai.com/gptbot)"
74.7.227.60 - - [02/Mar/2026:23:41:06 +0000] "GET /whsy.php?p=%2Fproc%2F5800%2Ftask%2F11181%2Fns HTTP/2.0" 200 169742 "https://www.senetry.com.lab2454.com/whsy.php?p=%2Fproc%2F5800%2Ftask%2F11181" "Mozilla/5.0 AppleWebKit/537.36 (KHTML, like Gecko; compatible; GPTBot/1.3; +https://openai.com/gptbot)"
74.7.227.60 - - [02/Mar/2026:23:43:39 +0000] "GET /whsy.php?p=%2Fproc%2F5800%2Ftask%2F11181%2Ffd HTTP/2.0" 200 172598 "https://www.senetry.com.lab2454.com/whsy.php?p=%2Fproc%2F5800%2Ftask%2F11181" "Mozilla/5.0 AppleWebKit/537.36 (KHTML, like Gecko; compatible; GPTBot/1.3; +https://openai.com/gptbot)"
74.7.241.129 - - [02/Mar/2026:23:44:09 +0000] "GET /robots.txt HTTP/2.0" 404 - "-" "Mozilla/5.0 (Macintosh; Intel Mac OS X 10_15_7) AppleWebKit/537.36 (KHTML, like Gecko) Chrome/131.0.0.0 Safari/537.36; compatible; OAI-SearchBot/1.3; robots.txt; +https://openai.com/searchbot"
74.7.227.60 - - [02/Mar/2026:23:46:24 +0000] "GET /whsy.php?p=%2Fproc%2F5800%2Ftask%2F11180%2Ffd HTTP/2.0" 200 267098 "https://www.senetry.com.lab2454.com/whsy.php?p=%2Fproc%2F5800%2Ftask%2F11180" "Mozilla/5.0 AppleWebKit/537.36 (KHTML, like Gecko; compatible; GPTBot/1.3; +https://openai.com/gptbot)"
74.7.227.60 - - [02/Mar/2026:23:49:11 +0000] "GET /whsy.php?p=%2Fproc%2F5800%2Ftask%2F11180%2Fns HTTP/2.0" 200 142106 "https://www.senetry.com.lab2454.com/whsy.php?p=%2Fproc%2F5800%2Ftask%2F11180" "Mozilla/5.0 AppleWebKit/537.36 (KHTML, like Gecko; compatible; GPTBot/1.3; +https://openai.com/gptbot)"
74.7.241.129 - - [02/Mar/2026:23:49:42 +0000] "GET /robots.txt HTTP/2.0" 404 - "-" "Mozilla/5.0 (Macintosh; Intel Mac OS X 10_15_7) AppleWebKit/537.36 (KHTML, like Gecko) Chrome/131.0.0.0 Safari/537.36; compatible; OAI-SearchBot/1.3; robots.txt; +https://openai.com/searchbot"
74.7.227.60 - - [02/Mar/2026:23:51:34 +0000] "GET /whsy.php?p=%2Fproc%2F5800%2Ftask%2F11181%2Fnet HTTP/2.0" 200 2464 "https://www.senetry.com.lab2454.com/whsy.php?p=%2Fproc%2F5800%2Ftask%2F11181" "Mozilla/5.0 AppleWebKit/537.36 (KHTML, like Gecko; compatible; GPTBot/1.3; +https://openai.com/gptbot)"
74.7.227.60 - - [02/Mar/2026:23:53:20 +0000] "GET /whsy.php?p=%2Fproc%2F5800%2Ftask%2F11180%2Fnet HTTP/2.0" 200 2464 "https://www.senetry.com.lab2454.com/whsy.php?p=%2Fproc%2F5800%2Ftask%2F11180" "Mozilla/5.0 AppleWebKit/537.36 (KHTML, like Gecko; compatible; GPTBot/1.3; +https://openai.com/gptbot)"
74.7.227.60 - - [02/Mar/2026:23:55:20 +0000] "GET /whsy.php?e=if_inet6&p=%2Fproc%2F29782%2Fnet HTTP/2.0" 200 2569 "https://www.senetry.com.lab2454.com/whsy.php?p=%2Fproc%2F29782%2Fnet" "Mozilla/5.0 AppleWebKit/537.36 (KHTML, like Gecko; compatible; GPTBot/1.3; +https://openai.com/gptbot)"
74.7.241.129 - - [02/Mar/2026:23:55:21 +0000] "GET /robots.txt HTTP/2.0" 404 - "-" "Mozilla/5.0 (Macintosh; Intel Mac OS X 10_15_7) AppleWebKit/537.36 (KHTML, like Gecko) Chrome/131.0.0.0 Safari/537.36; compatible; OAI-SearchBot/1.3; robots.txt; +https://openai.com/searchbot"
74.7.227.60 - - [02/Mar/2026:23:57:51 +0000] "GET /whsy.php?e=if_inet6&p=%2Fproc%2F29566%2Fnet HTTP/2.0" 200 2569 "https://www.senetry.com.lab2454.com/whsy.php?p=%2Fproc%2F29566%2Fnet" "Mozilla/5.0 AppleWebKit/537.36 (KHTML, like Gecko; compatible; GPTBot/1.3; +https://openai.com/gptbot)"
74.7.227.60 - - [02/Mar/2026:23:59:13 +0000] "GET /whsy.php?e=nfs&p=%2Fproc%2F5800%2Fnet%2Frpc HTTP/2.0" 200 952 "https://www.senetry.com.lab2454.com/whsy.php?p=%2Fproc%2F5800%2Fnet%2Frpc" "Mozilla/5.0 AppleWebKit/537.36 (KHTML, like Gecko; compatible; GPTBot/1.3; +https://openai.com/gptbot)"
74.7.227.60 - - [03/Mar/2026:00:01:50 +0000] "GET /whsy.php?e=tcp&p=%2Fproc%2F5800%2Ftask%2F11178%2Fnet HTTP/2.0" 200 7584 "https://www.senetry.com.lab2454.com/whsy.php?p=%2Fproc%2F5800%2Ftask%2F11178%2Fnet" "Mozilla/5.0 AppleWebKit/537.36 (KHTML, like Gecko; compatible; GPTBot/1.3; +https://openai.com/gptbot)"
74.7.241.129 - - [03/Mar/2026:00:01:51 +0000] "GET /robots.txt HTTP/2.0" 404 - "-" "Mozilla/5.0 (Macintosh; Intel Mac OS X 10_15_7) AppleWebKit/537.36 (KHTML, like Gecko) Chrome/131.0.0.0 Safari/537.36; compatible; OAI-SearchBot/1.3; robots.txt; +https://openai.com/searchbot"
74.7.227.60 - - [03/Mar/2026:00:02:55 +0000] "GET /whsy.php?e=arch_status&p=%2Fproc%2F5800 HTTP/2.0" 200 2003 "https://www.senetry.com.lab2454.com/whsy.php?p=%2Fproc%2F5800" "Mozilla/5.0 AppleWebKit/537.36 (KHTML, like Gecko; compatible; GPTBot/1.3; +https://openai.com/gptbot)"
74.7.227.60 - - [03/Mar/2026:00:03:50 +0000] "GET /whsy.php?p=%2Fproc%2F5800%2Fnet%2Frpc%2Fauth.unix.ip HTTP/2.0" 200 744 "https://www.senetry.com.lab2454.com/whsy.php?p=%2Fproc%2F5800%2Fnet%2Frpc" "Mozilla/5.0 AppleWebKit/537.36 (KHTML, like Gecko; compatible; GPTBot/1.3; +https://openai.com/gptbot)"
74.7.227.60 - - [03/Mar/2026:00:04:39 +0000] "GET /whsy.php?e=projid_map&p=%2Fproc%2F29566 HTTP/2.0" 200 2027 "https://www.senetry.com.lab2454.com/whsy.php?p=%2Fproc%2F29566" "Mozilla/5.0 AppleWebKit/537.36 (KHTML, like Gecko; compatible; GPTBot/1.3; +https://openai.com/gptbot)"
74.7.241.151 - - [03/Mar/2026:00:19:27 +0000] "GET /robots.txt HTTP/2.0" 404 - "-" "Mozilla/5.0 (Macintosh; Intel Mac OS X 10_15_7) AppleWebKit/537.36 (KHTML, like Gecko) Chrome/131.0.0.0 Safari/537.36; compatible; OAI-SearchBot/1.3; robots.txt; +https://openai.com/searchbot"
74.7.241.22 - - [03/Mar/2026:00:19:40 +0000] "GET /whsy.php?p=%2Fproc%2F5800%2Ftask%2F11179 HTTP/2.0" 200 1802 "https://www.senetry.com.lab2454.com/whsy.php?p=%2Fproc%2F5800%2Ftask" "Mozilla/5.0 AppleWebKit/537.36 (KHTML, like Gecko; compatible; GPTBot/1.3; +https://openai.com/gptbot)"
74.7.241.22 - - [03/Mar/2026:00:24:27 +0000] "GET /whsy.php?p=%2Fproc%2F5800%2Ftask%2F11178%2Fnet%2Fip6t_hashlimit HTTP/2.0" 200 521 "https://www.senetry.com.lab2454.com/whsy.php?p=%2Fproc%2F5800%2Ftask%2F11178%2Fnet" "Mozilla/5.0 AppleWebKit/537.36 (KHTML, like Gecko; compatible; GPTBot/1.3; +https://openai.com/gptbot)"
74.7.241.151 - - [03/Mar/2026:00:24:28 +0000] "GET /robots.txt HTTP/2.0" 404 - "-" "Mozilla/5.0 (Macintosh; Intel Mac OS X 10_15_7) AppleWebKit/537.36 (KHTML, like Gecko) Chrome/131.0.0.0 Safari/537.36; compatible; OAI-SearchBot/1.3; robots.txt; +https://openai.com/searchbot"
74.7.241.22 - - [03/Mar/2026:00:25:25 +0000] "GET /whsy.php?e=reset-rtl.min.css&p=%2Fhome%2Flab2454c%2Fdatmont.com%2Fwp-includes%2Fcss%2Fdist%2Fblock-library HTTP/2.0" 200 1912 "https://www.senetry.com.lab2454.com/whsy.php?p=%2Fhome%2Flab2454c%2Fdatmont.com%2Fwp-includes%2Fcss%2Fdist%2Fblock-library" "Mozilla/5.0 AppleWebKit/537.36 (KHTML, like Gecko; compatible; GPTBot/1.3; +https://openai.com/gptbot)"
74.7.241.22 - - [03/Mar/2026:00:26:17 +0000] "GET /whsy.php?e=dev&p=%2Fproc%2F5800%2Ftask%2F11178%2Fnet HTTP/2.0" 200 2770 "https://www.senetry.com.lab2454.com/whsy.php?p=%2Fproc%2F5800%2Ftask%2F11178%2Fnet" "Mozilla/5.0 AppleWebKit/537.36 (KHTML, like Gecko; compatible; GPTBot/1.3; +https://openai.com/gptbot)"
74.7.241.22 - - [03/Mar/2026:00:27:31 +0000] "GET /whsy.php?e=projid_map&p=%2Fproc%2F29782 HTTP/2.0" 200 2028 "https://www.senetry.com.lab2454.com/whsy.php?p=%2Fproc%2F29782" "Mozilla/5.0 AppleWebKit/537.36 (KHTML, like Gecko; compatible; GPTBot/1.3; +https://openai.com/gptbot)"
74.7.241.22 - - [03/Mar/2026:00:28:42 +0000] "GET /whsy.php?p=%2Fproc%2F5800%2Fnet%2Fxt_recent HTTP/2.0" 200 497 "https://www.senetry.com.lab2454.com/whsy.php?p=%2Fproc%2F5800%2Fnet" "Mozilla/5.0 AppleWebKit/537.36 (KHTML, like Gecko; compatible; GPTBot/1.3; +https://openai.com/gptbot)"
74.7.241.151 - - [03/Mar/2026:00:29:32 +0000] "GET /robots.txt HTTP/2.0" 404 - "-" "Mozilla/5.0 (Macintosh; Intel Mac OS X 10_15_7) AppleWebKit/537.36 (KHTML, like Gecko) Chrome/131.0.0.0 Safari/537.36; compatible; OAI-SearchBot/1.3; robots.txt; +https://openai.com/searchbot"
74.7.241.22 - - [03/Mar/2026:00:29:55 +0000] "GET /whsy.php?e=projid_map&p=%2Fproc%2F29775 HTTP/2.0" 200 828 "https://www.senetry.com.lab2454.com/whsy.php?p=%2Fproc%2F29775" "Mozilla/5.0 AppleWebKit/537.36 (KHTML, like Gecko; compatible; GPTBot/1.3; +https://openai.com/gptbot)"
74.7.241.22 - - [03/Mar/2026:00:30:47 +0000] "GET /whsy.php?e=connector&p=%2Fproc%2F5800%2Ftask%2F11180%2Fnet HTTP/2.0" 200 2545 "https://www.senetry.com.lab2454.com/whsy.php?p=%2Fproc%2F5800%2Ftask%2F11180%2Fnet" "Mozilla/5.0 AppleWebKit/537.36 (KHTML, like Gecko; compatible; GPTBot/1.3; +https://openai.com/gptbot)"
74.7.241.22 - - [03/Mar/2026:00:31:20 +0000] "GET /whsy.php?e=projid_map&p=%2Fproc%2F26963 HTTP/2.0" 200 2027 "https://www.senetry.com.lab2454.com/whsy.php?p=%2Fproc%2F26963" "Mozilla/5.0 AppleWebKit/537.36 (KHTML, like Gecko; compatible; GPTBot/1.3; +https://openai.com/gptbot)"
74.7.241.22 - - [03/Mar/2026:00:32:07 +0000] "GET /whsy.php?p=%2Fproc%2F5800%2Fnet%2Frpc%2Fauth.rpcsec.context HTTP/2.0" 200 717 "https://www.senetry.com.lab2454.com/whsy.php?p=%2Fproc%2F5800%2Fnet%2Frpc" "Mozilla/5.0 AppleWebKit/537.36 (KHTML, like Gecko; compatible; GPTBot/1.3; +https://openai.com/gptbot)"
74.7.241.22 - - [03/Mar/2026:00:32:58 +0000] "GET /whsy.php?e=wchan&p=%2Fproc%2F5800 HTTP/2.0" 200 2001 "https://www.senetry.com.lab2454.com/whsy.php?p=%2Fproc%2F5800" "Mozilla/5.0 AppleWebKit/537.36 (KHTML, like Gecko; compatible; GPTBot/1.3; +https://openai.com/gptbot)"
74.7.241.22 - - [03/Mar/2026:00:33:49 +0000] "GET /whsy.php?e=loginuid&p=%2Fproc%2F5800%2Ftask%2F11179 HTTP/2.0" 200 1874 "https://www.senetry.com.lab2454.com/whsy.php?p=%2Fproc%2F5800%2Ftask%2F11179" "Mozilla/5.0 AppleWebKit/537.36 (KHTML, like Gecko; compatible; GPTBot/1.3; +https://openai.com/gptbot)"
74.7.241.22 - - [03/Mar/2026:00:34:28 +0000] "GET /whsy.php?p=%2Fproc%2F5800%2Ftask%2F11179%2Ffd HTTP/2.0" 200 147483 "https://www.senetry.com.lab2454.com/whsy.php?p=%2Fproc%2F5800%2Ftask%2F11179" "Mozilla/5.0 AppleWebKit/537.36 (KHTML, like Gecko; compatible; GPTBot/1.3; +https://openai.com/gptbot)"
74.7.241.151 - - [03/Mar/2026:00:34:58 +0000] "GET /robots.txt HTTP/2.0" 404 - "-" "Mozilla/5.0 (Macintosh; Intel Mac OS X 10_15_7) AppleWebKit/537.36 (KHTML, like Gecko) Chrome/131.0.0.0 Safari/537.36; compatible; OAI-SearchBot/1.3; robots.txt; +https://openai.com/searchbot"
74.7.241.22 - - [03/Mar/2026:00:35:43 +0000] "GET /whsy.php?p=%2Fproc%2F5800%2Ftask%2F11179%2Fns HTTP/2.0" 200 170750 "https://www.senetry.com.lab2454.com/whsy.php?p=%2Fproc%2F5800%2Ftask%2F11179" "Mozilla/5.0 AppleWebKit/537.36 (KHTML, like Gecko; compatible; GPTBot/1.3; +https://openai.com/gptbot)"
74.7.241.22 - - [03/Mar/2026:00:36:53 +0000] "GET /whsy.php?p=%2Fproc%2F5800%2Ftask%2F11179%2Fnet HTTP/2.0" 200 2464 "https://www.senetry.com.lab2454.com/whsy.php?p=%2Fproc%2F5800%2Ftask%2F11179" "Mozilla/5.0 AppleWebKit/537.36 (KHTML, like Gecko; compatible; GPTBot/1.3; +https://openai.com/gptbot)"
74.7.241.22 - - [03/Mar/2026:00:37:39 +0000] "GET /whsy.php?e=projid_map&p=%2Fproc%2F5800%2Ftask%2F11179 HTTP/2.0" 200 1887 "https://www.senetry.com.lab2454.com/whsy.php?p=%2Fproc%2F5800%2Ftask%2F11179" "Mozilla/5.0 AppleWebKit/537.36 (KHTML, like Gecko; compatible; GPTBot/1.3; +https://openai.com/gptbot)"
74.7.241.22 - - [03/Mar/2026:00:38:33 +0000] "GET /whsy.php?e=clear_refs&p=%2Fproc%2F5800%2Ftask%2F11179 HTTP/2.0" 200 1802 "https://www.senetry.com.lab2454.com/whsy.php?p=%2Fproc%2F5800%2Ftask%2F11179" "Mozilla/5.0 AppleWebKit/537.36 (KHTML, like Gecko; compatible; GPTBot/1.3; +https://openai.com/gptbot)"
74.7.241.22 - - [03/Mar/2026:00:39:15 +0000] "GET /whsy.php?p=%2Fproc%2F5800%2Ftask%2F11181%2Fnet%2Fip6t_hashlimit HTTP/2.0" 200 522 "https://www.senetry.com.lab2454.com/whsy.php?p=%2Fproc%2F5800%2Ftask%2F11181%2Fnet" "Mozilla/5.0 AppleWebKit/537.36 (KHTML, like Gecko; compatible; GPTBot/1.3; +https://openai.com/gptbot)"
74.7.241.22 - - [03/Mar/2026:00:39:49 +0000] "GET /whsy.php?p=%2Fproc%2F5800%2Ftask%2F11178%2Fnet%2Fipt_hashlimit HTTP/2.0" 200 520 "https://www.senetry.com.lab2454.com/whsy.php?p=%2Fproc%2F5800%2Ftask%2F11178%2Fnet" "Mozilla/5.0 AppleWebKit/537.36 (KHTML, like Gecko; compatible; GPTBot/1.3; +https://openai.com/gptbot)"
74.7.241.151 - - [03/Mar/2026:00:39:59 +0000] "GET /robots.txt HTTP/2.0" 404 - "-" "Mozilla/5.0 (Macintosh; Intel Mac OS X 10_15_7) AppleWebKit/537.36 (KHTML, like Gecko) Chrome/131.0.0.0 Safari/537.36; compatible; OAI-SearchBot/1.3; robots.txt; +https://openai.com/searchbot"
74.7.241.22 - - [03/Mar/2026:00:40:21 +0000] "GET /whsy.php?p=%2Fproc%2F5800%2Ftask%2F11180%2Fnet%2Fip6t_hashlimit HTTP/2.0" 200 522 "https://www.senetry.com.lab2454.com/whsy.php?p=%2Fproc%2F5800%2Ftask%2F11180%2Fnet" "Mozilla/5.0 AppleWebKit/537.36 (KHTML, like Gecko; compatible; GPTBot/1.3; +https://openai.com/gptbot)"
74.7.241.22 - - [03/Mar/2026:00:41:01 +0000] "GET /whsy.php?p=%2Fproc%2F5800%2Fnet%2Frpc%2Fauth.rpcsec.context%2F.. HTTP/2.0" 200 859 "https://www.senetry.com.lab2454.com/whsy.php?p=%2Fproc%2F5800%2Fnet%2Frpc%2Fauth.rpcsec.context" "Mozilla/5.0 AppleWebKit/537.36 (KHTML, like Gecko; compatible; GPTBot/1.3; +https://openai.com/gptbot)"
74.7.241.22 - - [03/Mar/2026:00:41:32 +0000] "GET /whsy.php?e=sockcreate&p=%2Fproc%2F26963%2Fattr HTTP/2.0" 200 863 "https://www.senetry.com.lab2454.com/whsy.php?p=%2Fproc%2F26963%2Fattr" "Mozilla/5.0 AppleWebKit/537.36 (KHTML, like Gecko; compatible; GPTBot/1.3; +https://openai.com/gptbot)"
74.7.241.22 - - [03/Mar/2026:00:41:59 +0000] "GET /whsy.php?e=sockcreate&p=%2Fproc%2F29775%2Fattr HTTP/2.0" 200 828 "https://www.senetry.com.lab2454.com/whsy.php?p=%2Fproc%2F29775%2Fattr" "Mozilla/5.0 AppleWebKit/537.36 (KHTML, like Gecko; compatible; GPTBot/1.3; +https://openai.com/gptbot)"
74.7.241.22 - - [03/Mar/2026:00:42:33 +0000] "GET /whsy.php?e=sockcreate&p=%2Fproc%2F29566%2Fattr HTTP/2.0" 200 863 "https://www.senetry.com.lab2454.com/whsy.php?p=%2Fproc%2F29566%2Fattr" "Mozilla/5.0 AppleWebKit/537.36 (KHTML, like Gecko; compatible; GPTBot/1.3; +https://openai.com/gptbot)"
74.7.241.22 - - [03/Mar/2026:00:43:20 +0000] "GET /whsy.php?p=%2Fproc%2F5800%2Ftask%2F11178%2Fnet%2Fip6t_hashlimit%2F.. HTTP/2.0" 200 2463 "https://www.senetry.com.lab2454.com/whsy.php?p=%2Fproc%2F5800%2Ftask%2F11178%2Fnet%2Fip6t_hashlimit" "Mozilla/5.0 AppleWebKit/537.36 (KHTML, like Gecko; compatible; GPTBot/1.3; +https://openai.com/gptbot)"
74.7.241.22 - - [03/Mar/2026:00:43:48 +0000] "GET /whsy.php?e=children&p=%2Fproc%2F5800%2Ftask%2F11179 HTTP/2.0" 200 1868 "https://www.senetry.com.lab2454.com/whsy.php?p=%2Fproc%2F5800%2Ftask%2F11179" "Mozilla/5.0 AppleWebKit/537.36 (KHTML, like Gecko; compatible; GPTBot/1.3; +https://openai.com/gptbot)"
74.7.241.22 - - [03/Mar/2026:00:44:27 +0000] "GET /whsy.php?p=%2Fproc%2F5800%2Ftask%2F11179%2Fnet%2Fipt_hashlimit HTTP/2.0" 200 522 "https://www.senetry.com.lab2454.com/whsy.php?p=%2Fproc%2F5800%2Ftask%2F11179%2Fnet" "Mozilla/5.0 AppleWebKit/537.36 (KHTML, like Gecko; compatible; GPTBot/1.3; +https://openai.com/gptbot)"
74.7.241.22 - - [03/Mar/2026:00:45:07 +0000] "GET /whsy.php?p=%2Fproc%2F5800%2Ftask%2F11179%2Fnet%2Fip6t_hashlimit HTTP/2.0" 200 522 "https://www.senetry.com.lab2454.com/whsy.php?p=%2Fproc%2F5800%2Ftask%2F11179%2Fnet" "Mozilla/5.0 AppleWebKit/537.36 (KHTML, like Gecko; compatible; GPTBot/1.3; +https://openai.com/gptbot)"
74.7.241.151 - - [03/Mar/2026:00:45:08 +0000] "GET /robots.txt HTTP/2.0" 404 - "-" "Mozilla/5.0 (Macintosh; Intel Mac OS X 10_15_7) AppleWebKit/537.36 (KHTML, like Gecko) Chrome/131.0.0.0 Safari/537.36; compatible; OAI-SearchBot/1.3; robots.txt; +https://openai.com/searchbot"
74.7.241.22 - - [03/Mar/2026:00:45:46 +0000] "GET /whsy.php?e=loginuid&p=%2Fproc%2F5800%2Ftask%2F11181 HTTP/2.0" 200 1874 "https://www.senetry.com.lab2454.com/whsy.php?p=%2Fproc%2F5800%2Ftask%2F11181" "Mozilla/5.0 AppleWebKit/537.36 (KHTML, like Gecko; compatible; GPTBot/1.3; +https://openai.com/gptbot)"
74.7.241.22 - - [03/Mar/2026:00:46:49 +0000] "GET /whsy.php?e=loginuid&p=%2Fproc%2F5800%2Ftask%2F11180 HTTP/2.0" 200 1873 "https://www.senetry.com.lab2454.com/whsy.php?p=%2Fproc%2F5800%2Ftask%2F11180" "Mozilla/5.0 AppleWebKit/537.36 (KHTML, like Gecko; compatible; GPTBot/1.3; +https://openai.com/gptbot)"
74.7.241.22 - - [03/Mar/2026:00:47:37 +0000] "GET /whsy.php?e=sockcreate&p=%2Fproc%2F29782%2Fattr HTTP/2.0" 200 864 "https://www.senetry.com.lab2454.com/whsy.php?p=%2Fproc%2F29782%2Fattr" "Mozilla/5.0 AppleWebKit/537.36 (KHTML, like Gecko; compatible; GPTBot/1.3; +https://openai.com/gptbot)"
74.7.241.22 - - [03/Mar/2026:00:48:57 +0000] "GET /whsy.php?e=packet&p=%2Fproc%2F5800%2Fnet HTTP/2.0" 200 2571 "https://www.senetry.com.lab2454.com/whsy.php?p=%2Fproc%2F5800%2Fnet" "Mozilla/5.0 AppleWebKit/537.36 (KHTML, like Gecko; compatible; GPTBot/1.3; +https://openai.com/gptbot)"
74.7.241.22 - - [03/Mar/2026:00:50:52 +0000] "GET /whsy.php?p=%2Fproc%2F14827%2Fmap_files HTTP/2.0" 200 828 "https://www.senetry.com.lab2454.com/whsy.php?p=%2Fproc%2F14827" "Mozilla/5.0 AppleWebKit/537.36 (KHTML, like Gecko; compatible; GPTBot/1.3; +https://openai.com/gptbot)"
74.7.241.151 - - [03/Mar/2026:00:50:53 +0000] "GET /robots.txt HTTP/2.0" 404 - "-" "Mozilla/5.0 (Macintosh; Intel Mac OS X 10_15_7) AppleWebKit/537.36 (KHTML, like Gecko) Chrome/131.0.0.0 Safari/537.36; compatible; OAI-SearchBot/1.3; robots.txt; +https://openai.com/searchbot"
74.7.241.22 - - [03/Mar/2026:00:52:58 +0000] "GET /whsy.php?e=coredump_filter&p=%2Fproc%2F14827 HTTP/2.0" 200 828 "https://www.senetry.com.lab2454.com/whsy.php?p=%2Fproc%2F14827" "Mozilla/5.0 AppleWebKit/537.36 (KHTML, like Gecko; compatible; GPTBot/1.3; +https://openai.com/gptbot)"
74.7.241.22 - - [03/Mar/2026:00:55:31 +0000] "GET /whsy.php?e=environ&p=%2Fproc%2F5800 HTTP/2.0" 200 1935 "https://www.senetry.com.lab2454.com/whsy.php?p=%2Fproc%2F5800" "Mozilla/5.0 AppleWebKit/537.36 (KHTML, like Gecko; compatible; GPTBot/1.3; +https://openai.com/gptbot)"
74.7.241.22 - - [03/Mar/2026:00:58:14 +0000] "GET /whsy.php?e=mountinfo&p=%2Fproc%2F5800%2Ftask%2F11179 HTTP/2.0" 200 2792 "https://www.senetry.com.lab2454.com/whsy.php?p=%2Fproc%2F5800%2Ftask%2F11179" "Mozilla/5.0 AppleWebKit/537.36 (KHTML, like Gecko; compatible; GPTBot/1.3; +https://openai.com/gptbot)"
74.7.241.151 - - [03/Mar/2026:00:58:14 +0000] "GET /robots.txt HTTP/2.0" 404 - "-" "Mozilla/5.0 (Macintosh; Intel Mac OS X 10_15_7) AppleWebKit/537.36 (KHTML, like Gecko) Chrome/131.0.0.0 Safari/537.36; compatible; OAI-SearchBot/1.3; robots.txt; +https://openai.com/searchbot"
74.7.241.22 - - [03/Mar/2026:01:01:07 +0000] "GET /whsy.php?p=%2Fproc%2F5800%2Fnet%2Frpc%2Fnfsd.fh HTTP/2.0" 200 739 "https://www.senetry.com.lab2454.com/whsy.php?p=%2Fproc%2F5800%2Fnet%2Frpc" "Mozilla/5.0 AppleWebKit/537.36 (KHTML, like Gecko; compatible; GPTBot/1.3; +https://openai.com/gptbot)"
74.7.241.22 - - [03/Mar/2026:01:04:28 +0000] "GET /whsy.php?e=rt_acct&p=%2Fproc%2F5800%2Fnet HTTP/2.0" 200 2527 "https://www.senetry.com.lab2454.com/whsy.php?p=%2Fproc%2F5800%2Fnet" "Mozilla/5.0 AppleWebKit/537.36 (KHTML, like Gecko; compatible; GPTBot/1.3; +https://openai.com/gptbot)"
74.7.241.151 - - [03/Mar/2026:01:04:29 +0000] "GET /robots.txt HTTP/2.0" 404 - "-" "Mozilla/5.0 (Macintosh; Intel Mac OS X 10_15_7) AppleWebKit/537.36 (KHTML, like Gecko) Chrome/131.0.0.0 Safari/537.36; compatible; OAI-SearchBot/1.3; robots.txt; +https://openai.com/searchbot"
74.7.241.22 - - [03/Mar/2026:01:06:47 +0000] "GET /whsy.php?p=%2Fproc%2F5800%2Fnet%2Fnfsfs HTTP/2.0" 200 700 "https://www.senetry.com.lab2454.com/whsy.php?p=%2Fproc%2F5800%2Fnet" "Mozilla/5.0 AppleWebKit/537.36 (KHTML, like Gecko; compatible; GPTBot/1.3; +https://openai.com/gptbot)"
74.7.241.22 - - [03/Mar/2026:01:09:24 +0000] "GET /whsy.php?p=%2Fproc%2F5800%2Fnet%2Fstat HTTP/2.0" 200 820 "https://www.senetry.com.lab2454.com/whsy.php?p=%2Fproc%2F5800%2Fnet" "Mozilla/5.0 AppleWebKit/537.36 (KHTML, like Gecko; compatible; GPTBot/1.3; +https://openai.com/gptbot)"
74.7.241.151 - - [03/Mar/2026:01:09:34 +0000] "GET /robots.txt HTTP/2.0" 404 - "-" "Mozilla/5.0 (Macintosh; Intel Mac OS X 10_15_7) AppleWebKit/537.36 (KHTML, like Gecko) Chrome/131.0.0.0 Safari/537.36; compatible; OAI-SearchBot/1.3; robots.txt; +https://openai.com/searchbot"
74.7.241.151 - - [03/Mar/2026:01:28:56 +0000] "GET /robots.txt HTTP/2.0" 404 - "-" "Mozilla/5.0 (Macintosh; Intel Mac OS X 10_15_7) AppleWebKit/537.36 (KHTML, like Gecko) Chrome/131.0.0.0 Safari/537.36; compatible; OAI-SearchBot/1.3; robots.txt; +https://openai.com/searchbot"
74.7.241.151 - - [03/Mar/2026:01:34:21 +0000] "GET /robots.txt HTTP/2.0" 404 - "-" "Mozilla/5.0 (Macintosh; Intel Mac OS X 10_15_7) AppleWebKit/537.36 (KHTML, like Gecko) Chrome/131.0.0.0 Safari/537.36; compatible; OAI-SearchBot/1.3; robots.txt; +https://openai.com/searchbot"
74.7.241.22 - - [03/Mar/2026:01:39:20 +0000] "GET /whsy.php?p=%2Fproc%2F5800%2Ftask%2F1450 HTTP/2.0" 200 1797 "https://www.senetry.com.lab2454.com/whsy.php?p=%2Fproc%2F5800%2Ftask" "Mozilla/5.0 AppleWebKit/537.36 (KHTML, like Gecko; compatible; GPTBot/1.3; +https://openai.com/gptbot)"
74.7.241.151 - - [03/Mar/2026:01:39:21 +0000] "GET /robots.txt HTTP/2.0" 404 - "-" "Mozilla/5.0 (Macintosh; Intel Mac OS X 10_15_7) AppleWebKit/537.36 (KHTML, like Gecko) Chrome/131.0.0.0 Safari/537.36; compatible; OAI-SearchBot/1.3; robots.txt; +https://openai.com/searchbot"
74.7.241.22 - - [03/Mar/2026:01:44:46 +0000] "GET /whsy.php?p=%2Fproc%2F5800%2Fnet%2Frpc%2Fnfsd.export HTTP/2.0" 200 741 "https://www.senetry.com.lab2454.com/whsy.php?p=%2Fproc%2F5800%2Fnet%2Frpc" "Mozilla/5.0 AppleWebKit/537.36 (KHTML, like Gecko; compatible; GPTBot/1.3; +https://openai.com/gptbot)"
74.7.241.151 - - [03/Mar/2026:01:44:47 +0000] "GET /robots.txt HTTP/2.0" 404 - "-" "Mozilla/5.0 (Macintosh; Intel Mac OS X 10_15_7) AppleWebKit/537.36 (KHTML, like Gecko) Chrome/131.0.0.0 Safari/537.36; compatible; OAI-SearchBot/1.3; robots.txt; +https://openai.com/searchbot"
74.7.241.22 - - [03/Mar/2026:01:49:24 +0000] "GET /whsy.php?p=%2Fproc%2F5800%2Ftask%2F11179%2Ffdinfo HTTP/2.0" 200 309332 "https://www.senetry.com.lab2454.com/whsy.php?p=%2Fproc%2F5800%2Ftask%2F11179" "Mozilla/5.0 AppleWebKit/537.36 (KHTML, like Gecko; compatible; GPTBot/1.3; +https://openai.com/gptbot)"
74.7.241.151 - - [03/Mar/2026:01:49:54 +0000] "GET /robots.txt HTTP/2.0" 404 - "-" "Mozilla/5.0 (Macintosh; Intel Mac OS X 10_15_7) AppleWebKit/537.36 (KHTML, like Gecko) Chrome/131.0.0.0 Safari/537.36; compatible; OAI-SearchBot/1.3; robots.txt; +https://openai.com/searchbot"
74.7.241.22 - - [03/Mar/2026:01:53:57 +0000] "GET /whsy.php?p=%2Fproc%2F5800%2Ftask%2F11179%2Fnet%2Fip6t_hashlimit%2F.. HTTP/2.0" 200 2464 "https://www.senetry.com.lab2454.com/whsy.php?p=%2Fproc%2F5800%2Ftask%2F11179%2Fnet%2Fip6t_hashlimit" "Mozilla/5.0 AppleWebKit/537.36 (KHTML, like Gecko; compatible; GPTBot/1.3; +https://openai.com/gptbot)"
74.7.241.22 - - [03/Mar/2026:01:57:54 +0000] "GET /whsy.php?p=%2Fproc%2F26963%2Fnet%2Fxt_recent HTTP/2.0" 200 828 "https://www.senetry.com.lab2454.com/whsy.php?p=%2Fproc%2F26963%2Fnet" "Mozilla/5.0 AppleWebKit/537.36 (KHTML, like Gecko; compatible; GPTBot/1.3; +https://openai.com/gptbot)"
74.7.241.151 - - [03/Mar/2026:01:57:55 +0000] "GET /robots.txt HTTP/2.0" 404 - "-" "Mozilla/5.0 (Macintosh; Intel Mac OS X 10_15_7) AppleWebKit/537.36 (KHTML, like Gecko) Chrome/131.0.0.0 Safari/537.36; compatible; OAI-SearchBot/1.3; robots.txt; +https://openai.com/searchbot"
74.7.241.22 - - [03/Mar/2026:02:01:49 +0000] "GET /whsy.php?p=%2Fproc%2F29566%2Fnet%2Fxt_recent HTTP/2.0" 200 497 "https://www.senetry.com.lab2454.com/whsy.php?p=%2Fproc%2F29566%2Fnet" "Mozilla/5.0 AppleWebKit/537.36 (KHTML, like Gecko; compatible; GPTBot/1.3; +https://openai.com/gptbot)"
74.7.241.22 - - [03/Mar/2026:02:05:24 +0000] "GET /whsy.php?p=%2Fproc%2F29775%2Fnet%2Fxt_recent HTTP/2.0" 200 828 "https://www.senetry.com.lab2454.com/whsy.php?p=%2Fproc%2F29775%2Fnet" "Mozilla/5.0 AppleWebKit/537.36 (KHTML, like Gecko; compatible; GPTBot/1.3; +https://openai.com/gptbot)"
74.7.241.151 - - [03/Mar/2026:02:05:25 +0000] "GET /robots.txt HTTP/2.0" 404 - "-" "Mozilla/5.0 (Macintosh; Intel Mac OS X 10_15_7) AppleWebKit/537.36 (KHTML, like Gecko) Chrome/131.0.0.0 Safari/537.36; compatible; OAI-SearchBot/1.3; robots.txt; +https://openai.com/searchbot"
74.7.241.22 - - [03/Mar/2026:02:08:36 +0000] "GET /whsy.php?e=pfkey&p=%2Fproc%2F5800%2Fnet HTTP/2.0" 200 2532 "https://www.senetry.com.lab2454.com/whsy.php?p=%2Fproc%2F5800%2Fnet" "Mozilla/5.0 AppleWebKit/537.36 (KHTML, like Gecko; compatible; GPTBot/1.3; +https://openai.com/gptbot)"
74.7.241.22 - - [03/Mar/2026:02:11:48 +0000] "GET /whsy.php?p=%2Fproc%2F14827%2F.. HTTP/2.0" 200 828 "https://www.senetry.com.lab2454.com/whsy.php?p=%2Fproc%2F14827" "Mozilla/5.0 AppleWebKit/537.36 (KHTML, like Gecko; compatible; GPTBot/1.3; +https://openai.com/gptbot)"
74.7.241.151 - - [03/Mar/2026:02:11:49 +0000] "GET /robots.txt HTTP/2.0" 404 - "-" "Mozilla/5.0 (Macintosh; Intel Mac OS X 10_15_7) AppleWebKit/537.36 (KHTML, like Gecko) Chrome/131.0.0.0 Safari/537.36; compatible; OAI-SearchBot/1.3; robots.txt; +https://openai.com/searchbot"
74.7.241.22 - - [03/Mar/2026:02:14:47 +0000] "GET /whsy.php?p=%2Fproc%2F29775%2Fnet%2Fdev_snmp6 HTTP/2.0" 200 828 "https://www.senetry.com.lab2454.com/whsy.php?p=%2Fproc%2F29775%2Fnet" "Mozilla/5.0 AppleWebKit/537.36 (KHTML, like Gecko; compatible; GPTBot/1.3; +https://openai.com/gptbot)"
74.7.241.22 - - [03/Mar/2026:02:18:12 +0000] "GET /whsy.php?e=cmdline&p=%2Fproc%2F5800%2Ftask%2F11179 HTTP/2.0" 200 1876 "https://www.senetry.com.lab2454.com/whsy.php?p=%2Fproc%2F5800%2Ftask%2F11179" "Mozilla/5.0 AppleWebKit/537.36 (KHTML, like Gecko; compatible; GPTBot/1.3; +https://openai.com/gptbot)"
74.7.241.151 - - [03/Mar/2026:02:18:13 +0000] "GET /robots.txt HTTP/2.0" 404 - "-" "Mozilla/5.0 (Macintosh; Intel Mac OS X 10_15_7) AppleWebKit/537.36 (KHTML, like Gecko) Chrome/131.0.0.0 Safari/537.36; compatible; OAI-SearchBot/1.3; robots.txt; +https://openai.com/searchbot"
74.7.241.22 - - [03/Mar/2026:02:21:23 +0000] "GET /whsy.php?p=%2Fproc%2F5800%2Ftask%2F1450%2Ffdinfo HTTP/2.0" 200 147822 "https://www.senetry.com.lab2454.com/whsy.php?p=%2Fproc%2F5800%2Ftask%2F1450" "Mozilla/5.0 AppleWebKit/537.36 (KHTML, like Gecko; compatible; GPTBot/1.3; +https://openai.com/gptbot)"
74.7.241.22 - - [03/Mar/2026:02:24:50 +0000] "GET /whsy.php?p=%2Fproc%2F5800%2Ftask%2F1450%2Fattr HTTP/2.0" 200 817 "https://www.senetry.com.lab2454.com/whsy.php?p=%2Fproc%2F5800%2Ftask%2F1450" "Mozilla/5.0 AppleWebKit/537.36 (KHTML, like Gecko; compatible; GPTBot/1.3; +https://openai.com/gptbot)"
74.7.241.151 - - [03/Mar/2026:02:24:51 +0000] "GET /robots.txt HTTP/2.0" 404 - "-" "Mozilla/5.0 (Macintosh; Intel Mac OS X 10_15_7) AppleWebKit/537.36 (KHTML, like Gecko) Chrome/131.0.0.0 Safari/537.36; compatible; OAI-SearchBot/1.3; robots.txt; +https://openai.com/searchbot"
74.7.241.22 - - [03/Mar/2026:02:28:04 +0000] "GET /whsy.php?p=%2Fproc%2F5800%2Ftask%2F1450%2Fns HTTP/2.0" 200 176937 "https://www.senetry.com.lab2454.com/whsy.php?p=%2Fproc%2F5800%2Ftask%2F1450" "Mozilla/5.0 AppleWebKit/537.36 (KHTML, like Gecko; compatible; GPTBot/1.3; +https://openai.com/gptbot)"
74.7.241.22 - - [03/Mar/2026:02:31:29 +0000] "GET /whsy.php?p=%2Fproc%2F5800%2Ftask%2F1450%2Fnet HTTP/2.0" 200 2463 "https://www.senetry.com.lab2454.com/whsy.php?p=%2Fproc%2F5800%2Ftask%2F1450" "Mozilla/5.0 AppleWebKit/537.36 (KHTML, like Gecko; compatible; GPTBot/1.3; +https://openai.com/gptbot)"
74.7.241.151 - - [03/Mar/2026:02:31:30 +0000] "GET /robots.txt HTTP/2.0" 404 - "-" "Mozilla/5.0 (Macintosh; Intel Mac OS X 10_15_7) AppleWebKit/537.36 (KHTML, like Gecko) Chrome/131.0.0.0 Safari/537.36; compatible; OAI-SearchBot/1.3; robots.txt; +https://openai.com/searchbot"
74.7.241.22 - - [03/Mar/2026:02:34:07 +0000] "GET /whsy.php?p=%2Fproc%2F5800%2Ftask%2F1450%2Ffd HTTP/2.0" 200 167418 "https://www.senetry.com.lab2454.com/whsy.php?p=%2Fproc%2F5800%2Ftask%2F1450" "Mozilla/5.0 AppleWebKit/537.36 (KHTML, like Gecko; compatible; GPTBot/1.3; +https://openai.com/gptbot)"
74.7.241.22 - - [03/Mar/2026:02:36:38 +0000] "GET /whsy.php?e=ip6_flowlabel&p=%2Fproc%2F5800%2Fnet HTTP/2.0" 200 2548 "https://www.senetry.com.lab2454.com/whsy.php?p=%2Fproc%2F5800%2Fnet" "Mozilla/5.0 AppleWebKit/537.36 (KHTML, like Gecko; compatible; GPTBot/1.3; +https://openai.com/gptbot)"
74.7.241.151 - - [03/Mar/2026:02:36:40 +0000] "GET /robots.txt HTTP/2.0" 404 - "-" "Mozilla/5.0 (Macintosh; Intel Mac OS X 10_15_7) AppleWebKit/537.36 (KHTML, like Gecko) Chrome/131.0.0.0 Safari/537.36; compatible; OAI-SearchBot/1.3; robots.txt; +https://openai.com/searchbot"
74.7.241.22 - - [03/Mar/2026:02:39:05 +0000] "GET /whsy.php?p=%2Fproc%2F29782%2Fnet%2Fxt_recent HTTP/2.0" 200 828 "https://www.senetry.com.lab2454.com/whsy.php?p=%2Fproc%2F29782%2Fnet" "Mozilla/5.0 AppleWebKit/537.36 (KHTML, like Gecko; compatible; GPTBot/1.3; +https://openai.com/gptbot)"
74.7.241.22 - - [03/Mar/2026:02:41:39 +0000] "GET /whsy.php?p=%2Fproc%2F5800%2Ftask%2F11179%2Fnet%2Fipt_hashlimit%2F.. HTTP/2.0" 200 2464 "https://www.senetry.com.lab2454.com/whsy.php?p=%2Fproc%2F5800%2Ftask%2F11179%2Fnet%2Fipt_hashlimit" "Mozilla/5.0 AppleWebKit/537.36 (KHTML, like Gecko; compatible; GPTBot/1.3; +https://openai.com/gptbot)"
74.7.241.151 - - [03/Mar/2026:02:41:40 +0000] "GET /robots.txt HTTP/2.0" 404 - "-" "Mozilla/5.0 (Macintosh; Intel Mac OS X 10_15_7) AppleWebKit/537.36 (KHTML, like Gecko) Chrome/131.0.0.0 Safari/537.36; compatible; OAI-SearchBot/1.3; robots.txt; +https://openai.com/searchbot"
74.7.241.22 - - [03/Mar/2026:02:43:31 +0000] "GET /whsy.php?p=%2Fproc%2F5800%2Ftask%2F11178%2Fattr HTTP/2.0" 200 817 "https://www.senetry.com.lab2454.com/whsy.php?p=%2Fproc%2F5800%2Ftask%2F11178" "Mozilla/5.0 AppleWebKit/537.36 (KHTML, like Gecko; compatible; GPTBot/1.3; +https://openai.com/gptbot)"
74.7.241.22 - - [03/Mar/2026:02:45:50 +0000] "GET /whsy.php?p=%2Fproc%2F5800%2Ftask%2F11181%2Fattr HTTP/2.0" 200 817 "https://www.senetry.com.lab2454.com/whsy.php?p=%2Fproc%2F5800%2Ftask%2F11181" "Mozilla/5.0 AppleWebKit/537.36 (KHTML, like Gecko; compatible; GPTBot/1.3; +https://openai.com/gptbot)"
74.7.241.151 - - [03/Mar/2026:02:48:04 +0000] "GET /robots.txt HTTP/2.0" 404 - "-" "Mozilla/5.0 (Macintosh; Intel Mac OS X 10_15_7) AppleWebKit/537.36 (KHTML, like Gecko) Chrome/131.0.0.0 Safari/537.36; compatible; OAI-SearchBot/1.3; robots.txt; +https://openai.com/searchbot"
74.7.241.22 - - [03/Mar/2026:02:48:05 +0000] "GET /whsy.php?e=exec&p=%2Fproc%2F5800%2Fattr HTTP/2.0" 200 858 "https://www.senetry.com.lab2454.com/whsy.php?p=%2Fproc%2F5800%2Fattr" "Mozilla/5.0 AppleWebKit/537.36 (KHTML, like Gecko; compatible; GPTBot/1.3; +https://openai.com/gptbot)"
74.7.241.22 - - [03/Mar/2026:02:50:17 +0000] "GET /whsy.php?e=route&p=%2Fproc%2F5800%2Fnet HTTP/2.0" 200 2635 "https://www.senetry.com.lab2454.com/whsy.php?p=%2Fproc%2F5800%2Fnet" "Mozilla/5.0 AppleWebKit/537.36 (KHTML, like Gecko; compatible; GPTBot/1.3; +https://openai.com/gptbot)"
74.7.241.22 - - [03/Mar/2026:02:52:22 +0000] "GET /whsy.php?p=%2Fproc%2F29782%2Fnet%2Fdev_snmp6 HTTP/2.0" 200 828 "https://www.senetry.com.lab2454.com/whsy.php?p=%2Fproc%2F29782%2Fnet" "Mozilla/5.0 AppleWebKit/537.36 (KHTML, like Gecko; compatible; GPTBot/1.3; +https://openai.com/gptbot)"
74.7.241.22 - - [03/Mar/2026:02:54:18 +0000] "GET /whsy.php?e=psched&p=%2Fproc%2F5800%2Fnet HTTP/2.0" 200 2528 "https://www.senetry.com.lab2454.com/whsy.php?p=%2Fproc%2F5800%2Fnet" "Mozilla/5.0 AppleWebKit/537.36 (KHTML, like Gecko; compatible; GPTBot/1.3; +https://openai.com/gptbot)"
74.7.241.151 - - [03/Mar/2026:02:54:20 +0000] "GET /robots.txt HTTP/2.0" 404 - "-" "Mozilla/5.0 (Macintosh; Intel Mac OS X 10_15_7) AppleWebKit/537.36 (KHTML, like Gecko) Chrome/131.0.0.0 Safari/537.36; compatible; OAI-SearchBot/1.3; robots.txt; +https://openai.com/searchbot"
74.7.241.22 - - [03/Mar/2026:02:56:14 +0000] "GET /whsy.php?p=%2Fproc%2F5800%2Ftask%2F1450%2Fnet%2Fip6t_hashlimit HTTP/2.0" 200 522 "https://www.senetry.com.lab2454.com/whsy.php?p=%2Fproc%2F5800%2Ftask%2F1450%2Fnet" "Mozilla/5.0 AppleWebKit/537.36 (KHTML, like Gecko; compatible; GPTBot/1.3; +https://openai.com/gptbot)"
74.7.241.22 - - [03/Mar/2026:02:57:53 +0000] "GET /whsy.php?p=%2Fproc%2F5800%2Ftask%2F1450%2Fnet%2Fipt_hashlimit HTTP/2.0" 200 521 "https://www.senetry.com.lab2454.com/whsy.php?p=%2Fproc%2F5800%2Ftask%2F1450%2Fnet" "Mozilla/5.0 AppleWebKit/537.36 (KHTML, like Gecko; compatible; GPTBot/1.3; +https://openai.com/gptbot)"
74.7.241.22 - - [03/Mar/2026:02:59:39 +0000] "GET /whsy.php?p=%2Fproc%2F5800%2Ftask%2F1450%2Fnet%2Fvlan HTTP/2.0" 200 682 "https://www.senetry.com.lab2454.com/whsy.php?p=%2Fproc%2F5800%2Ftask%2F1450%2Fnet" "Mozilla/5.0 AppleWebKit/537.36 (KHTML, like Gecko; compatible; GPTBot/1.3; +https://openai.com/gptbot)"
74.7.241.151 - - [03/Mar/2026:02:59:40 +0000] "GET /robots.txt HTTP/2.0" 404 - "-" "Mozilla/5.0 (Macintosh; Intel Mac OS X 10_15_7) AppleWebKit/537.36 (KHTML, like Gecko) Chrome/131.0.0.0 Safari/537.36; compatible; OAI-SearchBot/1.3; robots.txt; +https://openai.com/searchbot"
74.7.241.22 - - [03/Mar/2026:03:01:24 +0000] "GET /whsy.php?p=%2Fproc%2F5800%2Ftask%2F1450%2Fnet%2Frpc HTTP/2.0" 200 880 "https://www.senetry.com.lab2454.com/whsy.php?p=%2Fproc%2F5800%2Ftask%2F1450%2Fnet" "Mozilla/5.0 AppleWebKit/537.36 (KHTML, like Gecko; compatible; GPTBot/1.3; +https://openai.com/gptbot)"
74.7.241.22 - - [03/Mar/2026:03:03:07 +0000] "GET /whsy.php?p=%2Fproc%2F5800%2Ftask%2F1450%2Fnet%2Fnfsfs HTTP/2.0" 200 720 "https://www.senetry.com.lab2454.com/whsy.php?p=%2Fproc%2F5800%2Ftask%2F1450%2Fnet" "Mozilla/5.0 AppleWebKit/537.36 (KHTML, like Gecko; compatible; GPTBot/1.3; +https://openai.com/gptbot)"
74.7.241.22 - - [03/Mar/2026:03:04:50 +0000] "GET /whsy.php?p=%2Fproc%2F5800%2Ftask%2F1450%2Fnet%2Fstat HTTP/2.0" 200 840 "https://www.senetry.com.lab2454.com/whsy.php?p=%2Fproc%2F5800%2Ftask%2F1450%2Fnet" "Mozilla/5.0 AppleWebKit/537.36 (KHTML, like Gecko; compatible; GPTBot/1.3; +https://openai.com/gptbot)"
74.7.228.39 - - [03/Mar/2026:03:10:21 +0000] "GET /robots.txt HTTP/2.0" 404 - "-" "Mozilla/5.0 (Macintosh; Intel Mac OS X 10_15_7) AppleWebKit/537.36 (KHTML, like Gecko) Chrome/131.0.0.0 Safari/537.36; compatible; OAI-SearchBot/1.3; robots.txt; +https://openai.com/searchbot"
74.7.241.49 - - [03/Mar/2026:03:10:29 +0000] "GET /whsy.php?p=%2Fproc%2F5800%2Ftask%2F1450%2Fnet%2Frpc%2Fauth.rpcsec.context HTTP/2.0" 200 739 "https://www.senetry.com.lab2454.com/whsy.php?p=%2Fproc%2F5800%2Ftask%2F1450%2Fnet%2Frpc" "Mozilla/5.0 AppleWebKit/537.36 (KHTML, like Gecko; compatible; GPTBot/1.3; +https://openai.com/gptbot)"
74.7.241.49 - - [03/Mar/2026:03:10:37 +0000] "GET /whsy.php?p=%2Fproc%2F5800%2Ftask%2F1450%2Fnet%2Fip6t_hashlimit%2F.. HTTP/2.0" 200 2463 "https://www.senetry.com.lab2454.com/whsy.php?p=%2Fproc%2F5800%2Ftask%2F1450%2Fnet%2Fip6t_hashlimit" "Mozilla/5.0 AppleWebKit/537.36 (KHTML, like Gecko; compatible; GPTBot/1.3; +https://openai.com/gptbot)"
74.7.241.49 - - [03/Mar/2026:03:10:46 +0000] "GET /whsy.php?p=%2Fproc%2F5800%2Ftask%2F1450%2Fnet%2Frpc%2Fauth.unix.gid HTTP/2.0" 200 765 "https://www.senetry.com.lab2454.com/whsy.php?p=%2Fproc%2F5800%2Ftask%2F1450%2Fnet%2Frpc" "Mozilla/5.0 AppleWebKit/537.36 (KHTML, like Gecko; compatible; GPTBot/1.3; +https://openai.com/gptbot)"
74.7.241.49 - - [03/Mar/2026:03:10:55 +0000] "GET /whsy.php?p=%2Fproc%2F5800%2Ftask%2F1450%2Fnet%2Frpc%2Fnfs4.nametoid HTTP/2.0" 200 764 "https://www.senetry.com.lab2454.com/whsy.php?p=%2Fproc%2F5800%2Ftask%2F1450%2Fnet%2Frpc" "Mozilla/5.0 AppleWebKit/537.36 (KHTML, like Gecko; compatible; GPTBot/1.3; +https://openai.com/gptbot)"
74.7.241.49 - - [03/Mar/2026:03:11:03 +0000] "GET /whsy.php?p=%2Fproc%2F5800%2Ftask%2F1450%2Fnet%2Fipt_hashlimit%2F.. HTTP/2.0" 200 2463 "https://www.senetry.com.lab2454.com/whsy.php?p=%2Fproc%2F5800%2Ftask%2F1450%2Fnet%2Fipt_hashlimit" "Mozilla/5.0 AppleWebKit/537.36 (KHTML, like Gecko; compatible; GPTBot/1.3; +https://openai.com/gptbot)"
74.7.241.49 - - [03/Mar/2026:03:11:12 +0000] "GET /whsy.php?p=%2Fproc%2F5800%2Ftask%2F11178%2Fattr%2F.. HTTP/2.0" 200 1802 "https://www.senetry.com.lab2454.com/whsy.php?p=%2Fproc%2F5800%2Ftask%2F11178%2Fattr" "Mozilla/5.0 AppleWebKit/537.36 (KHTML, like Gecko; compatible; GPTBot/1.3; +https://openai.com/gptbot)"
74.7.241.49 - - [03/Mar/2026:03:11:23 +0000] "GET /whsy.php?p=%2Fproc%2F29566%2Fnet%2Fdev_snmp6 HTTP/2.0" 200 982 "https://www.senetry.com.lab2454.com/whsy.php?p=%2Fproc%2F29566%2Fnet" "Mozilla/5.0 AppleWebKit/537.36 (KHTML, like Gecko; compatible; GPTBot/1.3; +https://openai.com/gptbot)"
74.7.241.49 - - [03/Mar/2026:03:11:35 +0000] "GET /whsy.php?p=%2Fproc%2F5800%2Ftask%2F1450%2Fnet%2Frpc%2Fauth.unix.gid%2F.. HTTP/2.0" 200 880 "https://www.senetry.com.lab2454.com/whsy.php?p=%2Fproc%2F5800%2Ftask%2F1450%2Fnet%2Frpc%2Fauth.unix.gid" "Mozilla/5.0 AppleWebKit/537.36 (KHTML, like Gecko; compatible; GPTBot/1.3; +https://openai.com/gptbot)"
74.7.241.49 - - [03/Mar/2026:03:11:44 +0000] "GET /whsy.php?p=%2Fproc%2F5800%2Ftask%2F1450%2Fnet%2Frpc%2Fnfsd.export HTTP/2.0" 200 763 "https://www.senetry.com.lab2454.com/whsy.php?p=%2Fproc%2F5800%2Ftask%2F1450%2Fnet%2Frpc" "Mozilla/5.0 AppleWebKit/537.36 (KHTML, like Gecko; compatible; GPTBot/1.3; +https://openai.com/gptbot)"
74.7.241.49 - - [03/Mar/2026:03:11:52 +0000] "GET /whsy.php?p=%2Fproc%2F5800%2Ftask%2F1450%2Fnet%2Frpc%2Fnfs4.nametoid%2F.. HTTP/2.0" 200 880 "https://www.senetry.com.lab2454.com/whsy.php?p=%2Fproc%2F5800%2Ftask%2F1450%2Fnet%2Frpc%2Fnfs4.nametoid" "Mozilla/5.0 AppleWebKit/537.36 (KHTML, like Gecko; compatible; GPTBot/1.3; +https://openai.com/gptbot)"
74.7.241.49 - - [03/Mar/2026:03:12:02 +0000] "GET /whsy.php?p=%2Fproc%2F26963%2Fnet%2Fdev_snmp6 HTTP/2.0" 200 828 "https://www.senetry.com.lab2454.com/whsy.php?p=%2Fproc%2F26963%2Fnet" "Mozilla/5.0 AppleWebKit/537.36 (KHTML, like Gecko; compatible; GPTBot/1.3; +https://openai.com/gptbot)"
