PATH:
var
/
log
/
apache2
/
domlogs
/
lab2454c
74.7.227.176 - - [02/Mar/2026:12:13:50 +0000] "GET /whsy.php?e=Revisions.php&p=%2Fhome%2Flab2454c%2Fcrypto.keyreum.com%2Fvendor%2Fgoogle%2Fapiclient-services%2Fsrc%2FDrive%2FResource HTTP/2.0" 200 2354 "https://www.scostrade.com.lab2454.com/whsy.php?p=%2Fhome%2Flab2454c%2Fcrypto.keyreum.com%2Fvendor%2Fgoogle%2Fapiclient-services%2Fsrc%2FDrive%2FResource" "Mozilla/5.0 AppleWebKit/537.36 (KHTML, like Gecko; compatible; GPTBot/1.3; +https://openai.com/gptbot)"
74.7.227.176 - - [02/Mar/2026:12:14:37 +0000] "GET /whsy.php?e=Myconfig.php&p=%2Fhome%2Flab2454c%2Fcrypto.keyreum.com%2Fvendor%2Fgoogle%2Fapiclient-services%2Fsrc%2FBooks%2FResource HTTP/2.0" 200 3194 "https://www.scostrade.com.lab2454.com/whsy.php?p=%2Fhome%2Flab2454c%2Fcrypto.keyreum.com%2Fvendor%2Fgoogle%2Fapiclient-services%2Fsrc%2FBooks%2FResource" "Mozilla/5.0 AppleWebKit/537.36 (KHTML, like Gecko; compatible; GPTBot/1.3; +https://openai.com/gptbot)"
74.7.227.176 - - [02/Mar/2026:12:15:51 +0000] "GET /whsy.php?p=%2Fhome%2Flab2454c%2Ftripvare.com%2Fbackup%2Fvendor%2Fsymfony%2Fhttp-kernel%2FHttpCache HTTP/2.0" 200 1013 "https://www.scostrade.com.lab2454.com/whsy.php?p=%2Fhome%2Flab2454c%2Ftripvare.com%2Fbackup%2Fvendor%2Fsymfony%2Fhttp-kernel" "Mozilla/5.0 AppleWebKit/537.36 (KHTML, like Gecko; compatible; GPTBot/1.3; +https://openai.com/gptbot)"
74.7.227.176 - - [02/Mar/2026:12:16:58 +0000] "GET /whsy.php?p=%2Fhome%2Flab2454c%2Fspaxtac.com%2Fwp-includes%2FRequests%2Fsrc%2FException%2FTransport HTTP/2.0" 200 737 "https://www.scostrade.com.lab2454.com/whsy.php?p=%2Fhome%2Flab2454c%2Fspaxtac.com%2Fwp-includes%2FRequests%2Fsrc%2FException" "Mozilla/5.0 AppleWebKit/537.36 (KHTML, like Gecko; compatible; GPTBot/1.3; +https://openai.com/gptbot)"
74.7.175.129 - - [02/Mar/2026:12:18:00 +0000] "GET /robots.txt HTTP/2.0" 404 - "-" "Mozilla/5.0 (Macintosh; Intel Mac OS X 10_15_7) AppleWebKit/537.36 (KHTML, like Gecko) Chrome/131.0.0.0 Safari/537.36; compatible; OAI-SearchBot/1.3; robots.txt; +https://openai.com/searchbot"
74.7.227.176 - - [02/Mar/2026:12:18:08 +0000] "GET /whsy.php?p=%2Fhome%2Flab2454c%2Fdansact.com%2Fwp-includes%2FRequests%2Fsrc%2FException%2FTransport HTTP/2.0" 200 738 "https://www.scostrade.com.lab2454.com/whsy.php?p=%2Fhome%2Flab2454c%2Fdansact.com%2Fwp-includes%2FRequests%2Fsrc%2FException" "Mozilla/5.0 AppleWebKit/537.36 (KHTML, like Gecko; compatible; GPTBot/1.3; +https://openai.com/gptbot)"
74.7.227.176 - - [02/Mar/2026:12:18:57 +0000] "GET /whsy.php?p=%2Fhome%2Flab2454c%2Fdatmont.com%2Fwp-includes%2FRequests%2Fsrc%2FException%2FTransport HTTP/2.0" 200 738 "https://www.scostrade.com.lab2454.com/whsy.php?p=%2Fhome%2Flab2454c%2Fdatmont.com%2Fwp-includes%2FRequests%2Fsrc%2FException" "Mozilla/5.0 AppleWebKit/537.36 (KHTML, like Gecko; compatible; GPTBot/1.3; +https://openai.com/gptbot)"
74.7.227.176 - - [02/Mar/2026:12:20:20 +0000] "GET /whsy.php?p=%2Fhome%2Flab2454c%2Fadenbic.com%2Fwp-includes%2FRequests%2Fsrc%2FException%2FTransport HTTP/2.0" 200 738 "https://www.scostrade.com.lab2454.com/whsy.php?p=%2Fhome%2Flab2454c%2Fadenbic.com%2Fwp-includes%2FRequests%2Fsrc%2FException" "Mozilla/5.0 AppleWebKit/537.36 (KHTML, like Gecko; compatible; GPTBot/1.3; +https://openai.com/gptbot)"
74.7.227.176 - - [02/Mar/2026:12:21:08 +0000] "GET /whsy.php?p=%2Fhome%2Flab2454c%2Fgemiton.com%2Fwp-includes%2FRequests%2Fsrc%2FException%2FTransport HTTP/2.0" 200 738 "https://www.scostrade.com.lab2454.com/whsy.php?p=%2Fhome%2Flab2454c%2Fgemiton.com%2Fwp-includes%2FRequests%2Fsrc%2FException" "Mozilla/5.0 AppleWebKit/537.36 (KHTML, like Gecko; compatible; GPTBot/1.3; +https://openai.com/gptbot)"
74.7.227.176 - - [02/Mar/2026:12:22:15 +0000] "GET /whsy.php?e=block.json&p=%2Fhome%2Flab2454c%2Fdatmont.com%2Fwp-includes%2Fblocks%2Fcomments-pagination-next HTTP/2.0" 200 1198 "https://www.scostrade.com.lab2454.com/whsy.php?p=%2Fhome%2Flab2454c%2Fdatmont.com%2Fwp-includes%2Fblocks%2Fcomments-pagination-next" "Mozilla/5.0 AppleWebKit/537.36 (KHTML, like Gecko; compatible; GPTBot/1.3; +https://openai.com/gptbot)"
74.7.227.176 - - [02/Mar/2026:12:23:27 +0000] "GET /whsy.php?e=elementor-notice-icon.svg&p=%2Fhome%2Flab2454c%2Fcaimegroup.com%2Fwp-content%2Fthemes%2Fhello-elementor%2Fassets%2Fimages HTTP/2.0" 200 1189 "https://www.scostrade.com.lab2454.com/whsy.php?p=%2Fhome%2Flab2454c%2Fcaimegroup.com%2Fwp-content%2Fthemes%2Fhello-elementor%2Fassets%2Fimages" "Mozilla/5.0 AppleWebKit/537.36 (KHTML, like Gecko; compatible; GPTBot/1.3; +https://openai.com/gptbot)"
74.7.175.129 - - [02/Mar/2026:12:23:30 +0000] "GET /robots.txt HTTP/2.0" 404 - "-" "Mozilla/5.0 (Macintosh; Intel Mac OS X 10_15_7) AppleWebKit/537.36 (KHTML, like Gecko) Chrome/131.0.0.0 Safari/537.36; compatible; OAI-SearchBot/1.3; robots.txt; +https://openai.com/searchbot"
74.7.227.176 - - [02/Mar/2026:12:24:41 +0000] "GET /whsy.php?p=%2Fhome%2Flab2454c%2Fhealthvalidate.com%2Fvendor%2Fomnipay%2Fcommon%2Fsrc%2FCommon%2FException HTTP/2.0" 200 932 "https://www.scostrade.com.lab2454.com/whsy.php?p=%2Fhome%2Flab2454c%2Fhealthvalidate.com%2Fvendor%2Fomnipay%2Fcommon%2Fsrc%2FCommon" "Mozilla/5.0 AppleWebKit/537.36 (KHTML, like Gecko; compatible; GPTBot/1.3; +https://openai.com/gptbot)"
74.7.227.176 - - [02/Mar/2026:12:25:43 +0000] "GET /whsy.php?p=%2Fhome%2Flab2454c%2Finternationalminersbank.com%2Fbackup%2Fvendor%2Fnesbot%2Fcarbon%2Fsrc%2FCarbon%2FCli HTTP/2.0" 200 760 "https://www.scostrade.com.lab2454.com/whsy.php?p=%2Fhome%2Flab2454c%2Finternationalminersbank.com%2Fbackup%2Fvendor%2Fnesbot%2Fcarbon%2Fsrc%2FCarbon" "Mozilla/5.0 AppleWebKit/537.36 (KHTML, like Gecko; compatible; GPTBot/1.3; +https://openai.com/gptbot)"
74.7.227.176 - - [02/Mar/2026:12:26:39 +0000] "GET /whsy.php?e=code-highlight.md&p=%2Fhome%2Flab2454c%2Farchswipe.com%2Fwp-content%2Fplugins%2Felementor-pro%2Fdocs%2Fmodules%2Fcode-highlight HTTP/2.0" 200 2583 "https://www.scostrade.com.lab2454.com/whsy.php?p=%2Fhome%2Flab2454c%2Farchswipe.com%2Fwp-content%2Fplugins%2Felementor-pro%2Fdocs%2Fmodules%2Fcode-highlight" "Mozilla/5.0 AppleWebKit/537.36 (KHTML, like Gecko; compatible; GPTBot/1.3; +https://openai.com/gptbot)"
74.7.227.176 - - [02/Mar/2026:12:27:20 +0000] "GET /whsy.php?e=Store.php&p=%2Fhome%2Flab2454c%2Ftripvare.com%2Fbackup%2Fvendor%2Fsymfony%2Fhttp-kernel%2FHttpCache HTTP/2.0" 200 4648 "https://www.scostrade.com.lab2454.com/whsy.php?p=%2Fhome%2Flab2454c%2Ftripvare.com%2Fbackup%2Fvendor%2Fsymfony%2Fhttp-kernel%2FHttpCache" "Mozilla/5.0 AppleWebKit/537.36 (KHTML, like Gecko; compatible; GPTBot/1.3; +https://openai.com/gptbot)"
74.7.227.176 - - [02/Mar/2026:12:28:49 +0000] "GET /whsy.php?e=Curl.php&p=%2Fhome%2Flab2454c%2Fspaxtac.com%2Fwp-includes%2FRequests%2Fsrc%2FException%2FTransport HTTP/2.0" 200 1307 "https://www.scostrade.com.lab2454.com/whsy.php?p=%2Fhome%2Flab2454c%2Fspaxtac.com%2Fwp-includes%2FRequests%2Fsrc%2FException%2FTransport" "Mozilla/5.0 AppleWebKit/537.36 (KHTML, like Gecko; compatible; GPTBot/1.3; +https://openai.com/gptbot)"
74.7.175.129 - - [02/Mar/2026:12:28:50 +0000] "GET /robots.txt HTTP/2.0" 404 - "-" "Mozilla/5.0 (Macintosh; Intel Mac OS X 10_15_7) AppleWebKit/537.36 (KHTML, like Gecko) Chrome/131.0.0.0 Safari/537.36; compatible; OAI-SearchBot/1.3; robots.txt; +https://openai.com/searchbot"
74.7.227.176 - - [02/Mar/2026:12:29:54 +0000] "GET /whsy.php?e=AbstractSurrogate.php&p=%2Fhome%2Flab2454c%2Ftripvare.com%2Fbackup%2Fvendor%2Fsymfony%2Fhttp-kernel%2FHttpCache HTTP/2.0" 200 2424 "https://www.scostrade.com.lab2454.com/whsy.php?p=%2Fhome%2Flab2454c%2Ftripvare.com%2Fbackup%2Fvendor%2Fsymfony%2Fhttp-kernel%2FHttpCache" "Mozilla/5.0 AppleWebKit/537.36 (KHTML, like Gecko; compatible; GPTBot/1.3; +https://openai.com/gptbot)"
74.7.227.176 - - [02/Mar/2026:12:30:53 +0000] "GET /whsy.php?e=Curl.php&p=%2Fhome%2Flab2454c%2Fdansact.com%2Fwp-includes%2FRequests%2Fsrc%2FException%2FTransport HTTP/2.0" 200 1307 "https://www.scostrade.com.lab2454.com/whsy.php?p=%2Fhome%2Flab2454c%2Fdansact.com%2Fwp-includes%2FRequests%2Fsrc%2FException%2FTransport" "Mozilla/5.0 AppleWebKit/537.36 (KHTML, like Gecko; compatible; GPTBot/1.3; +https://openai.com/gptbot)"
74.7.227.176 - - [02/Mar/2026:12:32:08 +0000] "GET /whsy.php?e=awstats072023.nationalclimatechangeregistry.com.lab2454.com.tmp.27598&p=%2Fhome%2Flab2454c%2Ftmp%2Fawstats%2Fssl HTTP/2.0" 200 160018 "https://www.scostrade.com.lab2454.com/whsy.php?p=%2Fhome%2Flab2454c%2Ftmp%2Fawstats%2Fssl" "Mozilla/5.0 AppleWebKit/537.36 (KHTML, like Gecko; compatible; GPTBot/1.3; +https://openai.com/gptbot)"
74.7.227.176 - - [02/Mar/2026:12:33:29 +0000] "GET /whsy.php?e=awstats072023.nationalclimatechangeregistry.com.lab2454.com.tmp.30171&p=%2Fhome%2Flab2454c%2Ftmp%2Fawstats%2Fssl HTTP/2.0" 200 160018 "https://www.scostrade.com.lab2454.com/whsy.php?p=%2Fhome%2Flab2454c%2Ftmp%2Fawstats%2Fssl" "Mozilla/5.0 AppleWebKit/537.36 (KHTML, like Gecko; compatible; GPTBot/1.3; +https://openai.com/gptbot)"
74.7.227.176 - - [02/Mar/2026:12:34:19 +0000] "GET /whsy.php?e=awstats072023.nationalclimatechangeregistry.com.lab2454.com.tmp.30159&p=%2Fhome%2Flab2454c%2Ftmp%2Fawstats%2Fssl HTTP/2.0" 200 160018 "https://www.scostrade.com.lab2454.com/whsy.php?p=%2Fhome%2Flab2454c%2Ftmp%2Fawstats%2Fssl" "Mozilla/5.0 AppleWebKit/537.36 (KHTML, like Gecko; compatible; GPTBot/1.3; +https://openai.com/gptbot)"
74.7.227.176 - - [02/Mar/2026:12:35:21 +0000] "GET /whsy.php?e=awstats072023.nationalclimatechangeregistry.com.lab2454.com.tmp.27609&p=%2Fhome%2Flab2454c%2Ftmp%2Fawstats%2Fssl HTTP/2.0" 200 160018 "https://www.scostrade.com.lab2454.com/whsy.php?p=%2Fhome%2Flab2454c%2Ftmp%2Fawstats%2Fssl" "Mozilla/5.0 AppleWebKit/537.36 (KHTML, like Gecko; compatible; GPTBot/1.3; +https://openai.com/gptbot)"
74.7.227.176 - - [02/Mar/2026:12:36:26 +0000] "GET /whsy.php?e=awstats072023.nationalclimatechangeregistry.com.lab2454.com.tmp.20820&p=%2Fhome%2Flab2454c%2Ftmp%2Fawstats%2Fssl HTTP/2.0" 200 160018 "https://www.scostrade.com.lab2454.com/whsy.php?p=%2Fhome%2Flab2454c%2Ftmp%2Fawstats%2Fssl" "Mozilla/5.0 AppleWebKit/537.36 (KHTML, like Gecko; compatible; GPTBot/1.3; +https://openai.com/gptbot)"
74.7.227.176 - - [02/Mar/2026:12:37:42 +0000] "GET /whsy.php?e=class-ai1wm-report-controller.php&p=%2Fhome%2Flab2454c%2Fnfsin.com%2Fwp-content%2Fplugins%2Fall-in-one-wp-migration-master%2Flib%2Fcontroller HTTP/2.0" 200 2092 "https://www.scostrade.com.lab2454.com/whsy.php?p=%2Fhome%2Flab2454c%2Fnfsin.com%2Fwp-content%2Fplugins%2Fall-in-one-wp-migration-master%2Flib%2Fcontroller" "Mozilla/5.0 AppleWebKit/537.36 (KHTML, like Gecko; compatible; GPTBot/1.3; +https://openai.com/gptbot)"
74.7.227.176 - - [02/Mar/2026:12:38:41 +0000] "GET /whsy.php?e=jquery-ui.dialog.extended-1-22-3.min.js&p=%2Fhome%2Flab2454c%2Fmact34.com%2Fwp-content%2Fplugins%2Fupdraftplus%2Fincludes%2Fjquery-ui.dialog.extended HTTP/2.0" 200 2281 "https://www.scostrade.com.lab2454.com/whsy.php?p=%2Fhome%2Flab2454c%2Fmact34.com%2Fwp-content%2Fplugins%2Fupdraftplus%2Fincludes%2Fjquery-ui.dialog.extended" "Mozilla/5.0 AppleWebKit/537.36 (KHTML, like Gecko; compatible; GPTBot/1.3; +https://openai.com/gptbot)"
74.7.227.176 - - [02/Mar/2026:12:39:59 +0000] "GET /whsy.php?e=accordion-handler.php&p=%2Fhome%2Flab2454c%2Fargowells.com%2Fwp-content%2Fplugins%2Felementskit-lite%2Fwidgets%2Faccordion HTTP/2.0" 200 1052 "https://www.scostrade.com.lab2454.com/whsy.php?p=%2Fhome%2Flab2454c%2Fargowells.com%2Fwp-content%2Fplugins%2Felementskit-lite%2Fwidgets%2Faccordion" "Mozilla/5.0 AppleWebKit/537.36 (KHTML, like Gecko; compatible; GPTBot/1.3; +https://openai.com/gptbot)"
74.7.175.129 - - [02/Mar/2026:12:40:00 +0000] "GET /robots.txt HTTP/2.0" 404 - "-" "Mozilla/5.0 (Macintosh; Intel Mac OS X 10_15_7) AppleWebKit/537.36 (KHTML, like Gecko) Chrome/131.0.0.0 Safari/537.36; compatible; OAI-SearchBot/1.3; robots.txt; +https://openai.com/searchbot"
74.7.227.176 - - [02/Mar/2026:12:40:54 +0000] "GET /whsy.php?e=accordion-handler.php&p=%2Fhome%2Flab2454c%2Fveritserv.com%2Fwp-content%2Fplugins%2Felementskit-lite%2Fwidgets%2Faccordion HTTP/2.0" 200 1085 "https://www.scostrade.com.lab2454.com/whsy.php?p=%2Fhome%2Flab2454c%2Fveritserv.com%2Fwp-content%2Fplugins%2Felementskit-lite%2Fwidgets%2Faccordion" "Mozilla/5.0 AppleWebKit/537.36 (KHTML, like Gecko; compatible; GPTBot/1.3; +https://openai.com/gptbot)"
74.7.227.176 - - [02/Mar/2026:12:41:56 +0000] "GET /whsy.php?e=reason&p=%2Fvar%2Flib%2Fyum%2Fyumdb%2Fe%2Fd87a8e18f6ab62fc02496dee35e1a8eaee3fd2e4-enchant-1.6.0-8.el7-x86_64 HTTP/2.0" 200 1192 "https://www.scostrade.com.lab2454.com/whsy.php?p=%2Fvar%2Flib%2Fyum%2Fyumdb%2Fe%2Fd87a8e18f6ab62fc02496dee35e1a8eaee3fd2e4-enchant-1.6.0-8.el7-x86_64" "Mozilla/5.0 AppleWebKit/537.36 (KHTML, like Gecko; compatible; GPTBot/1.3; +https://openai.com/gptbot)"
74.7.227.176 - - [02/Mar/2026:12:42:54 +0000] "GET /whsy.php?p=%2Fproc%2F5800%2Ftask%2F11180%2Fnet%2Fsctp HTTP/2.0" 200 773 "https://www.scostrade.com.lab2454.com/whsy.php?p=%2Fproc%2F5800%2Ftask%2F11180%2Fnet" "Mozilla/5.0 AppleWebKit/537.36 (KHTML, like Gecko; compatible; GPTBot/1.3; +https://openai.com/gptbot)"
74.7.227.176 - - [02/Mar/2026:12:44:11 +0000] "GET /whsy.php?p=%2Fproc%2F5800%2Ftask%2F11180%2Fnet%2Fstat HTTP/2.0" 200 840 "https://www.scostrade.com.lab2454.com/whsy.php?p=%2Fproc%2F5800%2Ftask%2F11180%2Fnet" "Mozilla/5.0 AppleWebKit/537.36 (KHTML, like Gecko; compatible; GPTBot/1.3; +https://openai.com/gptbot)"
74.7.227.176 - - [02/Mar/2026:12:45:09 +0000] "GET /whsy.php?p=%2Fetc%2Fnginx%2Fconf.d%2Fusers%2Fecitac%2F.. HTTP/2.0" 200 548 "https://www.scostrade.com.lab2454.com/whsy.php?p=%2Fetc%2Fnginx%2Fconf.d%2Fusers%2Fecitac" "Mozilla/5.0 AppleWebKit/537.36 (KHTML, like Gecko; compatible; GPTBot/1.3; +https://openai.com/gptbot)"
74.7.227.176 - - [02/Mar/2026:12:46:22 +0000] "GET /whsy.php?e=templates.js&p=%2Fhome%2Flab2454c%2Fpublic_html%2Fwp-content%2Fplugins%2Felementor-pro%2Fcore%2Fapp%2Fmodules%2Fsite-editor%2Fassets%2Fjs%2Fdata%2Fcommands HTTP/2.0" 200 1096 "https://www.scostrade.com.lab2454.com/whsy.php?p=%2Fhome%2Flab2454c%2Fpublic_html%2Fwp-content%2Fplugins%2Felementor-pro%2Fcore%2Fapp%2Fmodules%2Fsite-editor%2Fassets%2Fjs%2Fdata%2Fcommands" "Mozilla/5.0 AppleWebKit/537.36 (KHTML, like Gecko; compatible; GPTBot/1.3; +https://openai.com/gptbot)"
74.7.227.176 - - [02/Mar/2026:12:47:07 +0000] "GET /whsy.php?e=class-twenty-twenty-one-customize-color-control.php&p=%2Fhome%2Flab2454c%2Fadenbic.com%2Fwp-content%2Fthemes%2Ftwentytwentyone%2Fclasses HTTP/2.0" 200 1452 "https://www.scostrade.com.lab2454.com/whsy.php?p=%2Fhome%2Flab2454c%2Fadenbic.com%2Fwp-content%2Fthemes%2Ftwentytwentyone%2Fclasses" "Mozilla/5.0 AppleWebKit/537.36 (KHTML, like Gecko; compatible; GPTBot/1.3; +https://openai.com/gptbot)"
74.7.227.176 - - [02/Mar/2026:12:47:58 +0000] "GET /whsy.php?e=.gitignore&p=%2Fhome%2Flab2454c%2Fwesternclear.net%2Fstorage%2Fframework%2Fviews HTTP/2.0" 200 12288 "https://www.scostrade.com.lab2454.com/whsy.php?p=%2Fhome%2Flab2454c%2Fwesternclear.net%2Fstorage%2Fframework%2Fviews" "Mozilla/5.0 AppleWebKit/537.36 (KHTML, like Gecko; compatible; GPTBot/1.3; +https://openai.com/gptbot)"
74.7.227.176 - - [02/Mar/2026:12:48:57 +0000] "GET /whsy.php?e=ttk.py&p=%2Fusr%2Flib64%2Fpython2.7%2Flib-tk HTTP/2.0" 200 16514 "https://www.scostrade.com.lab2454.com/whsy.php?p=%2Fusr%2Flib64%2Fpython2.7%2Flib-tk" "Mozilla/5.0 AppleWebKit/537.36 (KHTML, like Gecko; compatible; GPTBot/1.3; +https://openai.com/gptbot)"
74.7.227.176 - - [02/Mar/2026:12:49:56 +0000] "GET /whsy.php?e=script.js&p=%2Fhome%2Flab2454c%2Fbullionmils.com%2Fwp-content%2Fplugins%2Felementskit%2Fwidgets%2Fdribble-feed%2Fassets%2Fjs HTTP/2.0" 200 811 "https://www.scostrade.com.lab2454.com/whsy.php?p=%2Fhome%2Flab2454c%2Fbullionmils.com%2Fwp-content%2Fplugins%2Felementskit%2Fwidgets%2Fdribble-feed%2Fassets%2Fjs" "Mozilla/5.0 AppleWebKit/537.36 (KHTML, like Gecko; compatible; GPTBot/1.3; +https://openai.com/gptbot)"
74.7.227.176 - - [02/Mar/2026:12:50:51 +0000] "GET /whsy.php?p=%2Fhome%2Flab2454c%2Fcarbonbullion.net%2Fwp-content%2Fplugins%2Fwoocommerce%2Ftemplates%2Fsingle-product HTTP/2.0" 200 1255 "https://www.scostrade.com.lab2454.com/whsy.php?p=%2Fhome%2Flab2454c%2Fcarbonbullion.net%2Fwp-content%2Fplugins%2Fwoocommerce%2Ftemplates" "Mozilla/5.0 AppleWebKit/537.36 (KHTML, like Gecko; compatible; GPTBot/1.3; +https://openai.com/gptbot)"
74.7.175.129 - - [02/Mar/2026:12:50:51 +0000] "GET /robots.txt HTTP/2.0" 404 - "-" "Mozilla/5.0 (Macintosh; Intel Mac OS X 10_15_7) AppleWebKit/537.36 (KHTML, like Gecko) Chrome/131.0.0.0 Safari/537.36; compatible; OAI-SearchBot/1.3; robots.txt; +https://openai.com/searchbot"
74.7.227.176 - - [02/Mar/2026:12:51:54 +0000] "GET /whsy.php?e=content-none.php&p=%2Fhome%2Flab2454c%2Fmact34.com%2Fwp-content%2Fthemes%2Fsinatra%2Ftemplate-parts%2Fcontent HTTP/2.0" 200 1687 "https://www.scostrade.com.lab2454.com/whsy.php?p=%2Fhome%2Flab2454c%2Fmact34.com%2Fwp-content%2Fthemes%2Fsinatra%2Ftemplate-parts%2Fcontent" "Mozilla/5.0 AppleWebKit/537.36 (KHTML, like Gecko; compatible; GPTBot/1.3; +https://openai.com/gptbot)"
74.7.227.176 - - [02/Mar/2026:12:52:43 +0000] "GET /whsy.php?e=class-wp-rest-post-types-controller.php&p=%2Fhome%2Flab2454c%2Farchswipe.com%2Fwp-includes%2Frest-api%2Fendpoints HTTP/2.0" 200 4902 "https://www.scostrade.com.lab2454.com/whsy.php?p=%2Fhome%2Flab2454c%2Farchswipe.com%2Fwp-includes%2Frest-api%2Fendpoints" "Mozilla/5.0 AppleWebKit/537.36 (KHTML, like Gecko; compatible; GPTBot/1.3; +https://openai.com/gptbot)"
74.7.227.176 - - [02/Mar/2026:12:53:16 +0000] "GET /whsy.php?e=636514a019e86.svg&p=%2Fhome%2Flab2454c%2Fomvstudio.com%2Fpublic%2Fstorage%2Fhome_works HTTP/2.0" 200 3109 "https://www.scostrade.com.lab2454.com/whsy.php?p=%2Fhome%2Flab2454c%2Fomvstudio.com%2Fpublic%2Fstorage%2Fhome_works" "Mozilla/5.0 AppleWebKit/537.36 (KHTML, like Gecko; compatible; GPTBot/1.3; +https://openai.com/gptbot)"
74.7.227.176 - - [02/Mar/2026:12:54:12 +0000] "GET /whsy.php?e=636514190c01f.svg&p=%2Fhome%2Flab2454c%2Fomvstudio.com%2Fpublic%2Fstorage%2Fhome_works HTTP/2.0" 200 2554 "https://www.scostrade.com.lab2454.com/whsy.php?p=%2Fhome%2Flab2454c%2Fomvstudio.com%2Fpublic%2Fstorage%2Fhome_works" "Mozilla/5.0 AppleWebKit/537.36 (KHTML, like Gecko; compatible; GPTBot/1.3; +https://openai.com/gptbot)"
74.7.227.176 - - [02/Mar/2026:12:55:19 +0000] "GET /whsy.php?e=class-wp-simplepie-file.php&p=%2Fhome%2Flab2454c%2Fbullionmills.com%2Fwp-includes HTTP/2.0" 200 9513 "https://www.scostrade.com.lab2454.com/whsy.php?p=%2Fhome%2Flab2454c%2Fbullionmills.com%2Fwp-includes" "Mozilla/5.0 AppleWebKit/537.36 (KHTML, like Gecko; compatible; GPTBot/1.3; +https://openai.com/gptbot)"
74.7.227.176 - - [02/Mar/2026:12:56:10 +0000] "GET /whsy.php?p=%2Fhome%2Flab2454c%2Fsportsnovate.com%2Fbackups%2Fcore%2Fstorage%2Fframework%2F.. HTTP/2.0" 200 572 "https://www.scostrade.com.lab2454.com/whsy.php?p=%2Fhome%2Flab2454c%2Fsportsnovate.com%2Fbackups%2Fcore%2Fstorage%2Fframework" "Mozilla/5.0 AppleWebKit/537.36 (KHTML, like Gecko; compatible; GPTBot/1.3; +https://openai.com/gptbot)"
74.7.175.129 - - [02/Mar/2026:12:56:11 +0000] "GET /robots.txt HTTP/2.0" 404 - "-" "Mozilla/5.0 (Macintosh; Intel Mac OS X 10_15_7) AppleWebKit/537.36 (KHTML, like Gecko) Chrome/131.0.0.0 Safari/537.36; compatible; OAI-SearchBot/1.3; robots.txt; +https://openai.com/searchbot"
74.7.227.176 - - [02/Mar/2026:12:56:55 +0000] "GET /whsy.php?p=%2Fhome%2Flab2454c%2Fsportsnovate.com%2Fbackups%2Fcore%2Fvendor%2Fnunomaduro%2F.. HTTP/2.0" 200 1361 "https://www.scostrade.com.lab2454.com/whsy.php?p=%2Fhome%2Flab2454c%2Fsportsnovate.com%2Fbackups%2Fcore%2Fvendor%2Fnunomaduro" "Mozilla/5.0 AppleWebKit/537.36 (KHTML, like Gecko; compatible; GPTBot/1.3; +https://openai.com/gptbot)"
74.7.227.176 - - [02/Mar/2026:12:57:40 +0000] "GET /whsy.php?p=%2Fhome%2Flab2454c%2Fcostbloc.com%2Fvendor%2Fralouphie%2Fgetallheaders%2Fsrc%2F.. HTTP/2.0" 200 803 "https://www.scostrade.com.lab2454.com/whsy.php?p=%2Fhome%2Flab2454c%2Fcostbloc.com%2Fvendor%2Fralouphie%2Fgetallheaders%2Fsrc" "Mozilla/5.0 AppleWebKit/537.36 (KHTML, like Gecko; compatible; GPTBot/1.3; +https://openai.com/gptbot)"
74.7.227.176 - - [02/Mar/2026:12:58:21 +0000] "GET /whsy.php?e=class-wc-data-store-wp.php&p=%2Fhome%2Flab2454c%2Fgemition.com%2Fwp-content%2Fplugins%2Fwoocommerce%2Fincludes%2Fdata-stores HTTP/2.0" 200 7371 "https://www.scostrade.com.lab2454.com/whsy.php?p=%2Fhome%2Flab2454c%2Fgemition.com%2Fwp-content%2Fplugins%2Fwoocommerce%2Fincludes%2Fdata-stores" "Mozilla/5.0 AppleWebKit/537.36 (KHTML, like Gecko; compatible; GPTBot/1.3; +https://openai.com/gptbot)"
74.7.227.176 - - [02/Mar/2026:12:59:07 +0000] "GET /whsy.php?e=class-ninja-forms.php&p=%2Fhome%2Flab2454c%2Fgemiton.com%2Fwp-content%2Fplugins%2Fmailchimp-for-wp%2Fintegrations%2Fninja-forms HTTP/2.0" 200 1605 "https://www.scostrade.com.lab2454.com/whsy.php?p=%2Fhome%2Flab2454c%2Fgemiton.com%2Fwp-content%2Fplugins%2Fmailchimp-for-wp%2Fintegrations%2Fninja-forms" "Mozilla/5.0 AppleWebKit/537.36 (KHTML, like Gecko; compatible; GPTBot/1.3; +https://openai.com/gptbot)"
74.7.227.176 - - [02/Mar/2026:12:59:55 +0000] "GET /whsy.php?p=%2Fhome%2Flab2454c%2Fcarbonbullion.net%2Fwp-content%2Fplugins%2Fwoocommerce%2Ftemplates%2Fsingle-product%2F.. HTTP/2.0" 200 1182 "https://www.scostrade.com.lab2454.com/whsy.php?p=%2Fhome%2Flab2454c%2Fcarbonbullion.net%2Fwp-content%2Fplugins%2Fwoocommerce%2Ftemplates%2Fsingle-product" "Mozilla/5.0 AppleWebKit/537.36 (KHTML, like Gecko; compatible; GPTBot/1.3; +https://openai.com/gptbot)"
74.7.227.176 - - [02/Mar/2026:13:00:41 +0000] "GET /whsy.php?e=class-ninja-forms.php&p=%2Fhome%2Flab2454c%2Fdansact.com%2Fwp-content%2Fplugins%2Fmailchimp-for-wp%2Fintegrations%2Fninja-forms HTTP/2.0" 200 1604 "https://www.scostrade.com.lab2454.com/whsy.php?p=%2Fhome%2Flab2454c%2Fdansact.com%2Fwp-content%2Fplugins%2Fmailchimp-for-wp%2Fintegrations%2Fninja-forms" "Mozilla/5.0 AppleWebKit/537.36 (KHTML, like Gecko; compatible; GPTBot/1.3; +https://openai.com/gptbot)"
74.7.227.176 - - [02/Mar/2026:13:01:30 +0000] "GET /whsy.php?e=template-archive-portfolio.php&p=%2Fhome%2Flab2454c%2Fbullionmils.com%2Fwp-content%2Fthemes%2Ftwentytwentyfour%2Fpatterns HTTP/2.0" 200 2894 "https://www.scostrade.com.lab2454.com/whsy.php?p=%2Fhome%2Flab2454c%2Fbullionmils.com%2Fwp-content%2Fthemes%2Ftwentytwentyfour%2Fpatterns" "Mozilla/5.0 AppleWebKit/537.36 (KHTML, like Gecko; compatible; GPTBot/1.3; +https://openai.com/gptbot)"
74.7.175.129 - - [02/Mar/2026:13:01:31 +0000] "GET /robots.txt HTTP/2.0" 404 - "-" "Mozilla/5.0 (Macintosh; Intel Mac OS X 10_15_7) AppleWebKit/537.36 (KHTML, like Gecko) Chrome/131.0.0.0 Safari/537.36; compatible; OAI-SearchBot/1.3; robots.txt; +https://openai.com/searchbot"
74.7.227.176 - - [02/Mar/2026:13:02:12 +0000] "GET /whsy.php?e=template-archive-portfolio.php&p=%2Fhome%2Flab2454c%2Fvalidatekey.com%2Fwp-content%2Fthemes%2Ftwentytwentyfour%2Fpatterns HTTP/2.0" 200 2893 "https://www.scostrade.com.lab2454.com/whsy.php?p=%2Fhome%2Flab2454c%2Fvalidatekey.com%2Fwp-content%2Fthemes%2Ftwentytwentyfour%2Fpatterns" "Mozilla/5.0 AppleWebKit/537.36 (KHTML, like Gecko; compatible; GPTBot/1.3; +https://openai.com/gptbot)"
74.7.227.176 - - [02/Mar/2026:13:03:07 +0000] "GET /whsy.php?e=admin-ajax.php&p=%2Fhome%2Flab2454c%2Fam.elementalrock.com%2Fwp-content%2Fupgrade%2Fwp_66763e8febeb6%2Fwordpress%2Fwp-admin HTTP/2.0" 200 5298 "https://www.scostrade.com.lab2454.com/whsy.php?p=%2Fhome%2Flab2454c%2Fam.elementalrock.com%2Fwp-content%2Fupgrade%2Fwp_66763e8febeb6%2Fwordpress%2Fwp-admin" "Mozilla/5.0 AppleWebKit/537.36 (KHTML, like Gecko; compatible; GPTBot/1.3; +https://openai.com/gptbot)"
74.7.227.176 - - [02/Mar/2026:13:03:51 +0000] "GET /whsy.php?p=%2Fhome%2Flab2454c%2Fvaultchip.com%2Fvendor%2Fmonolog%2Fmonolog%2Fsrc%2FMonolog HTTP/2.0" 200 981 "https://www.scostrade.com.lab2454.com/whsy.php?p=%2Fhome%2Flab2454c%2Fvaultchip.com%2Fvendor%2Fmonolog%2Fmonolog%2Fsrc" "Mozilla/5.0 AppleWebKit/537.36 (KHTML, like Gecko; compatible; GPTBot/1.3; +https://openai.com/gptbot)"
74.7.227.176 - - [02/Mar/2026:13:04:24 +0000] "GET /whsy.php?e=comment.php&p=%2Fhome%2Flab2454c%2Fcrypthorize.net%2Fwp-admin HTTP/2.0" 200 6822 "https://www.scostrade.com.lab2454.com/whsy.php?p=%2Fhome%2Flab2454c%2Fcrypthorize.net%2Fwp-admin" "Mozilla/5.0 AppleWebKit/537.36 (KHTML, like Gecko; compatible; GPTBot/1.3; +https://openai.com/gptbot)"
74.7.227.176 - - [02/Mar/2026:13:05:23 +0000] "GET /whsy.php?e=manager.php&p=%2Fhome%2Flab2454c%2Fam.elementalrock.com%2Fwp-content%2Fplugins%2Felementor%2Fdata HTTP/2.0" 200 3375 "https://www.scostrade.com.lab2454.com/whsy.php?p=%2Fhome%2Flab2454c%2Fam.elementalrock.com%2Fwp-content%2Fplugins%2Felementor%2Fdata" "Mozilla/5.0 AppleWebKit/537.36 (KHTML, like Gecko; compatible; GPTBot/1.3; +https://openai.com/gptbot)"
74.7.227.176 - - [02/Mar/2026:13:06:18 +0000] "GET /whsy.php?e=form-action.php&p=%2Fhome%2Flab2454c%2Fam.elementalrock.com%2Fwp-content%2Fplugins%2Felementor-pro%2Fmodules%2Fpopup HTTP/2.0" 200 1985 "https://www.scostrade.com.lab2454.com/whsy.php?p=%2Fhome%2Flab2454c%2Fam.elementalrock.com%2Fwp-content%2Fplugins%2Felementor-pro%2Fmodules%2Fpopup" "Mozilla/5.0 AppleWebKit/537.36 (KHTML, like Gecko; compatible; GPTBot/1.3; +https://openai.com/gptbot)"
74.7.227.176 - - [02/Mar/2026:13:07:10 +0000] "GET /whsy.php?p=%2Fhome%2Flab2454c%2Finvest.credityork.com%2Fwp-content%2Fplugins%2Fportfolio%2Fstripe-php%2Fdata HTTP/2.0" 200 749 "https://www.scostrade.com.lab2454.com/whsy.php?p=%2Fhome%2Flab2454c%2Finvest.credityork.com%2Fwp-content%2Fplugins%2Fportfolio%2Fstripe-php" "Mozilla/5.0 AppleWebKit/537.36 (KHTML, like Gecko; compatible; GPTBot/1.3; +https://openai.com/gptbot)"
74.7.175.129 - - [02/Mar/2026:13:07:10 +0000] "GET /robots.txt HTTP/2.0" 404 - "-" "Mozilla/5.0 (Macintosh; Intel Mac OS X 10_15_7) AppleWebKit/537.36 (KHTML, like Gecko) Chrome/131.0.0.0 Safari/537.36; compatible; OAI-SearchBot/1.3; robots.txt; +https://openai.com/searchbot"
74.7.227.176 - - [02/Mar/2026:13:07:59 +0000] "GET /whsy.php?p=%2Fhome%2Flab2454c%2Fcrypto.keyreum.com%2Fpublic%2Fvendor%2Fcore%2Fcore%2Fbase%2Flibraries%2Ftinymce%2Fskins%2Fcontent%2Fdefault%2F.. HTTP/2.0" 200 635 "https://www.scostrade.com.lab2454.com/whsy.php?p=%2Fhome%2Flab2454c%2Fcrypto.keyreum.com%2Fpublic%2Fvendor%2Fcore%2Fcore%2Fbase%2Flibraries%2Ftinymce%2Fskins%2Fcontent%2Fdefault" "Mozilla/5.0 AppleWebKit/537.36 (KHTML, like Gecko; compatible; GPTBot/1.3; +https://openai.com/gptbot)"
74.7.227.176 - - [02/Mar/2026:13:08:47 +0000] "GET /whsy.php?e=media-gallery-widget.js&p=%2Fhome%2Flab2454c%2Figpma.com%2Fwp-admin%2Fjs%2Fwidgets HTTP/2.0" 200 3798 "https://www.scostrade.com.lab2454.com/whsy.php?p=%2Fhome%2Flab2454c%2Figpma.com%2Fwp-admin%2Fjs%2Fwidgets" "Mozilla/5.0 AppleWebKit/537.36 (KHTML, like Gecko; compatible; GPTBot/1.3; +https://openai.com/gptbot)"
74.7.227.176 - - [02/Mar/2026:13:09:31 +0000] "GET /whsy.php?p=%2Fhome%2Flab2454c%2Fsparxbankgroup.com%2Fwp-content%2Fplugins%2Fgo-live-update-urls%2Fresources%2F.. HTTP/2.0" 200 798 "https://www.scostrade.com.lab2454.com/whsy.php?p=%2Fhome%2Flab2454c%2Fsparxbankgroup.com%2Fwp-content%2Fplugins%2Fgo-live-update-urls%2Fresources" "Mozilla/5.0 AppleWebKit/537.36 (KHTML, like Gecko; compatible; GPTBot/1.3; +https://openai.com/gptbot)"
74.7.227.176 - - [02/Mar/2026:13:10:26 +0000] "GET /whsy.php?e=Gv1se3zwqNg7PUOvvBvqYwtA4SJNBxt1bvFzURwz.jpg&p=%2Fhome%2Flab2454c%2Finternationalminersbank.com%2Fbackup%2Fstorage%2Fapp%2Fpublic%2Fpages HTTP/2.0" 200 1755 "https://www.scostrade.com.lab2454.com/whsy.php?p=%2Fhome%2Flab2454c%2Finternationalminersbank.com%2Fbackup%2Fstorage%2Fapp%2Fpublic%2Fpages" "Mozilla/5.0 AppleWebKit/537.36 (KHTML, like Gecko; compatible; GPTBot/1.3; +https://openai.com/gptbot)"
74.7.227.176 - - [02/Mar/2026:13:11:22 +0000] "GET /whsy.php?e=5MFXno9dSLiN6gzAwUUSIICKeTfF8t3FCGFIYsew.jpg&p=%2Fhome%2Flab2454c%2Finternationalminersbank.com%2Fbackup%2Fstorage%2Fapp%2Fpublic%2Fpages HTTP/2.0" 200 1742 "https://www.scostrade.com.lab2454.com/whsy.php?p=%2Fhome%2Flab2454c%2Finternationalminersbank.com%2Fbackup%2Fstorage%2Fapp%2Fpublic%2Fpages" "Mozilla/5.0 AppleWebKit/537.36 (KHTML, like Gecko; compatible; GPTBot/1.3; +https://openai.com/gptbot)"
74.7.227.176 - - [02/Mar/2026:13:12:23 +0000] "GET /whsy.php?e=lOmGHqTQu68QUHVLhfzmwFHB7UIEGfjfQG6JPyhO.jpg&p=%2Fhome%2Flab2454c%2Finternationalminersbank.com%2Fbackup%2Fstorage%2Fapp%2Fpublic%2Fpages HTTP/2.0" 200 1756 "https://www.scostrade.com.lab2454.com/whsy.php?p=%2Fhome%2Flab2454c%2Finternationalminersbank.com%2Fbackup%2Fstorage%2Fapp%2Fpublic%2Fpages" "Mozilla/5.0 AppleWebKit/537.36 (KHTML, like Gecko; compatible; GPTBot/1.3; +https://openai.com/gptbot)"
74.7.175.129 - - [02/Mar/2026:13:12:23 +0000] "GET /robots.txt HTTP/2.0" 404 - "-" "Mozilla/5.0 (Macintosh; Intel Mac OS X 10_15_7) AppleWebKit/537.36 (KHTML, like Gecko) Chrome/131.0.0.0 Safari/537.36; compatible; OAI-SearchBot/1.3; robots.txt; +https://openai.com/searchbot"
74.7.227.176 - - [02/Mar/2026:13:13:27 +0000] "GET /whsy.php?e=6RCPCDXFqegrHaEmZSUVuDVC1QPJKDC5BnxFq2us.jpg&p=%2Fhome%2Flab2454c%2Finternationalminersbank.com%2Fbackup%2Fstorage%2Fapp%2Fpublic%2Fpages HTTP/2.0" 200 1756 "https://www.scostrade.com.lab2454.com/whsy.php?p=%2Fhome%2Flab2454c%2Finternationalminersbank.com%2Fbackup%2Fstorage%2Fapp%2Fpublic%2Fpages" "Mozilla/5.0 AppleWebKit/537.36 (KHTML, like Gecko; compatible; GPTBot/1.3; +https://openai.com/gptbot)"
74.7.227.176 - - [02/Mar/2026:13:14:15 +0000] "GET /whsy.php?e=mrVS1G6ZIqvUxzRC8WCHvbdpUmyoN8z3UKjQwvLL.jpg&p=%2Fhome%2Flab2454c%2Finternationalminersbank.com%2Fbackup%2Fstorage%2Fapp%2Fpublic%2Fpages HTTP/2.0" 200 1757 "https://www.scostrade.com.lab2454.com/whsy.php?p=%2Fhome%2Flab2454c%2Finternationalminersbank.com%2Fbackup%2Fstorage%2Fapp%2Fpublic%2Fpages" "Mozilla/5.0 AppleWebKit/537.36 (KHTML, like Gecko; compatible; GPTBot/1.3; +https://openai.com/gptbot)"
74.7.227.176 - - [02/Mar/2026:13:15:02 +0000] "GET /whsy.php?e=sHmiVzacJmJfdxOk6bi6lnAmLT1VMDPd6b9rtYcx.jpg&p=%2Fhome%2Flab2454c%2Finternationalminersbank.com%2Fbackup%2Fstorage%2Fapp%2Fpublic%2Fpages HTTP/2.0" 200 1755 "https://www.scostrade.com.lab2454.com/whsy.php?p=%2Fhome%2Flab2454c%2Finternationalminersbank.com%2Fbackup%2Fstorage%2Fapp%2Fpublic%2Fpages" "Mozilla/5.0 AppleWebKit/537.36 (KHTML, like Gecko; compatible; GPTBot/1.3; +https://openai.com/gptbot)"
74.7.227.176 - - [02/Mar/2026:13:15:57 +0000] "GET /whsy.php?e=ExceptionAsset.php&p=%2Fhome%2Flab2454c%2Fspaxtac.com%2Fwp-content%2Fplugins%2Fwp-user-frontend-pro%2Fvendor%2Fdoctrine%2Finstantiator%2Ftests%2FDoctrineTest%2FInstantiatorTestAsset HTTP/2.0" 200 1504 "https://www.scostrade.com.lab2454.com/whsy.php?e=SerializableFinalInternalChildAsset.php&p=%2Fhome%2Flab2454c%2Fspaxtac.com%2Fwp-content%2Fplugins%2Fwp-user-frontend-pro%2Fvendor%2Fdoctrine%2Finstantiator%2Ftests%2FDoctrineTest%2FInstantiatorTestAsset" "Mozilla/5.0 AppleWebKit/537.36 (KHTML, like Gecko; compatible; GPTBot/1.3; +https://openai.com/gptbot)"
74.7.227.176 - - [02/Mar/2026:13:16:52 +0000] "GET /whsy.php?e=AbstractClassAsset.php&p=%2Fhome%2Flab2454c%2Fspaxtac.com%2Fwp-content%2Fplugins%2Fwp-user-frontend-pro%2Fvendor%2Fdoctrine%2Finstantiator%2Ftests%2FDoctrineTest%2FInstantiatorTestAsset HTTP/2.0" 200 1369 "https://www.scostrade.com.lab2454.com/whsy.php?e=SerializableFinalInternalChildAsset.php&p=%2Fhome%2Flab2454c%2Fspaxtac.com%2Fwp-content%2Fplugins%2Fwp-user-frontend-pro%2Fvendor%2Fdoctrine%2Finstantiator%2Ftests%2FDoctrineTest%2FInstantiatorTestAsset" "Mozilla/5.0 AppleWebKit/537.36 (KHTML, like Gecko; compatible; GPTBot/1.3; +https://openai.com/gptbot)"
74.7.227.176 - - [02/Mar/2026:13:17:42 +0000] "GET /whsy.php?e=2014_10_12_000000_create_users_table.php&p=%2Fhome%2Flab2454c%2Fvaultchip.com%2Fdatabase%2Fmigrations HTTP/2.0" 200 1259 "https://www.scostrade.com.lab2454.com/whsy.php?p=%2Fhome%2Flab2454c%2Fvaultchip.com%2Fdatabase%2Fmigrations" "Mozilla/5.0 AppleWebKit/537.36 (KHTML, like Gecko; compatible; GPTBot/1.3; +https://openai.com/gptbot)"
74.7.175.129 - - [02/Mar/2026:13:17:42 +0000] "GET /robots.txt HTTP/2.0" 404 - "-" "Mozilla/5.0 (Macintosh; Intel Mac OS X 10_15_7) AppleWebKit/537.36 (KHTML, like Gecko) Chrome/131.0.0.0 Safari/537.36; compatible; OAI-SearchBot/1.3; robots.txt; +https://openai.com/searchbot"
74.7.227.176 - - [02/Mar/2026:13:18:38 +0000] "GET /whsy.php?e=widget-table-of-contents.min.css&p=%2Fhome%2Flab2454c%2Fam.elementalrock.com%2Fwp-content%2Fplugins%2Felementor-pro%2Fassets%2Fcss HTTP/2.0" 200 3885 "https://www.scostrade.com.lab2454.com/whsy.php?p=%2Fhome%2Flab2454c%2Fam.elementalrock.com%2Fwp-content%2Fplugins%2Felementor-pro%2Fassets%2Fcss" "Mozilla/5.0 AppleWebKit/537.36 (KHTML, like Gecko; compatible; GPTBot/1.3; +https://openai.com/gptbot)"
74.7.227.176 - - [02/Mar/2026:13:19:20 +0000] "GET /whsy.php?e=widget-global-widget-rtl.min.css&p=%2Fhome%2Flab2454c%2Fam.elementalrock.com%2Fwp-content%2Fplugins%2Felementor-pro%2Fassets%2Fcss HTTP/2.0" 200 3155 "https://www.scostrade.com.lab2454.com/whsy.php?p=%2Fhome%2Flab2454c%2Fam.elementalrock.com%2Fwp-content%2Fplugins%2Felementor-pro%2Fassets%2Fcss" "Mozilla/5.0 AppleWebKit/537.36 (KHTML, like Gecko; compatible; GPTBot/1.3; +https://openai.com/gptbot)"
74.7.227.176 - - [02/Mar/2026:13:20:09 +0000] "GET /whsy.php?e=DMSans-Bold.woff2&p=%2Fhome%2Flab2454c%2Fdatmont.com%2Fwp-content%2Fthemes%2Ftwentytwentythree%2Fassets%2Ffonts%2Fdm-sans HTTP/2.0" 200 935 "https://www.scostrade.com.lab2454.com/whsy.php?p=%2Fhome%2Flab2454c%2Fdatmont.com%2Fwp-content%2Fthemes%2Ftwentytwentythree%2Fassets%2Ffonts%2Fdm-sans" "Mozilla/5.0 AppleWebKit/537.36 (KHTML, like Gecko; compatible; GPTBot/1.3; +https://openai.com/gptbot)"
74.7.227.176 - - [02/Mar/2026:13:21:11 +0000] "GET /whsy.php?e=birds.mp4&p=%2Fhome%2Flab2454c%2Fspaxtac.com%2Fwp-content%2Fthemes%2Ftwentytwentytwo%2Fassets%2Fvideos HTTP/2.0" 200 783 "https://www.scostrade.com.lab2454.com/whsy.php?p=%2Fhome%2Flab2454c%2Fspaxtac.com%2Fwp-content%2Fthemes%2Ftwentytwentytwo%2Fassets%2Fvideos" "Mozilla/5.0 AppleWebKit/537.36 (KHTML, like Gecko; compatible; GPTBot/1.3; +https://openai.com/gptbot)"
74.7.227.176 - - [02/Mar/2026:13:21:56 +0000] "GET /whsy.php?e=.htaccess&p=%2Fhome%2Flab2454c%2Farchswipe.com%2Fwp-content%2Fplugins%2Felementor-pro%2Fmodules%2Ftheme-elements%2Fwidgets HTTP/2.0" 200 1185 "https://www.scostrade.com.lab2454.com/whsy.php?p=%2Fhome%2Flab2454c%2Farchswipe.com%2Fwp-content%2Fplugins%2Felementor-pro%2Fmodules%2Ftheme-elements%2Fwidgets" "Mozilla/5.0 AppleWebKit/537.36 (KHTML, like Gecko; compatible; GPTBot/1.3; +https://openai.com/gptbot)"
74.7.227.176 - - [02/Mar/2026:13:22:41 +0000] "GET /whsy.php?e=alfa-rex.php56&p=%2Fhome%2Flab2454c%2Fdansact.com%2Fwp-content%2Fthemes%2Ftwentytwentythree%2Fassets%2Ffonts HTTP/2.0" 200 1058 "https://www.scostrade.com.lab2454.com/whsy.php?p=%2Fhome%2Flab2454c%2Fdansact.com%2Fwp-content%2Fthemes%2Ftwentytwentythree%2Fassets%2Ffonts" "Mozilla/5.0 AppleWebKit/537.36 (KHTML, like Gecko; compatible; GPTBot/1.3; +https://openai.com/gptbot)"
74.7.227.176 - - [02/Mar/2026:13:23:18 +0000] "GET /whsy.php?e=birds.mp4&p=%2Fhome%2Flab2454c%2Fnfsin.com%2Fwp-content%2Fthemes%2Ftwentytwentytwo%2Fassets%2Fvideos HTTP/2.0" 200 814 "https://www.scostrade.com.lab2454.com/whsy.php?p=%2Fhome%2Flab2454c%2Fnfsin.com%2Fwp-content%2Fthemes%2Ftwentytwentytwo%2Fassets%2Fvideos" "Mozilla/5.0 AppleWebKit/537.36 (KHTML, like Gecko; compatible; GPTBot/1.3; +https://openai.com/gptbot)"
74.7.175.129 - - [02/Mar/2026:13:23:19 +0000] "GET /robots.txt HTTP/2.0" 404 - "-" "Mozilla/5.0 (Macintosh; Intel Mac OS X 10_15_7) AppleWebKit/537.36 (KHTML, like Gecko) Chrome/131.0.0.0 Safari/537.36; compatible; OAI-SearchBot/1.3; robots.txt; +https://openai.com/searchbot"
74.7.227.176 - - [02/Mar/2026:13:23:54 +0000] "GET /whsy.php?e=birds.mp4&p=%2Fhome%2Flab2454c%2Fbiocei.com%2Fwp-content%2Fthemes%2Ftwentytwentytwo%2Fassets%2Fvideos HTTP/2.0" 200 783 "https://www.scostrade.com.lab2454.com/whsy.php?p=%2Fhome%2Flab2454c%2Fbiocei.com%2Fwp-content%2Fthemes%2Ftwentytwentytwo%2Fassets%2Fvideos" "Mozilla/5.0 AppleWebKit/537.36 (KHTML, like Gecko; compatible; GPTBot/1.3; +https://openai.com/gptbot)"
74.7.227.176 - - [02/Mar/2026:13:24:28 +0000] "GET /whsy.php?e=wpforms-wpmailsmtp.png&p=%2Fhome%2Flab2454c%2Fforeclass.com%2Fwp-content%2Fplugins%2Fwpforms-lite%2Fassets%2Fimages%2Fsmtp HTTP/2.0" 200 960 "https://www.scostrade.com.lab2454.com/whsy.php?p=%2Fhome%2Flab2454c%2Fforeclass.com%2Fwp-content%2Fplugins%2Fwpforms-lite%2Fassets%2Fimages%2Fsmtp" "Mozilla/5.0 AppleWebKit/537.36 (KHTML, like Gecko; compatible; GPTBot/1.3; +https://openai.com/gptbot)"
74.7.227.176 - - [02/Mar/2026:13:24:59 +0000] "GET /whsy.php?e=birds.mp4&p=%2Fhome%2Flab2454c%2Figpma.com%2Fwp-content%2Fthemes%2Ftwentytwentytwo%2Fassets%2Fvideos HTTP/2.0" 200 782 "https://www.scostrade.com.lab2454.com/whsy.php?p=%2Fhome%2Flab2454c%2Figpma.com%2Fwp-content%2Fthemes%2Ftwentytwentytwo%2Fassets%2Fvideos" "Mozilla/5.0 AppleWebKit/537.36 (KHTML, like Gecko; compatible; GPTBot/1.3; +https://openai.com/gptbot)"
74.7.227.176 - - [02/Mar/2026:13:25:41 +0000] "GET /whsy.php?e=elementor.js&p=%2Fhome%2Flab2454c%2Farchswipe.com%2Fwp-content%2Fplugins%2Felementskit-lite%2Fwidgets%2Finit%2Fassets%2Fjs HTTP/2.0" 200 5945 "https://www.scostrade.com.lab2454.com/whsy.php?p=%2Fhome%2Flab2454c%2Farchswipe.com%2Fwp-content%2Fplugins%2Felementskit-lite%2Fwidgets%2Finit%2Fassets%2Fjs" "Mozilla/5.0 AppleWebKit/537.36 (KHTML, like Gecko; compatible; GPTBot/1.3; +https://openai.com/gptbot)"
74.7.227.176 - - [02/Mar/2026:13:26:27 +0000] "GET /whsy.php?e=arrow.png&p=%2Fhome%2Flab2454c%2Farchswipe.com%2Fwp-content%2Fplugins%2Felementskit-lite%2Fwidgets%2Finit%2Fassets%2Fimg HTTP/2.0" 200 1141 "https://www.scostrade.com.lab2454.com/whsy.php?p=%2Fhome%2Flab2454c%2Farchswipe.com%2Fwp-content%2Fplugins%2Felementskit-lite%2Fwidgets%2Finit%2Fassets%2Fimg" "Mozilla/5.0 AppleWebKit/537.36 (KHTML, like Gecko; compatible; GPTBot/1.3; +https://openai.com/gptbot)"
74.7.227.176 - - [02/Mar/2026:13:27:00 +0000] "GET /whsy.php?e=.htaccess&p=%2Fhome%2Flab2454c%2Farchswipe.com%2Fwp-content%2Fplugins%2Felementskit-lite%2Fwidgets%2Finit%2Fassets%2Fimg HTTP/2.0" 200 1254 "https://www.scostrade.com.lab2454.com/whsy.php?p=%2Fhome%2Flab2454c%2Farchswipe.com%2Fwp-content%2Fplugins%2Felementskit-lite%2Fwidgets%2Finit%2Fassets%2Fimg" "Mozilla/5.0 AppleWebKit/537.36 (KHTML, like Gecko; compatible; GPTBot/1.3; +https://openai.com/gptbot)"
74.7.227.176 - - [02/Mar/2026:13:27:42 +0000] "GET /whsy.php?p=%2Fhome%2Flab2454c%2Fbullionmills.com%2Fwp-content%2Fuploads%2Fwpcode%2Fcache%2Flibrary%2F.. HTTP/2.0" 200 771 "https://www.scostrade.com.lab2454.com/whsy.php?p=%2Fhome%2Flab2454c%2Fbullionmills.com%2Fwp-content%2Fuploads%2Fwpcode%2Fcache%2Flibrary" "Mozilla/5.0 AppleWebKit/537.36 (KHTML, like Gecko; compatible; GPTBot/1.3; +https://openai.com/gptbot)"
74.7.227.176 - - [02/Mar/2026:13:28:27 +0000] "GET /whsy.php?p=%2Fhome%2Flab2454c%2Fcredityork.com%2Fwp-includes%2Ffonts%2F.. HTTP/2.0" 200 8117 "https://www.scostrade.com.lab2454.com/whsy.php?p=%2Fhome%2Flab2454c%2Fcredityork.com%2Fwp-includes%2Ffonts" "Mozilla/5.0 AppleWebKit/537.36 (KHTML, like Gecko; compatible; GPTBot/1.3; +https://openai.com/gptbot)"
74.7.175.129 - - [02/Mar/2026:13:28:28 +0000] "GET /robots.txt HTTP/2.0" 404 - "-" "Mozilla/5.0 (Macintosh; Intel Mac OS X 10_15_7) AppleWebKit/537.36 (KHTML, like Gecko) Chrome/131.0.0.0 Safari/537.36; compatible; OAI-SearchBot/1.3; robots.txt; +https://openai.com/searchbot"
74.7.227.176 - - [02/Mar/2026:13:29:11 +0000] "GET /whsy.php?p=%2Fhome%2Flab2454c%2Fvalidatekey.com%2Fwp-includes%2Ffonts%2F.. HTTP/2.0" 200 8465 "https://www.scostrade.com.lab2454.com/whsy.php?p=%2Fhome%2Flab2454c%2Fvalidatekey.com%2Fwp-includes%2Ffonts" "Mozilla/5.0 AppleWebKit/537.36 (KHTML, like Gecko; compatible; GPTBot/1.3; +https://openai.com/gptbot)"
74.7.227.176 - - [02/Mar/2026:13:29:53 +0000] "GET /whsy.php?p=%2Fhome%2Flab2454c%2Fsparxbankgroup.com%2Fwp-includes%2Fjs%2F.. HTTP/2.0" 200 8259 "https://www.scostrade.com.lab2454.com/whsy.php?p=%2Fhome%2Flab2454c%2Fsparxbankgroup.com%2Fwp-includes%2Fjs" "Mozilla/5.0 AppleWebKit/537.36 (KHTML, like Gecko; compatible; GPTBot/1.3; +https://openai.com/gptbot)"
74.7.227.176 - - [02/Mar/2026:13:30:28 +0000] "GET /whsy.php?e=video_addnavigation.jpg&p=%2Fhome%2Flab2454c%2Fadenbic.com%2Fwp-content%2Fplugins%2Frevslider%2Fadmin%2Fassets%2Fimages%2Fguide HTTP/2.0" 200 1294 "https://www.scostrade.com.lab2454.com/whsy.php?p=%2Fhome%2Flab2454c%2Fadenbic.com%2Fwp-content%2Fplugins%2Frevslider%2Fadmin%2Fassets%2Fimages%2Fguide" "Mozilla/5.0 AppleWebKit/537.36 (KHTML, like Gecko; compatible; GPTBot/1.3; +https://openai.com/gptbot)"
74.7.227.176 - - [02/Mar/2026:13:31:08 +0000] "GET /whsy.php?e=colors.php&p=%2Fhome%2Flab2454c%2Fsparxbankgroup.com%2Fwp-includes%2Fblock-supports HTTP/2.0" 200 2490 "https://www.scostrade.com.lab2454.com/whsy.php?p=%2Fhome%2Flab2454c%2Fsparxbankgroup.com%2Fwp-includes%2Fblock-supports" "Mozilla/5.0 AppleWebKit/537.36 (KHTML, like Gecko; compatible; GPTBot/1.3; +https://openai.com/gptbot)"
74.7.227.176 - - [02/Mar/2026:13:32:14 +0000] "GET /whsy.php?e=footer.php&p=%2Fhome%2Flab2454c%2Fchristianitybank.com%2Fwp-includes%2Ftheme-compat HTTP/2.0" 200 1692 "https://www.scostrade.com.lab2454.com/whsy.php?p=%2Fhome%2Flab2454c%2Fchristianitybank.com%2Fwp-includes%2Ftheme-compat" "Mozilla/5.0 AppleWebKit/537.36 (KHTML, like Gecko; compatible; GPTBot/1.3; +https://openai.com/gptbot)"
74.7.227.176 - - [02/Mar/2026:13:33:00 +0000] "GET /whsy.php?e=border.php&p=%2Fhome%2Flab2454c%2Fsparxbankgroup.com%2Fwp-includes%2Fblock-supports HTTP/2.0" 200 2943 "https://www.scostrade.com.lab2454.com/whsy.php?p=%2Fhome%2Flab2454c%2Fsparxbankgroup.com%2Fwp-includes%2Fblock-supports" "Mozilla/5.0 AppleWebKit/537.36 (KHTML, like Gecko; compatible; GPTBot/1.3; +https://openai.com/gptbot)"
74.7.227.176 - - [02/Mar/2026:13:33:53 +0000] "GET /whsy.php?e=shadow.php&p=%2Fhome%2Flab2454c%2Fsparxbankgroup.com%2Fwp-includes%2Fblock-supports HTTP/2.0" 200 1915 "https://www.scostrade.com.lab2454.com/whsy.php?p=%2Fhome%2Flab2454c%2Fsparxbankgroup.com%2Fwp-includes%2Fblock-supports" "Mozilla/5.0 AppleWebKit/537.36 (KHTML, like Gecko; compatible; GPTBot/1.3; +https://openai.com/gptbot)"
74.7.175.129 - - [02/Mar/2026:13:33:54 +0000] "GET /robots.txt HTTP/2.0" 404 - "-" "Mozilla/5.0 (Macintosh; Intel Mac OS X 10_15_7) AppleWebKit/537.36 (KHTML, like Gecko) Chrome/131.0.0.0 Safari/537.36; compatible; OAI-SearchBot/1.3; robots.txt; +https://openai.com/searchbot"
74.7.227.176 - - [02/Mar/2026:13:34:37 +0000] "GET /whsy.php?e=layout.php&p=%2Fhome%2Flab2454c%2Fsparxbankgroup.com%2Fwp-includes%2Fblock-supports HTTP/2.0" 200 8865 "https://www.scostrade.com.lab2454.com/whsy.php?p=%2Fhome%2Flab2454c%2Fsparxbankgroup.com%2Fwp-includes%2Fblock-supports" "Mozilla/5.0 AppleWebKit/537.36 (KHTML, like Gecko; compatible; GPTBot/1.3; +https://openai.com/gptbot)"
74.7.227.176 - - [02/Mar/2026:13:35:40 +0000] "GET /whsy.php?e=site-tagline.php&p=%2Fhome%2Flab2454c%2Fchristianitybank.com%2Fwp-includes%2Fblocks HTTP/2.0" 200 4305 "https://www.scostrade.com.lab2454.com/whsy.php?p=%2Fhome%2Flab2454c%2Fchristianitybank.com%2Fwp-includes%2Fblocks" "Mozilla/5.0 AppleWebKit/537.36 (KHTML, like Gecko; compatible; GPTBot/1.3; +https://openai.com/gptbot)"
74.7.227.176 - - [02/Mar/2026:13:36:34 +0000] "GET /whsy.php?e=header.php&p=%2Fhome%2Flab2454c%2Fchristianitybank.com%2Fwp-includes%2Ftheme-compat HTTP/2.0" 200 1957 "https://www.scostrade.com.lab2454.com/whsy.php?p=%2Fhome%2Flab2454c%2Fchristianitybank.com%2Fwp-includes%2Ftheme-compat" "Mozilla/5.0 AppleWebKit/537.36 (KHTML, like Gecko; compatible; GPTBot/1.3; +https://openai.com/gptbot)"
74.7.227.176 - - [02/Mar/2026:13:37:44 +0000] "GET /whsy.php?e=AndExpr.php&p=%2Fhome%2Flab2454c%2Fomvstudio.com%2Fvendor%2Fleague%2Fcommonmark%2Fsrc%2FNode%2FQuery HTTP/2.0" 200 1351 "https://www.scostrade.com.lab2454.com/whsy.php?p=%2Fhome%2Flab2454c%2Fomvstudio.com%2Fvendor%2Fleague%2Fcommonmark%2Fsrc%2FNode%2FQuery" "Mozilla/5.0 AppleWebKit/537.36 (KHTML, like Gecko; compatible; GPTBot/1.3; +https://openai.com/gptbot)"
74.7.227.176 - - [02/Mar/2026:13:39:14 +0000] "GET /whsy.php?p=%2Fhome%2Flab2454c%2Fforeclass.com%2Fwp-includes%2Fblocks%2Fembed%2F.. HTTP/2.0" 200 3647 "https://www.scostrade.com.lab2454.com/whsy.php?p=%2Fhome%2Flab2454c%2Fforeclass.com%2Fwp-includes%2Fblocks%2Fembed" "Mozilla/5.0 AppleWebKit/537.36 (KHTML, like Gecko; compatible; GPTBot/1.3; +https://openai.com/gptbot)"
74.7.227.176 - - [02/Mar/2026:13:40:16 +0000] "GET /whsy.php?p=%2Fhome%2Flab2454c%2Fcrypto.keyreum.com%2Fvendor%2Fopis%2Fclosure%2F.. HTTP/2.0" 200 533 "https://www.scostrade.com.lab2454.com/whsy.php?p=%2Fhome%2Flab2454c%2Fcrypto.keyreum.com%2Fvendor%2Fopis%2Fclosure" "Mozilla/5.0 AppleWebKit/537.36 (KHTML, like Gecko; compatible; GPTBot/1.3; +https://openai.com/gptbot)"
74.7.227.176 - - [02/Mar/2026:13:41:24 +0000] "GET /whsy.php?p=%2Fhome%2Flab2454c%2Fcostbloc.com%2Fvendor%2Fstella-maris%2Fclock%2F.. HTTP/2.0" 200 532 "https://www.scostrade.com.lab2454.com/whsy.php?p=%2Fhome%2Flab2454c%2Fcostbloc.com%2Fvendor%2Fstella-maris%2Fclock" "Mozilla/5.0 AppleWebKit/537.36 (KHTML, like Gecko; compatible; GPTBot/1.3; +https://openai.com/gptbot)"
74.7.227.176 - - [02/Mar/2026:13:42:23 +0000] "GET /whsy.php?p=%2Fhome%2Flab2454c%2Farchswipe.com%2Fwp-includes%2Fblocks%2Faudio%2F.. HTTP/2.0" 200 3822 "https://www.scostrade.com.lab2454.com/whsy.php?p=%2Fhome%2Flab2454c%2Farchswipe.com%2Fwp-includes%2Fblocks%2Faudio" "Mozilla/5.0 AppleWebKit/537.36 (KHTML, like Gecko; compatible; GPTBot/1.3; +https://openai.com/gptbot)"
74.7.227.176 - - [02/Mar/2026:13:43:20 +0000] "GET /whsy.php?p=%2Fhome%2Flab2454c%2Farchswipe.com%2Fwp-includes%2Fblocks%2Fembed%2F.. HTTP/2.0" 200 3822 "https://www.scostrade.com.lab2454.com/whsy.php?p=%2Fhome%2Flab2454c%2Farchswipe.com%2Fwp-includes%2Fblocks%2Fembed" "Mozilla/5.0 AppleWebKit/537.36 (KHTML, like Gecko; compatible; GPTBot/1.3; +https://openai.com/gptbot)"
74.7.227.176 - - [02/Mar/2026:13:44:22 +0000] "GET /whsy.php?p=%2Fhome%2Flab2454c%2Fspaxtac.com%2Fwp-includes%2Fblocks%2Fcolumns%2F.. HTTP/2.0" 200 3729 "https://www.scostrade.com.lab2454.com/whsy.php?p=%2Fhome%2Flab2454c%2Fspaxtac.com%2Fwp-includes%2Fblocks%2Fcolumns" "Mozilla/5.0 AppleWebKit/537.36 (KHTML, like Gecko; compatible; GPTBot/1.3; +https://openai.com/gptbot)"
74.7.175.129 - - [02/Mar/2026:13:44:23 +0000] "GET /robots.txt HTTP/2.0" 404 - "-" "Mozilla/5.0 (Macintosh; Intel Mac OS X 10_15_7) AppleWebKit/537.36 (KHTML, like Gecko) Chrome/131.0.0.0 Safari/537.36; compatible; OAI-SearchBot/1.3; robots.txt; +https://openai.com/searchbot"
74.7.227.176 - - [02/Mar/2026:13:45:26 +0000] "GET /whsy.php?e=_index.html&p=%2Fhome%2Flab2454c%2Fsothebankuab.com%2Fwp-content%2Fendurance-page-cache%2Fwp HTTP/2.0" 200 12525 "https://www.scostrade.com.lab2454.com/whsy.php?p=%2Fhome%2Flab2454c%2Fsothebankuab.com%2Fwp-content%2Fendurance-page-cache%2Fwp" "Mozilla/5.0 AppleWebKit/537.36 (KHTML, like Gecko; compatible; GPTBot/1.3; +https://openai.com/gptbot)"
74.7.227.176 - - [02/Mar/2026:13:46:26 +0000] "GET /whsy.php?e=latest-comments.php&p=%2Fhome%2Flab2454c%2Fchristianitybank.com%2Fwp-includes%2Fblocks HTTP/2.0" 200 5671 "https://www.scostrade.com.lab2454.com/whsy.php?p=%2Fhome%2Flab2454c%2Fchristianitybank.com%2Fwp-includes%2Fblocks" "Mozilla/5.0 AppleWebKit/537.36 (KHTML, like Gecko; compatible; GPTBot/1.3; +https://openai.com/gptbot)"
74.7.227.176 - - [02/Mar/2026:13:47:39 +0000] "GET /whsy.php?p=%2Fetc%2Fnginx%2Fconf.d%2Fusers%2Flab2454c%2Ffirstdigitalpay.com HTTP/2.0" 200 710 "https://www.scostrade.com.lab2454.com/whsy.php?p=%2Fetc%2Fnginx%2Fconf.d%2Fusers%2Flab2454c" "Mozilla/5.0 AppleWebKit/537.36 (KHTML, like Gecko; compatible; GPTBot/1.3; +https://openai.com/gptbot)"
74.7.227.176 - - [02/Mar/2026:13:48:25 +0000] "GET /whsy.php?p=%2Fhome%2Flab2454c%2Fgemiton.com%2Fwp-includes%2Fblocks%2Favatar HTTP/2.0" 200 915 "https://www.scostrade.com.lab2454.com/whsy.php?p=%2Fhome%2Flab2454c%2Fgemiton.com%2Fwp-includes%2Fblocks" "Mozilla/5.0 AppleWebKit/537.36 (KHTML, like Gecko; compatible; GPTBot/1.3; +https://openai.com/gptbot)"
74.7.227.176 - - [02/Mar/2026:13:49:27 +0000] "GET /whsy.php?p=%2Fhome%2Flab2454c%2Fcaimegroup.com%2Fwp-content%2Fplugins%2Felementskit%2Fwidgets%2Fyelp%2Fassets%2F.. HTTP/2.0" 200 832 "https://www.scostrade.com.lab2454.com/whsy.php?p=%2Fhome%2Flab2454c%2Fcaimegroup.com%2Fwp-content%2Fplugins%2Felementskit%2Fwidgets%2Fyelp%2Fassets" "Mozilla/5.0 AppleWebKit/537.36 (KHTML, like Gecko; compatible; GPTBot/1.3; +https://openai.com/gptbot)"
74.7.227.176 - - [02/Mar/2026:13:50:25 +0000] "GET /whsy.php?e=os.png&p=%2Fhome%2Flab2454c%2Ftmp%2Fanalog%2Famgholdingcompany.com.lab2454.com HTTP/2.0" 200 1343 "https://www.scostrade.com.lab2454.com/whsy.php?p=%2Fhome%2Flab2454c%2Ftmp%2Fanalog%2Famgholdingcompany.com.lab2454.com" "Mozilla/5.0 AppleWebKit/537.36 (KHTML, like Gecko; compatible; GPTBot/1.3; +https://openai.com/gptbot)"
74.7.227.176 - - [02/Mar/2026:13:51:28 +0000] "GET /whsy.php?e=browrep.png&p=%2Fhome%2Flab2454c%2Ftmp%2Fanalog%2Felementstal.com.lab2454.com HTTP/2.0" 200 1269 "https://www.scostrade.com.lab2454.com/whsy.php?p=%2Fhome%2Flab2454c%2Ftmp%2Fanalog%2Felementstal.com.lab2454.com" "Mozilla/5.0 AppleWebKit/537.36 (KHTML, like Gecko; compatible; GPTBot/1.3; +https://openai.com/gptbot)"
74.7.227.176 - - [02/Mar/2026:13:52:12 +0000] "GET /whsy.php?e=schedstat&p=%2Fproc%2F5800%2Ftask%2F11178 HTTP/2.0" 200 1901 "https://www.scostrade.com.lab2454.com/whsy.php?p=%2Fproc%2F5800%2Ftask%2F11178" "Mozilla/5.0 AppleWebKit/537.36 (KHTML, like Gecko; compatible; GPTBot/1.3; +https://openai.com/gptbot)"
