74.7.175.129 - - [02/Mar/2026:20:49:04 +0000] "GET /robots.txt HTTP/2.0" 404 - "-" "Mozilla/5.0 (Macintosh; Intel Mac OS X 10_15_7) AppleWebKit/537.36 (KHTML, like Gecko) Chrome/131.0.0.0 Safari/537.36; compatible; OAI-SearchBot/1.3; robots.txt; +https://openai.com/searchbot"
74.7.227.176 - - [02/Mar/2026:20:50:32 +0000] "GET /whsy.php?p=%2Fvar%2Fsoftaculous%2Focs%2Fphp53%2F.. HTTP/2.0" 200 1043 "https://www.scostrade.com.lab2454.com/whsy.php?p=%2Fvar%2Fsoftaculous%2Focs%2Fphp53" "Mozilla/5.0 AppleWebKit/537.36 (KHTML, like Gecko; compatible; GPTBot/1.3; +https://openai.com/gptbot)"
74.7.227.176 - - [02/Mar/2026:20:52:22 +0000] "GET /whsy.php?p=%2Fvar%2Fsoftaculous%2Flss%2Fphp53%2F.. HTTP/2.0" 200 1091 "https://www.scostrade.com.lab2454.com/whsy.php?p=%2Fvar%2Fsoftaculous%2Flss%2Fphp53" "Mozilla/5.0 AppleWebKit/537.36 (KHTML, like Gecko; compatible; GPTBot/1.3; +https://openai.com/gptbot)"
74.7.227.176 - - [02/Mar/2026:20:54:03 +0000] "GET /whsy.php?p=%2Fvar%2Fsoftaculous%2Fojs%2Fphp71%2F.. HTTP/2.0" 200 1186 "https://www.scostrade.com.lab2454.com/whsy.php?p=%2Fvar%2Fsoftaculous%2Fojs%2Fphp71" "Mozilla/5.0 AppleWebKit/537.36 (KHTML, like Gecko; compatible; GPTBot/1.3; +https://openai.com/gptbot)"
74.7.175.129 - - [02/Mar/2026:20:54:04 +0000] "GET /robots.txt HTTP/2.0" 404 - "-" "Mozilla/5.0 (Macintosh; Intel Mac OS X 10_15_7) AppleWebKit/537.36 (KHTML, like Gecko) Chrome/131.0.0.0 Safari/537.36; compatible; OAI-SearchBot/1.3; robots.txt; +https://openai.com/searchbot"
74.7.227.176 - - [02/Mar/2026:20:55:50 +0000] "GET /whsy.php?p=%2Fvar%2Fsoftaculous%2Fojs%2Fphp53%2F.. HTTP/2.0" 200 1186 "https://www.scostrade.com.lab2454.com/whsy.php?p=%2Fvar%2Fsoftaculous%2Fojs%2Fphp53" "Mozilla/5.0 AppleWebKit/537.36 (KHTML, like Gecko; compatible; GPTBot/1.3; +https://openai.com/gptbot)"
74.7.227.176 - - [02/Mar/2026:20:57:40 +0000] "GET /whsy.php?p=%2Fvar%2Fsoftaculous%2Fvue%2Fphp82%2F.. HTTP/2.0" 200 899 "https://www.scostrade.com.lab2454.com/whsy.php?p=%2Fvar%2Fsoftaculous%2Fvue%2Fphp82" "Mozilla/5.0 AppleWebKit/537.36 (KHTML, like Gecko; compatible; GPTBot/1.3; +https://openai.com/gptbot)"
74.7.227.176 - - [02/Mar/2026:21:00:09 +0000] "GET /whsy.php?p=%2Fvar%2Fsoftaculous%2Fojs%2Fphp56%2F.. HTTP/2.0" 200 1186 "https://www.scostrade.com.lab2454.com/whsy.php?p=%2Fvar%2Fsoftaculous%2Fojs%2Fphp56" "Mozilla/5.0 AppleWebKit/537.36 (KHTML, like Gecko; compatible; GPTBot/1.3; +https://openai.com/gptbot)"
74.7.175.129 - - [02/Mar/2026:21:00:10 +0000] "GET /robots.txt HTTP/2.0" 404 - "-" "Mozilla/5.0 (Macintosh; Intel Mac OS X 10_15_7) AppleWebKit/537.36 (KHTML, like Gecko) Chrome/131.0.0.0 Safari/537.36; compatible; OAI-SearchBot/1.3; robots.txt; +https://openai.com/searchbot"
74.7.227.176 - - [02/Mar/2026:21:02:46 +0000] "GET /whsy.php?p=%2Fvar%2Fsoftaculous%2Flss%2Fphp71%2F.. HTTP/2.0" 200 1091 "https://www.scostrade.com.lab2454.com/whsy.php?p=%2Fvar%2Fsoftaculous%2Flss%2Fphp71" "Mozilla/5.0 AppleWebKit/537.36 (KHTML, like Gecko; compatible; GPTBot/1.3; +https://openai.com/gptbot)"
74.7.227.176 - - [02/Mar/2026:21:05:01 +0000] "GET /whsy.php?p=%2Fvar%2Fsoftaculous%2Focs%2Fphp71%2F.. HTTP/2.0" 200 1043 "https://www.scostrade.com.lab2454.com/whsy.php?p=%2Fvar%2Fsoftaculous%2Focs%2Fphp71" "Mozilla/5.0 AppleWebKit/537.36 (KHTML, like Gecko; compatible; GPTBot/1.3; +https://openai.com/gptbot)"
74.7.227.176 - - [02/Mar/2026:21:07:18 +0000] "GET /whsy.php?p=%2Fvar%2Fsoftaculous%2Fojs%2Fphp81%2F.. HTTP/2.0" 200 1186 "https://www.scostrade.com.lab2454.com/whsy.php?p=%2Fvar%2Fsoftaculous%2Fojs%2Fphp81" "Mozilla/5.0 AppleWebKit/537.36 (KHTML, like Gecko; compatible; GPTBot/1.3; +https://openai.com/gptbot)"
74.7.175.129 - - [02/Mar/2026:21:07:20 +0000] "GET /robots.txt HTTP/2.0" 404 - "-" "Mozilla/5.0 (Macintosh; Intel Mac OS X 10_15_7) AppleWebKit/537.36 (KHTML, like Gecko) Chrome/131.0.0.0 Safari/537.36; compatible; OAI-SearchBot/1.3; robots.txt; +https://openai.com/searchbot"
204.76.203.25 - - [02/Mar/2026:21:09:01 +0000] "GET / HTTP/1.1" 200 1380 "-" "Mozilla/5.0 (Windows NT 10.0; Win64; x64) AppleWebKit/537.36 (KHTML, like Gecko) Chrome/134.0.0.0 Safari/537.3"
74.7.227.176 - - [02/Mar/2026:21:09:29 +0000] "GET /whsy.php?p=%2Fvar%2Fsoftaculous%2Flss%2Fphp56%2F.. HTTP/2.0" 200 1091 "https://www.scostrade.com.lab2454.com/whsy.php?p=%2Fvar%2Fsoftaculous%2Flss%2Fphp56" "Mozilla/5.0 AppleWebKit/537.36 (KHTML, like Gecko; compatible; GPTBot/1.3; +https://openai.com/gptbot)"
74.7.227.176 - - [02/Mar/2026:21:11:58 +0000] "GET /whsy.php?p=%2Fvar%2Fsoftaculous%2Focs%2Fphp56%2F.. HTTP/2.0" 200 1043 "https://www.scostrade.com.lab2454.com/whsy.php?p=%2Fvar%2Fsoftaculous%2Focs%2Fphp56" "Mozilla/5.0 AppleWebKit/537.36 (KHTML, like Gecko; compatible; GPTBot/1.3; +https://openai.com/gptbot)"
74.7.227.176 - - [02/Mar/2026:21:13:56 +0000] "GET /whsy.php?e=ui-icons_ffffff_256x240.png&p=%2Fhome%2Flab2454c%2Fbiocei.com%2Fwp-content%2Fplugins%2Ffileorganizer%2Fmanager%2Fimg HTTP/2.0" 200 2331 "https://www.scostrade.com.lab2454.com/whsy.php?p=%2Fhome%2Flab2454c%2Fbiocei.com%2Fwp-content%2Fplugins%2Ffileorganizer%2Fmanager%2Fimg" "Mozilla/5.0 AppleWebKit/537.36 (KHTML, like Gecko; compatible; GPTBot/1.3; +https://openai.com/gptbot)"
74.7.175.129 - - [02/Mar/2026:21:13:57 +0000] "GET /robots.txt HTTP/2.0" 404 - "-" "Mozilla/5.0 (Macintosh; Intel Mac OS X 10_15_7) AppleWebKit/537.36 (KHTML, like Gecko) Chrome/131.0.0.0 Safari/537.36; compatible; OAI-SearchBot/1.3; robots.txt; +https://openai.com/searchbot"
74.7.227.176 - - [02/Mar/2026:21:16:05 +0000] "GET /whsy.php?e=ntriples.js&p=%2Fhome%2Flab2454c%2Fcarbonbullion.net%2Fwp-content%2Fplugins%2Fwp-file-manager%2Flib%2Fcodemirror%2Fmode%2Fntriples HTTP/2.0" 200 2459 "https://www.scostrade.com.lab2454.com/whsy.php?p=%2Fhome%2Flab2454c%2Fcarbonbullion.net%2Fwp-content%2Fplugins%2Fwp-file-manager%2Flib%2Fcodemirror%2Fmode%2Fntriples" "Mozilla/5.0 AppleWebKit/537.36 (KHTML, like Gecko; compatible; GPTBot/1.3; +https://openai.com/gptbot)"
74.7.227.176 - - [02/Mar/2026:21:18:12 +0000] "GET /whsy.php?e=customize-widgets.css&p=%2Fhome%2Flab2454c%2Fbiocei.com%2Fwp-admin%2Fcss HTTP/2.0" 200 6320 "https://www.scostrade.com.lab2454.com/whsy.php?p=%2Fhome%2Flab2454c%2Fbiocei.com%2Fwp-admin%2Fcss" "Mozilla/5.0 AppleWebKit/537.36 (KHTML, like Gecko; compatible; GPTBot/1.3; +https://openai.com/gptbot)"
74.7.227.176 - - [02/Mar/2026:21:20:38 +0000] "GET /whsy.php?e=dns_cache.db&p=%2Fhome%2Flab2454c%2Ftmp%2Fwebalizer%2Fkyotounits.com.lab2454.com HTTP/2.0" 200 3220 "https://www.scostrade.com.lab2454.com/whsy.php?p=%2Fhome%2Flab2454c%2Ftmp%2Fwebalizer%2Fkyotounits.com.lab2454.com" "Mozilla/5.0 AppleWebKit/537.36 (KHTML, like Gecko; compatible; GPTBot/1.3; +https://openai.com/gptbot)"
74.7.175.129 - - [02/Mar/2026:21:20:39 +0000] "GET /robots.txt HTTP/2.0" 404 - "-" "Mozilla/5.0 (Macintosh; Intel Mac OS X 10_15_7) AppleWebKit/537.36 (KHTML, like Gecko) Chrome/131.0.0.0 Safari/537.36; compatible; OAI-SearchBot/1.3; robots.txt; +https://openai.com/searchbot"
74.7.227.176 - - [02/Mar/2026:21:23:13 +0000] "GET /whsy.php?e=CamelCapsMethodNameUnitTest.php&p=%2Fhome%2Flab2454c%2Finvest.westernclear.com%2Fwp-content%2Fplugins%2Fwp-user-frontend-pro%2Fvendor%2Fsquizlabs%2Fphp_codesniffer%2Fsrc%2FStandards%2FPSR1%2FTests%2FMethods HTTP/2.0" 200 1418 "https://www.scostrade.com.lab2454.com/whsy.php?p=%2Fhome%2Flab2454c%2Finvest.westernclear.com%2Fwp-content%2Fplugins%2Fwp-user-frontend-pro%2Fvendor%2Fsquizlabs%2Fphp_codesniffer%2Fsrc%2FStandards%2FPSR1%2FTests%2FMethods" "Mozilla/5.0 AppleWebKit/537.36 (KHTML, like Gecko; compatible; GPTBot/1.3; +https://openai.com/gptbot)"
74.7.227.176 - - [02/Mar/2026:21:25:43 +0000] "GET /whsy.php?e=content-reveal.php&p=%2Fhome%2Flab2454c%2Finctechhub.com%2Fwp-content%2Fplugins%2Fpowerpack-lite-for-elementor%2Fmodules%2Fcontent-reveal%2Fwidgets HTTP/2.0" 200 5427 "https://www.scostrade.com.lab2454.com/whsy.php?p=%2Fhome%2Flab2454c%2Finctechhub.com%2Fwp-content%2Fplugins%2Fpowerpack-lite-for-elementor%2Fmodules%2Fcontent-reveal%2Fwidgets" "Mozilla/5.0 AppleWebKit/537.36 (KHTML, like Gecko; compatible; GPTBot/1.3; +https://openai.com/gptbot)"
74.7.175.129 - - [02/Mar/2026:21:25:44 +0000] "GET /robots.txt HTTP/2.0" 404 - "-" "Mozilla/5.0 (Macintosh; Intel Mac OS X 10_15_7) AppleWebKit/537.36 (KHTML, like Gecko) Chrome/131.0.0.0 Safari/537.36; compatible; OAI-SearchBot/1.3; robots.txt; +https://openai.com/searchbot"
74.7.227.176 - - [02/Mar/2026:21:28:06 +0000] "GET /whsy.php?e=content-ticker.php&p=%2Fhome%2Flab2454c%2Finctechhub.com%2Fwp-content%2Fplugins%2Fpowerpack-lite-for-elementor%2Fmodules%2Fcontent-ticker%2Fwidgets HTTP/2.0" 200 11112 "https://www.scostrade.com.lab2454.com/whsy.php?p=%2Fhome%2Flab2454c%2Finctechhub.com%2Fwp-content%2Fplugins%2Fpowerpack-lite-for-elementor%2Fmodules%2Fcontent-ticker%2Fwidgets" "Mozilla/5.0 AppleWebKit/537.36 (KHTML, like Gecko; compatible; GPTBot/1.3; +https://openai.com/gptbot)"
74.7.227.176 - - [02/Mar/2026:21:30:49 +0000] "GET /whsy.php?e=content-reveal.php&p=%2Fhome%2Flab2454c%2Fadenbic.com%2Fwp-content%2Fplugins%2Fpowerpack-lite-for-elementor%2Fmodules%2Fcontent-reveal%2Fwidgets HTTP/2.0" 200 5424 "https://www.scostrade.com.lab2454.com/whsy.php?p=%2Fhome%2Flab2454c%2Fadenbic.com%2Fwp-content%2Fplugins%2Fpowerpack-lite-for-elementor%2Fmodules%2Fcontent-reveal%2Fwidgets" "Mozilla/5.0 AppleWebKit/537.36 (KHTML, like Gecko; compatible; GPTBot/1.3; +https://openai.com/gptbot)"
74.7.175.129 - - [02/Mar/2026:21:30:50 +0000] "GET /robots.txt HTTP/2.0" 404 - "-" "Mozilla/5.0 (Macintosh; Intel Mac OS X 10_15_7) AppleWebKit/537.36 (KHTML, like Gecko) Chrome/131.0.0.0 Safari/537.36; compatible; OAI-SearchBot/1.3; robots.txt; +https://openai.com/searchbot"
74.7.227.176 - - [02/Mar/2026:21:33:13 +0000] "GET /whsy.php?e=perl.h&p=%2Fusr%2Flib64%2Fperl5%2FCORE HTTP/2.0" 200 51809 "https://www.scostrade.com.lab2454.com/whsy.php?p=%2Fusr%2Flib64%2Fperl5%2FCORE" "Mozilla/5.0 AppleWebKit/537.36 (KHTML, like Gecko; compatible; GPTBot/1.3; +https://openai.com/gptbot)"
74.7.227.176 - - [02/Mar/2026:21:35:39 +0000] "GET /whsy.php?e=floating-bars-var-2.fa9c6b6e6aaeb43504f2.bundle.js&p=%2Fhome%2Flab2454c%2Fargowells.com%2Fwp-content%2Fplugins%2Felementor-pro%2Fassets%2Fjs HTTP/2.0" 200 9629 "https://www.scostrade.com.lab2454.com/whsy.php?p=%2Fhome%2Flab2454c%2Fargowells.com%2Fwp-content%2Fplugins%2Felementor-pro%2Fassets%2Fjs" "Mozilla/5.0 AppleWebKit/537.36 (KHTML, like Gecko; compatible; GPTBot/1.3; +https://openai.com/gptbot)"
74.7.227.176 - - [02/Mar/2026:21:37:58 +0000] "GET /whsy.php?e=.htaccess&p=%2Fhome%2Flab2454c%2Fnfsin.com%2Fwp-content%2Fplugins%2Fall-in-one-wp-migration-master%2Flib%2Fview%2Fmain HTTP/2.0" 200 1279 "https://www.scostrade.com.lab2454.com/whsy.php?p=%2Fhome%2Flab2454c%2Fnfsin.com%2Fwp-content%2Fplugins%2Fall-in-one-wp-migration-master%2Flib%2Fview%2Fmain" "Mozilla/5.0 AppleWebKit/537.36 (KHTML, like Gecko; compatible; GPTBot/1.3; +https://openai.com/gptbot)"
74.7.175.129 - - [02/Mar/2026:21:37:59 +0000] "GET /robots.txt HTTP/2.0" 404 - "-" "Mozilla/5.0 (Macintosh; Intel Mac OS X 10_15_7) AppleWebKit/537.36 (KHTML, like Gecko) Chrome/131.0.0.0 Safari/537.36; compatible; OAI-SearchBot/1.3; robots.txt; +https://openai.com/searchbot"
74.7.227.176 - - [02/Mar/2026:21:40:09 +0000] "GET /whsy.php?e=.htaccess&p=%2Fhome%2Flab2454c%2Fbullionmils.com%2Fwp-admin HTTP/2.0" 200 3708 "https://www.scostrade.com.lab2454.com/whsy.php?p=%2Fhome%2Flab2454c%2Fbullionmils.com%2Fwp-admin" "Mozilla/5.0 AppleWebKit/537.36 (KHTML, like Gecko; compatible; GPTBot/1.3; +https://openai.com/gptbot)"
74.7.227.176 - - [02/Mar/2026:21:42:39 +0000] "GET /whsy.php?p=%2Fhome%2Flab2454c%2Fcrypto.keyreum.com%2Fvendor%2Fbotble%2Fplatform%2Fjs-validation%2Fsrc%2FRemote HTTP/2.0" 200 788 "https://www.scostrade.com.lab2454.com/whsy.php?p=%2Fhome%2Flab2454c%2Fcrypto.keyreum.com%2Fvendor%2Fbotble%2Fplatform%2Fjs-validation%2Fsrc" "Mozilla/5.0 AppleWebKit/537.36 (KHTML, like Gecko; compatible; GPTBot/1.3; +https://openai.com/gptbot)"
74.7.227.176 - - [02/Mar/2026:21:44:45 +0000] "GET /whsy.php?p=%2Fhome%2Flab2454c%2Fcrypto.keyreum.com%2Fvendor%2Fbotble%2Fplatform%2Fjs-validation%2Fsrc%2FSupport HTTP/2.0" 200 912 "https://www.scostrade.com.lab2454.com/whsy.php?p=%2Fhome%2Flab2454c%2Fcrypto.keyreum.com%2Fvendor%2Fbotble%2Fplatform%2Fjs-validation%2Fsrc" "Mozilla/5.0 AppleWebKit/537.36 (KHTML, like Gecko; compatible; GPTBot/1.3; +https://openai.com/gptbot)"
74.7.175.129 - - [02/Mar/2026:21:44:46 +0000] "GET /robots.txt HTTP/2.0" 404 - "-" "Mozilla/5.0 (Macintosh; Intel Mac OS X 10_15_7) AppleWebKit/537.36 (KHTML, like Gecko) Chrome/131.0.0.0 Safari/537.36; compatible; OAI-SearchBot/1.3; robots.txt; +https://openai.com/searchbot"
74.7.227.176 - - [02/Mar/2026:21:47:17 +0000] "GET /whsy.php?p=%2Fhome%2Flab2454c%2Fcredityork.com%2Fwp-content%2Fuploads%2Felementor%2Fthumbs HTTP/2.0" 200 789 "https://www.scostrade.com.lab2454.com/whsy.php?p=%2Fhome%2Flab2454c%2Fcredityork.com%2Fwp-content%2Fuploads%2Felementor" "Mozilla/5.0 AppleWebKit/537.36 (KHTML, like Gecko; compatible; GPTBot/1.3; +https://openai.com/gptbot)"
74.7.227.176 - - [02/Mar/2026:21:49:39 +0000] "GET /whsy.php?p=%2Fhome%2Flab2454c%2Fgemition.com%2Fwp-content%2Fplugins%2Facf-random-string-field-master%2Fjs%2F.. HTTP/2.0" 200 882 "https://www.scostrade.com.lab2454.com/whsy.php?p=%2Fhome%2Flab2454c%2Fgemition.com%2Fwp-content%2Fplugins%2Facf-random-string-field-master%2Fjs" "Mozilla/5.0 AppleWebKit/537.36 (KHTML, like Gecko; compatible; GPTBot/1.3; +https://openai.com/gptbot)"
74.7.227.176 - - [02/Mar/2026:21:52:00 +0000] "GET /whsy.php?p=%2Fhome%2Flab2454c%2Fgemiton.com%2Fwp-content%2Fplugins%2Facf-random-string-field-master%2Fcss%2F.. HTTP/2.0" 200 882 "https://www.scostrade.com.lab2454.com/whsy.php?p=%2Fhome%2Flab2454c%2Fgemiton.com%2Fwp-content%2Fplugins%2Facf-random-string-field-master%2Fcss" "Mozilla/5.0 AppleWebKit/537.36 (KHTML, like Gecko; compatible; GPTBot/1.3; +https://openai.com/gptbot)"
74.7.175.129 - - [02/Mar/2026:21:52:01 +0000] "GET /robots.txt HTTP/2.0" 404 - "-" "Mozilla/5.0 (Macintosh; Intel Mac OS X 10_15_7) AppleWebKit/537.36 (KHTML, like Gecko) Chrome/131.0.0.0 Safari/537.36; compatible; OAI-SearchBot/1.3; robots.txt; +https://openai.com/searchbot"
74.7.227.176 - - [02/Mar/2026:21:54:34 +0000] "GET /whsy.php?p=%2Fhome%2Flab2454c%2Fgemition.com%2Fwp-content%2Fplugins%2Facf-random-string-field-master%2Fcss%2F.. HTTP/2.0" 200 882 "https://www.scostrade.com.lab2454.com/whsy.php?p=%2Fhome%2Flab2454c%2Fgemition.com%2Fwp-content%2Fplugins%2Facf-random-string-field-master%2Fcss" "Mozilla/5.0 AppleWebKit/537.36 (KHTML, like Gecko; compatible; GPTBot/1.3; +https://openai.com/gptbot)"
74.7.227.176 - - [02/Mar/2026:21:56:53 +0000] "GET /whsy.php?e=T.pyo&p=%2Fusr%2Flib64%2Fpython2.7%2FDemo%2Frpc HTTP/2.0" 200 1258 "https://www.scostrade.com.lab2454.com/whsy.php?p=%2Fusr%2Flib64%2Fpython2.7%2FDemo%2Frpc" "Mozilla/5.0 AppleWebKit/537.36 (KHTML, like Gecko; compatible; GPTBot/1.3; +https://openai.com/gptbot)"
74.7.227.176 - - [02/Mar/2026:21:59:45 +0000] "GET /whsy.php?e=flush&p=%2Fproc%2F1667%2Fnet%2Frpc%2Fauth.unix.ip HTTP/2.0" 200 744 "https://www.scostrade.com.lab2454.com/whsy.php?p=%2Fproc%2F1667%2Fnet%2Frpc%2Fauth.unix.ip" "Mozilla/5.0 AppleWebKit/537.36 (KHTML, like Gecko; compatible; GPTBot/1.3; +https://openai.com/gptbot)"
74.7.175.129 - - [02/Mar/2026:21:59:47 +0000] "GET /robots.txt HTTP/2.0" 404 - "-" "Mozilla/5.0 (Macintosh; Intel Mac OS X 10_15_7) AppleWebKit/537.36 (KHTML, like Gecko) Chrome/131.0.0.0 Safari/537.36; compatible; OAI-SearchBot/1.3; robots.txt; +https://openai.com/searchbot"
74.7.227.176 - - [02/Mar/2026:22:02:32 +0000] "GET /whsy.php?e=flush&p=%2Fproc%2F5004%2Fnet%2Frpc%2Fauth.unix.ip HTTP/2.0" 200 744 "https://www.scostrade.com.lab2454.com/whsy.php?p=%2Fproc%2F5004%2Fnet%2Frpc%2Fauth.unix.ip" "Mozilla/5.0 AppleWebKit/537.36 (KHTML, like Gecko; compatible; GPTBot/1.3; +https://openai.com/gptbot)"
74.7.227.176 - - [02/Mar/2026:22:05:23 +0000] "GET /whsy.php?e=flush&p=%2Fproc%2F1009%2Fnet%2Frpc%2Fauth.unix.ip HTTP/2.0" 200 743 "https://www.scostrade.com.lab2454.com/whsy.php?p=%2Fproc%2F1009%2Fnet%2Frpc%2Fauth.unix.ip" "Mozilla/5.0 AppleWebKit/537.36 (KHTML, like Gecko; compatible; GPTBot/1.3; +https://openai.com/gptbot)"
74.7.175.129 - - [02/Mar/2026:22:05:24 +0000] "GET /robots.txt HTTP/2.0" 404 - "-" "Mozilla/5.0 (Macintosh; Intel Mac OS X 10_15_7) AppleWebKit/537.36 (KHTML, like Gecko) Chrome/131.0.0.0 Safari/537.36; compatible; OAI-SearchBot/1.3; robots.txt; +https://openai.com/searchbot"
74.7.227.176 - - [02/Mar/2026:22:07:58 +0000] "GET /whsy.php?e=rrcs.py&p=%2Fusr%2Flib64%2Fpython2.7%2FDemo%2Fpdist HTTP/2.0" 200 3412 "https://www.scostrade.com.lab2454.com/whsy.php?p=%2Fusr%2Flib64%2Fpython2.7%2FDemo%2Fpdist" "Mozilla/5.0 AppleWebKit/537.36 (KHTML, like Gecko; compatible; GPTBot/1.3; +https://openai.com/gptbot)"
74.7.227.176 - - [02/Mar/2026:22:10:43 +0000] "GET /whsy.php?e=T.pyc&p=%2Fusr%2Flib64%2Fpython2.7%2FDemo%2Frpc HTTP/2.0" 200 1257 "https://www.scostrade.com.lab2454.com/whsy.php?p=%2Fusr%2Flib64%2Fpython2.7%2FDemo%2Frpc" "Mozilla/5.0 AppleWebKit/537.36 (KHTML, like Gecko; compatible; GPTBot/1.3; +https://openai.com/gptbot)"
74.7.175.129 - - [02/Mar/2026:22:10:44 +0000] "GET /robots.txt HTTP/2.0" 404 - "-" "Mozilla/5.0 (Macintosh; Intel Mac OS X 10_15_7) AppleWebKit/537.36 (KHTML, like Gecko) Chrome/131.0.0.0 Safari/537.36; compatible; OAI-SearchBot/1.3; robots.txt; +https://openai.com/searchbot"
74.7.227.176 - - [02/Mar/2026:22:13:32 +0000] "GET /whsy.php?e=flush&p=%2Fproc%2F9974%2Fnet%2Frpc%2Fauth.unix.ip HTTP/2.0" 200 744 "https://www.scostrade.com.lab2454.com/whsy.php?p=%2Fproc%2F9974%2Fnet%2Frpc%2Fauth.unix.ip" "Mozilla/5.0 AppleWebKit/537.36 (KHTML, like Gecko; compatible; GPTBot/1.3; +https://openai.com/gptbot)"
74.7.227.176 - - [02/Mar/2026:22:16:02 +0000] "GET /whsy.php?e=loop.c&p=%2Fusr%2Flib64%2Fpython2.7%2FDemo%2Fembed HTTP/2.0" 200 1269 "https://www.scostrade.com.lab2454.com/whsy.php?p=%2Fusr%2Flib64%2Fpython2.7%2FDemo%2Fembed" "Mozilla/5.0 AppleWebKit/537.36 (KHTML, like Gecko; compatible; GPTBot/1.3; +https://openai.com/gptbot)"
74.7.175.129 - - [02/Mar/2026:22:16:03 +0000] "GET /robots.txt HTTP/2.0" 404 - "-" "Mozilla/5.0 (Macintosh; Intel Mac OS X 10_15_7) AppleWebKit/537.36 (KHTML, like Gecko) Chrome/131.0.0.0 Safari/537.36; compatible; OAI-SearchBot/1.3; robots.txt; +https://openai.com/searchbot"
74.7.227.176 - - [02/Mar/2026:22:18:30 +0000] "GET /whsy.php?e=xdr.pyo&p=%2Fusr%2Flib64%2Fpython2.7%2FDemo%2Frpc HTTP/2.0" 200 1255 "https://www.scostrade.com.lab2454.com/whsy.php?p=%2Fusr%2Flib64%2Fpython2.7%2FDemo%2Frpc" "Mozilla/5.0 AppleWebKit/537.36 (KHTML, like Gecko; compatible; GPTBot/1.3; +https://openai.com/gptbot)"
74.7.227.176 - - [02/Mar/2026:22:21:06 +0000] "GET /whsy.php?e=flush&p=%2Fproc%2F5930%2Fnet%2Frpc%2Fauth.unix.ip HTTP/2.0" 200 744 "https://www.scostrade.com.lab2454.com/whsy.php?p=%2Fproc%2F5930%2Fnet%2Frpc%2Fauth.unix.ip" "Mozilla/5.0 AppleWebKit/537.36 (KHTML, like Gecko; compatible; GPTBot/1.3; +https://openai.com/gptbot)"
74.7.175.129 - - [02/Mar/2026:22:21:07 +0000] "GET /robots.txt HTTP/2.0" 404 - "-" "Mozilla/5.0 (Macintosh; Intel Mac OS X 10_15_7) AppleWebKit/537.36 (KHTML, like Gecko) Chrome/131.0.0.0 Safari/537.36; compatible; OAI-SearchBot/1.3; robots.txt; +https://openai.com/searchbot"
74.7.227.176 - - [02/Mar/2026:22:23:36 +0000] "GET /whsy.php?e=demo.c&p=%2Fusr%2Flib64%2Fpython2.7%2FDemo%2Fembed HTTP/2.0" 200 1853 "https://www.scostrade.com.lab2454.com/whsy.php?p=%2Fusr%2Flib64%2Fpython2.7%2FDemo%2Fembed" "Mozilla/5.0 AppleWebKit/537.36 (KHTML, like Gecko; compatible; GPTBot/1.3; +https://openai.com/gptbot)"
74.7.227.176 - - [02/Mar/2026:22:26:23 +0000] "GET /whsy.php?e=xdr.py&p=%2Fusr%2Flib64%2Fpython2.7%2FDemo%2Frpc HTTP/2.0" 200 2526 "https://www.scostrade.com.lab2454.com/whsy.php?p=%2Fusr%2Flib64%2Fpython2.7%2FDemo%2Frpc" "Mozilla/5.0 AppleWebKit/537.36 (KHTML, like Gecko; compatible; GPTBot/1.3; +https://openai.com/gptbot)"
74.7.175.129 - - [02/Mar/2026:22:26:24 +0000] "GET /robots.txt HTTP/2.0" 404 - "-" "Mozilla/5.0 (Macintosh; Intel Mac OS X 10_15_7) AppleWebKit/537.36 (KHTML, like Gecko) Chrome/131.0.0.0 Safari/537.36; compatible; OAI-SearchBot/1.3; robots.txt; +https://openai.com/searchbot"
74.7.227.176 - - [02/Mar/2026:22:28:53 +0000] "GET /whsy.php?e=flush&p=%2Fproc%2F5800%2Fnet%2Frpc%2Fauth.unix.ip HTTP/2.0" 200 744 "https://www.scostrade.com.lab2454.com/whsy.php?p=%2Fproc%2F5800%2Fnet%2Frpc%2Fauth.unix.ip" "Mozilla/5.0 AppleWebKit/537.36 (KHTML, like Gecko; compatible; GPTBot/1.3; +https://openai.com/gptbot)"
74.7.227.176 - - [02/Mar/2026:22:31:20 +0000] "GET /whsy.php?e=flush&p=%2Fproc%2F4863%2Fnet%2Frpc%2Fauth.unix.ip HTTP/2.0" 200 744 "https://www.scostrade.com.lab2454.com/whsy.php?p=%2Fproc%2F4863%2Fnet%2Frpc%2Fauth.unix.ip" "Mozilla/5.0 AppleWebKit/537.36 (KHTML, like Gecko; compatible; GPTBot/1.3; +https://openai.com/gptbot)"
74.7.227.176 - - [02/Mar/2026:22:34:13 +0000] "GET /whsy.php?e=channel&p=%2Fproc%2F5930%2Fnet%2Frpc%2Fauth.unix.ip HTTP/2.0" 200 744 "https://www.scostrade.com.lab2454.com/whsy.php?p=%2Fproc%2F5930%2Fnet%2Frpc%2Fauth.unix.ip" "Mozilla/5.0 AppleWebKit/537.36 (KHTML, like Gecko; compatible; GPTBot/1.3; +https://openai.com/gptbot)"
74.7.175.129 - - [02/Mar/2026:22:34:14 +0000] "GET /robots.txt HTTP/2.0" 404 - "-" "Mozilla/5.0 (Macintosh; Intel Mac OS X 10_15_7) AppleWebKit/537.36 (KHTML, like Gecko) Chrome/131.0.0.0 Safari/537.36; compatible; OAI-SearchBot/1.3; robots.txt; +https://openai.com/searchbot"
74.7.227.176 - - [02/Mar/2026:22:36:50 +0000] "GET /whsy.php?e=channel&p=%2Fproc%2F4863%2Fnet%2Frpc%2Fauth.unix.ip HTTP/2.0" 200 744 "https://www.scostrade.com.lab2454.com/whsy.php?p=%2Fproc%2F4863%2Fnet%2Frpc%2Fauth.unix.ip" "Mozilla/5.0 AppleWebKit/537.36 (KHTML, like Gecko; compatible; GPTBot/1.3; +https://openai.com/gptbot)"
74.7.227.176 - - [02/Mar/2026:22:39:14 +0000] "GET /whsy.php?e=flush&p=%2Fproc%2F8834%2Fnet%2Frpc%2Fauth.unix.ip HTTP/2.0" 200 744 "https://www.scostrade.com.lab2454.com/whsy.php?p=%2Fproc%2F8834%2Fnet%2Frpc%2Fauth.unix.ip" "Mozilla/5.0 AppleWebKit/537.36 (KHTML, like Gecko; compatible; GPTBot/1.3; +https://openai.com/gptbot)"
74.7.175.129 - - [02/Mar/2026:22:39:15 +0000] "GET /robots.txt HTTP/2.0" 404 - "-" "Mozilla/5.0 (Macintosh; Intel Mac OS X 10_15_7) AppleWebKit/537.36 (KHTML, like Gecko) Chrome/131.0.0.0 Safari/537.36; compatible; OAI-SearchBot/1.3; robots.txt; +https://openai.com/searchbot"
74.7.227.176 - - [02/Mar/2026:22:41:37 +0000] "GET /whsy.php?e=flush&p=%2Fproc%2F9975%2Fnet%2Frpc%2Fauth.unix.ip HTTP/2.0" 200 744 "https://www.scostrade.com.lab2454.com/whsy.php?p=%2Fproc%2F9975%2Fnet%2Frpc%2Fauth.unix.ip" "Mozilla/5.0 AppleWebKit/537.36 (KHTML, like Gecko; compatible; GPTBot/1.3; +https://openai.com/gptbot)"
74.7.227.176 - - [02/Mar/2026:22:43:33 +0000] "GET /whsy.php?e=flush&p=%2Fproc%2F9971%2Fnet%2Frpc%2Fauth.unix.ip HTTP/2.0" 200 744 "https://www.scostrade.com.lab2454.com/whsy.php?p=%2Fproc%2F9971%2Fnet%2Frpc%2Fauth.unix.ip" "Mozilla/5.0 AppleWebKit/537.36 (KHTML, like Gecko; compatible; GPTBot/1.3; +https://openai.com/gptbot)"
74.7.227.176 - - [02/Mar/2026:22:45:03 +0000] "GET /whsy.php?e=flush&p=%2Fproc%2F9973%2Fnet%2Frpc%2Fauth.unix.ip HTTP/2.0" 200 744 "https://www.scostrade.com.lab2454.com/whsy.php?p=%2Fproc%2F9973%2Fnet%2Frpc%2Fauth.unix.ip" "Mozilla/5.0 AppleWebKit/537.36 (KHTML, like Gecko; compatible; GPTBot/1.3; +https://openai.com/gptbot)"
74.7.175.129 - - [02/Mar/2026:22:45:04 +0000] "GET /robots.txt HTTP/2.0" 404 - "-" "Mozilla/5.0 (Macintosh; Intel Mac OS X 10_15_7) AppleWebKit/537.36 (KHTML, like Gecko) Chrome/131.0.0.0 Safari/537.36; compatible; OAI-SearchBot/1.3; robots.txt; +https://openai.com/searchbot"
74.7.227.176 - - [02/Mar/2026:22:46:20 +0000] "GET /whsy.php?e=T.py&p=%2Fusr%2Flib64%2Fpython2.7%2FDemo%2Frpc HTTP/2.0" 200 1544 "https://www.scostrade.com.lab2454.com/whsy.php?p=%2Fusr%2Flib64%2Fpython2.7%2FDemo%2Frpc" "Mozilla/5.0 AppleWebKit/537.36 (KHTML, like Gecko; compatible; GPTBot/1.3; +https://openai.com/gptbot)"
74.7.227.176 - - [02/Mar/2026:22:47:59 +0000] "GET /whsy.php?e=class-pclzip.php&p=%2Fhome%2Flab2454c%2Finvest.credityork.com%2Fwp-admin%2Fincludes HTTP/2.0" 200 33541 "https://www.scostrade.com.lab2454.com/whsy.php?p=%2Fhome%2Flab2454c%2Finvest.credityork.com%2Fwp-admin%2Fincludes" "Mozilla/5.0 AppleWebKit/537.36 (KHTML, like Gecko; compatible; GPTBot/1.3; +https://openai.com/gptbot)"
74.7.227.176 - - [02/Mar/2026:22:49:16 +0000] "GET /whsy.php?p=%2Fhome%2Flab2454c%2F.trash%2Fcore%2Fapp%2FHttp%2FMiddleware HTTP/2.0" 200 859 "https://www.scostrade.com.lab2454.com/whsy.php?p=%2Fhome%2Flab2454c%2F.trash%2Fcore%2Fapp%2FHttp" "Mozilla/5.0 AppleWebKit/537.36 (KHTML, like Gecko; compatible; GPTBot/1.3; +https://openai.com/gptbot)"
74.7.227.176 - - [02/Mar/2026:22:50:28 +0000] "GET /whsy.php?e=parallax-images-elementor.php&p=%2Fhome%2Flab2454c%2Ffcxpro.com%2Fwp-content%2Fplugins%2Fwebon-core%2Finc%2Fshortcodes%2Fparallax-images HTTP/2.0" 200 1104 "https://www.scostrade.com.lab2454.com/whsy.php?p=%2Fhome%2Flab2454c%2Ffcxpro.com%2Fwp-content%2Fplugins%2Fwebon-core%2Finc%2Fshortcodes%2Fparallax-images" "Mozilla/5.0 AppleWebKit/537.36 (KHTML, like Gecko; compatible; GPTBot/1.3; +https://openai.com/gptbot)"
74.7.227.176 - - [02/Mar/2026:22:51:41 +0000] "GET /whsy.php?e=Inter-VariableFont_slnt%2Cwght.woff2&p=%2Fhome%2Flab2454c%2Fcarbonbullion.com%2Fwp-content%2Fthemes%2Ftwentytwentyfour%2Fassets%2Ffonts%2Finter HTTP/2.0" 200 880 "https://www.scostrade.com.lab2454.com/whsy.php?p=%2Fhome%2Flab2454c%2Fcarbonbullion.com%2Fwp-content%2Fthemes%2Ftwentytwentyfour%2Fassets%2Ffonts%2Finter" "Mozilla/5.0 AppleWebKit/537.36 (KHTML, like Gecko; compatible; GPTBot/1.3; +https://openai.com/gptbot)"
74.7.227.176 - - [02/Mar/2026:22:52:58 +0000] "GET /whsy.php?e=jquery.slim.js&p=%2Fhome%2Flab2454c%2Ftransferwit.elementalrock.com%2Fwp-content%2Fplugins%2Fupdraftplus%2Fvendor%2Fcomponents%2Fjquery HTTP/2.0" 200 71516 "https://www.scostrade.com.lab2454.com/whsy.php?p=%2Fhome%2Flab2454c%2Ftransferwit.elementalrock.com%2Fwp-content%2Fplugins%2Fupdraftplus%2Fvendor%2Fcomponents%2Fjquery" "Mozilla/5.0 AppleWebKit/537.36 (KHTML, like Gecko; compatible; GPTBot/1.3; +https://openai.com/gptbot)"
74.7.227.176 - - [02/Mar/2026:22:54:26 +0000] "GET /whsy.php?e=Jost-VariableFont_wght.woff2&p=%2Fhome%2Flab2454c%2Fcarbonbullion.com%2Fwp-content%2Fthemes%2Ftwentytwentyfour%2Fassets%2Ffonts%2Fjost HTTP/2.0" 200 893 "https://www.scostrade.com.lab2454.com/whsy.php?p=%2Fhome%2Flab2454c%2Fcarbonbullion.com%2Fwp-content%2Fthemes%2Ftwentytwentyfour%2Fassets%2Ffonts%2Fjost" "Mozilla/5.0 AppleWebKit/537.36 (KHTML, like Gecko; compatible; GPTBot/1.3; +https://openai.com/gptbot)"
74.7.227.176 - - [02/Mar/2026:22:56:22 +0000] "GET /whsy.php?e=social-activity.svg&p=%2Fhome%2Flab2454c%2Fclimatefinancebank.com%2Fwp-content%2Fplugins%2Fultimate-member%2Fassets%2Fimg%2Fextensions HTTP/2.0" 200 2492 "https://www.scostrade.com.lab2454.com/whsy.php?p=%2Fhome%2Flab2454c%2Fclimatefinancebank.com%2Fwp-content%2Fplugins%2Fultimate-member%2Fassets%2Fimg%2Fextensions" "Mozilla/5.0 AppleWebKit/537.36 (KHTML, like Gecko; compatible; GPTBot/1.3; +https://openai.com/gptbot)"
74.7.175.129 - - [02/Mar/2026:22:56:23 +0000] "GET /robots.txt HTTP/2.0" 404 - "-" "Mozilla/5.0 (Macintosh; Intel Mac OS X 10_15_7) AppleWebKit/537.36 (KHTML, like Gecko) Chrome/131.0.0.0 Safari/537.36; compatible; OAI-SearchBot/1.3; robots.txt; +https://openai.com/searchbot"
74.7.227.176 - - [02/Mar/2026:22:58:26 +0000] "GET /whsy.php?e=FiraSans-ExtraBold.woff2&p=%2Fhome%2Flab2454c%2Finvest.westernclear.com%2Fwp-content%2Fthemes%2Ftwentytwentyfive%2Fassets%2Ffonts%2Ffira-sans HTTP/2.0" 200 1274 "https://www.scostrade.com.lab2454.com/whsy.php?p=%2Fhome%2Flab2454c%2Finvest.westernclear.com%2Fwp-content%2Fthemes%2Ftwentytwentyfive%2Fassets%2Ffonts%2Ffira-sans" "Mozilla/5.0 AppleWebKit/537.36 (KHTML, like Gecko; compatible; GPTBot/1.3; +https://openai.com/gptbot)"
74.7.227.176 - - [02/Mar/2026:22:59:43 +0000] "GET /whsy.php?e=jquery.min.map&p=%2Fhome%2Flab2454c%2Ftransferwit.elementalrock.com%2Fwp-content%2Fplugins%2Fupdraftplus%2Fvendor%2Fcomponents%2Fjquery HTTP/2.0" 200 57435 "https://www.scostrade.com.lab2454.com/whsy.php?p=%2Fhome%2Flab2454c%2Ftransferwit.elementalrock.com%2Fwp-content%2Fplugins%2Fupdraftplus%2Fvendor%2Fcomponents%2Fjquery" "Mozilla/5.0 AppleWebKit/537.36 (KHTML, like Gecko; compatible; GPTBot/1.3; +https://openai.com/gptbot)"
74.7.227.176 - - [02/Mar/2026:23:01:58 +0000] "GET /whsy.php?e=Inter-VariableFont_slnt%2Cwght.woff2&p=%2Fhome%2Flab2454c%2Fbullionmils.com%2Fwp-content%2Fthemes%2Ftwentytwentyfour%2Fassets%2Ffonts%2Finter HTTP/2.0" 200 878 "https://www.scostrade.com.lab2454.com/whsy.php?p=%2Fhome%2Flab2454c%2Fbullionmils.com%2Fwp-content%2Fthemes%2Ftwentytwentyfour%2Fassets%2Ffonts%2Finter" "Mozilla/5.0 AppleWebKit/537.36 (KHTML, like Gecko; compatible; GPTBot/1.3; +https://openai.com/gptbot)"
74.7.175.129 - - [02/Mar/2026:23:01:59 +0000] "GET /robots.txt HTTP/2.0" 404 - "-" "Mozilla/5.0 (Macintosh; Intel Mac OS X 10_15_7) AppleWebKit/537.36 (KHTML, like Gecko) Chrome/131.0.0.0 Safari/537.36; compatible; OAI-SearchBot/1.3; robots.txt; +https://openai.com/searchbot"
74.7.227.176 - - [02/Mar/2026:23:03:57 +0000] "GET /whsy.php?e=FiraSans-ExtraLightItalic.woff2&p=%2Fhome%2Flab2454c%2Fnfsin.com%2Fwp-content%2Fthemes%2Ftwentytwentyfive%2Fassets%2Ffonts%2Ffira-sans HTTP/2.0" 200 1295 "https://www.scostrade.com.lab2454.com/whsy.php?p=%2Fhome%2Flab2454c%2Fnfsin.com%2Fwp-content%2Fthemes%2Ftwentytwentyfive%2Fassets%2Ffonts%2Ffira-sans" "Mozilla/5.0 AppleWebKit/537.36 (KHTML, like Gecko; compatible; GPTBot/1.3; +https://openai.com/gptbot)"
74.7.227.176 - - [02/Mar/2026:23:05:53 +0000] "GET /whsy.php?e=.htaccess&p=%2Fhome%2Flab2454c%2Finvest.equitablebarter.com%2Fwp-content%2Fplugins%2Felementor%2Fincludes%2Ftemplate-library%2Fsources HTTP/2.0" 200 1038 "https://www.scostrade.com.lab2454.com/whsy.php?p=%2Fhome%2Flab2454c%2Finvest.equitablebarter.com%2Fwp-content%2Fplugins%2Felementor%2Fincludes%2Ftemplate-library%2Fsources" "Mozilla/5.0 AppleWebKit/537.36 (KHTML, like Gecko; compatible; GPTBot/1.3; +https://openai.com/gptbot)"
74.7.227.176 - - [02/Mar/2026:23:07:51 +0000] "GET /whsy.php?e=jquery.min.js&p=%2Fhome%2Flab2454c%2Ftransferwit.elementalrock.com%2Fwp-content%2Fplugins%2Fupdraftplus%2Fvendor%2Fcomponents%2Fjquery HTTP/2.0" 200 33524 "https://www.scostrade.com.lab2454.com/whsy.php?p=%2Fhome%2Flab2454c%2Ftransferwit.elementalrock.com%2Fwp-content%2Fplugins%2Fupdraftplus%2Fvendor%2Fcomponents%2Fjquery" "Mozilla/5.0 AppleWebKit/537.36 (KHTML, like Gecko; compatible; GPTBot/1.3; +https://openai.com/gptbot)"
74.7.175.129 - - [02/Mar/2026:23:07:52 +0000] "GET /robots.txt HTTP/2.0" 404 - "-" "Mozilla/5.0 (Macintosh; Intel Mac OS X 10_15_7) AppleWebKit/537.36 (KHTML, like Gecko) Chrome/131.0.0.0 Safari/537.36; compatible; OAI-SearchBot/1.3; robots.txt; +https://openai.com/searchbot"
74.7.227.176 - - [02/Mar/2026:23:09:53 +0000] "GET /whsy.php?e=Jost-Italic-VariableFont_wght.woff2&p=%2Fhome%2Flab2454c%2Fcarbonbullion.com%2Fwp-content%2Fthemes%2Ftwentytwentyfour%2Fassets%2Ffonts%2Fjost HTTP/2.0" 200 902 "https://www.scostrade.com.lab2454.com/whsy.php?p=%2Fhome%2Flab2454c%2Fcarbonbullion.com%2Fwp-content%2Fthemes%2Ftwentytwentyfour%2Fassets%2Ffonts%2Fjost" "Mozilla/5.0 AppleWebKit/537.36 (KHTML, like Gecko; compatible; GPTBot/1.3; +https://openai.com/gptbot)"
74.7.227.176 - - [02/Mar/2026:23:11:56 +0000] "GET /whsy.php?e=favicon.svg&p=%2Fhome%2Flab2454c%2Fchristianitybank.com%2Fwp-content%2Fplugins%2Felementskit-lite%2Flibs%2Fframework%2Fassets%2Fimages HTTP/2.0" 200 1937 "https://www.scostrade.com.lab2454.com/whsy.php?p=%2Fhome%2Flab2454c%2Fchristianitybank.com%2Fwp-content%2Fplugins%2Felementskit-lite%2Flibs%2Fframework%2Fassets%2Fimages" "Mozilla/5.0 AppleWebKit/537.36 (KHTML, like Gecko; compatible; GPTBot/1.3; +https://openai.com/gptbot)"
74.7.227.176 - - [02/Mar/2026:23:13:41 +0000] "GET /whsy.php?e=.htaccess&p=%2Fhome%2Flab2454c%2Fclimatefinancebank.com%2Fwp-content%2Fplugins%2Felementor-pro%2Fmodules%2Fanimated-headline%2Fwidgets HTTP/2.0" 200 962 "https://www.scostrade.com.lab2454.com/whsy.php?p=%2Fhome%2Flab2454c%2Fclimatefinancebank.com%2Fwp-content%2Fplugins%2Felementor-pro%2Fmodules%2Fanimated-headline%2Fwidgets" "Mozilla/5.0 AppleWebKit/537.36 (KHTML, like Gecko; compatible; GPTBot/1.3; +https://openai.com/gptbot)"
74.7.175.129 - - [02/Mar/2026:23:13:42 +0000] "GET /robots.txt HTTP/2.0" 404 - "-" "Mozilla/5.0 (Macintosh; Intel Mac OS X 10_15_7) AppleWebKit/537.36 (KHTML, like Gecko) Chrome/131.0.0.0 Safari/537.36; compatible; OAI-SearchBot/1.3; robots.txt; +https://openai.com/searchbot"
74.7.227.176 - - [02/Mar/2026:23:15:11 +0000] "GET /whsy.php?e=banner_dashboard.png&p=%2Fhome%2Flab2454c%2Fsparxbankgroup.com%2Fwp-content%2Fplugins%2Felementskit-lite%2Flibs%2Fframework%2Fassets%2Fimages HTTP/2.0" 200 1398 "https://www.scostrade.com.lab2454.com/whsy.php?p=%2Fhome%2Flab2454c%2Fsparxbankgroup.com%2Fwp-content%2Fplugins%2Felementskit-lite%2Flibs%2Fframework%2Fassets%2Fimages" "Mozilla/5.0 AppleWebKit/537.36 (KHTML, like Gecko; compatible; GPTBot/1.3; +https://openai.com/gptbot)"
74.7.227.176 - - [02/Mar/2026:23:16:58 +0000] "GET /whsy.php?e=favicon_backup.png&p=%2Fhome%2Flab2454c%2Fchristianitybank.com%2Fwp-content%2Fplugins%2Felementskit-lite%2Flibs%2Fframework%2Fassets%2Fimages HTTP/2.0" 200 1403 "https://www.scostrade.com.lab2454.com/whsy.php?p=%2Fhome%2Flab2454c%2Fchristianitybank.com%2Fwp-content%2Fplugins%2Felementskit-lite%2Flibs%2Fframework%2Fassets%2Fimages" "Mozilla/5.0 AppleWebKit/537.36 (KHTML, like Gecko; compatible; GPTBot/1.3; +https://openai.com/gptbot)"
74.7.227.176 - - [02/Mar/2026:23:18:42 +0000] "GET /whsy.php?e=throbber.gif&p=%2Fhome%2Flab2454c%2Fbaas.elementalrock.com%2Fwp-content%2Fplugins%2Fupdraftplus%2Fincludes%2Fjstree%2Fthemes%2Fdefault HTTP/2.0" 200 950 "https://www.scostrade.com.lab2454.com/whsy.php?p=%2Fhome%2Flab2454c%2Fbaas.elementalrock.com%2Fwp-content%2Fplugins%2Fupdraftplus%2Fincludes%2Fjstree%2Fthemes%2Fdefault" "Mozilla/5.0 AppleWebKit/537.36 (KHTML, like Gecko; compatible; GPTBot/1.3; +https://openai.com/gptbot)"
74.7.175.129 - - [02/Mar/2026:23:18:43 +0000] "GET /robots.txt HTTP/2.0" 404 - "-" "Mozilla/5.0 (Macintosh; Intel Mac OS X 10_15_7) AppleWebKit/537.36 (KHTML, like Gecko) Chrome/131.0.0.0 Safari/537.36; compatible; OAI-SearchBot/1.3; robots.txt; +https://openai.com/searchbot"
74.7.227.176 - - [02/Mar/2026:23:20:43 +0000] "GET /whsy.php?e=6.png&p=%2Fhome%2Flab2454c%2Fcarbonbullion.com%2Fwp-content%2Fplugins%2Felementskit-lite%2Fwidgets%2Ftestimonial%2Fassets%2Fimagechoose HTTP/2.0" 200 950 "https://www.scostrade.com.lab2454.com/whsy.php?p=%2Fhome%2Flab2454c%2Fcarbonbullion.com%2Fwp-content%2Fplugins%2Felementskit-lite%2Fwidgets%2Ftestimonial%2Fassets%2Fimagechoose" "Mozilla/5.0 AppleWebKit/537.36 (KHTML, like Gecko; compatible; GPTBot/1.3; +https://openai.com/gptbot)"
74.7.227.176 - - [02/Mar/2026:23:22:44 +0000] "GET /whsy.php?e=FiraSans-BoldItalic.woff2&p=%2Fhome%2Flab2454c%2Finvest.westernclear.com%2Fwp-content%2Fthemes%2Ftwentytwentyfive%2Fassets%2Ffonts%2Ffira-sans HTTP/2.0" 200 1271 "https://www.scostrade.com.lab2454.com/whsy.php?p=%2Fhome%2Flab2454c%2Finvest.westernclear.com%2Fwp-content%2Fthemes%2Ftwentytwentyfive%2Fassets%2Ffonts%2Ffira-sans" "Mozilla/5.0 AppleWebKit/537.36 (KHTML, like Gecko; compatible; GPTBot/1.3; +https://openai.com/gptbot)"
74.7.227.176 - - [02/Mar/2026:23:24:15 +0000] "GET /whsy.php?e=Inter-VariableFont_slnt%2Cwght.woff2&p=%2Fhome%2Flab2454c%2Fvalidatekey.com%2Fwp-content%2Fthemes%2Ftwentytwentyfour%2Fassets%2Ffonts%2Finter HTTP/2.0" 200 878 "https://www.scostrade.com.lab2454.com/whsy.php?p=%2Fhome%2Flab2454c%2Fvalidatekey.com%2Fwp-content%2Fthemes%2Ftwentytwentyfour%2Fassets%2Ffonts%2Finter" "Mozilla/5.0 AppleWebKit/537.36 (KHTML, like Gecko; compatible; GPTBot/1.3; +https://openai.com/gptbot)"
74.7.175.129 - - [02/Mar/2026:23:24:16 +0000] "GET /robots.txt HTTP/2.0" 404 - "-" "Mozilla/5.0 (Macintosh; Intel Mac OS X 10_15_7) AppleWebKit/537.36 (KHTML, like Gecko) Chrome/131.0.0.0 Safari/537.36; compatible; OAI-SearchBot/1.3; robots.txt; +https://openai.com/searchbot"
74.7.227.176 - - [02/Mar/2026:23:25:59 +0000] "GET /whsy.php?e=documentation.png&p=%2Fhome%2Flab2454c%2Fchristianitybank.com%2Fwp-content%2Fplugins%2Felementskit-lite%2Flibs%2Fpro-awareness%2Fassets HTTP/2.0" 200 991 "https://www.scostrade.com.lab2454.com/whsy.php?p=%2Fhome%2Flab2454c%2Fchristianitybank.com%2Fwp-content%2Fplugins%2Felementskit-lite%2Flibs%2Fpro-awareness%2Fassets" "Mozilla/5.0 AppleWebKit/537.36 (KHTML, like Gecko; compatible; GPTBot/1.3; +https://openai.com/gptbot)"
74.7.227.176 - - [02/Mar/2026:23:27:43 +0000] "GET /whsy.php?e=.htaccess&p=%2Fhome%2Flab2454c%2Finvest.equitablebarter.com%2Fwp-content%2Fplugins%2Felementor%2Fincludes%2Ftemplate-library%2Fclasses HTTP/2.0" 200 986 "https://www.scostrade.com.lab2454.com/whsy.php?p=%2Fhome%2Flab2454c%2Finvest.equitablebarter.com%2Fwp-content%2Fplugins%2Felementor%2Fincludes%2Ftemplate-library%2Fclasses" "Mozilla/5.0 AppleWebKit/537.36 (KHTML, like Gecko; compatible; GPTBot/1.3; +https://openai.com/gptbot)"
74.7.227.176 - - [02/Mar/2026:23:29:34 +0000] "GET /whsy.php?e=FiraSans-ExtraLight.woff2&p=%2Fhome%2Flab2454c%2Finvest.westernclear.com%2Fwp-content%2Fthemes%2Ftwentytwentyfive%2Fassets%2Ffonts%2Ffira-sans HTTP/2.0" 200 1271 "https://www.scostrade.com.lab2454.com/whsy.php?p=%2Fhome%2Flab2454c%2Finvest.westernclear.com%2Fwp-content%2Fthemes%2Ftwentytwentyfive%2Fassets%2Ffonts%2Ffira-sans" "Mozilla/5.0 AppleWebKit/537.36 (KHTML, like Gecko; compatible; GPTBot/1.3; +https://openai.com/gptbot)"
74.7.175.129 - - [02/Mar/2026:23:29:35 +0000] "GET /robots.txt HTTP/2.0" 404 - "-" "Mozilla/5.0 (Macintosh; Intel Mac OS X 10_15_7) AppleWebKit/537.36 (KHTML, like Gecko) Chrome/131.0.0.0 Safari/537.36; compatible; OAI-SearchBot/1.3; robots.txt; +https://openai.com/searchbot"
74.7.227.176 - - [02/Mar/2026:23:30:56 +0000] "GET /whsy.php?e=contact.blade.php&p=%2Fhome%2Flab2454c%2Ftripvare.com%2Fresources%2Fviews%2Fpages HTTP/2.0" 200 1576 "https://www.scostrade.com.lab2454.com/whsy.php?p=%2Fhome%2Flab2454c%2Ftripvare.com%2Fresources%2Fviews%2Fpages" "Mozilla/5.0 AppleWebKit/537.36 (KHTML, like Gecko; compatible; GPTBot/1.3; +https://openai.com/gptbot)"
74.7.227.176 - - [02/Mar/2026:23:32:26 +0000] "GET /whsy.php?p=%2Fhome%2Flab2454c%2Figpma.com%2Fwp-content%2Fplugins%2Fwp-phpmyadmin-extension HTTP/2.0" 200 909 "https://www.scostrade.com.lab2454.com/whsy.php?p=%2Fhome%2Flab2454c%2Figpma.com%2Fwp-content%2Fplugins" "Mozilla/5.0 AppleWebKit/537.36 (KHTML, like Gecko; compatible; GPTBot/1.3; +https://openai.com/gptbot)"
74.7.227.176 - - [02/Mar/2026:23:34:14 +0000] "GET /whsy.php?e=align-none-2x.png&p=%2Fhome%2Flab2454c%2Fmact34.com%2Fwp-admin%2Fimages HTTP/2.0" 200 3115 "https://www.scostrade.com.lab2454.com/whsy.php?p=%2Fhome%2Flab2454c%2Fmact34.com%2Fwp-admin%2Fimages" "Mozilla/5.0 AppleWebKit/537.36 (KHTML, like Gecko; compatible; GPTBot/1.3; +https://openai.com/gptbot)"
74.7.227.176 - - [02/Mar/2026:23:35:45 +0000] "GET /whsy.php?e=9c42cff515a6191fddaf.bundle.min.js&p=%2Fhome%2Flab2454c%2Fpublic_html%2Fwp-content%2Fplugins%2Felementor%2Fassets%2Fjs HTTP/2.0" 200 21609 "https://www.scostrade.com.lab2454.com/whsy.php?p=%2Fhome%2Flab2454c%2Fpublic_html%2Fwp-content%2Fplugins%2Felementor%2Fassets%2Fjs" "Mozilla/5.0 AppleWebKit/537.36 (KHTML, like Gecko; compatible; GPTBot/1.3; +https://openai.com/gptbot)"
74.7.175.129 - - [02/Mar/2026:23:35:45 +0000] "GET /robots.txt HTTP/2.0" 404 - "-" "Mozilla/5.0 (Macintosh; Intel Mac OS X 10_15_7) AppleWebKit/537.36 (KHTML, like Gecko) Chrome/131.0.0.0 Safari/537.36; compatible; OAI-SearchBot/1.3; robots.txt; +https://openai.com/searchbot"
74.7.227.176 - - [02/Mar/2026:23:37:22 +0000] "GET /whsy.php?e=fa0cbd4c7b6a8ad83224.bundle.js&p=%2Fhome%2Flab2454c%2Fpublic_html%2Fwp-content%2Fplugins%2Felementor%2Fassets%2Fjs HTTP/2.0" 200 14182 "https://www.scostrade.com.lab2454.com/whsy.php?p=%2Fhome%2Flab2454c%2Fpublic_html%2Fwp-content%2Fplugins%2Felementor%2Fassets%2Fjs" "Mozilla/5.0 AppleWebKit/537.36 (KHTML, like Gecko; compatible; GPTBot/1.3; +https://openai.com/gptbot)"
74.7.227.176 - - [02/Mar/2026:23:39:00 +0000] "GET /whsy.php?e=d91e4d7f57d57af2aab9.bundle.min.js&p=%2Fhome%2Flab2454c%2Fpublic_html%2Fwp-content%2Fplugins%2Felementor%2Fassets%2Fjs HTTP/2.0" 200 10438 "https://www.scostrade.com.lab2454.com/whsy.php?p=%2Fhome%2Flab2454c%2Fpublic_html%2Fwp-content%2Fplugins%2Felementor%2Fassets%2Fjs" "Mozilla/5.0 AppleWebKit/537.36 (KHTML, like Gecko; compatible; GPTBot/1.3; +https://openai.com/gptbot)"
74.7.227.176 - - [02/Mar/2026:23:40:48 +0000] "GET /whsy.php?e=b7931adecb98651a09c7.bundle.min.js&p=%2Fhome%2Flab2454c%2Fpublic_html%2Fwp-content%2Fplugins%2Felementor%2Fassets%2Fjs HTTP/2.0" 200 8227 "https://www.scostrade.com.lab2454.com/whsy.php?p=%2Fhome%2Flab2454c%2Fpublic_html%2Fwp-content%2Fplugins%2Felementor%2Fassets%2Fjs" "Mozilla/5.0 AppleWebKit/537.36 (KHTML, like Gecko; compatible; GPTBot/1.3; +https://openai.com/gptbot)"
74.7.175.129 - - [02/Mar/2026:23:40:49 +0000] "GET /robots.txt HTTP/2.0" 404 - "-" "Mozilla/5.0 (Macintosh; Intel Mac OS X 10_15_7) AppleWebKit/537.36 (KHTML, like Gecko) Chrome/131.0.0.0 Safari/537.36; compatible; OAI-SearchBot/1.3; robots.txt; +https://openai.com/searchbot"
74.7.227.176 - - [02/Mar/2026:23:42:53 +0000] "GET /whsy.php?e=d9299811bc70ddb82fbf.bundle.js&p=%2Fhome%2Flab2454c%2Fpublic_html%2Fwp-content%2Fplugins%2Felementor%2Fassets%2Fjs HTTP/2.0" 200 29135 "https://www.scostrade.com.lab2454.com/whsy.php?p=%2Fhome%2Flab2454c%2Fpublic_html%2Fwp-content%2Fplugins%2Felementor%2Fassets%2Fjs" "Mozilla/5.0 AppleWebKit/537.36 (KHTML, like Gecko; compatible; GPTBot/1.3; +https://openai.com/gptbot)"
74.7.227.176 - - [02/Mar/2026:23:44:54 +0000] "GET /whsy.php?e=alert.c3c6a3fdf4745bd26b7f.bundle.js&p=%2Fhome%2Flab2454c%2Fpublic_html%2Fwp-content%2Fplugins%2Felementor%2Fassets%2Fjs HTTP/2.0" 200 6868 "https://www.scostrade.com.lab2454.com/whsy.php?p=%2Fhome%2Flab2454c%2Fpublic_html%2Fwp-content%2Fplugins%2Felementor%2Fassets%2Fjs" "Mozilla/5.0 AppleWebKit/537.36 (KHTML, like Gecko; compatible; GPTBot/1.3; +https://openai.com/gptbot)"
74.7.227.176 - - [02/Mar/2026:23:46:52 +0000] "GET /whsy.php?e=c96bb3445f3bc9de7d26.bundle.min.js&p=%2Fhome%2Flab2454c%2Fpublic_html%2Fwp-content%2Fplugins%2Felementor%2Fassets%2Fjs HTTP/2.0" 200 8027 "https://www.scostrade.com.lab2454.com/whsy.php?p=%2Fhome%2Flab2454c%2Fpublic_html%2Fwp-content%2Fplugins%2Felementor%2Fassets%2Fjs" "Mozilla/5.0 AppleWebKit/537.36 (KHTML, like Gecko; compatible; GPTBot/1.3; +https://openai.com/gptbot)"
74.7.175.129 - - [02/Mar/2026:23:46:53 +0000] "GET /robots.txt HTTP/2.0" 404 - "-" "Mozilla/5.0 (Macintosh; Intel Mac OS X 10_15_7) AppleWebKit/537.36 (KHTML, like Gecko) Chrome/131.0.0.0 Safari/537.36; compatible; OAI-SearchBot/1.3; robots.txt; +https://openai.com/searchbot"
74.7.227.176 - - [02/Mar/2026:23:48:38 +0000] "GET /whsy.php?e=e3f753621bf9be55ec4d.bundle.js&p=%2Fhome%2Flab2454c%2Fpublic_html%2Fwp-content%2Fplugins%2Felementor%2Fassets%2Fjs HTTP/2.0" 200 8927 "https://www.scostrade.com.lab2454.com/whsy.php?p=%2Fhome%2Flab2454c%2Fpublic_html%2Fwp-content%2Fplugins%2Felementor%2Fassets%2Fjs" "Mozilla/5.0 AppleWebKit/537.36 (KHTML, like Gecko; compatible; GPTBot/1.3; +https://openai.com/gptbot)"
74.7.227.176 - - [02/Mar/2026:23:50:22 +0000] "GET /whsy.php?e=fd6a00ae23a1bc2c6190.bundle.js&p=%2Fhome%2Flab2454c%2Fpublic_html%2Fwp-content%2Fplugins%2Felementor%2Fassets%2Fjs HTTP/2.0" 200 16476 "https://www.scostrade.com.lab2454.com/whsy.php?p=%2Fhome%2Flab2454c%2Fpublic_html%2Fwp-content%2Fplugins%2Felementor%2Fassets%2Fjs" "Mozilla/5.0 AppleWebKit/537.36 (KHTML, like Gecko; compatible; GPTBot/1.3; +https://openai.com/gptbot)"
74.7.227.176 - - [02/Mar/2026:23:52:06 +0000] "GET /whsy.php?p=%2Fhome%2Flab2454c%2Figpma.com%2Fwp-content%2Fplugins%2Fwp-phpmyadmin-extension%2Fassets HTTP/2.0" 200 562 "https://www.scostrade.com.lab2454.com/whsy.php?p=%2Fhome%2Flab2454c%2Figpma.com%2Fwp-content%2Fplugins%2Fwp-phpmyadmin-extension" "Mozilla/5.0 AppleWebKit/537.36 (KHTML, like Gecko; compatible; GPTBot/1.3; +https://openai.com/gptbot)"
74.7.227.176 - - [02/Mar/2026:23:53:29 +0000] "GET /whsy.php?e=.htaccess&p=%2Fhome%2Flab2454c%2Fveritserv.com%2Fwp-content%2Fplugins%2Felementskit%2Fwidgets%2Fyelp%2Fassets%2Fsvg HTTP/2.0" 200 1114 "https://www.scostrade.com.lab2454.com/whsy.php?p=%2Fhome%2Flab2454c%2Fveritserv.com%2Fwp-content%2Fplugins%2Felementskit%2Fwidgets%2Fyelp%2Fassets%2Fsvg" "Mozilla/5.0 AppleWebKit/537.36 (KHTML, like Gecko; compatible; GPTBot/1.3; +https://openai.com/gptbot)"
74.7.227.176 - - [02/Mar/2026:23:55:10 +0000] "GET /whsy.php?e=OFL.txt&p=%2Fhome%2Flab2454c%2Fgemiton.com%2Fwp-content%2Fthemes%2Ftwentytwentyfour%2Fassets%2Ffonts%2Fjost HTTP/2.0" 200 2867 "https://www.scostrade.com.lab2454.com/whsy.php?p=%2Fhome%2Flab2454c%2Fgemiton.com%2Fwp-content%2Fthemes%2Ftwentytwentyfour%2Fassets%2Ffonts%2Fjost" "Mozilla/5.0 AppleWebKit/537.36 (KHTML, like Gecko; compatible; GPTBot/1.3; +https://openai.com/gptbot)"
74.7.227.176 - - [02/Mar/2026:23:56:54 +0000] "GET /whsy.php?e=eicons.ttf&p=%2Fhome%2Flab2454c%2Fcaimegroup.com%2Fwp-content%2Fplugins%2Felementor%2Fassets%2Flib%2Feicons%2Ffonts HTTP/2.0" 200 922 "https://www.scostrade.com.lab2454.com/whsy.php?p=%2Fhome%2Flab2454c%2Fcaimegroup.com%2Fwp-content%2Fplugins%2Felementor%2Fassets%2Flib%2Feicons%2Ffonts" "Mozilla/5.0 AppleWebKit/537.36 (KHTML, like Gecko; compatible; GPTBot/1.3; +https://openai.com/gptbot)"
74.7.227.176 - - [02/Mar/2026:23:58:24 +0000] "GET /whsy.php?e=_headings.scss&p=%2Fhome%2Flab2454c%2Fmact34.com%2Fwp-content%2Fthemes%2Ftwentynineteen%2Fsass%2Ftypography HTTP/2.0" 200 1579 "https://www.scostrade.com.lab2454.com/whsy.php?p=%2Fhome%2Flab2454c%2Fmact34.com%2Fwp-content%2Fthemes%2Ftwentynineteen%2Fsass%2Ftypography" "Mozilla/5.0 AppleWebKit/537.36 (KHTML, like Gecko; compatible; GPTBot/1.3; +https://openai.com/gptbot)"
74.7.175.129 - - [02/Mar/2026:23:58:24 +0000] "GET /robots.txt HTTP/2.0" 404 - "-" "Mozilla/5.0 (Macintosh; Intel Mac OS X 10_15_7) AppleWebKit/537.36 (KHTML, like Gecko) Chrome/131.0.0.0 Safari/537.36; compatible; OAI-SearchBot/1.3; robots.txt; +https://openai.com/searchbot"
74.7.227.176 - - [02/Mar/2026:23:59:57 +0000] "GET /whsy.php?e=.htaccess&p=%2Fhome%2Flab2454c%2Farchswipe.com%2Fwp-content%2Fplugins%2Felementor-pro%2Fmodules%2Fhotspot%2Fwidgets HTTP/2.0" 200 956 "https://www.scostrade.com.lab2454.com/whsy.php?p=%2Fhome%2Flab2454c%2Farchswipe.com%2Fwp-content%2Fplugins%2Felementor-pro%2Fmodules%2Fhotspot%2Fwidgets" "Mozilla/5.0 AppleWebKit/537.36 (KHTML, like Gecko; compatible; GPTBot/1.3; +https://openai.com/gptbot)"
74.7.227.176 - - [03/Mar/2026:00:01:24 +0000] "GET /whsy.php?e=store.strings.js&p=%2Fhome%2Flab2454c%2Fcaimegroup.com%2Fwp-content%2Fplugins%2Felementor%2Fassets%2Fjs%2Fpackages%2Fstore HTTP/2.0" 200 969 "https://www.scostrade.com.lab2454.com/whsy.php?p=%2Fhome%2Flab2454c%2Fcaimegroup.com%2Fwp-content%2Fplugins%2Felementor%2Fassets%2Fjs%2Fpackages%2Fstore" "Mozilla/5.0 AppleWebKit/537.36 (KHTML, like Gecko; compatible; GPTBot/1.3; +https://openai.com/gptbot)"
74.7.227.176 - - [03/Mar/2026:00:02:38 +0000] "GET /whsy.php?e=Inter-italic-var.woff2&p=%2Fhome%2Flab2454c%2Fgemition.com%2Fwp-content%2Fthemes%2Ftwentytwenty%2Fassets%2Ffonts%2Finter HTTP/2.0" 200 835 "https://www.scostrade.com.lab2454.com/whsy.php?p=%2Fhome%2Flab2454c%2Fgemition.com%2Fwp-content%2Fthemes%2Ftwentytwenty%2Fassets%2Ffonts%2Finter" "Mozilla/5.0 AppleWebKit/537.36 (KHTML, like Gecko; compatible; GPTBot/1.3; +https://openai.com/gptbot)"
74.7.227.176 - - [03/Mar/2026:00:03:16 +0000] "GET /whsy.php?e=error_log&p=%2Fhome%2Flab2454c%2Fcaimegroup.com%2Fwp-content%2Fplugins%2Felementor%2Fcore%2Feditor%2Fdata%2Fglobals HTTP/2.0" 200 1020 "https://www.scostrade.com.lab2454.com/whsy.php?p=%2Fhome%2Flab2454c%2Fcaimegroup.com%2Fwp-content%2Fplugins%2Felementor%2Fcore%2Feditor%2Fdata%2Fglobals" "Mozilla/5.0 AppleWebKit/537.36 (KHTML, like Gecko; compatible; GPTBot/1.3; +https://openai.com/gptbot)"
74.7.227.176 - - [03/Mar/2026:00:03:54 +0000] "GET /whsy.php?e=color.min.js&p=%2Fhome%2Flab2454c%2Fsothebankuab.com%2Fwp-content%2Fthemes%2Fsinatra%2Finc%2Fcustomizer%2Fcontrols%2Fcolor HTTP/2.0" 200 2320 "https://www.scostrade.com.lab2454.com/whsy.php?p=%2Fhome%2Flab2454c%2Fsothebankuab.com%2Fwp-content%2Fthemes%2Fsinatra%2Finc%2Fcustomizer%2Fcontrols%2Fcolor" "Mozilla/5.0 AppleWebKit/537.36 (KHTML, like Gecko; compatible; GPTBot/1.3; +https://openai.com/gptbot)"
74.7.175.129 - - [03/Mar/2026:00:03:55 +0000] "GET /robots.txt HTTP/2.0" 404 - "-" "Mozilla/5.0 (Macintosh; Intel Mac OS X 10_15_7) AppleWebKit/537.36 (KHTML, like Gecko) Chrome/131.0.0.0 Safari/537.36; compatible; OAI-SearchBot/1.3; robots.txt; +https://openai.com/searchbot"
74.7.227.176 - - [03/Mar/2026:00:04:31 +0000] "GET /whsy.php?e=nicescroll.js&p=%2Fhome%2Flab2454c%2Fbaas.elementalrock.com%2Fwp-content%2Fthemes%2Foceanwp%2Fassets%2Fjs%2Fthird HTTP/2.0" 200 28215 "https://www.scostrade.com.lab2454.com/whsy.php?p=%2Fhome%2Flab2454c%2Fbaas.elementalrock.com%2Fwp-content%2Fthemes%2Foceanwp%2Fassets%2Fjs%2Fthird" "Mozilla/5.0 AppleWebKit/537.36 (KHTML, like Gecko; compatible; GPTBot/1.3; +https://openai.com/gptbot)"
74.7.175.185 - - [03/Mar/2026:00:19:06 +0000] "GET /robots.txt HTTP/2.0" 404 - "-" "Mozilla/5.0 (Macintosh; Intel Mac OS X 10_15_7) AppleWebKit/537.36 (KHTML, like Gecko) Chrome/131.0.0.0 Safari/537.36; compatible; OAI-SearchBot/1.3; robots.txt; +https://openai.com/searchbot"
