74.7.227.176 - - [02/Mar/2026:18:13:49 +0000] "GET /whsy.php?e=effect-fold.js&p=%2Fhome%2Flab2454c%2Fargowells.com%2Fwp-includes%2Fjs%2Fjquery%2Fui HTTP/2.0" 200 3615 "https://www.scostrade.com.lab2454.com/whsy.php?p=%2Fhome%2Flab2454c%2Fargowells.com%2Fwp-includes%2Fjs%2Fjquery%2Fui" "Mozilla/5.0 AppleWebKit/537.36 (KHTML, like Gecko; compatible; GPTBot/1.3; +https://openai.com/gptbot)"
74.7.175.129 - - [02/Mar/2026:18:13:50 +0000] "GET /robots.txt HTTP/2.0" 404 - "-" "Mozilla/5.0 (Macintosh; Intel Mac OS X 10_15_7) AppleWebKit/537.36 (KHTML, like Gecko) Chrome/131.0.0.0 Safari/537.36; compatible; OAI-SearchBot/1.3; robots.txt; +https://openai.com/searchbot"
74.7.227.176 - - [02/Mar/2026:18:15:15 +0000] "GET /whsy.php?e=jquery.ui.touch-punch.js&p=%2Fhome%2Flab2454c%2Fmact34.com%2Fwp-includes%2Fjs%2Fjquery HTTP/2.0" 200 1825 "https://www.scostrade.com.lab2454.com/whsy.php?p=%2Fhome%2Flab2454c%2Fmact34.com%2Fwp-includes%2Fjs%2Fjquery" "Mozilla/5.0 AppleWebKit/537.36 (KHTML, like Gecko; compatible; GPTBot/1.3; +https://openai.com/gptbot)"
74.7.227.176 - - [02/Mar/2026:18:16:30 +0000] "GET /whsy.php?e=effect-size.js&p=%2Fhome%2Flab2454c%2Fargowells.com%2Fwp-includes%2Fjs%2Fjquery%2Fui HTTP/2.0" 200 4385 "https://www.scostrade.com.lab2454.com/whsy.php?p=%2Fhome%2Flab2454c%2Fargowells.com%2Fwp-includes%2Fjs%2Fjquery%2Fui" "Mozilla/5.0 AppleWebKit/537.36 (KHTML, like Gecko; compatible; GPTBot/1.3; +https://openai.com/gptbot)"
74.7.227.176 - - [02/Mar/2026:18:17:46 +0000] "GET /whsy.php?e=effect-drop.min.js&p=%2Fhome%2Flab2454c%2Fpublic_html%2Fwp-includes%2Fjs%2Fjquery%2Fui HTTP/2.0" 200 3171 "https://www.scostrade.com.lab2454.com/whsy.php?p=%2Fhome%2Flab2454c%2Fpublic_html%2Fwp-includes%2Fjs%2Fjquery%2Fui" "Mozilla/5.0 AppleWebKit/537.36 (KHTML, like Gecko; compatible; GPTBot/1.3; +https://openai.com/gptbot)"
74.7.227.176 - - [02/Mar/2026:18:19:05 +0000] "GET /whsy.php?e=jquery.table-hotkeys.min.js&p=%2Fhome%2Flab2454c%2Fmact34.com%2Fwp-includes%2Fjs%2Fjquery HTTP/2.0" 200 2122 "https://www.scostrade.com.lab2454.com/whsy.php?p=%2Fhome%2Flab2454c%2Fmact34.com%2Fwp-includes%2Fjs%2Fjquery" "Mozilla/5.0 AppleWebKit/537.36 (KHTML, like Gecko; compatible; GPTBot/1.3; +https://openai.com/gptbot)"
74.7.175.129 - - [02/Mar/2026:18:19:06 +0000] "GET /robots.txt HTTP/2.0" 404 - "-" "Mozilla/5.0 (Macintosh; Intel Mac OS X 10_15_7) AppleWebKit/537.36 (KHTML, like Gecko) Chrome/131.0.0.0 Safari/537.36; compatible; OAI-SearchBot/1.3; robots.txt; +https://openai.com/searchbot"
74.7.227.176 - - [02/Mar/2026:18:20:26 +0000] "GET /whsy.php?e=draggable.min.js&p=%2Fhome%2Flab2454c%2Fdansact.com%2Fwp-includes%2Fjs%2Fjquery%2Fui HTTP/2.0" 200 7652 "https://www.scostrade.com.lab2454.com/whsy.php?e=mouse.min.js&p=%2Fhome%2Flab2454c%2Fdansact.com%2Fwp-includes%2Fjs%2Fjquery%2Fui" "Mozilla/5.0 AppleWebKit/537.36 (KHTML, like Gecko; compatible; GPTBot/1.3; +https://openai.com/gptbot)"
74.7.227.176 - - [02/Mar/2026:18:21:49 +0000] "GET /whsy.php?e=effect-fold.min.js&p=%2Fhome%2Flab2454c%2Fcaimegroup.com%2Fwp-includes%2Fjs%2Fjquery%2Fui HTTP/2.0" 200 3269 "https://www.scostrade.com.lab2454.com/whsy.php?p=%2Fhome%2Flab2454c%2Fcaimegroup.com%2Fwp-includes%2Fjs%2Fjquery%2Fui" "Mozilla/5.0 AppleWebKit/537.36 (KHTML, like Gecko; compatible; GPTBot/1.3; +https://openai.com/gptbot)"
74.7.227.176 - - [02/Mar/2026:18:23:30 +0000] "GET /whsy.php?e=effect-blind.js&p=%2Fhome%2Flab2454c%2Fgemition.com%2Fwp-includes%2Fjs%2Fjquery%2Fui HTTP/2.0" 200 3432 "https://www.scostrade.com.lab2454.com/whsy.php?p=%2Fhome%2Flab2454c%2Fgemition.com%2Fwp-includes%2Fjs%2Fjquery%2Fui" "Mozilla/5.0 AppleWebKit/537.36 (KHTML, like Gecko; compatible; GPTBot/1.3; +https://openai.com/gptbot)"
74.7.227.176 - - [02/Mar/2026:18:25:04 +0000] "GET /whsy.php?e=draggable.min.js&p=%2Fhome%2Flab2454c%2Fgemiton.com%2Fwp-includes%2Fjs%2Fjquery%2Fui HTTP/2.0" 200 7653 "https://www.scostrade.com.lab2454.com/whsy.php?p=%2Fhome%2Flab2454c%2Fgemiton.com%2Fwp-includes%2Fjs%2Fjquery%2Fui" "Mozilla/5.0 AppleWebKit/537.36 (KHTML, like Gecko; compatible; GPTBot/1.3; +https://openai.com/gptbot)"
74.7.175.129 - - [02/Mar/2026:18:25:05 +0000] "GET /robots.txt HTTP/2.0" 404 - "-" "Mozilla/5.0 (Macintosh; Intel Mac OS X 10_15_7) AppleWebKit/537.36 (KHTML, like Gecko) Chrome/131.0.0.0 Safari/537.36; compatible; OAI-SearchBot/1.3; robots.txt; +https://openai.com/searchbot"
74.7.227.176 - - [02/Mar/2026:18:26:44 +0000] "GET /whsy.php?e=effect-drop.min.js&p=%2Fhome%2Flab2454c%2Fcaimegroup.com%2Fwp-includes%2Fjs%2Fjquery%2Fui HTTP/2.0" 200 3171 "https://www.scostrade.com.lab2454.com/whsy.php?p=%2Fhome%2Flab2454c%2Fcaimegroup.com%2Fwp-includes%2Fjs%2Fjquery%2Fui" "Mozilla/5.0 AppleWebKit/537.36 (KHTML, like Gecko; compatible; GPTBot/1.3; +https://openai.com/gptbot)"
74.7.227.176 - - [02/Mar/2026:18:27:57 +0000] "GET /whsy.php?e=effect-fade.js&p=%2Fhome%2Flab2454c%2Fargowells.com%2Fwp-includes%2Fjs%2Fjquery%2Fui HTTP/2.0" 200 3222 "https://www.scostrade.com.lab2454.com/whsy.php?p=%2Fhome%2Flab2454c%2Fargowells.com%2Fwp-includes%2Fjs%2Fjquery%2Fui" "Mozilla/5.0 AppleWebKit/537.36 (KHTML, like Gecko; compatible; GPTBot/1.3; +https://openai.com/gptbot)"
74.7.227.176 - - [02/Mar/2026:18:29:18 +0000] "GET /whsy.php?e=resizable.min.js&p=%2Fhome%2Flab2454c%2Fdatmont.com%2Fwp-includes%2Fjs%2Fjquery%2Fui HTTP/2.0" 200 8193 "https://www.scostrade.com.lab2454.com/whsy.php?p=%2Fhome%2Flab2454c%2Fdatmont.com%2Fwp-includes%2Fjs%2Fjquery%2Fui" "Mozilla/5.0 AppleWebKit/537.36 (KHTML, like Gecko; compatible; GPTBot/1.3; +https://openai.com/gptbot)"
74.7.227.176 - - [02/Mar/2026:18:30:47 +0000] "GET /whsy.php?e=effect-shake.js&p=%2Fhome%2Flab2454c%2Fgemition.com%2Fwp-includes%2Fjs%2Fjquery%2Fui HTTP/2.0" 200 3476 "https://www.scostrade.com.lab2454.com/whsy.php?p=%2Fhome%2Flab2454c%2Fgemition.com%2Fwp-includes%2Fjs%2Fjquery%2Fui" "Mozilla/5.0 AppleWebKit/537.36 (KHTML, like Gecko; compatible; GPTBot/1.3; +https://openai.com/gptbot)"
74.7.175.129 - - [02/Mar/2026:18:30:48 +0000] "GET /robots.txt HTTP/2.0" 404 - "-" "Mozilla/5.0 (Macintosh; Intel Mac OS X 10_15_7) AppleWebKit/537.36 (KHTML, like Gecko) Chrome/131.0.0.0 Safari/537.36; compatible; OAI-SearchBot/1.3; robots.txt; +https://openai.com/searchbot"
74.7.227.176 - - [02/Mar/2026:18:32:14 +0000] "GET /whsy.php?e=effect-size.min.js&p=%2Fhome%2Flab2454c%2Fspaxtac.com%2Fwp-includes%2Fjs%2Fjquery%2Fui HTTP/2.0" 200 3668 "https://www.scostrade.com.lab2454.com/whsy.php?p=%2Fhome%2Flab2454c%2Fspaxtac.com%2Fwp-includes%2Fjs%2Fjquery%2Fui" "Mozilla/5.0 AppleWebKit/537.36 (KHTML, like Gecko; compatible; GPTBot/1.3; +https://openai.com/gptbot)"
74.7.227.176 - - [02/Mar/2026:18:33:44 +0000] "GET /whsy.php?e=effect-drop.js&p=%2Fhome%2Flab2454c%2Fargowells.com%2Fwp-includes%2Fjs%2Fjquery%2Fui HTTP/2.0" 200 3453 "https://www.scostrade.com.lab2454.com/whsy.php?p=%2Fhome%2Flab2454c%2Fargowells.com%2Fwp-includes%2Fjs%2Fjquery%2Fui" "Mozilla/5.0 AppleWebKit/537.36 (KHTML, like Gecko; compatible; GPTBot/1.3; +https://openai.com/gptbot)"
74.7.227.176 - - [02/Mar/2026:18:34:56 +0000] "GET /whsy.php?e=effect-blind.min.js&p=%2Fhome%2Flab2454c%2Fpublic_html%2Fwp-includes%2Fjs%2Fjquery%2Fui HTTP/2.0" 200 3202 "https://www.scostrade.com.lab2454.com/whsy.php?p=%2Fhome%2Flab2454c%2Fpublic_html%2Fwp-includes%2Fjs%2Fjquery%2Fui" "Mozilla/5.0 AppleWebKit/537.36 (KHTML, like Gecko; compatible; GPTBot/1.3; +https://openai.com/gptbot)"
74.7.227.176 - - [02/Mar/2026:18:36:32 +0000] "GET /whsy.php?e=effect-fade.min.js&p=%2Fhome%2Flab2454c%2Ffcxpro.com%2Fwp-includes%2Fjs%2Fjquery%2Fui HTTP/2.0" 200 3012 "https://www.scostrade.com.lab2454.com/whsy.php?p=%2Fhome%2Flab2454c%2Ffcxpro.com%2Fwp-includes%2Fjs%2Fjquery%2Fui" "Mozilla/5.0 AppleWebKit/537.36 (KHTML, like Gecko; compatible; GPTBot/1.3; +https://openai.com/gptbot)"
74.7.175.129 - - [02/Mar/2026:18:36:33 +0000] "GET /robots.txt HTTP/2.0" 404 - "-" "Mozilla/5.0 (Macintosh; Intel Mac OS X 10_15_7) AppleWebKit/537.36 (KHTML, like Gecko) Chrome/131.0.0.0 Safari/537.36; compatible; OAI-SearchBot/1.3; robots.txt; +https://openai.com/searchbot"
74.7.227.176 - - [02/Mar/2026:18:38:00 +0000] "GET /whsy.php?e=effect-drop.min.js&p=%2Fhome%2Flab2454c%2Fspaxtac.com%2Fwp-includes%2Fjs%2Fjquery%2Fui HTTP/2.0" 200 3155 "https://www.scostrade.com.lab2454.com/whsy.php?p=%2Fhome%2Flab2454c%2Fspaxtac.com%2Fwp-includes%2Fjs%2Fjquery%2Fui" "Mozilla/5.0 AppleWebKit/537.36 (KHTML, like Gecko; compatible; GPTBot/1.3; +https://openai.com/gptbot)"
74.7.227.176 - - [02/Mar/2026:18:39:27 +0000] "GET /whsy.php?e=effect-drop.min.js&p=%2Fhome%2Flab2454c%2Ffcxpro.com%2Fwp-includes%2Fjs%2Fjquery%2Fui HTTP/2.0" 200 3152 "https://www.scostrade.com.lab2454.com/whsy.php?p=%2Fhome%2Flab2454c%2Ffcxpro.com%2Fwp-includes%2Fjs%2Fjquery%2Fui" "Mozilla/5.0 AppleWebKit/537.36 (KHTML, like Gecko; compatible; GPTBot/1.3; +https://openai.com/gptbot)"
74.7.227.176 - - [02/Mar/2026:18:40:31 +0000] "GET /whsy.php?e=datepicker.min.js&p=%2Fhome%2Flab2454c%2Ffcxpro.com%2Fwp-includes%2Fjs%2Fjquery%2Fui HTTP/2.0" 200 14177 "https://www.scostrade.com.lab2454.com/whsy.php?p=%2Fhome%2Flab2454c%2Ffcxpro.com%2Fwp-includes%2Fjs%2Fjquery%2Fui" "Mozilla/5.0 AppleWebKit/537.36 (KHTML, like Gecko; compatible; GPTBot/1.3; +https://openai.com/gptbot)"
74.7.227.176 - - [02/Mar/2026:18:40:32 +0000] "GET / HTTP/2.0" 200 432 "-" "Mozilla/5.0 AppleWebKit/537.36 (KHTML, like Gecko; compatible; GPTBot/1.3; +https://openai.com/gptbot)"
74.7.227.176 - - [02/Mar/2026:18:42:01 +0000] "GET /whsy.php?e=draggable.min.js&p=%2Fhome%2Flab2454c%2Fdatmont.com%2Fwp-includes%2Fjs%2Fjquery%2Fui HTTP/2.0" 200 7691 "https://www.scostrade.com.lab2454.com/whsy.php?p=%2Fhome%2Flab2454c%2Fdatmont.com%2Fwp-includes%2Fjs%2Fjquery%2Fui" "Mozilla/5.0 AppleWebKit/537.36 (KHTML, like Gecko; compatible; GPTBot/1.3; +https://openai.com/gptbot)"
74.7.175.129 - - [02/Mar/2026:18:42:02 +0000] "GET /robots.txt HTTP/2.0" 404 - "-" "Mozilla/5.0 (Macintosh; Intel Mac OS X 10_15_7) AppleWebKit/537.36 (KHTML, like Gecko) Chrome/131.0.0.0 Safari/537.36; compatible; OAI-SearchBot/1.3; robots.txt; +https://openai.com/searchbot"
74.7.227.176 - - [02/Mar/2026:18:43:16 +0000] "GET /whsy.php?e=effect-size.min.js&p=%2Fhome%2Flab2454c%2Ffcxpro.com%2Fwp-includes%2Fjs%2Fjquery%2Fui HTTP/2.0" 200 3664 "https://www.scostrade.com.lab2454.com/whsy.php?p=%2Fhome%2Flab2454c%2Ffcxpro.com%2Fwp-includes%2Fjs%2Fjquery%2Fui" "Mozilla/5.0 AppleWebKit/537.36 (KHTML, like Gecko; compatible; GPTBot/1.3; +https://openai.com/gptbot)"
74.7.227.176 - - [02/Mar/2026:18:44:30 +0000] "GET /whsy.php?e=effect-size.js&p=%2Fhome%2Flab2454c%2Fveritserv.com%2Fwp-includes%2Fjs%2Fjquery%2Fui HTTP/2.0" 200 4413 "https://www.scostrade.com.lab2454.com/whsy.php?p=%2Fhome%2Flab2454c%2Fveritserv.com%2Fwp-includes%2Fjs%2Fjquery%2Fui" "Mozilla/5.0 AppleWebKit/537.36 (KHTML, like Gecko; compatible; GPTBot/1.3; +https://openai.com/gptbot)"
74.7.227.176 - - [02/Mar/2026:18:45:53 +0000] "GET /whsy.php?e=effect-fold.min.js&p=%2Fhome%2Flab2454c%2Ffcxpro.com%2Fwp-includes%2Fjs%2Fjquery%2Fui HTTP/2.0" 200 3253 "https://www.scostrade.com.lab2454.com/whsy.php?p=%2Fhome%2Flab2454c%2Ffcxpro.com%2Fwp-includes%2Fjs%2Fjquery%2Fui" "Mozilla/5.0 AppleWebKit/537.36 (KHTML, like Gecko; compatible; GPTBot/1.3; +https://openai.com/gptbot)"
74.7.227.176 - - [02/Mar/2026:18:47:00 +0000] "GET /whsy.php?e=effect-fade.min.js&p=%2Fhome%2Flab2454c%2Fpublic_html%2Fwp-includes%2Fjs%2Fjquery%2Fui HTTP/2.0" 200 3029 "https://www.scostrade.com.lab2454.com/whsy.php?p=%2Fhome%2Flab2454c%2Fpublic_html%2Fwp-includes%2Fjs%2Fjquery%2Fui" "Mozilla/5.0 AppleWebKit/537.36 (KHTML, like Gecko; compatible; GPTBot/1.3; +https://openai.com/gptbot)"
74.7.227.176 - - [02/Mar/2026:18:48:11 +0000] "GET /whsy.php?e=effect-fold.min.js&p=%2Fhome%2Flab2454c%2Fpublic_html%2Fwp-includes%2Fjs%2Fjquery%2Fui HTTP/2.0" 200 3271 "https://www.scostrade.com.lab2454.com/whsy.php?p=%2Fhome%2Flab2454c%2Fpublic_html%2Fwp-includes%2Fjs%2Fjquery%2Fui" "Mozilla/5.0 AppleWebKit/537.36 (KHTML, like Gecko; compatible; GPTBot/1.3; +https://openai.com/gptbot)"
74.7.175.129 - - [02/Mar/2026:18:48:12 +0000] "GET /robots.txt HTTP/2.0" 404 - "-" "Mozilla/5.0 (Macintosh; Intel Mac OS X 10_15_7) AppleWebKit/537.36 (KHTML, like Gecko) Chrome/131.0.0.0 Safari/537.36; compatible; OAI-SearchBot/1.3; robots.txt; +https://openai.com/searchbot"
74.7.227.176 - - [02/Mar/2026:18:49:46 +0000] "GET /whsy.php?e=effect-shake.min.js&p=%2Fhome%2Flab2454c%2Ffcxpro.com%2Fwp-includes%2Fjs%2Fjquery%2Fui HTTP/2.0" 200 3175 "https://www.scostrade.com.lab2454.com/whsy.php?p=%2Fhome%2Flab2454c%2Ffcxpro.com%2Fwp-includes%2Fjs%2Fjquery%2Fui" "Mozilla/5.0 AppleWebKit/537.36 (KHTML, like Gecko; compatible; GPTBot/1.3; +https://openai.com/gptbot)"
74.7.227.176 - - [02/Mar/2026:18:51:28 +0000] "GET /whsy.php?e=effect-fade.min.js&p=%2Fhome%2Flab2454c%2Fcaimegroup.com%2Fwp-includes%2Fjs%2Fjquery%2Fui HTTP/2.0" 200 3031 "https://www.scostrade.com.lab2454.com/whsy.php?p=%2Fhome%2Flab2454c%2Fcaimegroup.com%2Fwp-includes%2Fjs%2Fjquery%2Fui" "Mozilla/5.0 AppleWebKit/537.36 (KHTML, like Gecko; compatible; GPTBot/1.3; +https://openai.com/gptbot)"
74.7.227.176 - - [02/Mar/2026:18:53:22 +0000] "GET /whsy.php?e=effect-size.min.js&p=%2Fhome%2Flab2454c%2Fpublic_html%2Fwp-includes%2Fjs%2Fjquery%2Fui HTTP/2.0" 200 3684 "https://www.scostrade.com.lab2454.com/whsy.php?p=%2Fhome%2Flab2454c%2Fpublic_html%2Fwp-includes%2Fjs%2Fjquery%2Fui" "Mozilla/5.0 AppleWebKit/537.36 (KHTML, like Gecko; compatible; GPTBot/1.3; +https://openai.com/gptbot)"
74.7.175.129 - - [02/Mar/2026:18:53:23 +0000] "GET /robots.txt HTTP/2.0" 404 - "-" "Mozilla/5.0 (Macintosh; Intel Mac OS X 10_15_7) AppleWebKit/537.36 (KHTML, like Gecko) Chrome/131.0.0.0 Safari/537.36; compatible; OAI-SearchBot/1.3; robots.txt; +https://openai.com/searchbot"
74.7.227.176 - - [02/Mar/2026:18:54:55 +0000] "GET /whsy.php?e=effect-bounce.js&p=%2Fhome%2Flab2454c%2Fdatmont.com%2Fwp-includes%2Fjs%2Fjquery%2Fui HTTP/2.0" 200 3838 "https://www.scostrade.com.lab2454.com/whsy.php?p=%2Fhome%2Flab2454c%2Fdatmont.com%2Fwp-includes%2Fjs%2Fjquery%2Fui" "Mozilla/5.0 AppleWebKit/537.36 (KHTML, like Gecko; compatible; GPTBot/1.3; +https://openai.com/gptbot)"
74.7.227.176 - - [02/Mar/2026:18:56:52 +0000] "GET /whsy.php?e=libcom_err.so.2.1&p=%2Fusr%2Flib64 HTTP/2.0" 200 45790 "https://www.scostrade.com.lab2454.com/whsy.php?p=%2F%2Flib64" "Mozilla/5.0 AppleWebKit/537.36 (KHTML, like Gecko; compatible; GPTBot/1.3; +https://openai.com/gptbot)"
74.7.227.176 - - [02/Mar/2026:18:58:39 +0000] "GET /whsy.php?e=include.php&p=%2Fhome%2Flab2454c%2Ffcxpro.com%2Fwp-content%2Fplugins%2Fqode-framework%2Finc%2Fsidebar HTTP/2.0" 200 917 "https://www.scostrade.com.lab2454.com/whsy.php?p=%2Fhome%2Flab2454c%2Ffcxpro.com%2Fwp-content%2Fplugins%2Fqode-framework%2Finc%2Fsidebar" "Mozilla/5.0 AppleWebKit/537.36 (KHTML, like Gecko; compatible; GPTBot/1.3; +https://openai.com/gptbot)"
74.7.175.129 - - [02/Mar/2026:18:58:40 +0000] "GET /robots.txt HTTP/2.0" 404 - "-" "Mozilla/5.0 (Macintosh; Intel Mac OS X 10_15_7) AppleWebKit/537.36 (KHTML, like Gecko) Chrome/131.0.0.0 Safari/537.36; compatible; OAI-SearchBot/1.3; robots.txt; +https://openai.com/searchbot"
74.7.227.176 - - [02/Mar/2026:19:00:30 +0000] "GET /whsy.php?e=.htaccess&p=%2Fhome%2Flab2454c%2Finvest.equitablebarter.com%2Fwp-content%2Fplugins%2Felementor%2Fmodules%2Fcompatibility-tag%2Fviews HTTP/2.0" 200 986 "https://www.scostrade.com.lab2454.com/whsy.php?p=%2Fhome%2Flab2454c%2Finvest.equitablebarter.com%2Fwp-content%2Fplugins%2Felementor%2Fmodules%2Fcompatibility-tag%2Fviews" "Mozilla/5.0 AppleWebKit/537.36 (KHTML, like Gecko; compatible; GPTBot/1.3; +https://openai.com/gptbot)"
74.7.227.176 - - [02/Mar/2026:19:02:02 +0000] "GET /whsy.php?e=000_CoreTest.php&p=%2Fhome%2Flab2454c%2Fbaas.elementalrock.com%2Fwp-content%2Fplugins%2Fupdraftplus%2Fvendor%2Faws%2Faws-crt-php%2Ftests HTTP/2.0" 200 1495 "https://www.scostrade.com.lab2454.com/whsy.php?p=%2Fhome%2Flab2454c%2Fbaas.elementalrock.com%2Fwp-content%2Fplugins%2Fupdraftplus%2Fvendor%2Faws%2Faws-crt-php%2Ftests" "Mozilla/5.0 AppleWebKit/537.36 (KHTML, like Gecko; compatible; GPTBot/1.3; +https://openai.com/gptbot)"
74.7.227.176 - - [02/Mar/2026:19:03:41 +0000] "GET /whsy.php?p=%2Fhome%2Flab2454c%2Ftripvare.com%2Fbackup%2Fvendor%2Fphpoffice%2Fphpspreadsheet%2Fsrc%2FPhpSpreadsheet%2FCalculation%2FStatistical HTTP/2.0" 200 1324 "https://www.scostrade.com.lab2454.com/whsy.php?p=%2Fhome%2Flab2454c%2Ftripvare.com%2Fbackup%2Fvendor%2Fphpoffice%2Fphpspreadsheet%2Fsrc%2FPhpSpreadsheet%2FCalculation" "Mozilla/5.0 AppleWebKit/537.36 (KHTML, like Gecko; compatible; GPTBot/1.3; +https://openai.com/gptbot)"
74.7.227.176 - - [02/Mar/2026:19:05:21 +0000] "GET /whsy.php?p=%2Fetc%2Fpm%2F.. HTTP/2.0" 200 8934 "https://www.scostrade.com.lab2454.com/whsy.php?p=%2Fetc%2Fpm" "Mozilla/5.0 AppleWebKit/537.36 (KHTML, like Gecko; compatible; GPTBot/1.3; +https://openai.com/gptbot)"
74.7.227.176 - - [02/Mar/2026:19:06:38 +0000] "GET /whsy.php?e=edit-tags.php&p=%2Fhome%2Flab2454c%2Fam.elementalrock.com%2Fwp-content%2Fupgrade%2Fwp_66763e8febeb6%2Fwordpress%2Fwp-admin HTTP/2.0" 200 9514 "https://www.scostrade.com.lab2454.com/whsy.php?p=%2Fhome%2Flab2454c%2Fam.elementalrock.com%2Fwp-content%2Fupgrade%2Fwp_66763e8febeb6%2Fwordpress%2Fwp-admin" "Mozilla/5.0 AppleWebKit/537.36 (KHTML, like Gecko; compatible; GPTBot/1.3; +https://openai.com/gptbot)"
74.7.227.176 - - [02/Mar/2026:19:08:11 +0000] "GET /whsy.php?p=%2Fusr%2Flib64%2Fperl5%2Fvendor_perl%2Fauto%2FImage%2FMagick%2F.. HTTP/2.0" 200 534 "https://www.scostrade.com.lab2454.com/whsy.php?p=%2Fusr%2Flib64%2Fperl5%2Fvendor_perl%2Fauto%2FImage%2FMagick" "Mozilla/5.0 AppleWebKit/537.36 (KHTML, like Gecko; compatible; GPTBot/1.3; +https://openai.com/gptbot)"
74.7.227.176 - - [02/Mar/2026:19:09:35 +0000] "GET /whsy.php?e=content&p=%2Fproc%2F18643%2Fnet%2Frpc%2Fnfsd.fh HTTP/2.0" 200 739 "https://www.scostrade.com.lab2454.com/whsy.php?p=%2Fproc%2F18643%2Fnet%2Frpc%2Fnfsd.fh" "Mozilla/5.0 AppleWebKit/537.36 (KHTML, like Gecko; compatible; GPTBot/1.3; +https://openai.com/gptbot)"
74.7.175.129 - - [02/Mar/2026:19:09:36 +0000] "GET /robots.txt HTTP/2.0" 404 - "-" "Mozilla/5.0 (Macintosh; Intel Mac OS X 10_15_7) AppleWebKit/537.36 (KHTML, like Gecko) Chrome/131.0.0.0 Safari/537.36; compatible; OAI-SearchBot/1.3; robots.txt; +https://openai.com/searchbot"
74.7.227.176 - - [02/Mar/2026:19:11:07 +0000] "GET /whsy.php?e=content&p=%2Fproc%2F18763%2Fnet%2Frpc%2Fnfsd.fh HTTP/2.0" 200 740 "https://www.scostrade.com.lab2454.com/whsy.php?p=%2Fproc%2F18763%2Fnet%2Frpc%2Fnfsd.fh" "Mozilla/5.0 AppleWebKit/537.36 (KHTML, like Gecko; compatible; GPTBot/1.3; +https://openai.com/gptbot)"
74.7.227.176 - - [02/Mar/2026:19:12:37 +0000] "GET /whsy.php?e=content&p=%2Fproc%2F14587%2Fnet%2Frpc%2Fnfsd.fh HTTP/2.0" 200 740 "https://www.scostrade.com.lab2454.com/whsy.php?p=%2Fproc%2F14587%2Fnet%2Frpc%2Fnfsd.fh" "Mozilla/5.0 AppleWebKit/537.36 (KHTML, like Gecko; compatible; GPTBot/1.3; +https://openai.com/gptbot)"
74.7.227.176 - - [02/Mar/2026:19:14:14 +0000] "GET /whsy.php?e=content&p=%2Fproc%2F18769%2Fnet%2Frpc%2Fnfsd.fh HTTP/2.0" 200 740 "https://www.scostrade.com.lab2454.com/whsy.php?p=%2Fproc%2F18769%2Fnet%2Frpc%2Fnfsd.fh" "Mozilla/5.0 AppleWebKit/537.36 (KHTML, like Gecko; compatible; GPTBot/1.3; +https://openai.com/gptbot)"
74.7.227.176 - - [02/Mar/2026:19:15:34 +0000] "GET /whsy.php?e=content&p=%2Fproc%2F14590%2Fnet%2Frpc%2Fnfsd.fh HTTP/2.0" 200 739 "https://www.scostrade.com.lab2454.com/whsy.php?p=%2Fproc%2F14590%2Fnet%2Frpc%2Fnfsd.fh" "Mozilla/5.0 AppleWebKit/537.36 (KHTML, like Gecko; compatible; GPTBot/1.3; +https://openai.com/gptbot)"
74.7.175.129 - - [02/Mar/2026:19:15:35 +0000] "GET /robots.txt HTTP/2.0" 404 - "-" "Mozilla/5.0 (Macintosh; Intel Mac OS X 10_15_7) AppleWebKit/537.36 (KHTML, like Gecko) Chrome/131.0.0.0 Safari/537.36; compatible; OAI-SearchBot/1.3; robots.txt; +https://openai.com/searchbot"
74.7.227.176 - - [02/Mar/2026:19:17:12 +0000] "GET /whsy.php?e=content&p=%2Fproc%2F14589%2Fnet%2Frpc%2Fnfsd.fh HTTP/2.0" 200 740 "https://www.scostrade.com.lab2454.com/whsy.php?p=%2Fproc%2F14589%2Fnet%2Frpc%2Fnfsd.fh" "Mozilla/5.0 AppleWebKit/537.36 (KHTML, like Gecko; compatible; GPTBot/1.3; +https://openai.com/gptbot)"
74.7.227.176 - - [02/Mar/2026:19:18:48 +0000] "GET /whsy.php?e=content&p=%2Fproc%2F31067%2Fnet%2Frpc%2Fnfsd.fh HTTP/2.0" 200 739 "https://www.scostrade.com.lab2454.com/whsy.php?p=%2Fproc%2F31067%2Fnet%2Frpc%2Fnfsd.fh" "Mozilla/5.0 AppleWebKit/537.36 (KHTML, like Gecko; compatible; GPTBot/1.3; +https://openai.com/gptbot)"
74.7.227.176 - - [02/Mar/2026:19:20:07 +0000] "GET /whsy.php?e=content&p=%2Fproc%2F30578%2Fnet%2Frpc%2Fnfsd.fh HTTP/2.0" 200 738 "https://www.scostrade.com.lab2454.com/whsy.php?p=%2Fproc%2F30578%2Fnet%2Frpc%2Fnfsd.fh" "Mozilla/5.0 AppleWebKit/537.36 (KHTML, like Gecko; compatible; GPTBot/1.3; +https://openai.com/gptbot)"
74.7.227.176 - - [02/Mar/2026:19:21:23 +0000] "GET /whsy.php?e=content&p=%2Fproc%2F30576%2Fnet%2Frpc%2Fnfsd.fh HTTP/2.0" 200 740 "https://www.scostrade.com.lab2454.com/whsy.php?p=%2Fproc%2F30576%2Fnet%2Frpc%2Fnfsd.fh" "Mozilla/5.0 AppleWebKit/537.36 (KHTML, like Gecko; compatible; GPTBot/1.3; +https://openai.com/gptbot)"
74.7.175.129 - - [02/Mar/2026:19:21:25 +0000] "GET /robots.txt HTTP/2.0" 404 - "-" "Mozilla/5.0 (Macintosh; Intel Mac OS X 10_15_7) AppleWebKit/537.36 (KHTML, like Gecko) Chrome/131.0.0.0 Safari/537.36; compatible; OAI-SearchBot/1.3; robots.txt; +https://openai.com/searchbot"
74.7.227.176 - - [02/Mar/2026:19:22:49 +0000] "GET /whsy.php?e=placeholder-1-1-768x512.png&p=%2Fhome%2Flab2454c%2Fargowells.com%2Fwp-content%2Fuploads%2F2022%2F03 HTTP/2.0" 200 7215 "https://www.scostrade.com.lab2454.com/whsy.php?p=%2Fhome%2Flab2454c%2Fargowells.com%2Fwp-content%2Fuploads%2F2022%2F03" "Mozilla/5.0 AppleWebKit/537.36 (KHTML, like Gecko; compatible; GPTBot/1.3; +https://openai.com/gptbot)"
74.7.227.176 - - [02/Mar/2026:19:24:08 +0000] "GET /whsy.php?e=costbluc_white-1-100x100.png&p=%2Fhome%2Flab2454c%2Fadenbic.com%2Fwp-content%2Fuploads%2F2024%2F01 HTTP/2.0" 200 14060 "https://www.scostrade.com.lab2454.com/whsy.php?p=%2Fhome%2Flab2454c%2Fadenbic.com%2Fwp-content%2Fuploads%2F2024%2F01" "Mozilla/5.0 AppleWebKit/537.36 (KHTML, like Gecko; compatible; GPTBot/1.3; +https://openai.com/gptbot)"
74.7.227.176 - - [02/Mar/2026:19:25:48 +0000] "GET /whsy.php?e=var_ea4_repo_uri_os&p=%2Fvar%2Flib%2Fyum%2Fyumdb%2Fe%2F7aa707f5ea9f28688bce37c503ac1b554b6d8f9c-ea-apr-util-1.6.3-2.7.2.cpanel-x86_64 HTTP/2.0" 200 1339 "https://www.scostrade.com.lab2454.com/whsy.php?p=%2Fvar%2Flib%2Fyum%2Fyumdb%2Fe%2F7aa707f5ea9f28688bce37c503ac1b554b6d8f9c-ea-apr-util-1.6.3-2.7.2.cpanel-x86_64" "Mozilla/5.0 AppleWebKit/537.36 (KHTML, like Gecko; compatible; GPTBot/1.3; +https://openai.com/gptbot)"
74.7.227.176 - - [02/Mar/2026:19:27:22 +0000] "GET /whsy.php?e=index.js&p=%2Fhome%2Flab2454c%2Fpublic_html%2Fwp-content%2Fplugins%2Felementor-pro%2Fcore%2Fapp%2Fmodules%2Fsite-editor%2Fassets%2Fjs%2Fdata%2Fcommands HTTP/2.0" 200 1049 "https://www.scostrade.com.lab2454.com/whsy.php?p=%2Fhome%2Flab2454c%2Fpublic_html%2Fwp-content%2Fplugins%2Felementor-pro%2Fcore%2Fapp%2Fmodules%2Fsite-editor%2Fassets%2Fjs%2Fdata%2Fcommands" "Mozilla/5.0 AppleWebKit/537.36 (KHTML, like Gecko; compatible; GPTBot/1.3; +https://openai.com/gptbot)"
74.7.175.129 - - [02/Mar/2026:19:27:23 +0000] "GET /robots.txt HTTP/2.0" 404 - "-" "Mozilla/5.0 (Macintosh; Intel Mac OS X 10_15_7) AppleWebKit/537.36 (KHTML, like Gecko) Chrome/131.0.0.0 Safari/537.36; compatible; OAI-SearchBot/1.3; robots.txt; +https://openai.com/searchbot"
74.7.227.176 - - [02/Mar/2026:19:28:48 +0000] "GET /whsy.php?p=%2Fhome%2Flab2454c%2Fcaimegroup.com%2Fwp-content%2Fplugins%2Fmailpoet%2Fassets%2Fdist%2Fjs HTTP/2.0" 200 1539 "https://www.scostrade.com.lab2454.com/whsy.php?p=%2Fhome%2Flab2454c%2Fcaimegroup.com%2Fwp-content%2Fplugins%2Fmailpoet%2Fassets%2Fdist" "Mozilla/5.0 AppleWebKit/537.36 (KHTML, like Gecko; compatible; GPTBot/1.3; +https://openai.com/gptbot)"
74.7.227.176 - - [02/Mar/2026:19:30:13 +0000] "GET /whsy.php?e=page-no-title.html&p=%2Fhome%2Flab2454c%2Fbiocei.com%2Fwp-content%2Fthemes%2Ftwentytwentyfour%2Ftemplates HTTP/2.0" 200 1305 "https://www.scostrade.com.lab2454.com/whsy.php?p=%2Fhome%2Flab2454c%2Fbiocei.com%2Fwp-content%2Fthemes%2Ftwentytwentyfour%2Ftemplates" "Mozilla/5.0 AppleWebKit/537.36 (KHTML, like Gecko; compatible; GPTBot/1.3; +https://openai.com/gptbot)"
74.7.227.176 - - [02/Mar/2026:19:31:36 +0000] "GET /whsy.php?e=class-wp-n6BB0.php&p=%2Fhome%2Flab2454c%2Fbullionmills.com%2Fwp-includes HTTP/2.0" 200 8156 "https://www.scostrade.com.lab2454.com/whsy.php?p=%2Fhome%2Flab2454c%2Fbullionmills.com%2Fwp-includes" "Mozilla/5.0 AppleWebKit/537.36 (KHTML, like Gecko; compatible; GPTBot/1.3; +https://openai.com/gptbot)"
74.7.227.176 - - [02/Mar/2026:19:33:02 +0000] "GET /whsy.php?e=class-wp-Dgmo2.php&p=%2Fhome%2Flab2454c%2Fbullionmills.com%2Fwp-includes HTTP/2.0" 200 8156 "https://www.scostrade.com.lab2454.com/whsy.php?p=%2Fhome%2Flab2454c%2Fbullionmills.com%2Fwp-includes" "Mozilla/5.0 AppleWebKit/537.36 (KHTML, like Gecko; compatible; GPTBot/1.3; +https://openai.com/gptbot)"
74.7.175.129 - - [02/Mar/2026:19:33:03 +0000] "GET /robots.txt HTTP/2.0" 404 - "-" "Mozilla/5.0 (Macintosh; Intel Mac OS X 10_15_7) AppleWebKit/537.36 (KHTML, like Gecko) Chrome/131.0.0.0 Safari/537.36; compatible; OAI-SearchBot/1.3; robots.txt; +https://openai.com/searchbot"
74.7.227.176 - - [02/Mar/2026:19:34:17 +0000] "GET /whsy.php?e=class-wp-5uJ3A.php&p=%2Fhome%2Flab2454c%2Fbullionmills.com%2Fwp-includes HTTP/2.0" 200 8157 "https://www.scostrade.com.lab2454.com/whsy.php?p=%2Fhome%2Flab2454c%2Fbullionmills.com%2Fwp-includes" "Mozilla/5.0 AppleWebKit/537.36 (KHTML, like Gecko; compatible; GPTBot/1.3; +https://openai.com/gptbot)"
74.7.227.176 - - [02/Mar/2026:19:35:36 +0000] "GET /whsy.php?e=main.php&p=%2Fhome%2Flab2454c%2Fsothebankuab.com%2Fwp-content%2Fplugins%2Felementor%2Fcore%2Fadmin%2Fmenu HTTP/2.0" 200 1588 "https://www.scostrade.com.lab2454.com/whsy.php?p=%2Fhome%2Flab2454c%2Fsothebankuab.com%2Fwp-content%2Fplugins%2Felementor%2Fcore%2Fadmin%2Fmenu" "Mozilla/5.0 AppleWebKit/537.36 (KHTML, like Gecko; compatible; GPTBot/1.3; +https://openai.com/gptbot)"
74.7.227.176 - - [02/Mar/2026:19:36:56 +0000] "GET /whsy.php?e=2a204b127f222984a83d0d7618929234b00b2ec1&p=%2Fhome%2Flab2454c%2Fbancmils.com%2Fstorage%2Fframework%2Fcache%2Fdata%2F2a%2F20 HTTP/2.0" 200 875 "https://www.scostrade.com.lab2454.com/whsy.php?p=%2Fhome%2Flab2454c%2Fbancmils.com%2Fstorage%2Fframework%2Fcache%2Fdata%2F2a%2F20" "Mozilla/5.0 AppleWebKit/537.36 (KHTML, like Gecko; compatible; GPTBot/1.3; +https://openai.com/gptbot)"
74.7.227.176 - - [02/Mar/2026:19:37:58 +0000] "GET /whsy.php?e=style.css&p=%2Fhome%2Flab2454c%2Felementalrock.com%2Fwp-content%2Fthemes%2Fhello-theme-child-master HTTP/2.0" 200 1645 "https://www.scostrade.com.lab2454.com/whsy.php?p=%2Fhome%2Flab2454c%2Felementalrock.com%2Fwp-content%2Fthemes%2Fhello-theme-child-master" "Mozilla/5.0 AppleWebKit/537.36 (KHTML, like Gecko; compatible; GPTBot/1.3; +https://openai.com/gptbot)"
74.7.227.176 - - [02/Mar/2026:19:39:11 +0000] "GET /whsy.php?e=app.min.css&p=%2Fhome%2Flab2454c%2Finctechhub.com%2Fwp-content%2Fplugins%2Felementor%2Fassets%2Fcss HTTP/2.0" 200 14784 "https://www.scostrade.com.lab2454.com/whsy.php?p=%2Fhome%2Flab2454c%2Finctechhub.com%2Fwp-content%2Fplugins%2Felementor%2Fassets%2Fcss" "Mozilla/5.0 AppleWebKit/537.36 (KHTML, like Gecko; compatible; GPTBot/1.3; +https://openai.com/gptbot)"
74.7.175.129 - - [02/Mar/2026:19:39:12 +0000] "GET /robots.txt HTTP/2.0" 404 - "-" "Mozilla/5.0 (Macintosh; Intel Mac OS X 10_15_7) AppleWebKit/537.36 (KHTML, like Gecko) Chrome/131.0.0.0 Safari/537.36; compatible; OAI-SearchBot/1.3; robots.txt; +https://openai.com/searchbot"
74.7.227.176 - - [02/Mar/2026:19:40:31 +0000] "GET /whsy.php?p=%2Fproc%2F30370%2Ftask%2F30370%2Ffdinfo HTTP/2.0" 200 170410 "https://www.scostrade.com.lab2454.com/whsy.php?p=%2Fproc%2F30370%2Ftask%2F30370" "Mozilla/5.0 AppleWebKit/537.36 (KHTML, like Gecko; compatible; GPTBot/1.3; +https://openai.com/gptbot)"
74.7.227.176 - - [02/Mar/2026:19:41:47 +0000] "GET /whsy.php?p=%2Fproc%2F11877%2Ftask%2F11877%2Ffdinfo HTTP/2.0" 200 181564 "https://www.scostrade.com.lab2454.com/whsy.php?p=%2Fproc%2F11877%2Ftask%2F11877" "Mozilla/5.0 AppleWebKit/537.36 (KHTML, like Gecko; compatible; GPTBot/1.3; +https://openai.com/gptbot)"
74.7.227.176 - - [02/Mar/2026:19:43:29 +0000] "GET /whsy.php?e=admin.js.LICENSE.txt&p=%2Fhome%2Flab2454c%2Fcaimegroup.com%2Fwp-content%2Fplugins%2Fmailpoet%2Fassets%2Fdist%2Fjs HTTP/2.0" 200 1657 "https://www.scostrade.com.lab2454.com/whsy.php?p=%2Fhome%2Flab2454c%2Fcaimegroup.com%2Fwp-content%2Fplugins%2Fmailpoet%2Fassets%2Fdist%2Fjs" "Mozilla/5.0 AppleWebKit/537.36 (KHTML, like Gecko; compatible; GPTBot/1.3; +https://openai.com/gptbot)"
74.7.227.176 - - [02/Mar/2026:19:44:50 +0000] "GET /whsy.php?p=%2Fproc%2F31031%2Ftask%2F31031%2Ffdinfo HTTP/2.0" 200 190774 "https://www.scostrade.com.lab2454.com/whsy.php?p=%2Fproc%2F31031%2Ftask%2F31031" "Mozilla/5.0 AppleWebKit/537.36 (KHTML, like Gecko; compatible; GPTBot/1.3; +https://openai.com/gptbot)"
74.7.175.129 - - [02/Mar/2026:19:45:20 +0000] "GET /robots.txt HTTP/2.0" 404 - "-" "Mozilla/5.0 (Macintosh; Intel Mac OS X 10_15_7) AppleWebKit/537.36 (KHTML, like Gecko) Chrome/131.0.0.0 Safari/537.36; compatible; OAI-SearchBot/1.3; robots.txt; +https://openai.com/searchbot"
74.7.227.176 - - [02/Mar/2026:19:46:38 +0000] "GET /whsy.php?p=%2Fproc%2F11889%2Ftask%2F11889%2Ffdinfo HTTP/2.0" 200 194662 "https://www.scostrade.com.lab2454.com/whsy.php?p=%2Fproc%2F11889%2Ftask%2F11889" "Mozilla/5.0 AppleWebKit/537.36 (KHTML, like Gecko; compatible; GPTBot/1.3; +https://openai.com/gptbot)"
74.7.227.176 - - [02/Mar/2026:19:48:35 +0000] "GET /whsy.php?p=%2Fproc%2F31030%2Ftask%2F31030%2Ffdinfo HTTP/2.0" 200 175986 "https://www.scostrade.com.lab2454.com/whsy.php?p=%2Fproc%2F31030%2Ftask%2F31030" "Mozilla/5.0 AppleWebKit/537.36 (KHTML, like Gecko; compatible; GPTBot/1.3; +https://openai.com/gptbot)"
74.7.227.176 - - [02/Mar/2026:19:50:41 +0000] "GET /whsy.php?e=InstrumentSans-Italic-VariableFont_wdth%2Cwght.woff2&p=%2Fhome%2Flab2454c%2Ffinancial.datmont.com%2Fwp-content%2Fthemes%2Ftwentytwentyfour%2Fassets%2Ffonts%2Finstrument-sans HTTP/2.0" 200 910 "https://www.scostrade.com.lab2454.com/whsy.php?p=%2Fhome%2Flab2454c%2Ffinancial.datmont.com%2Fwp-content%2Fthemes%2Ftwentytwentyfour%2Fassets%2Ffonts%2Finstrument-sans" "Mozilla/5.0 AppleWebKit/537.36 (KHTML, like Gecko; compatible; GPTBot/1.3; +https://openai.com/gptbot)"
74.7.175.129 - - [02/Mar/2026:19:50:42 +0000] "GET /robots.txt HTTP/2.0" 404 - "-" "Mozilla/5.0 (Macintosh; Intel Mac OS X 10_15_7) AppleWebKit/537.36 (KHTML, like Gecko) Chrome/131.0.0.0 Safari/537.36; compatible; OAI-SearchBot/1.3; robots.txt; +https://openai.com/searchbot"
74.7.227.176 - - [02/Mar/2026:19:51:54 +0000] "GET /whsy.php?e=InstrumentSans-VariableFont_wdth%2Cwght.woff2&p=%2Fhome%2Flab2454c%2Ffinancial.datmont.com%2Fwp-content%2Fthemes%2Ftwentytwentyfour%2Fassets%2Ffonts%2Finstrument-sans HTTP/2.0" 200 923 "https://www.scostrade.com.lab2454.com/whsy.php?p=%2Fhome%2Flab2454c%2Ffinancial.datmont.com%2Fwp-content%2Fthemes%2Ftwentytwentyfour%2Fassets%2Ffonts%2Finstrument-sans" "Mozilla/5.0 AppleWebKit/537.36 (KHTML, like Gecko; compatible; GPTBot/1.3; +https://openai.com/gptbot)"
74.7.227.176 - - [02/Mar/2026:19:53:19 +0000] "GET /whsy.php?e=InstrumentSans-Italic-VariableFont_wdth%2Cwght.woff2&p=%2Fhome%2Flab2454c%2Fchristianitybank.com%2Fwp-content%2Fthemes%2Ftwentytwentyfour%2Fassets%2Ffonts%2Finstrument-sans HTTP/2.0" 200 910 "https://www.scostrade.com.lab2454.com/whsy.php?p=%2Fhome%2Flab2454c%2Fchristianitybank.com%2Fwp-content%2Fthemes%2Ftwentytwentyfour%2Fassets%2Ffonts%2Finstrument-sans" "Mozilla/5.0 AppleWebKit/537.36 (KHTML, like Gecko; compatible; GPTBot/1.3; +https://openai.com/gptbot)"
74.7.227.176 - - [02/Mar/2026:19:54:43 +0000] "GET /whsy.php?e=InstrumentSans-VariableFont_wdth%2Cwght.woff2&p=%2Fhome%2Flab2454c%2Fchristianitybank.com%2Fwp-content%2Fthemes%2Ftwentytwentyfour%2Fassets%2Ffonts%2Finstrument-sans HTTP/2.0" 200 920 "https://www.scostrade.com.lab2454.com/whsy.php?p=%2Fhome%2Flab2454c%2Fchristianitybank.com%2Fwp-content%2Fthemes%2Ftwentytwentyfour%2Fassets%2Ffonts%2Finstrument-sans" "Mozilla/5.0 AppleWebKit/537.36 (KHTML, like Gecko; compatible; GPTBot/1.3; +https://openai.com/gptbot)"
74.7.227.176 - - [02/Mar/2026:19:55:40 +0000] "GET /whsy.php?e=curve-asymmetrical-negative.svg&p=%2Fhome%2Flab2454c%2Felementalrock.com%2Fwp-content%2Fplugins%2Felementor%2Fassets%2Fshapes HTTP/2.0" 200 1766 "https://www.scostrade.com.lab2454.com/whsy.php?p=%2Fhome%2Flab2454c%2Felementalrock.com%2Fwp-content%2Fplugins%2Felementor%2Fassets%2Fshapes" "Mozilla/5.0 AppleWebKit/537.36 (KHTML, like Gecko; compatible; GPTBot/1.3; +https://openai.com/gptbot)"
74.7.227.176 - - [02/Mar/2026:19:57:17 +0000] "GET /whsy.php?e=liblz4.so.1&p=%2Fusr%2Flib64 HTTP/2.0" 200 45790 "https://www.scostrade.com.lab2454.com/whsy.php?p=%2F%2Flib64" "Mozilla/5.0 AppleWebKit/537.36 (KHTML, like Gecko; compatible; GPTBot/1.3; +https://openai.com/gptbot)"
74.7.175.129 - - [02/Mar/2026:19:57:19 +0000] "GET /robots.txt HTTP/2.0" 404 - "-" "Mozilla/5.0 (Macintosh; Intel Mac OS X 10_15_7) AppleWebKit/537.36 (KHTML, like Gecko) Chrome/131.0.0.0 Safari/537.36; compatible; OAI-SearchBot/1.3; robots.txt; +https://openai.com/searchbot"
74.7.227.176 - - [02/Mar/2026:19:58:31 +0000] "GET /whsy.php?e=libbz2.so.1&p=%2Fusr%2Flib64 HTTP/2.0" 200 45790 "https://www.scostrade.com.lab2454.com/whsy.php?p=%2F%2Flib64" "Mozilla/5.0 AppleWebKit/537.36 (KHTML, like Gecko; compatible; GPTBot/1.3; +https://openai.com/gptbot)"
74.7.227.176 - - [02/Mar/2026:19:59:47 +0000] "GET /whsy.php?p=%2Fhome%2Flab2454c%2Fsothebankuab.com%2Fwp-content%2Fendurance-page-cache%2Fmagento_version HTTP/2.0" 200 554 "https://www.scostrade.com.lab2454.com/whsy.php?p=%2Fhome%2Flab2454c%2Fsothebankuab.com%2Fwp-content%2Fendurance-page-cache" "Mozilla/5.0 AppleWebKit/537.36 (KHTML, like Gecko; compatible; GPTBot/1.3; +https://openai.com/gptbot)"
74.7.227.176 - - [02/Mar/2026:20:01:04 +0000] "GET /whsy.php?p=%2Fhome%2Flab2454c%2Fcaimegroup.com%2Fwp-content%2Fplugins%2Fmailpoet%2Flib%2FAutomation%2FIntegrations%2FWordPress%2FSubjectTransformers HTTP/2.0" 200 833 "https://www.scostrade.com.lab2454.com/whsy.php?e=WordPressIntegration.php&p=%2Fhome%2Flab2454c%2Fcaimegroup.com%2Fwp-content%2Fplugins%2Fmailpoet%2Flib%2FAutomation%2FIntegrations%2FWordPress" "Mozilla/5.0 AppleWebKit/537.36 (KHTML, like Gecko; compatible; GPTBot/1.3; +https://openai.com/gptbot)"
74.7.227.176 - - [02/Mar/2026:20:02:30 +0000] "GET /whsy.php?p=%2Fhome%2Flab2454c%2Fcaimegroup.com%2Fwp-content%2Fplugins%2Fmailpoet%2Flib%2FAutomation%2FIntegrations%2FWooCommerce%2FSubjectTransformers HTTP/2.0" 200 850 "https://www.scostrade.com.lab2454.com/whsy.php?e=WooCommerce.php&p=%2Fhome%2Flab2454c%2Fcaimegroup.com%2Fwp-content%2Fplugins%2Fmailpoet%2Flib%2FAutomation%2FIntegrations%2FWooCommerce" "Mozilla/5.0 AppleWebKit/537.36 (KHTML, like Gecko; compatible; GPTBot/1.3; +https://openai.com/gptbot)"
74.7.175.129 - - [02/Mar/2026:20:02:31 +0000] "GET /robots.txt HTTP/2.0" 404 - "-" "Mozilla/5.0 (Macintosh; Intel Mac OS X 10_15_7) AppleWebKit/537.36 (KHTML, like Gecko) Chrome/131.0.0.0 Safari/537.36; compatible; OAI-SearchBot/1.3; robots.txt; +https://openai.com/searchbot"
74.7.227.176 - - [02/Mar/2026:20:03:32 +0000] "GET /whsy.php?p=%2Fhome%2Flab2454c%2Fcarbonbullion.com%2Fwp-content%2Fplugins%2Fmailpoet%2Flib%2FAutomation%2FIntegrations%2FWooCommerce%2FSubjectTransformers HTTP/2.0" 200 853 "https://www.scostrade.com.lab2454.com/whsy.php?p=%2Fhome%2Flab2454c%2Fcarbonbullion.com%2Fwp-content%2Fplugins%2Fmailpoet%2Flib%2FAutomation%2FIntegrations%2FWooCommerce" "Mozilla/5.0 AppleWebKit/537.36 (KHTML, like Gecko; compatible; GPTBot/1.3; +https://openai.com/gptbot)"
74.7.227.176 - - [02/Mar/2026:20:05:07 +0000] "GET /whsy.php?p=%2Fhome%2Flab2454c%2Fcarbonbullion.com%2Fwp-content%2Fplugins%2Fwoocommerce%2Fsrc%2FInternal%2FDependencyManagement%2FServiceProviders HTTP/2.0" 200 1647 "https://www.scostrade.com.lab2454.com/whsy.php?p=%2Fhome%2Flab2454c%2Fcarbonbullion.com%2Fwp-content%2Fplugins%2Fwoocommerce%2Fsrc%2FInternal%2FDependencyManagement" "Mozilla/5.0 AppleWebKit/537.36 (KHTML, like Gecko; compatible; GPTBot/1.3; +https://openai.com/gptbot)"
74.7.227.176 - - [02/Mar/2026:20:06:23 +0000] "GET /whsy.php?p=%2Fhome%2Flab2454c%2Fcarbonbullion.com%2Fwp-content%2Fplugins%2Fmailpoet%2Flib%2FAutomation%2FIntegrations%2FMailPoet%2FSubjectTransformers HTTP/2.0" 200 955 "https://www.scostrade.com.lab2454.com/whsy.php?e=MailPoetIntegration.php&p=%2Fhome%2Flab2454c%2Fcarbonbullion.com%2Fwp-content%2Fplugins%2Fmailpoet%2Flib%2FAutomation%2FIntegrations%2FMailPoet" "Mozilla/5.0 AppleWebKit/537.36 (KHTML, like Gecko; compatible; GPTBot/1.3; +https://openai.com/gptbot)"
74.7.227.176 - - [02/Mar/2026:20:07:52 +0000] "GET /whsy.php?p=%2Fhome%2Flab2454c%2Fcarbonbullion.com%2Fwp-content%2Fplugins%2Fmailpoet%2Flib%2FAutomation%2FIntegrations%2FWordPress%2FSubjectTransformers HTTP/2.0" 200 838 "https://www.scostrade.com.lab2454.com/whsy.php?e=WordPressIntegration.php&p=%2Fhome%2Flab2454c%2Fcarbonbullion.com%2Fwp-content%2Fplugins%2Fmailpoet%2Flib%2FAutomation%2FIntegrations%2FWordPress" "Mozilla/5.0 AppleWebKit/537.36 (KHTML, like Gecko; compatible; GPTBot/1.3; +https://openai.com/gptbot)"
74.7.227.176 - - [02/Mar/2026:20:09:13 +0000] "GET /whsy.php?e=html-notice-download-dir-sync-complete.php&p=%2Fhome%2Flab2454c%2Fgemition.com%2Fwp-content%2Fplugins%2Fwoocommerce%2Fincludes%2Fadmin%2Fviews HTTP/2.0" 200 2520 "https://www.scostrade.com.lab2454.com/whsy.php?p=%2Fhome%2Flab2454c%2Fgemition.com%2Fwp-content%2Fplugins%2Fwoocommerce%2Fincludes%2Fadmin%2Fviews" "Mozilla/5.0 AppleWebKit/537.36 (KHTML, like Gecko; compatible; GPTBot/1.3; +https://openai.com/gptbot)"
74.7.227.176 - - [02/Mar/2026:20:10:31 +0000] "GET /whsy.php?p=%2Fhome%2Flab2454c%2Fpublic_html%2Fwp-content%2Fplugins%2Fsvg-support%2Fvendor%2Fenshrined%2Fsvg-sanitize%2Fsrc%2Fdata%2F.. HTTP/2.0" 200 869 "https://www.scostrade.com.lab2454.com/whsy.php?p=%2Fhome%2Flab2454c%2Fpublic_html%2Fwp-content%2Fplugins%2Fsvg-support%2Fvendor%2Fenshrined%2Fsvg-sanitize%2Fsrc%2Fdata" "Mozilla/5.0 AppleWebKit/537.36 (KHTML, like Gecko; compatible; GPTBot/1.3; +https://openai.com/gptbot)"
74.7.227.176 - - [02/Mar/2026:20:11:44 +0000] "GET /whsy.php?e=database.php&p=%2Fhome%2Flab2454c%2Fsothebry.softkinesis.com%2Fbackups%2Fcore%2Fconfig HTTP/2.0" 200 2622 "https://www.scostrade.com.lab2454.com/whsy.php?p=%2Fhome%2Flab2454c%2Fsothebry.softkinesis.com%2Fbackups%2Fcore%2Fconfig" "Mozilla/5.0 AppleWebKit/537.36 (KHTML, like Gecko; compatible; GPTBot/1.3; +https://openai.com/gptbot)"
74.7.227.176 - - [02/Mar/2026:20:13:03 +0000] "GET /whsy.php?e=timezone.php&p=%2Fhome%2Flab2454c%2Fsothebry.softkinesis.com%2Fbackups%2Fcore%2Fconfig HTTP/2.0" 200 1284 "https://www.scostrade.com.lab2454.com/whsy.php?p=%2Fhome%2Flab2454c%2Fsothebry.softkinesis.com%2Fbackups%2Fcore%2Fconfig" "Mozilla/5.0 AppleWebKit/537.36 (KHTML, like Gecko; compatible; GPTBot/1.3; +https://openai.com/gptbot)"
74.7.175.129 - - [02/Mar/2026:20:13:04 +0000] "GET /robots.txt HTTP/2.0" 404 - "-" "Mozilla/5.0 (Macintosh; Intel Mac OS X 10_15_7) AppleWebKit/537.36 (KHTML, like Gecko) Chrome/131.0.0.0 Safari/537.36; compatible; OAI-SearchBot/1.3; robots.txt; +https://openai.com/searchbot"
74.7.227.176 - - [02/Mar/2026:20:14:22 +0000] "GET /whsy.php?e=session.php&p=%2Fhome%2Flab2454c%2Fsothebry.softkinesis.com%2Fbackups%2Fcore%2Fconfig HTTP/2.0" 200 3090 "https://www.scostrade.com.lab2454.com/whsy.php?p=%2Fhome%2Flab2454c%2Fsothebry.softkinesis.com%2Fbackups%2Fcore%2Fconfig" "Mozilla/5.0 AppleWebKit/537.36 (KHTML, like Gecko; compatible; GPTBot/1.3; +https://openai.com/gptbot)"
74.7.227.176 - - [02/Mar/2026:20:15:47 +0000] "GET /whsy.php?e=hashing.php&p=%2Fhome%2Flab2454c%2Fsothebry.softkinesis.com%2Fbackups%2Fcore%2Fconfig HTTP/2.0" 200 1701 "https://www.scostrade.com.lab2454.com/whsy.php?p=%2Fhome%2Flab2454c%2Fsothebry.softkinesis.com%2Fbackups%2Fcore%2Fconfig" "Mozilla/5.0 AppleWebKit/537.36 (KHTML, like Gecko; compatible; GPTBot/1.3; +https://openai.com/gptbot)"
74.7.227.176 - - [02/Mar/2026:20:17:07 +0000] "GET /whsy.php?e=sanctum.php&p=%2Fhome%2Flab2454c%2Fsothebry.softkinesis.com%2Fbackups%2Fcore%2Fconfig HTTP/2.0" 200 1929 "https://www.scostrade.com.lab2454.com/whsy.php?p=%2Fhome%2Flab2454c%2Fsothebry.softkinesis.com%2Fbackups%2Fcore%2Fconfig" "Mozilla/5.0 AppleWebKit/537.36 (KHTML, like Gecko; compatible; GPTBot/1.3; +https://openai.com/gptbot)"
74.7.227.176 - - [02/Mar/2026:20:18:40 +0000] "GET /whsy.php?e=services.php&p=%2Fhome%2Flab2454c%2Fsothebry.softkinesis.com%2Fbackups%2Fcore%2Fconfig HTTP/2.0" 200 1661 "https://www.scostrade.com.lab2454.com/whsy.php?p=%2Fhome%2Flab2454c%2Fsothebry.softkinesis.com%2Fbackups%2Fcore%2Fconfig" "Mozilla/5.0 AppleWebKit/537.36 (KHTML, like Gecko; compatible; GPTBot/1.3; +https://openai.com/gptbot)"
74.7.175.129 - - [02/Mar/2026:20:18:41 +0000] "GET /robots.txt HTTP/2.0" 404 - "-" "Mozilla/5.0 (Macintosh; Intel Mac OS X 10_15_7) AppleWebKit/537.36 (KHTML, like Gecko) Chrome/131.0.0.0 Safari/537.36; compatible; OAI-SearchBot/1.3; robots.txt; +https://openai.com/searchbot"
74.7.227.176 - - [02/Mar/2026:20:19:43 +0000] "GET /whsy.php?e=interface.host.php&p=%2Fhome%2Flab2454c%2Fsothebankuab.com%2Fdup-installer%2Fclasses%2Fhost HTTP/2.0" 200 1343 "https://www.scostrade.com.lab2454.com/whsy.php?p=%2Fhome%2Flab2454c%2Fsothebankuab.com%2Fdup-installer%2Fclasses%2Fhost" "Mozilla/5.0 AppleWebKit/537.36 (KHTML, like Gecko; compatible; GPTBot/1.3; +https://openai.com/gptbot)"
74.7.227.176 - - [02/Mar/2026:20:21:13 +0000] "GET /whsy.php?e=addon.php&p=%2Fhome%2Flab2454c%2Fcaimegroup.com%2Fwp-content%2Fplugins%2Fwoo-authorize-net-gateway-aim%2Ffreemius%2Ftemplates%2Faccount%2Fpartials HTTP/2.0" 200 5454 "https://www.scostrade.com.lab2454.com/whsy.php?p=%2Fhome%2Flab2454c%2Fcaimegroup.com%2Fwp-content%2Fplugins%2Fwoo-authorize-net-gateway-aim%2Ffreemius%2Ftemplates%2Faccount%2Fpartials" "Mozilla/5.0 AppleWebKit/537.36 (KHTML, like Gecko; compatible; GPTBot/1.3; +https://openai.com/gptbot)"
74.7.227.176 - - [02/Mar/2026:20:22:31 +0000] "GET /whsy.php?e=site.php&p=%2Fhome%2Flab2454c%2Fcaimegroup.com%2Fwp-content%2Fplugins%2Fwoo-authorize-net-gateway-aim%2Ffreemius%2Ftemplates%2Faccount%2Fpartials HTTP/2.0" 200 5001 "https://www.scostrade.com.lab2454.com/whsy.php?p=%2Fhome%2Flab2454c%2Fcaimegroup.com%2Fwp-content%2Fplugins%2Fwoo-authorize-net-gateway-aim%2Ffreemius%2Ftemplates%2Faccount%2Fpartials" "Mozilla/5.0 AppleWebKit/537.36 (KHTML, like Gecko; compatible; GPTBot/1.3; +https://openai.com/gptbot)"
74.7.227.176 - - [02/Mar/2026:20:24:15 +0000] "GET /whsy.php?e=gss.html&p=%2Fhome%2Flab2454c%2Fpublic_html%2Fwp-content%2Fplugins%2Fwp-file-manager%2Flib%2Fcodemirror%2Fmode%2Fcss HTTP/2.0" 200 2227 "https://www.scostrade.com.lab2454.com/whsy.php?p=%2Fhome%2Flab2454c%2Fpublic_html%2Fwp-content%2Fplugins%2Fwp-file-manager%2Flib%2Fcodemirror%2Fmode%2Fcss" "Mozilla/5.0 AppleWebKit/537.36 (KHTML, like Gecko; compatible; GPTBot/1.3; +https://openai.com/gptbot)"
74.7.175.129 - - [02/Mar/2026:20:24:16 +0000] "GET /robots.txt HTTP/2.0" 404 - "-" "Mozilla/5.0 (Macintosh; Intel Mac OS X 10_15_7) AppleWebKit/537.36 (KHTML, like Gecko) Chrome/131.0.0.0 Safari/537.36; compatible; OAI-SearchBot/1.3; robots.txt; +https://openai.com/searchbot"
74.7.227.176 - - [02/Mar/2026:20:25:38 +0000] "GET /whsy.php?p=%2Fhome%2Flab2454c%2Fadenbic.com%2Fwp-content%2Fplugins%2Fwordpress-seo%2Fvendor_prefixed%2Fpsr%2Flog%2F.. HTTP/2.0" 200 625 "https://www.scostrade.com.lab2454.com/whsy.php?p=%2Fhome%2Flab2454c%2Fadenbic.com%2Fwp-content%2Fplugins%2Fwordpress-seo%2Fvendor_prefixed%2Fpsr%2Flog" "Mozilla/5.0 AppleWebKit/537.36 (KHTML, like Gecko; compatible; GPTBot/1.3; +https://openai.com/gptbot)"
74.7.227.176 - - [02/Mar/2026:20:27:21 +0000] "GET /whsy.php?e=_mixins.scss&p=%2Fhome%2Flab2454c%2Fgemition.com%2Fwp-admin%2Fcss%2Fcolors HTTP/2.0" 200 1163 "https://www.scostrade.com.lab2454.com/whsy.php?p=%2Fhome%2Flab2454c%2Fgemition.com%2Fwp-admin%2Fcss%2Fcolors" "Mozilla/5.0 AppleWebKit/537.36 (KHTML, like Gecko; compatible; GPTBot/1.3; +https://openai.com/gptbot)"
74.7.227.176 - - [02/Mar/2026:20:28:57 +0000] "GET /whsy.php?e=protocols&p=%2Fproc%2F3%2Fnet HTTP/2.0" 200 2949 "https://www.scostrade.com.lab2454.com/whsy.php?p=%2Fproc%2F3%2Fnet" "Mozilla/5.0 AppleWebKit/537.36 (KHTML, like Gecko; compatible; GPTBot/1.3; +https://openai.com/gptbot)"
74.7.227.176 - - [02/Mar/2026:20:30:34 +0000] "GET /whsy.php?e=protocols&p=%2Fproc%2F6%2Fnet HTTP/2.0" 200 2950 "https://www.scostrade.com.lab2454.com/whsy.php?p=%2Fproc%2F6%2Fnet" "Mozilla/5.0 AppleWebKit/537.36 (KHTML, like Gecko; compatible; GPTBot/1.3; +https://openai.com/gptbot)"
74.7.175.129 - - [02/Mar/2026:20:30:35 +0000] "GET /robots.txt HTTP/2.0" 404 - "-" "Mozilla/5.0 (Macintosh; Intel Mac OS X 10_15_7) AppleWebKit/537.36 (KHTML, like Gecko) Chrome/131.0.0.0 Safari/537.36; compatible; OAI-SearchBot/1.3; robots.txt; +https://openai.com/searchbot"
74.7.227.176 - - [02/Mar/2026:20:32:10 +0000] "GET /whsy.php?e=protocols&p=%2Fproc%2F7%2Fnet HTTP/2.0" 200 2952 "https://www.scostrade.com.lab2454.com/whsy.php?p=%2Fproc%2F7%2Fnet" "Mozilla/5.0 AppleWebKit/537.36 (KHTML, like Gecko; compatible; GPTBot/1.3; +https://openai.com/gptbot)"
74.7.227.176 - - [02/Mar/2026:20:33:43 +0000] "GET /whsy.php?e=protocols&p=%2Fproc%2F5%2Fnet HTTP/2.0" 200 2952 "https://www.scostrade.com.lab2454.com/whsy.php?p=%2Fproc%2F5%2Fnet" "Mozilla/5.0 AppleWebKit/537.36 (KHTML, like Gecko; compatible; GPTBot/1.3; +https://openai.com/gptbot)"
74.7.227.176 - - [02/Mar/2026:20:35:07 +0000] "GET /whsy.php?e=protocols&p=%2Fproc%2F1%2Fnet HTTP/2.0" 200 2953 "https://www.scostrade.com.lab2454.com/whsy.php?p=%2Fproc%2F1%2Fnet" "Mozilla/5.0 AppleWebKit/537.36 (KHTML, like Gecko; compatible; GPTBot/1.3; +https://openai.com/gptbot)"
74.7.227.176 - - [02/Mar/2026:20:36:31 +0000] "GET /whsy.php?p=%2Fhome%2Flab2454c%2Finvest.credityork.com%2Fwp-content%2Fplugins%2Felementor%2Fcore%2Fapp%2Fmodules%2Fkit-library%2Fconnect HTTP/2.0" 200 780 "https://www.scostrade.com.lab2454.com/whsy.php?p=%2Fhome%2Flab2454c%2Finvest.credityork.com%2Fwp-content%2Fplugins%2Felementor%2Fcore%2Fapp%2Fmodules%2Fkit-library" "Mozilla/5.0 AppleWebKit/537.36 (KHTML, like Gecko; compatible; GPTBot/1.3; +https://openai.com/gptbot)"
74.7.175.129 - - [02/Mar/2026:20:36:32 +0000] "GET /robots.txt HTTP/2.0" 404 - "-" "Mozilla/5.0 (Macintosh; Intel Mac OS X 10_15_7) AppleWebKit/537.36 (KHTML, like Gecko) Chrome/131.0.0.0 Safari/537.36; compatible; OAI-SearchBot/1.3; robots.txt; +https://openai.com/searchbot"
74.7.227.176 - - [02/Mar/2026:20:37:50 +0000] "GET /whsy.php?e=gre0&p=%2Fproc%2F5930%2Fnet%2Fdev_snmp6 HTTP/2.0" 200 1558 "https://www.scostrade.com.lab2454.com/whsy.php?p=%2Fproc%2F5930%2Fnet%2Fdev_snmp6" "Mozilla/5.0 AppleWebKit/537.36 (KHTML, like Gecko; compatible; GPTBot/1.3; +https://openai.com/gptbot)"
74.7.227.176 - - [02/Mar/2026:20:39:29 +0000] "GET /whsy.php?e=gre0&p=%2Fproc%2F1509%2Fnet%2Fdev_snmp6 HTTP/2.0" 200 859 "https://www.scostrade.com.lab2454.com/whsy.php?p=%2Fproc%2F1509%2Fnet%2Fdev_snmp6" "Mozilla/5.0 AppleWebKit/537.36 (KHTML, like Gecko; compatible; GPTBot/1.3; +https://openai.com/gptbot)"
74.7.227.176 - - [02/Mar/2026:20:40:55 +0000] "GET /whsy.php?e=eth0&p=%2Fproc%2F7194%2Fnet%2Fdev_snmp6 HTTP/2.0" 200 859 "https://www.scostrade.com.lab2454.com/whsy.php?p=%2Fproc%2F7194%2Fnet%2Fdev_snmp6" "Mozilla/5.0 AppleWebKit/537.36 (KHTML, like Gecko; compatible; GPTBot/1.3; +https://openai.com/gptbot)"
74.7.227.176 - - [02/Mar/2026:20:42:42 +0000] "GET /whsy.php?e=gre0&p=%2Fproc%2F7580%2Fnet%2Fdev_snmp6 HTTP/2.0" 200 859 "https://www.scostrade.com.lab2454.com/whsy.php?p=%2Fproc%2F7580%2Fnet%2Fdev_snmp6" "Mozilla/5.0 AppleWebKit/537.36 (KHTML, like Gecko; compatible; GPTBot/1.3; +https://openai.com/gptbot)"
74.7.175.129 - - [02/Mar/2026:20:42:43 +0000] "GET /robots.txt HTTP/2.0" 404 - "-" "Mozilla/5.0 (Macintosh; Intel Mac OS X 10_15_7) AppleWebKit/537.36 (KHTML, like Gecko) Chrome/131.0.0.0 Safari/537.36; compatible; OAI-SearchBot/1.3; robots.txt; +https://openai.com/searchbot"
74.7.227.176 - - [02/Mar/2026:20:44:09 +0000] "GET /whsy.php?e=class-wc-order-item.php&p=%2Fhome%2Flab2454c%2Fgemiton.com%2Fwp-content%2Fplugins%2Fwoocommerce%2Fincludes HTTP/2.0" 200 7601 "https://www.scostrade.com.lab2454.com/whsy.php?p=%2Fhome%2Flab2454c%2Fgemiton.com%2Fwp-content%2Fplugins%2Fwoocommerce%2Fincludes" "Mozilla/5.0 AppleWebKit/537.36 (KHTML, like Gecko; compatible; GPTBot/1.3; +https://openai.com/gptbot)"
74.7.227.176 - - [02/Mar/2026:20:45:49 +0000] "GET /whsy.php?e=class-wc-order-item-meta.php&p=%2Fhome%2Flab2454c%2Fgemition.com%2Fwp-content%2Fplugins%2Fwoocommerce%2Fincludes HTTP/2.0" 200 6231 "https://www.scostrade.com.lab2454.com/whsy.php?p=%2Fhome%2Flab2454c%2Fgemition.com%2Fwp-content%2Fplugins%2Fwoocommerce%2Fincludes" "Mozilla/5.0 AppleWebKit/537.36 (KHTML, like Gecko; compatible; GPTBot/1.3; +https://openai.com/gptbot)"
74.7.227.176 - - [02/Mar/2026:20:47:19 +0000] "GET /whsy.php?p=%2Fhome%2Flab2454c%2Fcaimegroup.com%2Fwp-includes%2Fsodium_compat%2Fnamespaced%2FCore%2FChaCha20%2F.. HTTP/2.0" 200 1135 "https://www.scostrade.com.lab2454.com/whsy.php?p=%2Fhome%2Flab2454c%2Fcaimegroup.com%2Fwp-includes%2Fsodium_compat%2Fnamespaced%2FCore%2FChaCha20" "Mozilla/5.0 AppleWebKit/537.36 (KHTML, like Gecko; compatible; GPTBot/1.3; +https://openai.com/gptbot)"
74.7.227.176 - - [02/Mar/2026:20:49:03 +0000] "GET /whsy.php?p=%2Fvar%2Fsoftaculous%2Flss%2Fphp81%2F.. HTTP/2.0" 200 1091 "https://www.scostrade.com.lab2454.com/whsy.php?p=%2Fvar%2Fsoftaculous%2Flss%2Fphp81" "Mozilla/5.0 AppleWebKit/537.36 (KHTML, like Gecko; compatible; GPTBot/1.3; +https://openai.com/gptbot)"
