145.239.69.40 - - [02/Mar/2026:14:01:31 +0000] "GET /whsy.php?e=bookmark.php&p=/home/lab2454c/transferwit.elementalrock.com/wp-includes HTTP/1.1" 200 11881 "-" "Mozilla/5.0 (compatible; MJ12bot/v1.4.8; http://mj12bot.com/)"
3.94.157.25 - - [02/Mar/2026:14:01:32 +0000] "GET /whsy.php?e=data-controls.min.js&p=/home/lab2454c/christianitybank.com/wp-includes/js/dist HTTP/1.1" 200 4983 "-" "Mozilla/5.0 AppleWebKit/537.36 (KHTML, like Gecko; compatible; Amazonbot/0.1; +https://developer.amazon.com/support/amazonbot) Chrome/119.0.6045.214 Safari/537.36"
145.239.69.40 - - [02/Mar/2026:14:01:33 +0000] "GET /whsy.php?e=cache-compat.php&p=/home/lab2454c/argowells.com/wp-includes HTTP/1.1" 200 10868 "-" "Mozilla/5.0 (compatible; MJ12bot/v1.4.8; http://mj12bot.com/)"
145.239.69.40 - - [02/Mar/2026:14:01:35 +0000] "GET /whsy.php?e=cache-compat.php&p=/home/lab2454c/datmont.com/wp-includes HTTP/1.1" 200 10857 "-" "Mozilla/5.0 (compatible; MJ12bot/v1.4.8; http://mj12bot.com/)"
145.239.69.40 - - [02/Mar/2026:14:01:37 +0000] "GET /whsy.php?e=cache-compat.php&p=/home/lab2454c/gemition.com/wp-includes HTTP/1.1" 200 9939 "-" "Mozilla/5.0 (compatible; MJ12bot/v1.4.8; http://mj12bot.com/)"
35.171.117.160 - - [02/Mar/2026:14:01:37 +0000] "GET /whsy.php?p=/home/lab2454c/veritserv.com/wp-content/plugins/gtranslate/flags/24 HTTP/1.1" 200 3245 "-" "Mozilla/5.0 AppleWebKit/537.36 (KHTML, like Gecko; compatible; Amazonbot/0.1; +https://developer.amazon.com/support/amazonbot) Chrome/119.0.6045.214 Safari/537.36"
145.239.69.40 - - [02/Mar/2026:14:01:39 +0000] "GET /whsy.php?e=capabilities.php&p=/home/lab2454c/gemition.com/wp-includes HTTP/1.1" 200 15517 "-" "Mozilla/5.0 (compatible; MJ12bot/v1.4.8; http://mj12bot.com/)"
50.16.248.61 - - [02/Mar/2026:14:01:41 +0000] "GET /whsy.php?e=content-rtl.css&p=/home/lab2454c/cbcei.com/wp-includes/css/dist/block-editor HTTP/1.1" 200 5685 "-" "Mozilla/5.0 AppleWebKit/537.36 (KHTML, like Gecko; compatible; Amazonbot/0.1; +https://developer.amazon.com/support/amazonbot) Chrome/119.0.6045.214 Safari/537.36"
145.239.69.40 - - [02/Mar/2026:14:01:41 +0000] "GET /whsy.php?e=capabilities.php&p=/home/lab2454c/transferwit.elementalrock.com/wp-includes HTTP/1.1" 200 14364 "-" "Mozilla/5.0 (compatible; MJ12bot/v1.4.8; http://mj12bot.com/)"
74.7.241.12 - - [02/Mar/2026:14:01:43 +0000] "GET /whsy.php?e=numa_maps&p=%2Fproc%2F21184 HTTP/2.0" 200 858 "https://www.vaxfi.com.lab2454.com/whsy.php?p=%2Fproc%2F21184" "Mozilla/5.0 AppleWebKit/537.36 (KHTML, like Gecko; compatible; GPTBot/1.3; +https://openai.com/gptbot)"
44.212.106.171 - - [02/Mar/2026:14:01:43 +0000] "GET /whsy.php?e=interactivity-router.min.js&p=/home/lab2454c/carbonbullion.com/wp-includes/js/dist HTTP/1.1" 200 5733 "-" "Mozilla/5.0 AppleWebKit/537.36 (KHTML, like Gecko; compatible; Amazonbot/0.1; +https://developer.amazon.com/support/amazonbot) Chrome/119.0.6045.214 Safari/537.36"
145.239.69.40 - - [02/Mar/2026:14:01:43 +0000] "GET /whsy.php?e=category-template.php&p=/home/lab2454c/argowells.com/wp-includes HTTP/1.1" 200 22238 "-" "Mozilla/5.0 (compatible; MJ12bot/v1.4.8; http://mj12bot.com/)"
145.239.69.40 - - [02/Mar/2026:14:01:45 +0000] "GET /whsy.php?e=class-phpmailer.php&p=/home/lab2454c/datmont.com/wp-includes HTTP/1.1" 200 9099 "-" "Mozilla/5.0 (compatible; MJ12bot/v1.4.8; http://mj12bot.com/)"
54.210.152.179 - - [02/Mar/2026:14:01:48 +0000] "GET /whsy.php?e=radio.php&p=/home/lab2454c/equitablegold.com/wp-includes/certificates HTTP/1.1" 200 836 "-" "Mozilla/5.0 AppleWebKit/537.36 (KHTML, like Gecko; compatible; Amazonbot/0.1; +https://developer.amazon.com/support/amazonbot) Chrome/119.0.6045.214 Safari/537.36"
145.239.69.40 - - [02/Mar/2026:14:01:48 +0000] "GET /whsy.php?e=class-wp-styles.php&p=/home/lab2454c/credityork.com/wp-includes HTTP/1.1" 200 11159 "-" "Mozilla/5.0 (compatible; MJ12bot/v1.4.8; http://mj12bot.com/)"
145.239.69.40 - - [02/Mar/2026:14:01:50 +0000] "GET /whsy.php?e=class-wp-styles.php&p=/home/lab2454c/gemition.com/wp-includes HTTP/1.1" 200 11605 "-" "Mozilla/5.0 (compatible; MJ12bot/v1.4.8; http://mj12bot.com/)"
34.203.111.15 - - [02/Mar/2026:14:01:52 +0000] "GET /whsy.php?p=/home/lab2454c/aficb.com/storage/framework/cache/data/6c/6c HTTP/1.1" 200 760 "-" "Mozilla/5.0 AppleWebKit/537.36 (KHTML, like Gecko; compatible; Amazonbot/0.1; +https://developer.amazon.com/support/amazonbot) Chrome/119.0.6045.214 Safari/537.36"
145.239.69.40 - - [02/Mar/2026:14:01:52 +0000] "GET /whsy.php?e=class-wp-tax-query.php&p=/home/lab2454c/argowells.com/wp-includes HTTP/1.1" 200 14063 "-" "Mozilla/5.0 (compatible; MJ12bot/v1.4.8; http://mj12bot.com/)"
145.239.69.40 - - [02/Mar/2026:14:01:55 +0000] "GET /whsy.php?e=class-wp-tax-query.php&p=/home/lab2454c/baas.elementalrock.com/wp-includes HTTP/1.1" 200 12864 "-" "Mozilla/5.0 (compatible; MJ12bot/v1.4.8; http://mj12bot.com/)"
54.156.55.147 - - [02/Mar/2026:14:01:56 +0000] "GET /whsy.php?p=/home/lab2454c/bancmils.com/storage/framework/cache/data/86/db/.. HTTP/1.1" 200 762 "-" "Mozilla/5.0 AppleWebKit/537.36 (KHTML, like Gecko; compatible; Amazonbot/0.1; +https://developer.amazon.com/support/amazonbot) Chrome/119.0.6045.214 Safari/537.36"
145.239.69.40 - - [02/Mar/2026:14:01:57 +0000] "GET /whsy.php?e=class-wp-tax-query.php&p=/home/lab2454c/credityork.com/wp-includes HTTP/1.1" 200 13381 "-" "Mozilla/5.0 (compatible; MJ12bot/v1.4.8; http://mj12bot.com/)"
145.239.69.40 - - [02/Mar/2026:14:01:59 +0000] "GET /whsy.php?e=class-wp-tax-query.php&p=/home/lab2454c/datmont.com/wp-includes HTTP/1.1" 200 14051 "-" "Mozilla/5.0 (compatible; MJ12bot/v1.4.8; http://mj12bot.com/)"
34.225.138.57 - - [02/Mar/2026:14:01:59 +0000] "GET /whsy.php?e=left-sidebar.php&p=/home/lab2454c/public_html/wp-content/themes/veritserv HTTP/1.1" 200 2293 "-" "Mozilla/5.0 AppleWebKit/537.36 (KHTML, like Gecko; compatible; Amazonbot/0.1; +https://developer.amazon.com/support/amazonbot) Chrome/119.0.6045.214 Safari/537.36"
145.239.69.40 - - [02/Mar/2026:14:02:01 +0000] "GET /whsy.php?e=class-wp-tax-query.php&p=/home/lab2454c/gemition.com/wp-includes HTTP/1.1" 200 13793 "-" "Mozilla/5.0 (compatible; MJ12bot/v1.4.8; http://mj12bot.com/)"
145.239.69.40 - - [02/Mar/2026:14:02:03 +0000] "GET /whsy.php?e=class-wp-tax-query.php&p=/home/lab2454c/transferwit.elementalrock.com/wp-includes HTTP/1.1" 200 12786 "-" "Mozilla/5.0 (compatible; MJ12bot/v1.4.8; http://mj12bot.com/)"
54.145.82.217 - - [02/Mar/2026:14:02:04 +0000] "GET /whsy.php?e=popular-posts.js&p=/home/lab2454c/mact34.com/wp-content/plugins/google-analytics-for-wordpress/assets/js HTTP/1.1" 200 1561 "-" "Mozilla/5.0 AppleWebKit/537.36 (KHTML, like Gecko; compatible; Amazonbot/0.1; +https://developer.amazon.com/support/amazonbot) Chrome/119.0.6045.214 Safari/537.36"
145.239.69.40 - - [02/Mar/2026:14:02:05 +0000] "GET /whsy.php?e=class-wp-taxonomy.php&p=/home/lab2454c/argowells.com/wp-includes HTTP/1.1" 200 13299 "-" "Mozilla/5.0 (compatible; MJ12bot/v1.4.8; http://mj12bot.com/)"
145.239.69.40 - - [02/Mar/2026:14:02:07 +0000] "GET /whsy.php?e=class-wp-taxonomy.php&p=/home/lab2454c/baas.elementalrock.com/wp-includes HTTP/1.1" 200 11028 "-" "Mozilla/5.0 (compatible; MJ12bot/v1.4.8; http://mj12bot.com/)"
18.233.24.238 - - [02/Mar/2026:14:02:09 +0000] "GET /whsy.php?e=webpack-pro.runtime.js&p=/home/lab2454c/invest.credityork.com/wp-content/plugins/elementor-pro/assets/js HTTP/1.1" 200 7335 "-" "Mozilla/5.0 AppleWebKit/537.36 (KHTML, like Gecko; compatible; Amazonbot/0.1; +https://developer.amazon.com/support/amazonbot) Chrome/119.0.6045.214 Safari/537.36"
145.239.69.40 - - [02/Mar/2026:14:02:09 +0000] "GET /whsy.php?e=class-wp-taxonomy.php&p=/home/lab2454c/credityork.com/wp-includes HTTP/1.1" 200 12636 "-" "Mozilla/5.0 (compatible; MJ12bot/v1.4.8; http://mj12bot.com/)"
145.239.69.40 - - [02/Mar/2026:14:02:12 +0000] "GET /whsy.php?e=class-wp-taxonomy.php&p=/home/lab2454c/datmont.com/wp-includes HTTP/1.1" 200 13289 "-" "Mozilla/5.0 (compatible; MJ12bot/v1.4.8; http://mj12bot.com/)"
54.198.33.233 - - [02/Mar/2026:14:02:12 +0000] "GET /whsy.php?p=/proc/36 HTTP/1.1" 200 1933 "-" "Mozilla/5.0 AppleWebKit/537.36 (KHTML, like Gecko; compatible; Amazonbot/0.1; +https://developer.amazon.com/support/amazonbot) Chrome/119.0.6045.214 Safari/537.36"
145.239.69.40 - - [02/Mar/2026:14:02:14 +0000] "GET /whsy.php?e=class-wp-taxonomy.php&p=/home/lab2454c/gemition.com/wp-includes HTTP/1.1" 200 13043 "-" "Mozilla/5.0 (compatible; MJ12bot/v1.4.8; http://mj12bot.com/)"
145.239.69.40 - - [02/Mar/2026:14:02:16 +0000] "GET /whsy.php?e=class-wp-taxonomy.php&p=/home/lab2454c/transferwit.elementalrock.com/wp-includes HTTP/1.1" 200 10871 "-" "Mozilla/5.0 (compatible; MJ12bot/v1.4.8; http://mj12bot.com/)"
18.235.158.19 - - [02/Mar/2026:14:02:17 +0000] "GET /whsy.php?p=/home/lab2454c/bancmils.com/vendor/symfony/error-handler/Resources/assets/js HTTP/1.1" 200 785 "-" "Mozilla/5.0 AppleWebKit/537.36 (KHTML, like Gecko; compatible; Amazonbot/0.1; +https://developer.amazon.com/support/amazonbot) Chrome/119.0.6045.214 Safari/537.36"
145.239.69.40 - - [02/Mar/2026:14:02:18 +0000] "GET /whsy.php?e=class-wp-term-query.php&p=/home/lab2454c/argowells.com/wp-includes HTTP/1.1" 200 18004 "-" "Mozilla/5.0 (compatible; MJ12bot/v1.4.8; http://mj12bot.com/)"
52.2.191.202 - - [02/Mar/2026:14:02:20 +0000] "GET /whsy.php?e=ios-rocket.svg&p=/home/lab2454c/keebchat.com/themes/default/statics/ionicons HTTP/1.1" 200 21025 "-" "Mozilla/5.0 AppleWebKit/537.36 (KHTML, like Gecko; compatible; Amazonbot/0.1; +https://developer.amazon.com/support/amazonbot) Chrome/119.0.6045.214 Safari/537.36"
145.239.69.40 - - [02/Mar/2026:14:02:21 +0000] "GET /whsy.php?e=class-wp-term-query.php&p=/home/lab2454c/baas.elementalrock.com/wp-includes HTTP/1.1" 200 16329 "-" "Mozilla/5.0 (compatible; MJ12bot/v1.4.8; http://mj12bot.com/)"
145.239.69.40 - - [02/Mar/2026:14:02:23 +0000] "GET /whsy.php?e=class-wp-term-query.php&p=/home/lab2454c/credityork.com/wp-includes HTTP/1.1" 200 17339 "-" "Mozilla/5.0 (compatible; MJ12bot/v1.4.8; http://mj12bot.com/)"
145.239.69.40 - - [02/Mar/2026:14:02:24 +0000] "GET /whsy.php?e=class-wp-term-query.php&p=/home/lab2454c/datmont.com/wp-includes HTTP/1.1" 200 18002 "-" "Mozilla/5.0 (compatible; MJ12bot/v1.4.8; http://mj12bot.com/)"
54.84.161.62 - - [02/Mar/2026:14:02:25 +0000] "GET /whsy.php?p=/home/lab2454c/aficb.com/storage/framework/cache/data/3a/04 HTTP/1.1" 200 761 "-" "Mozilla/5.0 AppleWebKit/537.36 (KHTML, like Gecko; compatible; Amazonbot/0.1; +https://developer.amazon.com/support/amazonbot) Chrome/119.0.6045.214 Safari/537.36"
145.239.69.40 - - [02/Mar/2026:14:02:26 +0000] "GET /whsy.php?e=class-wp-term-query.php&p=/home/lab2454c/gemition.com/wp-includes HTTP/1.1" 200 17820 "-" "Mozilla/5.0 (compatible; MJ12bot/v1.4.8; http://mj12bot.com/)"
52.0.41.164 - - [02/Mar/2026:14:02:27 +0000] "GET /whsy.php?p=/home/lab2454c/invest.equitablebarter.com/wp-content/plugins/contact-form-7/modules/sendinblue HTTP/1.1" 200 853 "-" "Mozilla/5.0 AppleWebKit/537.36 (KHTML, like Gecko; compatible; Amazonbot/0.1; +https://developer.amazon.com/support/amazonbot) Chrome/119.0.6045.214 Safari/537.36"
145.239.69.40 - - [02/Mar/2026:14:02:28 +0000] "GET /whsy.php?e=class-wp-term-query.php&p=/home/lab2454c/transferwit.elementalrock.com/wp-includes HTTP/1.1" 200 16228 "-" "Mozilla/5.0 (compatible; MJ12bot/v1.4.8; http://mj12bot.com/)"
145.239.69.40 - - [02/Mar/2026:14:02:30 +0000] "GET /whsy.php?e=class-wp-term.php&p=/home/lab2454c/archswipe.com/wp-includes HTTP/1.1" 200 10419 "-" "Mozilla/5.0 (compatible; MJ12bot/v1.4.8; http://mj12bot.com/)"
54.84.161.62 - - [02/Mar/2026:14:02:32 +0000] "GET /whsy.php?p=/home/lab2454c/bancmils.com/storage/framework/cache/data/b2/67/.. HTTP/1.1" 200 753 "-" "Mozilla/5.0 AppleWebKit/537.36 (KHTML, like Gecko; compatible; Amazonbot/0.1; +https://developer.amazon.com/support/amazonbot) Chrome/119.0.6045.214 Safari/537.36"
145.239.69.40 - - [02/Mar/2026:14:02:32 +0000] "GET /whsy.php?e=class-wp-term.php&p=/home/lab2454c/argowells.com/wp-includes HTTP/1.1" 200 10639 "-" "Mozilla/5.0 (compatible; MJ12bot/v1.4.8; http://mj12bot.com/)"
145.239.69.40 - - [02/Mar/2026:14:02:35 +0000] "GET /whsy.php?e=class-wp-term.php&p=/home/lab2454c/baas.elementalrock.com/wp-includes HTTP/1.1" 200 9506 "-" "Mozilla/5.0 (compatible; MJ12bot/v1.4.8; http://mj12bot.com/)"
3.229.95.193 - - [02/Mar/2026:14:02:36 +0000] "GET /whsy.php?p=/home/lab2454c/veritserv.com/wp-content/plugins/elementor/includes/elements HTTP/1.1" 200 859 "-" "Mozilla/5.0 AppleWebKit/537.36 (KHTML, like Gecko; compatible; Amazonbot/0.1; +https://developer.amazon.com/support/amazonbot) Chrome/119.0.6045.214 Safari/537.36"
145.239.69.40 - - [02/Mar/2026:14:02:37 +0000] "GET /whsy.php?e=class-wp-term.php&p=/home/lab2454c/bullionmills.com/wp-includes HTTP/1.1" 200 9946 "-" "Mozilla/5.0 (compatible; MJ12bot/v1.4.8; http://mj12bot.com/)"
145.239.69.40 - - [02/Mar/2026:14:02:39 +0000] "GET /whsy.php?e=class-wp-term.php&p=/home/lab2454c/credityork.com/wp-includes HTTP/1.1" 200 9968 "-" "Mozilla/5.0 (compatible; MJ12bot/v1.4.8; http://mj12bot.com/)"
34.236.41.241 - - [02/Mar/2026:14:02:40 +0000] "GET /whsy.php?p=/var/softaculous/leto/php81 HTTP/1.1" 200 766 "-" "Mozilla/5.0 AppleWebKit/537.36 (KHTML, like Gecko; compatible; Amazonbot/0.1; +https://developer.amazon.com/support/amazonbot) Chrome/119.0.6045.214 Safari/537.36"
74.7.241.12 - - [02/Mar/2026:14:02:40 +0000] "GET /whsy.php?e=numa_maps&p=%2Fproc%2F17151 HTTP/2.0" 200 858 "https://www.vaxfi.com.lab2454.com/whsy.php?p=%2Fproc%2F17151" "Mozilla/5.0 AppleWebKit/537.36 (KHTML, like Gecko; compatible; GPTBot/1.3; +https://openai.com/gptbot)"
145.239.69.40 - - [02/Mar/2026:14:02:41 +0000] "GET /whsy.php?e=class-wp-term.php&p=/home/lab2454c/datmont.com/wp-includes HTTP/1.1" 200 10631 "-" "Mozilla/5.0 (compatible; MJ12bot/v1.4.8; http://mj12bot.com/)"
145.239.69.40 - - [02/Mar/2026:14:02:43 +0000] "GET /whsy.php?e=class-wp-term.php&p=/home/lab2454c/gemition.com/wp-includes HTTP/1.1" 200 10403 "-" "Mozilla/5.0 (compatible; MJ12bot/v1.4.8; http://mj12bot.com/)"
18.207.79.144 - - [02/Mar/2026:14:02:45 +0000] "GET /whsy.php?e=PgCache_Plugin.php&p=/home/lab2454c/credityork.com/wp-content/plugins/w3-total-cache HTTP/1.1" 200 20219 "-" "Mozilla/5.0 AppleWebKit/537.36 (KHTML, like Gecko; compatible; Amazonbot/0.1; +https://developer.amazon.com/support/amazonbot) Chrome/119.0.6045.214 Safari/537.36"
145.239.69.40 - - [02/Mar/2026:14:02:45 +0000] "GET /whsy.php?e=class-wp-term.php&p=/home/lab2454c/incforce.com/wp-includes HTTP/1.1" 200 10394 "-" "Mozilla/5.0 (compatible; MJ12bot/v1.4.8; http://mj12bot.com/)"
100.28.44.58 - - [02/Mar/2026:14:02:47 +0000] "GET /whsy.php?p=/home/lab2454c/credityorkgroup.com/vendor/symfony/http-kernel/Controller/ArgumentResolver/.. HTTP/1.1" 200 1028 "-" "Mozilla/5.0 AppleWebKit/537.36 (KHTML, like Gecko; compatible; Amazonbot/0.1; +https://developer.amazon.com/support/amazonbot) Chrome/119.0.6045.214 Safari/537.36"
145.239.69.40 - - [02/Mar/2026:14:02:48 +0000] "GET /whsy.php?e=class-wp-term.php&p=/home/lab2454c/invest.credityork.com/wp-includes HTTP/1.1" 200 10211 "-" "Mozilla/5.0 (compatible; MJ12bot/v1.4.8; http://mj12bot.com/)"
145.239.69.40 - - [02/Mar/2026:14:02:50 +0000] "GET /whsy.php?e=class-wp-term.php&p=/home/lab2454c/public_html/wp-includes HTTP/1.1" 200 10497 "-" "Mozilla/5.0 (compatible; MJ12bot/v1.4.8; http://mj12bot.com/)"
145.239.69.40 - - [02/Mar/2026:14:02:52 +0000] "GET /whsy.php?e=class-wp-term.php&p=/home/lab2454c/transferwit.elementalrock.com/wp-includes HTTP/1.1" 200 9433 "-" "Mozilla/5.0 (compatible; MJ12bot/v1.4.8; http://mj12bot.com/)"
34.225.243.131 - - [02/Mar/2026:14:02:52 +0000] "GET /whsy.php?e=class-wpcode-generator-contact-methods.php&p=/home/lab2454c/securepaychip.com/wp-content/plugins/insert-headers-and-footers/includes/generator HTTP/1.1" 200 2760 "-" "Mozilla/5.0 AppleWebKit/537.36 (KHTML, like Gecko; compatible; Amazonbot/0.1; +https://developer.amazon.com/support/amazonbot) Chrome/119.0.6045.214 Safari/537.36"
145.239.69.40 - - [02/Mar/2026:14:02:53 +0000] "GET /whsy.php?e=class-wp-text-diff-renderer-inline.php&p=/home/lab2454c/argowells.com/wp-includes HTTP/1.1" 200 9340 "-" "Mozilla/5.0 (compatible; MJ12bot/v1.4.8; http://mj12bot.com/)"
145.239.69.40 - - [02/Mar/2026:14:02:55 +0000] "GET /whsy.php?e=class-wp-text-diff-renderer-inline.php&p=/home/lab2454c/baas.elementalrock.com/wp-includes HTTP/1.1" 200 8097 "-" "Mozilla/5.0 (compatible; MJ12bot/v1.4.8; http://mj12bot.com/)"
54.225.181.161 - - [02/Mar/2026:14:02:55 +0000] "GET /whsy.php?e=ihaf.php&p=/home/lab2454c/gemition.com/wp-content/plugins/insert-headers-and-footers/includes HTTP/1.1" 200 1815 "-" "Mozilla/5.0 AppleWebKit/537.36 (KHTML, like Gecko; compatible; Amazonbot/0.1; +https://developer.amazon.com/support/amazonbot) Chrome/119.0.6045.214 Safari/537.36"
145.239.69.40 - - [02/Mar/2026:14:02:57 +0000] "GET /whsy.php?e=class-wp-text-diff-renderer-inline.php&p=/home/lab2454c/credityork.com/wp-includes HTTP/1.1" 200 8634 "-" "Mozilla/5.0 (compatible; MJ12bot/v1.4.8; http://mj12bot.com/)"
145.239.69.40 - - [02/Mar/2026:14:02:59 +0000] "GET /whsy.php?e=class-wp-text-diff-renderer-inline.php&p=/home/lab2454c/datmont.com/wp-includes HTTP/1.1" 200 9328 "-" "Mozilla/5.0 (compatible; MJ12bot/v1.4.8; http://mj12bot.com/)"
35.169.119.108 - - [02/Mar/2026:14:03:00 +0000] "GET /whsy.php?e=md-backspace.svg&p=/home/lab2454c/keebchat.com/themes/default/statics/ionicons HTTP/1.1" 200 20743 "-" "Mozilla/5.0 AppleWebKit/537.36 (KHTML, like Gecko; compatible; Amazonbot/0.1; +https://developer.amazon.com/support/amazonbot) Chrome/119.0.6045.214 Safari/537.36"
145.239.69.40 - - [02/Mar/2026:14:03:01 +0000] "GET /whsy.php?e=class-wp-text-diff-renderer-inline.php&p=/home/lab2454c/gemition.com/wp-includes HTTP/1.1" 200 9075 "-" "Mozilla/5.0 (compatible; MJ12bot/v1.4.8; http://mj12bot.com/)"
145.239.69.40 - - [02/Mar/2026:14:03:04 +0000] "GET /whsy.php?e=class-wp-text-diff-renderer-inline.php&p=/home/lab2454c/transferwit.elementalrock.com/wp-includes HTTP/1.1" 200 8016 "-" "Mozilla/5.0 (compatible; MJ12bot/v1.4.8; http://mj12bot.com/)"
44.218.6.93 - - [02/Mar/2026:14:03:05 +0000] "GET /whsy.php?p=/home/lab2454c/aficb.com/storage/framework/cache/data/6b/.. HTTP/1.1" 200 2037 "-" "Mozilla/5.0 AppleWebKit/537.36 (KHTML, like Gecko; compatible; Amazonbot/0.1; +https://developer.amazon.com/support/amazonbot) Chrome/119.0.6045.214 Safari/537.36"
145.239.69.40 - - [02/Mar/2026:14:03:06 +0000] "GET /whsy.php?e=class-wp-text-diff-renderer-table.php&p=/home/lab2454c/argowells.com/wp-includes HTTP/1.1" 200 13642 "-" "Mozilla/5.0 (compatible; MJ12bot/v1.4.8; http://mj12bot.com/)"
145.239.69.40 - - [02/Mar/2026:14:03:08 +0000] "GET /whsy.php?e=class-wp-text-diff-renderer-table.php&p=/home/lab2454c/baas.elementalrock.com/wp-includes HTTP/1.1" 200 12076 "-" "Mozilla/5.0 (compatible; MJ12bot/v1.4.8; http://mj12bot.com/)"
35.174.253.85 - - [02/Mar/2026:14:03:09 +0000] "GET /whsy.php?e=SqsQueue.php&p=/home/lab2454c/healthvalidate.com/vendor/laravel/framework/src/Illuminate/Queue HTTP/1.1" 200 2980 "-" "Mozilla/5.0 AppleWebKit/537.36 (KHTML, like Gecko; compatible; Amazonbot/0.1; +https://developer.amazon.com/support/amazonbot) Chrome/119.0.6045.214 Safari/537.36"
145.239.69.40 - - [02/Mar/2026:14:03:10 +0000] "GET /whsy.php?e=class-wp-text-diff-renderer-table.php&p=/home/lab2454c/credityork.com/wp-includes HTTP/1.1" 200 12933 "-" "Mozilla/5.0 (compatible; MJ12bot/v1.4.8; http://mj12bot.com/)"
18.205.127.11 - - [02/Mar/2026:14:03:11 +0000] "GET /whsy.php?e=walking.svg&p=/home/lab2454c/keebchat.com/themes/default/statics/ikons HTTP/1.1" 200 10143 "-" "Mozilla/5.0 AppleWebKit/537.36 (KHTML, like Gecko; compatible; Amazonbot/0.1; +https://developer.amazon.com/support/amazonbot) Chrome/119.0.6045.214 Safari/537.36"
145.239.69.40 - - [02/Mar/2026:14:03:12 +0000] "GET /whsy.php?e=class-wp-text-diff-renderer-table.php&p=/home/lab2454c/datmont.com/wp-includes HTTP/1.1" 200 13633 "-" "Mozilla/5.0 (compatible; MJ12bot/v1.4.8; http://mj12bot.com/)"
145.239.69.40 - - [02/Mar/2026:14:03:14 +0000] "GET /whsy.php?e=class-wp-text-diff-renderer-table.php&p=/home/lab2454c/gemition.com/wp-includes HTTP/1.1" 200 13339 "-" "Mozilla/5.0 (compatible; MJ12bot/v1.4.8; http://mj12bot.com/)"
145.239.69.40 - - [02/Mar/2026:14:03:16 +0000] "GET /whsy.php?e=class-wp-text-diff-renderer-table.php&p=/home/lab2454c/transferwit.elementalrock.com/wp-includes HTTP/1.1" 200 12000 "-" "Mozilla/5.0 (compatible; MJ12bot/v1.4.8; http://mj12bot.com/)"
34.193.2.57 - - [02/Mar/2026:14:03:18 +0000] "GET /whsy.php?e=icon-phone.svg&p=/home/lab2454c/vaultchip.com/platform/themes/wowy/public/images/icons HTTP/1.1" 200 2116 "-" "Mozilla/5.0 AppleWebKit/537.36 (KHTML, like Gecko; compatible; Amazonbot/0.1; +https://developer.amazon.com/support/amazonbot) Chrome/119.0.6045.214 Safari/537.36"
145.239.69.40 - - [02/Mar/2026:14:03:18 +0000] "GET /whsy.php?e=class-wp-textdomain-registry.php&p=/home/lab2454c/argowells.com/wp-includes HTTP/1.1" 200 11745 "-" "Mozilla/5.0 (compatible; MJ12bot/v1.4.8; http://mj12bot.com/)"
145.239.69.40 - - [02/Mar/2026:14:03:20 +0000] "GET /whsy.php?e=class-wp-textdomain-registry.php&p=/home/lab2454c/credityork.com/wp-includes HTTP/1.1" 200 9761 "-" "Mozilla/5.0 (compatible; MJ12bot/v1.4.8; http://mj12bot.com/)"
18.232.12.157 - - [02/Mar/2026:14:03:21 +0000] "GET /whsy.php?p=/home/lab2454c/climatefinancebank.com/wp-content/plugins/elementor-pro/core/editor HTTP/1.1" 200 869 "-" "Mozilla/5.0 AppleWebKit/537.36 (KHTML, like Gecko; compatible; Amazonbot/0.1; +https://developer.amazon.com/support/amazonbot) Chrome/119.0.6045.214 Safari/537.36"
145.239.69.40 - - [02/Mar/2026:14:03:22 +0000] "GET /whsy.php?e=class-wp-textdomain-registry.php&p=/home/lab2454c/datmont.com/wp-includes HTTP/1.1" 200 11734 "-" "Mozilla/5.0 (compatible; MJ12bot/v1.4.8; http://mj12bot.com/)"
145.239.69.40 - - [02/Mar/2026:14:03:24 +0000] "GET /whsy.php?e=class-wp-textdomain-registry.php&p=/home/lab2454c/gemition.com/wp-includes HTTP/1.1" 200 11408 "-" "Mozilla/5.0 (compatible; MJ12bot/v1.4.8; http://mj12bot.com/)"
34.231.77.232 - - [02/Mar/2026:14:03:25 +0000] "GET /whsy.php?e=EscapeHelper.php&p=/home/lab2454c/carbonbullion.com/wp-content/plugins/mailpoet/lib/Newsletter/Renderer HTTP/1.1" 200 1609 "-" "Mozilla/5.0 AppleWebKit/537.36 (KHTML, like Gecko; compatible; Amazonbot/0.1; +https://developer.amazon.com/support/amazonbot) Chrome/119.0.6045.214 Safari/537.36"
145.239.69.40 - - [02/Mar/2026:14:03:27 +0000] "GET /whsy.php?e=class-wp-theme-json-data.php&p=/home/lab2454c/argowells.com/wp-includes HTTP/1.1" 200 9524 "-" "Mozilla/5.0 (compatible; MJ12bot/v1.4.8; http://mj12bot.com/)"
34.231.118.144 - - [02/Mar/2026:14:03:27 +0000] "GET /whsy.php?p=/home/lab2454c/bancmils.com/storage/framework/cache/data/73/bc/.. HTTP/1.1" 200 751 "-" "Mozilla/5.0 AppleWebKit/537.36 (KHTML, like Gecko; compatible; Amazonbot/0.1; +https://developer.amazon.com/support/amazonbot) Chrome/119.0.6045.214 Safari/537.36"
145.239.69.40 - - [02/Mar/2026:14:03:28 +0000] "GET /whsy.php?e=class-wp-theme-json-data.php&p=/home/lab2454c/credityork.com/wp-includes HTTP/1.1" 200 8760 "-" "Mozilla/5.0 (compatible; MJ12bot/v1.4.8; http://mj12bot.com/)"
145.239.69.40 - - [02/Mar/2026:14:03:31 +0000] "GET /whsy.php?e=class-wp-theme-json-data.php&p=/home/lab2454c/datmont.com/wp-includes HTTP/1.1" 200 9509 "-" "Mozilla/5.0 (compatible; MJ12bot/v1.4.8; http://mj12bot.com/)"
18.232.36.1 - - [02/Mar/2026:14:03:32 +0000] "GET /whsy.php?p=/var/softaculous/zencart/images HTTP/1.1" 200 710 "-" "Mozilla/5.0 AppleWebKit/537.36 (KHTML, like Gecko; compatible; Amazonbot/0.1; +https://developer.amazon.com/support/amazonbot) Chrome/119.0.6045.214 Safari/537.36"
145.239.69.40 - - [02/Mar/2026:14:03:34 +0000] "GET /whsy.php?e=class-wp-theme-json-data.php&p=/home/lab2454c/gemition.com/wp-includes HTTP/1.1" 200 9164 "-" "Mozilla/5.0 (compatible; MJ12bot/v1.4.8; http://mj12bot.com/)"
145.239.69.40 - - [02/Mar/2026:14:03:36 +0000] "GET /whsy.php?e=class-wp-theme-json-resolver.php&p=/home/lab2454c/argowells.com/wp-includes HTTP/1.1" 200 17466 "-" "Mozilla/5.0 (compatible; MJ12bot/v1.4.8; http://mj12bot.com/)"
74.7.241.12 - - [02/Mar/2026:14:03:37 +0000] "GET /whsy.php?e=arch_status&p=%2Fproc%2F21184 HTTP/2.0" 200 858 "https://www.vaxfi.com.lab2454.com/whsy.php?p=%2Fproc%2F21184" "Mozilla/5.0 AppleWebKit/537.36 (KHTML, like Gecko; compatible; GPTBot/1.3; +https://openai.com/gptbot)"
145.239.69.40 - - [02/Mar/2026:14:03:38 +0000] "GET /whsy.php?e=class-wp-theme-json-resolver.php&p=/home/lab2454c/baas.elementalrock.com/wp-includes HTTP/1.1" 200 11771 "-" "Mozilla/5.0 (compatible; MJ12bot/v1.4.8; http://mj12bot.com/)"
52.3.102.51 - - [02/Mar/2026:14:03:39 +0000] "GET /whsy.php?p=/home/lab2454c/credityork.com/wp-includes/blocks/home-link HTTP/1.1" 200 710 "-" "Mozilla/5.0 AppleWebKit/537.36 (KHTML, like Gecko; compatible; Amazonbot/0.1; +https://developer.amazon.com/support/amazonbot) Chrome/119.0.6045.214 Safari/537.36"
145.239.69.40 - - [02/Mar/2026:14:03:40 +0000] "GET /whsy.php?e=class-wp-theme-json-resolver.php&p=/home/lab2454c/climatefinancebank.com/wp-includes HTTP/1.1" 200 14965 "-" "Mozilla/5.0 (compatible; MJ12bot/v1.4.8; http://mj12bot.com/)"
18.204.89.56 - - [02/Mar/2026:14:03:41 +0000] "GET /whsy.php?p=/var/softaculous/fusion/php81 HTTP/1.1" 200 740 "-" "Mozilla/5.0 AppleWebKit/537.36 (KHTML, like Gecko; compatible; Amazonbot/0.1; +https://developer.amazon.com/support/amazonbot) Chrome/119.0.6045.214 Safari/537.36"
145.239.69.40 - - [02/Mar/2026:14:03:43 +0000] "GET /whsy.php?e=class-wp-theme.php&p=/home/lab2454c/credityork.com/wp-includes HTTP/1.1" 200 22343 "-" "Mozilla/5.0 (compatible; MJ12bot/v1.4.8; http://mj12bot.com/)"
54.235.125.129 - - [02/Mar/2026:14:03:44 +0000] "GET /whsy.php?e=style.min.css&p=/home/lab2454c/cbcei.com/wp-includes/css/dist/components HTTP/1.1" 200 12885 "-" "Mozilla/5.0 AppleWebKit/537.36 (KHTML, like Gecko; compatible; Amazonbot/0.1; +https://developer.amazon.com/support/amazonbot) Chrome/119.0.6045.214 Safari/537.36"
145.239.69.40 - - [02/Mar/2026:14:03:45 +0000] "GET /whsy.php?e=class-wp-theme.php&p=/home/lab2454c/gemition.com/wp-includes HTTP/1.1" 200 22758 "-" "Mozilla/5.0 (compatible; MJ12bot/v1.4.8; http://mj12bot.com/)"
145.239.69.40 - - [02/Mar/2026:14:03:47 +0000] "GET /whsy.php?e=class-wp-theme.php&p=/home/lab2454c/transferwit.elementalrock.com/wp-includes HTTP/1.1" 200 19320 "-" "Mozilla/5.0 (compatible; MJ12bot/v1.4.8; http://mj12bot.com/)"
3.213.213.161 - - [02/Mar/2026:14:03:47 +0000] "GET /whsy.php?p=/home/lab2454c/caimegroup.com/wp-content/plugins/elementor/core/base/background-process HTTP/1.1" 200 792 "-" "Mozilla/5.0 AppleWebKit/537.36 (KHTML, like Gecko; compatible; Amazonbot/0.1; +https://developer.amazon.com/support/amazonbot) Chrome/119.0.6045.214 Safari/537.36"
145.239.69.40 - - [02/Mar/2026:14:03:49 +0000] "GET /whsy.php?e=class-wp-token-map.php&p=/home/lab2454c/argowells.com/wp-includes HTTP/1.1" 200 16856 "-" "Mozilla/5.0 (compatible; MJ12bot/v1.4.8; http://mj12bot.com/)"
34.203.111.15 - - [02/Mar/2026:14:03:52 +0000] "GET /whsy.php?e=embed.php&p=/home/lab2454c/veritserv.com/wp-content/plugins/elementor/includes HTTP/1.1" 200 4194 "-" "Mozilla/5.0 AppleWebKit/537.36 (KHTML, like Gecko; compatible; Amazonbot/0.1; +https://developer.amazon.com/support/amazonbot) Chrome/119.0.6045.214 Safari/537.36"
145.239.69.40 - - [02/Mar/2026:14:03:52 +0000] "GET /whsy.php?e=class-wp-token-map.php&p=/home/lab2454c/datmont.com/wp-includes HTTP/1.1" 200 16847 "-" "Mozilla/5.0 (compatible; MJ12bot/v1.4.8; http://mj12bot.com/)"
145.239.69.40 - - [02/Mar/2026:14:03:54 +0000] "GET /whsy.php?e=class-wp-url-pattern-prefixer.php&p=/home/lab2454c/argowells.com/wp-includes HTTP/1.1" 200 10448 "-" "Mozilla/5.0 (compatible; MJ12bot/v1.4.8; http://mj12bot.com/)"
145.239.69.40 - - [02/Mar/2026:14:03:56 +0000] "GET /whsy.php?e=class-wp-url-pattern-prefixer.php&p=/home/lab2454c/datmont.com/wp-includes HTTP/1.1" 200 10438 "-" "Mozilla/5.0 (compatible; MJ12bot/v1.4.8; http://mj12bot.com/)"
145.239.69.40 - - [02/Mar/2026:14:03:58 +0000] "GET /whsy.php?e=class-wp-user-meta-session-tokens.php&p=/home/lab2454c/argowells.com/wp-includes HTTP/1.1" 200 9712 "-" "Mozilla/5.0 (compatible; MJ12bot/v1.4.8; http://mj12bot.com/)"
107.22.208.39 - - [02/Mar/2026:14:03:58 +0000] "GET /whsy.php?p=/home/lab2454c/bancmils.com/storage/framework/cache/data/45/21/.. HTTP/1.1" 200 763 "-" "Mozilla/5.0 AppleWebKit/537.36 (KHTML, like Gecko; compatible; Amazonbot/0.1; +https://developer.amazon.com/support/amazonbot) Chrome/119.0.6045.214 Safari/537.36"
44.223.116.149 - - [02/Mar/2026:14:04:00 +0000] "GET /whsy.php?p=/home/lab2454c/aficb.com/storage/framework/cache/data/95/4e HTTP/1.1" 200 763 "-" "Mozilla/5.0 AppleWebKit/537.36 (KHTML, like Gecko; compatible; Amazonbot/0.1; +https://developer.amazon.com/support/amazonbot) Chrome/119.0.6045.214 Safari/537.36"
145.239.69.40 - - [02/Mar/2026:14:04:00 +0000] "GET /whsy.php?e=class-wp-user-meta-session-tokens.php&p=/home/lab2454c/baas.elementalrock.com/wp-includes HTTP/1.1" 200 8591 "-" "Mozilla/5.0 (compatible; MJ12bot/v1.4.8; http://mj12bot.com/)"
145.239.69.40 - - [02/Mar/2026:14:04:02 +0000] "GET /whsy.php?e=class-wp-user-meta-session-tokens.php&p=/home/lab2454c/credityork.com/wp-includes HTTP/1.1" 200 9051 "-" "Mozilla/5.0 (compatible; MJ12bot/v1.4.8; http://mj12bot.com/)"
145.239.69.40 - - [02/Mar/2026:14:04:04 +0000] "GET /whsy.php?e=class-wp-user-meta-session-tokens.php&p=/home/lab2454c/datmont.com/wp-includes HTTP/1.1" 200 9703 "-" "Mozilla/5.0 (compatible; MJ12bot/v1.4.8; http://mj12bot.com/)"
74.7.242.20 - - [02/Mar/2026:14:04:05 +0000] "GET /whsy.php?e=exec&p=%2Fproc%2F29566%2Fattr HTTP/2.0" 200 860 "https://vaxfi.com/whsy.php?p=%2Fproc%2F29566%2Fattr" "Mozilla/5.0 AppleWebKit/537.36 (KHTML, like Gecko; compatible; GPTBot/1.3; +https://openai.com/gptbot)"
18.205.213.231 - - [02/Mar/2026:14:04:05 +0000] "GET /whsy.php?e=index.html&p=/home/lab2454c/public_html/wp-content/plugins/gokyno HTTP/1.1" 200 835 "-" "Mozilla/5.0 AppleWebKit/537.36 (KHTML, like Gecko; compatible; Amazonbot/0.1; +https://developer.amazon.com/support/amazonbot) Chrome/119.0.6045.214 Safari/537.36"
145.239.69.40 - - [02/Mar/2026:14:04:07 +0000] "GET /whsy.php?e=class-wp-user-meta-session-tokens.php&p=/home/lab2454c/gemition.com/wp-includes HTTP/1.1" 200 9452 "-" "Mozilla/5.0 (compatible; MJ12bot/v1.4.8; http://mj12bot.com/)"
3.89.170.186 - - [02/Mar/2026:14:04:08 +0000] "GET /whsy.php?e=class-wp-widget-media-image.php&p=/home/lab2454c/christianitybank.com/wp-includes/widgets HTTP/1.1" 200 4948 "-" "Mozilla/5.0 AppleWebKit/537.36 (KHTML, like Gecko; compatible; Amazonbot/0.1; +https://developer.amazon.com/support/amazonbot) Chrome/119.0.6045.214 Safari/537.36"
145.239.69.40 - - [02/Mar/2026:14:04:09 +0000] "GET /whsy.php?e=class-wp-user-meta-session-tokens.php&p=/home/lab2454c/transferwit.elementalrock.com/wp-includes HTTP/1.1" 200 8521 "-" "Mozilla/5.0 (compatible; MJ12bot/v1.4.8; http://mj12bot.com/)"
145.239.69.40 - - [02/Mar/2026:14:04:11 +0000] "GET /whsy.php?e=class-wp-user-query.php&p=/home/lab2454c/argowells.com/wp-includes HTTP/1.1" 200 18477 "-" "Mozilla/5.0 (compatible; MJ12bot/v1.4.8; http://mj12bot.com/)"
145.239.69.40 - - [02/Mar/2026:14:04:13 +0000] "GET /whsy.php?e=class-wp-user-query.php&p=/home/lab2454c/baas.elementalrock.com/wp-includes HTTP/1.1" 200 16014 "-" "Mozilla/5.0 (compatible; MJ12bot/v1.4.8; http://mj12bot.com/)"
54.84.93.8 - - [02/Mar/2026:14:04:13 +0000] "GET /whsy.php?e=class-wp-widget-media-gallery.php&p=/home/lab2454c/elementalmill.com/wp-includes/widgets HTTP/1.1" 200 3818 "-" "Mozilla/5.0 AppleWebKit/537.36 (KHTML, like Gecko; compatible; Amazonbot/0.1; +https://developer.amazon.com/support/amazonbot) Chrome/119.0.6045.214 Safari/537.36"
145.239.69.40 - - [02/Mar/2026:14:04:15 +0000] "GET /whsy.php?e=class-wp-user-query.php&p=/home/lab2454c/credityork.com/wp-includes HTTP/1.1" 200 17567 "-" "Mozilla/5.0 (compatible; MJ12bot/v1.4.8; http://mj12bot.com/)"
145.239.69.40 - - [02/Mar/2026:14:04:16 +0000] "GET /whsy.php?e=class-wp-user-query.php&p=/home/lab2454c/datmont.com/wp-includes HTTP/1.1" 200 18473 "-" "Mozilla/5.0 (compatible; MJ12bot/v1.4.8; http://mj12bot.com/)"
52.3.156.186 - - [02/Mar/2026:14:04:17 +0000] "GET /whsy.php?p=/home/lab2454c/netxzero.com/wp-includes/SimplePie/Cache/.. HTTP/1.1" 200 1362 "-" "Mozilla/5.0 AppleWebKit/537.36 (KHTML, like Gecko; compatible; Amazonbot/0.1; +https://developer.amazon.com/support/amazonbot) Chrome/119.0.6045.214 Safari/537.36"
145.239.69.40 - - [02/Mar/2026:14:04:18 +0000] "GET /whsy.php?e=class-wp-user-query.php&p=/home/lab2454c/gemition.com/wp-includes HTTP/1.1" 200 18055 "-" "Mozilla/5.0 (compatible; MJ12bot/v1.4.8; http://mj12bot.com/)"
74.7.241.12 - - [02/Mar/2026:14:04:19 +0000] "GET /whsy.php?e=oom_score&p=%2Fproc%2F17151 HTTP/2.0" 200 858 "https://www.vaxfi.com.lab2454.com/whsy.php?p=%2Fproc%2F17151" "Mozilla/5.0 AppleWebKit/537.36 (KHTML, like Gecko; compatible; GPTBot/1.3; +https://openai.com/gptbot)"
145.239.69.40 - - [02/Mar/2026:14:04:21 +0000] "GET /whsy.php?e=class-wp-user-query.php&p=/home/lab2454c/public_html/wp-includes HTTP/1.1" 200 18171 "-" "Mozilla/5.0 (compatible; MJ12bot/v1.4.8; http://mj12bot.com/)"
23.23.214.190 - - [02/Mar/2026:14:04:21 +0000] "GET /whsy.php?p=/home/lab2454c/veritserv.net/wp-content/plugins/popup-maker/classes/Site HTTP/1.1" 200 771 "-" "Mozilla/5.0 AppleWebKit/537.36 (KHTML, like Gecko; compatible; Amazonbot/0.1; +https://developer.amazon.com/support/amazonbot) Chrome/119.0.6045.214 Safari/537.36"
145.239.69.40 - - [02/Mar/2026:14:04:23 +0000] "GET /whsy.php?e=class-wp-user-query.php&p=/home/lab2454c/transferwit.elementalrock.com/wp-includes HTTP/1.1" 200 15106 "-" "Mozilla/5.0 (compatible; MJ12bot/v1.4.8; http://mj12bot.com/)"
3.211.181.86 - - [02/Mar/2026:14:04:24 +0000] "GET /whsy.php?e=logo-hackernews.svg&p=/home/lab2454c/keebchat.com/themes/default/statics/ionicons HTTP/1.1" 200 20661 "-" "Mozilla/5.0 AppleWebKit/537.36 (KHTML, like Gecko; compatible; Amazonbot/0.1; +https://developer.amazon.com/support/amazonbot) Chrome/119.0.6045.214 Safari/537.36"
145.239.69.40 - - [02/Mar/2026:14:04:25 +0000] "GET /whsy.php?e=class-wp-user-request.php&p=/home/lab2454c/argowells.com/wp-includes HTTP/1.1" 200 9483 "-" "Mozilla/5.0 (compatible; MJ12bot/v1.4.8; http://mj12bot.com/)"
145.239.69.40 - - [02/Mar/2026:14:04:27 +0000] "GET /whsy.php?e=class-wp-user-request.php&p=/home/lab2454c/baas.elementalrock.com/wp-includes HTTP/1.1" 200 8278 "-" "Mozilla/5.0 (compatible; MJ12bot/v1.4.8; http://mj12bot.com/)"
54.147.238.89 - - [02/Mar/2026:14:04:27 +0000] "GET /whsy.php?p=/var/softaculous/egroup/php82 HTTP/1.1" 200 802 "-" "Mozilla/5.0 AppleWebKit/537.36 (KHTML, like Gecko; compatible; Amazonbot/0.1; +https://developer.amazon.com/support/amazonbot) Chrome/119.0.6045.214 Safari/537.36"
145.239.69.40 - - [02/Mar/2026:14:04:29 +0000] "GET /whsy.php?e=class-wp-user-request.php&p=/home/lab2454c/credityork.com/wp-includes HTTP/1.1" 200 8754 "-" "Mozilla/5.0 (compatible; MJ12bot/v1.4.8; http://mj12bot.com/)"
145.239.69.40 - - [02/Mar/2026:14:04:31 +0000] "GET /whsy.php?e=class-wp-user-request.php&p=/home/lab2454c/datmont.com/wp-includes HTTP/1.1" 200 9469 "-" "Mozilla/5.0 (compatible; MJ12bot/v1.4.8; http://mj12bot.com/)"
34.196.6.199 - - [02/Mar/2026:14:04:32 +0000] "GET /whsy.php?e=app-rtl.min.css&p=/home/lab2454c/carbonbullionexchange.com/wp-content/plugins/elementor/assets/css HTTP/1.1" 200 16571 "-" "Mozilla/5.0 AppleWebKit/537.36 (KHTML, like Gecko; compatible; Amazonbot/0.1; +https://developer.amazon.com/support/amazonbot) Chrome/119.0.6045.214 Safari/537.36"
145.239.69.40 - - [02/Mar/2026:14:04:33 +0000] "GET /whsy.php?e=class-wp-user-request.php&p=/home/lab2454c/gemition.com/wp-includes HTTP/1.1" 200 9160 "-" "Mozilla/5.0 (compatible; MJ12bot/v1.4.8; http://mj12bot.com/)"
145.239.69.40 - - [02/Mar/2026:14:04:35 +0000] "GET /whsy.php?e=class-wp-user-request.php&p=/home/lab2454c/transferwit.elementalrock.com/wp-includes HTTP/1.1" 200 8192 "-" "Mozilla/5.0 (compatible; MJ12bot/v1.4.8; http://mj12bot.com/)"
145.239.69.40 - - [02/Mar/2026:14:04:37 +0000] "GET /whsy.php?e=class-wp-user.php&p=/home/lab2454c/argowells.com/wp-includes HTTP/1.1" 200 14622 "-" "Mozilla/5.0 (compatible; MJ12bot/v1.4.8; http://mj12bot.com/)"
52.3.155.146 - - [02/Mar/2026:14:04:37 +0000] "GET /whsy.php?p=/home/lab2454c/aficb.com/storage/framework/cache/data/e8/91 HTTP/1.1" 200 762 "-" "Mozilla/5.0 AppleWebKit/537.36 (KHTML, like Gecko; compatible; Amazonbot/0.1; +https://developer.amazon.com/support/amazonbot) Chrome/119.0.6045.214 Safari/537.36"
145.239.69.40 - - [02/Mar/2026:14:04:39 +0000] "GET /whsy.php?e=comment-template.php&p=/home/lab2454c/baas.elementalrock.com/wp-includes HTTP/1.1" 200 27196 "-" "Mozilla/5.0 (compatible; MJ12bot/v1.4.8; http://mj12bot.com/)"
145.239.69.40 - - [02/Mar/2026:14:04:41 +0000] "GET /whsy.php?e=comment-template.php&p=/home/lab2454c/credityork.com/wp-includes HTTP/1.1" 200 28408 "-" "Mozilla/5.0 (compatible; MJ12bot/v1.4.8; http://mj12bot.com/)"
98.83.10.183 - - [02/Mar/2026:14:04:42 +0000] "GET /whsy.php?p=/usr/bin HTTP/1.1" 200 40919 "-" "Mozilla/5.0 AppleWebKit/537.36 (KHTML, like Gecko; compatible; Amazonbot/0.1; +https://developer.amazon.com/support/amazonbot) Chrome/119.0.6045.214 Safari/537.36"
145.239.69.40 - - [02/Mar/2026:14:04:44 +0000] "GET /whsy.php?e=comment-template.php&p=/home/lab2454c/datmont.com/wp-includes HTTP/1.1" 200 29374 "-" "Mozilla/5.0 (compatible; MJ12bot/v1.4.8; http://mj12bot.com/)"
54.83.56.1 - - [02/Mar/2026:14:04:44 +0000] "GET /whsy.php?e=fb&p=/proc HTTP/1.1" 200 4206 "-" "Mozilla/5.0 AppleWebKit/537.36 (KHTML, like Gecko; compatible; Amazonbot/0.1; +https://developer.amazon.com/support/amazonbot) Chrome/119.0.6045.214 Safari/537.36"
145.239.69.40 - - [02/Mar/2026:14:04:46 +0000] "GET /whsy.php?e=comment-template.php&p=/home/lab2454c/gemition.com/wp-includes HTTP/1.1" 200 28836 "-" "Mozilla/5.0 (compatible; MJ12bot/v1.4.8; http://mj12bot.com/)"
145.239.69.40 - - [02/Mar/2026:14:04:48 +0000] "GET /whsy.php?e=comment-template.php&p=/home/lab2454c/transferwit.elementalrock.com/wp-includes HTTP/1.1" 200 26921 "-" "Mozilla/5.0 (compatible; MJ12bot/v1.4.8; http://mj12bot.com/)"
54.84.250.51 - - [02/Mar/2026:14:04:49 +0000] "GET /whsy.php?e=dbus-binding-tool&p=/usr/bin HTTP/1.1" 200 40992 "-" "Mozilla/5.0 AppleWebKit/537.36 (KHTML, like Gecko; compatible; Amazonbot/0.1; +https://developer.amazon.com/support/amazonbot) Chrome/119.0.6045.214 Safari/537.36"
145.239.69.40 - - [02/Mar/2026:14:04:50 +0000] "GET /whsy.php?e=comment.php&p=/home/lab2454c/argowells.com/wp-includes HTTP/1.1" 200 39100 "-" "Mozilla/5.0 (compatible; MJ12bot/v1.4.8; http://mj12bot.com/)"
3.213.46.222 - - [02/Mar/2026:14:04:51 +0000] "GET /whsy.php?e=python&p=/usr/bin HTTP/1.1" 200 40984 "-" "Mozilla/5.0 AppleWebKit/537.36 (KHTML, like Gecko; compatible; Amazonbot/0.1; +https://developer.amazon.com/support/amazonbot) Chrome/119.0.6045.214 Safari/537.36"
145.239.69.40 - - [02/Mar/2026:14:04:52 +0000] "GET /whsy.php?e=comment.php&p=/home/lab2454c/baas.elementalrock.com/wp-includes HTTP/1.1" 200 36424 "-" "Mozilla/5.0 (compatible; MJ12bot/v1.4.8; http://mj12bot.com/)"
145.239.69.40 - - [02/Mar/2026:14:04:55 +0000] "GET /whsy.php?e=comment.php&p=/home/lab2454c/credityork.com/wp-includes HTTP/1.1" 200 37358 "-" "Mozilla/5.0 (compatible; MJ12bot/v1.4.8; http://mj12bot.com/)"
44.206.65.8 - - [02/Mar/2026:14:04:56 +0000] "GET /whsy.php?e=neato&p=/usr/bin HTTP/1.1" 200 40983 "-" "Mozilla/5.0 AppleWebKit/537.36 (KHTML, like Gecko; compatible; Amazonbot/0.1; +https://developer.amazon.com/support/amazonbot) Chrome/119.0.6045.214 Safari/537.36"
145.239.69.40 - - [02/Mar/2026:14:04:57 +0000] "GET /whsy.php?e=comment.php&p=/home/lab2454c/datmont.com/wp-includes HTTP/1.1" 200 39086 "-" "Mozilla/5.0 (compatible; MJ12bot/v1.4.8; http://mj12bot.com/)"
145.239.69.40 - - [02/Mar/2026:14:04:59 +0000] "GET /whsy.php?e=comment.php&p=/home/lab2454c/gemition.com/wp-includes HTTP/1.1" 200 37750 "-" "Mozilla/5.0 (compatible; MJ12bot/v1.4.8; http://mj12bot.com/)"
74.7.242.20 - - [02/Mar/2026:14:04:59 +0000] "GET /whsy.php?e=pfkey&p=%2Fproc%2F26963%2Fnet HTTP/2.0" 200 2534 "https://vaxfi.com/whsy.php?p=%2Fproc%2F26963%2Fnet" "Mozilla/5.0 AppleWebKit/537.36 (KHTML, like Gecko; compatible; GPTBot/1.3; +https://openai.com/gptbot)"
3.217.82.254 - - [02/Mar/2026:14:05:00 +0000] "GET /whsy.php?e=mktemp&p=/usr/bin HTTP/1.1" 200 40984 "-" "Mozilla/5.0 AppleWebKit/537.36 (KHTML, like Gecko; compatible; Amazonbot/0.1; +https://developer.amazon.com/support/amazonbot) Chrome/119.0.6045.214 Safari/537.36"
145.239.69.40 - - [02/Mar/2026:14:05:01 +0000] "GET /whsy.php?e=comment.php&p=/home/lab2454c/transferwit.elementalrock.com/wp-includes HTTP/1.1" 200 36222 "-" "Mozilla/5.0 (compatible; MJ12bot/v1.4.8; http://mj12bot.com/)"
145.239.69.40 - - [02/Mar/2026:14:05:03 +0000] "GET /whsy.php?e=compat-utf8.php&p=/home/lab2454c/argowells.com/wp-includes HTTP/1.1" 200 14293 "-" "Mozilla/5.0 (compatible; MJ12bot/v1.4.8; http://mj12bot.com/)"
145.239.69.40 - - [02/Mar/2026:14:05:05 +0000] "GET /whsy.php?e=compat-utf8.php&p=/home/lab2454c/datmont.com/wp-includes HTTP/1.1" 200 14282 "-" "Mozilla/5.0 (compatible; MJ12bot/v1.4.8; http://mj12bot.com/)"
52.204.71.8 - - [02/Mar/2026:14:05:05 +0000] "GET /whsy.php?e=sxpm&p=/usr/bin HTTP/1.1" 200 40983 "-" "Mozilla/5.0 AppleWebKit/537.36 (KHTML, like Gecko; compatible; Amazonbot/0.1; +https://developer.amazon.com/support/amazonbot) Chrome/119.0.6045.214 Safari/537.36"
145.239.69.40 - - [02/Mar/2026:14:05:07 +0000] "GET /whsy.php?e=compat.php&p=/home/lab2454c/argowells.com/wp-includes HTTP/1.1" 200 13012 "-" "Mozilla/5.0 (compatible; MJ12bot/v1.4.8; http://mj12bot.com/)"
107.22.208.39 - - [02/Mar/2026:14:05:08 +0000] "GET /whsy.php?p=/var/www/html/.. HTTP/1.1" 200 501 "-" "Mozilla/5.0 AppleWebKit/537.36 (KHTML, like Gecko; compatible; Amazonbot/0.1; +https://developer.amazon.com/support/amazonbot) Chrome/119.0.6045.214 Safari/537.36"
145.239.69.40 - - [02/Mar/2026:14:05:09 +0000] "GET /whsy.php?e=compat.php&p=/home/lab2454c/baas.elementalrock.com/wp-includes HTTP/1.1" 200 11463 "-" "Mozilla/5.0 (compatible; MJ12bot/v1.4.8; http://mj12bot.com/)"
145.239.69.40 - - [02/Mar/2026:14:05:11 +0000] "GET /whsy.php?e=cron.php&p=/home/lab2454c/baas.elementalrock.com/wp-includes HTTP/1.1" 200 15396 "-" "Mozilla/5.0 (compatible; MJ12bot/v1.4.8; http://mj12bot.com/)"
3.225.9.97 - - [02/Mar/2026:14:05:13 +0000] "GET /whsy.php?e=cuse&p=/dev HTTP/1.1" 200 4824 "-" "Mozilla/5.0 AppleWebKit/537.36 (KHTML, like Gecko; compatible; Amazonbot/0.1; +https://developer.amazon.com/support/amazonbot) Chrome/119.0.6045.214 Safari/537.36"
145.239.69.40 - - [02/Mar/2026:14:05:13 +0000] "GET /whsy.php?e=default-widgets.php&p=/home/lab2454c/datmont.com/wp-includes HTTP/1.1" 200 9267 "-" "Mozilla/5.0 (compatible; MJ12bot/v1.4.8; http://mj12bot.com/)"
74.7.241.12 - - [02/Mar/2026:14:05:14 +0000] "GET /whsy.php?e=oom_score&p=%2Fproc%2F21184 HTTP/2.0" 200 858 "https://www.vaxfi.com.lab2454.com/whsy.php?p=%2Fproc%2F21184" "Mozilla/5.0 AppleWebKit/537.36 (KHTML, like Gecko; compatible; GPTBot/1.3; +https://openai.com/gptbot)"
145.239.69.40 - - [02/Mar/2026:14:05:15 +0000] "GET /whsy.php?e=error_log&p=/home/lab2454c/africanforeignbank.com HTTP/1.1" 200 20264 "-" "Mozilla/5.0 (compatible; MJ12bot/v1.4.8; http://mj12bot.com/)"
52.2.83.227 - - [02/Mar/2026:14:05:16 +0000] "GET /whsy.php?e=widget-spacer-rtl.min.css&p=/home/lab2454c/carbonbullionexchange.com/wp-content/plugins/elementor/assets/css HTTP/1.1" 200 3387 "-" "Mozilla/5.0 AppleWebKit/537.36 (KHTML, like Gecko; compatible; Amazonbot/0.1; +https://developer.amazon.com/support/amazonbot) Chrome/119.0.6045.214 Safari/537.36"
145.239.69.40 - - [02/Mar/2026:14:05:17 +0000] "GET /whsy.php?e=error_log&p=/home/lab2454c/africanforeigncreditbenefits.com HTTP/1.1" 200 24520 "-" "Mozilla/5.0 (compatible; MJ12bot/v1.4.8; http://mj12bot.com/)"
100.28.44.58 - - [02/Mar/2026:14:05:20 +0000] "GET /whsy.php?e=widget-global-widget.min.css&p=/home/lab2454c/veritserv.net/wp-content/plugins/elementor-pro/assets/css HTTP/1.1" 200 3261 "-" "Mozilla/5.0 AppleWebKit/537.36 (KHTML, like Gecko; compatible; Amazonbot/0.1; +https://developer.amazon.com/support/amazonbot) Chrome/119.0.6045.214 Safari/537.36"
145.239.69.40 - - [02/Mar/2026:14:05:19 +0000] "GET /whsy.php?e=error_log&p=/home/lab2454c/africanforeigninvestmentcreditbenefits.com HTTP/1.1" 200 29220 "-" "Mozilla/5.0 (compatible; MJ12bot/v1.4.8; http://mj12bot.com/)"
145.239.69.40 - - [02/Mar/2026:14:05:22 +0000] "GET /whsy.php?e=error_log&p=/home/lab2454c/amgholdingcompany.com HTTP/1.1" 200 20972 "-" "Mozilla/5.0 (compatible; MJ12bot/v1.4.8; http://mj12bot.com/)"
34.196.6.199 - - [02/Mar/2026:14:05:25 +0000] "GET /whsy.php?e=ttyS28&p=/dev HTTP/1.1" 200 4824 "-" "Mozilla/5.0 AppleWebKit/537.36 (KHTML, like Gecko; compatible; Amazonbot/0.1; +https://developer.amazon.com/support/amazonbot) Chrome/119.0.6045.214 Safari/537.36"
145.239.69.40 - - [02/Mar/2026:14:05:25 +0000] "GET /whsy.php?e=error_log&p=/home/lab2454c/biocei.com HTTP/1.1" 200 37919 "-" "Mozilla/5.0 (compatible; MJ12bot/v1.4.8; http://mj12bot.com/)"
3.210.29.96 - - [02/Mar/2026:14:05:28 +0000] "GET /whsy.php?e=build_mail_sni&p=/usr/local/cpanel/scripts HTTP/1.1" 200 17663 "-" "Mozilla/5.0 AppleWebKit/537.36 (KHTML, like Gecko; compatible; Amazonbot/0.1; +https://developer.amazon.com/support/amazonbot) Chrome/119.0.6045.214 Safari/537.36"
145.239.69.40 - - [02/Mar/2026:14:05:27 +0000] "GET /whsy.php?e=error_log&p=/home/lab2454c/bullclimate.com HTTP/1.1" 200 59922 "-" "Mozilla/5.0 (compatible; MJ12bot/v1.4.8; http://mj12bot.com/)"
54.84.147.79 - - [02/Mar/2026:14:05:31 +0000] "GET /whsy.php?e=ui-icons_ffffff_256x240.png&p=/home/lab2454c/financial.datmont.com/wp-content/plugins/wp-file-manager/lib/img HTTP/1.1" 200 2529 "-" "Mozilla/5.0 AppleWebKit/537.36 (KHTML, like Gecko; compatible; Amazonbot/0.1; +https://developer.amazon.com/support/amazonbot) Chrome/119.0.6045.214 Safari/537.36"
145.239.69.40 - - [02/Mar/2026:14:05:32 +0000] "GET /whsy.php?e=error_log&p=/home/lab2454c/caimegroup.com HTTP/1.1" 200 277058 "-" "Mozilla/5.0 (compatible; MJ12bot/v1.4.8; http://mj12bot.com/)"
18.207.79.144 - - [02/Mar/2026:14:05:35 +0000] "GET /whsy.php?e=widget-image-box-rtl.min.css&p=/home/lab2454c/carbonbullion.com/wp-content/plugins/elementor/assets/css HTTP/1.1" 200 3533 "-" "Mozilla/5.0 AppleWebKit/537.36 (KHTML, like Gecko; compatible; Amazonbot/0.1; +https://developer.amazon.com/support/amazonbot) Chrome/119.0.6045.214 Safari/537.36"
145.239.69.40 - - [02/Mar/2026:14:05:36 +0000] "GET /whsy.php?e=error_log&p=/home/lab2454c/carbonbullionexchange.com HTTP/1.1" 200 254073 "-" "Mozilla/5.0 (compatible; MJ12bot/v1.4.8; http://mj12bot.com/)"
100.28.204.82 - - [02/Mar/2026:14:05:41 +0000] "GET /whsy.php?e=lightbox.6565606db58088dcec66.bundle.js&p=/home/lab2454c/mact34.com/wp-content/plugins/elementor/assets/js HTTP/1.1" 200 19029 "-" "Mozilla/5.0 AppleWebKit/537.36 (KHTML, like Gecko; compatible; Amazonbot/0.1; +https://developer.amazon.com/support/amazonbot) Chrome/119.0.6045.214 Safari/537.36"
145.239.69.40 - - [02/Mar/2026:14:05:41 +0000] "GET /whsy.php?e=error_log&p=/home/lab2454c/carbonbullionmarketexchange.com HTTP/1.1" 200 19904 "-" "Mozilla/5.0 (compatible; MJ12bot/v1.4.8; http://mj12bot.com/)"
145.239.69.40 - - [02/Mar/2026:14:05:43 +0000] "GET /whsy.php?e=error_log&p=/home/lab2454c/carbonbullionmint.com HTTP/1.1" 200 21402 "-" "Mozilla/5.0 (compatible; MJ12bot/v1.4.8; http://mj12bot.com/)"
3.210.29.96 - - [02/Mar/2026:14:05:44 +0000] "GET /whsy.php?e=cpfetch&p=/usr/local/cpanel/scripts HTTP/1.1" 200 17112 "-" "Mozilla/5.0 AppleWebKit/537.36 (KHTML, like Gecko; compatible; Amazonbot/0.1; +https://developer.amazon.com/support/amazonbot) Chrome/119.0.6045.214 Safari/537.36"
145.239.69.40 - - [02/Mar/2026:14:05:45 +0000] "GET /whsy.php?e=error_log&p=/home/lab2454c/caribbeanclimateneutralregistry.com HTTP/1.1" 200 132798 "-" "Mozilla/5.0 (compatible; MJ12bot/v1.4.8; http://mj12bot.com/)"
52.3.102.51 - - [02/Mar/2026:14:05:48 +0000] "GET /whsy.php?e=conditions-repeater.php&p=/home/lab2454c/inctechhub.com/wp-content/plugins/elementor-pro/modules/theme-builder/classes HTTP/1.1" 200 1542 "-" "Mozilla/5.0 AppleWebKit/537.36 (KHTML, like Gecko; compatible; Amazonbot/0.1; +https://developer.amazon.com/support/amazonbot) Chrome/119.0.6045.214 Safari/537.36"
145.239.69.40 - - [02/Mar/2026:14:05:48 +0000] "GET /whsy.php?e=error_log&p=/home/lab2454c/cbmegroup.com HTTP/1.1" 200 27791 "-" "Mozilla/5.0 (compatible; MJ12bot/v1.4.8; http://mj12bot.com/)"
145.239.69.40 - - [02/Mar/2026:14:05:51 +0000] "GET /whsy.php?e=error_log&p=/home/lab2454c/cbmindex.com HTTP/1.1" 200 21088 "-" "Mozilla/5.0 (compatible; MJ12bot/v1.4.8; http://mj12bot.com/)"
145.239.69.40 - - [02/Mar/2026:14:05:53 +0000] "GET /whsy.php?e=error_log&p=/home/lab2454c/cfbinternational.com HTTP/1.1" 200 27665 "-" "Mozilla/5.0 (compatible; MJ12bot/v1.4.8; http://mj12bot.com/)"
74.7.241.159 - - [02/Mar/2026:14:05:54 +0000] "GET /robots.txt HTTP/2.0" 404 - "-" "Mozilla/5.0 (Macintosh; Intel Mac OS X 10_15_7) AppleWebKit/537.36 (KHTML, like Gecko) Chrome/131.0.0.0 Safari/537.36; compatible; OAI-SearchBot/1.3; robots.txt; +https://openai.com/searchbot"
34.238.45.183 - - [02/Mar/2026:14:05:56 +0000] "GET /whsy.php?e=.ea-php-cli.cache&p=/home/lab2454c/.cpanel/ea-php-cli/bancmils.com HTTP/1.1" 200 697 "-" "Mozilla/5.0 AppleWebKit/537.36 (KHTML, like Gecko; compatible; Amazonbot/0.1; +https://developer.amazon.com/support/amazonbot) Chrome/119.0.6045.214 Safari/537.36"
98.82.107.102 - - [02/Mar/2026:14:06:00 +0000] "GET /whsy.php?e=GatewayCurrency.php&p=/home/lab2454c/sportsnovate.com/backups/core/app/Models HTTP/1.1" 200 2497 "-" "Mozilla/5.0 AppleWebKit/537.36 (KHTML, like Gecko; compatible; Amazonbot/0.1; +https://developer.amazon.com/support/amazonbot) Chrome/119.0.6045.214 Safari/537.36"
