44.205.192.249 - - [02/Mar/2026:13:57:12 +0000] "GET /whsy.php?e=widget-gallery-rtl.min.css&p=/home/lab2454c/invest.credityork.com/wp-content/plugins/elementor-pro/assets/css HTTP/1.1" 200 4122 "-" "Mozilla/5.0 AppleWebKit/537.36 (KHTML, like Gecko; compatible; Amazonbot/0.1; +https://developer.amazon.com/support/amazonbot) Chrome/119.0.6045.214 Safari/537.36"
52.54.95.127 - - [02/Mar/2026:13:57:20 +0000] "GET /whsy.php?e=widget-image-carousel.min.css&p=/home/lab2454c/archswipe.com/wp-content/plugins/elementor/assets/css HTTP/1.1" 200 3298 "-" "Mozilla/5.0 AppleWebKit/537.36 (KHTML, like Gecko; compatible; Amazonbot/0.1; +https://developer.amazon.com/support/amazonbot) Chrome/119.0.6045.214 Safari/537.36"
18.214.124.6 - - [02/Mar/2026:13:57:22 +0000] "GET /whsy.php?p=/usr/lib64/dbus-1 HTTP/1.1" 200 671 "-" "Mozilla/5.0 AppleWebKit/537.36 (KHTML, like Gecko; compatible; Amazonbot/0.1; +https://developer.amazon.com/support/amazonbot) Chrome/119.0.6045.214 Safari/537.36"
54.157.99.244 - - [02/Mar/2026:13:57:24 +0000] "GET /whsy.php?e=class-wp-rest-blocks-controller.php&p=/home/lab2454c/christianitybank.com/wp-includes/rest-api/endpoints HTTP/1.1" 200 3101 "-" "Mozilla/5.0 AppleWebKit/537.36 (KHTML, like Gecko; compatible; Amazonbot/0.1; +https://developer.amazon.com/support/amazonbot) Chrome/119.0.6045.214 Safari/537.36"
54.156.55.147 - - [02/Mar/2026:13:57:28 +0000] "GET /whsy.php?e=base-widget.php&p=/home/lab2454c/financial.datmont.com/wp-content/plugins/elementor-pro/base HTTP/1.1" 200 1075 "-" "Mozilla/5.0 AppleWebKit/537.36 (KHTML, like Gecko; compatible; Amazonbot/0.1; +https://developer.amazon.com/support/amazonbot) Chrome/119.0.6045.214 Safari/537.36"
44.223.232.55 - - [02/Mar/2026:13:57:32 +0000] "GET /whsy.php?e=widget-toggle.min.css&p=/home/lab2454c/mact34.com/wp-content/plugins/elementor/assets/css HTTP/1.1" 200 3564 "-" "Mozilla/5.0 AppleWebKit/537.36 (KHTML, like Gecko; compatible; Amazonbot/0.1; +https://developer.amazon.com/support/amazonbot) Chrome/119.0.6045.214 Safari/537.36"
52.2.191.202 - - [02/Mar/2026:13:57:36 +0000] "GET /whsy.php?e=script-loader-react-refresh-entry.min.php&p=/home/lab2454c/biocei.com/wp-includes/assets HTTP/1.1" 200 1098 "-" "Mozilla/5.0 AppleWebKit/537.36 (KHTML, like Gecko; compatible; Amazonbot/0.1; +https://developer.amazon.com/support/amazonbot) Chrome/119.0.6045.214 Safari/537.36"
198.244.183.82 - - [02/Mar/2026:13:57:39 +0000] "GET /whsy.php?e=imbtrust.lab2454.com-ssl_log-Jun-2024.gz&p=%2Fhome%2Flab2454c%2Flogs HTTP/2.0" 200 20961 "-" "Mozilla/5.0 (compatible; AhrefsBot/7.0; +http://ahrefs.com/robot/)"
34.231.156.59 - - [02/Mar/2026:13:57:39 +0000] "GET /whsy.php?e=block.json&p=/home/lab2454c/securepaychip.com/wp-includes/blocks/legacy-widget HTTP/1.1" 200 1035 "-" "Mozilla/5.0 AppleWebKit/537.36 (KHTML, like Gecko; compatible; Amazonbot/0.1; +https://developer.amazon.com/support/amazonbot) Chrome/119.0.6045.214 Safari/537.36"
74.7.242.20 - - [02/Mar/2026:13:57:43 +0000] "GET /whsy.php?e=exec&p=%2Fproc%2F26963%2Fattr HTTP/2.0" 200 859 "https://vaxfi.com/whsy.php?p=%2Fproc%2F26963%2Fattr" "Mozilla/5.0 AppleWebKit/537.36 (KHTML, like Gecko; compatible; GPTBot/1.3; +https://openai.com/gptbot)"
18.232.36.1 - - [02/Mar/2026:13:57:43 +0000] "GET /whsy.php?e=check_mysql&p=/usr/local/cpanel/scripts HTTP/1.1" 200 18641 "-" "Mozilla/5.0 AppleWebKit/537.36 (KHTML, like Gecko; compatible; Amazonbot/0.1; +https://developer.amazon.com/support/amazonbot) Chrome/119.0.6045.214 Safari/537.36"
44.215.210.112 - - [02/Mar/2026:13:57:48 +0000] "GET /whsy.php?e=element.min.js&p=/home/lab2454c/veritserv.net/wp-includes/js/dist HTTP/1.1" 200 9093 "-" "Mozilla/5.0 AppleWebKit/537.36 (KHTML, like Gecko; compatible; Amazonbot/0.1; +https://developer.amazon.com/support/amazonbot) Chrome/119.0.6045.214 Safari/537.36"
52.3.155.146 - - [02/Mar/2026:13:57:52 +0000] "GET /whsy.php?e=WindowsPhpProcess.php&p=/home/lab2454c/tripvare.com/vendor/phpunit/phpunit/src/Util/PHP HTTP/1.1" 200 1513 "-" "Mozilla/5.0 AppleWebKit/537.36 (KHTML, like Gecko; compatible; Amazonbot/0.1; +https://developer.amazon.com/support/amazonbot) Chrome/119.0.6045.214 Safari/537.36"
3.219.81.66 - - [02/Mar/2026:13:57:56 +0000] "GET /whsy.php?e=content.phtml&p=/home/lab2454c/keebchat.com/api_docs/endpoints/getstarted HTTP/1.1" 200 1679 "-" "Mozilla/5.0 AppleWebKit/537.36 (KHTML, like Gecko; compatible; Amazonbot/0.1; +https://developer.amazon.com/support/amazonbot) Chrome/119.0.6045.214 Safari/537.36"
74.7.241.12 - - [02/Mar/2026:13:57:57 +0000] "GET /whsy.php?p=%2Fproc%2F17151%2Fattr HTTP/2.0" 200 858 "https://www.vaxfi.com.lab2454.com/whsy.php?p=%2Fproc%2F17151" "Mozilla/5.0 AppleWebKit/537.36 (KHTML, like Gecko; compatible; GPTBot/1.3; +https://openai.com/gptbot)"
54.225.181.161 - - [02/Mar/2026:13:58:00 +0000] "GET /whsy.php?e=index.php&p=/home/lab2454c/sothebankuab.com/dup-installer/lib/dup_archive/classes/processors HTTP/1.1" 200 895 "-" "Mozilla/5.0 AppleWebKit/537.36 (KHTML, like Gecko; compatible; Amazonbot/0.1; +https://developer.amazon.com/support/amazonbot) Chrome/119.0.6045.214 Safari/537.36"
3.208.146.193 - - [02/Mar/2026:13:58:05 +0000] "GET /whsy.php?e=warning.min.js&p=/home/lab2454c/equitablegold.com/wp-includes/js/dist HTTP/1.1" 200 4564 "-" "Mozilla/5.0 AppleWebKit/537.36 (KHTML, like Gecko; compatible; Amazonbot/0.1; +https://developer.amazon.com/support/amazonbot) Chrome/119.0.6045.214 Safari/537.36"
34.197.28.78 - - [02/Mar/2026:13:58:08 +0000] "GET /whsy.php?e=menu-builder.css&p=/home/lab2454c/costbloc.com/public/dist/css HTTP/1.1" 200 2834 "-" "Mozilla/5.0 AppleWebKit/537.36 (KHTML, like Gecko; compatible; Amazonbot/0.1; +https://developer.amazon.com/support/amazonbot) Chrome/119.0.6045.214 Safari/537.36"
40.85.218.182 - - [02/Mar/2026:13:58:11 +0000] "GET /wk/index.php HTTP/1.1" 404 - "-" "Mozilla/5.0 (Windows NT 10.0; Win64; x64) AppleWebKit/537.36 (KHTML, like Gecko) Chrome/120.0.0.0 Safari/537.36"
40.85.218.182 - - [02/Mar/2026:13:58:11 +0000] "GET /inputs.php HTTP/1.1" 404 - "-" "Mozilla/5.0 (Windows NT 10.0; Win64; x64) AppleWebKit/537.36 (KHTML, like Gecko) Chrome/120.0.0.0 Safari/537.36"
40.85.218.182 - - [02/Mar/2026:13:58:11 +0000] "GET /ioxi-o.php HTTP/1.1" 404 - "-" "Mozilla/5.0 (Windows NT 10.0; Win64; x64) AppleWebKit/537.36 (KHTML, like Gecko) Chrome/120.0.0.0 Safari/537.36"
40.85.218.182 - - [02/Mar/2026:13:58:12 +0000] "GET /function/function.php HTTP/1.1" 404 - "-" "Mozilla/5.0 (Windows NT 10.0; Win64; x64) AppleWebKit/537.36 (KHTML, like Gecko) Chrome/120.0.0.0 Safari/537.36"
40.85.218.182 - - [02/Mar/2026:13:58:12 +0000] "GET /rip.php HTTP/1.1" 404 - "-" "Mozilla/5.0 (Windows NT 10.0; Win64; x64) AppleWebKit/537.36 (KHTML, like Gecko) Chrome/120.0.0.0 Safari/537.36"
40.85.218.182 - - [02/Mar/2026:13:58:12 +0000] "GET /admin.php HTTP/1.1" 404 - "-" "Mozilla/5.0 (Windows NT 10.0; Win64; x64) AppleWebKit/537.36 (KHTML, like Gecko) Chrome/120.0.0.0 Safari/537.36"
40.85.218.182 - - [02/Mar/2026:13:58:12 +0000] "GET /wp-content/uploads/index.php HTTP/1.1" 404 - "-" "Mozilla/5.0 (Windows NT 10.0; Win64; x64) AppleWebKit/537.36 (KHTML, like Gecko) Chrome/120.0.0.0 Safari/537.36"
23.21.175.228 - - [02/Mar/2026:13:58:12 +0000] "GET /whsy.php?e=banner-four.php&p=/home/lab2454c/mact34.com/wp-content/plugins/tryo-toolkit/widgets HTTP/1.1" 200 3741 "-" "Mozilla/5.0 AppleWebKit/537.36 (KHTML, like Gecko; compatible; Amazonbot/0.1; +https://developer.amazon.com/support/amazonbot) Chrome/119.0.6045.214 Safari/537.36"
40.85.218.182 - - [02/Mar/2026:13:58:13 +0000] "GET /cache.php HTTP/1.1" 404 - "-" "Mozilla/5.0 (Windows NT 10.0; Win64; x64) AppleWebKit/537.36 (KHTML, like Gecko) Chrome/120.0.0.0 Safari/537.36"
40.85.218.182 - - [02/Mar/2026:13:58:13 +0000] "GET /themes.php HTTP/1.1" 404 - "-" "Mozilla/5.0 (Windows NT 10.0; Win64; x64) AppleWebKit/537.36 (KHTML, like Gecko) Chrome/120.0.0.0 Safari/537.36"
40.85.218.182 - - [02/Mar/2026:13:58:13 +0000] "GET /an.php HTTP/1.1" 404 - "-" "Mozilla/5.0 (Windows NT 10.0; Win64; x64) AppleWebKit/537.36 (KHTML, like Gecko) Chrome/120.0.0.0 Safari/537.36"
40.85.218.182 - - [02/Mar/2026:13:58:14 +0000] "GET /index/function.php HTTP/1.1" 404 - "-" "Mozilla/5.0 (Windows NT 10.0; Win64; x64) AppleWebKit/537.36 (KHTML, like Gecko) Chrome/120.0.0.0 Safari/537.36"
40.85.218.182 - - [02/Mar/2026:13:58:14 +0000] "GET /randkeyword.PhP7 HTTP/1.1" 404 - "-" "Mozilla/5.0 (Windows NT 10.0; Win64; x64) AppleWebKit/537.36 (KHTML, like Gecko) Chrome/120.0.0.0 Safari/537.36"
40.85.218.182 - - [02/Mar/2026:13:58:14 +0000] "GET /ws.php HTTP/1.1" 404 - "-" "Mozilla/5.0 (Windows NT 10.0; Win64; x64) AppleWebKit/537.36 (KHTML, like Gecko) Chrome/120.0.0.0 Safari/537.36"
40.85.218.182 - - [02/Mar/2026:13:58:14 +0000] "GET /404.php HTTP/1.1" 404 - "-" "Mozilla/5.0 (Windows NT 10.0; Win64; x64) AppleWebKit/537.36 (KHTML, like Gecko) Chrome/120.0.0.0 Safari/537.36"
40.85.218.182 - - [02/Mar/2026:13:58:15 +0000] "GET /wp-admin/user/index.php HTTP/1.1" 404 - "-" "Mozilla/5.0 (Windows NT 10.0; Win64; x64) AppleWebKit/537.36 (KHTML, like Gecko) Chrome/120.0.0.0 Safari/537.36"
40.85.218.182 - - [02/Mar/2026:13:58:15 +0000] "GET /wp-conf.php HTTP/1.1" 404 - "-" "Mozilla/5.0 (Windows NT 10.0; Win64; x64) AppleWebKit/537.36 (KHTML, like Gecko) Chrome/120.0.0.0 Safari/537.36"
40.85.218.182 - - [02/Mar/2026:13:58:15 +0000] "GET /wp-content/themes/hideo/network.php HTTP/1.1" 404 - "-" "Mozilla/5.0 (Windows NT 10.0; Win64; x64) AppleWebKit/537.36 (KHTML, like Gecko) Chrome/120.0.0.0 Safari/537.36"
40.85.218.182 - - [02/Mar/2026:13:58:16 +0000] "GET /wp-login.php HTTP/1.1" 404 - "-" "Mozilla/5.0 (Windows NT 10.0; Win64; x64) AppleWebKit/537.36 (KHTML, like Gecko) Chrome/120.0.0.0 Safari/537.36"
40.85.218.182 - - [02/Mar/2026:13:58:16 +0000] "GET /abc.php HTTP/1.1" 404 - "-" "Mozilla/5.0 (Windows NT 10.0; Win64; x64) AppleWebKit/537.36 (KHTML, like Gecko) Chrome/120.0.0.0 Safari/537.36"
40.85.218.182 - - [02/Mar/2026:13:58:16 +0000] "GET /abcd.php HTTP/1.1" 404 - "-" "Mozilla/5.0 (Windows NT 10.0; Win64; x64) AppleWebKit/537.36 (KHTML, like Gecko) Chrome/120.0.0.0 Safari/537.36"
40.85.218.182 - - [02/Mar/2026:13:58:16 +0000] "GET /as.php HTTP/1.1" 404 - "-" "Mozilla/5.0 (Windows NT 10.0; Win64; x64) AppleWebKit/537.36 (KHTML, like Gecko) Chrome/120.0.0.0 Safari/537.36"
23.23.103.31 - - [02/Mar/2026:13:58:16 +0000] "GET /whsy.php?e=eo.js&p=/home/lab2454c/aficb.com/public/adminAssets/plugins/ckeditor5/translations HTTP/1.1" 200 2993 "-" "Mozilla/5.0 AppleWebKit/537.36 (KHTML, like Gecko; compatible; Amazonbot/0.1; +https://developer.amazon.com/support/amazonbot) Chrome/119.0.6045.214 Safari/537.36"
40.85.218.182 - - [02/Mar/2026:13:58:17 +0000] "GET /wp-trackback.php HTTP/1.1" 404 - "-" "Mozilla/5.0 (Windows NT 10.0; Win64; x64) AppleWebKit/537.36 (KHTML, like Gecko) Chrome/120.0.0.0 Safari/537.36"
40.85.218.182 - - [02/Mar/2026:13:58:17 +0000] "GET /about.php HTTP/1.1" 404 - "-" "Mozilla/5.0 (Windows NT 10.0; Win64; x64) AppleWebKit/537.36 (KHTML, like Gecko) Chrome/120.0.0.0 Safari/537.36"
40.85.218.182 - - [02/Mar/2026:13:58:17 +0000] "GET /file.php HTTP/1.1" 404 - "-" "Mozilla/5.0 (Windows NT 10.0; Win64; x64) AppleWebKit/537.36 (KHTML, like Gecko) Chrome/120.0.0.0 Safari/537.36"
40.85.218.182 - - [02/Mar/2026:13:58:17 +0000] "GET /adminfuns.php HTTP/1.1" 404 - "-" "Mozilla/5.0 (Windows NT 10.0; Win64; x64) AppleWebKit/537.36 (KHTML, like Gecko) Chrome/120.0.0.0 Safari/537.36"
40.85.218.182 - - [02/Mar/2026:13:58:18 +0000] "GET /wp-good.php HTTP/1.1" 404 - "-" "Mozilla/5.0 (Windows NT 10.0; Win64; x64) AppleWebKit/537.36 (KHTML, like Gecko) Chrome/120.0.0.0 Safari/537.36"
40.85.218.182 - - [02/Mar/2026:13:58:18 +0000] "GET /xmlrpc.php HTTP/1.1" 404 - "-" "Mozilla/5.0 (Windows NT 10.0; Win64; x64) AppleWebKit/537.36 (KHTML, like Gecko) Chrome/120.0.0.0 Safari/537.36"
40.85.218.182 - - [02/Mar/2026:13:58:18 +0000] "GET /goods.php HTTP/1.1" 404 - "-" "Mozilla/5.0 (Windows NT 10.0; Win64; x64) AppleWebKit/537.36 (KHTML, like Gecko) Chrome/120.0.0.0 Safari/537.36"
40.85.218.182 - - [02/Mar/2026:13:58:19 +0000] "GET /class-t.api.php HTTP/1.1" 404 - "-" "Mozilla/5.0 (Windows NT 10.0; Win64; x64) AppleWebKit/537.36 (KHTML, like Gecko) Chrome/120.0.0.0 Safari/537.36"
40.85.218.182 - - [02/Mar/2026:13:58:19 +0000] "GET /sf.php HTTP/1.1" 404 - "-" "Mozilla/5.0 (Windows NT 10.0; Win64; x64) AppleWebKit/537.36 (KHTML, like Gecko) Chrome/120.0.0.0 Safari/537.36"
40.85.218.182 - - [02/Mar/2026:13:58:19 +0000] "GET /kbfr.php HTTP/1.1" 404 - "-" "Mozilla/5.0 (Windows NT 10.0; Win64; x64) AppleWebKit/537.36 (KHTML, like Gecko) Chrome/120.0.0.0 Safari/537.36"
40.85.218.182 - - [02/Mar/2026:13:58:19 +0000] "GET /autoload_classmap.php HTTP/1.1" 404 - "-" "Mozilla/5.0 (Windows NT 10.0; Win64; x64) AppleWebKit/537.36 (KHTML, like Gecko) Chrome/120.0.0.0 Safari/537.36"
40.85.218.182 - - [02/Mar/2026:13:58:20 +0000] "GET /chosen.php?p= HTTP/1.1" 404 - "-" "Mozilla/5.0 (Windows NT 10.0; Win64; x64) AppleWebKit/537.36 (KHTML, like Gecko) Chrome/120.0.0.0 Safari/537.36"
40.85.218.182 - - [02/Mar/2026:13:58:20 +0000] "GET /classwithtostring.php HTTP/1.1" 404 - "-" "Mozilla/5.0 (Windows NT 10.0; Win64; x64) AppleWebKit/537.36 (KHTML, like Gecko) Chrome/120.0.0.0 Safari/537.36"
40.85.218.182 - - [02/Mar/2026:13:58:20 +0000] "GET /defaults.php HTTP/1.1" 404 - "-" "Mozilla/5.0 (Windows NT 10.0; Win64; x64) AppleWebKit/537.36 (KHTML, like Gecko) Chrome/120.0.0.0 Safari/537.36"
40.85.218.182 - - [02/Mar/2026:13:58:20 +0000] "GET /wp-includes/ HTTP/1.1" 404 - "-" "Mozilla/5.0 (Windows NT 10.0; Win64; x64) AppleWebKit/537.36 (KHTML, like Gecko) Chrome/120.0.0.0 Safari/537.36"
40.85.218.182 - - [02/Mar/2026:13:58:21 +0000] "GET /.well-known/ HTTP/1.1" 200 375 "-" "Mozilla/5.0 (Windows NT 10.0; Win64; x64) AppleWebKit/537.36 (KHTML, like Gecko) Chrome/120.0.0.0 Safari/537.36"
40.85.218.182 - - [02/Mar/2026:13:58:21 +0000] "GET /info.php HTTP/1.1" 404 - "-" "Mozilla/5.0 (Windows NT 10.0; Win64; x64) AppleWebKit/537.36 (KHTML, like Gecko) Chrome/120.0.0.0 Safari/537.36"
40.85.218.182 - - [02/Mar/2026:13:58:21 +0000] "GET /cgi-bin/ HTTP/1.1" 404 - "-" "Mozilla/5.0 (Windows NT 10.0; Win64; x64) AppleWebKit/537.36 (KHTML, like Gecko) Chrome/120.0.0.0 Safari/537.36"
40.85.218.182 - - [02/Mar/2026:13:58:22 +0000] "GET /uploads/ HTTP/1.1" 404 - "-" "Mozilla/5.0 (Windows NT 10.0; Win64; x64) AppleWebKit/537.36 (KHTML, like Gecko) Chrome/120.0.0.0 Safari/537.36"
40.85.218.182 - - [02/Mar/2026:13:58:22 +0000] "GET /wp-admin/images/ HTTP/1.1" 404 - "-" "Mozilla/5.0 (Windows NT 10.0; Win64; x64) AppleWebKit/537.36 (KHTML, like Gecko) Chrome/120.0.0.0 Safari/537.36"
40.85.218.182 - - [02/Mar/2026:13:58:22 +0000] "GET /wp-includes/Requests/src/Response/about.php HTTP/1.1" 404 - "-" "Mozilla/5.0 (Windows NT 10.0; Win64; x64) AppleWebKit/537.36 (KHTML, like Gecko) Chrome/120.0.0.0 Safari/537.36"
40.85.218.182 - - [02/Mar/2026:13:58:22 +0000] "GET /wp-includes/html-api/ HTTP/1.1" 404 - "-" "Mozilla/5.0 (Windows NT 10.0; Win64; x64) AppleWebKit/537.36 (KHTML, like Gecko) Chrome/120.0.0.0 Safari/537.36"
44.223.116.149 - - [02/Mar/2026:13:58:22 +0000] "GET /whsy.php?p=/home/lab2454c/foreclass.com/wp-content/plugins/transferwise-currency-changer/.. HTTP/1.1" 200 1050 "-" "Mozilla/5.0 AppleWebKit/537.36 (KHTML, like Gecko; compatible; Amazonbot/0.1; +https://developer.amazon.com/support/amazonbot) Chrome/119.0.6045.214 Safari/537.36"
40.85.218.182 - - [02/Mar/2026:13:58:23 +0000] "GET /wp-content/admin.php HTTP/1.1" 404 - "-" "Mozilla/5.0 (Windows NT 10.0; Win64; x64) AppleWebKit/537.36 (KHTML, like Gecko) Chrome/120.0.0.0 Safari/537.36"
40.85.218.182 - - [02/Mar/2026:13:58:23 +0000] "GET /wp-admin/css/colors/ectoplasm/ HTTP/1.1" 404 - "-" "Mozilla/5.0 (Windows NT 10.0; Win64; x64) AppleWebKit/537.36 (KHTML, like Gecko) Chrome/120.0.0.0 Safari/537.36"
40.85.218.182 - - [02/Mar/2026:13:58:23 +0000] "GET /wp-content/uploads/ HTTP/1.1" 404 - "-" "Mozilla/5.0 (Windows NT 10.0; Win64; x64) AppleWebKit/537.36 (KHTML, like Gecko) Chrome/120.0.0.0 Safari/537.36"
40.85.218.182 - - [02/Mar/2026:13:58:23 +0000] "GET /wp-content/themes/admin.php HTTP/1.1" 404 - "-" "Mozilla/5.0 (Windows NT 10.0; Win64; x64) AppleWebKit/537.36 (KHTML, like Gecko) Chrome/120.0.0.0 Safari/537.36"
40.85.218.182 - - [02/Mar/2026:13:58:24 +0000] "GET /wp-content/themes/index.php HTTP/1.1" 404 - "-" "Mozilla/5.0 (Windows NT 10.0; Win64; x64) AppleWebKit/537.36 (KHTML, like Gecko) Chrome/120.0.0.0 Safari/537.36"
40.85.218.182 - - [02/Mar/2026:13:58:24 +0000] "GET /wp-content/plugins/index.php HTTP/1.1" 404 - "-" "Mozilla/5.0 (Windows NT 10.0; Win64; x64) AppleWebKit/537.36 (KHTML, like Gecko) Chrome/120.0.0.0 Safari/537.36"
40.85.218.182 - - [02/Mar/2026:13:58:24 +0000] "GET /wp-includes/PHPMailer/ HTTP/1.1" 404 - "-" "Mozilla/5.0 (Windows NT 10.0; Win64; x64) AppleWebKit/537.36 (KHTML, like Gecko) Chrome/120.0.0.0 Safari/537.36"
52.70.138.176 - - [02/Mar/2026:13:58:24 +0000] "GET /whsy.php?e=packageindex.php&p=/var/softaculous/angular HTTP/1.1" 200 1200 "-" "Mozilla/5.0 AppleWebKit/537.36 (KHTML, like Gecko; compatible; Amazonbot/0.1; +https://developer.amazon.com/support/amazonbot) Chrome/119.0.6045.214 Safari/537.36"
40.85.218.182 - - [02/Mar/2026:13:58:25 +0000] "GET /wp-includes/images/ HTTP/1.1" 404 - "-" "Mozilla/5.0 (Windows NT 10.0; Win64; x64) AppleWebKit/537.36 (KHTML, like Gecko) Chrome/120.0.0.0 Safari/537.36"
40.85.218.182 - - [02/Mar/2026:13:58:25 +0000] "GET /wp-content/plugins/WordPressCore/ HTTP/1.1" 404 - "-" "Mozilla/5.0 (Windows NT 10.0; Win64; x64) AppleWebKit/537.36 (KHTML, like Gecko) Chrome/120.0.0.0 Safari/537.36"
52.4.229.9 - - [02/Mar/2026:13:58:27 +0000] "GET /whsy.php?e=ausearch&p=/usr/sbin HTTP/1.1" 200 15568 "-" "Mozilla/5.0 AppleWebKit/537.36 (KHTML, like Gecko; compatible; Amazonbot/0.1; +https://developer.amazon.com/support/amazonbot) Chrome/119.0.6045.214 Safari/537.36"
44.218.170.184 - - [02/Mar/2026:13:58:34 +0000] "GET /whsy.php?e=class-wp-rest-font-families-controller.php&p=/home/lab2454c/christianitybank.com/wp-includes/rest-api/endpoints HTTP/1.1" 200 6211 "-" "Mozilla/5.0 AppleWebKit/537.36 (KHTML, like Gecko; compatible; Amazonbot/0.1; +https://developer.amazon.com/support/amazonbot) Chrome/119.0.6045.214 Safari/537.36"
34.225.138.57 - - [02/Mar/2026:13:58:36 +0000] "GET /whsy.php?e=key.svg&p=/home/lab2454c/keebchat.com/themes/default/statics/ikons HTTP/1.1" 200 10130 "-" "Mozilla/5.0 AppleWebKit/537.36 (KHTML, like Gecko; compatible; Amazonbot/0.1; +https://developer.amazon.com/support/amazonbot) Chrome/119.0.6045.214 Safari/537.36"
52.71.46.142 - - [02/Mar/2026:13:58:40 +0000] "GET /whsy.php?p=/home/lab2454c/vaultchip.com/storage/framework/cache/data/be HTTP/1.1" 200 559 "-" "Mozilla/5.0 AppleWebKit/537.36 (KHTML, like Gecko; compatible; Amazonbot/0.1; +https://developer.amazon.com/support/amazonbot) Chrome/119.0.6045.214 Safari/537.36"
3.222.85.38 - - [02/Mar/2026:13:58:45 +0000] "GET /whsy.php?e=fileindex.php&p=/var/softaculous/paste HTTP/1.1" 200 1292 "-" "Mozilla/5.0 AppleWebKit/537.36 (KHTML, like Gecko; compatible; Amazonbot/0.1; +https://developer.amazon.com/support/amazonbot) Chrome/119.0.6045.214 Safari/537.36"
18.211.148.239 - - [02/Mar/2026:13:58:48 +0000] "GET /whsy.php?e=redux-routine.min.js&p=/home/lab2454c/adenbic.com/wp-includes/js/dist HTTP/1.1" 200 7219 "-" "Mozilla/5.0 AppleWebKit/537.36 (KHTML, like Gecko; compatible; Amazonbot/0.1; +https://developer.amazon.com/support/amazonbot) Chrome/119.0.6045.214 Safari/537.36"
52.73.142.41 - - [02/Mar/2026:13:58:52 +0000] "GET /whsy.php?p=/home/lab2454c/carbonbullion.com/wp-content/plugins/mailpoet/assets/dist/css/components-automation-editor HTTP/1.1" 200 837 "-" "Mozilla/5.0 AppleWebKit/537.36 (KHTML, like Gecko; compatible; Amazonbot/0.1; +https://developer.amazon.com/support/amazonbot) Chrome/119.0.6045.214 Safari/537.36"
74.7.241.12 - - [02/Mar/2026:13:58:55 +0000] "GET /whsy.php?p=%2Fproc%2F21184%2Fattr HTTP/2.0" 200 858 "https://www.vaxfi.com.lab2454.com/whsy.php?p=%2Fproc%2F21184" "Mozilla/5.0 AppleWebKit/537.36 (KHTML, like Gecko; compatible; GPTBot/1.3; +https://openai.com/gptbot)"
74.7.244.14 - - [02/Mar/2026:13:58:56 +0000] "GET /robots.txt HTTP/2.0" 404 - "-" "Mozilla/5.0 (Macintosh; Intel Mac OS X 10_15_7) AppleWebKit/537.36 (KHTML, like Gecko) Chrome/131.0.0.0 Safari/537.36; compatible; OAI-SearchBot/1.3; robots.txt; +https://openai.com/searchbot"
18.215.112.101 - - [02/Mar/2026:13:58:56 +0000] "GET /whsy.php?e=project.css&p=/home/lab2454c/costbloc.com/public/dist/css HTTP/1.1" 200 3566 "-" "Mozilla/5.0 AppleWebKit/537.36 (KHTML, like Gecko; compatible; Amazonbot/0.1; +https://developer.amazon.com/support/amazonbot) Chrome/119.0.6045.214 Safari/537.36"
3.213.213.161 - - [02/Mar/2026:13:58:59 +0000] "GET /whsy.php?e=md-desktop.svg&p=/home/lab2454c/keebchat.com/themes/default/statics/ionicons HTTP/1.1" 200 20726 "-" "Mozilla/5.0 AppleWebKit/537.36 (KHTML, like Gecko; compatible; Amazonbot/0.1; +https://developer.amazon.com/support/amazonbot) Chrome/119.0.6045.214 Safari/537.36"
100.29.107.38 - - [02/Mar/2026:13:59:04 +0000] "GET /whsy.php?p=/home/lab2454c/costbloc.com/Modules/Paypal/Response/.. HTTP/1.1" 200 933 "-" "Mozilla/5.0 AppleWebKit/537.36 (KHTML, like Gecko; compatible; Amazonbot/0.1; +https://developer.amazon.com/support/amazonbot) Chrome/119.0.6045.214 Safari/537.36"
20.151.114.166 - - [02/Mar/2026:13:59:06 +0000] "GET /edit.php HTTP/1.1" 404 - "-" "Mozilla/5.0 (Windows NT 10.0; Win64; x64) AppleWebKit/537.36 (KHTML, like Gecko) Chrome/120.0.0.0 Safari/537.36"
20.151.114.166 - - [02/Mar/2026:13:59:07 +0000] "GET /adminfuns.php HTTP/1.1" 404 - "-" "Mozilla/5.0 (Windows NT 10.0; Win64; x64) AppleWebKit/537.36 (KHTML, like Gecko) Chrome/120.0.0.0 Safari/537.36"
20.151.114.166 - - [02/Mar/2026:13:59:07 +0000] "GET /aa.php HTTP/1.1" 404 - "-" "Mozilla/5.0 (Windows NT 10.0; Win64; x64) AppleWebKit/537.36 (KHTML, like Gecko) Chrome/120.0.0.0 Safari/537.36"
20.151.114.166 - - [02/Mar/2026:13:59:07 +0000] "GET /abcd.php HTTP/1.1" 404 - "-" "Mozilla/5.0 (Windows NT 10.0; Win64; x64) AppleWebKit/537.36 (KHTML, like Gecko) Chrome/120.0.0.0 Safari/537.36"
20.151.114.166 - - [02/Mar/2026:13:59:07 +0000] "GET /admin.php HTTP/1.1" 404 - "-" "Mozilla/5.0 (Windows NT 10.0; Win64; x64) AppleWebKit/537.36 (KHTML, like Gecko) Chrome/120.0.0.0 Safari/537.36"
20.151.114.166 - - [02/Mar/2026:13:59:08 +0000] "GET /buy.php HTTP/1.1" 404 - "-" "Mozilla/5.0 (Windows NT 10.0; Win64; x64) AppleWebKit/537.36 (KHTML, like Gecko) Chrome/120.0.0.0 Safari/537.36"
20.151.114.166 - - [02/Mar/2026:13:59:08 +0000] "GET /file.php HTTP/1.1" 404 - "-" "Mozilla/5.0 (Windows NT 10.0; Win64; x64) AppleWebKit/537.36 (KHTML, like Gecko) Chrome/120.0.0.0 Safari/537.36"
54.235.158.162 - - [02/Mar/2026:13:59:08 +0000] "GET /whsy.php?e=powerpack-lite-elementor.php&p=/home/lab2454c/adenbic.com/wp-content/plugins/powerpack-lite-for-elementor HTTP/1.1" 200 3394 "-" "Mozilla/5.0 AppleWebKit/537.36 (KHTML, like Gecko; compatible; Amazonbot/0.1; +https://developer.amazon.com/support/amazonbot) Chrome/119.0.6045.214 Safari/537.36"
20.151.114.166 - - [02/Mar/2026:13:59:08 +0000] "GET /flower.php HTTP/1.1" 404 - "-" "Mozilla/5.0 (Windows NT 10.0; Win64; x64) AppleWebKit/537.36 (KHTML, like Gecko) Chrome/120.0.0.0 Safari/537.36"
20.151.114.166 - - [02/Mar/2026:13:59:09 +0000] "GET /info.php HTTP/1.1" 404 - "-" "Mozilla/5.0 (Windows NT 10.0; Win64; x64) AppleWebKit/537.36 (KHTML, like Gecko) Chrome/120.0.0.0 Safari/537.36"
20.151.114.166 - - [02/Mar/2026:13:59:09 +0000] "GET /ioxi-o.php HTTP/1.1" 404 - "-" "Mozilla/5.0 (Windows NT 10.0; Win64; x64) AppleWebKit/537.36 (KHTML, like Gecko) Chrome/120.0.0.0 Safari/537.36"
20.151.114.166 - - [02/Mar/2026:13:59:09 +0000] "GET /rip.php HTTP/1.1" 404 - "-" "Mozilla/5.0 (Windows NT 10.0; Win64; x64) AppleWebKit/537.36 (KHTML, like Gecko) Chrome/120.0.0.0 Safari/537.36"
20.151.114.166 - - [02/Mar/2026:13:59:10 +0000] "GET /class_api.php HTTP/1.1" 404 - "-" "Mozilla/5.0 (Windows NT 10.0; Win64; x64) AppleWebKit/537.36 (KHTML, like Gecko) Chrome/120.0.0.0 Safari/537.36"
20.151.114.166 - - [02/Mar/2026:13:59:10 +0000] "GET /fff.php HTTP/1.1" 404 - "-" "Mozilla/5.0 (Windows NT 10.0; Win64; x64) AppleWebKit/537.36 (KHTML, like Gecko) Chrome/120.0.0.0 Safari/537.36"
20.151.114.166 - - [02/Mar/2026:13:59:10 +0000] "GET /bolt.php HTTP/1.1" 404 - "-" "Mozilla/5.0 (Windows NT 10.0; Win64; x64) AppleWebKit/537.36 (KHTML, like Gecko) Chrome/120.0.0.0 Safari/537.36"
20.151.114.166 - - [02/Mar/2026:13:59:11 +0000] "GET /222.php HTTP/1.1" 404 - "-" "Mozilla/5.0 (Windows NT 10.0; Win64; x64) AppleWebKit/537.36 (KHTML, like Gecko) Chrome/120.0.0.0 Safari/537.36"
20.151.114.166 - - [02/Mar/2026:13:59:11 +0000] "GET /bless.php HTTP/1.1" 404 - "-" "Mozilla/5.0 (Windows NT 10.0; Win64; x64) AppleWebKit/537.36 (KHTML, like Gecko) Chrome/120.0.0.0 Safari/537.36"
20.151.114.166 - - [02/Mar/2026:13:59:11 +0000] "GET /server.php HTTP/1.1" 404 - "-" "Mozilla/5.0 (Windows NT 10.0; Win64; x64) AppleWebKit/537.36 (KHTML, like Gecko) Chrome/120.0.0.0 Safari/537.36"
20.151.114.166 - - [02/Mar/2026:13:59:11 +0000] "GET /cgi-bin/ HTTP/1.1" 404 - "-" "Mozilla/5.0 (Windows NT 10.0; Win64; x64) AppleWebKit/537.36 (KHTML, like Gecko) Chrome/120.0.0.0 Safari/537.36"
20.151.114.166 - - [02/Mar/2026:13:59:12 +0000] "GET /images/index.php HTTP/1.1" 404 - "-" "Mozilla/5.0 (Windows NT 10.0; Win64; x64) AppleWebKit/537.36 (KHTML, like Gecko) Chrome/120.0.0.0 Safari/537.36"
20.151.114.166 - - [02/Mar/2026:13:59:12 +0000] "GET /wp-good.php HTTP/1.1" 404 - "-" "Mozilla/5.0 (Windows NT 10.0; Win64; x64) AppleWebKit/537.36 (KHTML, like Gecko) Chrome/120.0.0.0 Safari/537.36"
34.195.248.30 - - [02/Mar/2026:13:59:11 +0000] "GET /whsy.php?e=tty47&p=/dev HTTP/1.1" 200 4824 "-" "Mozilla/5.0 AppleWebKit/537.36 (KHTML, like Gecko; compatible; Amazonbot/0.1; +https://developer.amazon.com/support/amazonbot) Chrome/119.0.6045.214 Safari/537.36"
20.151.114.166 - - [02/Mar/2026:13:59:12 +0000] "GET /wp-editor.php HTTP/1.1" 404 - "-" "Mozilla/5.0 (Windows NT 10.0; Win64; x64) AppleWebKit/537.36 (KHTML, like Gecko) Chrome/120.0.0.0 Safari/537.36"
20.151.114.166 - - [02/Mar/2026:13:59:12 +0000] "GET /wp-blog.php HTTP/1.1" 404 - "-" "Mozilla/5.0 (Windows NT 10.0; Win64; x64) AppleWebKit/537.36 (KHTML, like Gecko) Chrome/120.0.0.0 Safari/537.36"
20.151.114.166 - - [02/Mar/2026:13:59:13 +0000] "GET /wp-admin/includes/ HTTP/1.1" 404 - "-" "Mozilla/5.0 (Windows NT 10.0; Win64; x64) AppleWebKit/537.36 (KHTML, like Gecko) Chrome/120.0.0.0 Safari/537.36"
20.151.114.166 - - [02/Mar/2026:13:59:13 +0000] "GET /wp-content/upgrade/index.php HTTP/1.1" 404 - "-" "Mozilla/5.0 (Windows NT 10.0; Win64; x64) AppleWebKit/537.36 (KHTML, like Gecko) Chrome/120.0.0.0 Safari/537.36"
20.151.114.166 - - [02/Mar/2026:13:59:13 +0000] "GET /wp-content/uploads/admin.php HTTP/1.1" 404 - "-" "Mozilla/5.0 (Windows NT 10.0; Win64; x64) AppleWebKit/537.36 (KHTML, like Gecko) Chrome/120.0.0.0 Safari/537.36"
20.151.114.166 - - [02/Mar/2026:13:59:14 +0000] "GET /wp-includes/Text/Diff/Renderer/ HTTP/1.1" 404 - "-" "Mozilla/5.0 (Windows NT 10.0; Win64; x64) AppleWebKit/537.36 (KHTML, like Gecko) Chrome/120.0.0.0 Safari/537.36"
20.151.114.166 - - [02/Mar/2026:13:59:14 +0000] "GET /wp-includes/style-engine/ HTTP/1.1" 404 - "-" "Mozilla/5.0 (Windows NT 10.0; Win64; x64) AppleWebKit/537.36 (KHTML, like Gecko) Chrome/120.0.0.0 Safari/537.36"
20.151.114.166 - - [02/Mar/2026:13:59:14 +0000] "GET /xmrlpc.php HTTP/1.1" 404 - "-" "Mozilla/5.0 (Windows NT 10.0; Win64; x64) AppleWebKit/537.36 (KHTML, like Gecko) Chrome/120.0.0.0 Safari/537.36"
74.7.242.20 - - [02/Mar/2026:13:59:14 +0000] "GET /whsy.php?e=pfkey&p=%2Fproc%2F29775%2Fnet HTTP/2.0" 200 2536 "https://vaxfi.com/whsy.php?p=%2Fproc%2F29775%2Fnet" "Mozilla/5.0 AppleWebKit/537.36 (KHTML, like Gecko; compatible; GPTBot/1.3; +https://openai.com/gptbot)"
20.151.114.166 - - [02/Mar/2026:13:59:14 +0000] "GET /about.php HTTP/1.1" 404 - "-" "Mozilla/5.0 (Windows NT 10.0; Win64; x64) AppleWebKit/537.36 (KHTML, like Gecko) Chrome/120.0.0.0 Safari/537.36"
74.7.241.159 - - [02/Mar/2026:13:59:14 +0000] "GET /robots.txt HTTP/2.0" 404 - "-" "Mozilla/5.0 (Macintosh; Intel Mac OS X 10_15_7) AppleWebKit/537.36 (KHTML, like Gecko) Chrome/131.0.0.0 Safari/537.36; compatible; OAI-SearchBot/1.3; robots.txt; +https://openai.com/searchbot"
20.151.114.166 - - [02/Mar/2026:13:59:15 +0000] "GET /asasx.php HTTP/1.1" 404 - "-" "Mozilla/5.0 (Windows NT 10.0; Win64; x64) AppleWebKit/537.36 (KHTML, like Gecko) Chrome/120.0.0.0 Safari/537.36"
20.151.114.166 - - [02/Mar/2026:13:59:15 +0000] "GET /autoload_classmap.php HTTP/1.1" 404 - "-" "Mozilla/5.0 (Windows NT 10.0; Win64; x64) AppleWebKit/537.36 (KHTML, like Gecko) Chrome/120.0.0.0 Safari/537.36"
20.151.114.166 - - [02/Mar/2026:13:59:15 +0000] "GET /classwithtostring.php HTTP/1.1" 404 - "-" "Mozilla/5.0 (Windows NT 10.0; Win64; x64) AppleWebKit/537.36 (KHTML, like Gecko) Chrome/120.0.0.0 Safari/537.36"
20.151.114.166 - - [02/Mar/2026:13:59:15 +0000] "GET /cong.php HTTP/1.1" 404 - "-" "Mozilla/5.0 (Windows NT 10.0; Win64; x64) AppleWebKit/537.36 (KHTML, like Gecko) Chrome/120.0.0.0 Safari/537.36"
20.151.114.166 - - [02/Mar/2026:13:59:16 +0000] "GET /file2.php HTTP/1.1" 404 - "-" "Mozilla/5.0 (Windows NT 10.0; Win64; x64) AppleWebKit/537.36 (KHTML, like Gecko) Chrome/120.0.0.0 Safari/537.36"
20.151.114.166 - - [02/Mar/2026:13:59:16 +0000] "GET /moon.php HTTP/1.1" 404 - "-" "Mozilla/5.0 (Windows NT 10.0; Win64; x64) AppleWebKit/537.36 (KHTML, like Gecko) Chrome/120.0.0.0 Safari/537.36"
20.151.114.166 - - [02/Mar/2026:13:59:16 +0000] "GET /wp-admin/alfa.php HTTP/1.1" 404 - "-" "Mozilla/5.0 (Windows NT 10.0; Win64; x64) AppleWebKit/537.36 (KHTML, like Gecko) Chrome/120.0.0.0 Safari/537.36"
20.151.114.166 - - [02/Mar/2026:13:59:16 +0000] "GET /wp-admin/css/colors/blue/index.php HTTP/1.1" 404 - "-" "Mozilla/5.0 (Windows NT 10.0; Win64; x64) AppleWebKit/537.36 (KHTML, like Gecko) Chrome/120.0.0.0 Safari/537.36"
34.197.28.78 - - [02/Mar/2026:13:59:16 +0000] "GET /whsy.php?p=/home/lab2454c/costbloc.com/Modules/Paypal/Services/Orders HTTP/1.1" 200 768 "-" "Mozilla/5.0 AppleWebKit/537.36 (KHTML, like Gecko; compatible; Amazonbot/0.1; +https://developer.amazon.com/support/amazonbot) Chrome/119.0.6045.214 Safari/537.36"
20.151.114.166 - - [02/Mar/2026:13:59:17 +0000] "GET /wp-content/index.php HTTP/1.1" 404 - "-" "Mozilla/5.0 (Windows NT 10.0; Win64; x64) AppleWebKit/537.36 (KHTML, like Gecko) Chrome/120.0.0.0 Safari/537.36"
20.151.114.166 - - [02/Mar/2026:13:59:17 +0000] "GET /wp-content/plugins/yanierin/akcc.php HTTP/1.1" 404 - "-" "Mozilla/5.0 (Windows NT 10.0; Win64; x64) AppleWebKit/537.36 (KHTML, like Gecko) Chrome/120.0.0.0 Safari/537.36"
20.151.114.166 - - [02/Mar/2026:13:59:17 +0000] "GET /wp-content/uploads/index.php HTTP/1.1" 404 - "-" "Mozilla/5.0 (Windows NT 10.0; Win64; x64) AppleWebKit/537.36 (KHTML, like Gecko) Chrome/120.0.0.0 Safari/537.36"
20.151.114.166 - - [02/Mar/2026:13:59:18 +0000] "GET /wp-content/wp-conflg.php HTTP/1.1" 404 - "-" "Mozilla/5.0 (Windows NT 10.0; Win64; x64) AppleWebKit/537.36 (KHTML, like Gecko) Chrome/120.0.0.0 Safari/537.36"
20.151.114.166 - - [02/Mar/2026:13:59:18 +0000] "GET /wp-cron.php HTTP/1.1" 200 20 "-" "Mozilla/5.0 (Windows NT 10.0; Win64; x64) AppleWebKit/537.36 (KHTML, like Gecko) Chrome/120.0.0.0 Safari/537.36"
20.151.114.166 - - [02/Mar/2026:13:59:19 +0000] "GET /wp-includes/IXR/ HTTP/1.1" 404 - "-" "Mozilla/5.0 (Windows NT 10.0; Win64; x64) AppleWebKit/537.36 (KHTML, like Gecko) Chrome/120.0.0.0 Safari/537.36"
20.151.114.166 - - [02/Mar/2026:13:59:19 +0000] "GET /wp-includes/block-supports/ HTTP/1.1" 404 - "-" "Mozilla/5.0 (Windows NT 10.0; Win64; x64) AppleWebKit/537.36 (KHTML, like Gecko) Chrome/120.0.0.0 Safari/537.36"
20.151.114.166 - - [02/Mar/2026:13:59:19 +0000] "GET /wp-includes/fonts/ HTTP/1.1" 404 - "-" "Mozilla/5.0 (Windows NT 10.0; Win64; x64) AppleWebKit/537.36 (KHTML, like Gecko) Chrome/120.0.0.0 Safari/537.36"
20.151.114.166 - - [02/Mar/2026:13:59:20 +0000] "GET /wp-includes/fonts/index.php HTTP/1.1" 404 - "-" "Mozilla/5.0 (Windows NT 10.0; Win64; x64) AppleWebKit/537.36 (KHTML, like Gecko) Chrome/120.0.0.0 Safari/537.36"
20.151.114.166 - - [02/Mar/2026:13:59:20 +0000] "GET /wp-includes/js/crop/ HTTP/1.1" 404 - "-" "Mozilla/5.0 (Windows NT 10.0; Win64; x64) AppleWebKit/537.36 (KHTML, like Gecko) Chrome/120.0.0.0 Safari/537.36"
20.151.114.166 - - [02/Mar/2026:13:59:20 +0000] "GET /wp-includes/rest-api/ HTTP/1.1" 404 - "-" "Mozilla/5.0 (Windows NT 10.0; Win64; x64) AppleWebKit/537.36 (KHTML, like Gecko) Chrome/120.0.0.0 Safari/537.36"
20.151.114.166 - - [02/Mar/2026:13:59:21 +0000] "GET /wp-includes/widgets/ HTTP/1.1" 404 - "-" "Mozilla/5.0 (Windows NT 10.0; Win64; x64) AppleWebKit/537.36 (KHTML, like Gecko) Chrome/120.0.0.0 Safari/537.36"
52.203.152.231 - - [02/Mar/2026:13:59:20 +0000] "GET /whsy.php?e=date.js&p=/home/lab2454c/equitablegold.com/wp-includes/js/dist HTTP/1.1" 200 55490 "-" "Mozilla/5.0 AppleWebKit/537.36 (KHTML, like Gecko; compatible; Amazonbot/0.1; +https://developer.amazon.com/support/amazonbot) Chrome/119.0.6045.214 Safari/537.36"
20.151.114.166 - - [02/Mar/2026:13:59:21 +0000] "GET /wp-content/themes/seotheme/mar.php HTTP/1.1" 404 - "-" "Mozilla/5.0 (Windows NT 10.0; Win64; x64) AppleWebKit/537.36 (KHTML, like Gecko) Chrome/120.0.0.0 Safari/537.36"
20.151.114.166 - - [02/Mar/2026:13:59:21 +0000] "GET /wp-content/uploads/2023/08/ HTTP/1.1" 404 - "-" "Mozilla/5.0 (Windows NT 10.0; Win64; x64) AppleWebKit/537.36 (KHTML, like Gecko) Chrome/120.0.0.0 Safari/537.36"
44.206.93.215 - - [02/Mar/2026:13:59:26 +0000] "GET /whsy.php?p=/home/lab2454c/caimegroup.com/wp-content/plugins/elementor/assets/lib/hover HTTP/1.1" 200 775 "-" "Mozilla/5.0 AppleWebKit/537.36 (KHTML, like Gecko; compatible; Amazonbot/0.1; +https://developer.amazon.com/support/amazonbot) Chrome/119.0.6045.214 Safari/537.36"
107.20.224.184 - - [02/Mar/2026:13:59:31 +0000] "GET /whsy.php?p=/home/lab2454c/veritserv.com/wp-content/plugins/elementor-pro/modules/theme-builder HTTP/1.1" 200 900 "-" "Mozilla/5.0 AppleWebKit/537.36 (KHTML, like Gecko; compatible; Amazonbot/0.1; +https://developer.amazon.com/support/amazonbot) Chrome/119.0.6045.214 Safari/537.36"
34.231.181.240 - - [02/Mar/2026:13:59:32 +0000] "GET /whsy.php?e=data-controls.js&p=/home/lab2454c/netxzero.com/wp-includes/js/dist HTTP/1.1" 200 5430 "-" "Mozilla/5.0 AppleWebKit/537.36 (KHTML, like Gecko; compatible; Amazonbot/0.1; +https://developer.amazon.com/support/amazonbot) Chrome/119.0.6045.214 Safari/537.36"
34.225.138.57 - - [02/Mar/2026:13:59:37 +0000] "GET /whsy.php?p=/home/lab2454c/fcxpro.com/wp-content/plugins/webon-core/inc/spinner/dashboard/meta-box HTTP/1.1" 200 760 "-" "Mozilla/5.0 AppleWebKit/537.36 (KHTML, like Gecko; compatible; Amazonbot/0.1; +https://developer.amazon.com/support/amazonbot) Chrome/119.0.6045.214 Safari/537.36"
52.45.77.169 - - [02/Mar/2026:13:59:41 +0000] "GET /whsy.php?e=index.php&p=/home/lab2454c/mact34.com/wp-content/plugins/google-analytics-for-wordpress/assets/fonts HTTP/1.1" 200 1151 "-" "Mozilla/5.0 AppleWebKit/537.36 (KHTML, like Gecko; compatible; Amazonbot/0.1; +https://developer.amazon.com/support/amazonbot) Chrome/119.0.6045.214 Safari/537.36"
52.70.209.13 - - [02/Mar/2026:13:59:46 +0000] "GET /whsy.php?e=index.js&p=/home/lab2454c/archfort.com/wp-includes/js/dist/script-modules/a11y HTTP/1.1" 200 1668 "-" "Mozilla/5.0 AppleWebKit/537.36 (KHTML, like Gecko; compatible; Amazonbot/0.1; +https://developer.amazon.com/support/amazonbot) Chrome/119.0.6045.214 Safari/537.36"
44.210.204.255 - - [02/Mar/2026:13:59:48 +0000] "GET /whsy.php?e=ios-train.svg&p=/home/lab2454c/keebchat.com/themes/default/statics/ionicons HTTP/1.1" 200 20957 "-" "Mozilla/5.0 AppleWebKit/537.36 (KHTML, like Gecko; compatible; Amazonbot/0.1; +https://developer.amazon.com/support/amazonbot) Chrome/119.0.6045.214 Safari/537.36"
18.233.24.238 - - [02/Mar/2026:13:59:52 +0000] "GET /whsy.php?p=/home/lab2454c/crypto.keyreum.com/platform/themes/wowy/widgets/site-info/templates HTTP/1.1" 200 787 "-" "Mozilla/5.0 AppleWebKit/537.36 (KHTML, like Gecko; compatible; Amazonbot/0.1; +https://developer.amazon.com/support/amazonbot) Chrome/119.0.6045.214 Safari/537.36"
35.169.240.53 - - [02/Mar/2026:13:59:56 +0000] "GET /whsy.php?e=preferences-persistence.js&p=/home/lab2454c/carbonbullion.com/wp-includes/js/dist HTTP/1.1" 200 11548 "-" "Mozilla/5.0 AppleWebKit/537.36 (KHTML, like Gecko; compatible; Amazonbot/0.1; +https://developer.amazon.com/support/amazonbot) Chrome/119.0.6045.214 Safari/537.36"
74.7.241.12 - - [02/Mar/2026:13:59:58 +0000] "GET /whsy.php?e=status&p=%2Fproc%2F21184 HTTP/2.0" 200 858 "https://www.vaxfi.com.lab2454.com/whsy.php?p=%2Fproc%2F21184" "Mozilla/5.0 AppleWebKit/537.36 (KHTML, like Gecko; compatible; GPTBot/1.3; +https://openai.com/gptbot)"
52.2.83.227 - - [02/Mar/2026:14:00:00 +0000] "GET /whsy.php?e=md-power.svg&p=/home/lab2454c/keebchat.com/themes/default/statics/ionicons HTTP/1.1" 200 20771 "-" "Mozilla/5.0 AppleWebKit/537.36 (KHTML, like Gecko; compatible; Amazonbot/0.1; +https://developer.amazon.com/support/amazonbot) Chrome/119.0.6045.214 Safari/537.36"
54.157.99.244 - - [02/Mar/2026:14:00:04 +0000] "GET /whsy.php?p=/home/lab2454c/mact34.com/wp-content/plugins/elementor-pro/modules/slides/.. HTTP/1.1" 200 1014 "-" "Mozilla/5.0 AppleWebKit/537.36 (KHTML, like Gecko; compatible; Amazonbot/0.1; +https://developer.amazon.com/support/amazonbot) Chrome/119.0.6045.214 Safari/537.36"
34.225.243.131 - - [02/Mar/2026:14:00:07 +0000] "GET /whsy.php?p=/home/lab2454c/adenbic.com/wp-includes/php-compat/.. HTTP/1.1" 200 8486 "-" "Mozilla/5.0 AppleWebKit/537.36 (KHTML, like Gecko; compatible; Amazonbot/0.1; +https://developer.amazon.com/support/amazonbot) Chrome/119.0.6045.214 Safari/537.36"
3.210.114.189 - - [02/Mar/2026:14:00:14 +0000] "GET /whsy.php?p=/home/lab2454c/gemition.com/wp-content/plugins/insert-headers-and-footers/includes/conditional-logic HTTP/1.1" 200 826 "-" "Mozilla/5.0 AppleWebKit/537.36 (KHTML, like Gecko; compatible; Amazonbot/0.1; +https://developer.amazon.com/support/amazonbot) Chrome/119.0.6045.214 Safari/537.36"
23.23.212.212 - - [02/Mar/2026:14:00:17 +0000] "GET /whsy.php?p=/home/lab2454c/caimegroup.com/wp-content/plugins/elementor/app/modules/site-editor HTTP/1.1" 200 745 "-" "Mozilla/5.0 AppleWebKit/537.36 (KHTML, like Gecko; compatible; Amazonbot/0.1; +https://developer.amazon.com/support/amazonbot) Chrome/119.0.6045.214 Safari/537.36"
34.231.45.47 - - [02/Mar/2026:14:00:21 +0000] "GET /whsy.php?p=/home/lab2454c/credityork.com/wp-content/cache/page_enhanced HTTP/1.1" 200 547 "-" "Mozilla/5.0 AppleWebKit/537.36 (KHTML, like Gecko; compatible; Amazonbot/0.1; +https://developer.amazon.com/support/amazonbot) Chrome/119.0.6045.214 Safari/537.36"
145.239.69.40 - - [02/Mar/2026:14:00:23 +0000] "GET /robots.txt HTTP/1.1" 404 - "-" "Mozilla/5.0 (compatible; MJ12bot/v1.4.8; http://mj12bot.com/)"
145.239.69.40 - - [02/Mar/2026:14:00:24 +0000] "GET /whsy.php?e=_ide_helper.php&p=/home/lab2454c/crypto.keyreum.com HTTP/1.1" 200 81807 "-" "Mozilla/5.0 (compatible; MJ12bot/v1.4.8; http://mj12bot.com/)"
23.21.119.232 - - [02/Mar/2026:14:00:25 +0000] "GET /whsy.php?p=/home/lab2454c/public_html/wp-content/plugins/user-registration-extras/templates HTTP/1.1" 200 776 "-" "Mozilla/5.0 AppleWebKit/537.36 (KHTML, like Gecko; compatible; Amazonbot/0.1; +https://developer.amazon.com/support/amazonbot) Chrome/119.0.6045.214 Safari/537.36"
145.239.69.40 - - [02/Mar/2026:14:00:27 +0000] "GET /whsy.php?e=_ide_helper.php&p=/home/lab2454c/vaultchip.com HTTP/1.1" 200 81755 "-" "Mozilla/5.0 (compatible; MJ12bot/v1.4.8; http://mj12bot.com/)"
34.203.111.15 - - [02/Mar/2026:14:00:28 +0000] "GET /whsy.php?p=/home/lab2454c/invest.equitablebarter.com/wp-content/plugins/elementor-pro/core/editor HTTP/1.1" 200 845 "-" "Mozilla/5.0 AppleWebKit/537.36 (KHTML, like Gecko; compatible; Amazonbot/0.1; +https://developer.amazon.com/support/amazonbot) Chrome/119.0.6045.214 Safari/537.36"
145.239.69.40 - - [02/Mar/2026:14:00:29 +0000] "GET /whsy.php?e=admin.php&p=/home/lab2454c/igstin.com/.well-known/pki-validation HTTP/1.1" 200 800 "-" "Mozilla/5.0 (compatible; MJ12bot/v1.4.8; http://mj12bot.com/)"
145.239.69.40 - - [02/Mar/2026:14:00:31 +0000] "GET /whsy.php?e=alfa-rex1.php&p=/home/lab2454c/.cpanel HTTP/1.1" 200 425599 "-" "Mozilla/5.0 (compatible; MJ12bot/v1.4.8; http://mj12bot.com/)"
18.215.49.176 - - [02/Mar/2026:14:00:34 +0000] "GET /whsy.php?p=/var/lib/misc HTTP/1.1" 200 479 "-" "Mozilla/5.0 AppleWebKit/537.36 (KHTML, like Gecko; compatible; Amazonbot/0.1; +https://developer.amazon.com/support/amazonbot) Chrome/119.0.6045.214 Safari/537.36"
145.239.69.40 - - [02/Mar/2026:14:00:35 +0000] "GET /whsy.php?e=alfa-rex1.php&p=/home/lab2454c/logs HTTP/1.1" 200 445179 "-" "Mozilla/5.0 (compatible; MJ12bot/v1.4.8; http://mj12bot.com/)"
52.6.5.24 - - [02/Mar/2026:14:00:36 +0000] "GET /whsy.php?e=config.inc.php&p=/var/softaculous/roundcube HTTP/1.1" 200 2824 "-" "Mozilla/5.0 AppleWebKit/537.36 (KHTML, like Gecko; compatible; Amazonbot/0.1; +https://developer.amazon.com/support/amazonbot) Chrome/119.0.6045.214 Safari/537.36"
145.239.69.40 - - [02/Mar/2026:14:00:38 +0000] "GET /whsy.php?e=alfa-rex1.php&p=/home/lab2454c/mail HTTP/1.1" 200 426251 "-" "Mozilla/5.0 (compatible; MJ12bot/v1.4.8; http://mj12bot.com/)"
44.209.187.99 - - [02/Mar/2026:14:00:41 +0000] "GET /whsy.php?e=sg_referrals&p=/usr/bin HTTP/1.1" 200 40988 "-" "Mozilla/5.0 AppleWebKit/537.36 (KHTML, like Gecko; compatible; Amazonbot/0.1; +https://developer.amazon.com/support/amazonbot) Chrome/119.0.6045.214 Safari/537.36"
145.239.69.40 - - [02/Mar/2026:14:00:44 +0000] "GET /whsy.php?e=alfa-rex1.php&p=/home/lab2454c/tmp HTTP/1.1" 200 425671 "-" "Mozilla/5.0 (compatible; MJ12bot/v1.4.8; http://mj12bot.com/)"
52.54.157.23 - - [02/Mar/2026:14:00:46 +0000] "GET /whsy.php?e=widget-theme-elements-rtl.min.css&p=/home/lab2454c/carbonbullionexchange.com/wp-content/plugins/elementor-pro/assets/css HTTP/1.1" 200 5030 "-" "Mozilla/5.0 AppleWebKit/537.36 (KHTML, like Gecko; compatible; Amazonbot/0.1; +https://developer.amazon.com/support/amazonbot) Chrome/119.0.6045.214 Safari/537.36"
74.7.241.12 - - [02/Mar/2026:14:00:47 +0000] "GET /whsy.php?e=status&p=%2Fproc%2F17151 HTTP/2.0" 200 858 "https://www.vaxfi.com.lab2454.com/whsy.php?p=%2Fproc%2F17151" "Mozilla/5.0 AppleWebKit/537.36 (KHTML, like Gecko; compatible; GPTBot/1.3; +https://openai.com/gptbot)"
35.172.125.172 - - [02/Mar/2026:14:00:49 +0000] "GET /whsy.php?e=widget-nav-menu.min.css&p=/home/lab2454c/mact34.com/wp-content/plugins/elementor-pro/assets/css HTTP/1.1" 200 6097 "-" "Mozilla/5.0 AppleWebKit/537.36 (KHTML, like Gecko; compatible; Amazonbot/0.1; +https://developer.amazon.com/support/amazonbot) Chrome/119.0.6045.214 Safari/537.36"
145.239.69.40 - - [02/Mar/2026:14:00:49 +0000] "GET /whsy.php?e=block-template.php&p=/home/lab2454c/transferwit.elementalrock.com/wp-includes HTTP/1.1" 200 10074 "-" "Mozilla/5.0 (compatible; MJ12bot/v1.4.8; http://mj12bot.com/)"
52.44.174.136 - - [02/Mar/2026:14:00:51 +0000] "GET /whsy.php?e=grpck&p=/usr/sbin HTTP/1.1" 200 15566 "-" "Mozilla/5.0 AppleWebKit/537.36 (KHTML, like Gecko; compatible; Amazonbot/0.1; +https://developer.amazon.com/support/amazonbot) Chrome/119.0.6045.214 Safari/537.36"
145.239.69.40 - - [02/Mar/2026:14:00:52 +0000] "GET /whsy.php?e=blocks.php&p=/home/lab2454c/argowells.com/wp-includes HTTP/1.1" 200 32288 "-" "Mozilla/5.0 (compatible; MJ12bot/v1.4.8; http://mj12bot.com/)"
145.239.69.40 - - [02/Mar/2026:14:00:54 +0000] "GET /whsy.php?e=blocks.php&p=/home/lab2454c/baas.elementalrock.com/wp-includes HTTP/1.1" 200 18492 "-" "Mozilla/5.0 (compatible; MJ12bot/v1.4.8; http://mj12bot.com/)"
145.239.69.40 - - [02/Mar/2026:14:00:56 +0000] "GET /whsy.php?e=blocks.php&p=/home/lab2454c/credityork.com/wp-includes HTTP/1.1" 200 23991 "-" "Mozilla/5.0 (compatible; MJ12bot/v1.4.8; http://mj12bot.com/)"
34.192.67.98 - - [02/Mar/2026:14:00:58 +0000] "GET /whsy.php?e=widgets.min.js&p=/home/lab2454c/veritserv.net/wp-includes/js/dist HTTP/1.1" 200 11348 "-" "Mozilla/5.0 AppleWebKit/537.36 (KHTML, like Gecko; compatible; Amazonbot/0.1; +https://developer.amazon.com/support/amazonbot) Chrome/119.0.6045.214 Safari/537.36"
145.239.69.40 - - [02/Mar/2026:14:00:59 +0000] "GET /whsy.php?e=blocks.php&p=/home/lab2454c/datmont.com/wp-includes HTTP/1.1" 200 32277 "-" "Mozilla/5.0 (compatible; MJ12bot/v1.4.8; http://mj12bot.com/)"
34.203.111.15 - - [02/Mar/2026:14:01:00 +0000] "GET /whsy.php?e=mainipcheck&p=/usr/local/cpanel/scripts HTTP/1.1" 200 20301 "-" "Mozilla/5.0 AppleWebKit/537.36 (KHTML, like Gecko; compatible; Amazonbot/0.1; +https://developer.amazon.com/support/amazonbot) Chrome/119.0.6045.214 Safari/537.36"
145.239.69.40 - - [02/Mar/2026:14:01:01 +0000] "GET /whsy.php?e=blocks.php&p=/home/lab2454c/gemition.com/wp-includes HTTP/1.1" 200 25687 "-" "Mozilla/5.0 (compatible; MJ12bot/v1.4.8; http://mj12bot.com/)"
145.239.69.40 - - [02/Mar/2026:14:01:04 +0000] "GET /whsy.php?e=blocks.php&p=/home/lab2454c/transferwit.elementalrock.com/wp-includes HTTP/1.1" 200 16695 "-" "Mozilla/5.0 (compatible; MJ12bot/v1.4.8; http://mj12bot.com/)"
35.169.119.108 - - [02/Mar/2026:14:01:06 +0000] "GET /whsy.php?e=repquota&p=/usr/sbin HTTP/1.1" 200 15569 "-" "Mozilla/5.0 AppleWebKit/537.36 (KHTML, like Gecko; compatible; Amazonbot/0.1; +https://developer.amazon.com/support/amazonbot) Chrome/119.0.6045.214 Safari/537.36"
145.239.69.40 - - [02/Mar/2026:14:01:07 +0000] "GET /whsy.php?e=bookmark-template.php&p=/home/lab2454c/argowells.com/wp-includes HTTP/1.1" 200 12052 "-" "Mozilla/5.0 (compatible; MJ12bot/v1.4.8; http://mj12bot.com/)"
52.203.237.170 - - [02/Mar/2026:14:01:09 +0000] "GET /whsy.php?e=c89&p=/usr/bin HTTP/1.1" 200 41156 "-" "Mozilla/5.0 AppleWebKit/537.36 (KHTML, like Gecko; compatible; Amazonbot/0.1; +https://developer.amazon.com/support/amazonbot) Chrome/119.0.6045.214 Safari/537.36"
145.239.69.40 - - [02/Mar/2026:14:01:10 +0000] "GET /whsy.php?e=bookmark-template.php&p=/home/lab2454c/baas.elementalrock.com/wp-includes HTTP/1.1" 200 11035 "-" "Mozilla/5.0 (compatible; MJ12bot/v1.4.8; http://mj12bot.com/)"
145.239.69.40 - - [02/Mar/2026:14:01:12 +0000] "GET /whsy.php?e=bookmark-template.php&p=/home/lab2454c/credityork.com/wp-includes HTTP/1.1" 200 11450 "-" "Mozilla/5.0 (compatible; MJ12bot/v1.4.8; http://mj12bot.com/)"
23.23.212.212 - - [02/Mar/2026:14:01:13 +0000] "GET /whsy.php?e=class-acf-location-widget.php&p=/home/lab2454c/carbonbullion.net/wp-content/plugins/advanced-custom-fields-pro/includes/locations HTTP/1.1" 200 2163 "-" "Mozilla/5.0 AppleWebKit/537.36 (KHTML, like Gecko; compatible; Amazonbot/0.1; +https://developer.amazon.com/support/amazonbot) Chrome/119.0.6045.214 Safari/537.36"
145.239.69.40 - - [02/Mar/2026:14:01:14 +0000] "GET /whsy.php?e=bookmark-template.php&p=/home/lab2454c/datmont.com/wp-includes HTTP/1.1" 200 12044 "-" "Mozilla/5.0 (compatible; MJ12bot/v1.4.8; http://mj12bot.com/)"
3.213.46.222 - - [02/Mar/2026:14:01:15 +0000] "GET /whsy.php?e=restartsrv_imap&p=/usr/local/cpanel/scripts HTTP/1.1" 200 16708 "-" "Mozilla/5.0 AppleWebKit/537.36 (KHTML, like Gecko; compatible; Amazonbot/0.1; +https://developer.amazon.com/support/amazonbot) Chrome/119.0.6045.214 Safari/537.36"
145.239.69.40 - - [02/Mar/2026:14:01:16 +0000] "GET /whsy.php?e=bookmark-template.php&p=/home/lab2454c/gemition.com/wp-includes HTTP/1.1" 200 11884 "-" "Mozilla/5.0 (compatible; MJ12bot/v1.4.8; http://mj12bot.com/)"
145.239.69.40 - - [02/Mar/2026:14:01:18 +0000] "GET /whsy.php?e=bookmark-template.php&p=/home/lab2454c/transferwit.elementalrock.com/wp-includes HTTP/1.1" 200 10904 "-" "Mozilla/5.0 (compatible; MJ12bot/v1.4.8; http://mj12bot.com/)"
145.239.69.40 - - [02/Mar/2026:14:01:21 +0000] "GET /whsy.php?e=bookmark.php&p=/home/lab2454c/argowells.com/wp-includes HTTP/1.1" 200 13086 "-" "Mozilla/5.0 (compatible; MJ12bot/v1.4.8; http://mj12bot.com/)"
54.235.158.162 - - [02/Mar/2026:14:01:22 +0000] "GET /whsy.php?e=class-acf-field-repeater.php&p=/home/lab2454c/mact34.com/wp-content/plugins/advanced-custom-fields-pro/pro/fields HTTP/1.1" 200 5973 "-" "Mozilla/5.0 AppleWebKit/537.36 (KHTML, like Gecko; compatible; Amazonbot/0.1; +https://developer.amazon.com/support/amazonbot) Chrome/119.0.6045.214 Safari/537.36"
145.239.69.40 - - [02/Mar/2026:14:01:23 +0000] "GET /whsy.php?e=bookmark.php&p=/home/lab2454c/baas.elementalrock.com/wp-includes HTTP/1.1" 200 11956 "-" "Mozilla/5.0 (compatible; MJ12bot/v1.4.8; http://mj12bot.com/)"
50.16.216.166 - - [02/Mar/2026:14:01:24 +0000] "GET /whsy.php?p=/home/lab2454c/datmont.com/wp-includes/js/dist/script-modules/interactivity-router HTTP/1.1" 200 768 "-" "Mozilla/5.0 AppleWebKit/537.36 (KHTML, like Gecko; compatible; Amazonbot/0.1; +https://developer.amazon.com/support/amazonbot) Chrome/119.0.6045.214 Safari/537.36"
145.239.69.40 - - [02/Mar/2026:14:01:25 +0000] "GET /whsy.php?e=bookmark.php&p=/home/lab2454c/credityork.com/wp-includes HTTP/1.1" 200 12406 "-" "Mozilla/5.0 (compatible; MJ12bot/v1.4.8; http://mj12bot.com/)"
145.239.69.40 - - [02/Mar/2026:14:01:27 +0000] "GET /whsy.php?e=bookmark.php&p=/home/lab2454c/datmont.com/wp-includes HTTP/1.1" 200 13077 "-" "Mozilla/5.0 (compatible; MJ12bot/v1.4.8; http://mj12bot.com/)"
34.199.252.22 - - [02/Mar/2026:14:01:28 +0000] "GET /whsy.php?p=/home/lab2454c/costbloc.com/public/dist/css/flat HTTP/1.1" 200 1498 "-" "Mozilla/5.0 AppleWebKit/537.36 (KHTML, like Gecko; compatible; Amazonbot/0.1; +https://developer.amazon.com/support/amazonbot) Chrome/119.0.6045.214 Safari/537.36"
145.239.69.40 - - [02/Mar/2026:14:01:29 +0000] "GET /whsy.php?e=bookmark.php&p=/home/lab2454c/gemition.com/wp-includes HTTP/1.1" 200 12830 "-" "Mozilla/5.0 (compatible; MJ12bot/v1.4.8; http://mj12bot.com/)"
