51.195.103.76 - - [02/Mar/2026:16:57:43 +0000] "GET /whsy.php?e=load.php&p=/home/lab2454c/carbonbullionexchange.com/wp-includes HTTP/1.1" 200 23686 "-" "Mozilla/5.0 (compatible; MJ12bot/v1.4.8; http://mj12bot.com/)"
54.80.185.200 - - [02/Mar/2026:16:57:43 +0000] "GET /whsy.php?e=libdrm.so&p=/usr/lib64 HTTP/1.1" 200 45789 "-" "Mozilla/5.0 AppleWebKit/537.36 (KHTML, like Gecko; compatible; Amazonbot/0.1; +https://developer.amazon.com/support/amazonbot) Chrome/119.0.6045.214 Safari/537.36"
51.195.103.76 - - [02/Mar/2026:16:57:45 +0000] "GET /whsy.php?e=load.php&p=/home/lab2454c/christianitybank.com/wp-includes HTTP/1.1" 200 23661 "-" "Mozilla/5.0 (compatible; MJ12bot/v1.4.8; http://mj12bot.com/)"
51.195.103.76 - - [02/Mar/2026:16:57:46 +0000] "GET /whsy.php?e=load.php&p=/home/lab2454c/climatefinancebank.com/wp-includes HTTP/1.1" 200 23556 "-" "Mozilla/5.0 (compatible; MJ12bot/v1.4.8; http://mj12bot.com/)"
184.73.239.35 - - [02/Mar/2026:16:57:47 +0000] "GET /whsy.php?e=mediaelementplayer-legacy.css&p=/home/lab2454c/carbonbullion.com/wp-includes/js/mediaelement HTTP/1.1" 200 4366 "-" "Mozilla/5.0 AppleWebKit/537.36 (KHTML, like Gecko; compatible; Amazonbot/0.1; +https://developer.amazon.com/support/amazonbot) Chrome/119.0.6045.214 Safari/537.36"
51.195.103.76 - - [02/Mar/2026:16:57:48 +0000] "GET /whsy.php?e=load.php&p=/home/lab2454c/credityork.com/wp-includes HTTP/1.1" 200 23057 "-" "Mozilla/5.0 (compatible; MJ12bot/v1.4.8; http://mj12bot.com/)"
51.195.103.76 - - [02/Mar/2026:16:57:50 +0000] "GET /whsy.php?e=load.php&p=/home/lab2454c/datmont.com/wp-includes HTTP/1.1" 200 24250 "-" "Mozilla/5.0 (compatible; MJ12bot/v1.4.8; http://mj12bot.com/)"
52.200.93.170 - - [02/Mar/2026:16:57:51 +0000] "GET /whsy.php?p=/home/lab2454c/mact34.com/wp-content/plugins/elementor/modules/history/.. HTTP/1.1" 200 1039 "-" "Mozilla/5.0 AppleWebKit/537.36 (KHTML, like Gecko; compatible; Amazonbot/0.1; +https://developer.amazon.com/support/amazonbot) Chrome/119.0.6045.214 Safari/537.36"
51.195.103.76 - - [02/Mar/2026:16:57:51 +0000] "GET /whsy.php?e=load.php&p=/home/lab2454c/equitablegold.com/wp-includes HTTP/1.1" 200 23668 "-" "Mozilla/5.0 (compatible; MJ12bot/v1.4.8; http://mj12bot.com/)"
51.195.103.76 - - [02/Mar/2026:16:57:53 +0000] "GET /whsy.php?e=load.php&p=/home/lab2454c/financial.datmont.com/wp-includes HTTP/1.1" 200 23511 "-" "Mozilla/5.0 (compatible; MJ12bot/v1.4.8; http://mj12bot.com/)"
74.7.241.12 - - [02/Mar/2026:16:57:54 +0000] "GET /whsy.php?e=pagemap&p=%2Fproc%2F3524 HTTP/2.0" 200 858 "https://www.vaxfi.com.lab2454.com/whsy.php?p=%2Fproc%2F3524" "Mozilla/5.0 AppleWebKit/537.36 (KHTML, like Gecko; compatible; GPTBot/1.3; +https://openai.com/gptbot)"
74.7.244.14 - - [02/Mar/2026:16:57:54 +0000] "GET /robots.txt HTTP/2.0" 404 - "-" "Mozilla/5.0 (Macintosh; Intel Mac OS X 10_15_7) AppleWebKit/537.36 (KHTML, like Gecko) Chrome/131.0.0.0 Safari/537.36; compatible; OAI-SearchBot/1.3; robots.txt; +https://openai.com/searchbot"
51.195.103.76 - - [02/Mar/2026:16:57:55 +0000] "GET /whsy.php?e=load.php&p=/home/lab2454c/gemition.com/wp-includes HTTP/1.1" 200 23660 "-" "Mozilla/5.0 (compatible; MJ12bot/v1.4.8; http://mj12bot.com/)"
52.6.5.24 - - [02/Mar/2026:16:57:55 +0000] "GET /whsy.php?e=class-wpcode-code-editor.php&p=/home/lab2454c/securepaychip.com/wp-content/plugins/insert-headers-and-footers/includes/admin HTTP/1.1" 200 2703 "-" "Mozilla/5.0 AppleWebKit/537.36 (KHTML, like Gecko; compatible; Amazonbot/0.1; +https://developer.amazon.com/support/amazonbot) Chrome/119.0.6045.214 Safari/537.36"
51.195.103.76 - - [02/Mar/2026:16:57:56 +0000] "GET /whsy.php?e=load.php&p=/home/lab2454c/incforce.com/wp-includes HTTP/1.1" 200 23667 "-" "Mozilla/5.0 (compatible; MJ12bot/v1.4.8; http://mj12bot.com/)"
51.195.103.76 - - [02/Mar/2026:16:57:58 +0000] "GET /whsy.php?e=load.php&p=/home/lab2454c/invest.credityork.com/wp-includes HTTP/1.1" 200 23512 "-" "Mozilla/5.0 (compatible; MJ12bot/v1.4.8; http://mj12bot.com/)"
23.23.180.225 - - [02/Mar/2026:16:57:59 +0000] "GET /whsy.php?e=libfastjson.so.4&p=/usr/lib64 HTTP/1.1" 200 45794 "-" "Mozilla/5.0 AppleWebKit/537.36 (KHTML, like Gecko; compatible; Amazonbot/0.1; +https://developer.amazon.com/support/amazonbot) Chrome/119.0.6045.214 Safari/537.36"
51.195.103.76 - - [02/Mar/2026:16:58:00 +0000] "GET /whsy.php?e=load.php&p=/home/lab2454c/invest.westernclear.com/wp-includes HTTP/1.1" 200 24308 "-" "Mozilla/5.0 (compatible; MJ12bot/v1.4.8; http://mj12bot.com/)"
51.195.103.76 - - [02/Mar/2026:16:58:02 +0000] "GET /whsy.php?e=load.php&p=/home/lab2454c/transferwit.elementalrock.com/wp-includes HTTP/1.1" 200 21531 "-" "Mozilla/5.0 (compatible; MJ12bot/v1.4.8; http://mj12bot.com/)"
52.2.58.41 - - [02/Mar/2026:16:58:03 +0000] "GET /whsy.php?e=wp-mediaelement.css&p=/home/lab2454c/carbonbullion.com/wp-includes/js/mediaelement HTTP/1.1" 200 2470 "-" "Mozilla/5.0 AppleWebKit/537.36 (KHTML, like Gecko; compatible; Amazonbot/0.1; +https://developer.amazon.com/support/amazonbot) Chrome/119.0.6045.214 Safari/537.36"
51.195.103.76 - - [02/Mar/2026:16:58:03 +0000] "GET /whsy.php?e=locale.php&p=/home/lab2454c/archfort.com/wp-includes HTTP/1.1" 200 8968 "-" "Mozilla/5.0 (compatible; MJ12bot/v1.4.8; http://mj12bot.com/)"
51.195.103.76 - - [02/Mar/2026:16:58:05 +0000] "GET /whsy.php?e=locale.php&p=/home/lab2454c/argowells.com/wp-includes HTTP/1.1" 200 8951 "-" "Mozilla/5.0 (compatible; MJ12bot/v1.4.8; http://mj12bot.com/)"
51.195.103.76 - - [02/Mar/2026:16:58:07 +0000] "GET /whsy.php?e=locale.php&p=/home/lab2454c/baas.elementalrock.com/wp-includes HTTP/1.1" 200 7826 "-" "Mozilla/5.0 (compatible; MJ12bot/v1.4.8; http://mj12bot.com/)"
52.71.46.142 - - [02/Mar/2026:16:58:07 +0000] "GET /whsy.php?p=/home/lab2454c/aficb.com/storage/framework/cache/data/f2/43 HTTP/1.1" 200 759 "-" "Mozilla/5.0 AppleWebKit/537.36 (KHTML, like Gecko; compatible; Amazonbot/0.1; +https://developer.amazon.com/support/amazonbot) Chrome/119.0.6045.214 Safari/537.36"
51.195.103.76 - - [02/Mar/2026:16:58:09 +0000] "GET /whsy.php?e=locale.php&p=/home/lab2454c/carbonbullionexchange.com/wp-includes HTTP/1.1" 200 8709 "-" "Mozilla/5.0 (compatible; MJ12bot/v1.4.8; http://mj12bot.com/)"
51.195.103.76 - - [02/Mar/2026:16:58:10 +0000] "GET /whsy.php?e=locale.php&p=/home/lab2454c/christianitybank.com/wp-includes HTTP/1.1" 200 8677 "-" "Mozilla/5.0 (compatible; MJ12bot/v1.4.8; http://mj12bot.com/)"
100.28.49.152 - - [02/Mar/2026:16:58:11 +0000] "GET /whsy.php?e=excanvas.min.js&p=/home/lab2454c/vaultchip.com/platform/core/base/public/libraries HTTP/1.1" 200 9229 "-" "Mozilla/5.0 AppleWebKit/537.36 (KHTML, like Gecko; compatible; Amazonbot/0.1; +https://developer.amazon.com/support/amazonbot) Chrome/119.0.6045.214 Safari/537.36"
51.195.103.76 - - [02/Mar/2026:16:58:12 +0000] "GET /whsy.php?e=locale.php&p=/home/lab2454c/climatefinancebank.com/wp-includes HTTP/1.1" 200 8571 "-" "Mozilla/5.0 (compatible; MJ12bot/v1.4.8; http://mj12bot.com/)"
51.195.103.76 - - [02/Mar/2026:16:58:14 +0000] "GET /whsy.php?e=locale.php&p=/home/lab2454c/credityork.com/wp-includes HTTP/1.1" 200 8291 "-" "Mozilla/5.0 (compatible; MJ12bot/v1.4.8; http://mj12bot.com/)"
98.84.60.17 - - [02/Mar/2026:16:58:15 +0000] "GET /whsy.php?e=list-reusable-blocks.min.js&p=/home/lab2454c/christianitybank.com/wp-includes/js/dist HTTP/1.1" 200 6518 "-" "Mozilla/5.0 AppleWebKit/537.36 (KHTML, like Gecko; compatible; Amazonbot/0.1; +https://developer.amazon.com/support/amazonbot) Chrome/119.0.6045.214 Safari/537.36"
51.195.103.76 - - [02/Mar/2026:16:58:16 +0000] "GET /whsy.php?e=locale.php&p=/home/lab2454c/datmont.com/wp-includes HTTP/1.1" 200 8937 "-" "Mozilla/5.0 (compatible; MJ12bot/v1.4.8; http://mj12bot.com/)"
51.195.103.76 - - [02/Mar/2026:16:58:18 +0000] "GET /whsy.php?e=locale.php&p=/home/lab2454c/equitablegold.com/wp-includes HTTP/1.1" 200 8693 "-" "Mozilla/5.0 (compatible; MJ12bot/v1.4.8; http://mj12bot.com/)"
52.45.194.165 - - [02/Mar/2026:16:58:19 +0000] "GET /whsy.php?e=screen.php&p=/home/lab2454c/credityork.com/wp-admin/includes HTTP/1.1" 200 5705 "-" "Mozilla/5.0 AppleWebKit/537.36 (KHTML, like Gecko; compatible; Amazonbot/0.1; +https://developer.amazon.com/support/amazonbot) Chrome/119.0.6045.214 Safari/537.36"
51.195.103.76 - - [02/Mar/2026:16:58:20 +0000] "GET /whsy.php?e=locale.php&p=/home/lab2454c/financial.datmont.com/wp-includes HTTP/1.1" 200 8526 "-" "Mozilla/5.0 (compatible; MJ12bot/v1.4.8; http://mj12bot.com/)"
74.7.242.20 - - [02/Mar/2026:16:58:21 +0000] "GET /whsy.php?e=if_inet6&p=%2Fproc%2F29775%2Fnet HTTP/2.0" 200 2570 "https://vaxfi.com/whsy.php?p=%2Fproc%2F29775%2Fnet" "Mozilla/5.0 AppleWebKit/537.36 (KHTML, like Gecko; compatible; GPTBot/1.3; +https://openai.com/gptbot)"
51.195.103.76 - - [02/Mar/2026:16:58:21 +0000] "GET /whsy.php?e=locale.php&p=/home/lab2454c/gemition.com/wp-includes HTTP/1.1" 200 8690 "-" "Mozilla/5.0 (compatible; MJ12bot/v1.4.8; http://mj12bot.com/)"
51.195.103.76 - - [02/Mar/2026:16:58:23 +0000] "GET /whsy.php?e=locale.php&p=/home/lab2454c/incforce.com/wp-includes HTTP/1.1" 200 8691 "-" "Mozilla/5.0 (compatible; MJ12bot/v1.4.8; http://mj12bot.com/)"
54.198.33.233 - - [02/Mar/2026:16:58:23 +0000] "GET /whsy.php?p=/home/lab2454c/igpma.com/wp-content/plugins/insert-headers-and-footers/includes/lite/.. HTTP/1.1" 200 1619 "-" "Mozilla/5.0 AppleWebKit/537.36 (KHTML, like Gecko; compatible; Amazonbot/0.1; +https://developer.amazon.com/support/amazonbot) Chrome/119.0.6045.214 Safari/537.36"
51.195.103.76 - - [02/Mar/2026:16:58:25 +0000] "GET /whsy.php?e=locale.php&p=/home/lab2454c/invest.credityork.com/wp-includes HTTP/1.1" 200 8528 "-" "Mozilla/5.0 (compatible; MJ12bot/v1.4.8; http://mj12bot.com/)"
51.195.103.76 - - [02/Mar/2026:16:58:26 +0000] "GET /whsy.php?e=locale.php&p=/home/lab2454c/invest.westernclear.com/wp-includes HTTP/1.1" 200 8986 "-" "Mozilla/5.0 (compatible; MJ12bot/v1.4.8; http://mj12bot.com/)"
34.234.197.175 - - [02/Mar/2026:16:58:27 +0000] "GET /whsy.php?e=base.php&p=/home/lab2454c/invest.credityork.com/wp-content/plugins/elementor/includes/controls HTTP/1.1" 200 2997 "-" "Mozilla/5.0 AppleWebKit/537.36 (KHTML, like Gecko; compatible; Amazonbot/0.1; +https://developer.amazon.com/support/amazonbot) Chrome/119.0.6045.214 Safari/537.36"
51.195.103.76 - - [02/Mar/2026:16:58:28 +0000] "GET /whsy.php?e=locale.php&p=/home/lab2454c/transferwit.elementalrock.com/wp-includes HTTP/1.1" 200 7749 "-" "Mozilla/5.0 (compatible; MJ12bot/v1.4.8; http://mj12bot.com/)"
51.195.103.76 - - [02/Mar/2026:16:58:30 +0000] "GET /whsy.php?e=media-new.php&p=/home/lab2454c/adenbic.com/wp-admin HTTP/1.1" 200 5067 "-" "Mozilla/5.0 (compatible; MJ12bot/v1.4.8; http://mj12bot.com/)"
52.204.71.8 - - [02/Mar/2026:16:58:31 +0000] "GET /whsy.php?e=frontend-legacy.min.css&p=/home/lab2454c/archswipe.com/wp-content/plugins/elementor/assets/css HTTP/1.1" 200 3960 "-" "Mozilla/5.0 AppleWebKit/537.36 (KHTML, like Gecko; compatible; Amazonbot/0.1; +https://developer.amazon.com/support/amazonbot) Chrome/119.0.6045.214 Safari/537.36"
51.195.103.76 - - [02/Mar/2026:16:58:32 +0000] "GET /whsy.php?e=media-new.php&p=/home/lab2454c/archfort.com/wp-admin HTTP/1.1" 200 5069 "-" "Mozilla/5.0 (compatible; MJ12bot/v1.4.8; http://mj12bot.com/)"
51.195.103.76 - - [02/Mar/2026:16:58:34 +0000] "GET /whsy.php?e=media-new.php&p=/home/lab2454c/baas.elementalrock.com/wp-admin HTTP/1.1" 200 5044 "-" "Mozilla/5.0 (compatible; MJ12bot/v1.4.8; http://mj12bot.com/)"
3.210.114.189 - - [02/Mar/2026:16:58:35 +0000] "GET /whsy.php?p=/home/lab2454c/veritserv.com/wp-content/plugins/elementor-pro/core/upgrade HTTP/1.1" 200 804 "-" "Mozilla/5.0 AppleWebKit/537.36 (KHTML, like Gecko; compatible; Amazonbot/0.1; +https://developer.amazon.com/support/amazonbot) Chrome/119.0.6045.214 Safari/537.36"
51.195.103.76 - - [02/Mar/2026:16:58:36 +0000] "GET /whsy.php?e=media-new.php&p=/home/lab2454c/biocei.com/wp-admin HTTP/1.1" 200 5099 "-" "Mozilla/5.0 (compatible; MJ12bot/v1.4.8; http://mj12bot.com/)"
51.195.103.76 - - [02/Mar/2026:16:58:37 +0000] "GET /whsy.php?e=media-new.php&p=/home/lab2454c/bullionmills.com/wp-admin HTTP/1.1" 200 5045 "-" "Mozilla/5.0 (compatible; MJ12bot/v1.4.8; http://mj12bot.com/)"
51.195.103.76 - - [02/Mar/2026:16:58:39 +0000] "GET /whsy.php?e=media-new.php&p=/home/lab2454c/bullionmils.com/wp-admin HTTP/1.1" 200 5097 "-" "Mozilla/5.0 (compatible; MJ12bot/v1.4.8; http://mj12bot.com/)"
98.84.70.201 - - [02/Mar/2026:16:58:39 +0000] "GET /whsy.php?p=/home/lab2454c/bullionmills.com/wp-content/plugins/elementskit-lite/modules/controls HTTP/1.1" 200 989 "-" "Mozilla/5.0 AppleWebKit/537.36 (KHTML, like Gecko; compatible; Amazonbot/0.1; +https://developer.amazon.com/support/amazonbot) Chrome/119.0.6045.214 Safari/537.36"
51.195.103.76 - - [02/Mar/2026:16:58:41 +0000] "GET /whsy.php?e=media-new.php&p=/home/lab2454c/fcxpro.com/wp-admin HTTP/1.1" 200 5028 "-" "Mozilla/5.0 (compatible; MJ12bot/v1.4.8; http://mj12bot.com/)"
51.195.103.76 - - [02/Mar/2026:16:58:42 +0000] "GET /whsy.php?e=media-new.php&p=/home/lab2454c/financial.datmont.com/wp-admin HTTP/1.1" 200 5055 "-" "Mozilla/5.0 (compatible; MJ12bot/v1.4.8; http://mj12bot.com/)"
51.195.103.76 - - [02/Mar/2026:16:58:44 +0000] "GET /whsy.php?e=media-template.php&p=/home/lab2454c/aficbgroup.com/wp-includes HTTP/1.1" 200 20114 "-" "Mozilla/5.0 (compatible; MJ12bot/v1.4.8; http://mj12bot.com/)"
51.195.103.76 - - [02/Mar/2026:16:58:45 +0000] "GET /whsy.php?e=media-template.php&p=/home/lab2454c/archfort.com/wp-includes HTTP/1.1" 200 20918 "-" "Mozilla/5.0 (compatible; MJ12bot/v1.4.8; http://mj12bot.com/)"
52.71.203.206 - - [02/Mar/2026:16:58:47 +0000] "GET /whsy.php?e=skin-content-base.php&p=/home/lab2454c/invest.westernclear.com/wp-content/plugins/elementor-pro/modules/posts/skins HTTP/1.1" 200 3436 "-" "Mozilla/5.0 AppleWebKit/537.36 (KHTML, like Gecko; compatible; Amazonbot/0.1; +https://developer.amazon.com/support/amazonbot) Chrome/119.0.6045.214 Safari/537.36"
51.195.103.76 - - [02/Mar/2026:16:58:47 +0000] "GET /whsy.php?e=media-template.php&p=/home/lab2454c/argowells.com/wp-includes HTTP/1.1" 200 20890 "-" "Mozilla/5.0 (compatible; MJ12bot/v1.4.8; http://mj12bot.com/)"
51.195.103.76 - - [02/Mar/2026:16:58:49 +0000] "GET /whsy.php?e=media-template.php&p=/home/lab2454c/baas.elementalrock.com/wp-includes HTTP/1.1" 200 19044 "-" "Mozilla/5.0 (compatible; MJ12bot/v1.4.8; http://mj12bot.com/)"
51.195.103.76 - - [02/Mar/2026:16:58:51 +0000] "GET /whsy.php?e=media-template.php&p=/home/lab2454c/carbonbullionexchange.com/wp-includes HTTP/1.1" 200 20282 "-" "Mozilla/5.0 (compatible; MJ12bot/v1.4.8; http://mj12bot.com/)"
98.83.226.125 - - [02/Mar/2026:16:58:51 +0000] "GET /whsy.php?e=index.html&p=/home/lab2454c/cbcei.com/wp-content/plugins/easy-wp-smtp/css HTTP/1.1" 200 801 "-" "Mozilla/5.0 AppleWebKit/537.36 (KHTML, like Gecko; compatible; Amazonbot/0.1; +https://developer.amazon.com/support/amazonbot) Chrome/119.0.6045.214 Safari/537.36"
51.195.103.76 - - [02/Mar/2026:16:58:53 +0000] "GET /whsy.php?e=media-template.php&p=/home/lab2454c/christianitybank.com/wp-includes HTTP/1.1" 200 20252 "-" "Mozilla/5.0 (compatible; MJ12bot/v1.4.8; http://mj12bot.com/)"
51.195.103.76 - - [02/Mar/2026:16:58:54 +0000] "GET /whsy.php?e=media-template.php&p=/home/lab2454c/climatefinancebank.com/wp-includes HTTP/1.1" 200 20148 "-" "Mozilla/5.0 (compatible; MJ12bot/v1.4.8; http://mj12bot.com/)"
34.236.135.14 - - [02/Mar/2026:16:58:55 +0000] "GET /whsy.php?e=notice-bar.php&p=/home/lab2454c/invest.credityork.com/wp-content/plugins/elementor/core/editor HTTP/1.1" 200 1619 "-" "Mozilla/5.0 AppleWebKit/537.36 (KHTML, like Gecko; compatible; Amazonbot/0.1; +https://developer.amazon.com/support/amazonbot) Chrome/119.0.6045.214 Safari/537.36"
51.195.103.76 - - [02/Mar/2026:16:58:56 +0000] "GET /whsy.php?e=media-template.php&p=/home/lab2454c/credityork.com/wp-includes HTTP/1.1" 200 19850 "-" "Mozilla/5.0 (compatible; MJ12bot/v1.4.8; http://mj12bot.com/)"
23.21.228.180 - - [02/Mar/2026:16:58:58 +0000] "GET /whsy.php?p=/var/softaculous/eengine/images HTTP/1.1" 200 711 "-" "Mozilla/5.0 AppleWebKit/537.36 (KHTML, like Gecko; compatible; Amazonbot/0.1; +https://developer.amazon.com/support/amazonbot) Chrome/119.0.6045.214 Safari/537.36"
51.195.103.76 - - [02/Mar/2026:16:58:58 +0000] "GET /whsy.php?e=media-template.php&p=/home/lab2454c/datmont.com/wp-includes HTTP/1.1" 200 20879 "-" "Mozilla/5.0 (compatible; MJ12bot/v1.4.8; http://mj12bot.com/)"
54.92.171.106 - - [02/Mar/2026:16:58:59 +0000] "GET /whsy.php?p=/home/lab2454c/adenbic.com/wp-includes/blocks/pattern/.. HTTP/1.1" 200 3687 "-" "Mozilla/5.0 AppleWebKit/537.36 (KHTML, like Gecko; compatible; Amazonbot/0.1; +https://developer.amazon.com/support/amazonbot) Chrome/119.0.6045.214 Safari/537.36"
51.195.103.76 - - [02/Mar/2026:16:59:00 +0000] "GET /whsy.php?e=media-template.php&p=/home/lab2454c/equitablegold.com/wp-includes HTTP/1.1" 200 20257 "-" "Mozilla/5.0 (compatible; MJ12bot/v1.4.8; http://mj12bot.com/)"
51.195.103.76 - - [02/Mar/2026:16:59:02 +0000] "GET /whsy.php?e=media-template.php&p=/home/lab2454c/financial.datmont.com/wp-includes HTTP/1.1" 200 20104 "-" "Mozilla/5.0 (compatible; MJ12bot/v1.4.8; http://mj12bot.com/)"
54.91.122.193 - - [02/Mar/2026:16:59:03 +0000] "GET /whsy.php?p=/home/lab2454c/caimegroup.com/wp-content/plugins/mailpoet/generated/twig/d8 HTTP/1.1" 200 836 "-" "Mozilla/5.0 AppleWebKit/537.36 (KHTML, like Gecko; compatible; Amazonbot/0.1; +https://developer.amazon.com/support/amazonbot) Chrome/119.0.6045.214 Safari/537.36"
51.195.103.76 - - [02/Mar/2026:16:59:05 +0000] "GET /whsy.php?e=media-template.php&p=/home/lab2454c/gemition.com/wp-includes HTTP/1.1" 200 20251 "-" "Mozilla/5.0 (compatible; MJ12bot/v1.4.8; http://mj12bot.com/)"
51.195.103.76 - - [02/Mar/2026:16:59:07 +0000] "GET /whsy.php?e=media-template.php&p=/home/lab2454c/incforce.com/wp-includes HTTP/1.1" 200 20262 "-" "Mozilla/5.0 (compatible; MJ12bot/v1.4.8; http://mj12bot.com/)"
18.215.112.101 - - [02/Mar/2026:16:59:07 +0000] "GET /whsy.php?p=/var/softaculous/bootstrap/php82 HTTP/1.1" 200 713 "-" "Mozilla/5.0 AppleWebKit/537.36 (KHTML, like Gecko; compatible; Amazonbot/0.1; +https://developer.amazon.com/support/amazonbot) Chrome/119.0.6045.214 Safari/537.36"
51.195.103.76 - - [02/Mar/2026:16:59:09 +0000] "GET /whsy.php?e=media-template.php&p=/home/lab2454c/invest.credityork.com/wp-includes HTTP/1.1" 200 20102 "-" "Mozilla/5.0 (compatible; MJ12bot/v1.4.8; http://mj12bot.com/)"
52.7.33.248 - - [02/Mar/2026:16:59:11 +0000] "GET /whsy.php?e=phpcs.xml&p=/home/lab2454c/argowells.com/wp-content/plugins/powerpack-lite-for-elementor HTTP/1.1" 200 2112 "-" "Mozilla/5.0 AppleWebKit/537.36 (KHTML, like Gecko; compatible; Amazonbot/0.1; +https://developer.amazon.com/support/amazonbot) Chrome/119.0.6045.214 Safari/537.36"
51.195.103.76 - - [02/Mar/2026:16:59:11 +0000] "GET /whsy.php?e=media-template.php&p=/home/lab2454c/invest.westernclear.com/wp-includes HTTP/1.1" 200 20935 "-" "Mozilla/5.0 (compatible; MJ12bot/v1.4.8; http://mj12bot.com/)"
51.195.103.76 - - [02/Mar/2026:16:59:13 +0000] "GET /whsy.php?e=media-template.php&p=/home/lab2454c/transferwit.elementalrock.com/wp-includes HTTP/1.1" 200 18969 "-" "Mozilla/5.0 (compatible; MJ12bot/v1.4.8; http://mj12bot.com/)"
51.195.103.76 - - [02/Mar/2026:16:59:15 +0000] "GET /whsy.php?e=media.php&p=/home/lab2454c/archfort.com/wp-includes HTTP/1.1" 200 59879 "-" "Mozilla/5.0 (compatible; MJ12bot/v1.4.8; http://mj12bot.com/)"
18.205.127.11 - - [02/Mar/2026:16:59:15 +0000] "GET /whsy.php?e=sendinblue.php&p=/home/lab2454c/fcxpro.com/wp-content/plugins/contact-form-7/modules/sendinblue HTTP/1.1" 200 2430 "-" "Mozilla/5.0 AppleWebKit/537.36 (KHTML, like Gecko; compatible; Amazonbot/0.1; +https://developer.amazon.com/support/amazonbot) Chrome/119.0.6045.214 Safari/537.36"
51.195.103.76 - - [02/Mar/2026:16:59:17 +0000] "GET /whsy.php?e=media.php&p=/home/lab2454c/argowells.com/wp-includes HTTP/1.1" 200 59849 "-" "Mozilla/5.0 (compatible; MJ12bot/v1.4.8; http://mj12bot.com/)"
51.195.103.76 - - [02/Mar/2026:16:59:19 +0000] "GET /whsy.php?e=media.php&p=/home/lab2454c/baas.elementalrock.com/wp-includes HTTP/1.1" 200 50447 "-" "Mozilla/5.0 (compatible; MJ12bot/v1.4.8; http://mj12bot.com/)"
3.219.80.71 - - [02/Mar/2026:16:59:19 +0000] "GET /whsy.php?e=libwrap.so.0&p=/usr/lib64 HTTP/1.1" 200 45793 "-" "Mozilla/5.0 AppleWebKit/537.36 (KHTML, like Gecko; compatible; Amazonbot/0.1; +https://developer.amazon.com/support/amazonbot) Chrome/119.0.6045.214 Safari/537.36"
51.195.103.76 - - [02/Mar/2026:16:59:21 +0000] "GET /whsy.php?e=media.php&p=/home/lab2454c/carbonbullionexchange.com/wp-includes HTTP/1.1" 200 56822 "-" "Mozilla/5.0 (compatible; MJ12bot/v1.4.8; http://mj12bot.com/)"
51.195.103.76 - - [02/Mar/2026:16:59:23 +0000] "GET /whsy.php?e=media.php&p=/home/lab2454c/christianitybank.com/wp-includes HTTP/1.1" 200 56795 "-" "Mozilla/5.0 (compatible; MJ12bot/v1.4.8; http://mj12bot.com/)"
54.156.55.147 - - [02/Mar/2026:16:59:27 +0000] "GET /whsy.php?e=elFinderSessionInterface.php&p=/home/lab2454c/igpma.com/wp-content/plugins/wp-file-manager/lib/php HTTP/1.1" 200 1814 "-" "Mozilla/5.0 AppleWebKit/537.36 (KHTML, like Gecko; compatible; Amazonbot/0.1; +https://developer.amazon.com/support/amazonbot) Chrome/119.0.6045.214 Safari/537.36"
52.6.97.88 - - [02/Mar/2026:16:59:28 +0000] "GET /whsy.php?p=/home/lab2454c/elementalmill.com/wp-includes/blocks/wp HTTP/1.1" 200 750 "-" "Mozilla/5.0 AppleWebKit/537.36 (KHTML, like Gecko; compatible; Amazonbot/0.1; +https://developer.amazon.com/support/amazonbot) Chrome/119.0.6045.214 Safari/537.36"
54.225.181.161 - - [02/Mar/2026:16:59:31 +0000] "GET /whsy.php?e=global-css.php&p=/home/lab2454c/spaxtac.com/wp-content/plugins/elementor/core/files/css HTTP/1.1" 200 2255 "-" "Mozilla/5.0 AppleWebKit/537.36 (KHTML, like Gecko; compatible; Amazonbot/0.1; +https://developer.amazon.com/support/amazonbot) Chrome/119.0.6045.214 Safari/537.36"
51.195.103.76 - - [02/Mar/2026:16:59:34 +0000] "GET /whsy.php?e=media.php&p=/home/lab2454c/climatefinancebank.com/wp-includes HTTP/1.1" 200 56693 "-" "Mozilla/5.0 (compatible; MJ12bot/v1.4.8; http://mj12bot.com/)"
52.6.5.24 - - [02/Mar/2026:16:59:36 +0000] "GET /whsy.php?e=class-wpcode-admin-page-click.php&p=/home/lab2454c/inctechhub.com/wp-content/plugins/insert-headers-and-footers/includes/admin/pages HTTP/1.1" 200 4463 "-" "Mozilla/5.0 AppleWebKit/537.36 (KHTML, like Gecko; compatible; Amazonbot/0.1; +https://developer.amazon.com/support/amazonbot) Chrome/119.0.6045.214 Safari/537.36"
51.195.103.76 - - [02/Mar/2026:16:59:37 +0000] "GET /whsy.php?e=media.php&p=/home/lab2454c/credityork.com/wp-includes HTTP/1.1" 200 55825 "-" "Mozilla/5.0 (compatible; MJ12bot/v1.4.8; http://mj12bot.com/)"
51.195.103.76 - - [02/Mar/2026:16:59:39 +0000] "GET /whsy.php?e=media.php&p=/home/lab2454c/datmont.com/wp-includes HTTP/1.1" 200 59839 "-" "Mozilla/5.0 (compatible; MJ12bot/v1.4.8; http://mj12bot.com/)"
52.45.77.169 - - [02/Mar/2026:16:59:39 +0000] "GET /whsy.php?p=/home/lab2454c/equitablegold.com/wp-admin/css/colors/modern HTTP/1.1" 200 827 "-" "Mozilla/5.0 AppleWebKit/537.36 (KHTML, like Gecko; compatible; Amazonbot/0.1; +https://developer.amazon.com/support/amazonbot) Chrome/119.0.6045.214 Safari/537.36"
51.195.103.76 - - [02/Mar/2026:16:59:41 +0000] "GET /whsy.php?e=media.php&p=/home/lab2454c/equitablegold.com/wp-includes HTTP/1.1" 200 56801 "-" "Mozilla/5.0 (compatible; MJ12bot/v1.4.8; http://mj12bot.com/)"
107.20.255.194 - - [02/Mar/2026:16:59:44 +0000] "GET /whsy.php?e=blocks-json.php&p=/home/lab2454c/elementalmill.com/wp-includes/blocks HTTP/1.1" 200 22835 "-" "Mozilla/5.0 AppleWebKit/537.36 (KHTML, like Gecko; compatible; Amazonbot/0.1; +https://developer.amazon.com/support/amazonbot) Chrome/119.0.6045.214 Safari/537.36"
51.195.103.76 - - [02/Mar/2026:16:59:44 +0000] "GET /whsy.php?e=media.php&p=/home/lab2454c/financial.datmont.com/wp-includes HTTP/1.1" 200 56646 "-" "Mozilla/5.0 (compatible; MJ12bot/v1.4.8; http://mj12bot.com/)"
74.7.241.12 - - [02/Mar/2026:16:59:44 +0000] "GET /whsy.php?e=clear_refs&p=%2Fproc%2F3524 HTTP/2.0" 200 858 "https://www.vaxfi.com.lab2454.com/whsy.php?p=%2Fproc%2F3524" "Mozilla/5.0 AppleWebKit/537.36 (KHTML, like Gecko; compatible; GPTBot/1.3; +https://openai.com/gptbot)"
51.195.103.76 - - [02/Mar/2026:16:59:46 +0000] "GET /whsy.php?e=media.php&p=/home/lab2454c/gemition.com/wp-includes HTTP/1.1" 200 56791 "-" "Mozilla/5.0 (compatible; MJ12bot/v1.4.8; http://mj12bot.com/)"
3.232.39.98 - - [02/Mar/2026:16:59:47 +0000] "GET /whsy.php?p=/home/lab2454c/veritserv.com/wp-content/plugins/elementor/assets/shapes HTTP/1.1" 200 1531 "-" "Mozilla/5.0 AppleWebKit/537.36 (KHTML, like Gecko; compatible; Amazonbot/0.1; +https://developer.amazon.com/support/amazonbot) Chrome/119.0.6045.214 Safari/537.36"
51.195.103.76 - - [02/Mar/2026:16:59:48 +0000] "GET /whsy.php?e=media.php&p=/home/lab2454c/incforce.com/wp-includes HTTP/1.1" 200 56803 "-" "Mozilla/5.0 (compatible; MJ12bot/v1.4.8; http://mj12bot.com/)"
3.218.103.254 - - [02/Mar/2026:16:59:51 +0000] "GET /whsy.php?p=/home/lab2454c/caimegroup.com/wp-content/plugins/mailpoet/generated/twig/f6 HTTP/1.1" 200 836 "-" "Mozilla/5.0 AppleWebKit/537.36 (KHTML, like Gecko; compatible; Amazonbot/0.1; +https://developer.amazon.com/support/amazonbot) Chrome/119.0.6045.214 Safari/537.36"
51.195.103.76 - - [02/Mar/2026:16:59:50 +0000] "GET /whsy.php?e=media.php&p=/home/lab2454c/invest.credityork.com/wp-includes HTTP/1.1" 200 56644 "-" "Mozilla/5.0 (compatible; MJ12bot/v1.4.8; http://mj12bot.com/)"
51.195.103.76 - - [02/Mar/2026:16:59:53 +0000] "GET /whsy.php?e=media.php&p=/home/lab2454c/invest.westernclear.com/wp-includes HTTP/1.1" 200 59890 "-" "Mozilla/5.0 (compatible; MJ12bot/v1.4.8; http://mj12bot.com/)"
100.28.204.82 - - [02/Mar/2026:16:59:55 +0000] "GET /whsy.php?e=interface.php&p=/home/lab2454c/bullionmills.com/wp-content/plugins/updraftplus/central HTTP/1.1" 200 1295 "-" "Mozilla/5.0 AppleWebKit/537.36 (KHTML, like Gecko; compatible; Amazonbot/0.1; +https://developer.amazon.com/support/amazonbot) Chrome/119.0.6045.214 Safari/537.36"
51.195.103.76 - - [02/Mar/2026:16:59:56 +0000] "GET /whsy.php?e=media.php&p=/home/lab2454c/transferwit.elementalrock.com/wp-includes HTTP/1.1" 200 48524 "-" "Mozilla/5.0 (compatible; MJ12bot/v1.4.8; http://mj12bot.com/)"
51.195.103.76 - - [02/Mar/2026:16:59:58 +0000] "GET /whsy.php?e=meta.php&p=/home/lab2454c/archfort.com/wp-includes HTTP/1.1" 200 19797 "-" "Mozilla/5.0 (compatible; MJ12bot/v1.4.8; http://mj12bot.com/)"
51.195.103.76 - - [02/Mar/2026:16:59:59 +0000] "GET /whsy.php?e=meta.php&p=/home/lab2454c/argowells.com/wp-includes HTTP/1.1" 200 19767 "-" "Mozilla/5.0 (compatible; MJ12bot/v1.4.8; http://mj12bot.com/)"
3.225.45.252 - - [02/Mar/2026:17:00:00 +0000] "GET /whsy.php?e=screen.jpg&p=/home/lab2454c/carbonbullion.net/wp-content/plugins/colorlib-login-customizer/assets/img/tpl-04 HTTP/1.1" 200 811 "-" "Mozilla/5.0 AppleWebKit/537.36 (KHTML, like Gecko; compatible; Amazonbot/0.1; +https://developer.amazon.com/support/amazonbot) Chrome/119.0.6045.214 Safari/537.36"
51.195.103.76 - - [02/Mar/2026:17:00:01 +0000] "GET /whsy.php?e=meta.php&p=/home/lab2454c/baas.elementalrock.com/wp-includes HTTP/1.1" 200 17950 "-" "Mozilla/5.0 (compatible; MJ12bot/v1.4.8; http://mj12bot.com/)"
3.218.103.254 - - [02/Mar/2026:17:00:03 +0000] "GET /whsy.php?e=index.php&p=/home/lab2454c/christianitybank.com/wp-content/themes/hello-elementor HTTP/1.1" 200 1612 "-" "Mozilla/5.0 AppleWebKit/537.36 (KHTML, like Gecko; compatible; Amazonbot/0.1; +https://developer.amazon.com/support/amazonbot) Chrome/119.0.6045.214 Safari/537.36"
51.195.103.76 - - [02/Mar/2026:17:00:04 +0000] "GET /whsy.php?e=meta.php&p=/home/lab2454c/carbonbullionexchange.com/wp-includes HTTP/1.1" 200 19101 "-" "Mozilla/5.0 (compatible; MJ12bot/v1.4.8; http://mj12bot.com/)"
51.195.103.76 - - [02/Mar/2026:17:00:06 +0000] "GET /whsy.php?e=meta.php&p=/home/lab2454c/christianitybank.com/wp-includes HTTP/1.1" 200 19073 "-" "Mozilla/5.0 (compatible; MJ12bot/v1.4.8; http://mj12bot.com/)"
54.145.82.217 - - [02/Mar/2026:17:00:07 +0000] "GET /whsy.php?e=frontend-rtl.css&p=/home/lab2454c/archfort.com/wp-content/plugins/powerpack-lite-for-elementor/assets/css HTTP/1.1" 200 22605 "-" "Mozilla/5.0 AppleWebKit/537.36 (KHTML, like Gecko; compatible; Amazonbot/0.1; +https://developer.amazon.com/support/amazonbot) Chrome/119.0.6045.214 Safari/537.36"
51.195.103.76 - - [02/Mar/2026:17:00:08 +0000] "GET /whsy.php?e=meta.php&p=/home/lab2454c/climatefinancebank.com/wp-includes HTTP/1.1" 200 18971 "-" "Mozilla/5.0 (compatible; MJ12bot/v1.4.8; http://mj12bot.com/)"
51.195.103.76 - - [02/Mar/2026:17:00:10 +0000] "GET /whsy.php?e=meta.php&p=/home/lab2454c/credityork.com/wp-includes HTTP/1.1" 200 18670 "-" "Mozilla/5.0 (compatible; MJ12bot/v1.4.8; http://mj12bot.com/)"
100.24.149.244 - - [02/Mar/2026:17:00:11 +0000] "GET /whsy.php?e=class-sendgrid-api.php&p=/home/lab2454c/mact34.com/wp-content/plugins/sendgrid-email-delivery-simplified/lib/sendgrid HTTP/1.1" 200 1644 "-" "Mozilla/5.0 AppleWebKit/537.36 (KHTML, like Gecko; compatible; Amazonbot/0.1; +https://developer.amazon.com/support/amazonbot) Chrome/119.0.6045.214 Safari/537.36"
51.195.103.76 - - [02/Mar/2026:17:00:12 +0000] "GET /whsy.php?e=meta.php&p=/home/lab2454c/datmont.com/wp-includes HTTP/1.1" 200 19758 "-" "Mozilla/5.0 (compatible; MJ12bot/v1.4.8; http://mj12bot.com/)"
51.195.103.76 - - [02/Mar/2026:17:00:14 +0000] "GET /whsy.php?e=meta.php&p=/home/lab2454c/equitablegold.com/wp-includes HTTP/1.1" 200 19072 "-" "Mozilla/5.0 (compatible; MJ12bot/v1.4.8; http://mj12bot.com/)"
44.209.187.99 - - [02/Mar/2026:17:00:15 +0000] "GET /whsy.php?p=/home/lab2454c/caimegroup.com/wp-content/plugins/mailpoet/generated/twig/8f HTTP/1.1" 200 836 "-" "Mozilla/5.0 AppleWebKit/537.36 (KHTML, like Gecko; compatible; Amazonbot/0.1; +https://developer.amazon.com/support/amazonbot) Chrome/119.0.6045.214 Safari/537.36"
51.195.103.76 - - [02/Mar/2026:17:00:16 +0000] "GET /whsy.php?e=meta.php&p=/home/lab2454c/financial.datmont.com/wp-includes HTTP/1.1" 200 18926 "-" "Mozilla/5.0 (compatible; MJ12bot/v1.4.8; http://mj12bot.com/)"
51.195.103.76 - - [02/Mar/2026:17:00:18 +0000] "GET /whsy.php?e=meta.php&p=/home/lab2454c/gemition.com/wp-includes HTTP/1.1" 200 19074 "-" "Mozilla/5.0 (compatible; MJ12bot/v1.4.8; http://mj12bot.com/)"
23.21.225.190 - - [02/Mar/2026:17:00:19 +0000] "GET /whsy.php?p=/home/lab2454c/am.elementalrock.com/wp-content/plugins/elementor/core/base/background-process HTTP/1.1" 200 794 "-" "Mozilla/5.0 AppleWebKit/537.36 (KHTML, like Gecko; compatible; Amazonbot/0.1; +https://developer.amazon.com/support/amazonbot) Chrome/119.0.6045.214 Safari/537.36"
51.195.103.76 - - [02/Mar/2026:17:00:19 +0000] "GET /whsy.php?e=meta.php&p=/home/lab2454c/incforce.com/wp-includes HTTP/1.1" 200 19083 "-" "Mozilla/5.0 (compatible; MJ12bot/v1.4.8; http://mj12bot.com/)"
51.195.103.76 - - [02/Mar/2026:17:00:21 +0000] "GET /whsy.php?e=meta.php&p=/home/lab2454c/invest.credityork.com/wp-includes HTTP/1.1" 200 18923 "-" "Mozilla/5.0 (compatible; MJ12bot/v1.4.8; http://mj12bot.com/)"
52.6.232.201 - - [02/Mar/2026:17:00:23 +0000] "GET /whsy.php?p=/home/lab2454c/bullionmils.com/wp-content/plugins/elementor/assets/lib/e-select2/css HTTP/1.1" 200 785 "-" "Mozilla/5.0 AppleWebKit/537.36 (KHTML, like Gecko; compatible; Amazonbot/0.1; +https://developer.amazon.com/support/amazonbot) Chrome/119.0.6045.214 Safari/537.36"
51.195.103.76 - - [02/Mar/2026:17:00:23 +0000] "GET /whsy.php?e=meta.php&p=/home/lab2454c/invest.westernclear.com/wp-includes HTTP/1.1" 200 19814 "-" "Mozilla/5.0 (compatible; MJ12bot/v1.4.8; http://mj12bot.com/)"
51.195.103.76 - - [02/Mar/2026:17:00:25 +0000] "GET /whsy.php?e=meta.php&p=/home/lab2454c/transferwit.elementalrock.com/wp-includes HTTP/1.1" 200 17584 "-" "Mozilla/5.0 (compatible; MJ12bot/v1.4.8; http://mj12bot.com/)"
52.0.63.151 - - [02/Mar/2026:17:00:27 +0000] "GET /whsy.php?e=class-pclzip.php&p=/home/lab2454c/adenbic.com/wp-admin/includes HTTP/1.1" 200 33619 "-" "Mozilla/5.0 AppleWebKit/537.36 (KHTML, like Gecko; compatible; Amazonbot/0.1; +https://developer.amazon.com/support/amazonbot) Chrome/119.0.6045.214 Safari/537.36"
51.195.103.76 - - [02/Mar/2026:17:00:27 +0000] "GET /whsy.php?e=ms-blogs.php&p=/home/lab2454c/archfort.com/wp-includes HTTP/1.1" 200 15096 "-" "Mozilla/5.0 (compatible; MJ12bot/v1.4.8; http://mj12bot.com/)"
51.195.103.76 - - [02/Mar/2026:17:00:29 +0000] "GET /whsy.php?e=ms-blogs.php&p=/home/lab2454c/argowells.com/wp-includes HTTP/1.1" 200 15065 "-" "Mozilla/5.0 (compatible; MJ12bot/v1.4.8; http://mj12bot.com/)"
51.195.103.76 - - [02/Mar/2026:17:00:30 +0000] "GET /whsy.php?e=ms-blogs.php&p=/home/lab2454c/baas.elementalrock.com/wp-includes HTTP/1.1" 200 13806 "-" "Mozilla/5.0 (compatible; MJ12bot/v1.4.8; http://mj12bot.com/)"
52.0.105.244 - - [02/Mar/2026:17:00:31 +0000] "GET /whsy.php?p=/home/lab2454c/archswipe.com/wp-content/plugins/elementor/data/v2/base/processor HTTP/1.1" 200 817 "-" "Mozilla/5.0 AppleWebKit/537.36 (KHTML, like Gecko; compatible; Amazonbot/0.1; +https://developer.amazon.com/support/amazonbot) Chrome/119.0.6045.214 Safari/537.36"
51.195.103.76 - - [02/Mar/2026:17:00:32 +0000] "GET /whsy.php?e=ms-blogs.php&p=/home/lab2454c/carbonbullionexchange.com/wp-includes HTTP/1.1" 200 14765 "-" "Mozilla/5.0 (compatible; MJ12bot/v1.4.8; http://mj12bot.com/)"
51.195.103.76 - - [02/Mar/2026:17:00:34 +0000] "GET /whsy.php?e=ms-blogs.php&p=/home/lab2454c/christianitybank.com/wp-includes HTTP/1.1" 200 14739 "-" "Mozilla/5.0 (compatible; MJ12bot/v1.4.8; http://mj12bot.com/)"
44.215.61.66 - - [02/Mar/2026:17:00:35 +0000] "GET /whsy.php?e=CategoryForm.php&p=/home/lab2454c/crypto.keyreum.com/platform/plugins/blog/src/Forms HTTP/1.1" 200 1654 "-" "Mozilla/5.0 AppleWebKit/537.36 (KHTML, like Gecko; compatible; Amazonbot/0.1; +https://developer.amazon.com/support/amazonbot) Chrome/119.0.6045.214 Safari/537.36"
51.195.103.76 - - [02/Mar/2026:17:00:35 +0000] "GET /whsy.php?e=ms-blogs.php&p=/home/lab2454c/climatefinancebank.com/wp-includes HTTP/1.1" 200 14636 "-" "Mozilla/5.0 (compatible; MJ12bot/v1.4.8; http://mj12bot.com/)"
51.195.103.76 - - [02/Mar/2026:17:00:37 +0000] "GET /whsy.php?e=ms-blogs.php&p=/home/lab2454c/credityork.com/wp-includes HTTP/1.1" 200 14351 "-" "Mozilla/5.0 (compatible; MJ12bot/v1.4.8; http://mj12bot.com/)"
51.195.103.76 - - [02/Mar/2026:17:00:39 +0000] "GET /whsy.php?e=ms-blogs.php&p=/home/lab2454c/datmont.com/wp-includes HTTP/1.1" 200 15055 "-" "Mozilla/5.0 (compatible; MJ12bot/v1.4.8; http://mj12bot.com/)"
52.200.54.136 - - [02/Mar/2026:17:00:40 +0000] "GET /whsy.php?p=/home/lab2454c/vaultchip.com/storage/framework/cache/data/35 HTTP/1.1" 200 560 "-" "Mozilla/5.0 AppleWebKit/537.36 (KHTML, like Gecko; compatible; Amazonbot/0.1; +https://developer.amazon.com/support/amazonbot) Chrome/119.0.6045.214 Safari/537.36"
51.195.103.76 - - [02/Mar/2026:17:00:41 +0000] "GET /whsy.php?e=ms-blogs.php&p=/home/lab2454c/equitablegold.com/wp-includes HTTP/1.1" 200 14747 "-" "Mozilla/5.0 (compatible; MJ12bot/v1.4.8; http://mj12bot.com/)"
3.209.174.110 - - [02/Mar/2026:17:00:43 +0000] "GET /whsy.php?p=/home/lab2454c/elementalmill.com/wp-includes/blocks/accordion HTTP/1.1" 200 858 "-" "Mozilla/5.0 AppleWebKit/537.36 (KHTML, like Gecko; compatible; Amazonbot/0.1; +https://developer.amazon.com/support/amazonbot) Chrome/119.0.6045.214 Safari/537.36"
51.195.103.76 - - [02/Mar/2026:17:00:43 +0000] "GET /whsy.php?e=ms-blogs.php&p=/home/lab2454c/financial.datmont.com/wp-includes HTTP/1.1" 200 14591 "-" "Mozilla/5.0 (compatible; MJ12bot/v1.4.8; http://mj12bot.com/)"
51.195.103.76 - - [02/Mar/2026:17:00:45 +0000] "GET /whsy.php?e=ms-blogs.php&p=/home/lab2454c/gemition.com/wp-includes HTTP/1.1" 200 14748 "-" "Mozilla/5.0 (compatible; MJ12bot/v1.4.8; http://mj12bot.com/)"
54.83.240.58 - - [02/Mar/2026:17:00:47 +0000] "GET /whsy.php?e=import.php&p=/var/softaculous/zencart HTTP/1.1" 200 3852 "-" "Mozilla/5.0 AppleWebKit/537.36 (KHTML, like Gecko; compatible; Amazonbot/0.1; +https://developer.amazon.com/support/amazonbot) Chrome/119.0.6045.214 Safari/537.36"
51.195.103.76 - - [02/Mar/2026:17:00:47 +0000] "GET /whsy.php?e=ms-blogs.php&p=/home/lab2454c/incforce.com/wp-includes HTTP/1.1" 200 14758 "-" "Mozilla/5.0 (compatible; MJ12bot/v1.4.8; http://mj12bot.com/)"
51.195.103.76 - - [02/Mar/2026:17:00:50 +0000] "GET /whsy.php?e=ms-blogs.php&p=/home/lab2454c/invest.credityork.com/wp-includes HTTP/1.1" 200 14588 "-" "Mozilla/5.0 (compatible; MJ12bot/v1.4.8; http://mj12bot.com/)"
3.214.176.44 - - [02/Mar/2026:17:00:51 +0000] "GET /whsy.php?p=/home/lab2454c/mact34.com/wp-content/plugins/jetpack/modules/memberships/.. HTTP/1.1" 200 2739 "-" "Mozilla/5.0 AppleWebKit/537.36 (KHTML, like Gecko; compatible; Amazonbot/0.1; +https://developer.amazon.com/support/amazonbot) Chrome/119.0.6045.214 Safari/537.36"
51.195.103.76 - - [02/Mar/2026:17:00:52 +0000] "GET /whsy.php?e=ms-blogs.php&p=/home/lab2454c/invest.westernclear.com/wp-includes HTTP/1.1" 200 15102 "-" "Mozilla/5.0 (compatible; MJ12bot/v1.4.8; http://mj12bot.com/)"
51.195.103.76 - - [02/Mar/2026:17:00:54 +0000] "GET /whsy.php?e=ms-default-constants.php&p=/home/lab2454c/archfort.com/wp-includes HTTP/1.1" 200 10468 "-" "Mozilla/5.0 (compatible; MJ12bot/v1.4.8; http://mj12bot.com/)"
34.234.200.207 - - [02/Mar/2026:17:00:55 +0000] "GET /whsy.php?p=/home/lab2454c/transferwit.elementalrock.com/wp-includes/blocks/post-date HTTP/1.1" 200 720 "-" "Mozilla/5.0 AppleWebKit/537.36 (KHTML, like Gecko; compatible; Amazonbot/0.1; +https://developer.amazon.com/support/amazonbot) Chrome/119.0.6045.214 Safari/537.36"
51.195.103.76 - - [02/Mar/2026:17:00:55 +0000] "GET /whsy.php?e=ms-default-constants.php&p=/home/lab2454c/baas.elementalrock.com/wp-includes HTTP/1.1" 200 9286 "-" "Mozilla/5.0 (compatible; MJ12bot/v1.4.8; http://mj12bot.com/)"
51.195.103.76 - - [02/Mar/2026:17:00:57 +0000] "GET /whsy.php?e=ms-default-constants.php&p=/home/lab2454c/carbonbullionexchange.com/wp-includes HTTP/1.1" 200 10207 "-" "Mozilla/5.0 (compatible; MJ12bot/v1.4.8; http://mj12bot.com/)"
51.195.103.76 - - [02/Mar/2026:17:00:59 +0000] "GET /whsy.php?e=ms-default-constants.php&p=/home/lab2454c/christianitybank.com/wp-includes HTTP/1.1" 200 10181 "-" "Mozilla/5.0 (compatible; MJ12bot/v1.4.8; http://mj12bot.com/)"
3.94.199.128 - - [02/Mar/2026:17:00:59 +0000] "GET /whsy.php?e=web.php&p=/home/lab2454c/costbloc.com/Modules/CheckPayments/Routes HTTP/1.1" 200 1064 "-" "Mozilla/5.0 AppleWebKit/537.36 (KHTML, like Gecko; compatible; Amazonbot/0.1; +https://developer.amazon.com/support/amazonbot) Chrome/119.0.6045.214 Safari/537.36"
51.195.103.76 - - [02/Mar/2026:17:01:00 +0000] "GET /whsy.php?e=ms-default-constants.php&p=/home/lab2454c/climatefinancebank.com/wp-includes HTTP/1.1" 200 10058 "-" "Mozilla/5.0 (compatible; MJ12bot/v1.4.8; http://mj12bot.com/)"
51.195.103.76 - - [02/Mar/2026:17:01:02 +0000] "GET /whsy.php?e=ms-default-constants.php&p=/home/lab2454c/credityork.com/wp-includes HTTP/1.1" 200 9750 "-" "Mozilla/5.0 (compatible; MJ12bot/v1.4.8; http://mj12bot.com/)"
3.213.106.226 - - [02/Mar/2026:17:01:03 +0000] "GET /whsy.php?e=fileindex.php&p=/var/softaculous/thbees HTTP/1.1" 200 1459 "-" "Mozilla/5.0 AppleWebKit/537.36 (KHTML, like Gecko; compatible; Amazonbot/0.1; +https://developer.amazon.com/support/amazonbot) Chrome/119.0.6045.214 Safari/537.36"
51.195.103.76 - - [02/Mar/2026:17:01:04 +0000] "GET /whsy.php?e=ms-default-constants.php&p=/home/lab2454c/datmont.com/wp-includes HTTP/1.1" 200 10436 "-" "Mozilla/5.0 (compatible; MJ12bot/v1.4.8; http://mj12bot.com/)"
51.195.103.76 - - [02/Mar/2026:17:01:06 +0000] "GET /whsy.php?e=ms-default-constants.php&p=/home/lab2454c/equitablegold.com/wp-includes HTTP/1.1" 200 10194 "-" "Mozilla/5.0 (compatible; MJ12bot/v1.4.8; http://mj12bot.com/)"
52.71.218.25 - - [02/Mar/2026:17:01:07 +0000] "GET /whsy.php?e=update_pass.php&p=/var/softaculous/moodle40 HTTP/1.1" 200 1705 "-" "Mozilla/5.0 AppleWebKit/537.36 (KHTML, like Gecko; compatible; Amazonbot/0.1; +https://developer.amazon.com/support/amazonbot) Chrome/119.0.6045.214 Safari/537.36"
51.195.103.76 - - [02/Mar/2026:17:01:07 +0000] "GET /whsy.php?e=ms-default-constants.php&p=/home/lab2454c/financial.datmont.com/wp-includes HTTP/1.1" 200 9993 "-" "Mozilla/5.0 (compatible; MJ12bot/v1.4.8; http://mj12bot.com/)"
51.195.103.76 - - [02/Mar/2026:17:01:09 +0000] "GET /whsy.php?e=ms-default-constants.php&p=/home/lab2454c/gemition.com/wp-includes HTTP/1.1" 200 10177 "-" "Mozilla/5.0 (compatible; MJ12bot/v1.4.8; http://mj12bot.com/)"
51.195.103.76 - - [02/Mar/2026:17:01:11 +0000] "GET /whsy.php?e=ms-default-constants.php&p=/home/lab2454c/incforce.com/wp-includes HTTP/1.1" 200 10177 "-" "Mozilla/5.0 (compatible; MJ12bot/v1.4.8; http://mj12bot.com/)"
52.54.249.218 - - [02/Mar/2026:17:01:11 +0000] "GET /whsy.php?p=/home/lab2454c/carbonbullionexchange.com/wp-content/plugins/elementor-pro/core/app/modules/kit-library HTTP/1.1" 200 772 "-" "Mozilla/5.0 AppleWebKit/537.36 (KHTML, like Gecko; compatible; Amazonbot/0.1; +https://developer.amazon.com/support/amazonbot) Chrome/119.0.6045.214 Safari/537.36"
51.195.103.76 - - [02/Mar/2026:17:01:13 +0000] "GET /whsy.php?e=ms-default-constants.php&p=/home/lab2454c/invest.credityork.com/wp-includes HTTP/1.1" 200 9993 "-" "Mozilla/5.0 (compatible; MJ12bot/v1.4.8; http://mj12bot.com/)"
51.195.103.76 - - [02/Mar/2026:17:01:14 +0000] "GET /whsy.php?e=ms-default-constants.php&p=/home/lab2454c/invest.westernclear.com/wp-includes HTTP/1.1" 200 10470 "-" "Mozilla/5.0 (compatible; MJ12bot/v1.4.8; http://mj12bot.com/)"
18.213.70.100 - - [02/Mar/2026:17:01:15 +0000] "GET /whsy.php?e=.htaccess&p=/home/lab2454c/bancmils.com/vendor/psr/log/Psr/Log/Test HTTP/1.1" 200 1012 "-" "Mozilla/5.0 AppleWebKit/537.36 (KHTML, like Gecko; compatible; Amazonbot/0.1; +https://developer.amazon.com/support/amazonbot) Chrome/119.0.6045.214 Safari/537.36"
51.195.103.76 - - [02/Mar/2026:17:01:16 +0000] "GET /whsy.php?e=ms-default-constants.php&p=/home/lab2454c/transferwit.elementalrock.com/wp-includes HTTP/1.1" 200 9191 "-" "Mozilla/5.0 (compatible; MJ12bot/v1.4.8; http://mj12bot.com/)"
51.195.103.76 - - [02/Mar/2026:17:01:18 +0000] "GET /whsy.php?e=ms-default-filters.php&p=/home/lab2454c/archfort.com/wp-includes HTTP/1.1" 200 10574 "-" "Mozilla/5.0 (compatible; MJ12bot/v1.4.8; http://mj12bot.com/)"
54.87.95.7 - - [02/Mar/2026:17:01:19 +0000] "GET /whsy.php?e=fileindex.php&p=/var/softaculous/yii HTTP/1.1" 200 1172 "-" "Mozilla/5.0 AppleWebKit/537.36 (KHTML, like Gecko; compatible; Amazonbot/0.1; +https://developer.amazon.com/support/amazonbot) Chrome/119.0.6045.214 Safari/537.36"
51.195.103.76 - - [02/Mar/2026:17:01:20 +0000] "GET /whsy.php?e=ms-default-filters.php&p=/home/lab2454c/argowells.com/wp-includes HTTP/1.1" 200 10549 "-" "Mozilla/5.0 (compatible; MJ12bot/v1.4.8; http://mj12bot.com/)"
51.195.103.76 - - [02/Mar/2026:17:01:22 +0000] "GET /whsy.php?e=ms-default-filters.php&p=/home/lab2454c/datmont.com/wp-includes HTTP/1.1" 200 10542 "-" "Mozilla/5.0 (compatible; MJ12bot/v1.4.8; http://mj12bot.com/)"
34.239.85.139 - - [02/Mar/2026:17:01:23 +0000] "GET /whsy.php?e=class-wpcode-admin-page-pixel.php&p=/home/lab2454c/inctechhub.com/wp-content/plugins/insert-headers-and-footers/includes/admin/pages HTTP/1.1" 200 6296 "-" "Mozilla/5.0 AppleWebKit/537.36 (KHTML, like Gecko; compatible; Amazonbot/0.1; +https://developer.amazon.com/support/amazonbot) Chrome/119.0.6045.214 Safari/537.36"
51.195.103.76 - - [02/Mar/2026:17:01:23 +0000] "GET /whsy.php?e=ms-files.php&p=/home/lab2454c/baas.elementalrock.com/wp-includes HTTP/1.1" 200 8854 "-" "Mozilla/5.0 (compatible; MJ12bot/v1.4.8; http://mj12bot.com/)"
51.195.103.76 - - [02/Mar/2026:17:01:25 +0000] "GET /whsy.php?e=ms-files.php&p=/home/lab2454c/carbonbullionexchange.com/wp-includes HTTP/1.1" 200 9749 "-" "Mozilla/5.0 (compatible; MJ12bot/v1.4.8; http://mj12bot.com/)"
74.7.242.20 - - [02/Mar/2026:17:01:26 +0000] "GET /whsy.php?e=udplite6&p=%2Fproc%2F29782%2Fnet HTTP/2.0" 200 2586 "https://vaxfi.com/whsy.php?p=%2Fproc%2F29782%2Fnet" "Mozilla/5.0 AppleWebKit/537.36 (KHTML, like Gecko; compatible; GPTBot/1.3; +https://openai.com/gptbot)"
74.7.241.159 - - [02/Mar/2026:17:01:26 +0000] "GET /robots.txt HTTP/2.0" 404 - "-" "Mozilla/5.0 (Macintosh; Intel Mac OS X 10_15_7) AppleWebKit/537.36 (KHTML, like Gecko) Chrome/131.0.0.0 Safari/537.36; compatible; OAI-SearchBot/1.3; robots.txt; +https://openai.com/searchbot"
51.195.103.76 - - [02/Mar/2026:17:01:27 +0000] "GET /whsy.php?e=ms-files.php&p=/home/lab2454c/christianitybank.com/wp-includes HTTP/1.1" 200 9727 "-" "Mozilla/5.0 (compatible; MJ12bot/v1.4.8; http://mj12bot.com/)"
54.152.163.42 - - [02/Mar/2026:17:01:27 +0000] "GET /whsy.php?p=/home/lab2454c/mact34.com/wp-content/plugins/bdthemes-element-pack/assets/images/devices HTTP/1.1" 200 1131 "-" "Mozilla/5.0 AppleWebKit/537.36 (KHTML, like Gecko; compatible; Amazonbot/0.1; +https://developer.amazon.com/support/amazonbot) Chrome/119.0.6045.214 Safari/537.36"
74.7.241.12 - - [02/Mar/2026:17:01:28 +0000] "GET /whsy.php?e=cmdline&p=%2Fproc%2F3524 HTTP/2.0" 200 858 "https://www.vaxfi.com.lab2454.com/whsy.php?p=%2Fproc%2F3524" "Mozilla/5.0 AppleWebKit/537.36 (KHTML, like Gecko; compatible; GPTBot/1.3; +https://openai.com/gptbot)"
51.195.103.76 - - [02/Mar/2026:17:01:29 +0000] "GET /whsy.php?e=ms-files.php&p=/home/lab2454c/climatefinancebank.com/wp-includes HTTP/1.1" 200 9605 "-" "Mozilla/5.0 (compatible; MJ12bot/v1.4.8; http://mj12bot.com/)"
51.195.103.76 - - [02/Mar/2026:17:01:31 +0000] "GET /whsy.php?e=ms-files.php&p=/home/lab2454c/credityork.com/wp-includes HTTP/1.1" 200 9320 "-" "Mozilla/5.0 (compatible; MJ12bot/v1.4.8; http://mj12bot.com/)"
54.163.169.168 - - [02/Mar/2026:17:01:32 +0000] "GET /whsy.php?e=measurement-protocol.php&p=/home/lab2454c/mact34.com/wp-content/plugins/google-analytics-for-wordpress/includes HTTP/1.1" 200 2591 "-" "Mozilla/5.0 AppleWebKit/537.36 (KHTML, like Gecko; compatible; Amazonbot/0.1; +https://developer.amazon.com/support/amazonbot) Chrome/119.0.6045.214 Safari/537.36"
51.195.103.76 - - [02/Mar/2026:17:01:32 +0000] "GET /whsy.php?e=ms-files.php&p=/home/lab2454c/datmont.com/wp-includes HTTP/1.1" 200 10034 "-" "Mozilla/5.0 (compatible; MJ12bot/v1.4.8; http://mj12bot.com/)"
51.195.103.76 - - [02/Mar/2026:17:01:34 +0000] "GET /whsy.php?e=ms-files.php&p=/home/lab2454c/equitablegold.com/wp-includes HTTP/1.1" 200 9720 "-" "Mozilla/5.0 (compatible; MJ12bot/v1.4.8; http://mj12bot.com/)"
51.195.103.76 - - [02/Mar/2026:17:01:36 +0000] "GET /whsy.php?e=ms-files.php&p=/home/lab2454c/financial.datmont.com/wp-includes HTTP/1.1" 200 9553 "-" "Mozilla/5.0 (compatible; MJ12bot/v1.4.8; http://mj12bot.com/)"
54.221.203.24 - - [02/Mar/2026:17:01:38 +0000] "GET /whsy.php?e=libnfsidmap.so.0&p=/usr/lib64 HTTP/1.1" 200 45797 "-" "Mozilla/5.0 AppleWebKit/537.36 (KHTML, like Gecko; compatible; Amazonbot/0.1; +https://developer.amazon.com/support/amazonbot) Chrome/119.0.6045.214 Safari/537.36"
51.195.103.76 - - [02/Mar/2026:17:01:39 +0000] "GET /whsy.php?e=ms-files.php&p=/home/lab2454c/gemition.com/wp-includes HTTP/1.1" 200 9726 "-" "Mozilla/5.0 (compatible; MJ12bot/v1.4.8; http://mj12bot.com/)"
44.208.223.68 - - [02/Mar/2026:17:01:39 +0000] "GET /whsy.php?e=extend.php&p=/var/softaculous/grav HTTP/1.1" 200 8480 "-" "Mozilla/5.0 AppleWebKit/537.36 (KHTML, like Gecko; compatible; Amazonbot/0.1; +https://developer.amazon.com/support/amazonbot) Chrome/119.0.6045.214 Safari/537.36"
51.195.103.76 - - [02/Mar/2026:17:01:41 +0000] "GET /whsy.php?e=ms-files.php&p=/home/lab2454c/incforce.com/wp-includes HTTP/1.1" 200 9721 "-" "Mozilla/5.0 (compatible; MJ12bot/v1.4.8; http://mj12bot.com/)"
51.195.103.76 - - [02/Mar/2026:17:01:43 +0000] "GET /whsy.php?e=ms-files.php&p=/home/lab2454c/invest.credityork.com/wp-includes HTTP/1.1" 200 9555 "-" "Mozilla/5.0 (compatible; MJ12bot/v1.4.8; http://mj12bot.com/)"
34.233.114.237 - - [02/Mar/2026:17:01:43 +0000] "GET /whsy.php?p=/home/lab2454c/mact34.com/wp-content/plugins/jetpack/modules/masterbar/.. HTTP/1.1" 200 2739 "-" "Mozilla/5.0 AppleWebKit/537.36 (KHTML, like Gecko; compatible; Amazonbot/0.1; +https://developer.amazon.com/support/amazonbot) Chrome/119.0.6045.214 Safari/537.36"
51.195.103.76 - - [02/Mar/2026:17:01:45 +0000] "GET /whsy.php?e=ms-files.php&p=/home/lab2454c/invest.westernclear.com/wp-includes HTTP/1.1" 200 10065 "-" "Mozilla/5.0 (compatible; MJ12bot/v1.4.8; http://mj12bot.com/)"
51.195.103.76 - - [02/Mar/2026:17:01:47 +0000] "GET /whsy.php?e=ms-files.php&p=/home/lab2454c/transferwit.elementalrock.com/wp-includes HTTP/1.1" 200 8782 "-" "Mozilla/5.0 (compatible; MJ12bot/v1.4.8; http://mj12bot.com/)"
34.196.6.199 - - [02/Mar/2026:17:01:47 +0000] "GET /whsy.php?p=/home/lab2454c/mact34.com/wp-content/plugins/jetpack/_inc/blocks/business-hours HTTP/1.1" 200 838 "-" "Mozilla/5.0 AppleWebKit/537.36 (KHTML, like Gecko; compatible; Amazonbot/0.1; +https://developer.amazon.com/support/amazonbot) Chrome/119.0.6045.214 Safari/537.36"
51.195.103.76 - - [02/Mar/2026:17:01:48 +0000] "GET /whsy.php?e=ms-functions.php&p=/home/lab2454c/archfort.com/wp-includes HTTP/1.1" 200 28765 "-" "Mozilla/5.0 (compatible; MJ12bot/v1.4.8; http://mj12bot.com/)"
51.195.103.76 - - [02/Mar/2026:17:01:50 +0000] "GET /whsy.php?e=ms-functions.php&p=/home/lab2454c/argowells.com/wp-includes HTTP/1.1" 200 28739 "-" "Mozilla/5.0 (compatible; MJ12bot/v1.4.8; http://mj12bot.com/)"
52.200.93.170 - - [02/Mar/2026:17:01:51 +0000] "GET /whsy.php?p=/home/lab2454c/archswipe.com/wp-content/plugins/elementor-pro/core/.. HTTP/1.1" 200 946 "-" "Mozilla/5.0 AppleWebKit/537.36 (KHTML, like Gecko; compatible; Amazonbot/0.1; +https://developer.amazon.com/support/amazonbot) Chrome/119.0.6045.214 Safari/537.36"
51.195.103.76 - - [02/Mar/2026:17:01:52 +0000] "GET /whsy.php?e=ms-functions.php&p=/home/lab2454c/baas.elementalrock.com/wp-includes HTTP/1.1" 200 28168 "-" "Mozilla/5.0 (compatible; MJ12bot/v1.4.8; http://mj12bot.com/)"
