20.104.124.39 - - [03/Mar/2026:00:32:59 +0000] "GET /gifclass4.php HTTP/1.1" 404 - "-" "-"
20.104.124.39 - - [03/Mar/2026:00:32:59 +0000] "GET /2clas.php HTTP/1.1" 404 - "-" "-"
20.104.124.39 - - [03/Mar/2026:00:33:00 +0000] "GET /ave.php HTTP/1.1" 404 - "-" "-"
20.104.124.39 - - [03/Mar/2026:00:33:00 +0000] "GET /wrt.php HTTP/1.1" 404 - "-" "-"
20.104.124.39 - - [03/Mar/2026:00:33:00 +0000] "GET /bibil.php HTTP/1.1" 404 - "-" "-"
20.104.124.39 - - [03/Mar/2026:00:33:00 +0000] "GET /radio.php HTTP/1.1" 404 - "-" "-"
20.104.124.39 - - [03/Mar/2026:00:33:01 +0000] "GET /files.php HTTP/1.1" 404 - "-" "-"
20.104.124.39 - - [03/Mar/2026:00:33:01 +0000] "GET /file7.php HTTP/1.1" 404 - "-" "-"
20.104.124.39 - - [03/Mar/2026:00:33:01 +0000] "GET /gifclass.php HTTP/1.1" 404 - "-" "-"
20.104.124.39 - - [03/Mar/2026:00:33:02 +0000] "GET /wp-admin/css/colors/midnight/about.php HTTP/1.1" 200 - "-" "-"
20.104.124.39 - - [03/Mar/2026:00:33:03 +0000] "GET /nox.php HTTP/1.1" 404 - "-" "-"
20.104.124.39 - - [03/Mar/2026:00:33:03 +0000] "GET /file48.php HTTP/1.1" 404 - "-" "-"
20.104.124.39 - - [03/Mar/2026:00:33:04 +0000] "GET /info.php HTTP/1.1" 404 - "-" "-"
20.104.124.39 - - [03/Mar/2026:00:33:04 +0000] "GET /class9.php HTTP/1.1" 404 - "-" "-"
20.104.124.39 - - [03/Mar/2026:00:33:05 +0000] "GET /la.php HTTP/1.1" 404 - "-" "-"
20.104.124.39 - - [03/Mar/2026:00:33:05 +0000] "GET /bless11.php HTTP/1.1" 404 - "-" "-"
20.104.124.39 - - [03/Mar/2026:00:33:06 +0000] "GET /ccou.php HTTP/1.1" 404 - "-" "-"
20.104.124.39 - - [03/Mar/2026:00:33:06 +0000] "GET /ton.php HTTP/1.1" 404 - "-" "-"
20.104.124.39 - - [03/Mar/2026:00:33:07 +0000] "GET /403.php HTTP/1.1" 404 - "-" "-"
20.104.124.39 - - [03/Mar/2026:00:33:07 +0000] "GET /file9.php HTTP/1.1" 404 - "-" "-"
20.104.124.39 - - [03/Mar/2026:00:33:08 +0000] "GET /ac.php HTTP/1.1" 404 - "-" "-"
20.104.124.39 - - [03/Mar/2026:00:33:08 +0000] "GET /new4.php HTTP/1.1" 404 - "-" "-"
20.104.124.39 - - [03/Mar/2026:00:33:09 +0000] "GET /pop.php HTTP/1.1" 404 - "-" "-"
20.104.124.39 - - [03/Mar/2026:00:33:10 +0000] "GET /az.php HTTP/1.1" 404 - "-" "-"
20.104.124.39 - - [03/Mar/2026:00:33:11 +0000] "GET /xaz.php HTTP/1.1" 404 - "-" "-"
20.104.124.39 - - [03/Mar/2026:00:33:12 +0000] "GET /up4.php HTTP/1.1" 404 - "-" "-"
20.104.124.39 - - [03/Mar/2026:00:33:12 +0000] "GET /1aa.php HTTP/1.1" 404 - "-" "-"
20.104.124.39 - - [03/Mar/2026:00:33:13 +0000] "GET /elp.php HTTP/1.1" 404 - "-" "-"
20.104.124.39 - - [03/Mar/2026:00:33:14 +0000] "GET /wtz.php HTTP/1.1" 404 - "-" "-"
20.104.124.39 - - [03/Mar/2026:00:33:14 +0000] "GET /galex.php HTTP/1.1" 404 - "-" "-"
20.104.124.39 - - [03/Mar/2026:00:33:15 +0000] "GET /xb.php HTTP/1.1" 404 - "-" "-"
20.104.124.39 - - [03/Mar/2026:00:33:15 +0000] "GET /ova.php HTTP/1.1" 404 - "-" "-"
20.104.124.39 - - [03/Mar/2026:00:33:16 +0000] "GET /vx.php HTTP/1.1" 404 - "-" "-"
20.104.124.39 - - [03/Mar/2026:00:33:16 +0000] "GET /rh.php HTTP/1.1" 404 - "-" "-"
74.7.227.55 - - [03/Mar/2026:00:33:29 +0000] "GET /whsy.php?e=9567&p=%2Fproc HTTP/1.1" 200 4178 "http://caimegroup.com/whsy.php?e=8022&p=%2Fproc" "Mozilla/5.0 AppleWebKit/537.36 (KHTML, like Gecko; compatible; GPTBot/1.3; +https://openai.com/gptbot)"
74.7.227.55 - - [03/Mar/2026:00:34:04 +0000] "GET /whsy.php?e=29564&p=%2Fproc HTTP/1.1" 200 4083 "http://caimegroup.com/whsy.php?e=868&p=%2Fproc" "Mozilla/5.0 AppleWebKit/537.36 (KHTML, like Gecko; compatible; GPTBot/1.3; +https://openai.com/gptbot)"
74.7.227.55 - - [03/Mar/2026:00:34:41 +0000] "GET /whsy.php?e=16365&p=%2Fproc HTTP/1.1" 200 4177 "http://caimegroup.com/whsy.php?e=12071&p=%2Fproc" "Mozilla/5.0 AppleWebKit/537.36 (KHTML, like Gecko; compatible; GPTBot/1.3; +https://openai.com/gptbot)"
74.7.227.55 - - [03/Mar/2026:00:35:18 +0000] "GET /whsy.php?e=18235&p=%2Fproc HTTP/1.1" 200 4092 "http://caimegroup.com/whsy.php?e=8020&p=%2Fproc" "Mozilla/5.0 AppleWebKit/537.36 (KHTML, like Gecko; compatible; GPTBot/1.3; +https://openai.com/gptbot)"
74.7.230.14 - - [03/Mar/2026:00:35:19 +0000] "GET /robots.txt HTTP/1.1" 404 - "-" "Mozilla/5.0 (Macintosh; Intel Mac OS X 10_15_7) AppleWebKit/537.36 (KHTML, like Gecko) Chrome/131.0.0.0 Safari/537.36; compatible; OAI-SearchBot/1.3; robots.txt; +https://openai.com/searchbot"
74.7.227.55 - - [03/Mar/2026:00:35:54 +0000] "GET /whsy.php?e=29565&p=%2Fproc HTTP/1.1" 200 4071 "http://caimegroup.com/whsy.php?e=868&p=%2Fproc" "Mozilla/5.0 AppleWebKit/537.36 (KHTML, like Gecko; compatible; GPTBot/1.3; +https://openai.com/gptbot)"
74.7.227.55 - - [03/Mar/2026:00:36:33 +0000] "GET /whsy.php?e=16371&p=%2Fproc HTTP/1.1" 200 4112 "http://caimegroup.com/whsy.php?e=12071&p=%2Fproc" "Mozilla/5.0 AppleWebKit/537.36 (KHTML, like Gecko; compatible; GPTBot/1.3; +https://openai.com/gptbot)"
74.7.227.55 - - [03/Mar/2026:00:37:13 +0000] "GET /whsy.php?e=18234&p=%2Fproc HTTP/1.1" 200 4023 "http://caimegroup.com/whsy.php?e=8020&p=%2Fproc" "Mozilla/5.0 AppleWebKit/537.36 (KHTML, like Gecko; compatible; GPTBot/1.3; +https://openai.com/gptbot)"
74.7.227.55 - - [03/Mar/2026:00:37:54 +0000] "GET /whsy.php?e=oom_adj&p=%2Fproc%2F5375 HTTP/1.1" 200 2005 "http://caimegroup.com/whsy.php?p=%2Fproc%2F5375" "Mozilla/5.0 AppleWebKit/537.36 (KHTML, like Gecko; compatible; GPTBot/1.3; +https://openai.com/gptbot)"
74.7.227.55 - - [03/Mar/2026:00:38:38 +0000] "GET /whsy.php?e=16343&p=%2Fproc HTTP/1.1" 200 4161 "http://caimegroup.com/whsy.php?e=7995&p=%2Fproc" "Mozilla/5.0 AppleWebKit/537.36 (KHTML, like Gecko; compatible; GPTBot/1.3; +https://openai.com/gptbot)"
205.169.39.57 - - [03/Mar/2026:00:39:05 +0000] "GET / HTTP/1.1" 200 20 "-" "Mozilla/5.0 (Windows NT 10.0; Win64; x64) AppleWebKit/537.36 (KHTML, like Gecko) Chrome/117.0.5938.132 Safari/537.36"
74.7.227.55 - - [03/Mar/2026:00:39:08 +0000] "GET /whsy.php?e=uid_map&p=%2Fproc%2F5375 HTTP/1.1" 200 2021 "http://caimegroup.com/whsy.php?p=%2Fproc%2F5375" "Mozilla/5.0 AppleWebKit/537.36 (KHTML, like Gecko; compatible; GPTBot/1.3; +https://openai.com/gptbot)"
74.7.227.55 - - [03/Mar/2026:00:39:40 +0000] "GET /whsy.php?p=%2Fproc%2F16766 HTTP/1.1" 200 1677 "http://caimegroup.com/whsy.php?e=16373&p=%2Fproc" "Mozilla/5.0 AppleWebKit/537.36 (KHTML, like Gecko; compatible; GPTBot/1.3; +https://openai.com/gptbot)"
74.7.227.55 - - [03/Mar/2026:00:40:13 +0000] "GET /whsy.php?p=%2Fproc%2F16760 HTTP/1.1" 200 1677 "http://caimegroup.com/whsy.php?e=16373&p=%2Fproc" "Mozilla/5.0 AppleWebKit/537.36 (KHTML, like Gecko; compatible; GPTBot/1.3; +https://openai.com/gptbot)"
74.7.227.55 - - [03/Mar/2026:00:40:48 +0000] "GET /whsy.php?p=%2Fproc%2F23015 HTTP/1.1" 200 1677 "http://caimegroup.com/whsy.php?e=29564&p=%2Fproc" "Mozilla/5.0 AppleWebKit/537.36 (KHTML, like Gecko; compatible; GPTBot/1.3; +https://openai.com/gptbot)"
74.7.230.14 - - [03/Mar/2026:00:40:48 +0000] "GET /robots.txt HTTP/1.1" 404 - "-" "Mozilla/5.0 (Macintosh; Intel Mac OS X 10_15_7) AppleWebKit/537.36 (KHTML, like Gecko) Chrome/131.0.0.0 Safari/537.36; compatible; OAI-SearchBot/1.3; robots.txt; +https://openai.com/searchbot"
74.7.227.55 - - [03/Mar/2026:00:41:23 +0000] "GET /whsy.php?e=20290&p=%2Fproc HTTP/1.1" 200 4152 "http://caimegroup.com/whsy.php?e=9567&p=%2Fproc" "Mozilla/5.0 AppleWebKit/537.36 (KHTML, like Gecko; compatible; GPTBot/1.3; +https://openai.com/gptbot)"
74.7.227.55 - - [03/Mar/2026:00:41:49 +0000] "GET /whsy.php?e=20299&p=%2Fproc HTTP/1.1" 200 4207 "http://caimegroup.com/whsy.php?e=9567&p=%2Fproc" "Mozilla/5.0 AppleWebKit/537.36 (KHTML, like Gecko; compatible; GPTBot/1.3; +https://openai.com/gptbot)"
74.7.227.55 - - [03/Mar/2026:00:42:10 +0000] "GET /whsy.php?e=gid_map&p=%2Fproc%2F5375 HTTP/1.1" 200 2024 "http://caimegroup.com/whsy.php?p=%2Fproc%2F5375" "Mozilla/5.0 AppleWebKit/537.36 (KHTML, like Gecko; compatible; GPTBot/1.3; +https://openai.com/gptbot)"
74.7.227.55 - - [03/Mar/2026:00:42:38 +0000] "GET /whsy.php?e=2956&p=%2Fproc HTTP/1.1" 200 4236 "http://caimegroup.com/whsy.php?e=16371&p=%2Fproc" "Mozilla/5.0 AppleWebKit/537.36 (KHTML, like Gecko; compatible; GPTBot/1.3; +https://openai.com/gptbot)"
74.7.227.55 - - [03/Mar/2026:00:43:24 +0000] "GET /whsy.php?p=%2Fproc%2F6248 HTTP/1.1" 200 1677 "http://caimegroup.com/whsy.php?e=18234&p=%2Fproc" "Mozilla/5.0 AppleWebKit/537.36 (KHTML, like Gecko; compatible; GPTBot/1.3; +https://openai.com/gptbot)"
74.7.227.55 - - [03/Mar/2026:00:43:51 +0000] "GET /whsy.php?e=stack&p=%2Fproc%2F11062 HTTP/1.1" 200 1677 "http://caimegroup.com/whsy.php?p=%2Fproc%2F11062" "Mozilla/5.0 AppleWebKit/537.36 (KHTML, like Gecko; compatible; GPTBot/1.3; +https://openai.com/gptbot)"
74.7.227.55 - - [03/Mar/2026:00:44:28 +0000] "GET /whsy.php?p=%2Fproc%2F10181 HTTP/1.1" 200 1677 "http://caimegroup.com/whsy.php?e=16343&p=%2Fproc" "Mozilla/5.0 AppleWebKit/537.36 (KHTML, like Gecko; compatible; GPTBot/1.3; +https://openai.com/gptbot)"
74.7.227.55 - - [03/Mar/2026:00:45:04 +0000] "GET /whsy.php?e=13124&p=%2Fproc HTTP/1.1" 200 4232 "http://caimegroup.com/whsy.php?e=16343&p=%2Fproc" "Mozilla/5.0 AppleWebKit/537.36 (KHTML, like Gecko; compatible; GPTBot/1.3; +https://openai.com/gptbot)"
74.7.227.55 - - [03/Mar/2026:00:45:41 +0000] "GET /whsy.php?e=autogroup&p=%2Fproc%2F11062 HTTP/1.1" 200 1677 "http://caimegroup.com/whsy.php?p=%2Fproc%2F11062" "Mozilla/5.0 AppleWebKit/537.36 (KHTML, like Gecko; compatible; GPTBot/1.3; +https://openai.com/gptbot)"
74.7.227.55 - - [03/Mar/2026:00:46:38 +0000] "GET /whsy.php?e=timerslack_ns&p=%2Fproc%2F11062 HTTP/1.1" 200 1677 "http://caimegroup.com/whsy.php?p=%2Fproc%2F11062" "Mozilla/5.0 AppleWebKit/537.36 (KHTML, like Gecko; compatible; GPTBot/1.3; +https://openai.com/gptbot)"
74.7.230.14 - - [03/Mar/2026:00:46:39 +0000] "GET /robots.txt HTTP/1.1" 404 - "-" "Mozilla/5.0 (Macintosh; Intel Mac OS X 10_15_7) AppleWebKit/537.36 (KHTML, like Gecko) Chrome/131.0.0.0 Safari/537.36; compatible; OAI-SearchBot/1.3; robots.txt; +https://openai.com/searchbot"
74.7.227.55 - - [03/Mar/2026:00:47:20 +0000] "GET /whsy.php?e=12111&p=%2Fproc HTTP/1.1" 200 4062 "http://caimegroup.com/whsy.php?e=18844&p=%2Fproc" "Mozilla/5.0 AppleWebKit/537.36 (KHTML, like Gecko; compatible; GPTBot/1.3; +https://openai.com/gptbot)"
74.7.227.55 - - [03/Mar/2026:00:48:36 +0000] "GET /whsy.php?p=%2Fproc%2F26954 HTTP/1.1" 200 1677 "http://caimegroup.com/whsy.php?e=20290&p=%2Fproc" "Mozilla/5.0 AppleWebKit/537.36 (KHTML, like Gecko; compatible; GPTBot/1.3; +https://openai.com/gptbot)"
74.7.227.55 - - [03/Mar/2026:00:50:04 +0000] "GET /whsy.php?p=%2Fproc%2F29112 HTTP/1.1" 200 1677 "http://caimegroup.com/whsy.php?e=20299&p=%2Fproc" "Mozilla/5.0 AppleWebKit/537.36 (KHTML, like Gecko; compatible; GPTBot/1.3; +https://openai.com/gptbot)"
205.169.39.58 - - [03/Mar/2026:00:50:25 +0000] "GET / HTTP/1.1" 200 20 "-" "Mozilla/5.0 (Windows NT 10.0; Win64; x64) AppleWebKit/537.36 (KHTML, like Gecko) Chrome/117.0.5938.132 Safari/537.36"
74.7.227.55 - - [03/Mar/2026:00:51:41 +0000] "GET /whsy.php?p=%2Fproc%2F29159 HTTP/1.1" 200 1677 "http://caimegroup.com/whsy.php?e=20299&p=%2Fproc" "Mozilla/5.0 AppleWebKit/537.36 (KHTML, like Gecko; compatible; GPTBot/1.3; +https://openai.com/gptbot)"
74.7.230.14 - - [03/Mar/2026:00:51:42 +0000] "GET /robots.txt HTTP/1.1" 404 - "-" "Mozilla/5.0 (Macintosh; Intel Mac OS X 10_15_7) AppleWebKit/537.36 (KHTML, like Gecko) Chrome/131.0.0.0 Safari/537.36; compatible; OAI-SearchBot/1.3; robots.txt; +https://openai.com/searchbot"
74.7.227.55 - - [03/Mar/2026:00:52:57 +0000] "GET /whsy.php?p=%2Fproc%2F26944 HTTP/1.1" 200 1677 "http://caimegroup.com/whsy.php?e=20290&p=%2Fproc" "Mozilla/5.0 AppleWebKit/537.36 (KHTML, like Gecko; compatible; GPTBot/1.3; +https://openai.com/gptbot)"
74.7.227.55 - - [03/Mar/2026:00:55:01 +0000] "GET /whsy.php?e=872&p=%2Fproc HTTP/1.1" 200 4141 "http://caimegroup.com/whsy.php?e=2956&p=%2Fproc" "Mozilla/5.0 AppleWebKit/537.36 (KHTML, like Gecko; compatible; GPTBot/1.3; +https://openai.com/gptbot)"
74.7.227.55 - - [03/Mar/2026:00:56:58 +0000] "GET /whsy.php?e=877&p=%2Fproc HTTP/1.1" 200 4150 "http://caimegroup.com/whsy.php?e=2956&p=%2Fproc" "Mozilla/5.0 AppleWebKit/537.36 (KHTML, like Gecko; compatible; GPTBot/1.3; +https://openai.com/gptbot)"
74.7.230.14 - - [03/Mar/2026:00:56:59 +0000] "GET /robots.txt HTTP/1.1" 404 - "-" "Mozilla/5.0 (Macintosh; Intel Mac OS X 10_15_7) AppleWebKit/537.36 (KHTML, like Gecko) Chrome/131.0.0.0 Safari/537.36; compatible; OAI-SearchBot/1.3; robots.txt; +https://openai.com/searchbot"
74.7.227.55 - - [03/Mar/2026:00:59:29 +0000] "GET /whsy.php?e=805&p=%2Fproc HTTP/1.1" 200 4199 "http://caimegroup.com/whsy.php?e=2956&p=%2Fproc" "Mozilla/5.0 AppleWebKit/537.36 (KHTML, like Gecko; compatible; GPTBot/1.3; +https://openai.com/gptbot)"
74.7.227.55 - - [03/Mar/2026:01:02:16 +0000] "GET /whsy.php?e=29169&p=%2Fproc HTTP/1.1" 200 4175 "http://caimegroup.com/whsy.php?e=20299&p=%2Fproc" "Mozilla/5.0 AppleWebKit/537.36 (KHTML, like Gecko; compatible; GPTBot/1.3; +https://openai.com/gptbot)"
74.7.230.14 - - [03/Mar/2026:01:02:17 +0000] "GET /robots.txt HTTP/1.1" 404 - "-" "Mozilla/5.0 (Macintosh; Intel Mac OS X 10_15_7) AppleWebKit/537.36 (KHTML, like Gecko) Chrome/131.0.0.0 Safari/537.36; compatible; OAI-SearchBot/1.3; robots.txt; +https://openai.com/searchbot"
74.7.227.55 - - [03/Mar/2026:01:04:46 +0000] "GET /whsy.php?e=12554&p=%2Fproc HTTP/1.1" 200 4234 "http://caimegroup.com/whsy.php?e=13124&p=%2Fproc" "Mozilla/5.0 AppleWebKit/537.36 (KHTML, like Gecko; compatible; GPTBot/1.3; +https://openai.com/gptbot)"
74.7.227.55 - - [03/Mar/2026:01:06:39 +0000] "GET /whsy.php?e=29170&p=%2Fproc HTTP/1.1" 200 4157 "http://caimegroup.com/whsy.php?e=20299&p=%2Fproc" "Mozilla/5.0 AppleWebKit/537.36 (KHTML, like Gecko; compatible; GPTBot/1.3; +https://openai.com/gptbot)"
74.7.227.55 - - [03/Mar/2026:01:08:06 +0000] "GET /whsy.php?e=sessionid&p=%2Fproc%2F31861 HTTP/1.1" 200 1990 "http://caimegroup.com/whsy.php?p=%2Fproc%2F31861" "Mozilla/5.0 AppleWebKit/537.36 (KHTML, like Gecko; compatible; GPTBot/1.3; +https://openai.com/gptbot)"
74.7.230.14 - - [03/Mar/2026:01:08:08 +0000] "GET /robots.txt HTTP/1.1" 404 - "-" "Mozilla/5.0 (Macintosh; Intel Mac OS X 10_15_7) AppleWebKit/537.36 (KHTML, like Gecko) Chrome/131.0.0.0 Safari/537.36; compatible; OAI-SearchBot/1.3; robots.txt; +https://openai.com/searchbot"
74.7.227.55 - - [03/Mar/2026:01:11:03 +0000] "GET /whsy.php?e=schedstat&p=%2Fproc%2F31861 HTTP/1.1" 200 2002 "http://caimegroup.com/whsy.php?p=%2Fproc%2F31861" "Mozilla/5.0 AppleWebKit/537.36 (KHTML, like Gecko; compatible; GPTBot/1.3; +https://openai.com/gptbot)"
139.162.194.112 - - [03/Mar/2026:01:12:12 +0000] "GET /.well-known/acme-challenge/index.php HTTP/1.1" 404 - "-" "get_local:DCV"
43.130.78.203 - - [03/Mar/2026:01:14:49 +0000] "GET / HTTP/1.1" 200 20 "-" "Mozilla/5.0 (iPhone; CPU iPhone OS 13_2_3 like Mac OS X) AppleWebKit/605.1.15 (KHTML, like Gecko) Version/13.0.3 Mobile/15E148 Safari/604.1"
43.157.148.38 - - [03/Mar/2026:01:15:13 +0000] "GET / HTTP/1.1" 200 20 "-" "Mozilla/5.0 (iPhone; CPU iPhone OS 13_2_3 like Mac OS X) AppleWebKit/605.1.15 (KHTML, like Gecko) Version/13.0.3 Mobile/15E148 Safari/604.1"
74.7.227.55 - - [03/Mar/2026:01:18:49 +0000] "GET /whsy.php?e=setgroups&p=%2Fproc%2F31861 HTTP/1.1" 200 1982 "http://caimegroup.com/whsy.php?p=%2Fproc%2F31861" "Mozilla/5.0 AppleWebKit/537.36 (KHTML, like Gecko; compatible; GPTBot/1.3; +https://openai.com/gptbot)"
74.7.227.55 - - [03/Mar/2026:01:29:08 +0000] "GET /whsy.php?e=schedstat&p=%2Fproc%2F29065 HTTP/1.1" 200 1677 "http://caimegroup.com/whsy.php?p=%2Fproc%2F29065" "Mozilla/5.0 AppleWebKit/537.36 (KHTML, like Gecko; compatible; GPTBot/1.3; +https://openai.com/gptbot)"
74.7.230.14 - - [03/Mar/2026:01:29:09 +0000] "GET /robots.txt HTTP/1.1" 404 - "-" "Mozilla/5.0 (Macintosh; Intel Mac OS X 10_15_7) AppleWebKit/537.36 (KHTML, like Gecko) Chrome/131.0.0.0 Safari/537.36; compatible; OAI-SearchBot/1.3; robots.txt; +https://openai.com/searchbot"
74.7.227.55 - - [03/Mar/2026:01:37:39 +0000] "GET /whsy.php?e=autogroup&p=%2Fproc%2F31861 HTTP/1.1" 200 1995 "http://caimegroup.com/whsy.php?p=%2Fproc%2F31861" "Mozilla/5.0 AppleWebKit/537.36 (KHTML, like Gecko; compatible; GPTBot/1.3; +https://openai.com/gptbot)"
74.7.230.14 - - [03/Mar/2026:01:37:40 +0000] "GET /robots.txt HTTP/1.1" 404 - "-" "Mozilla/5.0 (Macintosh; Intel Mac OS X 10_15_7) AppleWebKit/537.36 (KHTML, like Gecko) Chrome/131.0.0.0 Safari/537.36; compatible; OAI-SearchBot/1.3; robots.txt; +https://openai.com/searchbot"
74.7.227.55 - - [03/Mar/2026:01:42:47 +0000] "GET /whsy.php?e=wchan&p=%2Fproc%2F29065 HTTP/1.1" 200 1677 "http://caimegroup.com/whsy.php?p=%2Fproc%2F29065" "Mozilla/5.0 AppleWebKit/537.36 (KHTML, like Gecko; compatible; GPTBot/1.3; +https://openai.com/gptbot)"
74.7.230.14 - - [03/Mar/2026:01:42:47 +0000] "GET /robots.txt HTTP/1.1" 404 - "-" "Mozilla/5.0 (Macintosh; Intel Mac OS X 10_15_7) AppleWebKit/537.36 (KHTML, like Gecko) Chrome/131.0.0.0 Safari/537.36; compatible; OAI-SearchBot/1.3; robots.txt; +https://openai.com/searchbot"
74.7.227.55 - - [03/Mar/2026:01:46:47 +0000] "GET /whsy.php?e=gid_map&p=%2Fproc%2F11062 HTTP/1.1" 200 1677 "http://caimegroup.com/whsy.php?p=%2Fproc%2F11062" "Mozilla/5.0 AppleWebKit/537.36 (KHTML, like Gecko; compatible; GPTBot/1.3; +https://openai.com/gptbot)"
74.7.227.55 - - [03/Mar/2026:01:50:16 +0000] "GET /whsy.php?e=uid_map&p=%2Fproc%2F11062 HTTP/1.1" 200 1677 "http://caimegroup.com/whsy.php?p=%2Fproc%2F11062" "Mozilla/5.0 AppleWebKit/537.36 (KHTML, like Gecko; compatible; GPTBot/1.3; +https://openai.com/gptbot)"
74.7.230.14 - - [03/Mar/2026:01:50:17 +0000] "GET /robots.txt HTTP/1.1" 404 - "-" "Mozilla/5.0 (Macintosh; Intel Mac OS X 10_15_7) AppleWebKit/537.36 (KHTML, like Gecko) Chrome/131.0.0.0 Safari/537.36; compatible; OAI-SearchBot/1.3; robots.txt; +https://openai.com/searchbot"
74.7.227.55 - - [03/Mar/2026:01:53:16 +0000] "GET /whsy.php?e=maps&p=%2Fproc%2F1597 HTTP/1.1" 200 1677 "http://caimegroup.com/whsy.php?p=%2Fproc%2F1597" "Mozilla/5.0 AppleWebKit/537.36 (KHTML, like Gecko; compatible; GPTBot/1.3; +https://openai.com/gptbot)"
74.7.227.55 - - [03/Mar/2026:01:56:15 +0000] "GET /whsy.php?e=13831&p=%2Fproc HTTP/1.1" 200 4189 "http://caimegroup.com/whsy.php?e=12554&p=%2Fproc" "Mozilla/5.0 AppleWebKit/537.36 (KHTML, like Gecko; compatible; GPTBot/1.3; +https://openai.com/gptbot)"
74.7.230.14 - - [03/Mar/2026:01:56:16 +0000] "GET /robots.txt HTTP/1.1" 404 - "-" "Mozilla/5.0 (Macintosh; Intel Mac OS X 10_15_7) AppleWebKit/537.36 (KHTML, like Gecko) Chrome/131.0.0.0 Safari/537.36; compatible; OAI-SearchBot/1.3; robots.txt; +https://openai.com/searchbot"
74.7.227.55 - - [03/Mar/2026:01:59:09 +0000] "GET /whsy.php?p=%2Fproc%2F23222 HTTP/1.1" 200 1677 "http://caimegroup.com/whsy.php?e=1970&p=%2Fproc" "Mozilla/5.0 AppleWebKit/537.36 (KHTML, like Gecko; compatible; GPTBot/1.3; +https://openai.com/gptbot)"
4.43.184.113 - - [03/Mar/2026:02:00:46 +0000] "GET / HTTP/1.1" 200 20 "-" "Mozilla/5.0 (X11; Linux x86_64) AppleWebKit/537.36 (KHTML, like Gecko) Chrome/44.0.2403.157 Safari/537.36"
74.7.227.55 - - [03/Mar/2026:02:01:45 +0000] "GET /whsy.php?p=%2Fproc%2F22242 HTTP/1.1" 200 1677 "http://caimegroup.com/whsy.php?e=19617&p=%2Fproc" "Mozilla/5.0 AppleWebKit/537.36 (KHTML, like Gecko; compatible; GPTBot/1.3; +https://openai.com/gptbot)"
74.7.230.14 - - [03/Mar/2026:02:01:46 +0000] "GET /robots.txt HTTP/1.1" 404 - "-" "Mozilla/5.0 (Macintosh; Intel Mac OS X 10_15_7) AppleWebKit/537.36 (KHTML, like Gecko) Chrome/131.0.0.0 Safari/537.36; compatible; OAI-SearchBot/1.3; robots.txt; +https://openai.com/searchbot"
74.7.227.55 - - [03/Mar/2026:02:04:12 +0000] "GET /whsy.php?p=%2Fproc%2F29222 HTTP/1.1" 200 1677 "http://caimegroup.com/whsy.php?e=21065&p=%2Fproc" "Mozilla/5.0 AppleWebKit/537.36 (KHTML, like Gecko; compatible; GPTBot/1.3; +https://openai.com/gptbot)"
74.7.227.55 - - [03/Mar/2026:02:06:50 +0000] "GET /whsy.php?e=stat&p=%2Fproc%2F31861 HTTP/1.1" 200 2131 "http://caimegroup.com/whsy.php?p=%2Fproc%2F31861" "Mozilla/5.0 AppleWebKit/537.36 (KHTML, like Gecko; compatible; GPTBot/1.3; +https://openai.com/gptbot)"
74.7.230.14 - - [03/Mar/2026:02:06:51 +0000] "GET /robots.txt HTTP/1.1" 404 - "-" "Mozilla/5.0 (Macintosh; Intel Mac OS X 10_15_7) AppleWebKit/537.36 (KHTML, like Gecko) Chrome/131.0.0.0 Safari/537.36; compatible; OAI-SearchBot/1.3; robots.txt; +https://openai.com/searchbot"
205.169.39.21 - - [03/Mar/2026:02:07:07 +0000] "GET / HTTP/1.1" 200 20 "-" "Mozilla/5.0 (Windows NT 10.0; Win64; x64) AppleWebKit/537.36 (KHTML, like Gecko) Chrome/117.0.5938.132 Safari/537.36"
74.7.227.55 - - [03/Mar/2026:02:09:09 +0000] "GET /whsy.php?e=schedstat&p=%2Fproc%2F11062 HTTP/1.1" 200 1677 "http://caimegroup.com/whsy.php?p=%2Fproc%2F11062" "Mozilla/5.0 AppleWebKit/537.36 (KHTML, like Gecko; compatible; GPTBot/1.3; +https://openai.com/gptbot)"
74.7.227.55 - - [03/Mar/2026:02:11:36 +0000] "GET /whsy.php?e=auxv&p=%2Fproc%2F5375 HTTP/1.1" 200 1677 "http://caimegroup.com/whsy.php?p=%2Fproc%2F5375" "Mozilla/5.0 AppleWebKit/537.36 (KHTML, like Gecko; compatible; GPTBot/1.3; +https://openai.com/gptbot)"
74.7.227.55 - - [03/Mar/2026:02:13:53 +0000] "GET /whsy.php?e=uid_map&p=%2Fproc%2F31861 HTTP/1.1" 200 1995 "http://caimegroup.com/whsy.php?p=%2Fproc%2F31861" "Mozilla/5.0 AppleWebKit/537.36 (KHTML, like Gecko; compatible; GPTBot/1.3; +https://openai.com/gptbot)"
74.7.230.14 - - [03/Mar/2026:02:13:54 +0000] "GET /robots.txt HTTP/1.1" 404 - "-" "Mozilla/5.0 (Macintosh; Intel Mac OS X 10_15_7) AppleWebKit/537.36 (KHTML, like Gecko) Chrome/131.0.0.0 Safari/537.36; compatible; OAI-SearchBot/1.3; robots.txt; +https://openai.com/searchbot"
74.7.227.55 - - [03/Mar/2026:02:16:17 +0000] "GET /whsy.php?e=gid_map&p=%2Fproc%2F31861 HTTP/1.1" 200 1998 "http://caimegroup.com/whsy.php?p=%2Fproc%2F31861" "Mozilla/5.0 AppleWebKit/537.36 (KHTML, like Gecko; compatible; GPTBot/1.3; +https://openai.com/gptbot)"
74.7.227.55 - - [03/Mar/2026:02:18:33 +0000] "GET /whsy.php?e=sched&p=%2Fproc%2F11062 HTTP/1.1" 200 1677 "http://caimegroup.com/whsy.php?p=%2Fproc%2F11062" "Mozilla/5.0 AppleWebKit/537.36 (KHTML, like Gecko; compatible; GPTBot/1.3; +https://openai.com/gptbot)"
205.169.39.21 - - [03/Mar/2026:02:20:20 +0000] "GET / HTTP/1.1" 200 20 "-" "Mozilla/5.0 (Windows NT 10.0; Win64; x64) AppleWebKit/537.36 (KHTML, like Gecko) Chrome/117.0.5938.132 Safari/537.36"
74.7.227.55 - - [03/Mar/2026:02:20:43 +0000] "GET /whsy.php?e=smaps&p=%2Fproc%2F11062 HTTP/1.1" 200 1677 "http://caimegroup.com/whsy.php?p=%2Fproc%2F11062" "Mozilla/5.0 AppleWebKit/537.36 (KHTML, like Gecko; compatible; GPTBot/1.3; +https://openai.com/gptbot)"
74.7.230.14 - - [03/Mar/2026:02:20:45 +0000] "GET /robots.txt HTTP/1.1" 404 - "-" "Mozilla/5.0 (Macintosh; Intel Mac OS X 10_15_7) AppleWebKit/537.36 (KHTML, like Gecko) Chrome/131.0.0.0 Safari/537.36; compatible; OAI-SearchBot/1.3; robots.txt; +https://openai.com/searchbot"
74.7.227.55 - - [03/Mar/2026:02:22:58 +0000] "GET /whsy.php?e=smaps&p=%2Fproc%2F31861 HTTP/1.1" 200 5090 "http://caimegroup.com/whsy.php?p=%2Fproc%2F31861" "Mozilla/5.0 AppleWebKit/537.36 (KHTML, like Gecko; compatible; GPTBot/1.3; +https://openai.com/gptbot)"
74.7.227.55 - - [03/Mar/2026:02:25:04 +0000] "GET /whsy.php?e=gid_map&p=%2Fproc%2F29065 HTTP/1.1" 200 1677 "http://caimegroup.com/whsy.php?p=%2Fproc%2F29065" "Mozilla/5.0 AppleWebKit/537.36 (KHTML, like Gecko; compatible; GPTBot/1.3; +https://openai.com/gptbot)"
74.7.227.55 - - [03/Mar/2026:02:27:25 +0000] "GET /whsy.php?e=oom_adj&p=%2Fproc%2F31861 HTTP/1.1" 200 1981 "http://caimegroup.com/whsy.php?p=%2Fproc%2F31861" "Mozilla/5.0 AppleWebKit/537.36 (KHTML, like Gecko; compatible; GPTBot/1.3; +https://openai.com/gptbot)"
74.7.230.14 - - [03/Mar/2026:02:27:25 +0000] "GET /robots.txt HTTP/1.1" 404 - "-" "Mozilla/5.0 (Macintosh; Intel Mac OS X 10_15_7) AppleWebKit/537.36 (KHTML, like Gecko) Chrome/131.0.0.0 Safari/537.36; compatible; OAI-SearchBot/1.3; robots.txt; +https://openai.com/searchbot"
74.7.227.55 - - [03/Mar/2026:02:29:04 +0000] "GET /whsy.php?e=oom_adj&p=%2Fproc%2F29065 HTTP/1.1" 200 1677 "http://caimegroup.com/whsy.php?p=%2Fproc%2F29065" "Mozilla/5.0 AppleWebKit/537.36 (KHTML, like Gecko; compatible; GPTBot/1.3; +https://openai.com/gptbot)"
74.7.227.55 - - [03/Mar/2026:02:31:02 +0000] "GET /whsy.php?e=uid_map&p=%2Fproc%2F29065 HTTP/1.1" 200 1677 "http://caimegroup.com/whsy.php?p=%2Fproc%2F29065" "Mozilla/5.0 AppleWebKit/537.36 (KHTML, like Gecko; compatible; GPTBot/1.3; +https://openai.com/gptbot)"
74.7.227.55 - - [03/Mar/2026:02:32:54 +0000] "GET /whsy.php?e=auxv&p=%2Fproc%2F11062 HTTP/1.1" 200 1677 "http://caimegroup.com/whsy.php?p=%2Fproc%2F11062" "Mozilla/5.0 AppleWebKit/537.36 (KHTML, like Gecko; compatible; GPTBot/1.3; +https://openai.com/gptbot)"
74.7.230.14 - - [03/Mar/2026:02:32:56 +0000] "GET /robots.txt HTTP/1.1" 404 - "-" "Mozilla/5.0 (Macintosh; Intel Mac OS X 10_15_7) AppleWebKit/537.36 (KHTML, like Gecko) Chrome/131.0.0.0 Safari/537.36; compatible; OAI-SearchBot/1.3; robots.txt; +https://openai.com/searchbot"
74.7.227.55 - - [03/Mar/2026:02:34:55 +0000] "GET /whsy.php?p=%2Fproc%2F26000 HTTP/1.1" 200 1677 "http://caimegroup.com/whsy.php?e=16365&p=%2Fproc" "Mozilla/5.0 AppleWebKit/537.36 (KHTML, like Gecko; compatible; GPTBot/1.3; +https://openai.com/gptbot)"
74.7.227.55 - - [03/Mar/2026:02:36:37 +0000] "GET /whsy.php?p=%2Fproc%2F21118 HTTP/1.1" 200 1677 "http://caimegroup.com/whsy.php?e=18621&p=%2Fproc" "Mozilla/5.0 AppleWebKit/537.36 (KHTML, like Gecko; compatible; GPTBot/1.3; +https://openai.com/gptbot)"
74.7.227.55 - - [03/Mar/2026:02:38:06 +0000] "GET /whsy.php?p=%2Fproc%2F18883 HTTP/1.1" 200 1677 "http://caimegroup.com/whsy.php?e=13145&p=%2Fproc" "Mozilla/5.0 AppleWebKit/537.36 (KHTML, like Gecko; compatible; GPTBot/1.3; +https://openai.com/gptbot)"
74.7.230.14 - - [03/Mar/2026:02:38:06 +0000] "GET /robots.txt HTTP/1.1" 404 - "-" "Mozilla/5.0 (Macintosh; Intel Mac OS X 10_15_7) AppleWebKit/537.36 (KHTML, like Gecko) Chrome/131.0.0.0 Safari/537.36; compatible; OAI-SearchBot/1.3; robots.txt; +https://openai.com/searchbot"
74.7.227.55 - - [03/Mar/2026:02:40:04 +0000] "GET /whsy.php?p=%2Fproc%2F18889 HTTP/1.1" 200 1677 "http://caimegroup.com/whsy.php?e=13145&p=%2Fproc" "Mozilla/5.0 AppleWebKit/537.36 (KHTML, like Gecko; compatible; GPTBot/1.3; +https://openai.com/gptbot)"
74.7.227.55 - - [03/Mar/2026:02:41:59 +0000] "GET /whsy.php?p=%2Fproc%2F12555 HTTP/1.1" 200 1677 "http://caimegroup.com/whsy.php?e=13124&p=%2Fproc" "Mozilla/5.0 AppleWebKit/537.36 (KHTML, like Gecko; compatible; GPTBot/1.3; +https://openai.com/gptbot)"
74.7.227.55 - - [03/Mar/2026:02:43:40 +0000] "GET /whsy.php?p=%2Fproc%2F11194 HTTP/1.1" 200 1677 "http://caimegroup.com/whsy.php?e=12236&p=%2Fproc" "Mozilla/5.0 AppleWebKit/537.36 (KHTML, like Gecko; compatible; GPTBot/1.3; +https://openai.com/gptbot)"
74.7.230.14 - - [03/Mar/2026:02:43:41 +0000] "GET /robots.txt HTTP/1.1" 404 - "-" "Mozilla/5.0 (Macintosh; Intel Mac OS X 10_15_7) AppleWebKit/537.36 (KHTML, like Gecko) Chrome/131.0.0.0 Safari/537.36; compatible; OAI-SearchBot/1.3; robots.txt; +https://openai.com/searchbot"
74.7.227.55 - - [03/Mar/2026:02:45:44 +0000] "GET /whsy.php?p=%2Fproc%2F21110 HTTP/1.1" 200 1677 "http://caimegroup.com/whsy.php?e=18621&p=%2Fproc" "Mozilla/5.0 AppleWebKit/537.36 (KHTML, like Gecko; compatible; GPTBot/1.3; +https://openai.com/gptbot)"
74.7.227.55 - - [03/Mar/2026:02:47:26 +0000] "GET /whsy.php?p=%2Fproc%2F18880 HTTP/1.1" 200 1677 "http://caimegroup.com/whsy.php?e=13145&p=%2Fproc" "Mozilla/5.0 AppleWebKit/537.36 (KHTML, like Gecko; compatible; GPTBot/1.3; +https://openai.com/gptbot)"
74.7.227.55 - - [03/Mar/2026:02:49:13 +0000] "GET /whsy.php?p=%2Fproc%2F27333 HTTP/1.1" 200 1677 "http://caimegroup.com/whsy.php?e=32163&p=%2Fproc" "Mozilla/5.0 AppleWebKit/537.36 (KHTML, like Gecko; compatible; GPTBot/1.3; +https://openai.com/gptbot)"
74.7.227.55 - - [03/Mar/2026:02:50:44 +0000] "GET /whsy.php?p=%2Fproc%2F26999 HTTP/1.1" 200 1677 "http://caimegroup.com/whsy.php?e=17412&p=%2Fproc" "Mozilla/5.0 AppleWebKit/537.36 (KHTML, like Gecko; compatible; GPTBot/1.3; +https://openai.com/gptbot)"
74.7.227.55 - - [03/Mar/2026:02:52:33 +0000] "GET /whsy.php?p=%2Fproc%2F18885 HTTP/1.1" 200 1677 "http://caimegroup.com/whsy.php?e=13145&p=%2Fproc" "Mozilla/5.0 AppleWebKit/537.36 (KHTML, like Gecko; compatible; GPTBot/1.3; +https://openai.com/gptbot)"
74.7.227.55 - - [03/Mar/2026:02:54:11 +0000] "GET /whsy.php?p=%2Fproc%2F13777 HTTP/1.1" 200 1677 "http://caimegroup.com/whsy.php?e=18835&p=%2Fproc" "Mozilla/5.0 AppleWebKit/537.36 (KHTML, like Gecko; compatible; GPTBot/1.3; +https://openai.com/gptbot)"
74.7.227.55 - - [03/Mar/2026:02:55:54 +0000] "GET /whsy.php?p=%2Fproc%2F11134 HTTP/1.1" 200 1677 "http://caimegroup.com/whsy.php?e=19611&p=%2Fproc" "Mozilla/5.0 AppleWebKit/537.36 (KHTML, like Gecko; compatible; GPTBot/1.3; +https://openai.com/gptbot)"
74.7.230.14 - - [03/Mar/2026:02:55:54 +0000] "GET /robots.txt HTTP/1.1" 404 - "-" "Mozilla/5.0 (Macintosh; Intel Mac OS X 10_15_7) AppleWebKit/537.36 (KHTML, like Gecko) Chrome/131.0.0.0 Safari/537.36; compatible; OAI-SearchBot/1.3; robots.txt; +https://openai.com/searchbot"
74.7.227.55 - - [03/Mar/2026:02:57:33 +0000] "GET /whsy.php?p=%2Fproc%2F18999 HTTP/1.1" 200 1936 "http://caimegroup.com/whsy.php?e=26150&p=%2Fproc" "Mozilla/5.0 AppleWebKit/537.36 (KHTML, like Gecko; compatible; GPTBot/1.3; +https://openai.com/gptbot)"
74.7.227.55 - - [03/Mar/2026:02:59:02 +0000] "GET /whsy.php?p=%2Fproc%2F29998 HTTP/1.1" 200 1677 "http://caimegroup.com/whsy.php?e=5220&p=%2Fproc" "Mozilla/5.0 AppleWebKit/537.36 (KHTML, like Gecko; compatible; GPTBot/1.3; +https://openai.com/gptbot)"
74.7.227.55 - - [03/Mar/2026:03:00:34 +0000] "GET /whsy.php?p=%2Fproc%2F26555 HTTP/1.1" 200 1677 "http://caimegroup.com/whsy.php?e=17375&p=%2Fproc" "Mozilla/5.0 AppleWebKit/537.36 (KHTML, like Gecko; compatible; GPTBot/1.3; +https://openai.com/gptbot)"
74.7.227.55 - - [03/Mar/2026:03:02:17 +0000] "GET /whsy.php?p=%2Fproc%2F30009 HTTP/1.1" 200 1677 "http://caimegroup.com/whsy.php?e=5220&p=%2Fproc" "Mozilla/5.0 AppleWebKit/537.36 (KHTML, like Gecko; compatible; GPTBot/1.3; +https://openai.com/gptbot)"
74.7.230.14 - - [03/Mar/2026:03:02:17 +0000] "GET /robots.txt HTTP/1.1" 404 - "-" "Mozilla/5.0 (Macintosh; Intel Mac OS X 10_15_7) AppleWebKit/537.36 (KHTML, like Gecko) Chrome/131.0.0.0 Safari/537.36; compatible; OAI-SearchBot/1.3; robots.txt; +https://openai.com/searchbot"
74.7.227.55 - - [03/Mar/2026:03:04:03 +0000] "GET /whsy.php?p=%2Fproc%2F18884 HTTP/1.1" 200 1677 "http://caimegroup.com/whsy.php?e=13145&p=%2Fproc" "Mozilla/5.0 AppleWebKit/537.36 (KHTML, like Gecko; compatible; GPTBot/1.3; +https://openai.com/gptbot)"
74.7.244.55 - - [03/Mar/2026:03:10:28 +0000] "GET /robots.txt HTTP/1.1" 404 - "-" "Mozilla/5.0 (Macintosh; Intel Mac OS X 10_15_7) AppleWebKit/537.36 (KHTML, like Gecko) Chrome/131.0.0.0 Safari/537.36; compatible; OAI-SearchBot/1.3; robots.txt; +https://openai.com/searchbot"
74.7.227.135 - - [03/Mar/2026:03:10:35 +0000] "GET /whsy.php?p=%2Fproc%2F19333 HTTP/1.1" 200 1677 "http://caimegroup.com/whsy.php?e=11902&p=%2Fproc" "Mozilla/5.0 AppleWebKit/537.36 (KHTML, like Gecko; compatible; GPTBot/1.3; +https://openai.com/gptbot)"
74.7.227.135 - - [03/Mar/2026:03:10:44 +0000] "GET /whsy.php?e=gid_map&p=%2Fproc%2F18999 HTTP/1.1" 200 2025 "http://caimegroup.com/whsy.php?p=%2Fproc%2F18999" "Mozilla/5.0 AppleWebKit/537.36 (KHTML, like Gecko; compatible; GPTBot/1.3; +https://openai.com/gptbot)"
74.7.227.135 - - [03/Mar/2026:03:10:53 +0000] "GET /whsy.php?e=autogroup&p=%2Fproc%2F18999 HTTP/1.1" 200 2020 "http://caimegroup.com/whsy.php?p=%2Fproc%2F18999" "Mozilla/5.0 AppleWebKit/537.36 (KHTML, like Gecko; compatible; GPTBot/1.3; +https://openai.com/gptbot)"
74.7.227.135 - - [03/Mar/2026:03:11:01 +0000] "GET /whsy.php?e=schedstat&p=%2Fproc%2F18999 HTTP/1.1" 200 2036 "http://caimegroup.com/whsy.php?p=%2Fproc%2F18999" "Mozilla/5.0 AppleWebKit/537.36 (KHTML, like Gecko; compatible; GPTBot/1.3; +https://openai.com/gptbot)"
74.7.227.135 - - [03/Mar/2026:03:11:10 +0000] "GET /whsy.php?p=%2Fproc%2F23444 HTTP/1.1" 200 1677 "http://caimegroup.com/whsy.php?e=27560&p=%2Fproc" "Mozilla/5.0 AppleWebKit/537.36 (KHTML, like Gecko; compatible; GPTBot/1.3; +https://openai.com/gptbot)"
74.7.227.135 - - [03/Mar/2026:03:11:19 +0000] "GET /whsy.php?p=%2Fproc%2F14000 HTTP/1.1" 200 1677 "http://caimegroup.com/whsy.php?e=7996&p=%2Fproc" "Mozilla/5.0 AppleWebKit/537.36 (KHTML, like Gecko; compatible; GPTBot/1.3; +https://openai.com/gptbot)"
74.7.227.135 - - [03/Mar/2026:03:11:31 +0000] "GET /whsy.php?p=%2Fproc%2F16777 HTTP/1.1" 200 1677 "http://caimegroup.com/whsy.php?e=16373&p=%2Fproc" "Mozilla/5.0 AppleWebKit/537.36 (KHTML, like Gecko; compatible; GPTBot/1.3; +https://openai.com/gptbot)"
74.7.227.135 - - [03/Mar/2026:03:11:41 +0000] "GET /whsy.php?p=%2Fproc%2F15000 HTTP/1.1" 200 1677 "http://caimegroup.com/whsy.php?e=24301&p=%2Fproc" "Mozilla/5.0 AppleWebKit/537.36 (KHTML, like Gecko; compatible; GPTBot/1.3; +https://openai.com/gptbot)"
74.7.227.135 - - [03/Mar/2026:03:11:50 +0000] "GET /whsy.php?p=%2Fproc%2F11177 HTTP/1.1" 200 1677 "http://caimegroup.com/whsy.php?e=4762&p=%2Fproc" "Mozilla/5.0 AppleWebKit/537.36 (KHTML, like Gecko; compatible; GPTBot/1.3; +https://openai.com/gptbot)"
74.7.227.135 - - [03/Mar/2026:03:11:59 +0000] "GET /whsy.php?e=statm&p=%2Fproc%2F18999 HTTP/1.1" 200 2032 "http://caimegroup.com/whsy.php?p=%2Fproc%2F18999" "Mozilla/5.0 AppleWebKit/537.36 (KHTML, like Gecko; compatible; GPTBot/1.3; +https://openai.com/gptbot)"
74.7.227.135 - - [03/Mar/2026:03:12:06 +0000] "GET /whsy.php?p=%2Fproc%2F18881 HTTP/1.1" 200 1677 "http://caimegroup.com/whsy.php?e=13145&p=%2Fproc" "Mozilla/5.0 AppleWebKit/537.36 (KHTML, like Gecko; compatible; GPTBot/1.3; +https://openai.com/gptbot)"
74.7.227.135 - - [03/Mar/2026:03:12:15 +0000] "GET /whsy.php?e=timerslack_ns&p=%2Fproc%2F18999 HTTP/1.1" 200 2007 "http://caimegroup.com/whsy.php?p=%2Fproc%2F18999" "Mozilla/5.0 AppleWebKit/537.36 (KHTML, like Gecko; compatible; GPTBot/1.3; +https://openai.com/gptbot)"
74.7.227.135 - - [03/Mar/2026:03:12:25 +0000] "GET /whsy.php?p=%2Fproc%2F16333 HTTP/1.1" 200 1677 "http://caimegroup.com/whsy.php?e=7995&p=%2Fproc" "Mozilla/5.0 AppleWebKit/537.36 (KHTML, like Gecko; compatible; GPTBot/1.3; +https://openai.com/gptbot)"
74.7.227.135 - - [03/Mar/2026:03:12:34 +0000] "GET /whsy.php?e=uid_map&p=%2Fproc%2F18999 HTTP/1.1" 200 2022 "http://caimegroup.com/whsy.php?p=%2Fproc%2F18999" "Mozilla/5.0 AppleWebKit/537.36 (KHTML, like Gecko; compatible; GPTBot/1.3; +https://openai.com/gptbot)"
74.7.227.135 - - [03/Mar/2026:03:12:43 +0000] "GET /whsy.php?p=%2Fproc%2F21113 HTTP/1.1" 200 1677 "http://caimegroup.com/whsy.php?e=18621&p=%2Fproc" "Mozilla/5.0 AppleWebKit/537.36 (KHTML, like Gecko; compatible; GPTBot/1.3; +https://openai.com/gptbot)"
74.7.227.135 - - [03/Mar/2026:03:12:53 +0000] "GET /whsy.php?e=mountinfo&p=%2Fproc%2F18999 HTTP/1.1" 200 2989 "http://caimegroup.com/whsy.php?p=%2Fproc%2F18999" "Mozilla/5.0 AppleWebKit/537.36 (KHTML, like Gecko; compatible; GPTBot/1.3; +https://openai.com/gptbot)"
74.7.227.135 - - [03/Mar/2026:03:13:02 +0000] "GET /whsy.php?p=%2Fproc%2F12444 HTTP/1.1" 200 1677 "http://caimegroup.com/whsy.php?e=4162&p=%2Fproc" "Mozilla/5.0 AppleWebKit/537.36 (KHTML, like Gecko; compatible; GPTBot/1.3; +https://openai.com/gptbot)"
74.7.227.135 - - [03/Mar/2026:03:13:10 +0000] "GET /whsy.php?p=%2Fproc%2F11777 HTTP/1.1" 200 1677 "http://caimegroup.com/whsy.php?e=18528&p=%2Fproc" "Mozilla/5.0 AppleWebKit/537.36 (KHTML, like Gecko; compatible; GPTBot/1.3; +https://openai.com/gptbot)"
74.7.227.135 - - [03/Mar/2026:03:13:19 +0000] "GET /whsy.php?e=pagemap&p=%2Fproc%2F18999 HTTP/1.1" 200 1936 "http://caimegroup.com/whsy.php?p=%2Fproc%2F18999" "Mozilla/5.0 AppleWebKit/537.36 (KHTML, like Gecko; compatible; GPTBot/1.3; +https://openai.com/gptbot)"
74.7.227.135 - - [03/Mar/2026:03:13:27 +0000] "GET /whsy.php?p=%2Fproc%2F21117 HTTP/1.1" 200 1677 "http://caimegroup.com/whsy.php?e=18621&p=%2Fproc" "Mozilla/5.0 AppleWebKit/537.36 (KHTML, like Gecko; compatible; GPTBot/1.3; +https://openai.com/gptbot)"
74.7.227.135 - - [03/Mar/2026:03:13:36 +0000] "GET /whsy.php?e=stack&p=%2Fproc%2F18999 HTTP/1.1" 200 1936 "http://caimegroup.com/whsy.php?p=%2Fproc%2F18999" "Mozilla/5.0 AppleWebKit/537.36 (KHTML, like Gecko; compatible; GPTBot/1.3; +https://openai.com/gptbot)"
74.7.227.135 - - [03/Mar/2026:03:13:45 +0000] "GET /whsy.php?p=%2Fproc%2F27000 HTTP/1.1" 200 1677 "http://caimegroup.com/whsy.php?e=17412&p=%2Fproc" "Mozilla/5.0 AppleWebKit/537.36 (KHTML, like Gecko; compatible; GPTBot/1.3; +https://openai.com/gptbot)"
74.7.227.135 - - [03/Mar/2026:03:13:54 +0000] "GET /whsy.php?p=%2Fproc%2F27771 HTTP/1.1" 200 1677 "http://caimegroup.com/whsy.php?e=13831&p=%2Fproc" "Mozilla/5.0 AppleWebKit/537.36 (KHTML, like Gecko; compatible; GPTBot/1.3; +https://openai.com/gptbot)"
74.7.227.135 - - [03/Mar/2026:03:14:05 +0000] "GET /whsy.php?p=%2Fproc%2F25553 HTTP/1.1" 200 1677 "http://caimegroup.com/whsy.php?e=16365&p=%2Fproc" "Mozilla/5.0 AppleWebKit/537.36 (KHTML, like Gecko; compatible; GPTBot/1.3; +https://openai.com/gptbot)"
74.7.227.135 - - [03/Mar/2026:03:14:14 +0000] "GET /whsy.php?p=%2Fproc%2F24447 HTTP/1.1" 200 1935 "http://caimegroup.com/whsy.php?e=21063&p=%2Fproc" "Mozilla/5.0 AppleWebKit/537.36 (KHTML, like Gecko; compatible; GPTBot/1.3; +https://openai.com/gptbot)"
74.7.227.135 - - [03/Mar/2026:03:14:22 +0000] "GET /whsy.php?p=%2Fproc%2F13999 HTTP/1.1" 200 1677 "http://caimegroup.com/whsy.php?e=7996&p=%2Fproc" "Mozilla/5.0 AppleWebKit/537.36 (KHTML, like Gecko; compatible; GPTBot/1.3; +https://openai.com/gptbot)"
74.7.227.135 - - [03/Mar/2026:03:14:30 +0000] "GET /whsy.php?p=%2Fproc%2F11999 HTTP/1.1" 200 1677 "http://caimegroup.com/whsy.php?e=23453&p=%2Fproc" "Mozilla/5.0 AppleWebKit/537.36 (KHTML, like Gecko; compatible; GPTBot/1.3; +https://openai.com/gptbot)"
74.7.227.135 - - [03/Mar/2026:03:14:39 +0000] "GET /whsy.php?p=%2Fproc%2F27555 HTTP/1.1" 200 1677 "http://caimegroup.com/whsy.php?e=12239&p=%2Fproc" "Mozilla/5.0 AppleWebKit/537.36 (KHTML, like Gecko; compatible; GPTBot/1.3; +https://openai.com/gptbot)"
74.7.227.135 - - [03/Mar/2026:03:14:48 +0000] "GET /whsy.php?p=%2Fproc%2F30003 HTTP/1.1" 200 1677 "http://caimegroup.com/whsy.php?e=5220&p=%2Fproc" "Mozilla/5.0 AppleWebKit/537.36 (KHTML, like Gecko; compatible; GPTBot/1.3; +https://openai.com/gptbot)"
74.7.227.135 - - [03/Mar/2026:03:14:57 +0000] "GET /whsy.php?p=%2Fproc%2F24666 HTTP/1.1" 200 1677 "http://caimegroup.com/whsy.php?e=24302&p=%2Fproc" "Mozilla/5.0 AppleWebKit/537.36 (KHTML, like Gecko; compatible; GPTBot/1.3; +https://openai.com/gptbot)"
74.7.227.135 - - [03/Mar/2026:03:15:06 +0000] "GET /whsy.php?p=%2Fproc%2F16661 HTTP/1.1" 200 1677 "http://caimegroup.com/whsy.php?e=16373&p=%2Fproc" "Mozilla/5.0 AppleWebKit/537.36 (KHTML, like Gecko; compatible; GPTBot/1.3; +https://openai.com/gptbot)"
74.7.227.135 - - [03/Mar/2026:03:15:13 +0000] "GET /whsy.php?p=%2Fproc%2F24448 HTTP/1.1" 200 1935 "http://caimegroup.com/whsy.php?e=18844&p=%2Fproc" "Mozilla/5.0 AppleWebKit/537.36 (KHTML, like Gecko; compatible; GPTBot/1.3; +https://openai.com/gptbot)"
74.7.227.135 - - [03/Mar/2026:03:15:22 +0000] "GET /whsy.php?p=%2Fproc%2F12000 HTTP/1.1" 200 1677 "http://caimegroup.com/whsy.php?e=23453&p=%2Fproc" "Mozilla/5.0 AppleWebKit/537.36 (KHTML, like Gecko; compatible; GPTBot/1.3; +https://openai.com/gptbot)"
74.7.227.135 - - [03/Mar/2026:03:15:31 +0000] "GET /whsy.php?p=%2Fproc%2F26444 HTTP/1.1" 200 1677 "http://caimegroup.com/whsy.php?e=3054&p=%2Fproc" "Mozilla/5.0 AppleWebKit/537.36 (KHTML, like Gecko; compatible; GPTBot/1.3; +https://openai.com/gptbot)"
74.7.244.55 - - [03/Mar/2026:03:15:32 +0000] "GET /robots.txt HTTP/1.1" 404 - "-" "Mozilla/5.0 (Macintosh; Intel Mac OS X 10_15_7) AppleWebKit/537.36 (KHTML, like Gecko) Chrome/131.0.0.0 Safari/537.36; compatible; OAI-SearchBot/1.3; robots.txt; +https://openai.com/searchbot"
74.7.227.135 - - [03/Mar/2026:03:15:39 +0000] "GET /whsy.php?p=%2Fproc%2F14555 HTTP/1.1" 200 1677 "http://caimegroup.com/whsy.php?e=5990&p=%2Fproc" "Mozilla/5.0 AppleWebKit/537.36 (KHTML, like Gecko; compatible; GPTBot/1.3; +https://openai.com/gptbot)"
74.7.227.135 - - [03/Mar/2026:03:15:48 +0000] "GET /whsy.php?e=comm&p=%2Fproc%2F24447 HTTP/1.1" 200 2007 "http://caimegroup.com/whsy.php?p=%2Fproc%2F24447" "Mozilla/5.0 AppleWebKit/537.36 (KHTML, like Gecko; compatible; GPTBot/1.3; +https://openai.com/gptbot)"
74.7.227.135 - - [03/Mar/2026:03:15:57 +0000] "GET /whsy.php?e=setgroups&p=%2Fproc%2F24447 HTTP/1.1" 200 2006 "http://caimegroup.com/whsy.php?p=%2Fproc%2F24447" "Mozilla/5.0 AppleWebKit/537.36 (KHTML, like Gecko; compatible; GPTBot/1.3; +https://openai.com/gptbot)"
74.7.227.135 - - [03/Mar/2026:03:16:05 +0000] "GET /whsy.php?e=schedstat&p=%2Fproc%2F24447 HTTP/1.1" 200 2033 "http://caimegroup.com/whsy.php?p=%2Fproc%2F24447" "Mozilla/5.0 AppleWebKit/537.36 (KHTML, like Gecko; compatible; GPTBot/1.3; +https://openai.com/gptbot)"
74.7.227.135 - - [03/Mar/2026:03:16:14 +0000] "GET /whsy.php?e=sessionid&p=%2Fproc%2F24447 HTTP/1.1" 200 2015 "http://caimegroup.com/whsy.php?p=%2Fproc%2F24447" "Mozilla/5.0 AppleWebKit/537.36 (KHTML, like Gecko; compatible; GPTBot/1.3; +https://openai.com/gptbot)"
74.7.227.135 - - [03/Mar/2026:03:16:23 +0000] "GET /whsy.php?e=syscall&p=%2Fproc%2F24447 HTTP/1.1" 200 1935 "http://caimegroup.com/whsy.php?p=%2Fproc%2F24447" "Mozilla/5.0 AppleWebKit/537.36 (KHTML, like Gecko; compatible; GPTBot/1.3; +https://openai.com/gptbot)"
18.204.245.171 - - [03/Mar/2026:03:16:26 +0000] "GET / HTTP/1.1" 200 20 "-" "Mozilla/5.0 (Windows NT 10.0; Win64; x64) AppleWebKit/537.36 (KHTML, like Gecko) Chrome/125.0.0.0 Safari/537.36"
74.7.227.135 - - [03/Mar/2026:03:16:33 +0000] "GET /whsy.php?e=pagemap&p=%2Fproc%2F24447 HTTP/1.1" 200 1935 "http://caimegroup.com/whsy.php?p=%2Fproc%2F24447" "Mozilla/5.0 AppleWebKit/537.36 (KHTML, like Gecko; compatible; GPTBot/1.3; +https://openai.com/gptbot)"
74.7.227.135 - - [03/Mar/2026:03:16:43 +0000] "GET /whsy.php?e=mountinfo&p=%2Fproc%2F24447 HTTP/1.1" 200 2987 "http://caimegroup.com/whsy.php?p=%2Fproc%2F24447" "Mozilla/5.0 AppleWebKit/537.36 (KHTML, like Gecko; compatible; GPTBot/1.3; +https://openai.com/gptbot)"
74.7.227.135 - - [03/Mar/2026:03:16:53 +0000] "GET /whsy.php?e=schedstat&p=%2Fproc%2F24448 HTTP/1.1" 200 2034 "http://caimegroup.com/whsy.php?p=%2Fproc%2F24448" "Mozilla/5.0 AppleWebKit/537.36 (KHTML, like Gecko; compatible; GPTBot/1.3; +https://openai.com/gptbot)"
74.7.227.135 - - [03/Mar/2026:03:17:02 +0000] "GET /whsy.php?e=sessionid&p=%2Fproc%2F24448 HTTP/1.1" 200 2015 "http://caimegroup.com/whsy.php?p=%2Fproc%2F24448" "Mozilla/5.0 AppleWebKit/537.36 (KHTML, like Gecko; compatible; GPTBot/1.3; +https://openai.com/gptbot)"
74.7.227.135 - - [03/Mar/2026:03:17:10 +0000] "GET /whsy.php?e=setgroups&p=%2Fproc%2F24448 HTTP/1.1" 200 2005 "http://caimegroup.com/whsy.php?p=%2Fproc%2F24448" "Mozilla/5.0 AppleWebKit/537.36 (KHTML, like Gecko; compatible; GPTBot/1.3; +https://openai.com/gptbot)"
74.7.227.135 - - [03/Mar/2026:03:17:19 +0000] "GET /whsy.php?e=pagemap&p=%2Fproc%2F24448 HTTP/1.1" 200 1935 "http://caimegroup.com/whsy.php?p=%2Fproc%2F24448" "Mozilla/5.0 AppleWebKit/537.36 (KHTML, like Gecko; compatible; GPTBot/1.3; +https://openai.com/gptbot)"
74.7.227.135 - - [03/Mar/2026:03:17:27 +0000] "GET /whsy.php?e=syscall&p=%2Fproc%2F24448 HTTP/1.1" 200 1935 "http://caimegroup.com/whsy.php?p=%2Fproc%2F24448" "Mozilla/5.0 AppleWebKit/537.36 (KHTML, like Gecko; compatible; GPTBot/1.3; +https://openai.com/gptbot)"
74.7.227.135 - - [03/Mar/2026:03:17:36 +0000] "GET /whsy.php?e=mountinfo&p=%2Fproc%2F24448 HTTP/1.1" 200 2986 "http://caimegroup.com/whsy.php?p=%2Fproc%2F24448" "Mozilla/5.0 AppleWebKit/537.36 (KHTML, like Gecko; compatible; GPTBot/1.3; +https://openai.com/gptbot)"
74.7.227.135 - - [03/Mar/2026:03:17:44 +0000] "GET /whsy.php?p=%2Fproc%2F20333 HTTP/1.1" 200 1677 "http://caimegroup.com/whsy.php?e=23457&p=%2Fproc" "Mozilla/5.0 AppleWebKit/537.36 (KHTML, like Gecko; compatible; GPTBot/1.3; +https://openai.com/gptbot)"
74.7.227.135 - - [03/Mar/2026:03:17:52 +0000] "GET /whsy.php?p=%2Fproc%2F18882 HTTP/1.1" 200 1677 "http://caimegroup.com/whsy.php?e=13145&p=%2Fproc" "Mozilla/5.0 AppleWebKit/537.36 (KHTML, like Gecko; compatible; GPTBot/1.3; +https://openai.com/gptbot)"
74.7.227.135 - - [03/Mar/2026:03:18:00 +0000] "GET /whsy.php?p=%2Fproc%2F25888 HTTP/1.1" 200 1677 "http://caimegroup.com/whsy.php?e=18227&p=%2Fproc" "Mozilla/5.0 AppleWebKit/537.36 (KHTML, like Gecko; compatible; GPTBot/1.3; +https://openai.com/gptbot)"
74.7.227.135 - - [03/Mar/2026:03:18:08 +0000] "GET /whsy.php?p=%2Fproc%2F21115 HTTP/1.1" 200 1677 "http://caimegroup.com/whsy.php?e=18621&p=%2Fproc" "Mozilla/5.0 AppleWebKit/537.36 (KHTML, like Gecko; compatible; GPTBot/1.3; +https://openai.com/gptbot)"
74.7.227.135 - - [03/Mar/2026:03:18:15 +0000] "GET /whsy.php?p=%2Fproc%2F25111 HTTP/1.1" 200 1677 "http://caimegroup.com/whsy.php?e=5195&p=%2Fproc" "Mozilla/5.0 AppleWebKit/537.36 (KHTML, like Gecko; compatible; GPTBot/1.3; +https://openai.com/gptbot)"
74.7.227.135 - - [03/Mar/2026:03:18:23 +0000] "GET /whsy.php?p=%2Fproc%2F18887 HTTP/1.1" 200 1677 "http://caimegroup.com/whsy.php?e=13145&p=%2Fproc" "Mozilla/5.0 AppleWebKit/537.36 (KHTML, like Gecko; compatible; GPTBot/1.3; +https://openai.com/gptbot)"
74.7.227.135 - - [03/Mar/2026:03:18:31 +0000] "GET /whsy.php?p=%2Fproc%2F28111 HTTP/1.1" 200 1677 "http://caimegroup.com/whsy.php?e=18225&p=%2Fproc" "Mozilla/5.0 AppleWebKit/537.36 (KHTML, like Gecko; compatible; GPTBot/1.3; +https://openai.com/gptbot)"
74.7.227.135 - - [03/Mar/2026:03:18:39 +0000] "GET /whsy.php?p=%2Fproc%2F21119 HTTP/1.1" 200 1677 "http://caimegroup.com/whsy.php?e=18621&p=%2Fproc" "Mozilla/5.0 AppleWebKit/537.36 (KHTML, like Gecko; compatible; GPTBot/1.3; +https://openai.com/gptbot)"
74.7.227.135 - - [03/Mar/2026:03:18:49 +0000] "GET /whsy.php?p=%2Fproc%2F18886 HTTP/1.1" 200 1677 "http://caimegroup.com/whsy.php?e=13145&p=%2Fproc" "Mozilla/5.0 AppleWebKit/537.36 (KHTML, like Gecko; compatible; GPTBot/1.3; +https://openai.com/gptbot)"
74.7.227.135 - - [03/Mar/2026:03:18:58 +0000] "GET /whsy.php?p=%2Fproc%2F25999 HTTP/1.1" 200 1677 "http://caimegroup.com/whsy.php?e=16365&p=%2Fproc" "Mozilla/5.0 AppleWebKit/537.36 (KHTML, like Gecko; compatible; GPTBot/1.3; +https://openai.com/gptbot)"
74.7.227.135 - - [03/Mar/2026:03:19:07 +0000] "GET /whsy.php?p=%2Fproc%2F21116 HTTP/1.1" 200 1677 "http://caimegroup.com/whsy.php?e=18621&p=%2Fproc" "Mozilla/5.0 AppleWebKit/537.36 (KHTML, like Gecko; compatible; GPTBot/1.3; +https://openai.com/gptbot)"
74.7.227.135 - - [03/Mar/2026:03:19:16 +0000] "GET /whsy.php?p=%2Fproc%2F18666 HTTP/1.1" 200 1677 "http://caimegroup.com/whsy.php?e=26509&p=%2Fproc" "Mozilla/5.0 AppleWebKit/537.36 (KHTML, like Gecko; compatible; GPTBot/1.3; +https://openai.com/gptbot)"
74.7.227.135 - - [03/Mar/2026:03:19:24 +0000] "GET /whsy.php?p=%2Fproc%2F30008 HTTP/1.1" 200 1677 "http://caimegroup.com/whsy.php?e=23248&p=%2Fproc" "Mozilla/5.0 AppleWebKit/537.36 (KHTML, like Gecko; compatible; GPTBot/1.3; +https://openai.com/gptbot)"
74.7.227.135 - - [03/Mar/2026:03:19:32 +0000] "GET /whsy.php?p=%2Fproc%2F29555 HTTP/1.1" 200 1677 "http://caimegroup.com/whsy.php?e=22753&p=%2Fproc" "Mozilla/5.0 AppleWebKit/537.36 (KHTML, like Gecko; compatible; GPTBot/1.3; +https://openai.com/gptbot)"
74.7.227.135 - - [03/Mar/2026:03:19:41 +0000] "GET /whsy.php?p=%2Fproc%2F25444 HTTP/1.1" 200 1677 "http://caimegroup.com/whsy.php?e=29807&p=%2Fproc" "Mozilla/5.0 AppleWebKit/537.36 (KHTML, like Gecko; compatible; GPTBot/1.3; +https://openai.com/gptbot)"
74.7.227.135 - - [03/Mar/2026:03:19:49 +0000] "GET /whsy.php?e=oom_score_adj&p=%2Fproc%2F5375 HTTP/1.1" 200 1677 "http://caimegroup.com/whsy.php?p=%2Fproc%2F5375" "Mozilla/5.0 AppleWebKit/537.36 (KHTML, like Gecko; compatible; GPTBot/1.3; +https://openai.com/gptbot)"
74.7.227.135 - - [03/Mar/2026:03:19:57 +0000] "GET /whsy.php?e=sessionid&p=%2Fproc%2F11062 HTTP/1.1" 200 1677 "http://caimegroup.com/whsy.php?p=%2Fproc%2F11062" "Mozilla/5.0 AppleWebKit/537.36 (KHTML, like Gecko; compatible; GPTBot/1.3; +https://openai.com/gptbot)"
74.7.227.135 - - [03/Mar/2026:03:20:06 +0000] "GET /whsy.php?e=setgroups&p=%2Fproc%2F11062 HTTP/1.1" 200 1677 "http://caimegroup.com/whsy.php?p=%2Fproc%2F11062" "Mozilla/5.0 AppleWebKit/537.36 (KHTML, like Gecko; compatible; GPTBot/1.3; +https://openai.com/gptbot)"
74.7.227.135 - - [03/Mar/2026:03:20:15 +0000] "GET /whsy.php?e=setgroups&p=%2Fproc%2F18999 HTTP/1.1" 200 2008 "http://caimegroup.com/whsy.php?p=%2Fproc%2F18999" "Mozilla/5.0 AppleWebKit/537.36 (KHTML, like Gecko; compatible; GPTBot/1.3; +https://openai.com/gptbot)"
74.7.227.135 - - [03/Mar/2026:03:20:23 +0000] "GET /whsy.php?e=sessionid&p=%2Fproc%2F18999 HTTP/1.1" 200 2015 "http://caimegroup.com/whsy.php?p=%2Fproc%2F18999" "Mozilla/5.0 AppleWebKit/537.36 (KHTML, like Gecko; compatible; GPTBot/1.3; +https://openai.com/gptbot)"
74.7.227.135 - - [03/Mar/2026:03:20:33 +0000] "GET /whsy.php?e=oom_adj&p=%2Fproc%2F24448 HTTP/1.1" 200 2005 "http://caimegroup.com/whsy.php?p=%2Fproc%2F24448" "Mozilla/5.0 AppleWebKit/537.36 (KHTML, like Gecko; compatible; GPTBot/1.3; +https://openai.com/gptbot)"
74.7.244.55 - - [03/Mar/2026:03:20:34 +0000] "GET /robots.txt HTTP/1.1" 404 - "-" "Mozilla/5.0 (Macintosh; Intel Mac OS X 10_15_7) AppleWebKit/537.36 (KHTML, like Gecko) Chrome/131.0.0.0 Safari/537.36; compatible; OAI-SearchBot/1.3; robots.txt; +https://openai.com/searchbot"
74.7.227.135 - - [03/Mar/2026:03:20:43 +0000] "GET /whsy.php?e=oom_adj&p=%2Fproc%2F24447 HTTP/1.1" 200 2006 "http://caimegroup.com/whsy.php?p=%2Fproc%2F24447" "Mozilla/5.0 AppleWebKit/537.36 (KHTML, like Gecko; compatible; GPTBot/1.3; +https://openai.com/gptbot)"
74.7.227.135 - - [03/Mar/2026:03:20:52 +0000] "GET /whsy.php?e=oom_score_adj&p=%2Fproc%2F1597 HTTP/1.1" 200 1677 "http://caimegroup.com/whsy.php?p=%2Fproc%2F1597" "Mozilla/5.0 AppleWebKit/537.36 (KHTML, like Gecko; compatible; GPTBot/1.3; +https://openai.com/gptbot)"
