74.7.175.135 - - [02/Mar/2026:18:01:26 +0000] "GET /robots.txt HTTP/1.1" 404 - "-" "Mozilla/5.0 (Macintosh; Intel Mac OS X 10_15_7) AppleWebKit/537.36 (KHTML, like Gecko) Chrome/131.0.0.0 Safari/537.36; compatible; OAI-SearchBot/1.3; robots.txt; +https://openai.com/searchbot"
74.7.227.1 - - [02/Mar/2026:18:02:44 +0000] "GET /whsy.php?e=13304&p=%2Fproc HTTP/1.1" 200 4201 "http://caimegroup.com/whsy.php?e=filesystems&p=%2Fproc" "Mozilla/5.0 AppleWebKit/537.36 (KHTML, like Gecko; compatible; GPTBot/1.3; +https://openai.com/gptbot)"
74.7.227.1 - - [02/Mar/2026:18:04:03 +0000] "GET /whsy.php?p=%2Fproc%2F13336 HTTP/1.1" 200 1677 "http://caimegroup.com/whsy.php?e=filesystems&p=%2Fproc" "Mozilla/5.0 AppleWebKit/537.36 (KHTML, like Gecko; compatible; GPTBot/1.3; +https://openai.com/gptbot)"
74.7.227.1 - - [02/Mar/2026:18:05:35 +0000] "GET /whsy.php?p=%2Fproc%2F13332 HTTP/1.1" 200 1677 "http://caimegroup.com/whsy.php?e=filesystems&p=%2Fproc" "Mozilla/5.0 AppleWebKit/537.36 (KHTML, like Gecko; compatible; GPTBot/1.3; +https://openai.com/gptbot)"
74.7.227.1 - - [02/Mar/2026:18:06:51 +0000] "GET /whsy.php?p=%2Fproc%2F13331 HTTP/1.1" 200 1677 "http://caimegroup.com/whsy.php?e=filesystems&p=%2Fproc" "Mozilla/5.0 AppleWebKit/537.36 (KHTML, like Gecko; compatible; GPTBot/1.3; +https://openai.com/gptbot)"
74.7.175.135 - - [02/Mar/2026:18:06:52 +0000] "GET /robots.txt HTTP/1.1" 404 - "-" "Mozilla/5.0 (Macintosh; Intel Mac OS X 10_15_7) AppleWebKit/537.36 (KHTML, like Gecko) Chrome/131.0.0.0 Safari/537.36; compatible; OAI-SearchBot/1.3; robots.txt; +https://openai.com/searchbot"
74.7.227.1 - - [02/Mar/2026:18:07:51 +0000] "GET /whsy.php?p=%2Fproc%2F13330 HTTP/1.1" 200 1677 "http://caimegroup.com/whsy.php?e=filesystems&p=%2Fproc" "Mozilla/5.0 AppleWebKit/537.36 (KHTML, like Gecko; compatible; GPTBot/1.3; +https://openai.com/gptbot)"
74.7.227.1 - - [02/Mar/2026:18:09:12 +0000] "GET /whsy.php?p=%2Fproc%2F13334 HTTP/1.1" 200 1677 "http://caimegroup.com/whsy.php?e=filesystems&p=%2Fproc" "Mozilla/5.0 AppleWebKit/537.36 (KHTML, like Gecko; compatible; GPTBot/1.3; +https://openai.com/gptbot)"
74.7.227.1 - - [02/Mar/2026:18:10:27 +0000] "GET /whsy.php?p=%2Fproc%2F13337 HTTP/1.1" 200 1677 "http://caimegroup.com/whsy.php?e=filesystems&p=%2Fproc" "Mozilla/5.0 AppleWebKit/537.36 (KHTML, like Gecko; compatible; GPTBot/1.3; +https://openai.com/gptbot)"
74.7.227.1 - - [02/Mar/2026:18:11:32 +0000] "GET /whsy.php?p=%2Fproc%2F13335 HTTP/1.1" 200 1677 "http://caimegroup.com/whsy.php?e=filesystems&p=%2Fproc" "Mozilla/5.0 AppleWebKit/537.36 (KHTML, like Gecko; compatible; GPTBot/1.3; +https://openai.com/gptbot)"
74.7.227.1 - - [02/Mar/2026:18:12:54 +0000] "GET /whsy.php?p=%2Fproc%2F13338 HTTP/1.1" 200 1677 "http://caimegroup.com/whsy.php?e=filesystems&p=%2Fproc" "Mozilla/5.0 AppleWebKit/537.36 (KHTML, like Gecko; compatible; GPTBot/1.3; +https://openai.com/gptbot)"
74.7.175.135 - - [02/Mar/2026:18:12:55 +0000] "GET /robots.txt HTTP/1.1" 404 - "-" "Mozilla/5.0 (Macintosh; Intel Mac OS X 10_15_7) AppleWebKit/537.36 (KHTML, like Gecko) Chrome/131.0.0.0 Safari/537.36; compatible; OAI-SearchBot/1.3; robots.txt; +https://openai.com/searchbot"
74.7.227.1 - - [02/Mar/2026:18:14:08 +0000] "GET /whsy.php?e=25532&p=%2Fproc HTTP/1.1" 200 4243 "http://caimegroup.com/whsy.php?e=6927&p=%2Fproc" "Mozilla/5.0 AppleWebKit/537.36 (KHTML, like Gecko; compatible; GPTBot/1.3; +https://openai.com/gptbot)"
74.7.227.1 - - [02/Mar/2026:18:15:43 +0000] "GET /whsy.php?p=%2Fproc%2F31419 HTTP/1.1" 200 1677 "http://caimegroup.com/whsy.php?e=13311&p=%2Fproc" "Mozilla/5.0 AppleWebKit/537.36 (KHTML, like Gecko; compatible; GPTBot/1.3; +https://openai.com/gptbot)"
74.7.227.1 - - [02/Mar/2026:18:16:53 +0000] "GET /whsy.php?p=%2Fproc%2F5085 HTTP/1.1" 200 1677 "http://caimegroup.com/whsy.php?e=13304&p=%2Fproc" "Mozilla/5.0 AppleWebKit/537.36 (KHTML, like Gecko; compatible; GPTBot/1.3; +https://openai.com/gptbot)"
188.191.165.159 - - [02/Mar/2026:18:16:58 +0000] "GET //wp-json/wp/v2/posts HTTP/1.0" 404 - "-" "Mozilla/5.0 (Windows NT 10.0; Win64; x64) AppleWebKit/537.36 (KHTML, like Gecko) Chrome/120.0.0.0 Safari/537.36"
74.7.227.1 - - [02/Mar/2026:18:18:07 +0000] "GET /whsy.php?p=%2Fproc%2F5095 HTTP/1.1" 200 1677 "http://caimegroup.com/whsy.php?e=13304&p=%2Fproc" "Mozilla/5.0 AppleWebKit/537.36 (KHTML, like Gecko; compatible; GPTBot/1.3; +https://openai.com/gptbot)"
74.7.175.135 - - [02/Mar/2026:18:18:08 +0000] "GET /robots.txt HTTP/1.1" 404 - "-" "Mozilla/5.0 (Macintosh; Intel Mac OS X 10_15_7) AppleWebKit/537.36 (KHTML, like Gecko) Chrome/131.0.0.0 Safari/537.36; compatible; OAI-SearchBot/1.3; robots.txt; +https://openai.com/searchbot"
74.7.227.1 - - [02/Mar/2026:18:19:25 +0000] "GET /whsy.php?e=25498&p=%2Fproc HTTP/1.1" 200 4114 "http://caimegroup.com/whsy.php?e=6927&p=%2Fproc" "Mozilla/5.0 AppleWebKit/537.36 (KHTML, like Gecko; compatible; GPTBot/1.3; +https://openai.com/gptbot)"
20.151.2.242 - - [02/Mar/2026:18:20:04 +0000] "GET /wp-content/plugins/hellopress/wp_filemanager.php HTTP/1.1" 200 - "-" "-"
20.151.2.242 - - [02/Mar/2026:18:20:05 +0000] "GET /xxxx.php HTTP/1.1" 404 - "-" "-"
20.151.2.242 - - [02/Mar/2026:18:20:05 +0000] "GET /sbhu.php HTTP/1.1" 404 - "-" "-"
20.151.2.242 - - [02/Mar/2026:18:20:07 +0000] "GET /f.PhP7 HTTP/1.1" 404 - "-" "-"
20.151.2.242 - - [02/Mar/2026:18:20:08 +0000] "GET /gettest.php HTTP/1.1" 404 - "-" "-"
20.151.2.242 - - [02/Mar/2026:18:20:09 +0000] "GET /ayk.php HTTP/1.1" 404 - "-" "-"
20.151.2.242 - - [02/Mar/2026:18:20:11 +0000] "GET /wp-setting.php HTTP/1.1" 404 - "-" "-"
20.151.2.242 - - [02/Mar/2026:18:20:11 +0000] "GET /fleen.php HTTP/1.1" 404 - "-" "-"
20.151.2.242 - - [02/Mar/2026:18:20:12 +0000] "GET /install.php HTTP/1.1" 404 - "-" "-"
20.151.2.242 - - [02/Mar/2026:18:20:13 +0000] "GET /add.php HTTP/1.1" 404 - "-" "-"
20.151.2.242 - - [02/Mar/2026:18:20:15 +0000] "GET /path.php HTTP/1.1" 404 - "-" "-"
20.151.2.242 - - [02/Mar/2026:18:20:15 +0000] "GET /my.php HTTP/1.1" 404 - "-" "-"
20.151.2.242 - - [02/Mar/2026:18:20:17 +0000] "GET /we.php HTTP/1.1" 404 - "-" "-"
20.151.2.242 - - [02/Mar/2026:18:20:18 +0000] "GET /acp.php HTTP/1.1" 404 - "-" "-"
20.151.2.242 - - [02/Mar/2026:18:20:19 +0000] "GET /f6.php HTTP/1.1" 404 - "-" "-"
20.151.2.242 - - [02/Mar/2026:18:20:20 +0000] "GET /akcc.php HTTP/1.1" 404 - "-" "-"
20.151.2.242 - - [02/Mar/2026:18:20:20 +0000] "GET /wp-admin/themes.php HTTP/1.1" 500 3117 "-" "-"
20.151.2.242 - - [02/Mar/2026:18:20:24 +0000] "GET /0x.php HTTP/1.1" 404 - "-" "-"
20.151.2.242 - - [02/Mar/2026:18:20:25 +0000] "GET /chosen.php HTTP/1.1" 404 - "-" "-"
20.151.2.242 - - [02/Mar/2026:18:20:26 +0000] "GET /cwclass.php HTTP/1.1" 404 - "-" "-"
20.151.2.242 - - [02/Mar/2026:18:20:27 +0000] "GET /wp-admin/index.php HTTP/1.1" 500 3117 "-" "-"
20.151.2.242 - - [02/Mar/2026:18:20:29 +0000] "GET /X57.php HTTP/1.1" 404 - "-" "-"
20.151.2.242 - - [02/Mar/2026:18:20:30 +0000] "GET /autoload_classmap.php HTTP/1.1" 404 - "-" "-"
20.151.2.242 - - [02/Mar/2026:18:20:31 +0000] "GET /wp-x.php HTTP/1.1" 404 - "-" "-"
20.151.2.242 - - [02/Mar/2026:18:20:31 +0000] "GET /fff.php HTTP/1.1" 404 - "-" "-"
20.151.2.242 - - [02/Mar/2026:18:20:32 +0000] "GET /wp-content/bnm.php HTTP/1.1" 200 - "-" "-"
20.151.2.242 - - [02/Mar/2026:18:20:32 +0000] "GET /txets.php HTTP/1.1" 404 - "-" "-"
20.151.2.242 - - [02/Mar/2026:18:20:33 +0000] "GET /erty.php HTTP/1.1" 404 - "-" "-"
20.151.2.242 - - [02/Mar/2026:18:20:33 +0000] "GET /wp-admin/maint/admin.php HTTP/1.1" 200 - "-" "-"
20.151.2.242 - - [02/Mar/2026:18:20:34 +0000] "GET /pepe.php HTTP/1.1" 404 - "-" "-"
20.151.2.242 - - [02/Mar/2026:18:20:35 +0000] "GET /f35.php HTTP/1.1" 404 - "-" "-"
20.151.2.242 - - [02/Mar/2026:18:20:36 +0000] "GET /backup.php HTTP/1.1" 404 - "-" "-"
20.151.2.242 - - [02/Mar/2026:18:20:38 +0000] "GET /god.php HTTP/1.1" 404 - "-" "-"
20.151.2.242 - - [02/Mar/2026:18:20:40 +0000] "GET /b.php HTTP/1.1" 404 - "-" "-"
20.151.2.242 - - [02/Mar/2026:18:20:41 +0000] "GET /t00l.php HTTP/1.1" 404 - "-" "-"
20.151.2.242 - - [02/Mar/2026:18:20:42 +0000] "GET /ad2.php HTTP/1.1" 404 - "-" "-"
20.151.2.242 - - [02/Mar/2026:18:20:43 +0000] "GET /goat.php HTTP/1.1" 404 - "-" "-"
20.151.2.242 - - [02/Mar/2026:18:20:44 +0000] "GET /w3llstore.php HTTP/1.1" 404 - "-" "-"
20.151.2.242 - - [02/Mar/2026:18:20:44 +0000] "GET /1a.php HTTP/1.1" 404 - "-" "-"
20.151.2.242 - - [02/Mar/2026:18:20:46 +0000] "GET /aki.php HTTP/1.1" 404 - "-" "-"
20.151.2.242 - - [02/Mar/2026:18:20:48 +0000] "GET /simple.php HTTP/1.1" 404 - "-" "-"
20.151.2.242 - - [02/Mar/2026:18:20:49 +0000] "GET /ws66.php HTTP/1.1" 404 - "-" "-"
20.151.2.242 - - [02/Mar/2026:18:20:50 +0000] "GET /wp-includes/admin.php HTTP/1.1" 200 - "-" "-"
20.151.2.242 - - [02/Mar/2026:18:20:52 +0000] "GET /item.php HTTP/1.1" 404 - "-" "-"
20.151.2.242 - - [02/Mar/2026:18:20:53 +0000] "GET /ww.php HTTP/1.1" 404 - "-" "-"
20.151.2.242 - - [02/Mar/2026:18:20:53 +0000] "GET /bs4.PhP7 HTTP/1.1" 404 - "-" "-"
20.151.2.242 - - [02/Mar/2026:18:20:54 +0000] "GET /admin/index.php HTTP/1.1" 404 - "-" "-"
20.151.2.242 - - [02/Mar/2026:18:20:57 +0000] "GET /ftyude.php HTTP/1.1" 404 - "-" "-"
20.151.2.242 - - [02/Mar/2026:18:20:59 +0000] "GET /mh.php HTTP/1.1" 404 - "-" "-"
20.151.2.242 - - [02/Mar/2026:18:21:01 +0000] "GET /1.php HTTP/1.1" 404 - "-" "-"
20.151.2.242 - - [02/Mar/2026:18:21:02 +0000] "GET //edit.php HTTP/1.1" 404 - "-" "-"
74.7.227.1 - - [02/Mar/2026:18:21:03 +0000] "GET /whsy.php?p=%2Fproc%2F25551 HTTP/1.1" 200 1677 "http://caimegroup.com/whsy.php?e=6927&p=%2Fproc" "Mozilla/5.0 AppleWebKit/537.36 (KHTML, like Gecko; compatible; GPTBot/1.3; +https://openai.com/gptbot)"
20.151.2.242 - - [02/Mar/2026:18:21:03 +0000] "GET /wp-admin/js/wp-conflg.php HTTP/1.1" 200 - "-" "-"
20.151.2.242 - - [02/Mar/2026:18:21:05 +0000] "GET /pp.php HTTP/1.1" 404 - "-" "-"
20.151.2.242 - - [02/Mar/2026:18:21:06 +0000] "GET /wp-content/fot.php HTTP/1.1" 200 - "-" "-"
20.151.2.242 - - [02/Mar/2026:18:21:08 +0000] "GET /sxdfrt.php HTTP/1.1" 404 - "-" "-"
20.151.2.242 - - [02/Mar/2026:18:21:08 +0000] "GET /yas.php HTTP/1.1" 404 - "-" "-"
20.151.2.242 - - [02/Mar/2026:18:21:09 +0000] "GET /info.php HTTP/1.1" 404 - "-" "-"
20.151.2.242 - - [02/Mar/2026:18:21:09 +0000] "GET /lp6.php HTTP/1.1" 404 - "-" "-"
20.151.2.242 - - [02/Mar/2026:18:21:11 +0000] "GET /wp-admin/ms-edit.php HTTP/1.1" 500 3117 "-" "-"
20.151.2.242 - - [02/Mar/2026:18:21:14 +0000] "GET /bgymj.php HTTP/1.1" 404 - "-" "-"
20.151.2.242 - - [02/Mar/2026:18:21:15 +0000] "GET /8.php HTTP/1.1" 404 - "-" "-"
20.151.2.242 - - [02/Mar/2026:18:21:16 +0000] "GET /bolt.php HTTP/1.1" 404 - "-" "-"
20.151.2.242 - - [02/Mar/2026:18:21:17 +0000] "GET /public/vx.php HTTP/1.1" 404 - "-" "-"
20.151.2.242 - - [02/Mar/2026:18:21:18 +0000] "GET /666.php HTTP/1.1" 404 - "-" "-"
20.151.2.242 - - [02/Mar/2026:18:21:20 +0000] "GET /moshou.php HTTP/1.1" 404 - "-" "-"
20.151.2.242 - - [02/Mar/2026:18:21:22 +0000] "GET /jga.php HTTP/1.1" 404 - "-" "-"
20.151.2.242 - - [02/Mar/2026:18:21:23 +0000] "GET /Jcrop.php HTTP/1.1" 404 - "-" "-"
20.151.2.242 - - [02/Mar/2026:18:21:24 +0000] "GET /wp-content/cc13.php HTTP/1.1" 200 - "-" "-"
20.151.2.242 - - [02/Mar/2026:18:21:25 +0000] "GET /wp-admin/network/user-new.php HTTP/1.1" 500 3117 "-" "-"
20.151.2.242 - - [02/Mar/2026:18:21:27 +0000] "GET /aa.php HTTP/1.1" 404 - "-" "-"
20.151.2.242 - - [02/Mar/2026:18:21:29 +0000] "GET /ff1.php HTTP/1.1" 404 - "-" "-"
20.151.2.242 - - [02/Mar/2026:18:21:31 +0000] "GET /wp-the.php HTTP/1.1" 404 - "-" "-"
20.151.2.242 - - [02/Mar/2026:18:21:31 +0000] "GET /pass4.php HTTP/1.1" 404 - "-" "-"
20.151.2.242 - - [02/Mar/2026:18:21:33 +0000] "GET /C1.php HTTP/1.1" 404 - "-" "-"
20.151.2.242 - - [02/Mar/2026:18:21:34 +0000] "GET /gi.php HTTP/1.1" 404 - "-" "-"
20.151.2.242 - - [02/Mar/2026:18:21:35 +0000] "GET /tkllu.php HTTP/1.1" 404 - "-" "-"
20.151.2.242 - - [02/Mar/2026:18:21:40 +0000] "GET /fetch.php HTTP/1.1" 404 - "-" "-"
20.151.2.242 - - [02/Mar/2026:18:21:41 +0000] "GET /66.php HTTP/1.1" 404 - "-" "-"
20.151.2.242 - - [02/Mar/2026:18:21:42 +0000] "GET /1index.php HTTP/1.1" 404 - "-" "-"
20.151.2.242 - - [02/Mar/2026:18:21:43 +0000] "GET /wander.php HTTP/1.1" 404 - "-" "-"
20.151.2.242 - - [02/Mar/2026:18:21:44 +0000] "GET /makeasmtp.php HTTP/1.1" 404 - "-" "-"
20.151.2.242 - - [02/Mar/2026:18:21:46 +0000] "GET /xtsr.php HTTP/1.1" 404 - "-" "-"
20.151.2.242 - - [02/Mar/2026:18:21:47 +0000] "GET /Masks.php HTTP/1.1" 404 - "-" "-"
20.151.2.242 - - [02/Mar/2026:18:21:48 +0000] "GET /Geforce.php HTTP/1.1" 404 - "-" "-"
20.151.2.242 - - [02/Mar/2026:18:21:48 +0000] "GET /jb33.php HTTP/1.1" 404 - "-" "-"
20.151.2.242 - - [02/Mar/2026:18:21:49 +0000] "GET /vogme.php HTTP/1.1" 404 - "-" "-"
20.151.2.242 - - [02/Mar/2026:18:21:50 +0000] "GET /grsiuk.php HTTP/1.1" 404 - "-" "-"
20.151.2.242 - - [02/Mar/2026:18:21:51 +0000] "GET /inege.php HTTP/1.1" 404 - "-" "-"
20.151.2.242 - - [02/Mar/2026:18:21:52 +0000] "GET /global.php HTTP/1.1" 404 - "-" "-"
20.151.2.242 - - [02/Mar/2026:18:21:53 +0000] "GET /As.php HTTP/1.1" 404 - "-" "-"
20.151.2.242 - - [02/Mar/2026:18:21:54 +0000] "GET /btx25.php HTTP/1.1" 404 - "-" "-"
20.151.2.242 - - [02/Mar/2026:18:21:54 +0000] "GET /advanc.php HTTP/1.1" 404 - "-" "-"
20.151.2.242 - - [02/Mar/2026:18:21:54 +0000] "GET /ahgag.php HTTP/1.1" 404 - "-" "-"
20.151.2.242 - - [02/Mar/2026:18:21:55 +0000] "GET /yoawv.php HTTP/1.1" 404 - "-" "-"
20.151.2.242 - - [02/Mar/2026:18:21:56 +0000] "GET /xogve.php HTTP/1.1" 404 - "-" "-"
20.151.2.242 - - [02/Mar/2026:18:21:57 +0000] "GET /lp5.php HTTP/1.1" 404 - "-" "-"
20.151.2.242 - - [02/Mar/2026:18:21:57 +0000] "GET /torsa1.php HTTP/1.1" 404 - "-" "-"
20.151.2.242 - - [02/Mar/2026:18:21:58 +0000] "GET /an7.php HTTP/1.1" 404 - "-" "-"
20.151.2.242 - - [02/Mar/2026:18:21:59 +0000] "GET /clcdu.php HTTP/1.1" 404 - "-" "-"
20.151.2.242 - - [02/Mar/2026:18:22:00 +0000] "GET /uxijj.php HTTP/1.1" 404 - "-" "-"
20.151.2.242 - - [02/Mar/2026:18:22:00 +0000] "GET /rkiea.php HTTP/1.1" 404 - "-" "-"
20.151.2.242 - - [02/Mar/2026:18:22:01 +0000] "GET /resp.php HTTP/1.1" 404 - "-" "-"
20.151.2.242 - - [02/Mar/2026:18:22:03 +0000] "GET /ppxhp.php HTTP/1.1" 404 - "-" "-"
20.151.2.242 - - [02/Mar/2026:18:22:04 +0000] "GET /fs7.php HTTP/1.1" 404 - "-" "-"
20.151.2.242 - - [02/Mar/2026:18:22:11 +0000] "GET /an7.php HTTP/1.1" 404 - "-" "-"
20.151.2.242 - - [02/Mar/2026:18:22:13 +0000] "GET /yclby.php HTTP/1.1" 404 - "-" "-"
20.151.2.242 - - [02/Mar/2026:18:22:15 +0000] "GET /100.kb.php HTTP/1.1" 404 - "-" "-"
20.151.2.242 - - [02/Mar/2026:18:22:15 +0000] "GET /gec.php HTTP/1.1" 404 - "-" "-"
20.151.2.242 - - [02/Mar/2026:18:22:16 +0000] "GET /zwq13.php HTTP/1.1" 404 - "-" "-"
20.151.2.242 - - [02/Mar/2026:18:22:21 +0000] "GET /wqqs.php HTTP/1.1" 404 - "-" "-"
20.151.2.242 - - [02/Mar/2026:18:22:23 +0000] "GET /wp_wlx.php HTTP/1.1" 404 - "-" "-"
20.151.2.242 - - [02/Mar/2026:18:22:24 +0000] "GET /trx24.php HTTP/1.1" 404 - "-" "-"
20.151.2.242 - - [02/Mar/2026:18:22:26 +0000] "GET /x123x.php HTTP/1.1" 404 - "-" "-"
20.151.2.242 - - [02/Mar/2026:18:22:27 +0000] "GET /nc4.php HTTP/1.1" 404 - "-" "-"
20.151.2.242 - - [02/Mar/2026:18:22:27 +0000] "GET /Ov-Simple1.php HTTP/1.1" 404 - "-" "-"
74.7.227.1 - - [02/Mar/2026:18:22:28 +0000] "GET /whsy.php?p=%2Fproc%2F25550 HTTP/1.1" 200 1677 "http://caimegroup.com/whsy.php?e=6927&p=%2Fproc" "Mozilla/5.0 AppleWebKit/537.36 (KHTML, like Gecko; compatible; GPTBot/1.3; +https://openai.com/gptbot)"
20.151.2.242 - - [02/Mar/2026:18:22:29 +0000] "GET /wp-admin/maint/bal.php HTTP/1.1" 200 - "-" "-"
20.151.2.242 - - [02/Mar/2026:18:22:31 +0000] "GET /xex.php HTTP/1.1" 404 - "-" "-"
20.151.2.242 - - [02/Mar/2026:18:22:32 +0000] "GET /wp-file.php HTTP/1.1" 404 - "-" "-"
20.151.2.242 - - [02/Mar/2026:18:22:33 +0000] "GET /wdf.php HTTP/1.1" 404 - "-" "-"
20.151.2.242 - - [02/Mar/2026:18:22:33 +0000] "GET /ticket.php HTTP/1.1" 404 - "-" "-"
20.151.2.242 - - [02/Mar/2026:18:22:35 +0000] "GET /state.php HTTP/1.1" 404 - "-" "-"
20.151.2.242 - - [02/Mar/2026:18:22:36 +0000] "GET /403.php HTTP/1.1" 404 - "-" "-"
20.151.2.242 - - [02/Mar/2026:18:22:37 +0000] "GET /xy.php HTTP/1.1" 404 - "-" "-"
20.151.2.242 - - [02/Mar/2026:18:22:41 +0000] "GET /tool.php HTTP/1.1" 404 - "-" "-"
20.151.2.242 - - [02/Mar/2026:18:22:44 +0000] "GET /wpls.php HTTP/1.1" 404 - "-" "-"
20.151.2.242 - - [02/Mar/2026:18:22:46 +0000] "GET /mjq.php HTTP/1.1" 404 - "-" "-"
20.151.2.242 - - [02/Mar/2026:18:22:47 +0000] "GET /wp-4doption1.php HTTP/1.1" 404 - "-" "-"
20.151.2.242 - - [02/Mar/2026:18:22:47 +0000] "GET /img.php HTTP/1.1" 404 - "-" "-"
74.7.227.1 - - [02/Mar/2026:18:24:07 +0000] "GET /whsy.php?p=%2Fproc%2F25552 HTTP/1.1" 200 1677 "http://caimegroup.com/whsy.php?e=6927&p=%2Fproc" "Mozilla/5.0 AppleWebKit/537.36 (KHTML, like Gecko; compatible; GPTBot/1.3; +https://openai.com/gptbot)"
74.7.175.135 - - [02/Mar/2026:18:24:08 +0000] "GET /robots.txt HTTP/1.1" 404 - "-" "Mozilla/5.0 (Macintosh; Intel Mac OS X 10_15_7) AppleWebKit/537.36 (KHTML, like Gecko) Chrome/131.0.0.0 Safari/537.36; compatible; OAI-SearchBot/1.3; robots.txt; +https://openai.com/searchbot"
74.7.227.1 - - [02/Mar/2026:18:25:24 +0000] "GET /whsy.php?p=%2Fproc%2F30879 HTTP/1.1" 200 1677 "http://caimegroup.com/whsy.php?e=13311&p=%2Fproc" "Mozilla/5.0 AppleWebKit/537.36 (KHTML, like Gecko; compatible; GPTBot/1.3; +https://openai.com/gptbot)"
74.7.227.1 - - [02/Mar/2026:18:27:09 +0000] "GET /whsy.php?p=%2Fproc%2F25514 HTTP/1.1" 200 1677 "http://caimegroup.com/whsy.php?e=6927&p=%2Fproc" "Mozilla/5.0 AppleWebKit/537.36 (KHTML, like Gecko; compatible; GPTBot/1.3; +https://openai.com/gptbot)"
74.7.227.1 - - [02/Mar/2026:18:28:30 +0000] "GET /whsy.php?p=%2Fproc%2F31410 HTTP/1.1" 200 1677 "http://caimegroup.com/whsy.php?e=13311&p=%2Fproc" "Mozilla/5.0 AppleWebKit/537.36 (KHTML, like Gecko; compatible; GPTBot/1.3; +https://openai.com/gptbot)"
74.7.227.1 - - [02/Mar/2026:18:29:50 +0000] "GET /whsy.php?e=29284&p=%2Fproc HTTP/1.1" 200 4096 "http://caimegroup.com/whsy.php?e=25532&p=%2Fproc" "Mozilla/5.0 AppleWebKit/537.36 (KHTML, like Gecko; compatible; GPTBot/1.3; +https://openai.com/gptbot)"
74.7.175.135 - - [02/Mar/2026:18:29:51 +0000] "GET /robots.txt HTTP/1.1" 404 - "-" "Mozilla/5.0 (Macintosh; Intel Mac OS X 10_15_7) AppleWebKit/537.36 (KHTML, like Gecko) Chrome/131.0.0.0 Safari/537.36; compatible; OAI-SearchBot/1.3; robots.txt; +https://openai.com/searchbot"
74.7.227.1 - - [02/Mar/2026:18:31:30 +0000] "GET /whsy.php?p=%2Fproc%2F29333 HTTP/1.1" 200 1677 "http://caimegroup.com/whsy.php?e=25532&p=%2Fproc" "Mozilla/5.0 AppleWebKit/537.36 (KHTML, like Gecko; compatible; GPTBot/1.3; +https://openai.com/gptbot)"
74.7.227.1 - - [02/Mar/2026:18:32:54 +0000] "GET /whsy.php?p=%2Fproc%2F13339 HTTP/1.1" 200 1677 "http://caimegroup.com/whsy.php?e=25532&p=%2Fproc" "Mozilla/5.0 AppleWebKit/537.36 (KHTML, like Gecko; compatible; GPTBot/1.3; +https://openai.com/gptbot)"
74.7.227.1 - - [02/Mar/2026:18:34:08 +0000] "GET /whsy.php?p=%2Fproc%2F29292 HTTP/1.1" 200 1677 "http://caimegroup.com/whsy.php?e=25532&p=%2Fproc" "Mozilla/5.0 AppleWebKit/537.36 (KHTML, like Gecko; compatible; GPTBot/1.3; +https://openai.com/gptbot)"
74.7.227.1 - - [02/Mar/2026:18:35:47 +0000] "GET /whsy.php?p=%2Fproc%2F32323 HTTP/1.1" 200 1677 "http://caimegroup.com/whsy.php?e=25498&p=%2Fproc" "Mozilla/5.0 AppleWebKit/537.36 (KHTML, like Gecko; compatible; GPTBot/1.3; +https://openai.com/gptbot)"
74.7.175.135 - - [02/Mar/2026:18:35:48 +0000] "GET /robots.txt HTTP/1.1" 404 - "-" "Mozilla/5.0 (Macintosh; Intel Mac OS X 10_15_7) AppleWebKit/537.36 (KHTML, like Gecko) Chrome/131.0.0.0 Safari/537.36; compatible; OAI-SearchBot/1.3; robots.txt; +https://openai.com/searchbot"
74.7.227.1 - - [02/Mar/2026:18:37:06 +0000] "GET /whsy.php?p=%2Fproc%2F25544 HTTP/1.1" 200 1677 "http://caimegroup.com/whsy.php?e=6927&p=%2Fproc" "Mozilla/5.0 AppleWebKit/537.36 (KHTML, like Gecko; compatible; GPTBot/1.3; +https://openai.com/gptbot)"
74.7.227.1 - - [02/Mar/2026:18:38:33 +0000] "GET /whsy.php?p=%2Fproc%2F13346 HTTP/1.1" 200 1677 "http://caimegroup.com/whsy.php?e=filesystems&p=%2Fproc" "Mozilla/5.0 AppleWebKit/537.36 (KHTML, like Gecko; compatible; GPTBot/1.3; +https://openai.com/gptbot)"
74.7.227.1 - - [02/Mar/2026:18:39:49 +0000] "GET /whsy.php?p=%2Fproc%2F30650 HTTP/1.1" 200 1677 "http://caimegroup.com/whsy.php?e=13311&p=%2Fproc" "Mozilla/5.0 AppleWebKit/537.36 (KHTML, like Gecko; compatible; GPTBot/1.3; +https://openai.com/gptbot)"
74.7.227.1 - - [02/Mar/2026:18:41:01 +0000] "GET /whsy.php?p=%2Fproc%2F31358 HTTP/1.1" 200 1677 "http://caimegroup.com/whsy.php?e=6927&p=%2Fproc" "Mozilla/5.0 AppleWebKit/537.36 (KHTML, like Gecko; compatible; GPTBot/1.3; +https://openai.com/gptbot)"
74.7.175.135 - - [02/Mar/2026:18:41:02 +0000] "GET /robots.txt HTTP/1.1" 404 - "-" "Mozilla/5.0 (Macintosh; Intel Mac OS X 10_15_7) AppleWebKit/537.36 (KHTML, like Gecko) Chrome/131.0.0.0 Safari/537.36; compatible; OAI-SearchBot/1.3; robots.txt; +https://openai.com/searchbot"
74.7.227.1 - - [02/Mar/2026:18:42:17 +0000] "GET /whsy.php?p=%2Fproc%2F25516 HTTP/1.1" 200 1677 "http://caimegroup.com/whsy.php?e=6927&p=%2Fproc" "Mozilla/5.0 AppleWebKit/537.36 (KHTML, like Gecko; compatible; GPTBot/1.3; +https://openai.com/gptbot)"
74.7.227.1 - - [02/Mar/2026:18:43:38 +0000] "GET /whsy.php?p=%2Fproc%2F29315 HTTP/1.1" 200 1677 "http://caimegroup.com/whsy.php?e=25532&p=%2Fproc" "Mozilla/5.0 AppleWebKit/537.36 (KHTML, like Gecko; compatible; GPTBot/1.3; +https://openai.com/gptbot)"
74.7.227.1 - - [02/Mar/2026:18:44:47 +0000] "GET /whsy.php?e=10840&p=%2Fproc HTTP/1.1" 200 4207 "http://caimegroup.com/whsy.php?e=29284&p=%2Fproc" "Mozilla/5.0 AppleWebKit/537.36 (KHTML, like Gecko; compatible; GPTBot/1.3; +https://openai.com/gptbot)"
74.7.227.1 - - [02/Mar/2026:18:46:16 +0000] "GET /whsy.php?p=%2Fproc%2F10872 HTTP/1.1" 200 1677 "http://caimegroup.com/whsy.php?e=29284&p=%2Fproc" "Mozilla/5.0 AppleWebKit/537.36 (KHTML, like Gecko; compatible; GPTBot/1.3; +https://openai.com/gptbot)"
74.7.175.135 - - [02/Mar/2026:18:46:17 +0000] "GET /robots.txt HTTP/1.1" 404 - "-" "Mozilla/5.0 (Macintosh; Intel Mac OS X 10_15_7) AppleWebKit/537.36 (KHTML, like Gecko) Chrome/131.0.0.0 Safari/537.36; compatible; OAI-SearchBot/1.3; robots.txt; +https://openai.com/searchbot"
74.7.227.1 - - [02/Mar/2026:18:47:31 +0000] "GET /whsy.php?p=%2Fproc%2F29065 HTTP/1.1" 200 1935 "http://caimegroup.com/whsy.php?e=29284&p=%2Fproc" "Mozilla/5.0 AppleWebKit/537.36 (KHTML, like Gecko; compatible; GPTBot/1.3; +https://openai.com/gptbot)"
74.7.227.1 - - [02/Mar/2026:18:48:46 +0000] "GET /whsy.php?p=%2Fproc%2F13359 HTTP/1.1" 200 1677 "http://caimegroup.com/whsy.php?e=filesystems&p=%2Fproc" "Mozilla/5.0 AppleWebKit/537.36 (KHTML, like Gecko; compatible; GPTBot/1.3; +https://openai.com/gptbot)"
74.7.227.1 - - [02/Mar/2026:18:50:17 +0000] "GET /whsy.php?p=%2Fproc%2F23897 HTTP/1.1" 200 1677 "http://caimegroup.com/whsy.php?e=25498&p=%2Fproc" "Mozilla/5.0 AppleWebKit/537.36 (KHTML, like Gecko; compatible; GPTBot/1.3; +https://openai.com/gptbot)"
74.7.227.1 - - [02/Mar/2026:18:51:43 +0000] "GET /whsy.php?p=%2Fproc%2F29274 HTTP/1.1" 200 1677 "http://caimegroup.com/whsy.php?e=25532&p=%2Fproc" "Mozilla/5.0 AppleWebKit/537.36 (KHTML, like Gecko; compatible; GPTBot/1.3; +https://openai.com/gptbot)"
74.7.175.135 - - [02/Mar/2026:18:51:43 +0000] "GET /robots.txt HTTP/1.1" 404 - "-" "Mozilla/5.0 (Macintosh; Intel Mac OS X 10_15_7) AppleWebKit/537.36 (KHTML, like Gecko) Chrome/131.0.0.0 Safari/537.36; compatible; OAI-SearchBot/1.3; robots.txt; +https://openai.com/searchbot"
74.7.227.1 - - [02/Mar/2026:18:53:29 +0000] "GET /whsy.php?p=%2Fproc%2F31415 HTTP/1.1" 200 1677 "http://caimegroup.com/whsy.php?e=13311&p=%2Fproc" "Mozilla/5.0 AppleWebKit/537.36 (KHTML, like Gecko; compatible; GPTBot/1.3; +https://openai.com/gptbot)"
74.7.227.1 - - [02/Mar/2026:18:55:03 +0000] "GET /whsy.php?p=%2Fproc%2F25509 HTTP/1.1" 200 1677 "http://caimegroup.com/whsy.php?e=6927&p=%2Fproc" "Mozilla/5.0 AppleWebKit/537.36 (KHTML, like Gecko; compatible; GPTBot/1.3; +https://openai.com/gptbot)"
74.7.227.1 - - [02/Mar/2026:18:57:06 +0000] "GET /whsy.php?p=%2Fproc%2F23898 HTTP/1.1" 200 1677 "http://caimegroup.com/whsy.php?e=25498&p=%2Fproc" "Mozilla/5.0 AppleWebKit/537.36 (KHTML, like Gecko; compatible; GPTBot/1.3; +https://openai.com/gptbot)"
74.7.227.1 - - [02/Mar/2026:18:58:51 +0000] "GET /whsy.php?p=%2Fproc%2F29399 HTTP/1.1" 200 1677 "http://caimegroup.com/whsy.php?e=6927&p=%2Fproc" "Mozilla/5.0 AppleWebKit/537.36 (KHTML, like Gecko; compatible; GPTBot/1.3; +https://openai.com/gptbot)"
74.7.227.1 - - [02/Mar/2026:19:00:46 +0000] "GET /whsy.php?p=%2Fproc%2F31861 HTTP/1.1" 200 1907 "http://caimegroup.com/whsy.php?e=kpagecgroup&p=%2Fproc" "Mozilla/5.0 AppleWebKit/537.36 (KHTML, like Gecko; compatible; GPTBot/1.3; +https://openai.com/gptbot)"
74.7.227.1 - - [02/Mar/2026:19:02:17 +0000] "GET /whsy.php?p=%2Fproc%2F18254 HTTP/1.1" 200 1677 "http://caimegroup.com/whsy.php?e=10840&p=%2Fproc" "Mozilla/5.0 AppleWebKit/537.36 (KHTML, like Gecko; compatible; GPTBot/1.3; +https://openai.com/gptbot)"
74.7.175.135 - - [02/Mar/2026:19:02:18 +0000] "GET /robots.txt HTTP/1.1" 404 - "-" "Mozilla/5.0 (Macintosh; Intel Mac OS X 10_15_7) AppleWebKit/537.36 (KHTML, like Gecko) Chrome/131.0.0.0 Safari/537.36; compatible; OAI-SearchBot/1.3; robots.txt; +https://openai.com/searchbot"
74.7.227.1 - - [02/Mar/2026:19:03:51 +0000] "GET /whsy.php?e=18227&p=%2Fproc HTTP/1.1" 200 4166 "http://caimegroup.com/whsy.php?e=10840&p=%2Fproc" "Mozilla/5.0 AppleWebKit/537.36 (KHTML, like Gecko; compatible; GPTBot/1.3; +https://openai.com/gptbot)"
139.162.194.112 - - [02/Mar/2026:19:04:00 +0000] "GET /.well-known/acme-challenge/index.php HTTP/1.1" 404 - "-" "get_local:DCV"
74.7.227.1 - - [02/Mar/2026:19:05:37 +0000] "GET /whsy.php?e=mountinfo&p=%2Fproc%2F29065 HTTP/1.1" 200 1677 "http://caimegroup.com/whsy.php?p=%2Fproc%2F29065" "Mozilla/5.0 AppleWebKit/537.36 (KHTML, like Gecko; compatible; GPTBot/1.3; +https://openai.com/gptbot)"
74.7.227.1 - - [02/Mar/2026:19:06:52 +0000] "GET /whsy.php?e=18225&p=%2Fproc HTTP/1.1" 200 4175 "http://caimegroup.com/whsy.php?e=10840&p=%2Fproc" "Mozilla/5.0 AppleWebKit/537.36 (KHTML, like Gecko; compatible; GPTBot/1.3; +https://openai.com/gptbot)"
74.7.227.1 - - [02/Mar/2026:19:08:25 +0000] "GET /whsy.php?e=18226&p=%2Fproc HTTP/1.1" 200 4192 "http://caimegroup.com/whsy.php?e=10840&p=%2Fproc" "Mozilla/5.0 AppleWebKit/537.36 (KHTML, like Gecko; compatible; GPTBot/1.3; +https://openai.com/gptbot)"
74.7.175.135 - - [02/Mar/2026:19:08:26 +0000] "GET /robots.txt HTTP/1.1" 404 - "-" "Mozilla/5.0 (Macintosh; Intel Mac OS X 10_15_7) AppleWebKit/537.36 (KHTML, like Gecko) Chrome/131.0.0.0 Safari/537.36; compatible; OAI-SearchBot/1.3; robots.txt; +https://openai.com/searchbot"
74.7.227.1 - - [02/Mar/2026:19:09:55 +0000] "GET /whsy.php?e=stack&p=%2Fproc%2F29065 HTTP/1.1" 200 1677 "http://caimegroup.com/whsy.php?p=%2Fproc%2F29065" "Mozilla/5.0 AppleWebKit/537.36 (KHTML, like Gecko; compatible; GPTBot/1.3; +https://openai.com/gptbot)"
74.7.227.1 - - [02/Mar/2026:19:11:18 +0000] "GET /whsy.php?e=statm&p=%2Fproc%2F29065 HTTP/1.1" 200 1677 "http://caimegroup.com/whsy.php?p=%2Fproc%2F29065" "Mozilla/5.0 AppleWebKit/537.36 (KHTML, like Gecko; compatible; GPTBot/1.3; +https://openai.com/gptbot)"
74.7.227.1 - - [02/Mar/2026:19:12:53 +0000] "GET /whsy.php?e=auxv&p=%2Fproc%2F29065 HTTP/1.1" 200 1677 "http://caimegroup.com/whsy.php?p=%2Fproc%2F29065" "Mozilla/5.0 AppleWebKit/537.36 (KHTML, like Gecko; compatible; GPTBot/1.3; +https://openai.com/gptbot)"
74.7.227.1 - - [02/Mar/2026:19:14:35 +0000] "GET /whsy.php?e=sessionid&p=%2Fproc%2F29065 HTTP/1.1" 200 1677 "http://caimegroup.com/whsy.php?p=%2Fproc%2F29065" "Mozilla/5.0 AppleWebKit/537.36 (KHTML, like Gecko; compatible; GPTBot/1.3; +https://openai.com/gptbot)"
74.7.175.135 - - [02/Mar/2026:19:14:36 +0000] "GET /robots.txt HTTP/1.1" 404 - "-" "Mozilla/5.0 (Macintosh; Intel Mac OS X 10_15_7) AppleWebKit/537.36 (KHTML, like Gecko) Chrome/131.0.0.0 Safari/537.36; compatible; OAI-SearchBot/1.3; robots.txt; +https://openai.com/searchbot"
74.7.227.1 - - [02/Mar/2026:19:16:02 +0000] "GET /whsy.php?e=setgroups&p=%2Fproc%2F29065 HTTP/1.1" 200 1677 "http://caimegroup.com/whsy.php?p=%2Fproc%2F29065" "Mozilla/5.0 AppleWebKit/537.36 (KHTML, like Gecko; compatible; GPTBot/1.3; +https://openai.com/gptbot)"
74.7.227.1 - - [02/Mar/2026:19:17:28 +0000] "GET /whsy.php?e=mountinfo&p=%2Fproc%2F31861 HTTP/1.1" 200 2949 "http://caimegroup.com/whsy.php?p=%2Fproc%2F31861" "Mozilla/5.0 AppleWebKit/537.36 (KHTML, like Gecko; compatible; GPTBot/1.3; +https://openai.com/gptbot)"
74.7.227.1 - - [02/Mar/2026:19:19:09 +0000] "GET /whsy.php?e=timerslack_ns&p=%2Fproc%2F31861 HTTP/1.1" 200 1983 "http://caimegroup.com/whsy.php?p=%2Fproc%2F31861" "Mozilla/5.0 AppleWebKit/537.36 (KHTML, like Gecko; compatible; GPTBot/1.3; +https://openai.com/gptbot)"
74.7.227.1 - - [02/Mar/2026:19:20:38 +0000] "GET /whsy.php?p=%2Fproc%2F1597 HTTP/1.1" 200 1935 "http://caimegroup.com/whsy.php?e=18227&p=%2Fproc" "Mozilla/5.0 AppleWebKit/537.36 (KHTML, like Gecko; compatible; GPTBot/1.3; +https://openai.com/gptbot)"
74.7.175.135 - - [02/Mar/2026:19:20:39 +0000] "GET /robots.txt HTTP/1.1" 404 - "-" "Mozilla/5.0 (Macintosh; Intel Mac OS X 10_15_7) AppleWebKit/537.36 (KHTML, like Gecko) Chrome/131.0.0.0 Safari/537.36; compatible; OAI-SearchBot/1.3; robots.txt; +https://openai.com/searchbot"
74.7.227.1 - - [02/Mar/2026:19:21:56 +0000] "GET /whsy.php?e=12996&p=%2Fproc HTTP/1.1" 200 4135 "http://caimegroup.com/whsy.php?e=18227&p=%2Fproc" "Mozilla/5.0 AppleWebKit/537.36 (KHTML, like Gecko; compatible; GPTBot/1.3; +https://openai.com/gptbot)"
74.7.227.1 - - [02/Mar/2026:19:23:04 +0000] "GET /whsy.php?e=28059&p=%2Fproc HTTP/1.1" 200 4054 "http://caimegroup.com/whsy.php?e=18225&p=%2Fproc" "Mozilla/5.0 AppleWebKit/537.36 (KHTML, like Gecko; compatible; GPTBot/1.3; +https://openai.com/gptbot)"
74.7.227.1 - - [02/Mar/2026:19:24:41 +0000] "GET /whsy.php?e=3401&p=%2Fproc HTTP/1.1" 200 4286 "http://caimegroup.com/whsy.php?e=18226&p=%2Fproc" "Mozilla/5.0 AppleWebKit/537.36 (KHTML, like Gecko; compatible; GPTBot/1.3; +https://openai.com/gptbot)"
74.7.227.1 - - [02/Mar/2026:19:26:15 +0000] "GET /whsy.php?e=stack&p=%2Fproc%2F31861 HTTP/1.1" 200 1979 "http://caimegroup.com/whsy.php?p=%2Fproc%2F31861" "Mozilla/5.0 AppleWebKit/537.36 (KHTML, like Gecko; compatible; GPTBot/1.3; +https://openai.com/gptbot)"
74.7.175.135 - - [02/Mar/2026:19:26:15 +0000] "GET /robots.txt HTTP/1.1" 404 - "-" "Mozilla/5.0 (Macintosh; Intel Mac OS X 10_15_7) AppleWebKit/537.36 (KHTML, like Gecko) Chrome/131.0.0.0 Safari/537.36; compatible; OAI-SearchBot/1.3; robots.txt; +https://openai.com/searchbot"
74.7.227.1 - - [02/Mar/2026:19:27:45 +0000] "GET /whsy.php?e=statm&p=%2Fproc%2F31861 HTTP/1.1" 200 2001 "http://caimegroup.com/whsy.php?p=%2Fproc%2F31861" "Mozilla/5.0 AppleWebKit/537.36 (KHTML, like Gecko; compatible; GPTBot/1.3; +https://openai.com/gptbot)"
74.7.227.1 - - [02/Mar/2026:19:29:18 +0000] "GET /whsy.php?e=auxv&p=%2Fproc%2F31861 HTTP/1.1" 200 1977 "http://caimegroup.com/whsy.php?p=%2Fproc%2F31861" "Mozilla/5.0 AppleWebKit/537.36 (KHTML, like Gecko; compatible; GPTBot/1.3; +https://openai.com/gptbot)"
74.7.227.1 - - [02/Mar/2026:19:30:36 +0000] "GET /whsy.php?e=wchan&p=%2Fproc%2F31861 HTTP/1.1" 200 1988 "http://caimegroup.com/whsy.php?p=%2Fproc%2F31861" "Mozilla/5.0 AppleWebKit/537.36 (KHTML, like Gecko; compatible; GPTBot/1.3; +https://openai.com/gptbot)"
74.7.227.1 - - [02/Mar/2026:19:31:59 +0000] "GET /whsy.php?e=timerslack_ns&p=%2Fproc%2F29065 HTTP/1.1" 200 1677 "http://caimegroup.com/whsy.php?p=%2Fproc%2F29065" "Mozilla/5.0 AppleWebKit/537.36 (KHTML, like Gecko; compatible; GPTBot/1.3; +https://openai.com/gptbot)"
74.7.175.135 - - [02/Mar/2026:19:31:59 +0000] "GET /robots.txt HTTP/1.1" 404 - "-" "Mozilla/5.0 (Macintosh; Intel Mac OS X 10_15_7) AppleWebKit/537.36 (KHTML, like Gecko) Chrome/131.0.0.0 Safari/537.36; compatible; OAI-SearchBot/1.3; robots.txt; +https://openai.com/searchbot"
74.7.227.1 - - [02/Mar/2026:19:33:09 +0000] "GET /whsy.php?e=18222&p=%2Fproc HTTP/1.1" 200 4167 "http://caimegroup.com/whsy.php?e=10840&p=%2Fproc" "Mozilla/5.0 AppleWebKit/537.36 (KHTML, like Gecko; compatible; GPTBot/1.3; +https://openai.com/gptbot)"
74.7.227.1 - - [02/Mar/2026:19:34:36 +0000] "GET /whsy.php?e=autogroup&p=%2Fproc%2F29065 HTTP/1.1" 200 1677 "http://caimegroup.com/whsy.php?p=%2Fproc%2F29065" "Mozilla/5.0 AppleWebKit/537.36 (KHTML, like Gecko; compatible; GPTBot/1.3; +https://openai.com/gptbot)"
74.7.227.1 - - [02/Mar/2026:19:36:03 +0000] "GET /whsy.php?e=auxv&p=%2Fproc%2F1597 HTTP/1.1" 200 1935 "http://caimegroup.com/whsy.php?p=%2Fproc%2F1597" "Mozilla/5.0 AppleWebKit/537.36 (KHTML, like Gecko; compatible; GPTBot/1.3; +https://openai.com/gptbot)"
74.7.227.1 - - [02/Mar/2026:19:37:21 +0000] "GET /whsy.php?p=%2Fproc%2F4252 HTTP/1.1" 200 1677 "http://caimegroup.com/whsy.php?e=12996&p=%2Fproc" "Mozilla/5.0 AppleWebKit/537.36 (KHTML, like Gecko; compatible; GPTBot/1.3; +https://openai.com/gptbot)"
74.7.175.135 - - [02/Mar/2026:19:37:22 +0000] "GET /robots.txt HTTP/1.1" 404 - "-" "Mozilla/5.0 (Macintosh; Intel Mac OS X 10_15_7) AppleWebKit/537.36 (KHTML, like Gecko) Chrome/131.0.0.0 Safari/537.36; compatible; OAI-SearchBot/1.3; robots.txt; +https://openai.com/searchbot"
74.7.227.1 - - [02/Mar/2026:19:38:42 +0000] "GET /whsy.php?p=%2Fproc%2F4250 HTTP/1.1" 200 1677 "http://caimegroup.com/whsy.php?e=12996&p=%2Fproc" "Mozilla/5.0 AppleWebKit/537.36 (KHTML, like Gecko; compatible; GPTBot/1.3; +https://openai.com/gptbot)"
74.7.227.1 - - [02/Mar/2026:19:39:46 +0000] "GET /whsy.php?p=%2Fproc%2F17360 HTTP/1.1" 200 1677 "http://caimegroup.com/whsy.php?e=3401&p=%2Fproc" "Mozilla/5.0 AppleWebKit/537.36 (KHTML, like Gecko; compatible; GPTBot/1.3; +https://openai.com/gptbot)"
74.7.227.1 - - [02/Mar/2026:19:41:04 +0000] "GET /whsy.php?p=%2Fproc%2F17380 HTTP/1.1" 200 1677 "http://caimegroup.com/whsy.php?e=3401&p=%2Fproc" "Mozilla/5.0 AppleWebKit/537.36 (KHTML, like Gecko; compatible; GPTBot/1.3; +https://openai.com/gptbot)"
74.7.227.1 - - [02/Mar/2026:19:42:01 +0000] "GET /whsy.php?p=%2Fproc%2F4231 HTTP/1.1" 200 1677 "http://caimegroup.com/whsy.php?e=12996&p=%2Fproc" "Mozilla/5.0 AppleWebKit/537.36 (KHTML, like Gecko; compatible; GPTBot/1.3; +https://openai.com/gptbot)"
74.7.227.1 - - [02/Mar/2026:19:43:12 +0000] "GET /whsy.php?e=4162&p=%2Fproc HTTP/1.1" 200 4099 "http://caimegroup.com/whsy.php?e=12996&p=%2Fproc" "Mozilla/5.0 AppleWebKit/537.36 (KHTML, like Gecko; compatible; GPTBot/1.3; +https://openai.com/gptbot)"
74.7.175.135 - - [02/Mar/2026:19:43:13 +0000] "GET /robots.txt HTTP/1.1" 404 - "-" "Mozilla/5.0 (Macintosh; Intel Mac OS X 10_15_7) AppleWebKit/537.36 (KHTML, like Gecko) Chrome/131.0.0.0 Safari/537.36; compatible; OAI-SearchBot/1.3; robots.txt; +https://openai.com/searchbot"
74.7.227.1 - - [02/Mar/2026:19:44:32 +0000] "GET /whsy.php?e=17415&p=%2Fproc HTTP/1.1" 200 4083 "http://caimegroup.com/whsy.php?e=3401&p=%2Fproc" "Mozilla/5.0 AppleWebKit/537.36 (KHTML, like Gecko; compatible; GPTBot/1.3; +https://openai.com/gptbot)"
74.7.227.1 - - [02/Mar/2026:19:46:03 +0000] "GET /whsy.php?e=17375&p=%2Fproc HTTP/1.1" 200 4227 "http://caimegroup.com/whsy.php?e=3401&p=%2Fproc" "Mozilla/5.0 AppleWebKit/537.36 (KHTML, like Gecko; compatible; GPTBot/1.3; +https://openai.com/gptbot)"
74.7.227.1 - - [02/Mar/2026:19:47:06 +0000] "GET /whsy.php?p=%2Fproc%2F27224 HTTP/1.1" 200 1677 "http://caimegroup.com/whsy.php?e=18222&p=%2Fproc" "Mozilla/5.0 AppleWebKit/537.36 (KHTML, like Gecko; compatible; GPTBot/1.3; +https://openai.com/gptbot)"
74.7.227.1 - - [02/Mar/2026:19:48:31 +0000] "GET /whsy.php?e=17414&p=%2Fproc HTTP/1.1" 200 4128 "http://caimegroup.com/whsy.php?e=3401&p=%2Fproc" "Mozilla/5.0 AppleWebKit/537.36 (KHTML, like Gecko; compatible; GPTBot/1.3; +https://openai.com/gptbot)"
74.7.175.135 - - [02/Mar/2026:19:48:32 +0000] "GET /robots.txt HTTP/1.1" 404 - "-" "Mozilla/5.0 (Macintosh; Intel Mac OS X 10_15_7) AppleWebKit/537.36 (KHTML, like Gecko) Chrome/131.0.0.0 Safari/537.36; compatible; OAI-SearchBot/1.3; robots.txt; +https://openai.com/searchbot"
74.7.227.1 - - [02/Mar/2026:19:49:59 +0000] "GET /whsy.php?e=27203&p=%2Fproc HTTP/1.1" 200 4053 "http://caimegroup.com/whsy.php?e=18222&p=%2Fproc" "Mozilla/5.0 AppleWebKit/537.36 (KHTML, like Gecko; compatible; GPTBot/1.3; +https://openai.com/gptbot)"
74.7.227.1 - - [02/Mar/2026:19:51:37 +0000] "GET /whsy.php?e=17404&p=%2Fproc HTTP/1.1" 200 4262 "http://caimegroup.com/whsy.php?e=3401&p=%2Fproc" "Mozilla/5.0 AppleWebKit/537.36 (KHTML, like Gecko; compatible; GPTBot/1.3; +https://openai.com/gptbot)"
74.7.227.1 - - [02/Mar/2026:19:52:51 +0000] "GET /whsy.php?e=17412&p=%2Fproc HTTP/1.1" 200 4132 "http://caimegroup.com/whsy.php?e=3401&p=%2Fproc" "Mozilla/5.0 AppleWebKit/537.36 (KHTML, like Gecko; compatible; GPTBot/1.3; +https://openai.com/gptbot)"
74.7.227.1 - - [02/Mar/2026:19:54:21 +0000] "GET /whsy.php?e=17413&p=%2Fproc HTTP/1.1" 200 4275 "http://caimegroup.com/whsy.php?e=3401&p=%2Fproc" "Mozilla/5.0 AppleWebKit/537.36 (KHTML, like Gecko; compatible; GPTBot/1.3; +https://openai.com/gptbot)"
74.7.175.135 - - [02/Mar/2026:19:54:22 +0000] "GET /robots.txt HTTP/1.1" 404 - "-" "Mozilla/5.0 (Macintosh; Intel Mac OS X 10_15_7) AppleWebKit/537.36 (KHTML, like Gecko) Chrome/131.0.0.0 Safari/537.36; compatible; OAI-SearchBot/1.3; robots.txt; +https://openai.com/searchbot"
74.7.227.1 - - [02/Mar/2026:19:55:20 +0000] "GET /whsy.php?e=stat&p=%2Fproc%2F1597 HTTP/1.1" 200 2132 "http://caimegroup.com/whsy.php?p=%2Fproc%2F1597" "Mozilla/5.0 AppleWebKit/537.36 (KHTML, like Gecko; compatible; GPTBot/1.3; +https://openai.com/gptbot)"
74.7.227.1 - - [02/Mar/2026:19:56:42 +0000] "GET /whsy.php?e=gid_map&p=%2Fproc%2F1597 HTTP/1.1" 200 2023 "http://caimegroup.com/whsy.php?p=%2Fproc%2F1597" "Mozilla/5.0 AppleWebKit/537.36 (KHTML, like Gecko; compatible; GPTBot/1.3; +https://openai.com/gptbot)"
74.7.227.1 - - [02/Mar/2026:19:58:02 +0000] "GET /whsy.php?p=%2Fproc%2F12458 HTTP/1.1" 200 1677 "http://caimegroup.com/whsy.php?e=4162&p=%2Fproc" "Mozilla/5.0 AppleWebKit/537.36 (KHTML, like Gecko; compatible; GPTBot/1.3; +https://openai.com/gptbot)"
74.7.227.1 - - [02/Mar/2026:19:59:07 +0000] "GET /whsy.php?p=%2Fproc%2F1669 HTTP/1.1" 200 1677 "http://caimegroup.com/whsy.php?e=4162&p=%2Fproc" "Mozilla/5.0 AppleWebKit/537.36 (KHTML, like Gecko; compatible; GPTBot/1.3; +https://openai.com/gptbot)"
74.7.227.1 - - [02/Mar/2026:20:00:18 +0000] "GET /whsy.php?e=26510&p=%2Fproc HTTP/1.1" 200 4257 "http://caimegroup.com/whsy.php?e=17375&p=%2Fproc" "Mozilla/5.0 AppleWebKit/537.36 (KHTML, like Gecko; compatible; GPTBot/1.3; +https://openai.com/gptbot)"
74.7.227.1 - - [02/Mar/2026:20:01:38 +0000] "GET /whsy.php?e=26505&p=%2Fproc HTTP/1.1" 200 4119 "http://caimegroup.com/whsy.php?e=17375&p=%2Fproc" "Mozilla/5.0 AppleWebKit/537.36 (KHTML, like Gecko; compatible; GPTBot/1.3; +https://openai.com/gptbot)"
74.7.227.1 - - [02/Mar/2026:20:02:53 +0000] "GET /whsy.php?p=%2Fproc%2F5775 HTTP/1.1" 200 1677 "http://caimegroup.com/whsy.php?e=17414&p=%2Fproc" "Mozilla/5.0 AppleWebKit/537.36 (KHTML, like Gecko; compatible; GPTBot/1.3; +https://openai.com/gptbot)"
74.7.227.1 - - [02/Mar/2026:20:04:23 +0000] "GET /whsy.php?e=26509&p=%2Fproc HTTP/1.1" 200 4317 "http://caimegroup.com/whsy.php?e=17375&p=%2Fproc" "Mozilla/5.0 AppleWebKit/537.36 (KHTML, like Gecko; compatible; GPTBot/1.3; +https://openai.com/gptbot)"
74.7.227.1 - - [02/Mar/2026:20:05:30 +0000] "GET /whsy.php?e=21066&p=%2Fproc HTTP/1.1" 200 4372 "http://caimegroup.com/whsy.php?e=17404&p=%2Fproc" "Mozilla/5.0 AppleWebKit/537.36 (KHTML, like Gecko; compatible; GPTBot/1.3; +https://openai.com/gptbot)"
74.7.175.135 - - [02/Mar/2026:20:05:31 +0000] "GET /robots.txt HTTP/1.1" 404 - "-" "Mozilla/5.0 (Macintosh; Intel Mac OS X 10_15_7) AppleWebKit/537.36 (KHTML, like Gecko) Chrome/131.0.0.0 Safari/537.36; compatible; OAI-SearchBot/1.3; robots.txt; +https://openai.com/searchbot"
74.7.227.1 - - [02/Mar/2026:20:06:55 +0000] "GET /whsy.php?p=%2Fproc%2F26990 HTTP/1.1" 200 1677 "http://caimegroup.com/whsy.php?e=17412&p=%2Fproc" "Mozilla/5.0 AppleWebKit/537.36 (KHTML, like Gecko; compatible; GPTBot/1.3; +https://openai.com/gptbot)"
74.7.227.1 - - [02/Mar/2026:20:08:15 +0000] "GET /whsy.php?e=2093&p=%2Fproc HTTP/1.1" 200 4119 "http://caimegroup.com/whsy.php?e=17413&p=%2Fproc" "Mozilla/5.0 AppleWebKit/537.36 (KHTML, like Gecko; compatible; GPTBot/1.3; +https://openai.com/gptbot)"
74.7.227.1 - - [02/Mar/2026:20:09:37 +0000] "GET /whsy.php?e=2057&p=%2Fproc HTTP/1.1" 200 4190 "http://caimegroup.com/whsy.php?e=17413&p=%2Fproc" "Mozilla/5.0 AppleWebKit/537.36 (KHTML, like Gecko; compatible; GPTBot/1.3; +https://openai.com/gptbot)"
74.7.227.1 - - [02/Mar/2026:20:10:56 +0000] "GET /whsy.php?e=2049&p=%2Fproc HTTP/1.1" 200 4058 "http://caimegroup.com/whsy.php?e=17413&p=%2Fproc" "Mozilla/5.0 AppleWebKit/537.36 (KHTML, like Gecko; compatible; GPTBot/1.3; +https://openai.com/gptbot)"
74.7.175.135 - - [02/Mar/2026:20:10:56 +0000] "GET /robots.txt HTTP/1.1" 404 - "-" "Mozilla/5.0 (Macintosh; Intel Mac OS X 10_15_7) AppleWebKit/537.36 (KHTML, like Gecko) Chrome/131.0.0.0 Safari/537.36; compatible; OAI-SearchBot/1.3; robots.txt; +https://openai.com/searchbot"
101.32.49.171 - - [02/Mar/2026:20:11:23 +0000] "GET / HTTP/1.1" 200 20 "-" "Mozilla/5.0 (iPhone; CPU iPhone OS 13_2_3 like Mac OS X) AppleWebKit/605.1.15 (KHTML, like Gecko) Version/13.0.3 Mobile/15E148 Safari/604.1"
74.7.227.1 - - [02/Mar/2026:20:11:58 +0000] "GET /whsy.php?e=21063&p=%2Fproc HTTP/1.1" 200 4011 "http://caimegroup.com/whsy.php?e=17404&p=%2Fproc" "Mozilla/5.0 AppleWebKit/537.36 (KHTML, like Gecko; compatible; GPTBot/1.3; +https://openai.com/gptbot)"
74.7.227.1 - - [02/Mar/2026:20:13:31 +0000] "GET /whsy.php?e=21065&p=%2Fproc HTTP/1.1" 200 4206 "http://caimegroup.com/whsy.php?e=17404&p=%2Fproc" "Mozilla/5.0 AppleWebKit/537.36 (KHTML, like Gecko; compatible; GPTBot/1.3; +https://openai.com/gptbot)"
170.106.181.163 - - [02/Mar/2026:20:14:15 +0000] "GET / HTTP/1.1" 200 20 "-" "Mozilla/5.0 (iPhone; CPU iPhone OS 13_2_3 like Mac OS X) AppleWebKit/605.1.15 (KHTML, like Gecko) Version/13.0.3 Mobile/15E148 Safari/604.1"
74.7.227.1 - - [02/Mar/2026:20:14:42 +0000] "GET /whsy.php?e=30920&p=%2Fproc HTTP/1.1" 200 4259 "http://caimegroup.com/whsy.php?e=26510&p=%2Fproc" "Mozilla/5.0 AppleWebKit/537.36 (KHTML, like Gecko; compatible; GPTBot/1.3; +https://openai.com/gptbot)"
74.7.227.1 - - [02/Mar/2026:20:16:18 +0000] "GET /whsy.php?e=26988&p=%2Fproc HTTP/1.1" 200 4161 "http://caimegroup.com/whsy.php?e=17412&p=%2Fproc" "Mozilla/5.0 AppleWebKit/537.36 (KHTML, like Gecko; compatible; GPTBot/1.3; +https://openai.com/gptbot)"
74.7.175.135 - - [02/Mar/2026:20:16:19 +0000] "GET /robots.txt HTTP/1.1" 404 - "-" "Mozilla/5.0 (Macintosh; Intel Mac OS X 10_15_7) AppleWebKit/537.36 (KHTML, like Gecko) Chrome/131.0.0.0 Safari/537.36; compatible; OAI-SearchBot/1.3; robots.txt; +https://openai.com/searchbot"
74.7.227.1 - - [02/Mar/2026:20:17:47 +0000] "GET /whsy.php?e=uid_map&p=%2Fproc%2F1597 HTTP/1.1" 200 2020 "http://caimegroup.com/whsy.php?p=%2Fproc%2F1597" "Mozilla/5.0 AppleWebKit/537.36 (KHTML, like Gecko; compatible; GPTBot/1.3; +https://openai.com/gptbot)"
74.7.227.1 - - [02/Mar/2026:20:19:07 +0000] "GET /whsy.php?e=18626&p=%2Fproc HTTP/1.1" 200 4203 "http://caimegroup.com/whsy.php?e=26509&p=%2Fproc" "Mozilla/5.0 AppleWebKit/537.36 (KHTML, like Gecko; compatible; GPTBot/1.3; +https://openai.com/gptbot)"
74.7.227.1 - - [02/Mar/2026:20:20:16 +0000] "GET /whsy.php?p=%2Fproc%2F22235 HTTP/1.1" 200 1677 "http://caimegroup.com/whsy.php?e=21066&p=%2Fproc" "Mozilla/5.0 AppleWebKit/537.36 (KHTML, like Gecko; compatible; GPTBot/1.3; +https://openai.com/gptbot)"
74.7.227.1 - - [02/Mar/2026:20:21:51 +0000] "GET /whsy.php?e=24299&p=%2Fproc HTTP/1.1" 200 4204 "http://caimegroup.com/whsy.php?e=21066&p=%2Fproc" "Mozilla/5.0 AppleWebKit/537.36 (KHTML, like Gecko; compatible; GPTBot/1.3; +https://openai.com/gptbot)"
74.7.175.135 - - [02/Mar/2026:20:21:52 +0000] "GET /robots.txt HTTP/1.1" 404 - "-" "Mozilla/5.0 (Macintosh; Intel Mac OS X 10_15_7) AppleWebKit/537.36 (KHTML, like Gecko) Chrome/131.0.0.0 Safari/537.36; compatible; OAI-SearchBot/1.3; robots.txt; +https://openai.com/searchbot"
74.7.227.1 - - [02/Mar/2026:20:23:17 +0000] "GET /whsy.php?p=%2Fproc%2F5620 HTTP/1.1" 200 1677 "http://caimegroup.com/whsy.php?e=2093&p=%2Fproc" "Mozilla/5.0 AppleWebKit/537.36 (KHTML, like Gecko; compatible; GPTBot/1.3; +https://openai.com/gptbot)"
74.7.227.1 - - [02/Mar/2026:20:24:48 +0000] "GET /whsy.php?p=%2Fproc%2F5608 HTTP/1.1" 200 1677 "http://caimegroup.com/whsy.php?e=2093&p=%2Fproc" "Mozilla/5.0 AppleWebKit/537.36 (KHTML, like Gecko; compatible; GPTBot/1.3; +https://openai.com/gptbot)"
74.7.227.1 - - [02/Mar/2026:20:26:19 +0000] "GET /whsy.php?e=24302&p=%2Fproc HTTP/1.1" 200 4169 "http://caimegroup.com/whsy.php?e=21066&p=%2Fproc" "Mozilla/5.0 AppleWebKit/537.36 (KHTML, like Gecko; compatible; GPTBot/1.3; +https://openai.com/gptbot)"
74.7.227.1 - - [02/Mar/2026:20:28:02 +0000] "GET /whsy.php?e=24300&p=%2Fproc HTTP/1.1" 200 4266 "http://caimegroup.com/whsy.php?e=21066&p=%2Fproc" "Mozilla/5.0 AppleWebKit/537.36 (KHTML, like Gecko; compatible; GPTBot/1.3; +https://openai.com/gptbot)"
74.7.175.135 - - [02/Mar/2026:20:28:03 +0000] "GET /robots.txt HTTP/1.1" 404 - "-" "Mozilla/5.0 (Macintosh; Intel Mac OS X 10_15_7) AppleWebKit/537.36 (KHTML, like Gecko) Chrome/131.0.0.0 Safari/537.36; compatible; OAI-SearchBot/1.3; robots.txt; +https://openai.com/searchbot"
74.7.227.1 - - [02/Mar/2026:20:29:54 +0000] "GET /whsy.php?e=24269&p=%2Fproc HTTP/1.1" 200 4057 "http://caimegroup.com/whsy.php?e=21066&p=%2Fproc" "Mozilla/5.0 AppleWebKit/537.36 (KHTML, like Gecko; compatible; GPTBot/1.3; +https://openai.com/gptbot)"
74.7.227.1 - - [02/Mar/2026:20:31:33 +0000] "GET /whsy.php?p=%2Fproc%2F5257 HTTP/1.1" 200 1677 "http://caimegroup.com/whsy.php?e=30920&p=%2Fproc" "Mozilla/5.0 AppleWebKit/537.36 (KHTML, like Gecko; compatible; GPTBot/1.3; +https://openai.com/gptbot)"
74.7.227.1 - - [02/Mar/2026:20:32:59 +0000] "GET /whsy.php?e=5220&p=%2Fproc HTTP/1.1" 200 4128 "http://caimegroup.com/whsy.php?e=30920&p=%2Fproc" "Mozilla/5.0 AppleWebKit/537.36 (KHTML, like Gecko; compatible; GPTBot/1.3; +https://openai.com/gptbot)"
74.7.175.135 - - [02/Mar/2026:20:33:11 +0000] "GET /robots.txt HTTP/1.1" 404 - "-" "Mozilla/5.0 (Macintosh; Intel Mac OS X 10_15_7) AppleWebKit/537.36 (KHTML, like Gecko) Chrome/131.0.0.0 Safari/537.36; compatible; OAI-SearchBot/1.3; robots.txt; +https://openai.com/searchbot"
74.7.227.1 - - [02/Mar/2026:20:34:28 +0000] "GET /whsy.php?e=5222&p=%2Fproc HTTP/1.1" 200 4253 "http://caimegroup.com/whsy.php?e=30920&p=%2Fproc" "Mozilla/5.0 AppleWebKit/537.36 (KHTML, like Gecko; compatible; GPTBot/1.3; +https://openai.com/gptbot)"
74.7.227.1 - - [02/Mar/2026:20:35:44 +0000] "GET /whsy.php?p=%2Fproc%2F26154 HTTP/1.1" 200 1677 "http://caimegroup.com/whsy.php?e=18626&p=%2Fproc" "Mozilla/5.0 AppleWebKit/537.36 (KHTML, like Gecko; compatible; GPTBot/1.3; +https://openai.com/gptbot)"
74.7.227.1 - - [02/Mar/2026:20:37:13 +0000] "GET /whsy.php?e=13145&p=%2Fproc HTTP/1.1" 200 4185 "http://caimegroup.com/whsy.php?e=26988&p=%2Fproc" "Mozilla/5.0 AppleWebKit/537.36 (KHTML, like Gecko; compatible; GPTBot/1.3; +https://openai.com/gptbot)"
74.7.227.1 - - [02/Mar/2026:20:38:37 +0000] "GET /whsy.php?p=%2Fproc%2F5143 HTTP/1.1" 200 1677 "http://caimegroup.com/whsy.php?e=24299&p=%2Fproc" "Mozilla/5.0 AppleWebKit/537.36 (KHTML, like Gecko; compatible; GPTBot/1.3; +https://openai.com/gptbot)"
74.7.175.135 - - [02/Mar/2026:20:38:38 +0000] "GET /robots.txt HTTP/1.1" 404 - "-" "Mozilla/5.0 (Macintosh; Intel Mac OS X 10_15_7) AppleWebKit/537.36 (KHTML, like Gecko) Chrome/131.0.0.0 Safari/537.36; compatible; OAI-SearchBot/1.3; robots.txt; +https://openai.com/searchbot"
74.7.227.1 - - [02/Mar/2026:20:40:07 +0000] "GET /whsy.php?p=%2Fproc%2F7163 HTTP/1.1" 200 1677 "http://caimegroup.com/whsy.php?e=24299&p=%2Fproc" "Mozilla/5.0 AppleWebKit/537.36 (KHTML, like Gecko; compatible; GPTBot/1.3; +https://openai.com/gptbot)"
74.7.227.1 - - [02/Mar/2026:20:41:28 +0000] "GET /whsy.php?e=7428&p=%2Fproc HTTP/1.1" 200 4110 "http://caimegroup.com/whsy.php?e=24299&p=%2Fproc" "Mozilla/5.0 AppleWebKit/537.36 (KHTML, like Gecko; compatible; GPTBot/1.3; +https://openai.com/gptbot)"
74.7.227.1 - - [02/Mar/2026:20:43:06 +0000] "GET /whsy.php?e=24301&p=%2Fproc HTTP/1.1" 200 4111 "http://caimegroup.com/whsy.php?e=21066&p=%2Fproc" "Mozilla/5.0 AppleWebKit/537.36 (KHTML, like Gecko; compatible; GPTBot/1.3; +https://openai.com/gptbot)"
74.7.227.1 - - [02/Mar/2026:20:44:33 +0000] "GET /whsy.php?p=%2Fproc%2F5989 HTTP/1.1" 200 1677 "http://caimegroup.com/whsy.php?e=24300&p=%2Fproc" "Mozilla/5.0 AppleWebKit/537.36 (KHTML, like Gecko; compatible; GPTBot/1.3; +https://openai.com/gptbot)"
74.7.175.135 - - [02/Mar/2026:20:44:34 +0000] "GET /robots.txt HTTP/1.1" 404 - "-" "Mozilla/5.0 (Macintosh; Intel Mac OS X 10_15_7) AppleWebKit/537.36 (KHTML, like Gecko) Chrome/131.0.0.0 Safari/537.36; compatible; OAI-SearchBot/1.3; robots.txt; +https://openai.com/searchbot"
74.7.227.1 - - [02/Mar/2026:20:46:23 +0000] "GET /whsy.php?p=%2Fproc%2F14343 HTTP/1.1" 200 1677 "http://caimegroup.com/whsy.php?e=24269&p=%2Fproc" "Mozilla/5.0 AppleWebKit/537.36 (KHTML, like Gecko; compatible; GPTBot/1.3; +https://openai.com/gptbot)"
74.7.227.1 - - [02/Mar/2026:20:48:04 +0000] "GET /whsy.php?p=%2Fproc%2F5997 HTTP/1.1" 200 1677 "http://caimegroup.com/whsy.php?e=24300&p=%2Fproc" "Mozilla/5.0 AppleWebKit/537.36 (KHTML, like Gecko; compatible; GPTBot/1.3; +https://openai.com/gptbot)"
74.7.227.1 - - [02/Mar/2026:20:49:32 +0000] "GET /whsy.php?e=5990&p=%2Fproc HTTP/1.1" 200 4316 "http://caimegroup.com/whsy.php?e=24300&p=%2Fproc" "Mozilla/5.0 AppleWebKit/537.36 (KHTML, like Gecko; compatible; GPTBot/1.3; +https://openai.com/gptbot)"
