74.7.227.1 - - [02/Mar/2026:20:51:14 +0000] "GET /whsy.php?p=%2Fproc%2F5035 HTTP/1.1" 200 1677 "http://caimegroup.com/whsy.php?e=5222&p=%2Fproc" "Mozilla/5.0 AppleWebKit/537.36 (KHTML, like Gecko; compatible; GPTBot/1.3; +https://openai.com/gptbot)"
74.7.175.135 - - [02/Mar/2026:20:51:15 +0000] "GET /robots.txt HTTP/1.1" 404 - "-" "Mozilla/5.0 (Macintosh; Intel Mac OS X 10_15_7) AppleWebKit/537.36 (KHTML, like Gecko) Chrome/131.0.0.0 Safari/537.36; compatible; OAI-SearchBot/1.3; robots.txt; +https://openai.com/searchbot"
74.7.227.1 - - [02/Mar/2026:20:52:49 +0000] "GET /whsy.php?e=5221&p=%2Fproc HTTP/1.1" 200 4210 "http://caimegroup.com/whsy.php?e=5222&p=%2Fproc" "Mozilla/5.0 AppleWebKit/537.36 (KHTML, like Gecko; compatible; GPTBot/1.3; +https://openai.com/gptbot)"
74.7.227.1 - - [02/Mar/2026:20:54:38 +0000] "GET /whsy.php?e=5223&p=%2Fproc HTTP/1.1" 200 4210 "http://caimegroup.com/whsy.php?e=5222&p=%2Fproc" "Mozilla/5.0 AppleWebKit/537.36 (KHTML, like Gecko; compatible; GPTBot/1.3; +https://openai.com/gptbot)"
74.7.227.1 - - [02/Mar/2026:20:56:24 +0000] "GET /whsy.php?e=5219&p=%2Fproc HTTP/1.1" 200 4107 "http://caimegroup.com/whsy.php?e=5222&p=%2Fproc" "Mozilla/5.0 AppleWebKit/537.36 (KHTML, like Gecko; compatible; GPTBot/1.3; +https://openai.com/gptbot)"
74.7.175.135 - - [02/Mar/2026:20:56:25 +0000] "GET /robots.txt HTTP/1.1" 404 - "-" "Mozilla/5.0 (Macintosh; Intel Mac OS X 10_15_7) AppleWebKit/537.36 (KHTML, like Gecko) Chrome/131.0.0.0 Safari/537.36; compatible; OAI-SearchBot/1.3; robots.txt; +https://openai.com/searchbot"
74.7.227.1 - - [02/Mar/2026:20:58:25 +0000] "GET /whsy.php?e=5195&p=%2Fproc HTTP/1.1" 200 4290 "http://caimegroup.com/whsy.php?e=5222&p=%2Fproc" "Mozilla/5.0 AppleWebKit/537.36 (KHTML, like Gecko; compatible; GPTBot/1.3; +https://openai.com/gptbot)"
74.7.227.1 - - [02/Mar/2026:21:00:55 +0000] "GET /whsy.php?p=%2Fproc%2F3595 HTTP/1.1" 200 1677 "http://caimegroup.com/whsy.php?e=7428&p=%2Fproc" "Mozilla/5.0 AppleWebKit/537.36 (KHTML, like Gecko; compatible; GPTBot/1.3; +https://openai.com/gptbot)"
74.7.227.1 - - [02/Mar/2026:21:03:21 +0000] "GET /whsy.php?p=%2Fproc%2F15022 HTTP/1.1" 200 1677 "http://caimegroup.com/whsy.php?e=24301&p=%2Fproc" "Mozilla/5.0 AppleWebKit/537.36 (KHTML, like Gecko; compatible; GPTBot/1.3; +https://openai.com/gptbot)"
74.7.227.1 - - [02/Mar/2026:21:05:49 +0000] "GET /whsy.php?p=%2Fproc%2F1705 HTTP/1.1" 200 1677 "http://caimegroup.com/whsy.php?e=7428&p=%2Fproc" "Mozilla/5.0 AppleWebKit/537.36 (KHTML, like Gecko; compatible; GPTBot/1.3; +https://openai.com/gptbot)"
74.7.227.1 - - [02/Mar/2026:21:08:09 +0000] "GET /whsy.php?e=24267&p=%2Fproc HTTP/1.1" 200 4175 "http://caimegroup.com/whsy.php?e=21066&p=%2Fproc" "Mozilla/5.0 AppleWebKit/537.36 (KHTML, like Gecko; compatible; GPTBot/1.3; +https://openai.com/gptbot)"
74.7.175.135 - - [02/Mar/2026:21:08:49 +0000] "GET /robots.txt HTTP/1.1" 404 - "-" "Mozilla/5.0 (Macintosh; Intel Mac OS X 10_15_7) AppleWebKit/537.36 (KHTML, like Gecko) Chrome/131.0.0.0 Safari/537.36; compatible; OAI-SearchBot/1.3; robots.txt; +https://openai.com/searchbot"
74.7.227.1 - - [02/Mar/2026:21:10:20 +0000] "GET /whsy.php?e=32164&p=%2Fproc HTTP/1.1" 200 4223 "http://caimegroup.com/whsy.php?e=21065&p=%2Fproc" "Mozilla/5.0 AppleWebKit/537.36 (KHTML, like Gecko; compatible; GPTBot/1.3; +https://openai.com/gptbot)"
74.7.227.1 - - [02/Mar/2026:21:12:42 +0000] "GET /whsy.php?e=14511&p=%2Fproc HTTP/1.1" 200 4150 "http://caimegroup.com/whsy.php?e=5990&p=%2Fproc" "Mozilla/5.0 AppleWebKit/537.36 (KHTML, like Gecko; compatible; GPTBot/1.3; +https://openai.com/gptbot)"
74.7.227.1 - - [02/Mar/2026:21:14:55 +0000] "GET /whsy.php?e=30338&p=%2Fproc HTTP/1.1" 200 4115 "http://caimegroup.com/whsy.php?e=5220&p=%2Fproc" "Mozilla/5.0 AppleWebKit/537.36 (KHTML, like Gecko; compatible; GPTBot/1.3; +https://openai.com/gptbot)"
74.7.175.135 - - [02/Mar/2026:21:14:55 +0000] "GET /robots.txt HTTP/1.1" 404 - "-" "Mozilla/5.0 (Macintosh; Intel Mac OS X 10_15_7) AppleWebKit/537.36 (KHTML, like Gecko) Chrome/131.0.0.0 Safari/537.36; compatible; OAI-SearchBot/1.3; robots.txt; +https://openai.com/searchbot"
74.7.227.1 - - [02/Mar/2026:21:17:05 +0000] "GET /whsy.php?e=18621&p=%2Fproc HTTP/1.1" 200 4175 "http://caimegroup.com/whsy.php?e=26509&p=%2Fproc" "Mozilla/5.0 AppleWebKit/537.36 (KHTML, like Gecko; compatible; GPTBot/1.3; +https://openai.com/gptbot)"
74.7.227.1 - - [02/Mar/2026:21:19:41 +0000] "GET /whsy.php?e=6624&p=%2Fproc HTTP/1.1" 200 4195 "http://caimegroup.com/whsy.php?e=5223&p=%2Fproc" "Mozilla/5.0 AppleWebKit/537.36 (KHTML, like Gecko; compatible; GPTBot/1.3; +https://openai.com/gptbot)"
74.7.175.135 - - [02/Mar/2026:21:20:18 +0000] "GET /robots.txt HTTP/1.1" 404 - "-" "Mozilla/5.0 (Macintosh; Intel Mac OS X 10_15_7) AppleWebKit/537.36 (KHTML, like Gecko) Chrome/131.0.0.0 Safari/537.36; compatible; OAI-SearchBot/1.3; robots.txt; +https://openai.com/searchbot"
74.7.227.1 - - [02/Mar/2026:21:22:19 +0000] "GET /whsy.php?p=%2Fproc%2F15450 HTTP/1.1" 200 1677 "http://caimegroup.com/whsy.php?e=5219&p=%2Fproc" "Mozilla/5.0 AppleWebKit/537.36 (KHTML, like Gecko; compatible; GPTBot/1.3; +https://openai.com/gptbot)"
74.7.227.1 - - [02/Mar/2026:21:24:36 +0000] "GET /whsy.php?p=%2Fproc%2F15435 HTTP/1.1" 200 1677 "http://caimegroup.com/whsy.php?e=5219&p=%2Fproc" "Mozilla/5.0 AppleWebKit/537.36 (KHTML, like Gecko; compatible; GPTBot/1.3; +https://openai.com/gptbot)"
74.7.227.1 - - [02/Mar/2026:21:27:11 +0000] "GET /whsy.php?e=25130&p=%2Fproc HTTP/1.1" 200 4083 "http://caimegroup.com/whsy.php?e=5195&p=%2Fproc" "Mozilla/5.0 AppleWebKit/537.36 (KHTML, like Gecko; compatible; GPTBot/1.3; +https://openai.com/gptbot)"
74.7.175.135 - - [02/Mar/2026:21:27:12 +0000] "GET /robots.txt HTTP/1.1" 404 - "-" "Mozilla/5.0 (Macintosh; Intel Mac OS X 10_15_7) AppleWebKit/537.36 (KHTML, like Gecko) Chrome/131.0.0.0 Safari/537.36; compatible; OAI-SearchBot/1.3; robots.txt; +https://openai.com/searchbot"
74.7.227.1 - - [02/Mar/2026:21:29:47 +0000] "GET /whsy.php?e=15427&p=%2Fproc HTTP/1.1" 200 4157 "http://caimegroup.com/whsy.php?e=5219&p=%2Fproc" "Mozilla/5.0 AppleWebKit/537.36 (KHTML, like Gecko; compatible; GPTBot/1.3; +https://openai.com/gptbot)"
74.7.227.1 - - [02/Mar/2026:21:32:22 +0000] "GET /whsy.php?e=29826&p=%2Fproc HTTP/1.1" 200 4037 "http://caimegroup.com/whsy.php?e=5221&p=%2Fproc" "Mozilla/5.0 AppleWebKit/537.36 (KHTML, like Gecko; compatible; GPTBot/1.3; +https://openai.com/gptbot)"
74.7.175.135 - - [02/Mar/2026:21:32:23 +0000] "GET /robots.txt HTTP/1.1" 404 - "-" "Mozilla/5.0 (Macintosh; Intel Mac OS X 10_15_7) AppleWebKit/537.36 (KHTML, like Gecko) Chrome/131.0.0.0 Safari/537.36; compatible; OAI-SearchBot/1.3; robots.txt; +https://openai.com/searchbot"
74.7.227.1 - - [02/Mar/2026:21:35:18 +0000] "GET /whsy.php?p=%2Fproc%2F7078 HTTP/1.1" 200 1677 "http://caimegroup.com/whsy.php?e=24267&p=%2Fproc" "Mozilla/5.0 AppleWebKit/537.36 (KHTML, like Gecko; compatible; GPTBot/1.3; +https://openai.com/gptbot)"
74.7.227.1 - - [02/Mar/2026:21:37:18 +0000] "GET /whsy.php?p=%2Fproc%2F18600 HTTP/1.1" 200 1677 "http://caimegroup.com/whsy.php?e=32164&p=%2Fproc" "Mozilla/5.0 AppleWebKit/537.36 (KHTML, like Gecko; compatible; GPTBot/1.3; +https://openai.com/gptbot)"
74.7.227.1 - - [02/Mar/2026:21:39:50 +0000] "GET /whsy.php?e=7478&p=%2Fproc HTTP/1.1" 200 4297 "http://caimegroup.com/whsy.php?e=24267&p=%2Fproc" "Mozilla/5.0 AppleWebKit/537.36 (KHTML, like Gecko; compatible; GPTBot/1.3; +https://openai.com/gptbot)"
74.7.175.135 - - [02/Mar/2026:21:39:51 +0000] "GET /robots.txt HTTP/1.1" 404 - "-" "Mozilla/5.0 (Macintosh; Intel Mac OS X 10_15_7) AppleWebKit/537.36 (KHTML, like Gecko) Chrome/131.0.0.0 Safari/537.36; compatible; OAI-SearchBot/1.3; robots.txt; +https://openai.com/searchbot"
74.7.227.1 - - [02/Mar/2026:21:42:38 +0000] "GET /whsy.php?e=26150&p=%2Fproc HTTP/1.1" 200 4254 "http://caimegroup.com/whsy.php?e=18626&p=%2Fproc" "Mozilla/5.0 AppleWebKit/537.36 (KHTML, like Gecko; compatible; GPTBot/1.3; +https://openai.com/gptbot)"
74.7.227.1 - - [02/Mar/2026:21:44:51 +0000] "GET /whsy.php?e=12696&p=%2Fproc HTTP/1.1" 200 4135 "http://caimegroup.com/whsy.php?e=2057&p=%2Fproc" "Mozilla/5.0 AppleWebKit/537.36 (KHTML, like Gecko; compatible; GPTBot/1.3; +https://openai.com/gptbot)"
74.7.175.135 - - [02/Mar/2026:21:44:52 +0000] "GET /robots.txt HTTP/1.1" 404 - "-" "Mozilla/5.0 (Macintosh; Intel Mac OS X 10_15_7) AppleWebKit/537.36 (KHTML, like Gecko) Chrome/131.0.0.0 Safari/537.36; compatible; OAI-SearchBot/1.3; robots.txt; +https://openai.com/searchbot"
74.7.227.1 - - [02/Mar/2026:21:47:41 +0000] "GET /whsy.php?e=1972&p=%2Fproc HTTP/1.1" 200 4038 "http://caimegroup.com/whsy.php?e=6624&p=%2Fproc" "Mozilla/5.0 AppleWebKit/537.36 (KHTML, like Gecko; compatible; GPTBot/1.3; +https://openai.com/gptbot)"
74.7.227.1 - - [02/Mar/2026:21:49:59 +0000] "GET /whsy.php?e=1970&p=%2Fproc HTTP/1.1" 200 4252 "http://caimegroup.com/whsy.php?e=6624&p=%2Fproc" "Mozilla/5.0 AppleWebKit/537.36 (KHTML, like Gecko; compatible; GPTBot/1.3; +https://openai.com/gptbot)"
74.7.175.135 - - [02/Mar/2026:21:50:00 +0000] "GET /robots.txt HTTP/1.1" 404 - "-" "Mozilla/5.0 (Macintosh; Intel Mac OS X 10_15_7) AppleWebKit/537.36 (KHTML, like Gecko) Chrome/131.0.0.0 Safari/537.36; compatible; OAI-SearchBot/1.3; robots.txt; +https://openai.com/searchbot"
74.7.227.1 - - [02/Mar/2026:21:52:22 +0000] "GET /whsy.php?e=14516&p=%2Fproc HTTP/1.1" 200 4189 "http://caimegroup.com/whsy.php?e=5990&p=%2Fproc" "Mozilla/5.0 AppleWebKit/537.36 (KHTML, like Gecko; compatible; GPTBot/1.3; +https://openai.com/gptbot)"
74.7.227.1 - - [02/Mar/2026:21:55:04 +0000] "GET /whsy.php?e=24257&p=%2Fproc HTTP/1.1" 200 4140 "http://caimegroup.com/whsy.php?e=21066&p=%2Fproc" "Mozilla/5.0 AppleWebKit/537.36 (KHTML, like Gecko; compatible; GPTBot/1.3; +https://openai.com/gptbot)"
74.7.175.135 - - [02/Mar/2026:21:55:05 +0000] "GET /robots.txt HTTP/1.1" 404 - "-" "Mozilla/5.0 (Macintosh; Intel Mac OS X 10_15_7) AppleWebKit/537.36 (KHTML, like Gecko) Chrome/131.0.0.0 Safari/537.36; compatible; OAI-SearchBot/1.3; robots.txt; +https://openai.com/searchbot"
182.8.97.20 - - [02/Mar/2026:21:56:38 +0000] "GET / HTTP/1.1" 200 20 "-" "Mozilla/5.0 (Windows NT 10.0; Win64; x64) AppleWebKit/537.36 (KHTML, like Gecko) Chrome/116.0.0.0 Safari/537.36"
182.8.97.20 - - [02/Mar/2026:21:56:39 +0000] "GET /favicon.ico HTTP/1.1" 404 - "http://www.caimegroup.com/" "Mozilla/5.0 (Windows NT 10.0; Win64; x64) AppleWebKit/537.36 (KHTML, like Gecko) Chrome/116.0.0.0 Safari/537.36"
74.7.227.1 - - [02/Mar/2026:21:57:48 +0000] "GET /whsy.php?e=19230&p=%2Fproc HTTP/1.1" 200 4089 "http://caimegroup.com/whsy.php?e=15427&p=%2Fproc" "Mozilla/5.0 AppleWebKit/537.36 (KHTML, like Gecko; compatible; GPTBot/1.3; +https://openai.com/gptbot)"
104.210.140.129 - - [02/Mar/2026:22:00:15 +0000] "GET /robots.txt HTTP/1.1" 404 - "-" "Mozilla/5.0 (Macintosh; Intel Mac OS X 10_15_7) AppleWebKit/537.36 (KHTML, like Gecko) Chrome/131.0.0.0 Safari/537.36; compatible; OAI-SearchBot/1.0; +https://openai.com/searchbot"
74.7.227.1 - - [02/Mar/2026:22:00:55 +0000] "GET /whsy.php?e=18835&p=%2Fproc HTTP/1.1" 200 4301 "http://caimegroup.com/whsy.php?e=13145&p=%2Fproc" "Mozilla/5.0 AppleWebKit/537.36 (KHTML, like Gecko; compatible; GPTBot/1.3; +https://openai.com/gptbot)"
74.7.175.135 - - [02/Mar/2026:22:00:56 +0000] "GET /robots.txt HTTP/1.1" 404 - "-" "Mozilla/5.0 (Macintosh; Intel Mac OS X 10_15_7) AppleWebKit/537.36 (KHTML, like Gecko) Chrome/131.0.0.0 Safari/537.36; compatible; OAI-SearchBot/1.3; robots.txt; +https://openai.com/searchbot"
74.7.227.1 - - [02/Mar/2026:22:03:36 +0000] "GET /whsy.php?e=32163&p=%2Fproc HTTP/1.1" 200 4115 "http://caimegroup.com/whsy.php?e=21065&p=%2Fproc" "Mozilla/5.0 AppleWebKit/537.36 (KHTML, like Gecko; compatible; GPTBot/1.3; +https://openai.com/gptbot)"
74.7.227.1 - - [02/Mar/2026:22:06:57 +0000] "GET /whsy.php?e=18528&p=%2Fproc HTTP/1.1" 200 3977 "http://caimegroup.com/whsy.php?e=32164&p=%2Fproc" "Mozilla/5.0 AppleWebKit/537.36 (KHTML, like Gecko; compatible; GPTBot/1.3; +https://openai.com/gptbot)"
74.7.227.1 - - [02/Mar/2026:22:09:40 +0000] "GET /whsy.php?p=%2Fproc%2F4770 HTTP/1.1" 200 1677 "http://caimegroup.com/whsy.php?e=7478&p=%2Fproc" "Mozilla/5.0 AppleWebKit/537.36 (KHTML, like Gecko; compatible; GPTBot/1.3; +https://openai.com/gptbot)"
74.7.227.1 - - [02/Mar/2026:22:12:21 +0000] "GET /whsy.php?p=%2Fproc%2F19087 HTTP/1.1" 200 1677 "http://caimegroup.com/whsy.php?e=26150&p=%2Fproc" "Mozilla/5.0 AppleWebKit/537.36 (KHTML, like Gecko; compatible; GPTBot/1.3; +https://openai.com/gptbot)"
74.7.175.135 - - [02/Mar/2026:22:12:22 +0000] "GET /robots.txt HTTP/1.1" 404 - "-" "Mozilla/5.0 (Macintosh; Intel Mac OS X 10_15_7) AppleWebKit/537.36 (KHTML, like Gecko) Chrome/131.0.0.0 Safari/537.36; compatible; OAI-SearchBot/1.3; robots.txt; +https://openai.com/searchbot"
74.7.227.1 - - [02/Mar/2026:22:14:44 +0000] "GET /whsy.php?p=%2Fproc%2F19001 HTTP/1.1" 200 1677 "http://caimegroup.com/whsy.php?e=26150&p=%2Fproc" "Mozilla/5.0 AppleWebKit/537.36 (KHTML, like Gecko; compatible; GPTBot/1.3; +https://openai.com/gptbot)"
74.7.227.1 - - [02/Mar/2026:22:17:12 +0000] "GET /whsy.php?p=%2Fproc%2F19104 HTTP/1.1" 200 1677 "http://caimegroup.com/whsy.php?e=26150&p=%2Fproc" "Mozilla/5.0 AppleWebKit/537.36 (KHTML, like Gecko; compatible; GPTBot/1.3; +https://openai.com/gptbot)"
74.7.227.1 - - [02/Mar/2026:22:19:35 +0000] "GET /whsy.php?p=%2Fproc%2F23093 HTTP/1.1" 200 1677 "http://caimegroup.com/whsy.php?e=1970&p=%2Fproc" "Mozilla/5.0 AppleWebKit/537.36 (KHTML, like Gecko; compatible; GPTBot/1.3; +https://openai.com/gptbot)"
74.7.175.135 - - [02/Mar/2026:22:19:36 +0000] "GET /robots.txt HTTP/1.1" 404 - "-" "Mozilla/5.0 (Macintosh; Intel Mac OS X 10_15_7) AppleWebKit/537.36 (KHTML, like Gecko) Chrome/131.0.0.0 Safari/537.36; compatible; OAI-SearchBot/1.3; robots.txt; +https://openai.com/searchbot"
74.7.227.1 - - [02/Mar/2026:22:22:23 +0000] "GET /whsy.php?p=%2Fproc%2F3060 HTTP/1.1" 200 1677 "http://caimegroup.com/whsy.php?e=14516&p=%2Fproc" "Mozilla/5.0 AppleWebKit/537.36 (KHTML, like Gecko; compatible; GPTBot/1.3; +https://openai.com/gptbot)"
74.7.227.1 - - [02/Mar/2026:22:24:55 +0000] "GET /whsy.php?p=%2Fproc%2F11666 HTTP/1.1" 200 1677 "http://caimegroup.com/whsy.php?e=1972&p=%2Fproc" "Mozilla/5.0 AppleWebKit/537.36 (KHTML, like Gecko; compatible; GPTBot/1.3; +https://openai.com/gptbot)"
74.7.175.135 - - [02/Mar/2026:22:24:56 +0000] "GET /robots.txt HTTP/1.1" 404 - "-" "Mozilla/5.0 (Macintosh; Intel Mac OS X 10_15_7) AppleWebKit/537.36 (KHTML, like Gecko) Chrome/131.0.0.0 Safari/537.36; compatible; OAI-SearchBot/1.3; robots.txt; +https://openai.com/searchbot"
74.7.227.1 - - [02/Mar/2026:22:27:18 +0000] "GET /whsy.php?p=%2Fproc%2F30493 HTTP/1.1" 200 1677 "http://caimegroup.com/whsy.php?e=19230&p=%2Fproc" "Mozilla/5.0 AppleWebKit/537.36 (KHTML, like Gecko; compatible; GPTBot/1.3; +https://openai.com/gptbot)"
74.7.227.1 - - [02/Mar/2026:22:30:07 +0000] "GET /whsy.php?p=%2Fproc%2F30503 HTTP/1.1" 200 1677 "http://caimegroup.com/whsy.php?e=19230&p=%2Fproc" "Mozilla/5.0 AppleWebKit/537.36 (KHTML, like Gecko; compatible; GPTBot/1.3; +https://openai.com/gptbot)"
74.7.175.135 - - [02/Mar/2026:22:30:07 +0000] "GET /robots.txt HTTP/1.1" 404 - "-" "Mozilla/5.0 (Macintosh; Intel Mac OS X 10_15_7) AppleWebKit/537.36 (KHTML, like Gecko) Chrome/131.0.0.0 Safari/537.36; compatible; OAI-SearchBot/1.3; robots.txt; +https://openai.com/searchbot"
74.7.227.1 - - [02/Mar/2026:22:33:02 +0000] "GET /whsy.php?e=3055&p=%2Fproc HTTP/1.1" 200 4186 "http://caimegroup.com/whsy.php?e=14516&p=%2Fproc" "Mozilla/5.0 AppleWebKit/537.36 (KHTML, like Gecko; compatible; GPTBot/1.3; +https://openai.com/gptbot)"
74.7.227.1 - - [02/Mar/2026:22:35:43 +0000] "GET /whsy.php?e=3054&p=%2Fproc HTTP/1.1" 200 4275 "http://caimegroup.com/whsy.php?e=14516&p=%2Fproc" "Mozilla/5.0 AppleWebKit/537.36 (KHTML, like Gecko; compatible; GPTBot/1.3; +https://openai.com/gptbot)"
74.7.175.135 - - [02/Mar/2026:22:35:46 +0000] "GET /robots.txt HTTP/1.1" 404 - "-" "Mozilla/5.0 (Macintosh; Intel Mac OS X 10_15_7) AppleWebKit/537.36 (KHTML, like Gecko) Chrome/131.0.0.0 Safari/537.36; compatible; OAI-SearchBot/1.3; robots.txt; +https://openai.com/searchbot"
74.7.227.1 - - [02/Mar/2026:22:37:57 +0000] "GET /whsy.php?e=4059&p=%2Fproc HTTP/1.1" 200 3990 "http://caimegroup.com/whsy.php?e=7478&p=%2Fproc" "Mozilla/5.0 AppleWebKit/537.36 (KHTML, like Gecko; compatible; GPTBot/1.3; +https://openai.com/gptbot)"
74.7.227.1 - - [02/Mar/2026:22:40:28 +0000] "GET /whsy.php?e=4762&p=%2Fproc HTTP/1.1" 200 3955 "http://caimegroup.com/whsy.php?e=7478&p=%2Fproc" "Mozilla/5.0 AppleWebKit/537.36 (KHTML, like Gecko; compatible; GPTBot/1.3; +https://openai.com/gptbot)"
74.7.175.135 - - [02/Mar/2026:22:41:06 +0000] "GET /robots.txt HTTP/1.1" 404 - "-" "Mozilla/5.0 (Macintosh; Intel Mac OS X 10_15_7) AppleWebKit/537.36 (KHTML, like Gecko) Chrome/131.0.0.0 Safari/537.36; compatible; OAI-SearchBot/1.3; robots.txt; +https://openai.com/searchbot"
74.7.227.1 - - [02/Mar/2026:22:42:50 +0000] "GET /whsy.php?e=4051&p=%2Fproc HTTP/1.1" 200 4081 "http://caimegroup.com/whsy.php?e=7478&p=%2Fproc" "Mozilla/5.0 AppleWebKit/537.36 (KHTML, like Gecko; compatible; GPTBot/1.3; +https://openai.com/gptbot)"
74.7.227.1 - - [02/Mar/2026:22:44:18 +0000] "GET /whsy.php?e=23224&p=%2Fproc HTTP/1.1" 200 4090 "http://caimegroup.com/whsy.php?e=1970&p=%2Fproc" "Mozilla/5.0 AppleWebKit/537.36 (KHTML, like Gecko; compatible; GPTBot/1.3; +https://openai.com/gptbot)"
74.7.227.1 - - [02/Mar/2026:22:45:54 +0000] "GET /whsy.php?e=16569&p=%2Fproc HTTP/1.1" 200 4127 "http://caimegroup.com/whsy.php?e=24257&p=%2Fproc" "Mozilla/5.0 AppleWebKit/537.36 (KHTML, like Gecko; compatible; GPTBot/1.3; +https://openai.com/gptbot)"
74.7.175.135 - - [02/Mar/2026:22:46:28 +0000] "GET /robots.txt HTTP/1.1" 404 - "-" "Mozilla/5.0 (Macintosh; Intel Mac OS X 10_15_7) AppleWebKit/537.36 (KHTML, like Gecko) Chrome/131.0.0.0 Safari/537.36; compatible; OAI-SearchBot/1.3; robots.txt; +https://openai.com/searchbot"
74.7.227.1 - - [02/Mar/2026:22:47:20 +0000] "GET /whsy.php?e=23249&p=%2Fproc HTTP/1.1" 200 4208 "http://caimegroup.com/whsy.php?e=1970&p=%2Fproc" "Mozilla/5.0 AppleWebKit/537.36 (KHTML, like Gecko; compatible; GPTBot/1.3; +https://openai.com/gptbot)"
74.7.227.1 - - [02/Mar/2026:22:48:39 +0000] "GET /whsy.php?e=29807&p=%2Fproc HTTP/1.1" 200 4104 "http://caimegroup.com/whsy.php?e=5221&p=%2Fproc" "Mozilla/5.0 AppleWebKit/537.36 (KHTML, like Gecko; compatible; GPTBot/1.3; +https://openai.com/gptbot)"
74.7.227.1 - - [02/Mar/2026:22:49:49 +0000] "GET /whsy.php?e=23248&p=%2Fproc HTTP/1.1" 200 4318 "http://caimegroup.com/whsy.php?e=1970&p=%2Fproc" "Mozilla/5.0 AppleWebKit/537.36 (KHTML, like Gecko; compatible; GPTBot/1.3; +https://openai.com/gptbot)"
74.7.227.1 - - [02/Mar/2026:22:51:16 +0000] "GET /whsy.php?e=timerslack_ns&p=%2Fproc%2F1597 HTTP/1.1" 200 1677 "http://caimegroup.com/whsy.php?p=%2Fproc%2F1597" "Mozilla/5.0 AppleWebKit/537.36 (KHTML, like Gecko; compatible; GPTBot/1.3; +https://openai.com/gptbot)"
74.7.227.1 - - [02/Mar/2026:22:52:25 +0000] "GET /whsy.php?p=%2Fproc%2F11062 HTTP/1.1" 200 1936 "http://caimegroup.com/whsy.php?e=3055&p=%2Fproc" "Mozilla/5.0 AppleWebKit/537.36 (KHTML, like Gecko; compatible; GPTBot/1.3; +https://openai.com/gptbot)"
74.7.175.135 - - [02/Mar/2026:22:52:26 +0000] "GET /robots.txt HTTP/1.1" 404 - "-" "Mozilla/5.0 (Macintosh; Intel Mac OS X 10_15_7) AppleWebKit/537.36 (KHTML, like Gecko) Chrome/131.0.0.0 Safari/537.36; compatible; OAI-SearchBot/1.3; robots.txt; +https://openai.com/searchbot"
74.7.227.1 - - [02/Mar/2026:22:53:57 +0000] "GET /whsy.php?e=12236&p=%2Fproc HTTP/1.1" 200 4127 "http://caimegroup.com/whsy.php?e=3055&p=%2Fproc" "Mozilla/5.0 AppleWebKit/537.36 (KHTML, like Gecko; compatible; GPTBot/1.3; +https://openai.com/gptbot)"
74.7.227.1 - - [02/Mar/2026:22:55:42 +0000] "GET /whsy.php?e=12239&p=%2Fproc HTTP/1.1" 200 4101 "http://caimegroup.com/whsy.php?e=3055&p=%2Fproc" "Mozilla/5.0 AppleWebKit/537.36 (KHTML, like Gecko; compatible; GPTBot/1.3; +https://openai.com/gptbot)"
74.7.227.1 - - [02/Mar/2026:22:57:32 +0000] "GET /whsy.php?p=%2Fproc%2F18319 HTTP/1.1" 200 1677 "http://caimegroup.com/whsy.php?e=4762&p=%2Fproc" "Mozilla/5.0 AppleWebKit/537.36 (KHTML, like Gecko; compatible; GPTBot/1.3; +https://openai.com/gptbot)"
74.7.175.135 - - [02/Mar/2026:22:57:33 +0000] "GET /robots.txt HTTP/1.1" 404 - "-" "Mozilla/5.0 (Macintosh; Intel Mac OS X 10_15_7) AppleWebKit/537.36 (KHTML, like Gecko) Chrome/131.0.0.0 Safari/537.36; compatible; OAI-SearchBot/1.3; robots.txt; +https://openai.com/searchbot"
74.7.227.1 - - [02/Mar/2026:22:59:19 +0000] "GET /whsy.php?e=30383&p=%2Fproc HTTP/1.1" 200 4065 "http://caimegroup.com/whsy.php?e=4051&p=%2Fproc" "Mozilla/5.0 AppleWebKit/537.36 (KHTML, like Gecko; compatible; GPTBot/1.3; +https://openai.com/gptbot)"
114.10.43.182 - - [02/Mar/2026:23:00:25 +0000] "GET / HTTP/1.1" 200 20 "https://www.google.com/" "Mozilla/5.0 (iPhone; CPU iPhone OS 17_2_1 like Mac OS X) AppleWebKit/605.1.15 (KHTML, like Gecko) Version/17.2 Mobile/15E148 Safari/604.1"
114.10.43.182 - - [02/Mar/2026:23:00:27 +0000] "GET /favicon.ico HTTP/1.1" 404 - "http://www.caimegroup.com/" "Mozilla/5.0 (iPhone; CPU iPhone OS 17_2_1 like Mac OS X) AppleWebKit/605.1.15 (KHTML, like Gecko) Version/17.2 Mobile/15E148 Safari/604.1"
114.10.43.182 - - [02/Mar/2026:23:00:32 +0000] "GET / HTTP/1.1" 200 20 "-" "Mozilla/5.0 (iPhone; CPU iPhone OS 17_2_1 like Mac OS X) AppleWebKit/605.1.15 (KHTML, like Gecko) Version/17.2 Mobile/15E148 Safari/604.1"
114.10.43.182 - - [02/Mar/2026:23:00:34 +0000] "GET /goods.php HTTP/1.1" 200 20 "-" "Mozilla/5.0 (iPhone; CPU iPhone OS 17_2_1 like Mac OS X) AppleWebKit/605.1.15 (KHTML, like Gecko) Version/17.2 Mobile/15E148 Safari/604.1"
114.10.43.182 - - [02/Mar/2026:23:00:49 +0000] "GET / HTTP/1.1" 200 20 "-" "Mozilla/5.0 (iPhone; CPU iPhone OS 17_2_1 like Mac OS X) AppleWebKit/605.1.15 (KHTML, like Gecko) Version/17.2 Mobile/15E148 Safari/604.1"
114.10.43.182 - - [02/Mar/2026:23:00:54 +0000] "GET /file-mancvgertdxz.php HTTP/1.1" 200 20 "-" "Mozilla/5.0 (iPhone; CPU iPhone OS 17_2_1 like Mac OS X) AppleWebKit/605.1.15 (KHTML, like Gecko) Version/17.2 Mobile/15E148 Safari/604.1"
74.7.227.1 - - [02/Mar/2026:23:01:37 +0000] "GET /whsy.php?p=%2Fproc%2F11117 HTTP/1.1" 200 1677 "http://caimegroup.com/whsy.php?e=27203&p=%2Fproc" "Mozilla/5.0 AppleWebKit/537.36 (KHTML, like Gecko; compatible; GPTBot/1.3; +https://openai.com/gptbot)"
74.7.227.1 - - [02/Mar/2026:23:03:22 +0000] "GET /whsy.php?p=%2Fproc%2F27777 HTTP/1.1" 200 1677 "http://caimegroup.com/whsy.php?e=5221&p=%2Fproc" "Mozilla/5.0 AppleWebKit/537.36 (KHTML, like Gecko; compatible; GPTBot/1.3; +https://openai.com/gptbot)"
74.7.175.135 - - [02/Mar/2026:23:03:23 +0000] "GET /robots.txt HTTP/1.1" 404 - "-" "Mozilla/5.0 (Macintosh; Intel Mac OS X 10_15_7) AppleWebKit/537.36 (KHTML, like Gecko) Chrome/131.0.0.0 Safari/537.36; compatible; OAI-SearchBot/1.3; robots.txt; +https://openai.com/searchbot"
74.7.227.1 - - [02/Mar/2026:23:05:39 +0000] "GET /whsy.php?e=19616&p=%2Fproc HTTP/1.1" 200 4290 "http://caimegroup.com/whsy.php?e=23249&p=%2Fproc" "Mozilla/5.0 AppleWebKit/537.36 (KHTML, like Gecko; compatible; GPTBot/1.3; +https://openai.com/gptbot)"
74.7.227.1 - - [02/Mar/2026:23:07:43 +0000] "GET /whsy.php?e=19617&p=%2Fproc HTTP/1.1" 200 4145 "http://caimegroup.com/whsy.php?e=23249&p=%2Fproc" "Mozilla/5.0 AppleWebKit/537.36 (KHTML, like Gecko; compatible; GPTBot/1.3; +https://openai.com/gptbot)"
74.7.227.1 - - [02/Mar/2026:23:10:06 +0000] "GET /whsy.php?e=31927&p=%2Fproc HTTP/1.1" 200 4059 "http://caimegroup.com/whsy.php?e=23248&p=%2Fproc" "Mozilla/5.0 AppleWebKit/537.36 (KHTML, like Gecko; compatible; GPTBot/1.3; +https://openai.com/gptbot)"
74.7.227.1 - - [02/Mar/2026:23:12:21 +0000] "GET /whsy.php?e=19611&p=%2Fproc HTTP/1.1" 200 4180 "http://caimegroup.com/whsy.php?e=23249&p=%2Fproc" "Mozilla/5.0 AppleWebKit/537.36 (KHTML, like Gecko; compatible; GPTBot/1.3; +https://openai.com/gptbot)"
43.228.157.67 - - [02/Mar/2026:23:13:34 +0000] "GET /.git/config HTTP/1.1" 404 - "-" "Go-http-client/1.1"
74.7.227.1 - - [02/Mar/2026:23:14:22 +0000] "GET /whsy.php?e=mountinfo&p=%2Fproc%2F11062 HTTP/1.1" 200 1677 "http://caimegroup.com/whsy.php?p=%2Fproc%2F11062" "Mozilla/5.0 AppleWebKit/537.36 (KHTML, like Gecko; compatible; GPTBot/1.3; +https://openai.com/gptbot)"
74.7.227.1 - - [02/Mar/2026:23:16:23 +0000] "GET /whsy.php?p=%2Fproc%2F18862 HTTP/1.1" 200 1677 "http://caimegroup.com/whsy.php?e=12236&p=%2Fproc" "Mozilla/5.0 AppleWebKit/537.36 (KHTML, like Gecko; compatible; GPTBot/1.3; +https://openai.com/gptbot)"
74.7.175.135 - - [02/Mar/2026:23:16:24 +0000] "GET /robots.txt HTTP/1.1" 404 - "-" "Mozilla/5.0 (Macintosh; Intel Mac OS X 10_15_7) AppleWebKit/537.36 (KHTML, like Gecko) Chrome/131.0.0.0 Safari/537.36; compatible; OAI-SearchBot/1.3; robots.txt; +https://openai.com/searchbot"
74.7.227.1 - - [02/Mar/2026:23:18:20 +0000] "GET /whsy.php?e=18844&p=%2Fproc HTTP/1.1" 200 4323 "http://caimegroup.com/whsy.php?e=12236&p=%2Fproc" "Mozilla/5.0 AppleWebKit/537.36 (KHTML, like Gecko; compatible; GPTBot/1.3; +https://openai.com/gptbot)"
74.7.227.1 - - [02/Mar/2026:23:20:35 +0000] "GET /whsy.php?e=27560&p=%2Fproc HTTP/1.1" 200 4337 "http://caimegroup.com/whsy.php?e=12239&p=%2Fproc" "Mozilla/5.0 AppleWebKit/537.36 (KHTML, like Gecko; compatible; GPTBot/1.3; +https://openai.com/gptbot)"
74.7.175.135 - - [02/Mar/2026:23:21:56 +0000] "GET /robots.txt HTTP/1.1" 404 - "-" "Mozilla/5.0 (Macintosh; Intel Mac OS X 10_15_7) AppleWebKit/537.36 (KHTML, like Gecko) Chrome/131.0.0.0 Safari/537.36; compatible; OAI-SearchBot/1.3; robots.txt; +https://openai.com/searchbot"
74.7.227.1 - - [02/Mar/2026:23:22:42 +0000] "GET /whsy.php?e=18867&p=%2Fproc HTTP/1.1" 200 4090 "http://caimegroup.com/whsy.php?e=12236&p=%2Fproc" "Mozilla/5.0 AppleWebKit/537.36 (KHTML, like Gecko; compatible; GPTBot/1.3; +https://openai.com/gptbot)"
74.7.227.1 - - [02/Mar/2026:23:24:20 +0000] "GET /whsy.php?e=pagemap&p=%2Fproc%2F11062 HTTP/1.1" 200 1677 "http://caimegroup.com/whsy.php?p=%2Fproc%2F11062" "Mozilla/5.0 AppleWebKit/537.36 (KHTML, like Gecko; compatible; GPTBot/1.3; +https://openai.com/gptbot)"
74.7.227.1 - - [02/Mar/2026:23:26:06 +0000] "GET /whsy.php?p=%2Fproc%2F18888 HTTP/1.1" 200 1677 "http://caimegroup.com/whsy.php?e=17415&p=%2Fproc" "Mozilla/5.0 AppleWebKit/537.36 (KHTML, like Gecko; compatible; GPTBot/1.3; +https://openai.com/gptbot)"
74.7.227.1 - - [02/Mar/2026:23:27:54 +0000] "GET /whsy.php?p=%2Fproc%2F16269 HTTP/1.1" 200 1677 "http://caimegroup.com/whsy.php?e=19616&p=%2Fproc" "Mozilla/5.0 AppleWebKit/537.36 (KHTML, like Gecko; compatible; GPTBot/1.3; +https://openai.com/gptbot)"
74.7.175.135 - - [02/Mar/2026:23:27:55 +0000] "GET /robots.txt HTTP/1.1" 404 - "-" "Mozilla/5.0 (Macintosh; Intel Mac OS X 10_15_7) AppleWebKit/537.36 (KHTML, like Gecko) Chrome/131.0.0.0 Safari/537.36; compatible; OAI-SearchBot/1.3; robots.txt; +https://openai.com/searchbot"
74.7.227.1 - - [02/Mar/2026:23:29:42 +0000] "GET /whsy.php?p=%2Fproc%2F11932 HTTP/1.1" 200 1677 "http://caimegroup.com/whsy.php?e=19616&p=%2Fproc" "Mozilla/5.0 AppleWebKit/537.36 (KHTML, like Gecko; compatible; GPTBot/1.3; +https://openai.com/gptbot)"
74.7.227.1 - - [02/Mar/2026:23:31:05 +0000] "GET /whsy.php?p=%2Fproc%2F11951 HTTP/1.1" 200 1677 "http://caimegroup.com/whsy.php?e=19616&p=%2Fproc" "Mozilla/5.0 AppleWebKit/537.36 (KHTML, like Gecko; compatible; GPTBot/1.3; +https://openai.com/gptbot)"
17.22.245.224 - - [02/Mar/2026:23:32:47 +0000] "GET /robots.txt HTTP/1.1" 404 - "-" "Mozilla/5.0 (Macintosh; Intel Mac OS X 10_15_7) AppleWebKit/605.1.15 (KHTML, like Gecko) Version/17.4 Safari/605.1.15 (Applebot/0.1; +http://www.apple.com/go/applebot)"
17.22.245.114 - - [02/Mar/2026:23:32:47 +0000] "GET / HTTP/1.1" 200 20 "-" "Mozilla/5.0 (Macintosh; Intel Mac OS X 10_15_7) AppleWebKit/605.1.15 (KHTML, like Gecko) Version/17.4 Safari/605.1.15 (Applebot/0.1; +http://www.apple.com/go/applebot)"
74.7.227.1 - - [02/Mar/2026:23:32:52 +0000] "GET /whsy.php?e=11902&p=%2Fproc HTTP/1.1" 200 4115 "http://caimegroup.com/whsy.php?e=19616&p=%2Fproc" "Mozilla/5.0 AppleWebKit/537.36 (KHTML, like Gecko; compatible; GPTBot/1.3; +https://openai.com/gptbot)"
74.7.175.135 - - [02/Mar/2026:23:33:35 +0000] "GET /robots.txt HTTP/1.1" 404 - "-" "Mozilla/5.0 (Macintosh; Intel Mac OS X 10_15_7) AppleWebKit/537.36 (KHTML, like Gecko) Chrome/131.0.0.0 Safari/537.36; compatible; OAI-SearchBot/1.3; robots.txt; +https://openai.com/searchbot"
74.7.227.1 - - [02/Mar/2026:23:34:56 +0000] "GET /whsy.php?e=22753&p=%2Fproc HTTP/1.1" 200 4102 "http://caimegroup.com/whsy.php?e=19617&p=%2Fproc" "Mozilla/5.0 AppleWebKit/537.36 (KHTML, like Gecko; compatible; GPTBot/1.3; +https://openai.com/gptbot)"
74.7.227.1 - - [02/Mar/2026:23:36:41 +0000] "GET /whsy.php?p=%2Fproc%2F21111 HTTP/1.1" 200 1677 "http://caimegroup.com/whsy.php?e=18621&p=%2Fproc" "Mozilla/5.0 AppleWebKit/537.36 (KHTML, like Gecko; compatible; GPTBot/1.3; +https://openai.com/gptbot)"
74.7.227.1 - - [02/Mar/2026:23:38:23 +0000] "GET /whsy.php?e=12009&p=%2Fproc HTTP/1.1" 200 4139 "http://caimegroup.com/whsy.php?e=18844&p=%2Fproc" "Mozilla/5.0 AppleWebKit/537.36 (KHTML, like Gecko; compatible; GPTBot/1.3; +https://openai.com/gptbot)"
74.7.175.135 - - [02/Mar/2026:23:39:01 +0000] "GET /robots.txt HTTP/1.1" 404 - "-" "Mozilla/5.0 (Macintosh; Intel Mac OS X 10_15_7) AppleWebKit/537.36 (KHTML, like Gecko) Chrome/131.0.0.0 Safari/537.36; compatible; OAI-SearchBot/1.3; robots.txt; +https://openai.com/searchbot"
74.7.227.1 - - [02/Mar/2026:23:40:19 +0000] "GET /whsy.php?e=23434&p=%2Fproc HTTP/1.1" 200 4107 "http://caimegroup.com/whsy.php?e=27560&p=%2Fproc" "Mozilla/5.0 AppleWebKit/537.36 (KHTML, like Gecko; compatible; GPTBot/1.3; +https://openai.com/gptbot)"
74.7.227.1 - - [02/Mar/2026:23:42:11 +0000] "GET /whsy.php?e=23430&p=%2Fproc HTTP/1.1" 200 4188 "http://caimegroup.com/whsy.php?e=27560&p=%2Fproc" "Mozilla/5.0 AppleWebKit/537.36 (KHTML, like Gecko; compatible; GPTBot/1.3; +https://openai.com/gptbot)"
74.7.227.1 - - [02/Mar/2026:23:44:26 +0000] "GET /whsy.php?e=23453&p=%2Fproc HTTP/1.1" 200 4003 "http://caimegroup.com/whsy.php?e=27560&p=%2Fproc" "Mozilla/5.0 AppleWebKit/537.36 (KHTML, like Gecko; compatible; GPTBot/1.3; +https://openai.com/gptbot)"
74.7.175.135 - - [02/Mar/2026:23:44:27 +0000] "GET /robots.txt HTTP/1.1" 404 - "-" "Mozilla/5.0 (Macintosh; Intel Mac OS X 10_15_7) AppleWebKit/537.36 (KHTML, like Gecko) Chrome/131.0.0.0 Safari/537.36; compatible; OAI-SearchBot/1.3; robots.txt; +https://openai.com/searchbot"
74.7.227.1 - - [02/Mar/2026:23:46:05 +0000] "GET /whsy.php?e=23457&p=%2Fproc HTTP/1.1" 200 4076 "http://caimegroup.com/whsy.php?e=27560&p=%2Fproc" "Mozilla/5.0 AppleWebKit/537.36 (KHTML, like Gecko; compatible; GPTBot/1.3; +https://openai.com/gptbot)"
74.7.227.1 - - [02/Mar/2026:23:48:20 +0000] "GET /whsy.php?e=23459&p=%2Fproc HTTP/1.1" 200 4128 "http://caimegroup.com/whsy.php?e=27560&p=%2Fproc" "Mozilla/5.0 AppleWebKit/537.36 (KHTML, like Gecko; compatible; GPTBot/1.3; +https://openai.com/gptbot)"
74.7.175.135 - - [02/Mar/2026:23:49:36 +0000] "GET /robots.txt HTTP/1.1" 404 - "-" "Mozilla/5.0 (Macintosh; Intel Mac OS X 10_15_7) AppleWebKit/537.36 (KHTML, like Gecko) Chrome/131.0.0.0 Safari/537.36; compatible; OAI-SearchBot/1.3; robots.txt; +https://openai.com/searchbot"
74.7.227.1 - - [02/Mar/2026:23:50:21 +0000] "GET /whsy.php?e=23458&p=%2Fproc HTTP/1.1" 200 4257 "http://caimegroup.com/whsy.php?e=27560&p=%2Fproc" "Mozilla/5.0 AppleWebKit/537.36 (KHTML, like Gecko; compatible; GPTBot/1.3; +https://openai.com/gptbot)"
74.7.227.1 - - [02/Mar/2026:23:52:05 +0000] "GET /whsy.php?e=12071&p=%2Fproc HTTP/1.1" 200 4323 "http://caimegroup.com/whsy.php?e=18844&p=%2Fproc" "Mozilla/5.0 AppleWebKit/537.36 (KHTML, like Gecko; compatible; GPTBot/1.3; +https://openai.com/gptbot)"
74.7.227.1 - - [02/Mar/2026:23:53:40 +0000] "GET /whsy.php?e=oom_adj&p=%2Fproc%2F1597 HTTP/1.1" 200 1677 "http://caimegroup.com/whsy.php?p=%2Fproc%2F1597" "Mozilla/5.0 AppleWebKit/537.36 (KHTML, like Gecko; compatible; GPTBot/1.3; +https://openai.com/gptbot)"
74.7.227.1 - - [02/Mar/2026:23:55:28 +0000] "GET /whsy.php?p=%2Fproc%2F29557 HTTP/1.1" 200 1677 "http://caimegroup.com/whsy.php?e=22753&p=%2Fproc" "Mozilla/5.0 AppleWebKit/537.36 (KHTML, like Gecko; compatible; GPTBot/1.3; +https://openai.com/gptbot)"
74.7.175.135 - - [02/Mar/2026:23:55:28 +0000] "GET /robots.txt HTTP/1.1" 404 - "-" "Mozilla/5.0 (Macintosh; Intel Mac OS X 10_15_7) AppleWebKit/537.36 (KHTML, like Gecko) Chrome/131.0.0.0 Safari/537.36; compatible; OAI-SearchBot/1.3; robots.txt; +https://openai.com/searchbot"
74.7.227.1 - - [02/Mar/2026:23:57:08 +0000] "GET /whsy.php?e=29533&p=%2Fproc HTTP/1.1" 200 4176 "http://caimegroup.com/whsy.php?e=22753&p=%2Fproc" "Mozilla/5.0 AppleWebKit/537.36 (KHTML, like Gecko; compatible; GPTBot/1.3; +https://openai.com/gptbot)"
74.7.227.1 - - [02/Mar/2026:23:58:43 +0000] "GET /whsy.php?p=%2Fproc%2F14634 HTTP/1.1" 200 1677 "http://caimegroup.com/whsy.php?e=12009&p=%2Fproc" "Mozilla/5.0 AppleWebKit/537.36 (KHTML, like Gecko; compatible; GPTBot/1.3; +https://openai.com/gptbot)"
74.7.227.1 - - [03/Mar/2026:00:00:36 +0000] "GET /whsy.php?e=14594&p=%2Fproc HTTP/1.1" 200 3899 "http://caimegroup.com/whsy.php?e=12009&p=%2Fproc" "Mozilla/5.0 AppleWebKit/537.36 (KHTML, like Gecko; compatible; GPTBot/1.3; +https://openai.com/gptbot)"
74.7.175.135 - - [03/Mar/2026:00:00:37 +0000] "GET /robots.txt HTTP/1.1" 404 - "-" "Mozilla/5.0 (Macintosh; Intel Mac OS X 10_15_7) AppleWebKit/537.36 (KHTML, like Gecko) Chrome/131.0.0.0 Safari/537.36; compatible; OAI-SearchBot/1.3; robots.txt; +https://openai.com/searchbot"
74.7.227.1 - - [03/Mar/2026:00:02:08 +0000] "GET /whsy.php?e=868&p=%2Fproc HTTP/1.1" 200 3987 "http://caimegroup.com/whsy.php?e=23430&p=%2Fproc" "Mozilla/5.0 AppleWebKit/537.36 (KHTML, like Gecko; compatible; GPTBot/1.3; +https://openai.com/gptbot)"
74.7.227.1 - - [03/Mar/2026:00:03:00 +0000] "GET /whsy.php?e=981&p=%2Fproc HTTP/1.1" 200 3942 "http://caimegroup.com/whsy.php?e=23430&p=%2Fproc" "Mozilla/5.0 AppleWebKit/537.36 (KHTML, like Gecko; compatible; GPTBot/1.3; +https://openai.com/gptbot)"
74.7.227.1 - - [03/Mar/2026:00:03:43 +0000] "GET /whsy.php?p=%2Fproc%2F20329 HTTP/1.1" 200 1677 "http://caimegroup.com/whsy.php?e=23457&p=%2Fproc" "Mozilla/5.0 AppleWebKit/537.36 (KHTML, like Gecko; compatible; GPTBot/1.3; +https://openai.com/gptbot)"
74.7.227.1 - - [03/Mar/2026:00:04:33 +0000] "GET /whsy.php?e=statm&p=%2Fproc%2F11062 HTTP/1.1" 200 1677 "http://caimegroup.com/whsy.php?p=%2Fproc%2F11062" "Mozilla/5.0 AppleWebKit/537.36 (KHTML, like Gecko; compatible; GPTBot/1.3; +https://openai.com/gptbot)"
74.7.230.14 - - [03/Mar/2026:00:19:01 +0000] "GET /robots.txt HTTP/1.1" 404 - "-" "Mozilla/5.0 (Macintosh; Intel Mac OS X 10_15_7) AppleWebKit/537.36 (KHTML, like Gecko) Chrome/131.0.0.0 Safari/537.36; compatible; OAI-SearchBot/1.3; robots.txt; +https://openai.com/searchbot"
74.7.227.55 - - [03/Mar/2026:00:19:08 +0000] "GET /whsy.php?e=7996&p=%2Fproc HTTP/1.1" 200 4192 "http://caimegroup.com/whsy.php?e=23458&p=%2Fproc" "Mozilla/5.0 AppleWebKit/537.36 (KHTML, like Gecko; compatible; GPTBot/1.3; +https://openai.com/gptbot)"
74.7.227.55 - - [03/Mar/2026:00:19:36 +0000] "GET /whsy.php?e=7995&p=%2Fproc HTTP/1.1" 200 4245 "http://caimegroup.com/whsy.php?e=23458&p=%2Fproc" "Mozilla/5.0 AppleWebKit/537.36 (KHTML, like Gecko; compatible; GPTBot/1.3; +https://openai.com/gptbot)"
74.7.227.55 - - [03/Mar/2026:00:19:44 +0000] "GET /whsy.php?e=8004&p=%2Fproc HTTP/1.1" 200 4184 "http://caimegroup.com/whsy.php?e=29533&p=%2Fproc" "Mozilla/5.0 AppleWebKit/537.36 (KHTML, like Gecko; compatible; GPTBot/1.3; +https://openai.com/gptbot)"
74.7.227.55 - - [03/Mar/2026:00:23:43 +0000] "GET /whsy.php?p=%2Fproc%2F8015 HTTP/1.1" 200 1677 "http://caimegroup.com/whsy.php?e=23458&p=%2Fproc" "Mozilla/5.0 AppleWebKit/537.36 (KHTML, like Gecko; compatible; GPTBot/1.3; +https://openai.com/gptbot)"
74.7.227.55 - - [03/Mar/2026:00:24:41 +0000] "GET /whsy.php?e=8022&p=%2Fproc HTTP/1.1" 200 4139 "http://caimegroup.com/whsy.php?e=23458&p=%2Fproc" "Mozilla/5.0 AppleWebKit/537.36 (KHTML, like Gecko; compatible; GPTBot/1.3; +https://openai.com/gptbot)"
74.7.230.14 - - [03/Mar/2026:00:24:42 +0000] "GET /robots.txt HTTP/1.1" 404 - "-" "Mozilla/5.0 (Macintosh; Intel Mac OS X 10_15_7) AppleWebKit/537.36 (KHTML, like Gecko) Chrome/131.0.0.0 Safari/537.36; compatible; OAI-SearchBot/1.3; robots.txt; +https://openai.com/searchbot"
74.7.227.55 - - [03/Mar/2026:00:26:27 +0000] "GET /whsy.php?e=8020&p=%2Fproc HTTP/1.1" 200 4209 "http://caimegroup.com/whsy.php?e=23458&p=%2Fproc" "Mozilla/5.0 AppleWebKit/537.36 (KHTML, like Gecko; compatible; GPTBot/1.3; +https://openai.com/gptbot)"
74.7.227.55 - - [03/Mar/2026:00:27:26 +0000] "GET /whsy.php?e=8023&p=%2Fproc HTTP/1.1" 200 4135 "http://caimegroup.com/whsy.php?e=23458&p=%2Fproc" "Mozilla/5.0 AppleWebKit/537.36 (KHTML, like Gecko; compatible; GPTBot/1.3; +https://openai.com/gptbot)"
74.7.227.55 - - [03/Mar/2026:00:28:19 +0000] "GET /whsy.php?p=%2Fproc%2F16376 HTTP/1.1" 200 1677 "http://caimegroup.com/whsy.php?e=12071&p=%2Fproc" "Mozilla/5.0 AppleWebKit/537.36 (KHTML, like Gecko; compatible; GPTBot/1.3; +https://openai.com/gptbot)"
74.7.227.55 - - [03/Mar/2026:00:29:23 +0000] "GET /whsy.php?e=8025&p=%2Fproc HTTP/1.1" 200 4116 "http://caimegroup.com/whsy.php?e=23458&p=%2Fproc" "Mozilla/5.0 AppleWebKit/537.36 (KHTML, like Gecko; compatible; GPTBot/1.3; +https://openai.com/gptbot)"
74.7.230.14 - - [03/Mar/2026:00:29:57 +0000] "GET /robots.txt HTTP/1.1" 404 - "-" "Mozilla/5.0 (Macintosh; Intel Mac OS X 10_15_7) AppleWebKit/537.36 (KHTML, like Gecko) Chrome/131.0.0.0 Safari/537.36; compatible; OAI-SearchBot/1.3; robots.txt; +https://openai.com/searchbot"
74.7.227.55 - - [03/Mar/2026:00:30:11 +0000] "GET /whsy.php?e=8024&p=%2Fproc HTTP/1.1" 200 4177 "http://caimegroup.com/whsy.php?e=23458&p=%2Fproc" "Mozilla/5.0 AppleWebKit/537.36 (KHTML, like Gecko; compatible; GPTBot/1.3; +https://openai.com/gptbot)"
74.7.227.55 - - [03/Mar/2026:00:30:51 +0000] "GET /whsy.php?p=%2Fproc%2F5375 HTTP/1.1" 200 1935 "http://caimegroup.com/whsy.php?e=7996&p=%2Fproc" "Mozilla/5.0 AppleWebKit/537.36 (KHTML, like Gecko; compatible; GPTBot/1.3; +https://openai.com/gptbot)"
74.7.227.55 - - [03/Mar/2026:00:31:24 +0000] "GET /whsy.php?p=%2Fproc%2F10488 HTTP/1.1" 200 1677 "http://caimegroup.com/whsy.php?e=7996&p=%2Fproc" "Mozilla/5.0 AppleWebKit/537.36 (KHTML, like Gecko; compatible; GPTBot/1.3; +https://openai.com/gptbot)"
20.104.124.39 - - [03/Mar/2026:00:31:25 +0000] "GET /wp-content/plugins/hellopress/wp_filemanager.php HTTP/1.1" 200 - "-" "-"
20.104.124.39 - - [03/Mar/2026:00:31:26 +0000] "GET /class-t.api.php HTTP/1.1" 404 - "-" "-"
20.104.124.39 - - [03/Mar/2026:00:31:27 +0000] "GET /zwso.php HTTP/1.1" 404 - "-" "-"
20.104.124.39 - - [03/Mar/2026:00:31:27 +0000] "GET /wp-admin/css/colors/blue/index.php HTTP/1.1" 200 - "-" "-"
20.104.124.39 - - [03/Mar/2026:00:31:29 +0000] "GET /class19.php HTTP/1.1" 404 - "-" "-"
20.104.124.39 - - [03/Mar/2026:00:31:29 +0000] "GET /class20.php HTTP/1.1" 404 - "-" "-"
20.104.124.39 - - [03/Mar/2026:00:31:30 +0000] "GET /admin.php?p= HTTP/1.1" 404 - "-" "-"
20.104.124.39 - - [03/Mar/2026:00:31:30 +0000] "GET /randkeyword.php HTTP/1.1" 404 - "-" "-"
20.104.124.39 - - [03/Mar/2026:00:31:31 +0000] "GET /fwe.php HTTP/1.1" 404 - "-" "-"
20.104.124.39 - - [03/Mar/2026:00:31:31 +0000] "GET /images/m.php HTTP/1.1" 404 - "-" "-"
20.104.124.39 - - [03/Mar/2026:00:31:32 +0000] "GET /g.php HTTP/1.1" 404 - "-" "-"
20.104.124.39 - - [03/Mar/2026:00:31:32 +0000] "GET /tx1.php HTTP/1.1" 404 - "-" "-"
20.104.124.39 - - [03/Mar/2026:00:31:33 +0000] "GET /xv.php HTTP/1.1" 404 - "-" "-"
20.104.124.39 - - [03/Mar/2026:00:31:34 +0000] "GET /x56.php HTTP/1.1" 404 - "-" "-"
20.104.124.39 - - [03/Mar/2026:00:31:34 +0000] "GET /htaccess.php HTTP/1.1" 404 - "-" "-"
20.104.124.39 - - [03/Mar/2026:00:31:34 +0000] "GET /readme.php HTTP/1.1" 404 - "-" "-"
20.104.124.39 - - [03/Mar/2026:00:31:35 +0000] "GET /x50.php HTTP/1.1" 404 - "-" "-"
20.104.124.39 - - [03/Mar/2026:00:31:36 +0000] "GET /fv.php HTTP/1.1" 404 - "-" "-"
20.104.124.39 - - [03/Mar/2026:00:31:37 +0000] "GET /file.php? HTTP/1.1" 404 - "-" "-"
20.104.124.39 - - [03/Mar/2026:00:31:38 +0000] "GET /lsd.php HTTP/1.1" 404 - "-" "-"
20.104.124.39 - - [03/Mar/2026:00:31:40 +0000] "GET /as.php HTTP/1.1" 404 - "-" "-"
20.104.124.39 - - [03/Mar/2026:00:31:40 +0000] "GET /wsd.php HTTP/1.1" 404 - "-" "-"
20.104.124.39 - - [03/Mar/2026:00:31:40 +0000] "GET /gtc.php HTTP/1.1" 404 - "-" "-"
20.104.124.39 - - [03/Mar/2026:00:31:41 +0000] "GET /atx.php HTTP/1.1" 404 - "-" "-"
20.104.124.39 - - [03/Mar/2026:00:31:41 +0000] "GET /z60.php HTTP/1.1" 404 - "-" "-"
20.104.124.39 - - [03/Mar/2026:00:31:42 +0000] "GET /403.php HTTP/1.1" 404 - "-" "-"
20.104.124.39 - - [03/Mar/2026:00:31:42 +0000] "GET /m.php HTTP/1.1" 404 - "-" "-"
20.104.124.39 - - [03/Mar/2026:00:31:43 +0000] "GET /themes.php HTTP/1.1" 404 - "-" "-"
20.104.124.39 - - [03/Mar/2026:00:31:43 +0000] "GET /wp-admin/maint/about.php HTTP/1.1" 200 - "-" "-"
20.104.124.39 - - [03/Mar/2026:00:31:44 +0000] "GET /wp-admin/network/wp-conflg.php?p= HTTP/1.1" 200 - "-" "-"
20.104.124.39 - - [03/Mar/2026:00:31:45 +0000] "GET /click.php HTTP/1.1" 404 - "-" "-"
20.104.124.39 - - [03/Mar/2026:00:31:45 +0000] "GET /install.php HTTP/1.1" 404 - "-" "-"
20.104.124.39 - - [03/Mar/2026:00:31:46 +0000] "GET /lv.php HTTP/1.1" 404 - "-" "-"
20.104.124.39 - - [03/Mar/2026:00:31:47 +0000] "GET /simple.php HTTP/1.1" 404 - "-" "-"
20.104.124.39 - - [03/Mar/2026:00:31:47 +0000] "GET /css.php HTTP/1.1" 404 - "-" "-"
20.104.124.39 - - [03/Mar/2026:00:31:48 +0000] "GET /cong.php HTTP/1.1" 404 - "-" "-"
20.104.124.39 - - [03/Mar/2026:00:31:48 +0000] "GET /wp-includes/images/wp-login.php HTTP/1.1" 200 - "-" "-"
20.104.124.39 - - [03/Mar/2026:00:31:49 +0000] "GET /cong.php HTTP/1.1" 404 - "-" "-"
20.104.124.39 - - [03/Mar/2026:00:31:50 +0000] "GET /w.php HTTP/1.1" 404 - "-" "-"
20.104.124.39 - - [03/Mar/2026:00:31:51 +0000] "GET /404.php HTTP/1.1" 404 - "-" "-"
20.104.124.39 - - [03/Mar/2026:00:31:52 +0000] "GET /ioxi-o.php HTTP/1.1" 404 - "-" "-"
20.104.124.39 - - [03/Mar/2026:00:31:52 +0000] "GET /0x.php HTTP/1.1" 404 - "-" "-"
20.104.124.39 - - [03/Mar/2026:00:31:53 +0000] "GET /css.php HTTP/1.1" 404 - "-" "-"
20.104.124.39 - - [03/Mar/2026:00:31:54 +0000] "GET /222.php HTTP/1.1" 404 - "-" "-"
20.104.124.39 - - [03/Mar/2026:00:31:54 +0000] "GET /wp-content/index.php HTTP/1.1" 404 - "-" "-"
20.104.124.39 - - [03/Mar/2026:00:31:55 +0000] "GET /admin.php HTTP/1.1" 404 - "-" "-"
20.104.124.39 - - [03/Mar/2026:00:31:55 +0000] "GET /wp-admin/maint/maint.php HTTP/1.1" 200 - "-" "-"
20.104.124.39 - - [03/Mar/2026:00:31:56 +0000] "GET /classwithtostring.php HTTP/1.1" 404 - "-" "-"
20.104.124.39 - - [03/Mar/2026:00:31:57 +0000] "GET /abcd.php HTTP/1.1" 404 - "-" "-"
20.104.124.39 - - [03/Mar/2026:00:31:57 +0000] "GET /autoload_classmap.php?p= HTTP/1.1" 404 - "-" "-"
20.104.124.39 - - [03/Mar/2026:00:31:58 +0000] "GET /inputs.php HTTP/1.1" 404 - "-" "-"
20.104.124.39 - - [03/Mar/2026:00:31:59 +0000] "GET /about.php HTTP/1.1" 404 - "-" "-"
20.104.124.39 - - [03/Mar/2026:00:31:59 +0000] "GET /alfa.php HTTP/1.1" 404 - "-" "-"
20.104.124.39 - - [03/Mar/2026:00:32:00 +0000] "GET /themes/twentytwentytwo/index.php HTTP/1.1" 404 - "-" "-"
20.104.124.39 - - [03/Mar/2026:00:32:00 +0000] "GET /wp-admin/js/wp-conflg.php?p= HTTP/1.1" 200 - "-" "-"
20.104.124.39 - - [03/Mar/2026:00:32:02 +0000] "GET /wp-admin/wp-conflg.php?p= HTTP/1.1" 200 - "-" "-"
20.104.124.39 - - [03/Mar/2026:00:32:03 +0000] "GET /wp-admin/css/wp-conflg.php?p= HTTP/1.1" 200 - "-" "-"
20.104.124.39 - - [03/Mar/2026:00:32:04 +0000] "GET /manager.php?p= HTTP/1.1" 404 - "-" "-"
20.104.124.39 - - [03/Mar/2026:00:32:04 +0000] "GET /item.php HTTP/1.1" 404 - "-" "-"
20.104.124.39 - - [03/Mar/2026:00:32:05 +0000] "GET /plugins/Cache/footer.php HTTP/1.1" 404 - "-" "-"
20.104.124.39 - - [03/Mar/2026:00:32:05 +0000] "GET /404.php HTTP/1.1" 404 - "-" "-"
74.7.227.55 - - [03/Mar/2026:00:32:04 +0000] "GET /whsy.php?e=environ&p=%2Fproc%2F1597 HTTP/1.1" 200 1677 "http://caimegroup.com/whsy.php?p=%2Fproc%2F1597" "Mozilla/5.0 AppleWebKit/537.36 (KHTML, like Gecko; compatible; GPTBot/1.3; +https://openai.com/gptbot)"
20.104.124.39 - - [03/Mar/2026:00:32:06 +0000] "GET /mail.php HTTP/1.1" 404 - "-" "-"
20.104.124.39 - - [03/Mar/2026:00:32:06 +0000] "GET /wp-content/plugins/index.php HTTP/1.1" 200 - "-" "-"
20.104.124.39 - - [03/Mar/2026:00:32:08 +0000] "GET /sx.php HTTP/1.1" 404 - "-" "-"
20.104.124.39 - - [03/Mar/2026:00:32:08 +0000] "GET /wp-admin/maint/admin.php HTTP/1.1" 200 - "-" "-"
20.104.124.39 - - [03/Mar/2026:00:32:09 +0000] "GET /alfa.php HTTP/1.1" 404 - "-" "-"
20.104.124.39 - - [03/Mar/2026:00:32:10 +0000] "GET /1.php HTTP/1.1" 404 - "-" "-"
20.104.124.39 - - [03/Mar/2026:00:32:10 +0000] "GET /byp.php HTTP/1.1" 404 - "-" "-"
20.104.124.39 - - [03/Mar/2026:00:32:11 +0000] "GET /wp-trackback.php HTTP/1.1" 500 2431 "-" "-"
20.104.124.39 - - [03/Mar/2026:00:32:13 +0000] "GET /.well-known/index.php HTTP/1.1" 404 - "-" "-"
20.104.124.39 - - [03/Mar/2026:00:32:14 +0000] "GET /wp-admin/network/plugins.php HTTP/1.1" 500 3117 "-" "-"
20.104.124.39 - - [03/Mar/2026:00:32:16 +0000] "GET /wp-admin/about.php HTTP/1.1" 500 3117 "-" "-"
20.104.124.39 - - [03/Mar/2026:00:32:18 +0000] "GET /gmo.php HTTP/1.1" 404 - "-" "-"
20.104.124.39 - - [03/Mar/2026:00:32:18 +0000] "GET /wp-includes/ID3/about.php HTTP/1.1" 200 - "-" "-"
20.104.124.39 - - [03/Mar/2026:00:32:20 +0000] "GET /css/index.php HTTP/1.1" 404 - "-" "-"
20.104.124.39 - - [03/Mar/2026:00:32:20 +0000] "GET /wp-includes/SimplePie/wp-login.php HTTP/1.1" 200 - "-" "-"
20.104.124.39 - - [03/Mar/2026:00:32:21 +0000] "GET /wp-content/themes/about.php HTTP/1.1" 200 - "-" "-"
20.104.124.39 - - [03/Mar/2026:00:32:23 +0000] "GET /filemanager/dialog.php HTTP/1.1" 404 - "-" "-"
20.104.124.39 - - [03/Mar/2026:00:32:23 +0000] "GET /wp-admin/maint/index.php HTTP/1.1" 200 - "-" "-"
20.104.124.39 - - [03/Mar/2026:00:32:24 +0000] "GET /wp-includes/customize/about.php HTTP/1.1" 200 - "-" "-"
20.104.124.39 - - [03/Mar/2026:00:32:25 +0000] "GET /index/function.php HTTP/1.1" 404 - "-" "-"
20.104.124.39 - - [03/Mar/2026:00:32:26 +0000] "GET /uploads/autoload_classmap.php HTTP/1.1" 404 - "-" "-"
20.104.124.39 - - [03/Mar/2026:00:32:26 +0000] "GET /wp-includes/style-engine/about.php HTTP/1.1" 200 - "-" "-"
20.104.124.39 - - [03/Mar/2026:00:32:27 +0000] "GET /ww1.php HTTP/1.1" 404 - "-" "-"
20.104.124.39 - - [03/Mar/2026:00:32:27 +0000] "GET /about/function.php HTTP/1.1" 404 - "-" "-"
20.104.124.39 - - [03/Mar/2026:00:32:28 +0000] "GET /admin/function.php HTTP/1.1" 404 - "-" "-"
20.104.124.39 - - [03/Mar/2026:00:32:28 +0000] "GET /.well-known/acme-challenge/index.php HTTP/1.1" 404 - "-" "-"
20.104.124.39 - - [03/Mar/2026:00:32:28 +0000] "GET /css/colors/blue/index.php HTTP/1.1" 404 - "-" "-"
20.104.124.39 - - [03/Mar/2026:00:32:29 +0000] "GET /security.php HTTP/1.1" 404 - "-" "-"
20.104.124.39 - - [03/Mar/2026:00:32:30 +0000] "GET /wp-admin/user/about.php HTTP/1.1" 500 3117 "-" "-"
20.104.124.39 - - [03/Mar/2026:00:32:32 +0000] "GET /wp-admin/js/index.php HTTP/1.1" 200 - "-" "-"
20.104.124.39 - - [03/Mar/2026:00:32:32 +0000] "GET /wp-content/upgrade/about.php HTTP/1.1" 200 - "-" "-"
20.104.124.39 - - [03/Mar/2026:00:32:33 +0000] "GET /wp-includes/assets/index.php HTTP/1.1" 200 - "-" "-"
20.104.124.39 - - [03/Mar/2026:00:32:35 +0000] "GET /wp-content/radio.php HTTP/1.1" 200 - "-" "-"
20.104.124.39 - - [03/Mar/2026:00:32:36 +0000] "GET /wp-includes/fonts/index.php?p= HTTP/1.1" 200 - "-" "-"
20.104.124.39 - - [03/Mar/2026:00:32:37 +0000] "GET /.well-known/admin.php HTTP/1.1" 404 - "-" "-"
20.104.124.39 - - [03/Mar/2026:00:32:37 +0000] "GET /wp-content/admin.php HTTP/1.1" 200 - "-" "-"
20.104.124.39 - - [03/Mar/2026:00:32:39 +0000] "GET /wp-content/plugins/admin.php HTTP/1.1" 200 - "-" "-"
20.104.124.39 - - [03/Mar/2026:00:32:42 +0000] "GET /wp-content/themes/twentytwentytwo/index.php?p= HTTP/1.1" 200 - "-" "-"
74.7.227.55 - - [03/Mar/2026:00:32:43 +0000] "GET /whsy.php?e=16373&p=%2Fproc HTTP/1.1" 200 4175 "http://caimegroup.com/whsy.php?e=12071&p=%2Fproc" "Mozilla/5.0 AppleWebKit/537.36 (KHTML, like Gecko; compatible; GPTBot/1.3; +https://openai.com/gptbot)"
20.104.124.39 - - [03/Mar/2026:00:32:45 +0000] "GET /.well-known/log.php HTTP/1.1" 404 - "-" "-"
20.104.124.39 - - [03/Mar/2026:00:32:46 +0000] "GET /class.php HTTP/1.1" 404 - "-" "-"
20.104.124.39 - - [03/Mar/2026:00:32:49 +0000] "GET /bless5.php HTTP/1.1" 404 - "-" "-"
20.104.124.39 - - [03/Mar/2026:00:32:51 +0000] "GET /wp-includes/js/codemirror/index.php HTTP/1.1" 200 - "-" "-"
20.104.124.39 - - [03/Mar/2026:00:32:52 +0000] "GET /wp-includes/block-patterns/index.php HTTP/1.1" 200 - "-" "-"
20.104.124.39 - - [03/Mar/2026:00:32:52 +0000] "GET /lock360.php HTTP/1.1" 404 - "-" "-"
20.104.124.39 - - [03/Mar/2026:00:32:53 +0000] "GET /f35.php HTTP/1.1" 404 - "-" "-"
20.104.124.39 - - [03/Mar/2026:00:32:53 +0000] "GET /ioxi-o1.php HTTP/1.1" 404 - "-" "-"
20.104.124.39 - - [03/Mar/2026:00:32:53 +0000] "GET /juuuu.php HTTP/1.1" 404 - "-" "-"
20.104.124.39 - - [03/Mar/2026:00:32:54 +0000] "GET /ha.php HTTP/1.1" 404 - "-" "-"
20.104.124.39 - - [03/Mar/2026:00:32:55 +0000] "GET /gg.php HTTP/1.1" 404 - "-" "-"
20.104.124.39 - - [03/Mar/2026:00:32:56 +0000] "GET /we2.php HTTP/1.1" 404 - "-" "-"
20.104.124.39 - - [03/Mar/2026:00:32:56 +0000] "GET /04.php HTTP/1.1" 404 - "-" "-"
20.104.124.39 - - [03/Mar/2026:00:32:56 +0000] "GET /333.php HTTP/1.1" 404 - "-" "-"
20.104.124.39 - - [03/Mar/2026:00:32:57 +0000] "GET /520.php HTTP/1.1" 404 - "-" "-"
20.104.124.39 - - [03/Mar/2026:00:32:57 +0000] "GET /ar.php HTTP/1.1" 404 - "-" "-"
20.104.124.39 - - [03/Mar/2026:00:32:57 +0000] "GET /x.php HTTP/1.1" 404 - "-" "-"
20.104.124.39 - - [03/Mar/2026:00:32:58 +0000] "GET /xx.php HTTP/1.1" 404 - "-" "-"
