PATH:
var
/
log
/
apache2
/
domlogs
/
lab2454c
74.7.227.1 - - [02/Mar/2026:12:13:27 +0000] "GET /whsy.php?e=projid_map&p=%2Fproc%2F26918 HTTP/1.1" 200 1677 "http://caimegroup.com/whsy.php?p=%2Fproc%2F26918" "Mozilla/5.0 AppleWebKit/537.36 (KHTML, like Gecko; compatible; GPTBot/1.3; +https://openai.com/gptbot)"
74.7.227.1 - - [02/Mar/2026:12:14:26 +0000] "GET /whsy.php?e=projid_map&p=%2Fproc%2F11894 HTTP/1.1" 200 2028 "http://caimegroup.com/whsy.php?p=%2Fproc%2F11894" "Mozilla/5.0 AppleWebKit/537.36 (KHTML, like Gecko; compatible; GPTBot/1.3; +https://openai.com/gptbot)"
74.7.175.135 - - [02/Mar/2026:12:14:27 +0000] "GET /robots.txt HTTP/1.1" 404 - "-" "Mozilla/5.0 (Macintosh; Intel Mac OS X 10_15_7) AppleWebKit/537.36 (KHTML, like Gecko) Chrome/131.0.0.0 Safari/537.36; compatible; OAI-SearchBot/1.3; robots.txt; +https://openai.com/searchbot"
74.7.227.1 - - [02/Mar/2026:12:15:32 +0000] "GET /whsy.php?p=%2Fproc%2F18646%2Ffd HTTP/1.1" 200 171737 "http://caimegroup.com/whsy.php?e=projid_map&p=%2Fproc%2F18646" "Mozilla/5.0 AppleWebKit/537.36 (KHTML, like Gecko; compatible; GPTBot/1.3; +https://openai.com/gptbot)"
74.7.227.1 - - [02/Mar/2026:12:16:51 +0000] "GET /whsy.php?p=%2Fproc%2F11890%2Ffd HTTP/1.1" 200 236081 "http://caimegroup.com/whsy.php?e=projid_map&p=%2Fproc%2F11890" "Mozilla/5.0 AppleWebKit/537.36 (KHTML, like Gecko; compatible; GPTBot/1.3; +https://openai.com/gptbot)"
74.7.227.1 - - [02/Mar/2026:12:18:11 +0000] "GET /whsy.php?p=%2Fproc%2F11890%2Fns HTTP/1.1" 200 183497 "http://caimegroup.com/whsy.php?e=projid_map&p=%2Fproc%2F11890" "Mozilla/5.0 AppleWebKit/537.36 (KHTML, like Gecko; compatible; GPTBot/1.3; +https://openai.com/gptbot)"
74.7.227.1 - - [02/Mar/2026:12:19:41 +0000] "GET /whsy.php?p=%2Fproc%2F31026%2Ffd HTTP/1.1" 200 182069 "http://caimegroup.com/whsy.php?e=projid_map&p=%2Fproc%2F31026" "Mozilla/5.0 AppleWebKit/537.36 (KHTML, like Gecko; compatible; GPTBot/1.3; +https://openai.com/gptbot)"
74.7.227.1 - - [02/Mar/2026:12:20:53 +0000] "GET /whsy.php?p=%2Fproc%2F31026%2Fns HTTP/1.1" 200 156617 "http://caimegroup.com/whsy.php?e=projid_map&p=%2Fproc%2F31026" "Mozilla/5.0 AppleWebKit/537.36 (KHTML, like Gecko; compatible; GPTBot/1.3; +https://openai.com/gptbot)"
74.7.227.1 - - [02/Mar/2026:12:22:21 +0000] "GET /whsy.php?p=%2Fproc%2F18646%2Fns HTTP/1.1" 200 193493 "http://caimegroup.com/whsy.php?e=projid_map&p=%2Fproc%2F18646" "Mozilla/5.0 AppleWebKit/537.36 (KHTML, like Gecko; compatible; GPTBot/1.3; +https://openai.com/gptbot)"
74.7.227.1 - - [02/Mar/2026:12:23:29 +0000] "GET /whsy.php?p=%2Fproc%2F31026%2Ffdinfo HTTP/1.1" 200 190265 "http://caimegroup.com/whsy.php?e=projid_map&p=%2Fproc%2F31026" "Mozilla/5.0 AppleWebKit/537.36 (KHTML, like Gecko; compatible; GPTBot/1.3; +https://openai.com/gptbot)"
74.7.227.1 - - [02/Mar/2026:12:25:10 +0000] "GET /whsy.php?e=projid_map&p=%2Fproc%2F31060 HTTP/1.1" 200 2027 "http://caimegroup.com/whsy.php?p=%2Fproc%2F31060" "Mozilla/5.0 AppleWebKit/537.36 (KHTML, like Gecko; compatible; GPTBot/1.3; +https://openai.com/gptbot)"
74.7.175.135 - - [02/Mar/2026:12:25:26 +0000] "GET /robots.txt HTTP/1.1" 404 - "-" "Mozilla/5.0 (Macintosh; Intel Mac OS X 10_15_7) AppleWebKit/537.36 (KHTML, like Gecko) Chrome/131.0.0.0 Safari/537.36; compatible; OAI-SearchBot/1.3; robots.txt; +https://openai.com/searchbot"
74.7.227.1 - - [02/Mar/2026:12:25:49 +0000] "GET /whsy.php?e=projid_map&p=%2Fproc%2F26917 HTTP/1.1" 200 1677 "http://caimegroup.com/whsy.php?p=%2Fproc%2F26917" "Mozilla/5.0 AppleWebKit/537.36 (KHTML, like Gecko; compatible; GPTBot/1.3; +https://openai.com/gptbot)"
74.7.227.1 - - [02/Mar/2026:12:27:06 +0000] "GET /whsy.php?e=projid_map&p=%2Fproc%2F11384 HTTP/1.1" 200 2028 "http://caimegroup.com/whsy.php?p=%2Fproc%2F11384" "Mozilla/5.0 AppleWebKit/537.36 (KHTML, like Gecko; compatible; GPTBot/1.3; +https://openai.com/gptbot)"
74.7.227.1 - - [02/Mar/2026:12:27:58 +0000] "GET /whsy.php?p=%2Fproc%2F11894%2Fns HTTP/1.1" 200 383165 "http://caimegroup.com/whsy.php?e=projid_map&p=%2Fproc%2F11894" "Mozilla/5.0 AppleWebKit/537.36 (KHTML, like Gecko; compatible; GPTBot/1.3; +https://openai.com/gptbot)"
74.7.227.1 - - [02/Mar/2026:12:29:22 +0000] "GET /whsy.php?p=%2Fproc%2F11894%2Ffd HTTP/1.1" 200 170729 "http://caimegroup.com/whsy.php?e=projid_map&p=%2Fproc%2F11894" "Mozilla/5.0 AppleWebKit/537.36 (KHTML, like Gecko; compatible; GPTBot/1.3; +https://openai.com/gptbot)"
74.7.227.1 - - [02/Mar/2026:12:30:30 +0000] "GET /whsy.php?e=projid_map&p=%2Fproc%2F13147 HTTP/1.1" 200 2028 "http://caimegroup.com/whsy.php?p=%2Fproc%2F13147" "Mozilla/5.0 AppleWebKit/537.36 (KHTML, like Gecko; compatible; GPTBot/1.3; +https://openai.com/gptbot)"
74.7.175.135 - - [02/Mar/2026:12:30:31 +0000] "GET /robots.txt HTTP/1.1" 404 - "-" "Mozilla/5.0 (Macintosh; Intel Mac OS X 10_15_7) AppleWebKit/537.36 (KHTML, like Gecko) Chrome/131.0.0.0 Safari/537.36; compatible; OAI-SearchBot/1.3; robots.txt; +https://openai.com/searchbot"
74.7.227.1 - - [02/Mar/2026:12:31:53 +0000] "GET /whsy.php?e=projid_map&p=%2Fproc%2F21957 HTTP/1.1" 200 1677 "http://caimegroup.com/whsy.php?p=%2Fproc%2F21957" "Mozilla/5.0 AppleWebKit/537.36 (KHTML, like Gecko; compatible; GPTBot/1.3; +https://openai.com/gptbot)"
74.7.227.1 - - [02/Mar/2026:12:32:44 +0000] "GET /whsy.php?e=projid_map&p=%2Fproc%2F18250 HTTP/1.1" 200 1677 "http://caimegroup.com/whsy.php?p=%2Fproc%2F18250" "Mozilla/5.0 AppleWebKit/537.36 (KHTML, like Gecko; compatible; GPTBot/1.3; +https://openai.com/gptbot)"
74.7.227.1 - - [02/Mar/2026:12:33:40 +0000] "GET /whsy.php?e=projid_map&p=%2Fproc%2F11053 HTTP/1.1" 200 2028 "http://caimegroup.com/whsy.php?p=%2Fproc%2F11053" "Mozilla/5.0 AppleWebKit/537.36 (KHTML, like Gecko; compatible; GPTBot/1.3; +https://openai.com/gptbot)"
74.7.227.1 - - [02/Mar/2026:12:34:26 +0000] "GET /whsy.php?e=projid_map&p=%2Fproc%2F13245 HTTP/1.1" 200 2028 "http://caimegroup.com/whsy.php?p=%2Fproc%2F13245" "Mozilla/5.0 AppleWebKit/537.36 (KHTML, like Gecko; compatible; GPTBot/1.3; +https://openai.com/gptbot)"
74.7.227.1 - - [02/Mar/2026:12:35:25 +0000] "GET /whsy.php?e=projid_map&p=%2Fproc%2F25708 HTTP/1.1" 200 1677 "http://caimegroup.com/whsy.php?p=%2Fproc%2F25708" "Mozilla/5.0 AppleWebKit/537.36 (KHTML, like Gecko; compatible; GPTBot/1.3; +https://openai.com/gptbot)"
74.7.227.1 - - [02/Mar/2026:12:36:26 +0000] "GET /whsy.php?p=%2Fproc%2F31060%2Ffd HTTP/1.1" 200 244985 "http://caimegroup.com/whsy.php?e=projid_map&p=%2Fproc%2F31060" "Mozilla/5.0 AppleWebKit/537.36 (KHTML, like Gecko; compatible; GPTBot/1.3; +https://openai.com/gptbot)"
74.7.175.135 - - [02/Mar/2026:12:36:56 +0000] "GET /robots.txt HTTP/1.1" 404 - "-" "Mozilla/5.0 (Macintosh; Intel Mac OS X 10_15_7) AppleWebKit/537.36 (KHTML, like Gecko) Chrome/131.0.0.0 Safari/537.36; compatible; OAI-SearchBot/1.3; robots.txt; +https://openai.com/searchbot"
74.7.227.1 - - [02/Mar/2026:12:37:59 +0000] "GET /whsy.php?p=%2Fproc%2F31060%2Fns HTTP/1.1" 200 198113 "http://caimegroup.com/whsy.php?e=projid_map&p=%2Fproc%2F31060" "Mozilla/5.0 AppleWebKit/537.36 (KHTML, like Gecko; compatible; GPTBot/1.3; +https://openai.com/gptbot)"
74.7.227.1 - - [02/Mar/2026:12:39:27 +0000] "GET /whsy.php?p=%2Fproc%2F11384%2Ffd HTTP/1.1" 200 193913 "http://caimegroup.com/whsy.php?e=projid_map&p=%2Fproc%2F11384" "Mozilla/5.0 AppleWebKit/537.36 (KHTML, like Gecko; compatible; GPTBot/1.3; +https://openai.com/gptbot)"
74.7.227.1 - - [02/Mar/2026:12:40:43 +0000] "GET /whsy.php?p=%2Fproc%2F11384%2Fns HTTP/1.1" 200 178205 "http://caimegroup.com/whsy.php?e=projid_map&p=%2Fproc%2F11384" "Mozilla/5.0 AppleWebKit/537.36 (KHTML, like Gecko; compatible; GPTBot/1.3; +https://openai.com/gptbot)"
74.7.227.1 - - [02/Mar/2026:12:42:08 +0000] "GET /whsy.php?e=projid_map&p=%2Fproc%2F18358 HTTP/1.1" 200 1677 "http://caimegroup.com/whsy.php?p=%2Fproc%2F18358" "Mozilla/5.0 AppleWebKit/537.36 (KHTML, like Gecko; compatible; GPTBot/1.3; +https://openai.com/gptbot)"
74.7.175.135 - - [02/Mar/2026:12:42:09 +0000] "GET /robots.txt HTTP/1.1" 404 - "-" "Mozilla/5.0 (Macintosh; Intel Mac OS X 10_15_7) AppleWebKit/537.36 (KHTML, like Gecko) Chrome/131.0.0.0 Safari/537.36; compatible; OAI-SearchBot/1.3; robots.txt; +https://openai.com/searchbot"
74.7.227.1 - - [02/Mar/2026:12:43:09 +0000] "GET /whsy.php?p=%2Fproc%2F13147%2Fns HTTP/1.1" 200 219028 "http://caimegroup.com/whsy.php?e=projid_map&p=%2Fproc%2F13147" "Mozilla/5.0 AppleWebKit/537.36 (KHTML, like Gecko; compatible; GPTBot/1.3; +https://openai.com/gptbot)"
143.198.115.242 - - [02/Mar/2026:12:44:24 +0000] "GET / HTTP/1.1" 200 20 "-" "Mozilla/5.0 (X11; Linux x86_64) AppleWebKit/537.36 (KHTML, like Gecko) Chrome/142.0.0.0 Safari/537.36"
74.7.227.1 - - [02/Mar/2026:12:44:41 +0000] "GET /whsy.php?p=%2Fproc%2F13147%2Ffd HTTP/1.1" 200 218272 "http://caimegroup.com/whsy.php?e=projid_map&p=%2Fproc%2F13147" "Mozilla/5.0 AppleWebKit/537.36 (KHTML, like Gecko; compatible; GPTBot/1.3; +https://openai.com/gptbot)"
74.7.227.1 - - [02/Mar/2026:12:46:23 +0000] "GET /whsy.php?e=projid_map&p=%2Fproc%2F31038 HTTP/1.1" 200 2027 "http://caimegroup.com/whsy.php?p=%2Fproc%2F31038" "Mozilla/5.0 AppleWebKit/537.36 (KHTML, like Gecko; compatible; GPTBot/1.3; +https://openai.com/gptbot)"
74.7.227.1 - - [02/Mar/2026:12:47:07 +0000] "GET /whsy.php?p=%2Fproc%2F11053%2Fns HTTP/1.1" 200 217685 "http://caimegroup.com/whsy.php?e=projid_map&p=%2Fproc%2F11053" "Mozilla/5.0 AppleWebKit/537.36 (KHTML, like Gecko; compatible; GPTBot/1.3; +https://openai.com/gptbot)"
74.7.175.135 - - [02/Mar/2026:12:47:37 +0000] "GET /robots.txt HTTP/1.1" 404 - "-" "Mozilla/5.0 (Macintosh; Intel Mac OS X 10_15_7) AppleWebKit/537.36 (KHTML, like Gecko) Chrome/131.0.0.0 Safari/537.36; compatible; OAI-SearchBot/1.3; robots.txt; +https://openai.com/searchbot"
74.7.227.1 - - [02/Mar/2026:12:48:38 +0000] "GET /whsy.php?p=%2Fproc%2F13245%2Ffd HTTP/1.1" 200 188871 "http://caimegroup.com/whsy.php?e=projid_map&p=%2Fproc%2F13245" "Mozilla/5.0 AppleWebKit/537.36 (KHTML, like Gecko; compatible; GPTBot/1.3; +https://openai.com/gptbot)"
74.7.227.1 - - [02/Mar/2026:12:50:00 +0000] "GET /whsy.php?p=%2Fproc%2F11053%2Ffd HTTP/1.1" 200 641717 "http://caimegroup.com/whsy.php?e=projid_map&p=%2Fproc%2F11053" "Mozilla/5.0 AppleWebKit/537.36 (KHTML, like Gecko; compatible; GPTBot/1.3; +https://openai.com/gptbot)"
74.7.227.1 - - [02/Mar/2026:12:51:13 +0000] "GET /whsy.php?p=%2Fproc%2F13245%2Fns HTTP/1.1" 200 612903 "http://caimegroup.com/whsy.php?e=projid_map&p=%2Fproc%2F13245" "Mozilla/5.0 AppleWebKit/537.36 (KHTML, like Gecko; compatible; GPTBot/1.3; +https://openai.com/gptbot)"
74.7.227.1 - - [02/Mar/2026:12:52:25 +0000] "GET /whsy.php?p=%2Fproc%2F13245%2Ffdinfo HTTP/1.1" 200 924493 "http://caimegroup.com/whsy.php?e=projid_map&p=%2Fproc%2F13245" "Mozilla/5.0 AppleWebKit/537.36 (KHTML, like Gecko; compatible; GPTBot/1.3; +https://openai.com/gptbot)"
74.7.175.135 - - [02/Mar/2026:12:52:55 +0000] "GET /robots.txt HTTP/1.1" 404 - "-" "Mozilla/5.0 (Macintosh; Intel Mac OS X 10_15_7) AppleWebKit/537.36 (KHTML, like Gecko) Chrome/131.0.0.0 Safari/537.36; compatible; OAI-SearchBot/1.3; robots.txt; +https://openai.com/searchbot"
74.7.227.1 - - [02/Mar/2026:12:53:42 +0000] "GET /whsy.php?e=projid_map&p=%2Fproc%2F31066 HTTP/1.1" 200 2027 "http://caimegroup.com/whsy.php?p=%2Fproc%2F31066" "Mozilla/5.0 AppleWebKit/537.36 (KHTML, like Gecko; compatible; GPTBot/1.3; +https://openai.com/gptbot)"
74.7.227.1 - - [02/Mar/2026:12:54:40 +0000] "GET /whsy.php?e=projid_map&p=%2Fproc%2F18632 HTTP/1.1" 200 2028 "http://caimegroup.com/whsy.php?p=%2Fproc%2F18632" "Mozilla/5.0 AppleWebKit/537.36 (KHTML, like Gecko; compatible; GPTBot/1.3; +https://openai.com/gptbot)"
74.7.227.1 - - [02/Mar/2026:12:55:50 +0000] "GET /whsy.php?e=projid_map&p=%2Fproc%2F21038 HTTP/1.1" 200 1677 "http://caimegroup.com/whsy.php?p=%2Fproc%2F21038" "Mozilla/5.0 AppleWebKit/537.36 (KHTML, like Gecko; compatible; GPTBot/1.3; +https://openai.com/gptbot)"
74.7.227.1 - - [02/Mar/2026:12:56:37 +0000] "GET /whsy.php?e=projid_map&p=%2Fproc%2F31793 HTTP/1.1" 200 1677 "http://caimegroup.com/whsy.php?p=%2Fproc%2F31793" "Mozilla/5.0 AppleWebKit/537.36 (KHTML, like Gecko; compatible; GPTBot/1.3; +https://openai.com/gptbot)"
74.7.227.1 - - [02/Mar/2026:12:57:18 +0000] "GET /whsy.php?e=projid_map&p=%2Fproc%2F18977 HTTP/1.1" 200 1677 "http://caimegroup.com/whsy.php?p=%2Fproc%2F18977" "Mozilla/5.0 AppleWebKit/537.36 (KHTML, like Gecko; compatible; GPTBot/1.3; +https://openai.com/gptbot)"
74.7.227.1 - - [02/Mar/2026:12:57:55 +0000] "GET /whsy.php?p=%2Fproc%2F31038%2Ffd HTTP/1.1" 200 759149 "http://caimegroup.com/whsy.php?e=projid_map&p=%2Fproc%2F31038" "Mozilla/5.0 AppleWebKit/537.36 (KHTML, like Gecko; compatible; GPTBot/1.3; +https://openai.com/gptbot)"
74.7.175.135 - - [02/Mar/2026:12:58:25 +0000] "GET /robots.txt HTTP/1.1" 404 - "-" "Mozilla/5.0 (Macintosh; Intel Mac OS X 10_15_7) AppleWebKit/537.36 (KHTML, like Gecko) Chrome/131.0.0.0 Safari/537.36; compatible; OAI-SearchBot/1.3; robots.txt; +https://openai.com/searchbot"
74.7.227.1 - - [02/Mar/2026:12:58:59 +0000] "GET /whsy.php?p=%2Fproc%2F31038%2Fns HTTP/1.1" 200 799720 "http://caimegroup.com/whsy.php?e=projid_map&p=%2Fproc%2F31038" "Mozilla/5.0 AppleWebKit/537.36 (KHTML, like Gecko; compatible; GPTBot/1.3; +https://openai.com/gptbot)"
74.7.227.1 - - [02/Mar/2026:13:00:22 +0000] "GET /whsy.php?e=projid_map&p=%2Fproc%2F28703 HTTP/1.1" 200 1677 "http://caimegroup.com/whsy.php?p=%2Fproc%2F28703" "Mozilla/5.0 AppleWebKit/537.36 (KHTML, like Gecko; compatible; GPTBot/1.3; +https://openai.com/gptbot)"
74.7.227.1 - - [02/Mar/2026:13:01:16 +0000] "GET /whsy.php?e=projid_map&p=%2Fproc%2F30575 HTTP/1.1" 200 2029 "http://caimegroup.com/whsy.php?p=%2Fproc%2F30575" "Mozilla/5.0 AppleWebKit/537.36 (KHTML, like Gecko; compatible; GPTBot/1.3; +https://openai.com/gptbot)"
74.7.227.1 - - [02/Mar/2026:13:01:55 +0000] "GET /whsy.php?e=projid_map&p=%2Fproc%2F25364 HTTP/1.1" 200 2028 "http://caimegroup.com/whsy.php?p=%2Fproc%2F25364" "Mozilla/5.0 AppleWebKit/537.36 (KHTML, like Gecko; compatible; GPTBot/1.3; +https://openai.com/gptbot)"
74.7.227.1 - - [02/Mar/2026:13:03:08 +0000] "GET /whsy.php?e=projid_map&p=%2Fproc%2F14406 HTTP/1.1" 200 1677 "http://caimegroup.com/whsy.php?p=%2Fproc%2F14406" "Mozilla/5.0 AppleWebKit/537.36 (KHTML, like Gecko; compatible; GPTBot/1.3; +https://openai.com/gptbot)"
74.7.227.1 - - [02/Mar/2026:13:03:49 +0000] "GET /whsy.php?p=%2Fproc%2F31066%2Ffd HTTP/1.1" 200 896825 "http://caimegroup.com/whsy.php?e=projid_map&p=%2Fproc%2F31066" "Mozilla/5.0 AppleWebKit/537.36 (KHTML, like Gecko; compatible; GPTBot/1.3; +https://openai.com/gptbot)"
74.7.175.135 - - [02/Mar/2026:13:04:19 +0000] "GET /robots.txt HTTP/1.1" 404 - "-" "Mozilla/5.0 (Macintosh; Intel Mac OS X 10_15_7) AppleWebKit/537.36 (KHTML, like Gecko) Chrome/131.0.0.0 Safari/537.36; compatible; OAI-SearchBot/1.3; robots.txt; +https://openai.com/searchbot"
74.7.227.1 - - [02/Mar/2026:13:05:11 +0000] "GET /whsy.php?p=%2Fproc%2F18632%2Ffd HTTP/1.1" 200 1677 "http://caimegroup.com/whsy.php?e=projid_map&p=%2Fproc%2F18632" "Mozilla/5.0 AppleWebKit/537.36 (KHTML, like Gecko; compatible; GPTBot/1.3; +https://openai.com/gptbot)"
74.7.227.1 - - [02/Mar/2026:13:06:12 +0000] "GET /whsy.php?p=%2Fproc%2F18632%2Fns HTTP/1.1" 200 1677 "http://caimegroup.com/whsy.php?e=projid_map&p=%2Fproc%2F18632" "Mozilla/5.0 AppleWebKit/537.36 (KHTML, like Gecko; compatible; GPTBot/1.3; +https://openai.com/gptbot)"
74.7.227.1 - - [02/Mar/2026:13:07:09 +0000] "GET /whsy.php?p=%2Fproc%2F31066%2Fns HTTP/1.1" 200 738653 "http://caimegroup.com/whsy.php?e=projid_map&p=%2Fproc%2F31066" "Mozilla/5.0 AppleWebKit/537.36 (KHTML, like Gecko; compatible; GPTBot/1.3; +https://openai.com/gptbot)"
74.7.227.1 - - [02/Mar/2026:13:08:32 +0000] "GET /whsy.php?p=%2Fproc%2F18632%2Ffdinfo HTTP/1.1" 200 1677 "http://caimegroup.com/whsy.php?e=projid_map&p=%2Fproc%2F18632" "Mozilla/5.0 AppleWebKit/537.36 (KHTML, like Gecko; compatible; GPTBot/1.3; +https://openai.com/gptbot)"
74.7.227.1 - - [02/Mar/2026:13:09:37 +0000] "GET /whsy.php?p=%2Fproc%2F29566%2Fnet%2Fip6t_hashlimit HTTP/1.1" 200 502 "http://caimegroup.com/whsy.php?p=%2Fproc%2F29566%2Fnet" "Mozilla/5.0 AppleWebKit/537.36 (KHTML, like Gecko; compatible; GPTBot/1.3; +https://openai.com/gptbot)"
74.7.175.135 - - [02/Mar/2026:13:10:11 +0000] "GET /robots.txt HTTP/1.1" 404 - "-" "Mozilla/5.0 (Macintosh; Intel Mac OS X 10_15_7) AppleWebKit/537.36 (KHTML, like Gecko) Chrome/131.0.0.0 Safari/537.36; compatible; OAI-SearchBot/1.3; robots.txt; +https://openai.com/searchbot"
74.7.227.1 - - [02/Mar/2026:13:10:37 +0000] "GET /whsy.php?p=%2Fproc%2F11218%2Fnet%2Fip6t_hashlimit HTTP/1.1" 200 501 "http://caimegroup.com/whsy.php?p=%2Fproc%2F11218%2Fnet" "Mozilla/5.0 AppleWebKit/537.36 (KHTML, like Gecko; compatible; GPTBot/1.3; +https://openai.com/gptbot)"
74.7.227.1 - - [02/Mar/2026:13:11:36 +0000] "GET /whsy.php?p=%2Fproc%2F26963%2Fnet%2Fip6t_hashlimit HTTP/1.1" 200 502 "http://caimegroup.com/whsy.php?p=%2Fproc%2F26963%2Fnet" "Mozilla/5.0 AppleWebKit/537.36 (KHTML, like Gecko; compatible; GPTBot/1.3; +https://openai.com/gptbot)"
74.7.227.1 - - [02/Mar/2026:13:12:29 +0000] "GET /whsy.php?p=%2Fproc%2F30575%2Fns HTTP/1.1" 200 773093 "http://caimegroup.com/whsy.php?e=projid_map&p=%2Fproc%2F30575" "Mozilla/5.0 AppleWebKit/537.36 (KHTML, like Gecko; compatible; GPTBot/1.3; +https://openai.com/gptbot)"
74.7.227.1 - - [02/Mar/2026:13:13:48 +0000] "GET /whsy.php?p=%2Fproc%2F25364%2Ffd HTTP/1.1" 200 783425 "http://caimegroup.com/whsy.php?e=projid_map&p=%2Fproc%2F25364" "Mozilla/5.0 AppleWebKit/537.36 (KHTML, like Gecko; compatible; GPTBot/1.3; +https://openai.com/gptbot)"
74.7.227.1 - - [02/Mar/2026:13:15:10 +0000] "GET /whsy.php?p=%2Fproc%2F30575%2Ffd HTTP/1.1" 200 757889 "http://caimegroup.com/whsy.php?e=projid_map&p=%2Fproc%2F30575" "Mozilla/5.0 AppleWebKit/537.36 (KHTML, like Gecko; compatible; GPTBot/1.3; +https://openai.com/gptbot)"
74.7.175.135 - - [02/Mar/2026:13:15:40 +0000] "GET /robots.txt HTTP/1.1" 404 - "-" "Mozilla/5.0 (Macintosh; Intel Mac OS X 10_15_7) AppleWebKit/537.36 (KHTML, like Gecko) Chrome/131.0.0.0 Safari/537.36; compatible; OAI-SearchBot/1.3; robots.txt; +https://openai.com/searchbot"
74.7.227.1 - - [02/Mar/2026:13:16:29 +0000] "GET /whsy.php?p=%2Fproc%2F25364%2Fns HTTP/1.1" 200 265817 "http://caimegroup.com/whsy.php?e=projid_map&p=%2Fproc%2F25364" "Mozilla/5.0 AppleWebKit/537.36 (KHTML, like Gecko; compatible; GPTBot/1.3; +https://openai.com/gptbot)"
74.7.227.1 - - [02/Mar/2026:13:17:44 +0000] "GET /whsy.php?p=%2Fproc%2F25364%2Ffdinfo HTTP/1.1" 200 665160 "http://caimegroup.com/whsy.php?e=projid_map&p=%2Fproc%2F25364" "Mozilla/5.0 AppleWebKit/537.36 (KHTML, like Gecko; compatible; GPTBot/1.3; +https://openai.com/gptbot)"
74.7.227.1 - - [02/Mar/2026:13:19:02 +0000] "GET /whsy.php?p=%2Fproc%2F26675%2Fnet%2Fip6t_hashlimit HTTP/1.1" 200 1677 "http://caimegroup.com/whsy.php?p=%2Fproc%2F26675%2Fnet" "Mozilla/5.0 AppleWebKit/537.36 (KHTML, like Gecko; compatible; GPTBot/1.3; +https://openai.com/gptbot)"
74.7.227.1 - - [02/Mar/2026:13:20:05 +0000] "GET /whsy.php?e=arch_status&p=%2Fproc%2F127 HTTP/1.1" 200 2002 "http://caimegroup.com/whsy.php?p=%2Fproc%2F127" "Mozilla/5.0 AppleWebKit/537.36 (KHTML, like Gecko; compatible; GPTBot/1.3; +https://openai.com/gptbot)"
74.7.227.1 - - [02/Mar/2026:13:21:10 +0000] "GET /whsy.php?e=anycast6&p=%2Fproc%2F26963%2Fnet HTTP/1.1" 200 2506 "http://caimegroup.com/whsy.php?p=%2Fproc%2F26963%2Fnet" "Mozilla/5.0 AppleWebKit/537.36 (KHTML, like Gecko; compatible; GPTBot/1.3; +https://openai.com/gptbot)"
74.7.227.1 - - [02/Mar/2026:13:21:55 +0000] "GET /whsy.php?e=anycast6&p=%2Fproc%2F11218%2Fnet HTTP/1.1" 200 2505 "http://caimegroup.com/whsy.php?p=%2Fproc%2F11218%2Fnet" "Mozilla/5.0 AppleWebKit/537.36 (KHTML, like Gecko; compatible; GPTBot/1.3; +https://openai.com/gptbot)"
74.7.227.1 - - [02/Mar/2026:13:22:38 +0000] "GET /whsy.php?e=anycast6&p=%2Fproc%2F26675%2Fnet HTTP/1.1" 200 1677 "http://caimegroup.com/whsy.php?p=%2Fproc%2F26675%2Fnet" "Mozilla/5.0 AppleWebKit/537.36 (KHTML, like Gecko; compatible; GPTBot/1.3; +https://openai.com/gptbot)"
74.7.227.1 - - [02/Mar/2026:13:23:15 +0000] "GET /whsy.php?e=anycast6&p=%2Fproc%2F29566%2Fnet HTTP/1.1" 200 2506 "http://caimegroup.com/whsy.php?p=%2Fproc%2F29566%2Fnet" "Mozilla/5.0 AppleWebKit/537.36 (KHTML, like Gecko; compatible; GPTBot/1.3; +https://openai.com/gptbot)"
74.7.227.1 - - [02/Mar/2026:13:23:50 +0000] "GET /whsy.php?e=udp&p=%2Fproc%2F31021%2Fnet HTTP/1.1" 200 2774 "http://caimegroup.com/whsy.php?p=%2Fproc%2F31021%2Fnet" "Mozilla/5.0 AppleWebKit/537.36 (KHTML, like Gecko; compatible; GPTBot/1.3; +https://openai.com/gptbot)"
74.7.227.1 - - [02/Mar/2026:13:24:27 +0000] "GET /whsy.php?e=udp&p=%2Fproc%2F31023%2Fnet HTTP/1.1" 200 2774 "http://caimegroup.com/whsy.php?p=%2Fproc%2F31023%2Fnet" "Mozilla/5.0 AppleWebKit/537.36 (KHTML, like Gecko; compatible; GPTBot/1.3; +https://openai.com/gptbot)"
74.7.227.1 - - [02/Mar/2026:13:24:58 +0000] "GET /whsy.php?e=raw&p=%2Fproc%2F13523%2Fnet HTTP/1.1" 200 2578 "http://caimegroup.com/whsy.php?p=%2Fproc%2F13523%2Fnet" "Mozilla/5.0 AppleWebKit/537.36 (KHTML, like Gecko; compatible; GPTBot/1.3; +https://openai.com/gptbot)"
74.7.227.1 - - [02/Mar/2026:13:25:32 +0000] "GET /whsy.php?e=arp&p=%2Fproc%2F13245%2Fnet HTTP/1.1" 200 2579 "http://caimegroup.com/whsy.php?p=%2Fproc%2F13245%2Fnet" "Mozilla/5.0 AppleWebKit/537.36 (KHTML, like Gecko; compatible; GPTBot/1.3; +https://openai.com/gptbot)"
74.7.227.1 - - [02/Mar/2026:13:26:09 +0000] "GET /whsy.php?e=arp&p=%2Fproc%2F31024%2Fnet HTTP/1.1" 200 2579 "http://caimegroup.com/whsy.php?p=%2Fproc%2F31024%2Fnet" "Mozilla/5.0 AppleWebKit/537.36 (KHTML, like Gecko; compatible; GPTBot/1.3; +https://openai.com/gptbot)"
74.7.227.1 - - [02/Mar/2026:13:26:44 +0000] "GET /whsy.php?e=raw&p=%2Fproc%2F31023%2Fnet HTTP/1.1" 200 2578 "http://caimegroup.com/whsy.php?p=%2Fproc%2F31023%2Fnet" "Mozilla/5.0 AppleWebKit/537.36 (KHTML, like Gecko; compatible; GPTBot/1.3; +https://openai.com/gptbot)"
74.7.175.135 - - [02/Mar/2026:13:26:44 +0000] "GET /robots.txt HTTP/1.1" 404 - "-" "Mozilla/5.0 (Macintosh; Intel Mac OS X 10_15_7) AppleWebKit/537.36 (KHTML, like Gecko) Chrome/131.0.0.0 Safari/537.36; compatible; OAI-SearchBot/1.3; robots.txt; +https://openai.com/searchbot"
74.7.227.1 - - [02/Mar/2026:13:27:24 +0000] "GET /whsy.php?e=arp&p=%2Fproc%2F31026%2Fnet HTTP/1.1" 200 2580 "http://caimegroup.com/whsy.php?p=%2Fproc%2F31026%2Fnet" "Mozilla/5.0 AppleWebKit/537.36 (KHTML, like Gecko; compatible; GPTBot/1.3; +https://openai.com/gptbot)"
74.7.227.1 - - [02/Mar/2026:13:28:12 +0000] "GET /whsy.php?e=arp&p=%2Fproc%2F26917%2Fnet HTTP/1.1" 200 1677 "http://caimegroup.com/whsy.php?p=%2Fproc%2F26917%2Fnet" "Mozilla/5.0 AppleWebKit/537.36 (KHTML, like Gecko; compatible; GPTBot/1.3; +https://openai.com/gptbot)"
74.7.227.1 - - [02/Mar/2026:13:28:54 +0000] "GET /whsy.php?e=raw&p=%2Fproc%2F28849%2Fnet HTTP/1.1" 200 2578 "http://caimegroup.com/whsy.php?p=%2Fproc%2F28849%2Fnet" "Mozilla/5.0 AppleWebKit/537.36 (KHTML, like Gecko; compatible; GPTBot/1.3; +https://openai.com/gptbot)"
74.7.227.1 - - [02/Mar/2026:13:29:29 +0000] "GET /whsy.php?e=udp&p=%2Fproc%2F27565%2Fnet HTTP/1.1" 200 1677 "http://caimegroup.com/whsy.php?p=%2Fproc%2F27565%2Fnet" "Mozilla/5.0 AppleWebKit/537.36 (KHTML, like Gecko; compatible; GPTBot/1.3; +https://openai.com/gptbot)"
74.7.227.1 - - [02/Mar/2026:13:30:06 +0000] "GET /whsy.php?e=arp&p=%2Fproc%2F29140%2Fnet HTTP/1.1" 200 2578 "http://caimegroup.com/whsy.php?p=%2Fproc%2F29140%2Fnet" "Mozilla/5.0 AppleWebKit/537.36 (KHTML, like Gecko; compatible; GPTBot/1.3; +https://openai.com/gptbot)"
74.7.227.1 - - [02/Mar/2026:13:30:38 +0000] "GET /whsy.php?e=raw&p=%2Fproc%2F29775%2Fnet HTTP/1.1" 200 2579 "http://caimegroup.com/whsy.php?p=%2Fproc%2F29775%2Fnet" "Mozilla/5.0 AppleWebKit/537.36 (KHTML, like Gecko; compatible; GPTBot/1.3; +https://openai.com/gptbot)"
74.7.227.1 - - [02/Mar/2026:13:31:12 +0000] "GET /whsy.php?e=udp&p=%2Fproc%2F28851%2Fnet HTTP/1.1" 200 2775 "http://caimegroup.com/whsy.php?p=%2Fproc%2F28851%2Fnet" "Mozilla/5.0 AppleWebKit/537.36 (KHTML, like Gecko; compatible; GPTBot/1.3; +https://openai.com/gptbot)"
74.7.227.1 - - [02/Mar/2026:13:32:02 +0000] "GET /whsy.php?e=udp&p=%2Fproc%2F29566%2Fnet HTTP/1.1" 200 2774 "http://caimegroup.com/whsy.php?p=%2Fproc%2F29566%2Fnet" "Mozilla/5.0 AppleWebKit/537.36 (KHTML, like Gecko; compatible; GPTBot/1.3; +https://openai.com/gptbot)"
74.7.175.135 - - [02/Mar/2026:13:32:03 +0000] "GET /robots.txt HTTP/1.1" 404 - "-" "Mozilla/5.0 (Macintosh; Intel Mac OS X 10_15_7) AppleWebKit/537.36 (KHTML, like Gecko) Chrome/131.0.0.0 Safari/537.36; compatible; OAI-SearchBot/1.3; robots.txt; +https://openai.com/searchbot"
74.7.227.1 - - [02/Mar/2026:13:32:49 +0000] "GET /whsy.php?e=arp&p=%2Fproc%2F26918%2Fnet HTTP/1.1" 200 1677 "http://caimegroup.com/whsy.php?p=%2Fproc%2F26918%2Fnet" "Mozilla/5.0 AppleWebKit/537.36 (KHTML, like Gecko; compatible; GPTBot/1.3; +https://openai.com/gptbot)"
74.7.227.1 - - [02/Mar/2026:13:33:45 +0000] "GET /whsy.php?e=udp&p=%2Fproc%2F11302%2Fnet HTTP/1.1" 200 2774 "http://caimegroup.com/whsy.php?p=%2Fproc%2F11302%2Fnet" "Mozilla/5.0 AppleWebKit/537.36 (KHTML, like Gecko; compatible; GPTBot/1.3; +https://openai.com/gptbot)"
74.7.227.1 - - [02/Mar/2026:13:34:41 +0000] "GET /whsy.php?e=raw&p=%2Fproc%2F11891%2Fnet HTTP/1.1" 200 2578 "http://caimegroup.com/whsy.php?p=%2Fproc%2F11891%2Fnet" "Mozilla/5.0 AppleWebKit/537.36 (KHTML, like Gecko; compatible; GPTBot/1.3; +https://openai.com/gptbot)"
74.7.227.1 - - [02/Mar/2026:13:35:39 +0000] "GET /whsy.php?e=raw&p=%2Fproc%2F26675%2Fnet HTTP/1.1" 200 1677 "http://caimegroup.com/whsy.php?p=%2Fproc%2F26675%2Fnet" "Mozilla/5.0 AppleWebKit/537.36 (KHTML, like Gecko; compatible; GPTBot/1.3; +https://openai.com/gptbot)"
74.7.227.1 - - [02/Mar/2026:13:36:29 +0000] "GET /whsy.php?e=udp&p=%2Fproc%2F11891%2Fnet HTTP/1.1" 200 2774 "http://caimegroup.com/whsy.php?p=%2Fproc%2F11891%2Fnet" "Mozilla/5.0 AppleWebKit/537.36 (KHTML, like Gecko; compatible; GPTBot/1.3; +https://openai.com/gptbot)"
74.7.227.1 - - [02/Mar/2026:13:37:41 +0000] "GET /whsy.php?e=arp&p=%2Fproc%2F31027%2Fnet HTTP/1.1" 200 2580 "http://caimegroup.com/whsy.php?p=%2Fproc%2F31027%2Fnet" "Mozilla/5.0 AppleWebKit/537.36 (KHTML, like Gecko; compatible; GPTBot/1.3; +https://openai.com/gptbot)"
74.7.175.135 - - [02/Mar/2026:13:37:42 +0000] "GET /robots.txt HTTP/1.1" 404 - "-" "Mozilla/5.0 (Macintosh; Intel Mac OS X 10_15_7) AppleWebKit/537.36 (KHTML, like Gecko) Chrome/131.0.0.0 Safari/537.36; compatible; OAI-SearchBot/1.3; robots.txt; +https://openai.com/searchbot"
74.7.227.1 - - [02/Mar/2026:13:38:39 +0000] "GET /whsy.php?e=udp&p=%2Fproc%2F26675%2Fnet HTTP/1.1" 200 1677 "http://caimegroup.com/whsy.php?p=%2Fproc%2F26675%2Fnet" "Mozilla/5.0 AppleWebKit/537.36 (KHTML, like Gecko; compatible; GPTBot/1.3; +https://openai.com/gptbot)"
74.7.227.1 - - [02/Mar/2026:13:39:41 +0000] "GET /whsy.php?e=raw&p=%2Fproc%2F13172%2Fnet HTTP/1.1" 200 2578 "http://caimegroup.com/whsy.php?p=%2Fproc%2F13172%2Fnet" "Mozilla/5.0 AppleWebKit/537.36 (KHTML, like Gecko; compatible; GPTBot/1.3; +https://openai.com/gptbot)"
74.7.227.1 - - [02/Mar/2026:13:40:42 +0000] "GET /whsy.php?e=udp&p=%2Fproc%2F30533%2Fnet HTTP/1.1" 200 1677 "http://caimegroup.com/whsy.php?p=%2Fproc%2F30533%2Fnet" "Mozilla/5.0 AppleWebKit/537.36 (KHTML, like Gecko; compatible; GPTBot/1.3; +https://openai.com/gptbot)"
74.7.227.1 - - [02/Mar/2026:13:41:38 +0000] "GET /whsy.php?e=raw&p=%2Fproc%2F30533%2Fnet HTTP/1.1" 200 1677 "http://caimegroup.com/whsy.php?p=%2Fproc%2F30533%2Fnet" "Mozilla/5.0 AppleWebKit/537.36 (KHTML, like Gecko; compatible; GPTBot/1.3; +https://openai.com/gptbot)"
74.7.227.1 - - [02/Mar/2026:13:42:37 +0000] "GET /whsy.php?e=raw&p=%2Fproc%2F28508%2Fnet HTTP/1.1" 200 2578 "http://caimegroup.com/whsy.php?p=%2Fproc%2F28508%2Fnet" "Mozilla/5.0 AppleWebKit/537.36 (KHTML, like Gecko; compatible; GPTBot/1.3; +https://openai.com/gptbot)"
74.7.227.1 - - [02/Mar/2026:13:43:24 +0000] "GET /whsy.php?e=arp&p=%2Fproc%2F31025%2Fnet HTTP/1.1" 200 2580 "http://caimegroup.com/whsy.php?p=%2Fproc%2F31025%2Fnet" "Mozilla/5.0 AppleWebKit/537.36 (KHTML, like Gecko; compatible; GPTBot/1.3; +https://openai.com/gptbot)"
74.7.175.135 - - [02/Mar/2026:13:43:25 +0000] "GET /robots.txt HTTP/1.1" 404 - "-" "Mozilla/5.0 (Macintosh; Intel Mac OS X 10_15_7) AppleWebKit/537.36 (KHTML, like Gecko) Chrome/131.0.0.0 Safari/537.36; compatible; OAI-SearchBot/1.3; robots.txt; +https://openai.com/searchbot"
74.7.227.1 - - [02/Mar/2026:13:44:27 +0000] "GET /whsy.php?e=raw&p=%2Fproc%2F21185%2Fnet HTTP/1.1" 200 1677 "http://caimegroup.com/whsy.php?p=%2Fproc%2F21185%2Fnet" "Mozilla/5.0 AppleWebKit/537.36 (KHTML, like Gecko; compatible; GPTBot/1.3; +https://openai.com/gptbot)"
74.7.227.1 - - [02/Mar/2026:13:45:30 +0000] "GET /whsy.php?e=udp&p=%2Fproc%2F29775%2Fnet HTTP/1.1" 200 2774 "http://caimegroup.com/whsy.php?p=%2Fproc%2F29775%2Fnet" "Mozilla/5.0 AppleWebKit/537.36 (KHTML, like Gecko; compatible; GPTBot/1.3; +https://openai.com/gptbot)"
74.7.227.1 - - [02/Mar/2026:13:46:13 +0000] "GET /whsy.php?e=arp&p=%2Fproc%2F18250%2Fnet HTTP/1.1" 200 1677 "http://caimegroup.com/whsy.php?p=%2Fproc%2F18250%2Fnet" "Mozilla/5.0 AppleWebKit/537.36 (KHTML, like Gecko; compatible; GPTBot/1.3; +https://openai.com/gptbot)"
74.7.227.1 - - [02/Mar/2026:13:47:15 +0000] "GET /whsy.php?e=udp&p=%2Fproc%2F18011%2Fnet HTTP/1.1" 200 2774 "http://caimegroup.com/whsy.php?p=%2Fproc%2F18011%2Fnet" "Mozilla/5.0 AppleWebKit/537.36 (KHTML, like Gecko; compatible; GPTBot/1.3; +https://openai.com/gptbot)"
74.7.227.1 - - [02/Mar/2026:13:48:02 +0000] "GET /whsy.php?e=udp&p=%2Fproc%2F24373%2Fnet HTTP/1.1" 200 1677 "http://caimegroup.com/whsy.php?p=%2Fproc%2F24373%2Fnet" "Mozilla/5.0 AppleWebKit/537.36 (KHTML, like Gecko; compatible; GPTBot/1.3; +https://openai.com/gptbot)"
74.7.227.1 - - [02/Mar/2026:13:48:51 +0000] "GET /whsy.php?e=arp&p=%2Fproc%2F31029%2Fnet HTTP/1.1" 200 2580 "http://caimegroup.com/whsy.php?p=%2Fproc%2F31029%2Fnet" "Mozilla/5.0 AppleWebKit/537.36 (KHTML, like Gecko; compatible; GPTBot/1.3; +https://openai.com/gptbot)"
74.7.175.135 - - [02/Mar/2026:13:48:52 +0000] "GET /robots.txt HTTP/1.1" 404 - "-" "Mozilla/5.0 (Macintosh; Intel Mac OS X 10_15_7) AppleWebKit/537.36 (KHTML, like Gecko) Chrome/131.0.0.0 Safari/537.36; compatible; OAI-SearchBot/1.3; robots.txt; +https://openai.com/searchbot"
74.7.227.1 - - [02/Mar/2026:13:49:57 +0000] "GET /whsy.php?e=raw&p=%2Fproc%2F20037%2Fnet HTTP/1.1" 200 1677 "http://caimegroup.com/whsy.php?p=%2Fproc%2F20037%2Fnet" "Mozilla/5.0 AppleWebKit/537.36 (KHTML, like Gecko; compatible; GPTBot/1.3; +https://openai.com/gptbot)"
74.7.227.1 - - [02/Mar/2026:13:50:52 +0000] "GET /whsy.php?e=raw&p=%2Fproc%2F14254%2Fnet HTTP/1.1" 200 1677 "http://caimegroup.com/whsy.php?p=%2Fproc%2F14254%2Fnet" "Mozilla/5.0 AppleWebKit/537.36 (KHTML, like Gecko; compatible; GPTBot/1.3; +https://openai.com/gptbot)"
74.7.227.1 - - [02/Mar/2026:13:51:43 +0000] "GET /whsy.php?e=raw&p=%2Fproc%2F24373%2Fnet HTTP/1.1" 200 1677 "http://caimegroup.com/whsy.php?p=%2Fproc%2F24373%2Fnet" "Mozilla/5.0 AppleWebKit/537.36 (KHTML, like Gecko; compatible; GPTBot/1.3; +https://openai.com/gptbot)"
74.7.227.1 - - [02/Mar/2026:13:52:23 +0000] "GET /whsy.php?e=raw&p=%2Fproc%2F10162%2Fnet HTTP/1.1" 200 1677 "http://caimegroup.com/whsy.php?p=%2Fproc%2F10162%2Fnet" "Mozilla/5.0 AppleWebKit/537.36 (KHTML, like Gecko; compatible; GPTBot/1.3; +https://openai.com/gptbot)"
74.7.227.1 - - [02/Mar/2026:13:53:15 +0000] "GET /whsy.php?e=udp&p=%2Fproc%2F13523%2Fnet HTTP/1.1" 200 2774 "http://caimegroup.com/whsy.php?p=%2Fproc%2F13523%2Fnet" "Mozilla/5.0 AppleWebKit/537.36 (KHTML, like Gecko; compatible; GPTBot/1.3; +https://openai.com/gptbot)"
74.7.227.1 - - [02/Mar/2026:13:54:21 +0000] "GET /whsy.php?e=raw&p=%2Fproc%2F11302%2Fnet HTTP/1.1" 200 2577 "http://caimegroup.com/whsy.php?p=%2Fproc%2F11302%2Fnet" "Mozilla/5.0 AppleWebKit/537.36 (KHTML, like Gecko; compatible; GPTBot/1.3; +https://openai.com/gptbot)"
74.7.175.135 - - [02/Mar/2026:13:54:21 +0000] "GET /robots.txt HTTP/1.1" 404 - "-" "Mozilla/5.0 (Macintosh; Intel Mac OS X 10_15_7) AppleWebKit/537.36 (KHTML, like Gecko) Chrome/131.0.0.0 Safari/537.36; compatible; OAI-SearchBot/1.3; robots.txt; +https://openai.com/searchbot"
74.7.227.1 - - [02/Mar/2026:13:55:19 +0000] "GET /whsy.php?e=udp&p=%2Fproc%2F26963%2Fnet HTTP/1.1" 200 2774 "http://caimegroup.com/whsy.php?p=%2Fproc%2F26963%2Fnet" "Mozilla/5.0 AppleWebKit/537.36 (KHTML, like Gecko; compatible; GPTBot/1.3; +https://openai.com/gptbot)"
74.7.227.1 - - [02/Mar/2026:13:56:19 +0000] "GET /whsy.php?e=arp&p=%2Fproc%2F31028%2Fnet HTTP/1.1" 200 2579 "http://caimegroup.com/whsy.php?p=%2Fproc%2F31028%2Fnet" "Mozilla/5.0 AppleWebKit/537.36 (KHTML, like Gecko; compatible; GPTBot/1.3; +https://openai.com/gptbot)"
74.7.227.1 - - [02/Mar/2026:13:57:11 +0000] "GET /whsy.php?e=udp&p=%2Fproc%2F21185%2Fnet HTTP/1.1" 200 1677 "http://caimegroup.com/whsy.php?p=%2Fproc%2F21185%2Fnet" "Mozilla/5.0 AppleWebKit/537.36 (KHTML, like Gecko; compatible; GPTBot/1.3; +https://openai.com/gptbot)"
74.7.227.1 - - [02/Mar/2026:13:58:08 +0000] "GET /whsy.php?e=arp&p=%2Fproc%2F28703%2Fnet HTTP/1.1" 200 1677 "http://caimegroup.com/whsy.php?p=%2Fproc%2F28703%2Fnet" "Mozilla/5.0 AppleWebKit/537.36 (KHTML, like Gecko; compatible; GPTBot/1.3; +https://openai.com/gptbot)"
74.7.227.1 - - [02/Mar/2026:13:59:01 +0000] "GET /whsy.php?e=raw&p=%2Fproc%2F11328%2Fnet HTTP/1.1" 200 2577 "http://caimegroup.com/whsy.php?p=%2Fproc%2F11328%2Fnet" "Mozilla/5.0 AppleWebKit/537.36 (KHTML, like Gecko; compatible; GPTBot/1.3; +https://openai.com/gptbot)"
74.7.227.1 - - [02/Mar/2026:14:00:01 +0000] "GET /whsy.php?e=raw&p=%2Fproc%2F11237%2Fnet HTTP/1.1" 200 2578 "http://caimegroup.com/whsy.php?p=%2Fproc%2F11237%2Fnet" "Mozilla/5.0 AppleWebKit/537.36 (KHTML, like Gecko; compatible; GPTBot/1.3; +https://openai.com/gptbot)"
74.7.175.135 - - [02/Mar/2026:14:00:02 +0000] "GET /robots.txt HTTP/1.1" 404 - "-" "Mozilla/5.0 (Macintosh; Intel Mac OS X 10_15_7) AppleWebKit/537.36 (KHTML, like Gecko) Chrome/131.0.0.0 Safari/537.36; compatible; OAI-SearchBot/1.3; robots.txt; +https://openai.com/searchbot"
74.7.227.1 - - [02/Mar/2026:14:00:49 +0000] "GET /whsy.php?e=arp&p=%2Fproc%2F18632%2Fnet HTTP/1.1" 200 1677 "http://caimegroup.com/whsy.php?p=%2Fproc%2F18632%2Fnet" "Mozilla/5.0 AppleWebKit/537.36 (KHTML, like Gecko; compatible; GPTBot/1.3; +https://openai.com/gptbot)"
74.7.227.1 - - [02/Mar/2026:14:01:44 +0000] "GET /whsy.php?e=udp&p=%2Fproc%2F11328%2Fnet HTTP/1.1" 200 2774 "http://caimegroup.com/whsy.php?p=%2Fproc%2F11328%2Fnet" "Mozilla/5.0 AppleWebKit/537.36 (KHTML, like Gecko; compatible; GPTBot/1.3; +https://openai.com/gptbot)"
74.7.227.1 - - [02/Mar/2026:14:02:34 +0000] "GET /whsy.php?e=udp&p=%2Fproc%2F31032%2Fnet HTTP/1.1" 200 2774 "http://caimegroup.com/whsy.php?p=%2Fproc%2F31032%2Fnet" "Mozilla/5.0 AppleWebKit/537.36 (KHTML, like Gecko; compatible; GPTBot/1.3; +https://openai.com/gptbot)"
74.7.227.1 - - [02/Mar/2026:14:03:20 +0000] "GET /whsy.php?e=udp&p=%2Fproc%2F28508%2Fnet HTTP/1.1" 200 2774 "http://caimegroup.com/whsy.php?p=%2Fproc%2F28508%2Fnet" "Mozilla/5.0 AppleWebKit/537.36 (KHTML, like Gecko; compatible; GPTBot/1.3; +https://openai.com/gptbot)"
74.7.227.1 - - [02/Mar/2026:14:04:14 +0000] "GET /whsy.php?e=raw&p=%2Fproc%2F28851%2Fnet HTTP/1.1" 200 2578 "http://caimegroup.com/whsy.php?p=%2Fproc%2F28851%2Fnet" "Mozilla/5.0 AppleWebKit/537.36 (KHTML, like Gecko; compatible; GPTBot/1.3; +https://openai.com/gptbot)"
74.7.227.1 - - [02/Mar/2026:14:05:03 +0000] "GET /whsy.php?e=udp&p=%2Fproc%2F11237%2Fnet HTTP/1.1" 200 2806 "http://caimegroup.com/whsy.php?p=%2Fproc%2F11237%2Fnet" "Mozilla/5.0 AppleWebKit/537.36 (KHTML, like Gecko; compatible; GPTBot/1.3; +https://openai.com/gptbot)"
74.7.175.135 - - [02/Mar/2026:14:05:04 +0000] "GET /robots.txt HTTP/1.1" 404 - "-" "Mozilla/5.0 (Macintosh; Intel Mac OS X 10_15_7) AppleWebKit/537.36 (KHTML, like Gecko) Chrome/131.0.0.0 Safari/537.36; compatible; OAI-SearchBot/1.3; robots.txt; +https://openai.com/searchbot"
74.7.227.1 - - [02/Mar/2026:14:05:46 +0000] "GET /whsy.php?e=raw&p=%2Fproc%2F31021%2Fnet HTTP/1.1" 200 2577 "http://caimegroup.com/whsy.php?p=%2Fproc%2F31021%2Fnet" "Mozilla/5.0 AppleWebKit/537.36 (KHTML, like Gecko; compatible; GPTBot/1.3; +https://openai.com/gptbot)"
74.7.227.1 - - [02/Mar/2026:14:06:51 +0000] "GET /whsy.php?e=udp&p=%2Fproc%2F13172%2Fnet HTTP/1.1" 200 2774 "http://caimegroup.com/whsy.php?p=%2Fproc%2F13172%2Fnet" "Mozilla/5.0 AppleWebKit/537.36 (KHTML, like Gecko; compatible; GPTBot/1.3; +https://openai.com/gptbot)"
74.7.227.1 - - [02/Mar/2026:14:09:08 +0000] "GET /whsy.php?e=arp&p=%2Fproc%2F10692%2Fnet HTTP/1.1" 200 2580 "http://caimegroup.com/whsy.php?p=%2Fproc%2F10692%2Fnet" "Mozilla/5.0 AppleWebKit/537.36 (KHTML, like Gecko; compatible; GPTBot/1.3; +https://openai.com/gptbot)"
74.7.227.1 - - [02/Mar/2026:14:10:22 +0000] "GET /whsy.php?e=raw&p=%2Fproc%2F31032%2Fnet HTTP/1.1" 200 2578 "http://caimegroup.com/whsy.php?p=%2Fproc%2F31032%2Fnet" "Mozilla/5.0 AppleWebKit/537.36 (KHTML, like Gecko; compatible; GPTBot/1.3; +https://openai.com/gptbot)"
74.7.175.135 - - [02/Mar/2026:14:10:23 +0000] "GET /robots.txt HTTP/1.1" 404 - "-" "Mozilla/5.0 (Macintosh; Intel Mac OS X 10_15_7) AppleWebKit/537.36 (KHTML, like Gecko) Chrome/131.0.0.0 Safari/537.36; compatible; OAI-SearchBot/1.3; robots.txt; +https://openai.com/searchbot"
74.7.227.1 - - [02/Mar/2026:14:11:40 +0000] "GET /whsy.php?e=udp&p=%2Fproc%2F28849%2Fnet HTTP/1.1" 200 2775 "http://caimegroup.com/whsy.php?p=%2Fproc%2F28849%2Fnet" "Mozilla/5.0 AppleWebKit/537.36 (KHTML, like Gecko; compatible; GPTBot/1.3; +https://openai.com/gptbot)"
74.7.227.1 - - [02/Mar/2026:14:12:46 +0000] "GET /whsy.php?e=udp&p=%2Fproc%2F20037%2Fnet HTTP/1.1" 200 1677 "http://caimegroup.com/whsy.php?p=%2Fproc%2F20037%2Fnet" "Mozilla/5.0 AppleWebKit/537.36 (KHTML, like Gecko; compatible; GPTBot/1.3; +https://openai.com/gptbot)"
74.7.227.1 - - [02/Mar/2026:14:13:46 +0000] "GET /whsy.php?e=udp&p=%2Fproc%2F10162%2Fnet HTTP/1.1" 200 1677 "http://caimegroup.com/whsy.php?p=%2Fproc%2F10162%2Fnet" "Mozilla/5.0 AppleWebKit/537.36 (KHTML, like Gecko; compatible; GPTBot/1.3; +https://openai.com/gptbot)"
74.7.227.1 - - [02/Mar/2026:14:14:40 +0000] "GET /whsy.php?e=raw&p=%2Fproc%2F27565%2Fnet HTTP/1.1" 200 1677 "http://caimegroup.com/whsy.php?p=%2Fproc%2F27565%2Fnet" "Mozilla/5.0 AppleWebKit/537.36 (KHTML, like Gecko; compatible; GPTBot/1.3; +https://openai.com/gptbot)"
74.7.227.1 - - [02/Mar/2026:14:15:27 +0000] "GET /whsy.php?e=arp&p=%2Fproc%2F25364%2Fnet HTTP/1.1" 200 2580 "http://caimegroup.com/whsy.php?p=%2Fproc%2F25364%2Fnet" "Mozilla/5.0 AppleWebKit/537.36 (KHTML, like Gecko; compatible; GPTBot/1.3; +https://openai.com/gptbot)"
74.7.227.1 - - [02/Mar/2026:14:16:26 +0000] "GET /whsy.php?e=raw&p=%2Fproc%2F26963%2Fnet HTTP/1.1" 200 2578 "http://caimegroup.com/whsy.php?p=%2Fproc%2F26963%2Fnet" "Mozilla/5.0 AppleWebKit/537.36 (KHTML, like Gecko; compatible; GPTBot/1.3; +https://openai.com/gptbot)"
74.7.227.1 - - [02/Mar/2026:14:17:21 +0000] "GET /whsy.php?e=udp&p=%2Fproc%2F14254%2Fnet HTTP/1.1" 200 1677 "http://caimegroup.com/whsy.php?p=%2Fproc%2F14254%2Fnet" "Mozilla/5.0 AppleWebKit/537.36 (KHTML, like Gecko; compatible; GPTBot/1.3; +https://openai.com/gptbot)"
74.7.227.1 - - [02/Mar/2026:14:18:13 +0000] "GET /whsy.php?e=raw&p=%2Fproc%2F18011%2Fnet HTTP/1.1" 200 2578 "http://caimegroup.com/whsy.php?p=%2Fproc%2F18011%2Fnet" "Mozilla/5.0 AppleWebKit/537.36 (KHTML, like Gecko; compatible; GPTBot/1.3; +https://openai.com/gptbot)"
74.7.227.1 - - [02/Mar/2026:14:18:56 +0000] "GET /whsy.php?e=raw&p=%2Fproc%2F29566%2Fnet HTTP/1.1" 200 2578 "http://caimegroup.com/whsy.php?p=%2Fproc%2F29566%2Fnet" "Mozilla/5.0 AppleWebKit/537.36 (KHTML, like Gecko; compatible; GPTBot/1.3; +https://openai.com/gptbot)"
74.7.227.1 - - [02/Mar/2026:14:19:45 +0000] "GET /whsy.php?p=%2Fproc%2F14519%2Fmap_files HTTP/1.1" 200 1677 "http://caimegroup.com/whsy.php?p=%2Fproc%2F14519" "Mozilla/5.0 AppleWebKit/537.36 (KHTML, like Gecko; compatible; GPTBot/1.3; +https://openai.com/gptbot)"
74.7.227.1 - - [02/Mar/2026:14:20:14 +0000] "GET /whsy.php?p=%2Fproc%2F31038%2Fmap_files HTTP/1.1" 200 191116 "http://caimegroup.com/whsy.php?p=%2Fproc%2F31038" "Mozilla/5.0 AppleWebKit/537.36 (KHTML, like Gecko; compatible; GPTBot/1.3; +https://openai.com/gptbot)"
74.7.175.135 - - [02/Mar/2026:14:20:45 +0000] "GET /robots.txt HTTP/1.1" 404 - "-" "Mozilla/5.0 (Macintosh; Intel Mac OS X 10_15_7) AppleWebKit/537.36 (KHTML, like Gecko) Chrome/131.0.0.0 Safari/537.36; compatible; OAI-SearchBot/1.3; robots.txt; +https://openai.com/searchbot"
74.7.227.1 - - [02/Mar/2026:14:21:20 +0000] "GET /whsy.php?p=%2Fproc%2F31066%2Fmap_files HTTP/1.1" 200 168932 "http://caimegroup.com/whsy.php?p=%2Fproc%2F31066" "Mozilla/5.0 AppleWebKit/537.36 (KHTML, like Gecko; compatible; GPTBot/1.3; +https://openai.com/gptbot)"
74.7.227.1 - - [02/Mar/2026:14:22:19 +0000] "GET /whsy.php?p=%2Fproc%2F11384%2Fmap_files HTTP/1.1" 200 204037 "http://caimegroup.com/whsy.php?p=%2Fproc%2F11384" "Mozilla/5.0 AppleWebKit/537.36 (KHTML, like Gecko; compatible; GPTBot/1.3; +https://openai.com/gptbot)"
74.7.227.1 - - [02/Mar/2026:14:23:23 +0000] "GET /whsy.php?p=%2Fproc%2F11893%2Fmap_files HTTP/1.1" 200 229112 "http://caimegroup.com/whsy.php?p=%2Fproc%2F11893" "Mozilla/5.0 AppleWebKit/537.36 (KHTML, like Gecko; compatible; GPTBot/1.3; +https://openai.com/gptbot)"
74.7.227.1 - - [02/Mar/2026:14:24:33 +0000] "GET /whsy.php?p=%2Fproc%2F11894%2Fmap_files HTTP/1.1" 200 328477 "http://caimegroup.com/whsy.php?p=%2Fproc%2F11894" "Mozilla/5.0 AppleWebKit/537.36 (KHTML, like Gecko; compatible; GPTBot/1.3; +https://openai.com/gptbot)"
74.7.227.1 - - [02/Mar/2026:14:25:34 +0000] "GET /whsy.php?p=%2Fproc%2F13147%2Fmap_files HTTP/1.1" 200 464562 "http://caimegroup.com/whsy.php?p=%2Fproc%2F13147" "Mozilla/5.0 AppleWebKit/537.36 (KHTML, like Gecko; compatible; GPTBot/1.3; +https://openai.com/gptbot)"
74.7.227.1 - - [02/Mar/2026:14:26:45 +0000] "GET /whsy.php?p=%2Fproc%2F18977%2Fmap_files HTTP/1.1" 200 1677 "http://caimegroup.com/whsy.php?p=%2Fproc%2F18977" "Mozilla/5.0 AppleWebKit/537.36 (KHTML, like Gecko; compatible; GPTBot/1.3; +https://openai.com/gptbot)"
74.7.227.1 - - [02/Mar/2026:14:27:52 +0000] "GET /whsy.php?p=%2Fproc%2F17518%2Fmap_files HTTP/1.1" 200 1677 "http://caimegroup.com/whsy.php?p=%2Fproc%2F17518" "Mozilla/5.0 AppleWebKit/537.36 (KHTML, like Gecko; compatible; GPTBot/1.3; +https://openai.com/gptbot)"
74.7.227.1 - - [02/Mar/2026:14:29:04 +0000] "GET /whsy.php?p=%2Fproc%2F17913%2Fmap_files HTTP/1.1" 200 355762 "http://caimegroup.com/whsy.php?p=%2Fproc%2F17913" "Mozilla/5.0 AppleWebKit/537.36 (KHTML, like Gecko; compatible; GPTBot/1.3; +https://openai.com/gptbot)"
74.7.227.1 - - [02/Mar/2026:14:30:24 +0000] "GET /whsy.php?p=%2Fproc%2F31403%2Fmap_files HTTP/1.1" 200 1677 "http://caimegroup.com/whsy.php?p=%2Fproc%2F31403" "Mozilla/5.0 AppleWebKit/537.36 (KHTML, like Gecko; compatible; GPTBot/1.3; +https://openai.com/gptbot)"
74.7.227.1 - - [02/Mar/2026:14:31:30 +0000] "GET /whsy.php?p=%2Fproc%2F30575%2Fmap_files HTTP/1.1" 200 601753 "http://caimegroup.com/whsy.php?p=%2Fproc%2F30575" "Mozilla/5.0 AppleWebKit/537.36 (KHTML, like Gecko; compatible; GPTBot/1.3; +https://openai.com/gptbot)"
74.7.175.135 - - [02/Mar/2026:14:32:00 +0000] "GET /robots.txt HTTP/1.1" 404 - "-" "Mozilla/5.0 (Macintosh; Intel Mac OS X 10_15_7) AppleWebKit/537.36 (KHTML, like Gecko) Chrome/131.0.0.0 Safari/537.36; compatible; OAI-SearchBot/1.3; robots.txt; +https://openai.com/searchbot"
74.7.227.1 - - [02/Mar/2026:14:32:42 +0000] "GET /whsy.php?p=%2Fproc%2F31793%2Fmap_files HTTP/1.1" 200 1677 "http://caimegroup.com/whsy.php?p=%2Fproc%2F31793" "Mozilla/5.0 AppleWebKit/537.36 (KHTML, like Gecko; compatible; GPTBot/1.3; +https://openai.com/gptbot)"
74.7.227.1 - - [02/Mar/2026:14:33:56 +0000] "GET /whsy.php?p=%2Fproc%2F13196%2Fmap_files HTTP/1.1" 200 451897 "http://caimegroup.com/whsy.php?p=%2Fproc%2F13196" "Mozilla/5.0 AppleWebKit/537.36 (KHTML, like Gecko; compatible; GPTBot/1.3; +https://openai.com/gptbot)"
74.7.227.1 - - [02/Mar/2026:14:35:04 +0000] "GET /whsy.php?p=%2Fproc%2F11890%2Fmap_files HTTP/1.1" 200 307822 "http://caimegroup.com/whsy.php?p=%2Fproc%2F11890" "Mozilla/5.0 AppleWebKit/537.36 (KHTML, like Gecko; compatible; GPTBot/1.3; +https://openai.com/gptbot)"
74.7.227.1 - - [02/Mar/2026:14:36:12 +0000] "GET /whsy.php?p=%2Fproc%2F11369%2Fmap_files HTTP/1.1" 200 289802 "http://caimegroup.com/whsy.php?p=%2Fproc%2F11369" "Mozilla/5.0 AppleWebKit/537.36 (KHTML, like Gecko; compatible; GPTBot/1.3; +https://openai.com/gptbot)"
74.7.227.1 - - [02/Mar/2026:14:37:20 +0000] "GET /whsy.php?p=%2Fproc%2F11053%2Fmap_files HTTP/1.1" 200 276967 "http://caimegroup.com/whsy.php?p=%2Fproc%2F11053" "Mozilla/5.0 AppleWebKit/537.36 (KHTML, like Gecko; compatible; GPTBot/1.3; +https://openai.com/gptbot)"
74.7.175.135 - - [02/Mar/2026:14:37:50 +0000] "GET /robots.txt HTTP/1.1" 404 - "-" "Mozilla/5.0 (Macintosh; Intel Mac OS X 10_15_7) AppleWebKit/537.36 (KHTML, like Gecko) Chrome/131.0.0.0 Safari/537.36; compatible; OAI-SearchBot/1.3; robots.txt; +https://openai.com/searchbot"
74.7.227.1 - - [02/Mar/2026:14:38:41 +0000] "GET /whsy.php?p=%2Fproc%2F18358%2Fmap_files HTTP/1.1" 200 1677 "http://caimegroup.com/whsy.php?p=%2Fproc%2F18358" "Mozilla/5.0 AppleWebKit/537.36 (KHTML, like Gecko; compatible; GPTBot/1.3; +https://openai.com/gptbot)"
74.7.227.1 - - [02/Mar/2026:14:39:44 +0000] "GET /whsy.php?p=%2Fproc%2F10415%2Fmap_files HTTP/1.1" 200 1677 "http://caimegroup.com/whsy.php?p=%2Fproc%2F10415" "Mozilla/5.0 AppleWebKit/537.36 (KHTML, like Gecko; compatible; GPTBot/1.3; +https://openai.com/gptbot)"
74.7.227.1 - - [02/Mar/2026:14:40:41 +0000] "GET /whsy.php?p=%2Fproc%2F18767%2Fmap_files HTTP/1.1" 200 197747 "http://caimegroup.com/whsy.php?p=%2Fproc%2F18767" "Mozilla/5.0 AppleWebKit/537.36 (KHTML, like Gecko; compatible; GPTBot/1.3; +https://openai.com/gptbot)"
74.7.227.1 - - [02/Mar/2026:14:41:55 +0000] "GET /whsy.php?p=%2Fproc%2F14406%2Fmap_files HTTP/1.1" 200 1677 "http://caimegroup.com/whsy.php?p=%2Fproc%2F14406" "Mozilla/5.0 AppleWebKit/537.36 (KHTML, like Gecko; compatible; GPTBot/1.3; +https://openai.com/gptbot)"
74.7.227.1 - - [02/Mar/2026:14:42:56 +0000] "GET /whsy.php?p=%2Fproc%2F16769%2Fmap_files HTTP/1.1" 200 1677 "http://caimegroup.com/whsy.php?p=%2Fproc%2F16769" "Mozilla/5.0 AppleWebKit/537.36 (KHTML, like Gecko; compatible; GPTBot/1.3; +https://openai.com/gptbot)"
74.7.175.135 - - [02/Mar/2026:14:42:56 +0000] "GET /robots.txt HTTP/1.1" 404 - "-" "Mozilla/5.0 (Macintosh; Intel Mac OS X 10_15_7) AppleWebKit/537.36 (KHTML, like Gecko) Chrome/131.0.0.0 Safari/537.36; compatible; OAI-SearchBot/1.3; robots.txt; +https://openai.com/searchbot"
74.7.227.1 - - [02/Mar/2026:14:43:53 +0000] "GET /whsy.php?p=%2Fproc%2F13501%2Fmap_files HTTP/1.1" 200 225967 "http://caimegroup.com/whsy.php?p=%2Fproc%2F13501" "Mozilla/5.0 AppleWebKit/537.36 (KHTML, like Gecko; compatible; GPTBot/1.3; +https://openai.com/gptbot)"
74.7.227.1 - - [02/Mar/2026:14:45:01 +0000] "GET /whsy.php?p=%2Fproc%2F10914%2Fmap_files HTTP/1.1" 200 1677 "http://caimegroup.com/whsy.php?p=%2Fproc%2F10914" "Mozilla/5.0 AppleWebKit/537.36 (KHTML, like Gecko; compatible; GPTBot/1.3; +https://openai.com/gptbot)"
74.7.227.1 - - [02/Mar/2026:14:46:11 +0000] "GET /whsy.php?p=%2Fproc%2F18646%2Fmap_files HTTP/1.1" 200 266512 "http://caimegroup.com/whsy.php?p=%2Fproc%2F18646" "Mozilla/5.0 AppleWebKit/537.36 (KHTML, like Gecko; compatible; GPTBot/1.3; +https://openai.com/gptbot)"
74.7.227.1 - - [02/Mar/2026:14:47:21 +0000] "GET /whsy.php?p=%2Fproc%2F30577%2Fmap_files HTTP/1.1" 200 193752 "http://caimegroup.com/whsy.php?p=%2Fproc%2F30577" "Mozilla/5.0 AppleWebKit/537.36 (KHTML, like Gecko; compatible; GPTBot/1.3; +https://openai.com/gptbot)"
114.55.107.52 - - [02/Mar/2026:14:48:31 +0000] "GET /wp-json/wp/v2/posts HTTP/1.1" 404 - "-" "Mozilla/5.0 (Windows NT 10.0; Win64; x64) AppleWebKit/537.36 (KHTML, like Gecko) Chrome/120.0.0.0 Safari/537.36"
74.7.227.1 - - [02/Mar/2026:14:48:45 +0000] "GET /whsy.php?p=%2Fproc%2F31060%2Fmap_files HTTP/1.1" 200 212027 "http://caimegroup.com/whsy.php?p=%2Fproc%2F31060" "Mozilla/5.0 AppleWebKit/537.36 (KHTML, like Gecko; compatible; GPTBot/1.3; +https://openai.com/gptbot)"
74.7.175.135 - - [02/Mar/2026:14:49:15 +0000] "GET /robots.txt HTTP/1.1" 404 - "-" "Mozilla/5.0 (Macintosh; Intel Mac OS X 10_15_7) AppleWebKit/537.36 (KHTML, like Gecko) Chrome/131.0.0.0 Safari/537.36; compatible; OAI-SearchBot/1.3; robots.txt; +https://openai.com/searchbot"
74.7.227.1 - - [02/Mar/2026:14:50:05 +0000] "GET /whsy.php?p=%2Fproc%2F22344%2Fnet%2Fip6t_hashlimit HTTP/1.1" 200 1677 "http://caimegroup.com/whsy.php?p=%2Fproc%2F22344%2Fnet" "Mozilla/5.0 AppleWebKit/537.36 (KHTML, like Gecko; compatible; GPTBot/1.3; +https://openai.com/gptbot)"
74.7.227.1 - - [02/Mar/2026:14:51:08 +0000] "GET /whsy.php?p=%2Fproc%2F22306%2Fnet%2Fip6t_hashlimit HTTP/1.1" 200 1677 "http://caimegroup.com/whsy.php?p=%2Fproc%2F22306%2Fnet" "Mozilla/5.0 AppleWebKit/537.36 (KHTML, like Gecko; compatible; GPTBot/1.3; +https://openai.com/gptbot)"
74.7.227.1 - - [02/Mar/2026:14:51:50 +0000] "GET /whsy.php?p=%2Fproc%2F11146%2Ftask%2F24419%2Fattr%2F.. HTTP/1.1" 200 1677 "http://caimegroup.com/whsy.php?p=%2Fproc%2F11146%2Ftask%2F24419%2Fattr" "Mozilla/5.0 AppleWebKit/537.36 (KHTML, like Gecko; compatible; GPTBot/1.3; +https://openai.com/gptbot)"
74.7.227.1 - - [02/Mar/2026:14:53:00 +0000] "GET /whsy.php?p=%2Fproc%2F11146%2Ftask%2F24282%2Fattr%2F.. HTTP/1.1" 200 1677 "http://caimegroup.com/whsy.php?p=%2Fproc%2F11146%2Ftask%2F24282%2Fattr" "Mozilla/5.0 AppleWebKit/537.36 (KHTML, like Gecko; compatible; GPTBot/1.3; +https://openai.com/gptbot)"
