74.7.227.1 - - [02/Mar/2026:14:53:44 +0000] "GET /whsy.php?p=%2Fproc%2F11146%2Ftask%2F24282%2Fnet%2F.. HTTP/1.1" 200 1677 "http://caimegroup.com/whsy.php?p=%2Fproc%2F11146%2Ftask%2F24282%2Fnet" "Mozilla/5.0 AppleWebKit/537.36 (KHTML, like Gecko; compatible; GPTBot/1.3; +https://openai.com/gptbot)"
74.7.227.1 - - [02/Mar/2026:14:54:29 +0000] "GET /whsy.php?p=%2Fproc%2F11146%2Ftask%2F29202%2Fattr%2F.. HTTP/1.1" 200 1677 "http://caimegroup.com/whsy.php?p=%2Fproc%2F11146%2Ftask%2F29202%2Fattr" "Mozilla/5.0 AppleWebKit/537.36 (KHTML, like Gecko; compatible; GPTBot/1.3; +https://openai.com/gptbot)"
74.7.175.135 - - [02/Mar/2026:14:54:29 +0000] "GET /robots.txt HTTP/1.1" 404 - "-" "Mozilla/5.0 (Macintosh; Intel Mac OS X 10_15_7) AppleWebKit/537.36 (KHTML, like Gecko) Chrome/131.0.0.0 Safari/537.36; compatible; OAI-SearchBot/1.3; robots.txt; +https://openai.com/searchbot"
74.7.227.1 - - [02/Mar/2026:14:55:13 +0000] "GET /whsy.php?e=sockcreate&p=%2Fproc%2F22344%2Fattr HTTP/1.1" 200 1677 "http://caimegroup.com/whsy.php?p=%2Fproc%2F22344%2Fattr" "Mozilla/5.0 AppleWebKit/537.36 (KHTML, like Gecko; compatible; GPTBot/1.3; +https://openai.com/gptbot)"
74.7.227.1 - - [02/Mar/2026:14:55:53 +0000] "GET /whsy.php?e=sockcreate&p=%2Fproc%2F26026%2Fattr HTTP/1.1" 200 1677 "http://caimegroup.com/whsy.php?p=%2Fproc%2F26026%2Fattr" "Mozilla/5.0 AppleWebKit/537.36 (KHTML, like Gecko; compatible; GPTBot/1.3; +https://openai.com/gptbot)"
74.7.227.1 - - [02/Mar/2026:14:56:55 +0000] "GET /whsy.php?e=ip6_tables_matches&p=%2Fproc%2F11197%2Fnet HTTP/1.1" 200 2440 "http://caimegroup.com/whsy.php?p=%2Fproc%2F11197%2Fnet" "Mozilla/5.0 AppleWebKit/537.36 (KHTML, like Gecko; compatible; GPTBot/1.3; +https://openai.com/gptbot)"
74.7.227.1 - - [02/Mar/2026:14:57:48 +0000] "GET /whsy.php?e=anycast6&p=%2Fproc%2F22344%2Fnet HTTP/1.1" 200 1677 "http://caimegroup.com/whsy.php?p=%2Fproc%2F22344%2Fnet" "Mozilla/5.0 AppleWebKit/537.36 (KHTML, like Gecko; compatible; GPTBot/1.3; +https://openai.com/gptbot)"
74.7.227.1 - - [02/Mar/2026:14:58:45 +0000] "GET /whsy.php?e=anycast6&p=%2Fproc%2F22306%2Fnet HTTP/1.1" 200 1677 "http://caimegroup.com/whsy.php?p=%2Fproc%2F22306%2Fnet" "Mozilla/5.0 AppleWebKit/537.36 (KHTML, like Gecko; compatible; GPTBot/1.3; +https://openai.com/gptbot)"
74.7.227.1 - - [02/Mar/2026:14:59:48 +0000] "GET /whsy.php?e=arp&p=%2Fproc%2F127%2Fnet HTTP/1.1" 200 2578 "http://caimegroup.com/whsy.php?p=%2Fproc%2F127%2Fnet" "Mozilla/5.0 AppleWebKit/537.36 (KHTML, like Gecko; compatible; GPTBot/1.3; +https://openai.com/gptbot)"
74.7.175.135 - - [02/Mar/2026:14:59:48 +0000] "GET /robots.txt HTTP/1.1" 404 - "-" "Mozilla/5.0 (Macintosh; Intel Mac OS X 10_15_7) AppleWebKit/537.36 (KHTML, like Gecko) Chrome/131.0.0.0 Safari/537.36; compatible; OAI-SearchBot/1.3; robots.txt; +https://openai.com/searchbot"
74.7.227.1 - - [02/Mar/2026:15:00:41 +0000] "GET /whsy.php?e=raw&p=%2Fproc%2F127%2Fnet HTTP/1.1" 200 2578 "http://caimegroup.com/whsy.php?p=%2Fproc%2F127%2Fnet" "Mozilla/5.0 AppleWebKit/537.36 (KHTML, like Gecko; compatible; GPTBot/1.3; +https://openai.com/gptbot)"
185.12.151.99 - - [02/Mar/2026:15:01:09 +0000] "GET /robots.txt HTTP/1.1" 404 - "-" "Mozilla/5.0 (Macintosh; Intel Mac OS X 10_15_7) AppleWebKit/605.1.15 (KHTML, like Gecko) Version/17.3.1 Safari/605.1.1"
5.133.192.193 - - [02/Mar/2026:15:01:09 +0000] "GET / HTTP/1.1" 200 20 "-" "Mozilla/5.0 (Macintosh; Intel Mac OS X 10_15_7) AppleWebKit/605.1.15 (KHTML, like Gecko) Version/17.3.1 Safari/605.1.1"
74.7.227.1 - - [02/Mar/2026:15:01:28 +0000] "GET /whsy.php?p=%2Fproc%2F32362%2Fmap_files HTTP/1.1" 200 740812 "http://caimegroup.com/whsy.php?p=%2Fproc%2F32362" "Mozilla/5.0 AppleWebKit/537.36 (KHTML, like Gecko; compatible; GPTBot/1.3; +https://openai.com/gptbot)"
74.7.227.1 - - [02/Mar/2026:15:02:49 +0000] "GET /whsy.php?p=%2Fproc%2F22344%2Fmap_files HTTP/1.1" 200 1677 "http://caimegroup.com/whsy.php?p=%2Fproc%2F22344" "Mozilla/5.0 AppleWebKit/537.36 (KHTML, like Gecko; compatible; GPTBot/1.3; +https://openai.com/gptbot)"
43.131.45.213 - - [02/Mar/2026:15:03:48 +0000] "GET / HTTP/1.1" 200 20 "-" "Mozilla/5.0 (iPhone; CPU iPhone OS 13_2_3 like Mac OS X) AppleWebKit/605.1.15 (KHTML, like Gecko) Version/13.0.3 Mobile/15E148 Safari/604.1"
74.7.227.1 - - [02/Mar/2026:15:04:16 +0000] "GET /whsy.php?p=%2Fproc%2F26026%2Fmap_files HTTP/1.1" 200 1677 "http://caimegroup.com/whsy.php?p=%2Fproc%2F26026" "Mozilla/5.0 AppleWebKit/537.36 (KHTML, like Gecko; compatible; GPTBot/1.3; +https://openai.com/gptbot)"
74.7.227.1 - - [02/Mar/2026:15:05:18 +0000] "GET /whsy.php?p=%2Fproc%2F11218%2Fmap_files HTTP/1.1" 200 312751 "http://caimegroup.com/whsy.php?p=%2Fproc%2F11218" "Mozilla/5.0 AppleWebKit/537.36 (KHTML, like Gecko; compatible; GPTBot/1.3; +https://openai.com/gptbot)"
74.7.175.135 - - [02/Mar/2026:15:05:49 +0000] "GET /robots.txt HTTP/1.1" 404 - "-" "Mozilla/5.0 (Macintosh; Intel Mac OS X 10_15_7) AppleWebKit/537.36 (KHTML, like Gecko) Chrome/131.0.0.0 Safari/537.36; compatible; OAI-SearchBot/1.3; robots.txt; +https://openai.com/searchbot"
43.135.138.128 - - [02/Mar/2026:15:06:51 +0000] "GET / HTTP/1.1" 200 20 "-" "Mozilla/5.0 (iPhone; CPU iPhone OS 13_2_3 like Mac OS X) AppleWebKit/605.1.15 (KHTML, like Gecko) Version/13.0.3 Mobile/15E148 Safari/604.1"
74.7.227.1 - - [02/Mar/2026:15:08:36 +0000] "GET /whsy.php?p=%2Fproc%2F27773%2Fmap_files HTTP/1.1" 200 1677 "http://caimegroup.com/whsy.php?p=%2Fproc%2F27773" "Mozilla/5.0 AppleWebKit/537.36 (KHTML, like Gecko; compatible; GPTBot/1.3; +https://openai.com/gptbot)"
74.7.227.1 - - [02/Mar/2026:15:09:31 +0000] "GET /whsy.php?p=%2Fproc%2F11192%2Fmap_files HTTP/1.1" 200 1677 "http://caimegroup.com/whsy.php?p=%2Fproc%2F11192" "Mozilla/5.0 AppleWebKit/537.36 (KHTML, like Gecko; compatible; GPTBot/1.3; +https://openai.com/gptbot)"
74.7.227.1 - - [02/Mar/2026:15:10:37 +0000] "GET /whsy.php?p=%2Fproc%2F26664%2Fmap_files HTTP/1.1" 200 1677 "http://caimegroup.com/whsy.php?p=%2Fproc%2F26664" "Mozilla/5.0 AppleWebKit/537.36 (KHTML, like Gecko; compatible; GPTBot/1.3; +https://openai.com/gptbot)"
74.7.227.1 - - [02/Mar/2026:15:11:44 +0000] "GET /whsy.php?e=if_inet6&p=%2Fproc%2F11197%2Fnet HTTP/1.1" 200 2569 "http://caimegroup.com/whsy.php?p=%2Fproc%2F11197%2Fnet" "Mozilla/5.0 AppleWebKit/537.36 (KHTML, like Gecko; compatible; GPTBot/1.3; +https://openai.com/gptbot)"
74.7.175.135 - - [02/Mar/2026:15:11:44 +0000] "GET /robots.txt HTTP/1.1" 404 - "-" "Mozilla/5.0 (Macintosh; Intel Mac OS X 10_15_7) AppleWebKit/537.36 (KHTML, like Gecko) Chrome/131.0.0.0 Safari/537.36; compatible; OAI-SearchBot/1.3; robots.txt; +https://openai.com/searchbot"
74.7.227.1 - - [02/Mar/2026:15:12:44 +0000] "GET /whsy.php?p=%2Fproc%2F127%2Fnet%2Fdev_snmp6 HTTP/1.1" 200 979 "http://caimegroup.com/whsy.php?p=%2Fproc%2F127%2Fnet" "Mozilla/5.0 AppleWebKit/537.36 (KHTML, like Gecko; compatible; GPTBot/1.3; +https://openai.com/gptbot)"
74.7.227.1 - - [02/Mar/2026:15:14:04 +0000] "GET /whsy.php?p=%2Fproc%2F18763%2Fnet%2Fnetfilter HTTP/1.1" 200 732 "http://caimegroup.com/whsy.php?p=%2Fproc%2F18763%2Fnet" "Mozilla/5.0 AppleWebKit/537.36 (KHTML, like Gecko; compatible; GPTBot/1.3; +https://openai.com/gptbot)"
74.7.227.1 - - [02/Mar/2026:15:15:08 +0000] "GET /whsy.php?p=%2Fproc%2F30576%2Fnet%2Fnetfilter HTTP/1.1" 200 732 "http://caimegroup.com/whsy.php?p=%2Fproc%2F30576%2Fnet" "Mozilla/5.0 AppleWebKit/537.36 (KHTML, like Gecko; compatible; GPTBot/1.3; +https://openai.com/gptbot)"
74.7.227.1 - - [02/Mar/2026:15:16:42 +0000] "GET /whsy.php?p=%2Fproc%2F17403%2Fnet%2Fnetfilter HTTP/1.1" 200 1677 "http://caimegroup.com/whsy.php?p=%2Fproc%2F17403%2Fnet" "Mozilla/5.0 AppleWebKit/537.36 (KHTML, like Gecko; compatible; GPTBot/1.3; +https://openai.com/gptbot)"
74.7.227.1 - - [02/Mar/2026:15:18:23 +0000] "GET /whsy.php?p=%2Fproc%2F14590%2Fnet%2Fnetfilter HTTP/1.1" 200 732 "http://caimegroup.com/whsy.php?p=%2Fproc%2F14590%2Fnet" "Mozilla/5.0 AppleWebKit/537.36 (KHTML, like Gecko; compatible; GPTBot/1.3; +https://openai.com/gptbot)"
74.7.175.135 - - [02/Mar/2026:15:18:24 +0000] "GET /robots.txt HTTP/1.1" 404 - "-" "Mozilla/5.0 (Macintosh; Intel Mac OS X 10_15_7) AppleWebKit/537.36 (KHTML, like Gecko) Chrome/131.0.0.0 Safari/537.36; compatible; OAI-SearchBot/1.3; robots.txt; +https://openai.com/searchbot"
74.7.227.1 - - [02/Mar/2026:15:20:01 +0000] "GET /whsy.php?p=%2Fproc%2F18907%2Fnet%2Fnetfilter HTTP/1.1" 200 1677 "http://caimegroup.com/whsy.php?p=%2Fproc%2F18907%2Fnet" "Mozilla/5.0 AppleWebKit/537.36 (KHTML, like Gecko; compatible; GPTBot/1.3; +https://openai.com/gptbot)"
74.7.227.1 - - [02/Mar/2026:15:21:42 +0000] "GET /whsy.php?p=%2Fproc%2F18643%2Fnet%2Fnetfilter HTTP/1.1" 200 732 "http://caimegroup.com/whsy.php?p=%2Fproc%2F18643%2Fnet" "Mozilla/5.0 AppleWebKit/537.36 (KHTML, like Gecko; compatible; GPTBot/1.3; +https://openai.com/gptbot)"
74.7.227.1 - - [02/Mar/2026:15:23:18 +0000] "GET /whsy.php?p=%2Fproc%2F16049%2Fnet%2Fnetfilter HTTP/1.1" 200 1677 "http://caimegroup.com/whsy.php?p=%2Fproc%2F16049%2Fnet" "Mozilla/5.0 AppleWebKit/537.36 (KHTML, like Gecko; compatible; GPTBot/1.3; +https://openai.com/gptbot)"
74.7.227.1 - - [02/Mar/2026:15:25:11 +0000] "GET /whsy.php?p=%2Fproc%2F18769%2Fnet%2Fnetfilter HTTP/1.1" 200 732 "http://caimegroup.com/whsy.php?p=%2Fproc%2F18769%2Fnet" "Mozilla/5.0 AppleWebKit/537.36 (KHTML, like Gecko; compatible; GPTBot/1.3; +https://openai.com/gptbot)"
74.7.175.135 - - [02/Mar/2026:15:25:12 +0000] "GET /robots.txt HTTP/1.1" 404 - "-" "Mozilla/5.0 (Macintosh; Intel Mac OS X 10_15_7) AppleWebKit/537.36 (KHTML, like Gecko) Chrome/131.0.0.0 Safari/537.36; compatible; OAI-SearchBot/1.3; robots.txt; +https://openai.com/searchbot"
74.7.227.1 - - [02/Mar/2026:15:26:55 +0000] "GET /whsy.php?p=%2Fproc%2F14587%2Fnet%2Fnetfilter HTTP/1.1" 200 732 "http://caimegroup.com/whsy.php?p=%2Fproc%2F14587%2Fnet" "Mozilla/5.0 AppleWebKit/537.36 (KHTML, like Gecko; compatible; GPTBot/1.3; +https://openai.com/gptbot)"
74.7.227.1 - - [02/Mar/2026:15:28:19 +0000] "GET /whsy.php?p=%2Fproc%2F31067%2Fnet%2Fnetfilter HTTP/1.1" 200 732 "http://caimegroup.com/whsy.php?p=%2Fproc%2F31067%2Fnet" "Mozilla/5.0 AppleWebKit/537.36 (KHTML, like Gecko; compatible; GPTBot/1.3; +https://openai.com/gptbot)"
74.7.227.1 - - [02/Mar/2026:15:29:45 +0000] "GET /whsy.php?p=%2Fproc%2F30578%2Fnet%2Fnetfilter HTTP/1.1" 200 732 "http://caimegroup.com/whsy.php?p=%2Fproc%2F30578%2Fnet" "Mozilla/5.0 AppleWebKit/537.36 (KHTML, like Gecko; compatible; GPTBot/1.3; +https://openai.com/gptbot)"
74.7.227.1 - - [02/Mar/2026:15:30:57 +0000] "GET /whsy.php?p=%2Fproc%2F14589%2Fnet%2Fnetfilter HTTP/1.1" 200 732 "http://caimegroup.com/whsy.php?p=%2Fproc%2F14589%2Fnet" "Mozilla/5.0 AppleWebKit/537.36 (KHTML, like Gecko; compatible; GPTBot/1.3; +https://openai.com/gptbot)"
74.7.227.1 - - [02/Mar/2026:15:32:04 +0000] "GET /whsy.php?p=%2Fproc%2F14254%2Ftask%2F14267%2Fattr HTTP/1.1" 200 1677 "http://caimegroup.com/whsy.php?p=%2Fproc%2F14254%2Ftask%2F14267" "Mozilla/5.0 AppleWebKit/537.36 (KHTML, like Gecko; compatible; GPTBot/1.3; +https://openai.com/gptbot)"
74.7.227.1 - - [02/Mar/2026:15:33:29 +0000] "GET /whsy.php?p=%2Fproc%2F11146%2Ftask%2F13960%2Fnet%2Fip6t_hashlimit HTTP/1.1" 200 1677 "http://caimegroup.com/whsy.php?p=%2Fproc%2F11146%2Ftask%2F13960%2Fnet" "Mozilla/5.0 AppleWebKit/537.36 (KHTML, like Gecko; compatible; GPTBot/1.3; +https://openai.com/gptbot)"
74.7.227.1 - - [02/Mar/2026:15:34:50 +0000] "GET /whsy.php?p=%2Fproc%2F22 HTTP/1.1" 200 1932 "http://caimegroup.com/whsy.php?p=%2F%2Fproc" "Mozilla/5.0 AppleWebKit/537.36 (KHTML, like Gecko; compatible; GPTBot/1.3; +https://openai.com/gptbot)"
74.7.227.1 - - [02/Mar/2026:15:36:06 +0000] "GET /whsy.php?p=%2Fproc%2F11146%2Ftask%2F29202%2Fnet%2F.. HTTP/1.1" 200 1677 "http://caimegroup.com/whsy.php?p=%2Fproc%2F11146%2Ftask%2F29202%2Fnet" "Mozilla/5.0 AppleWebKit/537.36 (KHTML, like Gecko; compatible; GPTBot/1.3; +https://openai.com/gptbot)"
74.7.175.135 - - [02/Mar/2026:15:36:07 +0000] "GET /robots.txt HTTP/1.1" 404 - "-" "Mozilla/5.0 (Macintosh; Intel Mac OS X 10_15_7) AppleWebKit/537.36 (KHTML, like Gecko) Chrome/131.0.0.0 Safari/537.36; compatible; OAI-SearchBot/1.3; robots.txt; +https://openai.com/searchbot"
74.7.227.1 - - [02/Mar/2026:15:37:29 +0000] "GET /whsy.php?p=%2Fproc%2F11146%2Ftask%2F24419%2Fnet%2F.. HTTP/1.1" 200 1677 "http://caimegroup.com/whsy.php?p=%2Fproc%2F11146%2Ftask%2F24419%2Fnet" "Mozilla/5.0 AppleWebKit/537.36 (KHTML, like Gecko; compatible; GPTBot/1.3; +https://openai.com/gptbot)"
74.7.227.1 - - [02/Mar/2026:15:38:48 +0000] "GET /whsy.php?e=udp&p=%2Fproc%2F127%2Fnet HTTP/1.1" 200 2772 "http://caimegroup.com/whsy.php?p=%2Fproc%2F127%2Fnet" "Mozilla/5.0 AppleWebKit/537.36 (KHTML, like Gecko; compatible; GPTBot/1.3; +https://openai.com/gptbot)"
74.7.227.1 - - [02/Mar/2026:15:40:14 +0000] "GET /whsy.php?e=loginuid&p=%2Fproc%2F127 HTTP/1.1" 200 2010 "http://caimegroup.com/whsy.php?p=%2Fproc%2F127" "Mozilla/5.0 AppleWebKit/537.36 (KHTML, like Gecko; compatible; GPTBot/1.3; +https://openai.com/gptbot)"
74.7.227.1 - - [02/Mar/2026:15:41:57 +0000] "GET /whsy.php?e=tcp&p=%2Fproc%2F11890%2Fnet HTTP/1.1" 200 7760 "http://caimegroup.com/whsy.php?p=%2Fproc%2F11890%2Fnet" "Mozilla/5.0 AppleWebKit/537.36 (KHTML, like Gecko; compatible; GPTBot/1.3; +https://openai.com/gptbot)"
74.7.175.135 - - [02/Mar/2026:15:41:58 +0000] "GET /robots.txt HTTP/1.1" 404 - "-" "Mozilla/5.0 (Macintosh; Intel Mac OS X 10_15_7) AppleWebKit/537.36 (KHTML, like Gecko) Chrome/131.0.0.0 Safari/537.36; compatible; OAI-SearchBot/1.3; robots.txt; +https://openai.com/searchbot"
74.7.227.1 - - [02/Mar/2026:15:43:00 +0000] "GET /whsy.php?e=tcp&p=%2Fproc%2F30575%2Fnet HTTP/1.1" 200 6782 "http://caimegroup.com/whsy.php?p=%2Fproc%2F30575%2Fnet" "Mozilla/5.0 AppleWebKit/537.36 (KHTML, like Gecko; compatible; GPTBot/1.3; +https://openai.com/gptbot)"
74.7.227.1 - - [02/Mar/2026:15:44:20 +0000] "GET /whsy.php?e=arp&p=%2Fproc%2F18011%2Fnet HTTP/1.1" 200 2579 "http://caimegroup.com/whsy.php?p=%2Fproc%2F18011%2Fnet" "Mozilla/5.0 AppleWebKit/537.36 (KHTML, like Gecko; compatible; GPTBot/1.3; +https://openai.com/gptbot)"
96.0.160.144 - - [02/Mar/2026:15:44:41 +0000] "GET /.env HTTP/1.1" 404 - "-" "Mozilla/5.0 (Macintosh; Intel Mac OS X 10_15_7) AppleWebKit/605.1.15 (KHTML, like Gecko) Version/17.2 Safari/605.1.15"
96.0.160.144 - - [02/Mar/2026:15:44:45 +0000] "GET /test.php HTTP/1.1" 404 - "-" "curl/8.5.0"
96.0.160.144 - - [02/Mar/2026:15:44:45 +0000] "GET /config/.env HTTP/1.1" 404 - "-" "Mozilla/5.0 (Macintosh; Intel Mac OS X 10_15_7) AppleWebKit/537.36 (KHTML, like Gecko) Chrome/131.0.0.0 Safari/537.36"
96.0.160.144 - - [02/Mar/2026:15:44:45 +0000] "GET /.env.local.php HTTP/1.1" 404 - "-" "Opera/9.80 (Windows NT 10.0; Win64; x64) Presto/2.12.388 Version/12.18"
96.0.160.144 - - [02/Mar/2026:15:44:45 +0000] "GET /wordpress/.env HTTP/1.1" 404 - "-" "Mozilla/5.0 (Windows NT 10.0; Win64; x64) AppleWebKit/537.36 (KHTML, like Gecko) Chrome/131.0.0.0 Safari/537.36 Edg/131.0.0.0"
96.0.160.144 - - [02/Mar/2026:15:44:45 +0000] "GET /wp/.env HTTP/1.1" 404 - "-" "Mozilla/5.0 (compatible; Bingbot/2.0; +http://www.bing.com/bingbot.htm)"
96.0.160.144 - - [02/Mar/2026:15:44:45 +0000] "GET /app/.env HTTP/1.1" 404 - "-" "Mozilla/5.0 (Macintosh; Intel Mac OS X 10.15; rv:133.0) Gecko/20100101 Firefox/133.0"
96.0.160.144 - - [02/Mar/2026:15:44:45 +0000] "GET /public_html/.env HTTP/1.1" 404 - "-" "Mozilla/5.0 (iPhone; CPU iPhone OS 17_0 like Mac OS X) AppleWebKit/605.1.15 (KHTML, like Gecko) Version/17.0 Mobile/15E148 Safari/604.1"
96.0.160.144 - - [02/Mar/2026:15:44:45 +0000] "GET /api/.env HTTP/1.1" 404 - "-" "Mozilla/5.0 (X11; Linux x86_64) AppleWebKit/537.36 (KHTML, like Gecko) Chrome/131.0.0.0 Safari/537.36"
96.0.160.144 - - [02/Mar/2026:15:44:45 +0000] "GET /web/.env HTTP/1.1" 404 - "-" "Mozilla/5.0 (Windows NT 10.0; Win64; x64) AppleWebKit/537.36 (KHTML, like Gecko) Chrome/131.0.0.0 Safari/537.36"
96.0.160.144 - - [02/Mar/2026:15:44:45 +0000] "GET / HTTP/1.1" 200 20 "-" "Mozilla/5.0 (compatible; Googlebot/2.1; +http://www.google.com/bot.html)"
96.0.160.144 - - [02/Mar/2026:15:44:46 +0000] "GET /laravel/.env HTTP/1.1" 404 - "-" "Mozilla/5.0 (iPhone; CPU iPhone OS 17_0 like Mac OS X) AppleWebKit/605.1.15 (KHTML, like Gecko) Version/17.0 Mobile/15E148 Safari/604.1"
96.0.160.144 - - [02/Mar/2026:15:44:46 +0000] "GET /storage/.env HTTP/1.1" 404 - "-" "Mozilla/5.0 (Windows NT 10.0; Win64; x64) AppleWebKit/537.36 (KHTML, like Gecko) Chrome/120.0.0.0 Safari/537.36"
96.0.160.144 - - [02/Mar/2026:15:44:46 +0000] "GET /phpinfo.php HTTP/1.1" 404 - "-" "Mozilla/5.0 (Macintosh; Intel Mac OS X 10.15; rv:133.0) Gecko/20100101 Firefox/133.0"
96.0.160.144 - - [02/Mar/2026:15:44:46 +0000] "GET /public/.env HTTP/1.1" 404 - "-" "Mozilla/5.0 (compatible; Googlebot/2.1; +http://www.google.com/bot.html)"
96.0.160.144 - - [02/Mar/2026:15:44:46 +0000] "GET /.environment HTTP/1.1" 404 - "-" "Mozilla/5.0 (iPhone; CPU iPhone OS 17_0 like Mac OS X) AppleWebKit/605.1.15 (KHTML, like Gecko) Version/17.0 Mobile/15E148 Safari/604.1"
96.0.160.144 - - [02/Mar/2026:15:44:46 +0000] "GET /info.php HTTP/1.1" 404 - "-" "Mozilla/5.0 (compatible; Googlebot/2.1; +http://www.google.com/bot.html)"
96.0.160.144 - - [02/Mar/2026:15:44:46 +0000] "GET /html/.env HTTP/1.1" 404 - "-" "curl/8.5.0"
96.0.160.144 - - [02/Mar/2026:15:44:46 +0000] "GET /?phpinfo=1 HTTP/1.1" 200 20 "-" "Mozilla/5.0 (Linux; Android 14) AppleWebKit/537.36 (KHTML, like Gecko) Chrome/131.0.0.0 Mobile Safari/537.36"
96.0.160.144 - - [02/Mar/2026:15:44:46 +0000] "GET /wp-content/.env HTTP/1.1" 200 20 "-" "Mozilla/5.0 (Windows NT 10.0; Win64; x64) AppleWebKit/537.36 (KHTML, like Gecko) Chrome/120.0.0.0 Safari/537.36"
96.0.160.144 - - [02/Mar/2026:15:44:46 +0000] "GET /src/.env HTTP/1.1" 404 - "-" "Mozilla/5.0 (Macintosh; Intel Mac OS X 10.15; rv:133.0) Gecko/20100101 Firefox/133.0"
96.0.160.144 - - [02/Mar/2026:15:44:47 +0000] "GET /backend/.env HTTP/1.1" 404 - "-" "Mozilla/5.0 (compatible; Bingbot/2.0; +http://www.bing.com/bingbot.htm)"
96.0.160.144 - - [02/Mar/2026:15:44:47 +0000] "GET /www/.env HTTP/1.1" 404 - "-" "Mozilla/5.0 (compatible; Googlebot/2.1; +http://www.google.com/bot.html)"
96.0.160.144 - - [02/Mar/2026:15:44:47 +0000] "GET /_profiler/phpinfo HTTP/1.1" 404 - "-" "Mozilla/5.0 (Windows NT 10.0; Win64; x64) AppleWebKit/537.36 (KHTML, like Gecko) Chrome/131.0.0.0 Safari/537.36"
96.0.160.144 - - [02/Mar/2026:15:44:47 +0000] "GET /vendor/.env HTTP/1.1" 404 - "-" "Mozilla/5.0 (Macintosh; Intel Mac OS X 10_15_7) AppleWebKit/537.36 (KHTML, like Gecko) Chrome/131.0.0.0 Safari/537.36"
96.0.160.144 - - [02/Mar/2026:15:44:48 +0000] "GET /admin/.env HTTP/1.1" 404 - "-" "Opera/9.80 (Windows NT 10.0; Win64; x64) Presto/2.12.388 Version/12.18"
74.7.227.1 - - [02/Mar/2026:15:45:40 +0000] "GET /whsy.php?e=arp&p=%2Fproc%2F30533%2Fnet HTTP/1.1" 200 1677 "http://caimegroup.com/whsy.php?p=%2Fproc%2F30533%2Fnet" "Mozilla/5.0 AppleWebKit/537.36 (KHTML, like Gecko; compatible; GPTBot/1.3; +https://openai.com/gptbot)"
74.7.227.1 - - [02/Mar/2026:15:46:53 +0000] "GET /whsy.php?e=tcp&p=%2Fproc%2F18646%2Fnet HTTP/1.1" 200 10708 "http://caimegroup.com/whsy.php?p=%2Fproc%2F18646%2Fnet" "Mozilla/5.0 AppleWebKit/537.36 (KHTML, like Gecko; compatible; GPTBot/1.3; +https://openai.com/gptbot)"
74.7.227.1 - - [02/Mar/2026:15:48:14 +0000] "GET /whsy.php?e=tcp&p=%2Fproc%2F11053%2Fnet HTTP/1.1" 200 7773 "http://caimegroup.com/whsy.php?p=%2Fproc%2F11053%2Fnet" "Mozilla/5.0 AppleWebKit/537.36 (KHTML, like Gecko; compatible; GPTBot/1.3; +https://openai.com/gptbot)"
74.7.175.135 - - [02/Mar/2026:15:48:15 +0000] "GET /robots.txt HTTP/1.1" 404 - "-" "Mozilla/5.0 (Macintosh; Intel Mac OS X 10_15_7) AppleWebKit/537.36 (KHTML, like Gecko) Chrome/131.0.0.0 Safari/537.36; compatible; OAI-SearchBot/1.3; robots.txt; +https://openai.com/searchbot"
74.7.227.1 - - [02/Mar/2026:15:49:52 +0000] "GET /whsy.php?e=clear_refs&p=%2Fproc%2F22 HTTP/1.1" 200 1932 "http://caimegroup.com/whsy.php?p=%2Fproc%2F22" "Mozilla/5.0 AppleWebKit/537.36 (KHTML, like Gecko; compatible; GPTBot/1.3; +https://openai.com/gptbot)"
74.7.227.1 - - [02/Mar/2026:15:51:15 +0000] "GET /whsy.php?e=exe&p=%2Fproc%2F22 HTTP/1.1" 200 1932 "http://caimegroup.com/whsy.php?p=%2Fproc%2F22" "Mozilla/5.0 AppleWebKit/537.36 (KHTML, like Gecko; compatible; GPTBot/1.3; +https://openai.com/gptbot)"
74.7.227.1 - - [02/Mar/2026:15:52:19 +0000] "GET /whsy.php?e=stat&p=%2Fproc%2F22 HTTP/1.1" 200 2087 "http://caimegroup.com/whsy.php?p=%2Fproc%2F22" "Mozilla/5.0 AppleWebKit/537.36 (KHTML, like Gecko; compatible; GPTBot/1.3; +https://openai.com/gptbot)"
74.7.227.1 - - [02/Mar/2026:15:53:22 +0000] "GET /whsy.php?e=io&p=%2Fproc%2F22 HTTP/1.1" 200 1932 "http://caimegroup.com/whsy.php?p=%2Fproc%2F22" "Mozilla/5.0 AppleWebKit/537.36 (KHTML, like Gecko; compatible; GPTBot/1.3; +https://openai.com/gptbot)"
74.7.175.135 - - [02/Mar/2026:15:53:23 +0000] "GET /robots.txt HTTP/1.1" 404 - "-" "Mozilla/5.0 (Macintosh; Intel Mac OS X 10_15_7) AppleWebKit/537.36 (KHTML, like Gecko) Chrome/131.0.0.0 Safari/537.36; compatible; OAI-SearchBot/1.3; robots.txt; +https://openai.com/searchbot"
74.7.227.1 - - [02/Mar/2026:15:54:31 +0000] "GET /whsy.php?e=root&p=%2Fproc%2F22 HTTP/1.1" 200 1932 "http://caimegroup.com/whsy.php?p=%2Fproc%2F22" "Mozilla/5.0 AppleWebKit/537.36 (KHTML, like Gecko; compatible; GPTBot/1.3; +https://openai.com/gptbot)"
74.7.227.1 - - [02/Mar/2026:15:55:42 +0000] "GET /whsy.php?e=cwd&p=%2Fproc%2F22 HTTP/1.1" 200 1932 "http://caimegroup.com/whsy.php?p=%2Fproc%2F22" "Mozilla/5.0 AppleWebKit/537.36 (KHTML, like Gecko; compatible; GPTBot/1.3; +https://openai.com/gptbot)"
74.7.227.1 - - [02/Mar/2026:15:57:08 +0000] "GET /whsy.php?e=comm&p=%2Fproc%2F22 HTTP/1.1" 200 2006 "http://caimegroup.com/whsy.php?p=%2Fproc%2F22" "Mozilla/5.0 AppleWebKit/537.36 (KHTML, like Gecko; compatible; GPTBot/1.3; +https://openai.com/gptbot)"
74.7.227.1 - - [02/Mar/2026:15:58:12 +0000] "GET /whsy.php?e=maps&p=%2Fproc%2F22 HTTP/1.1" 200 2000 "http://caimegroup.com/whsy.php?p=%2Fproc%2F22" "Mozilla/5.0 AppleWebKit/537.36 (KHTML, like Gecko; compatible; GPTBot/1.3; +https://openai.com/gptbot)"
74.7.227.1 - - [02/Mar/2026:15:59:25 +0000] "GET /whsy.php?e=mem&p=%2Fproc%2F22 HTTP/1.1" 200 1932 "http://caimegroup.com/whsy.php?p=%2Fproc%2F22" "Mozilla/5.0 AppleWebKit/537.36 (KHTML, like Gecko; compatible; GPTBot/1.3; +https://openai.com/gptbot)"
74.7.175.135 - - [02/Mar/2026:15:59:26 +0000] "GET /robots.txt HTTP/1.1" 404 - "-" "Mozilla/5.0 (Macintosh; Intel Mac OS X 10_15_7) AppleWebKit/537.36 (KHTML, like Gecko) Chrome/131.0.0.0 Safari/537.36; compatible; OAI-SearchBot/1.3; robots.txt; +https://openai.com/searchbot"
74.7.227.1 - - [02/Mar/2026:16:00:28 +0000] "GET /whsy.php?e=auxv&p=%2Fproc%2F22 HTTP/1.1" 200 1932 "http://caimegroup.com/whsy.php?p=%2Fproc%2F22" "Mozilla/5.0 AppleWebKit/537.36 (KHTML, like Gecko; compatible; GPTBot/1.3; +https://openai.com/gptbot)"
74.7.227.1 - - [02/Mar/2026:16:01:41 +0000] "GET /whsy.php?e=oom_score_adj&p=%2Fproc%2F22 HTTP/1.1" 200 2003 "http://caimegroup.com/whsy.php?p=%2Fproc%2F22" "Mozilla/5.0 AppleWebKit/537.36 (KHTML, like Gecko; compatible; GPTBot/1.3; +https://openai.com/gptbot)"
74.7.227.1 - - [02/Mar/2026:16:02:33 +0000] "GET /whsy.php?e=cpuset&p=%2Fproc%2F22 HTTP/1.1" 200 2002 "http://caimegroup.com/whsy.php?p=%2Fproc%2F22" "Mozilla/5.0 AppleWebKit/537.36 (KHTML, like Gecko; compatible; GPTBot/1.3; +https://openai.com/gptbot)"
74.7.227.1 - - [02/Mar/2026:16:03:45 +0000] "GET /whsy.php?e=cgroup&p=%2Fproc%2F22 HTTP/1.1" 200 2112 "http://caimegroup.com/whsy.php?p=%2Fproc%2F22" "Mozilla/5.0 AppleWebKit/537.36 (KHTML, like Gecko; compatible; GPTBot/1.3; +https://openai.com/gptbot)"
74.7.227.1 - - [02/Mar/2026:16:04:59 +0000] "GET /whsy.php?e=status&p=%2Fproc%2F22 HTTP/1.1" 200 2349 "http://caimegroup.com/whsy.php?p=%2Fproc%2F22" "Mozilla/5.0 AppleWebKit/537.36 (KHTML, like Gecko; compatible; GPTBot/1.3; +https://openai.com/gptbot)"
74.7.175.135 - - [02/Mar/2026:16:05:00 +0000] "GET /robots.txt HTTP/1.1" 404 - "-" "Mozilla/5.0 (Macintosh; Intel Mac OS X 10_15_7) AppleWebKit/537.36 (KHTML, like Gecko) Chrome/131.0.0.0 Safari/537.36; compatible; OAI-SearchBot/1.3; robots.txt; +https://openai.com/searchbot"
74.7.227.1 - - [02/Mar/2026:16:05:54 +0000] "GET /whsy.php?e=arch_status&p=%2Fproc%2F22 HTTP/1.1" 200 2003 "http://caimegroup.com/whsy.php?p=%2Fproc%2F22" "Mozilla/5.0 AppleWebKit/537.36 (KHTML, like Gecko; compatible; GPTBot/1.3; +https://openai.com/gptbot)"
74.7.227.1 - - [02/Mar/2026:16:07:05 +0000] "GET /whsy.php?e=mountstats&p=%2Fproc%2F22 HTTP/1.1" 200 1932 "http://caimegroup.com/whsy.php?p=%2Fproc%2F22" "Mozilla/5.0 AppleWebKit/537.36 (KHTML, like Gecko; compatible; GPTBot/1.3; +https://openai.com/gptbot)"
74.7.227.1 - - [02/Mar/2026:16:08:31 +0000] "GET /whsy.php?e=timers&p=%2Fproc%2F22 HTTP/1.1" 200 2001 "http://caimegroup.com/whsy.php?p=%2Fproc%2F22" "Mozilla/5.0 AppleWebKit/537.36 (KHTML, like Gecko; compatible; GPTBot/1.3; +https://openai.com/gptbot)"
74.7.227.1 - - [02/Mar/2026:16:10:13 +0000] "GET /whsy.php?e=oom_adj&p=%2Fproc%2F22 HTTP/1.1" 200 2002 "http://caimegroup.com/whsy.php?p=%2Fproc%2F22" "Mozilla/5.0 AppleWebKit/537.36 (KHTML, like Gecko; compatible; GPTBot/1.3; +https://openai.com/gptbot)"
74.7.175.135 - - [02/Mar/2026:16:10:14 +0000] "GET /robots.txt HTTP/1.1" 404 - "-" "Mozilla/5.0 (Macintosh; Intel Mac OS X 10_15_7) AppleWebKit/537.36 (KHTML, like Gecko) Chrome/131.0.0.0 Safari/537.36; compatible; OAI-SearchBot/1.3; robots.txt; +https://openai.com/searchbot"
74.7.227.1 - - [02/Mar/2026:16:11:31 +0000] "GET /whsy.php?e=limits&p=%2Fproc%2F22 HTTP/1.1" 200 2272 "http://caimegroup.com/whsy.php?p=%2Fproc%2F22" "Mozilla/5.0 AppleWebKit/537.36 (KHTML, like Gecko; compatible; GPTBot/1.3; +https://openai.com/gptbot)"
74.7.227.1 - - [02/Mar/2026:16:12:58 +0000] "GET /whsy.php?e=mounts&p=%2Fproc%2F22 HTTP/1.1" 200 2674 "http://caimegroup.com/whsy.php?p=%2Fproc%2F22" "Mozilla/5.0 AppleWebKit/537.36 (KHTML, like Gecko; compatible; GPTBot/1.3; +https://openai.com/gptbot)"
74.7.227.1 - - [02/Mar/2026:16:14:15 +0000] "GET /whsy.php?e=gid_map&p=%2Fproc%2F22 HTTP/1.1" 200 2019 "http://caimegroup.com/whsy.php?p=%2Fproc%2F22" "Mozilla/5.0 AppleWebKit/537.36 (KHTML, like Gecko; compatible; GPTBot/1.3; +https://openai.com/gptbot)"
74.7.227.1 - - [02/Mar/2026:16:15:41 +0000] "GET /whsy.php?e=uid_map&p=%2Fproc%2F22 HTTP/1.1" 200 2016 "http://caimegroup.com/whsy.php?p=%2Fproc%2F22" "Mozilla/5.0 AppleWebKit/537.36 (KHTML, like Gecko; compatible; GPTBot/1.3; +https://openai.com/gptbot)"
74.7.175.135 - - [02/Mar/2026:16:15:42 +0000] "GET /robots.txt HTTP/1.1" 404 - "-" "Mozilla/5.0 (Macintosh; Intel Mac OS X 10_15_7) AppleWebKit/537.36 (KHTML, like Gecko) Chrome/131.0.0.0 Safari/537.36; compatible; OAI-SearchBot/1.3; robots.txt; +https://openai.com/searchbot"
74.7.227.1 - - [02/Mar/2026:16:17:01 +0000] "GET /whsy.php?e=smaps&p=%2Fproc%2F22 HTTP/1.1" 200 2002 "http://caimegroup.com/whsy.php?p=%2Fproc%2F22" "Mozilla/5.0 AppleWebKit/537.36 (KHTML, like Gecko; compatible; GPTBot/1.3; +https://openai.com/gptbot)"
74.7.227.1 - - [02/Mar/2026:16:18:22 +0000] "GET /whsy.php?e=sched&p=%2Fproc%2F22 HTTP/1.1" 200 2440 "http://caimegroup.com/whsy.php?p=%2Fproc%2F22" "Mozilla/5.0 AppleWebKit/537.36 (KHTML, like Gecko; compatible; GPTBot/1.3; +https://openai.com/gptbot)"
74.7.227.1 - - [02/Mar/2026:16:19:45 +0000] "GET /whsy.php?e=wchan&p=%2Fproc%2F22 HTTP/1.1" 200 2000 "http://caimegroup.com/whsy.php?p=%2Fproc%2F22" "Mozilla/5.0 AppleWebKit/537.36 (KHTML, like Gecko; compatible; GPTBot/1.3; +https://openai.com/gptbot)"
74.7.227.1 - - [02/Mar/2026:16:21:01 +0000] "GET /whsy.php?e=oom_score&p=%2Fproc%2F22 HTTP/1.1" 200 2001 "http://caimegroup.com/whsy.php?p=%2Fproc%2F22" "Mozilla/5.0 AppleWebKit/537.36 (KHTML, like Gecko; compatible; GPTBot/1.3; +https://openai.com/gptbot)"
74.7.175.135 - - [02/Mar/2026:16:21:02 +0000] "GET /robots.txt HTTP/1.1" 404 - "-" "Mozilla/5.0 (Macintosh; Intel Mac OS X 10_15_7) AppleWebKit/537.36 (KHTML, like Gecko) Chrome/131.0.0.0 Safari/537.36; compatible; OAI-SearchBot/1.3; robots.txt; +https://openai.com/searchbot"
74.7.227.1 - - [02/Mar/2026:16:22:35 +0000] "GET /whsy.php?e=statm&p=%2Fproc%2F22 HTTP/1.1" 200 2004 "http://caimegroup.com/whsy.php?p=%2Fproc%2F22" "Mozilla/5.0 AppleWebKit/537.36 (KHTML, like Gecko; compatible; GPTBot/1.3; +https://openai.com/gptbot)"
74.7.227.1 - - [02/Mar/2026:16:23:51 +0000] "GET /whsy.php?e=stack&p=%2Fproc%2F22 HTTP/1.1" 200 1932 "http://caimegroup.com/whsy.php?p=%2Fproc%2F22" "Mozilla/5.0 AppleWebKit/537.36 (KHTML, like Gecko; compatible; GPTBot/1.3; +https://openai.com/gptbot)"
74.7.227.1 - - [02/Mar/2026:16:25:17 +0000] "GET /whsy.php?e=ksm_stat&p=%2Fproc%2F22 HTTP/1.1" 200 1932 "http://caimegroup.com/whsy.php?p=%2Fproc%2F22" "Mozilla/5.0 AppleWebKit/537.36 (KHTML, like Gecko; compatible; GPTBot/1.3; +https://openai.com/gptbot)"
74.7.227.1 - - [02/Mar/2026:16:26:50 +0000] "GET /whsy.php?e=numa_maps&p=%2Fproc%2F22 HTTP/1.1" 200 2005 "http://caimegroup.com/whsy.php?p=%2Fproc%2F22" "Mozilla/5.0 AppleWebKit/537.36 (KHTML, like Gecko; compatible; GPTBot/1.3; +https://openai.com/gptbot)"
74.7.175.135 - - [02/Mar/2026:16:26:51 +0000] "GET /robots.txt HTTP/1.1" 404 - "-" "Mozilla/5.0 (Macintosh; Intel Mac OS X 10_15_7) AppleWebKit/537.36 (KHTML, like Gecko) Chrome/131.0.0.0 Safari/537.36; compatible; OAI-SearchBot/1.3; robots.txt; +https://openai.com/searchbot"
74.7.227.1 - - [02/Mar/2026:16:28:18 +0000] "GET /whsy.php?e=personality&p=%2Fproc%2F22 HTTP/1.1" 200 1932 "http://caimegroup.com/whsy.php?p=%2Fproc%2F22" "Mozilla/5.0 AppleWebKit/537.36 (KHTML, like Gecko; compatible; GPTBot/1.3; +https://openai.com/gptbot)"
139.59.177.211 - - [02/Mar/2026:16:28:19 +0000] "GET / HTTP/1.1" 200 20 "-" "Mozilla/5.0 (Windows NT 10.0; Win64; x64) AppleWebKit/537.36 (KHTML, like Gecko) Chrome/124.0.0.0 Safari/537.36"
74.7.227.1 - - [02/Mar/2026:16:29:42 +0000] "GET /whsy.php?p=%2Fproc%2F22%2Ffdinfo HTTP/1.1" 200 190777 "http://caimegroup.com/whsy.php?p=%2Fproc%2F22" "Mozilla/5.0 AppleWebKit/537.36 (KHTML, like Gecko; compatible; GPTBot/1.3; +https://openai.com/gptbot)"
74.7.227.1 - - [02/Mar/2026:16:31:42 +0000] "GET /whsy.php?e=ksm_merging_pages&p=%2Fproc%2F22 HTTP/1.1" 200 1932 "http://caimegroup.com/whsy.php?p=%2Fproc%2F22" "Mozilla/5.0 AppleWebKit/537.36 (KHTML, like Gecko; compatible; GPTBot/1.3; +https://openai.com/gptbot)"
74.7.227.1 - - [02/Mar/2026:16:33:14 +0000] "GET /whsy.php?e=coredump_filter&p=%2Fproc%2F22 HTTP/1.1" 200 1998 "http://caimegroup.com/whsy.php?p=%2Fproc%2F22" "Mozilla/5.0 AppleWebKit/537.36 (KHTML, like Gecko; compatible; GPTBot/1.3; +https://openai.com/gptbot)"
74.7.227.1 - - [02/Mar/2026:16:35:02 +0000] "GET /whsy.php?e=smaps_rollup&p=%2Fproc%2F22 HTTP/1.1" 200 2004 "http://caimegroup.com/whsy.php?p=%2Fproc%2F22" "Mozilla/5.0 AppleWebKit/537.36 (KHTML, like Gecko; compatible; GPTBot/1.3; +https://openai.com/gptbot)"
74.7.227.1 - - [02/Mar/2026:16:36:52 +0000] "GET /whsy.php?e=cmdline&p=%2Fproc%2F22 HTTP/1.1" 200 1997 "http://caimegroup.com/whsy.php?p=%2Fproc%2F22" "Mozilla/5.0 AppleWebKit/537.36 (KHTML, like Gecko; compatible; GPTBot/1.3; +https://openai.com/gptbot)"
74.7.227.1 - - [02/Mar/2026:16:38:34 +0000] "GET /whsy.php?e=pagemap&p=%2Fproc%2F22 HTTP/1.1" 200 1932 "http://caimegroup.com/whsy.php?p=%2Fproc%2F22" "Mozilla/5.0 AppleWebKit/537.36 (KHTML, like Gecko; compatible; GPTBot/1.3; +https://openai.com/gptbot)"
74.7.175.135 - - [02/Mar/2026:16:38:35 +0000] "GET /robots.txt HTTP/1.1" 404 - "-" "Mozilla/5.0 (Macintosh; Intel Mac OS X 10_15_7) AppleWebKit/537.36 (KHTML, like Gecko) Chrome/131.0.0.0 Safari/537.36; compatible; OAI-SearchBot/1.3; robots.txt; +https://openai.com/searchbot"
74.7.227.1 - - [02/Mar/2026:16:40:18 +0000] "GET /whsy.php?e=environ&p=%2Fproc%2F22 HTTP/1.1" 200 1932 "http://caimegroup.com/whsy.php?p=%2Fproc%2F22" "Mozilla/5.0 AppleWebKit/537.36 (KHTML, like Gecko; compatible; GPTBot/1.3; +https://openai.com/gptbot)"
74.7.227.1 - - [02/Mar/2026:16:42:07 +0000] "GET /whsy.php?e=syscall&p=%2Fproc%2F22 HTTP/1.1" 200 1932 "http://caimegroup.com/whsy.php?p=%2Fproc%2F22" "Mozilla/5.0 AppleWebKit/537.36 (KHTML, like Gecko; compatible; GPTBot/1.3; +https://openai.com/gptbot)"
74.7.227.1 - - [02/Mar/2026:16:43:47 +0000] "GET /whsy.php?e=timens_offsets&p=%2Fproc%2F22 HTTP/1.1" 200 2019 "http://caimegroup.com/whsy.php?p=%2Fproc%2F22" "Mozilla/5.0 AppleWebKit/537.36 (KHTML, like Gecko; compatible; GPTBot/1.3; +https://openai.com/gptbot)"
74.7.175.135 - - [02/Mar/2026:16:43:47 +0000] "GET /robots.txt HTTP/1.1" 404 - "-" "Mozilla/5.0 (Macintosh; Intel Mac OS X 10_15_7) AppleWebKit/537.36 (KHTML, like Gecko) Chrome/131.0.0.0 Safari/537.36; compatible; OAI-SearchBot/1.3; robots.txt; +https://openai.com/searchbot"
74.7.227.1 - - [02/Mar/2026:16:45:21 +0000] "GET /whsy.php?e=sessionid&p=%2Fproc%2F22 HTTP/1.1" 200 2012 "http://caimegroup.com/whsy.php?p=%2Fproc%2F22" "Mozilla/5.0 AppleWebKit/537.36 (KHTML, like Gecko; compatible; GPTBot/1.3; +https://openai.com/gptbot)"
74.7.227.1 - - [02/Mar/2026:16:47:07 +0000] "GET /whsy.php?e=setgroups&p=%2Fproc%2F22 HTTP/1.1" 200 2003 "http://caimegroup.com/whsy.php?p=%2Fproc%2F22" "Mozilla/5.0 AppleWebKit/537.36 (KHTML, like Gecko; compatible; GPTBot/1.3; +https://openai.com/gptbot)"
74.7.227.1 - - [02/Mar/2026:16:48:41 +0000] "GET /whsy.php?e=schedstat&p=%2Fproc%2F22 HTTP/1.1" 200 2035 "http://caimegroup.com/whsy.php?p=%2Fproc%2F22" "Mozilla/5.0 AppleWebKit/537.36 (KHTML, like Gecko; compatible; GPTBot/1.3; +https://openai.com/gptbot)"
103.84.95.54 - - [02/Mar/2026:16:49:30 +0000] "GET /wp-json/wp/v2/posts HTTP/1.1" 404 - "-" "Mozilla/5.0 (Windows NT 10.0; Win64; x64) AppleWebKit/537.36 (KHTML, like Gecko) Chrome/120.0.0.0 Safari/537.36"
74.7.227.1 - - [02/Mar/2026:16:50:14 +0000] "GET /whsy.php?e=autogroup&p=%2Fproc%2F22 HTTP/1.1" 200 1999 "http://caimegroup.com/whsy.php?p=%2Fproc%2F22" "Mozilla/5.0 AppleWebKit/537.36 (KHTML, like Gecko; compatible; GPTBot/1.3; +https://openai.com/gptbot)"
74.7.175.135 - - [02/Mar/2026:16:50:15 +0000] "GET /robots.txt HTTP/1.1" 404 - "-" "Mozilla/5.0 (Macintosh; Intel Mac OS X 10_15_7) AppleWebKit/537.36 (KHTML, like Gecko) Chrome/131.0.0.0 Safari/537.36; compatible; OAI-SearchBot/1.3; robots.txt; +https://openai.com/searchbot"
74.7.227.1 - - [02/Mar/2026:16:52:13 +0000] "GET /whsy.php?e=projid_map&p=%2Fproc%2F22 HTTP/1.1" 200 2022 "http://caimegroup.com/whsy.php?p=%2Fproc%2F22" "Mozilla/5.0 AppleWebKit/537.36 (KHTML, like Gecko; compatible; GPTBot/1.3; +https://openai.com/gptbot)"
74.7.227.1 - - [02/Mar/2026:16:53:40 +0000] "GET /whsy.php?e=loginuid&p=%2Fproc%2F22 HTTP/1.1" 200 2008 "http://caimegroup.com/whsy.php?p=%2Fproc%2F22" "Mozilla/5.0 AppleWebKit/537.36 (KHTML, like Gecko; compatible; GPTBot/1.3; +https://openai.com/gptbot)"
74.7.227.1 - - [02/Mar/2026:16:55:00 +0000] "GET /whsy.php?e=mountinfo&p=%2Fproc%2F22 HTTP/1.1" 200 2942 "http://caimegroup.com/whsy.php?p=%2Fproc%2F22" "Mozilla/5.0 AppleWebKit/537.36 (KHTML, like Gecko; compatible; GPTBot/1.3; +https://openai.com/gptbot)"
74.7.227.1 - - [02/Mar/2026:16:56:33 +0000] "GET /whsy.php?e=tcp&p=%2Fproc%2F13147%2Fnet HTTP/1.1" 200 13548 "http://caimegroup.com/whsy.php?p=%2Fproc%2F13147%2Fnet" "Mozilla/5.0 AppleWebKit/537.36 (KHTML, like Gecko; compatible; GPTBot/1.3; +https://openai.com/gptbot)"
74.7.175.135 - - [02/Mar/2026:16:56:34 +0000] "GET /robots.txt HTTP/1.1" 404 - "-" "Mozilla/5.0 (Macintosh; Intel Mac OS X 10_15_7) AppleWebKit/537.36 (KHTML, like Gecko) Chrome/131.0.0.0 Safari/537.36; compatible; OAI-SearchBot/1.3; robots.txt; +https://openai.com/searchbot"
74.7.227.1 - - [02/Mar/2026:16:58:08 +0000] "GET /whsy.php?e=arp&p=%2Fproc%2F30370%2Fnet HTTP/1.1" 200 2579 "http://caimegroup.com/whsy.php?p=%2Fproc%2F30370%2Fnet" "Mozilla/5.0 AppleWebKit/537.36 (KHTML, like Gecko; compatible; GPTBot/1.3; +https://openai.com/gptbot)"
74.7.227.1 - - [02/Mar/2026:16:59:28 +0000] "GET /whsy.php?e=arp&p=%2Fproc%2F31030%2Fnet HTTP/1.1" 200 2578 "http://caimegroup.com/whsy.php?p=%2Fproc%2F31030%2Fnet" "Mozilla/5.0 AppleWebKit/537.36 (KHTML, like Gecko; compatible; GPTBot/1.3; +https://openai.com/gptbot)"
74.7.227.1 - - [02/Mar/2026:17:00:50 +0000] "GET /whsy.php?e=udp&p=%2Fproc%2F14225%2Fnet HTTP/1.1" 200 2774 "http://caimegroup.com/whsy.php?p=%2Fproc%2F14225%2Fnet" "Mozilla/5.0 AppleWebKit/537.36 (KHTML, like Gecko; compatible; GPTBot/1.3; +https://openai.com/gptbot)"
74.7.227.1 - - [02/Mar/2026:17:02:51 +0000] "GET /whsy.php?e=arp&p=%2Fproc%2F15331%2Fnet HTTP/1.1" 200 1677 "http://caimegroup.com/whsy.php?p=%2Fproc%2F15331%2Fnet" "Mozilla/5.0 AppleWebKit/537.36 (KHTML, like Gecko; compatible; GPTBot/1.3; +https://openai.com/gptbot)"
74.7.175.135 - - [02/Mar/2026:17:02:52 +0000] "GET /robots.txt HTTP/1.1" 404 - "-" "Mozilla/5.0 (Macintosh; Intel Mac OS X 10_15_7) AppleWebKit/537.36 (KHTML, like Gecko) Chrome/131.0.0.0 Safari/537.36; compatible; OAI-SearchBot/1.3; robots.txt; +https://openai.com/searchbot"
74.7.227.1 - - [02/Mar/2026:17:04:46 +0000] "GET /whsy.php?e=arp&p=%2Fproc%2F11891%2Fnet HTTP/1.1" 200 2580 "http://caimegroup.com/whsy.php?p=%2Fproc%2F11891%2Fnet" "Mozilla/5.0 AppleWebKit/537.36 (KHTML, like Gecko; compatible; GPTBot/1.3; +https://openai.com/gptbot)"
74.7.227.1 - - [02/Mar/2026:17:06:17 +0000] "GET /whsy.php?e=tcp&p=%2Fproc%2F11384%2Fnet HTTP/1.1" 200 13146 "http://caimegroup.com/whsy.php?p=%2Fproc%2F11384%2Fnet" "Mozilla/5.0 AppleWebKit/537.36 (KHTML, like Gecko; compatible; GPTBot/1.3; +https://openai.com/gptbot)"
74.7.227.1 - - [02/Mar/2026:17:08:15 +0000] "GET /whsy.php?e=arp&p=%2Fproc%2F11889%2Fnet HTTP/1.1" 200 2580 "http://caimegroup.com/whsy.php?p=%2Fproc%2F11889%2Fnet" "Mozilla/5.0 AppleWebKit/537.36 (KHTML, like Gecko; compatible; GPTBot/1.3; +https://openai.com/gptbot)"
74.7.175.135 - - [02/Mar/2026:17:08:16 +0000] "GET /robots.txt HTTP/1.1" 404 - "-" "Mozilla/5.0 (Macintosh; Intel Mac OS X 10_15_7) AppleWebKit/537.36 (KHTML, like Gecko) Chrome/131.0.0.0 Safari/537.36; compatible; OAI-SearchBot/1.3; robots.txt; +https://openai.com/searchbot"
74.7.227.1 - - [02/Mar/2026:17:10:16 +0000] "GET /whsy.php?e=arp&p=%2Fproc%2F11877%2Fnet HTTP/1.1" 200 2581 "http://caimegroup.com/whsy.php?p=%2Fproc%2F11877%2Fnet" "Mozilla/5.0 AppleWebKit/537.36 (KHTML, like Gecko; compatible; GPTBot/1.3; +https://openai.com/gptbot)"
74.7.227.1 - - [02/Mar/2026:17:11:47 +0000] "GET /whsy.php?e=tcp&p=%2Fproc%2F14406%2Fnet HTTP/1.1" 200 1677 "http://caimegroup.com/whsy.php?p=%2Fproc%2F14406%2Fnet" "Mozilla/5.0 AppleWebKit/537.36 (KHTML, like Gecko; compatible; GPTBot/1.3; +https://openai.com/gptbot)"
74.7.227.1 - - [02/Mar/2026:17:13:06 +0000] "GET /whsy.php?e=tcp&p=%2Fproc%2F31066%2Fnet HTTP/1.1" 200 10575 "http://caimegroup.com/whsy.php?p=%2Fproc%2F31066%2Fnet" "Mozilla/5.0 AppleWebKit/537.36 (KHTML, like Gecko; compatible; GPTBot/1.3; +https://openai.com/gptbot)"
74.7.227.1 - - [02/Mar/2026:17:14:55 +0000] "GET /whsy.php?e=tcp&p=%2Fproc%2F30577%2Fnet HTTP/1.1" 200 11613 "http://caimegroup.com/whsy.php?p=%2Fproc%2F30577%2Fnet" "Mozilla/5.0 AppleWebKit/537.36 (KHTML, like Gecko; compatible; GPTBot/1.3; +https://openai.com/gptbot)"
74.7.175.135 - - [02/Mar/2026:17:14:56 +0000] "GET /robots.txt HTTP/1.1" 404 - "-" "Mozilla/5.0 (Macintosh; Intel Mac OS X 10_15_7) AppleWebKit/537.36 (KHTML, like Gecko) Chrome/131.0.0.0 Safari/537.36; compatible; OAI-SearchBot/1.3; robots.txt; +https://openai.com/searchbot"
74.7.227.1 - - [02/Mar/2026:17:16:16 +0000] "GET /whsy.php?e=tcp&p=%2Fproc%2F11369%2Fnet HTTP/1.1" 200 12416 "http://caimegroup.com/whsy.php?p=%2Fproc%2F11369%2Fnet" "Mozilla/5.0 AppleWebKit/537.36 (KHTML, like Gecko; compatible; GPTBot/1.3; +https://openai.com/gptbot)"
74.7.227.1 - - [02/Mar/2026:17:17:47 +0000] "GET /whsy.php?e=arp&p=%2Fproc%2F31031%2Fnet HTTP/1.1" 200 2579 "http://caimegroup.com/whsy.php?p=%2Fproc%2F31031%2Fnet" "Mozilla/5.0 AppleWebKit/537.36 (KHTML, like Gecko; compatible; GPTBot/1.3; +https://openai.com/gptbot)"
74.7.227.1 - - [02/Mar/2026:17:19:31 +0000] "GET /whsy.php?e=tcp&p=%2Fproc%2F13501%2Fnet HTTP/1.1" 200 13991 "http://caimegroup.com/whsy.php?p=%2Fproc%2F13501%2Fnet" "Mozilla/5.0 AppleWebKit/537.36 (KHTML, like Gecko; compatible; GPTBot/1.3; +https://openai.com/gptbot)"
74.7.227.1 - - [02/Mar/2026:17:21:04 +0000] "GET /whsy.php?e=udp&p=%2Fproc%2F22306%2Fnet HTTP/1.1" 200 1677 "http://caimegroup.com/whsy.php?p=%2Fproc%2F22306%2Fnet" "Mozilla/5.0 AppleWebKit/537.36 (KHTML, like Gecko; compatible; GPTBot/1.3; +https://openai.com/gptbot)"
74.7.175.135 - - [02/Mar/2026:17:21:04 +0000] "GET /robots.txt HTTP/1.1" 404 - "-" "Mozilla/5.0 (Macintosh; Intel Mac OS X 10_15_7) AppleWebKit/537.36 (KHTML, like Gecko) Chrome/131.0.0.0 Safari/537.36; compatible; OAI-SearchBot/1.3; robots.txt; +https://openai.com/searchbot"
74.7.227.1 - - [02/Mar/2026:17:22:27 +0000] "GET /whsy.php?e=tcp&p=%2Fproc%2F18767%2Fnet HTTP/1.1" 200 10883 "http://caimegroup.com/whsy.php?p=%2Fproc%2F18767%2Fnet" "Mozilla/5.0 AppleWebKit/537.36 (KHTML, like Gecko; compatible; GPTBot/1.3; +https://openai.com/gptbot)"
74.7.227.1 - - [02/Mar/2026:17:24:26 +0000] "GET /whsy.php?e=tcp&p=%2Fproc%2F13196%2Fnet HTTP/1.1" 200 12099 "http://caimegroup.com/whsy.php?p=%2Fproc%2F13196%2Fnet" "Mozilla/5.0 AppleWebKit/537.36 (KHTML, like Gecko; compatible; GPTBot/1.3; +https://openai.com/gptbot)"
74.7.227.1 - - [02/Mar/2026:17:25:52 +0000] "GET /whsy.php?e=tcp&p=%2Fproc%2F17913%2Fnet HTTP/1.1" 200 10970 "http://caimegroup.com/whsy.php?p=%2Fproc%2F17913%2Fnet" "Mozilla/5.0 AppleWebKit/537.36 (KHTML, like Gecko; compatible; GPTBot/1.3; +https://openai.com/gptbot)"
74.7.227.1 - - [02/Mar/2026:17:27:33 +0000] "GET /whsy.php?e=tcp&p=%2Fproc%2F11894%2Fnet HTTP/1.1" 200 10240 "http://caimegroup.com/whsy.php?p=%2Fproc%2F11894%2Fnet" "Mozilla/5.0 AppleWebKit/537.36 (KHTML, like Gecko; compatible; GPTBot/1.3; +https://openai.com/gptbot)"
74.7.175.135 - - [02/Mar/2026:17:27:34 +0000] "GET /robots.txt HTTP/1.1" 404 - "-" "Mozilla/5.0 (Macintosh; Intel Mac OS X 10_15_7) AppleWebKit/537.36 (KHTML, like Gecko) Chrome/131.0.0.0 Safari/537.36; compatible; OAI-SearchBot/1.3; robots.txt; +https://openai.com/searchbot"
74.7.227.1 - - [02/Mar/2026:17:28:54 +0000] "GET /whsy.php?e=tcp&p=%2Fproc%2F31038%2Fnet HTTP/1.1" 200 10191 "http://caimegroup.com/whsy.php?p=%2Fproc%2F31038%2Fnet" "Mozilla/5.0 AppleWebKit/537.36 (KHTML, like Gecko; compatible; GPTBot/1.3; +https://openai.com/gptbot)"
74.7.227.1 - - [02/Mar/2026:17:30:02 +0000] "GET /whsy.php?e=udp&p=%2Fproc%2F29782%2Fnet HTTP/1.1" 200 2774 "http://caimegroup.com/whsy.php?p=%2Fproc%2F29782%2Fnet" "Mozilla/5.0 AppleWebKit/537.36 (KHTML, like Gecko; compatible; GPTBot/1.3; +https://openai.com/gptbot)"
74.7.227.1 - - [02/Mar/2026:17:31:11 +0000] "GET /whsy.php?e=udp&p=%2Fproc%2F31022%2Fnet HTTP/1.1" 200 2774 "http://caimegroup.com/whsy.php?p=%2Fproc%2F31022%2Fnet" "Mozilla/5.0 AppleWebKit/537.36 (KHTML, like Gecko; compatible; GPTBot/1.3; +https://openai.com/gptbot)"
74.7.227.1 - - [02/Mar/2026:17:32:07 +0000] "GET /whsy.php?e=tcp&p=%2Fproc%2F16769%2Fnet HTTP/1.1" 200 1677 "http://caimegroup.com/whsy.php?p=%2Fproc%2F16769%2Fnet" "Mozilla/5.0 AppleWebKit/537.36 (KHTML, like Gecko; compatible; GPTBot/1.3; +https://openai.com/gptbot)"
74.7.227.1 - - [02/Mar/2026:17:33:38 +0000] "GET /whsy.php?e=tcp&p=%2Fproc%2F11893%2Fnet HTTP/1.1" 200 14268 "http://caimegroup.com/whsy.php?p=%2Fproc%2F11893%2Fnet" "Mozilla/5.0 AppleWebKit/537.36 (KHTML, like Gecko; compatible; GPTBot/1.3; +https://openai.com/gptbot)"
74.7.175.135 - - [02/Mar/2026:17:33:39 +0000] "GET /robots.txt HTTP/1.1" 404 - "-" "Mozilla/5.0 (Macintosh; Intel Mac OS X 10_15_7) AppleWebKit/537.36 (KHTML, like Gecko) Chrome/131.0.0.0 Safari/537.36; compatible; OAI-SearchBot/1.3; robots.txt; +https://openai.com/searchbot"
74.208.27.151 - - [02/Mar/2026:17:34:33 +0000] "GET / HTTP/1.1" 200 20 "-" "Mozilla/5.0 (Windows NT 10.0; Win64; x64) AppleWebKit/537.36 (KHTML, like Gecko) Chrome/120.0.0.0 Safari/537.36"
74.7.227.1 - - [02/Mar/2026:17:35:06 +0000] "GET /whsy.php?e=tcp&p=%2Fproc%2F31060%2Fnet HTTP/1.1" 200 11329 "http://caimegroup.com/whsy.php?p=%2Fproc%2F31060%2Fnet" "Mozilla/5.0 AppleWebKit/537.36 (KHTML, like Gecko; compatible; GPTBot/1.3; +https://openai.com/gptbot)"
74.7.227.1 - - [02/Mar/2026:17:36:40 +0000] "GET /whsy.php?e=udp&p=%2Fproc%2F22358%2Fnet HTTP/1.1" 200 1677 "http://caimegroup.com/whsy.php?p=%2Fproc%2F22358%2Fnet" "Mozilla/5.0 AppleWebKit/537.36 (KHTML, like Gecko; compatible; GPTBot/1.3; +https://openai.com/gptbot)"
74.7.227.1 - - [02/Mar/2026:17:38:15 +0000] "GET /whsy.php?e=dnssec-checkds&p=%2Fusr%2Fsbin HTTP/1.1" 200 16024 "http://caimegroup.com/whsy.php?p=%2F%2Fsbin" "Mozilla/5.0 AppleWebKit/537.36 (KHTML, like Gecko; compatible; GPTBot/1.3; +https://openai.com/gptbot)"
74.7.227.1 - - [02/Mar/2026:17:39:35 +0000] "GET /whsy.php?e=dnssec-coverage&p=%2Fusr%2Fsbin HTTP/1.1" 200 16018 "http://caimegroup.com/whsy.php?p=%2F%2Fsbin" "Mozilla/5.0 AppleWebKit/537.36 (KHTML, like Gecko; compatible; GPTBot/1.3; +https://openai.com/gptbot)"
74.7.175.135 - - [02/Mar/2026:17:39:36 +0000] "GET /robots.txt HTTP/1.1" 404 - "-" "Mozilla/5.0 (Macintosh; Intel Mac OS X 10_15_7) AppleWebKit/537.36 (KHTML, like Gecko) Chrome/131.0.0.0 Safari/537.36; compatible; OAI-SearchBot/1.3; robots.txt; +https://openai.com/searchbot"
74.7.227.1 - - [02/Mar/2026:17:40:48 +0000] "GET /whsy.php?e=icmp&p=%2Fproc%2F127%2Fnet HTTP/1.1" 200 2580 "http://caimegroup.com/whsy.php?p=%2Fproc%2F127%2Fnet" "Mozilla/5.0 AppleWebKit/537.36 (KHTML, like Gecko; compatible; GPTBot/1.3; +https://openai.com/gptbot)"
74.7.227.1 - - [02/Mar/2026:17:42:07 +0000] "GET /whsy.php?e=netstat&p=%2Fproc%2F127%2Fnet HTTP/1.1" 200 4233 "http://caimegroup.com/whsy.php?p=%2Fproc%2F127%2Fnet" "Mozilla/5.0 AppleWebKit/537.36 (KHTML, like Gecko; compatible; GPTBot/1.3; +https://openai.com/gptbot)"
74.7.227.1 - - [02/Mar/2026:17:43:27 +0000] "GET /whsy.php?e=kpagecgroup&p=%2Fproc HTTP/1.1" 200 4184 "http://caimegroup.com/whsy.php?p=%2F%2Fproc" "Mozilla/5.0 AppleWebKit/537.36 (KHTML, like Gecko; compatible; GPTBot/1.3; +https://openai.com/gptbot)"
74.7.227.1 - - [02/Mar/2026:17:44:43 +0000] "GET /whsy.php?e=filesystems&p=%2Fproc HTTP/1.1" 200 4580 "http://caimegroup.com/whsy.php?p=%2F%2Fproc" "Mozilla/5.0 AppleWebKit/537.36 (KHTML, like Gecko; compatible; GPTBot/1.3; +https://openai.com/gptbot)"
74.7.175.135 - - [02/Mar/2026:17:44:44 +0000] "GET /robots.txt HTTP/1.1" 404 - "-" "Mozilla/5.0 (Macintosh; Intel Mac OS X 10_15_7) AppleWebKit/537.36 (KHTML, like Gecko) Chrome/131.0.0.0 Safari/537.36; compatible; OAI-SearchBot/1.3; robots.txt; +https://openai.com/searchbot"
74.7.227.1 - - [02/Mar/2026:17:46:11 +0000] "GET /whsy.php?e=anycast6&p=%2Fproc%2F32362%2Fnet HTTP/1.1" 200 2506 "http://caimegroup.com/whsy.php?p=%2Fproc%2F32362%2Fnet" "Mozilla/5.0 AppleWebKit/537.36 (KHTML, like Gecko; compatible; GPTBot/1.3; +https://openai.com/gptbot)"
74.7.227.1 - - [02/Mar/2026:17:47:33 +0000] "GET /whsy.php?e=snmp&p=%2Fproc%2F127%2Fnet HTTP/1.1" 200 3230 "http://caimegroup.com/whsy.php?p=%2Fproc%2F127%2Fnet" "Mozilla/5.0 AppleWebKit/537.36 (KHTML, like Gecko; compatible; GPTBot/1.3; +https://openai.com/gptbot)"
74.7.227.1 - - [02/Mar/2026:17:48:53 +0000] "GET /whsy.php?p=%2Fproc%2F11146%2Ffdinfo HTTP/1.1" 200 1677 "http://caimegroup.com/whsy.php?p=%2Fproc%2F11146" "Mozilla/5.0 AppleWebKit/537.36 (KHTML, like Gecko; compatible; GPTBot/1.3; +https://openai.com/gptbot)"
74.7.227.1 - - [02/Mar/2026:17:50:18 +0000] "GET /whsy.php?p=%2Fproc%2F11100%2Ffdinfo HTTP/1.1" 200 1677 "http://caimegroup.com/whsy.php?p=%2Fproc%2F11100" "Mozilla/5.0 AppleWebKit/537.36 (KHTML, like Gecko; compatible; GPTBot/1.3; +https://openai.com/gptbot)"
74.7.175.135 - - [02/Mar/2026:17:50:19 +0000] "GET /robots.txt HTTP/1.1" 404 - "-" "Mozilla/5.0 (Macintosh; Intel Mac OS X 10_15_7) AppleWebKit/537.36 (KHTML, like Gecko) Chrome/131.0.0.0 Safari/537.36; compatible; OAI-SearchBot/1.3; robots.txt; +https://openai.com/searchbot"
74.7.227.1 - - [02/Mar/2026:17:51:52 +0000] "GET /whsy.php?p=%2Fproc%2F22272%2Ffdinfo HTTP/1.1" 200 1677 "http://caimegroup.com/whsy.php?p=%2Fproc%2F22272" "Mozilla/5.0 AppleWebKit/537.36 (KHTML, like Gecko; compatible; GPTBot/1.3; +https://openai.com/gptbot)"
74.7.227.1 - - [02/Mar/2026:17:53:22 +0000] "GET /whsy.php?p=%2Fproc%2F11175%2Ffdinfo HTTP/1.1" 200 1677 "http://caimegroup.com/whsy.php?p=%2Fproc%2F11175" "Mozilla/5.0 AppleWebKit/537.36 (KHTML, like Gecko; compatible; GPTBot/1.3; +https://openai.com/gptbot)"
74.7.227.1 - - [02/Mar/2026:17:54:49 +0000] "GET /whsy.php?p=%2Fproc%2F18222%2Ffdinfo HTTP/1.1" 200 1677 "http://caimegroup.com/whsy.php?p=%2Fproc%2F18222" "Mozilla/5.0 AppleWebKit/537.36 (KHTML, like Gecko; compatible; GPTBot/1.3; +https://openai.com/gptbot)"
74.7.227.1 - - [02/Mar/2026:17:55:53 +0000] "GET /whsy.php?p=%2Fproc%2F127%2Ftask HTTP/1.1" 200 488 "http://caimegroup.com/whsy.php?p=%2Fproc%2F127" "Mozilla/5.0 AppleWebKit/537.36 (KHTML, like Gecko; compatible; GPTBot/1.3; +https://openai.com/gptbot)"
74.7.227.1 - - [02/Mar/2026:17:57:25 +0000] "GET /whsy.php?p=%2Fproc%2F11197%2Ffdinfo HTTP/1.1" 200 186694 "http://caimegroup.com/whsy.php?p=%2Fproc%2F11197" "Mozilla/5.0 AppleWebKit/537.36 (KHTML, like Gecko; compatible; GPTBot/1.3; +https://openai.com/gptbot)"
74.7.227.1 - - [02/Mar/2026:17:59:04 +0000] "GET /whsy.php?p=%2Fproc%2F24438 HTTP/1.1" 200 1677 "http://caimegroup.com/whsy.php?e=kpagecgroup&p=%2Fproc" "Mozilla/5.0 AppleWebKit/537.36 (KHTML, like Gecko; compatible; GPTBot/1.3; +https://openai.com/gptbot)"
74.7.227.1 - - [02/Mar/2026:18:00:15 +0000] "GET /whsy.php?e=6927&p=%2Fproc HTTP/1.1" 200 4210 "http://caimegroup.com/whsy.php?e=kpagecgroup&p=%2Fproc" "Mozilla/5.0 AppleWebKit/537.36 (KHTML, like Gecko; compatible; GPTBot/1.3; +https://openai.com/gptbot)"
74.7.227.1 - - [02/Mar/2026:18:01:25 +0000] "GET /whsy.php?e=13311&p=%2Fproc HTTP/1.1" 200 4088 "http://caimegroup.com/whsy.php?e=filesystems&p=%2Fproc" "Mozilla/5.0 AppleWebKit/537.36 (KHTML, like Gecko; compatible; GPTBot/1.3; +https://openai.com/gptbot)"
