74.7.227.129 - - [03/Mar/2026:08:09:15 +0000] "GET /whsy.php?e=user-suggest.js&p=%2Fhome%2Flab2454c%2Fcredityork.com%2Fwp-admin%2Fjs HTTP/2.0" 200 4311 "https://hibiscash.com.lab2454.com/whsy.php?p=%2Fhome%2Flab2454c%2Fcredityork.com%2Fwp-admin%2Fjs" "Mozilla/5.0 AppleWebKit/537.36 (KHTML, like Gecko; compatible; GPTBot/1.3; +https://openai.com/gptbot)"
74.7.227.179 - - [03/Mar/2026:08:09:17 +0000] "GET /whsy.php?e=statm&p=%2Fproc%2F16480 HTTP/2.0" 200 2029 "https://www.hibiscash.com.lab2454.com/whsy.php?p=%2Fproc%2F16480" "Mozilla/5.0 AppleWebKit/537.36 (KHTML, like Gecko; compatible; GPTBot/1.3; +https://openai.com/gptbot)"
74.7.227.129 - - [03/Mar/2026:08:09:26 +0000] "GET /whsy.php?e=user-suggest.js&p=%2Fhome%2Flab2454c%2Faficbgroup.com%2Fwp-admin%2Fjs HTTP/2.0" 200 4382 "https://hibiscash.com.lab2454.com/whsy.php?p=%2Fhome%2Flab2454c%2Faficbgroup.com%2Fwp-admin%2Fjs" "Mozilla/5.0 AppleWebKit/537.36 (KHTML, like Gecko; compatible; GPTBot/1.3; +https://openai.com/gptbot)"
74.7.227.179 - - [03/Mar/2026:08:09:28 +0000] "GET /whsy.php?e=stack&p=%2Fproc%2F16480 HTTP/2.0" 200 1936 "https://www.hibiscash.com.lab2454.com/whsy.php?p=%2Fproc%2F16480" "Mozilla/5.0 AppleWebKit/537.36 (KHTML, like Gecko; compatible; GPTBot/1.3; +https://openai.com/gptbot)"
74.7.227.179 - - [03/Mar/2026:08:09:37 +0000] "GET /whsy.php?e=schedstat&p=%2Fproc%2F16480 HTTP/2.0" 200 2028 "https://www.hibiscash.com.lab2454.com/whsy.php?p=%2Fproc%2F16480" "Mozilla/5.0 AppleWebKit/537.36 (KHTML, like Gecko; compatible; GPTBot/1.3; +https://openai.com/gptbot)"
74.7.227.129 - - [03/Mar/2026:08:09:45 +0000] "GET /whsy.php?e=user-edit.php&p=%2Fhome%2Flab2454c%2Farchfort.com%2Fwp-admin%2Fuser HTTP/2.0" 200 1187 "https://hibiscash.com.lab2454.com/whsy.php?p=%2Fhome%2Flab2454c%2Farchfort.com%2Fwp-admin%2Fuser" "Mozilla/5.0 AppleWebKit/537.36 (KHTML, like Gecko; compatible; GPTBot/1.3; +https://openai.com/gptbot)"
74.7.227.179 - - [03/Mar/2026:08:09:46 +0000] "GET /whsy.php?e=cwd&p=%2Fproc%2F16480 HTTP/2.0" 200 1936 "https://www.hibiscash.com.lab2454.com/whsy.php?p=%2Fproc%2F16480" "Mozilla/5.0 AppleWebKit/537.36 (KHTML, like Gecko; compatible; GPTBot/1.3; +https://openai.com/gptbot)"
74.7.227.179 - - [03/Mar/2026:08:09:55 +0000] "GET /whsy.php?e=mem&p=%2Fproc%2F16480 HTTP/2.0" 200 1936 "https://www.hibiscash.com.lab2454.com/whsy.php?p=%2Fproc%2F16480" "Mozilla/5.0 AppleWebKit/537.36 (KHTML, like Gecko; compatible; GPTBot/1.3; +https://openai.com/gptbot)"
74.7.227.129 - - [03/Mar/2026:08:10:05 +0000] "GET /whsy.php?e=user-edit.php&p=%2Fhome%2Flab2454c%2Fgemition.com%2Fwp-admin%2Fuser HTTP/2.0" 200 1183 "https://hibiscash.com.lab2454.com/whsy.php?p=%2Fhome%2Flab2454c%2Fgemition.com%2Fwp-admin%2Fuser" "Mozilla/5.0 AppleWebKit/537.36 (KHTML, like Gecko; compatible; GPTBot/1.3; +https://openai.com/gptbot)"
74.7.227.179 - - [03/Mar/2026:08:10:06 +0000] "GET /whsy.php?e=smaps&p=%2Fproc%2F16480 HTTP/2.0" 200 2121 "https://www.hibiscash.com.lab2454.com/whsy.php?p=%2Fproc%2F16480" "Mozilla/5.0 AppleWebKit/537.36 (KHTML, like Gecko; compatible; GPTBot/1.3; +https://openai.com/gptbot)"
74.7.227.129 - - [03/Mar/2026:08:10:15 +0000] "GET /whsy.php?e=user-profile.min.js&p=%2Fhome%2Flab2454c%2Faficbgroup.com%2Fwp-admin%2Fjs HTTP/2.0" 200 5863 "https://hibiscash.com.lab2454.com/whsy.php?p=%2Fhome%2Flab2454c%2Faficbgroup.com%2Fwp-admin%2Fjs" "Mozilla/5.0 AppleWebKit/537.36 (KHTML, like Gecko; compatible; GPTBot/1.3; +https://openai.com/gptbot)"
74.7.227.179 - - [03/Mar/2026:08:10:16 +0000] "GET /whsy.php?e=mountinfo&p=%2Fproc%2F16480 HTTP/2.0" 200 2988 "https://www.hibiscash.com.lab2454.com/whsy.php?p=%2Fproc%2F16480" "Mozilla/5.0 AppleWebKit/537.36 (KHTML, like Gecko; compatible; GPTBot/1.3; +https://openai.com/gptbot)"
74.7.227.179 - - [03/Mar/2026:08:10:25 +0000] "GET /whsy.php?e=autogroup&p=%2Fproc%2F16480 HTTP/2.0" 200 2020 "https://www.hibiscash.com.lab2454.com/whsy.php?p=%2Fproc%2F16480" "Mozilla/5.0 AppleWebKit/537.36 (KHTML, like Gecko; compatible; GPTBot/1.3; +https://openai.com/gptbot)"
74.7.227.179 - - [03/Mar/2026:08:10:33 +0000] "GET /whsy.php?e=wchan&p=%2Fproc%2F16480 HTTP/2.0" 200 2004 "https://www.hibiscash.com.lab2454.com/whsy.php?p=%2Fproc%2F16480" "Mozilla/5.0 AppleWebKit/537.36 (KHTML, like Gecko; compatible; GPTBot/1.3; +https://openai.com/gptbot)"
74.7.227.129 - - [03/Mar/2026:08:10:42 +0000] "GET /whsy.php?e=user-profile.min.js&p=%2Fhome%2Flab2454c%2Fcredityork.com%2Fwp-admin%2Fjs HTTP/2.0" 200 5791 "https://hibiscash.com.lab2454.com/whsy.php?p=%2Fhome%2Flab2454c%2Fcredityork.com%2Fwp-admin%2Fjs" "Mozilla/5.0 AppleWebKit/537.36 (KHTML, like Gecko; compatible; GPTBot/1.3; +https://openai.com/gptbot)"
74.7.227.179 - - [03/Mar/2026:08:10:43 +0000] "GET /whsy.php?e=auxv&p=%2Fproc%2F16480 HTTP/2.0" 200 1936 "https://www.hibiscash.com.lab2454.com/whsy.php?p=%2Fproc%2F16480" "Mozilla/5.0 AppleWebKit/537.36 (KHTML, like Gecko; compatible; GPTBot/1.3; +https://openai.com/gptbot)"
74.7.227.179 - - [03/Mar/2026:08:10:52 +0000] "GET /whsy.php?e=exe&p=%2Fproc%2F16480 HTTP/2.0" 200 1936 "https://www.hibiscash.com.lab2454.com/whsy.php?p=%2Fproc%2F16480" "Mozilla/5.0 AppleWebKit/537.36 (KHTML, like Gecko; compatible; GPTBot/1.3; +https://openai.com/gptbot)"
74.7.227.129 - - [03/Mar/2026:08:11:01 +0000] "GET /whsy.php?e=user-profile.js&p=%2Fhome%2Flab2454c%2Faficbgroup.com%2Fwp-admin%2Fjs HTTP/2.0" 200 7777 "https://hibiscash.com.lab2454.com/whsy.php?p=%2Fhome%2Flab2454c%2Faficbgroup.com%2Fwp-admin%2Fjs" "Mozilla/5.0 AppleWebKit/537.36 (KHTML, like Gecko; compatible; GPTBot/1.3; +https://openai.com/gptbot)"
74.7.227.179 - - [03/Mar/2026:08:11:02 +0000] "GET /whsy.php?e=sched&p=%2Fproc%2F16480 HTTP/2.0" 200 2461 "https://www.hibiscash.com.lab2454.com/whsy.php?p=%2Fproc%2F16480" "Mozilla/5.0 AppleWebKit/537.36 (KHTML, like Gecko; compatible; GPTBot/1.3; +https://openai.com/gptbot)"
74.7.227.179 - - [03/Mar/2026:08:11:11 +0000] "GET /whsy.php?e=timens_offsets&p=%2Fproc%2F16480 HTTP/2.0" 200 2022 "https://www.hibiscash.com.lab2454.com/whsy.php?p=%2Fproc%2F16480" "Mozilla/5.0 AppleWebKit/537.36 (KHTML, like Gecko; compatible; GPTBot/1.3; +https://openai.com/gptbot)"
74.7.227.129 - - [03/Mar/2026:08:11:20 +0000] "GET /whsy.php?e=user-profile.js&p=%2Fhome%2Flab2454c%2Fcredityork.com%2Fwp-admin%2Fjs HTTP/2.0" 200 7703 "https://hibiscash.com.lab2454.com/whsy.php?p=%2Fhome%2Flab2454c%2Fcredityork.com%2Fwp-admin%2Fjs" "Mozilla/5.0 AppleWebKit/537.36 (KHTML, like Gecko; compatible; GPTBot/1.3; +https://openai.com/gptbot)"
74.7.227.179 - - [03/Mar/2026:08:11:21 +0000] "GET /whsy.php?e=sessionid&p=%2Fproc%2F16480 HTTP/2.0" 200 2016 "https://www.hibiscash.com.lab2454.com/whsy.php?p=%2Fproc%2F16480" "Mozilla/5.0 AppleWebKit/537.36 (KHTML, like Gecko; compatible; GPTBot/1.3; +https://openai.com/gptbot)"
74.7.227.179 - - [03/Mar/2026:08:11:30 +0000] "GET /whsy.php?e=setgroups&p=%2Fproc%2F16480 HTTP/2.0" 200 2007 "https://www.hibiscash.com.lab2454.com/whsy.php?p=%2Fproc%2F16480" "Mozilla/5.0 AppleWebKit/537.36 (KHTML, like Gecko; compatible; GPTBot/1.3; +https://openai.com/gptbot)"
74.7.227.129 - - [03/Mar/2026:08:11:38 +0000] "GET /whsy.php?p=%2Fhome%2Flab2454c%2Fcbcei.com%2Fwp-content%2Fuploads%2F2024%2F.. HTTP/2.0" 200 905 "https://hibiscash.com.lab2454.com/whsy.php?p=%2Fhome%2Flab2454c%2Fcbcei.com%2Fwp-content%2Fuploads%2F2024" "Mozilla/5.0 AppleWebKit/537.36 (KHTML, like Gecko; compatible; GPTBot/1.3; +https://openai.com/gptbot)"
74.7.227.179 - - [03/Mar/2026:08:11:39 +0000] "GET /whsy.php?e=maps&p=%2Fproc%2F16480 HTTP/2.0" 200 2119 "https://www.hibiscash.com.lab2454.com/whsy.php?p=%2Fproc%2F16480" "Mozilla/5.0 AppleWebKit/537.36 (KHTML, like Gecko; compatible; GPTBot/1.3; +https://openai.com/gptbot)"
74.7.227.129 - - [03/Mar/2026:08:11:47 +0000] "GET /whsy.php?p=%2Fhome%2Flab2454c%2Fnfsin.com%2Fwp-content%2Fuploads%2F2024%2F.. HTTP/2.0" 200 900 "https://hibiscash.com.lab2454.com/whsy.php?p=%2Fhome%2Flab2454c%2Fnfsin.com%2Fwp-content%2Fuploads%2F2024" "Mozilla/5.0 AppleWebKit/537.36 (KHTML, like Gecko; compatible; GPTBot/1.3; +https://openai.com/gptbot)"
74.7.227.179 - - [03/Mar/2026:08:11:48 +0000] "GET /whsy.php?e=comm&p=%2Fproc%2F16480 HTTP/2.0" 200 2011 "https://www.hibiscash.com.lab2454.com/whsy.php?p=%2Fproc%2F16480" "Mozilla/5.0 AppleWebKit/537.36 (KHTML, like Gecko; compatible; GPTBot/1.3; +https://openai.com/gptbot)"
74.7.227.179 - - [03/Mar/2026:08:11:58 +0000] "GET /whsy.php?e=uid_map&p=%2Fproc%2F16480 HTTP/2.0" 200 2022 "https://www.hibiscash.com.lab2454.com/whsy.php?p=%2Fproc%2F16480" "Mozilla/5.0 AppleWebKit/537.36 (KHTML, like Gecko; compatible; GPTBot/1.3; +https://openai.com/gptbot)"
74.7.227.179 - - [03/Mar/2026:08:12:06 +0000] "GET /whsy.php?e=oom_adj&p=%2Fproc%2F16480 HTTP/2.0" 200 2006 "https://www.hibiscash.com.lab2454.com/whsy.php?p=%2Fproc%2F16480" "Mozilla/5.0 AppleWebKit/537.36 (KHTML, like Gecko; compatible; GPTBot/1.3; +https://openai.com/gptbot)"
74.7.227.129 - - [03/Mar/2026:08:12:05 +0000] "GET /whsy.php?p=%2Fhome%2Flab2454c%2Fcbcei.com%2Fwp-content%2Fuploads%2F2023%2F.. HTTP/2.0" 200 905 "https://hibiscash.com.lab2454.com/whsy.php?p=%2Fhome%2Flab2454c%2Fcbcei.com%2Fwp-content%2Fuploads%2F2023" "Mozilla/5.0 AppleWebKit/537.36 (KHTML, like Gecko; compatible; GPTBot/1.3; +https://openai.com/gptbot)"
74.7.227.129 - - [03/Mar/2026:08:12:13 +0000] "GET /whsy.php?p=%2Fhome%2Flab2454c%2Fmact34.com%2Fwp-content%2Fplugins%2Fwpforms-lite%2Flibs HTTP/2.0" 200 561 "https://hibiscash.com.lab2454.com/whsy.php?p=%2Fhome%2Flab2454c%2Fmact34.com%2Fwp-content%2Fplugins%2Fwpforms-lite" "Mozilla/5.0 AppleWebKit/537.36 (KHTML, like Gecko; compatible; GPTBot/1.3; +https://openai.com/gptbot)"
74.7.227.179 - - [03/Mar/2026:08:12:13 +0000] "GET /whsy.php?e=gid_map&p=%2Fproc%2F16480 HTTP/2.0" 200 2025 "https://www.hibiscash.com.lab2454.com/whsy.php?p=%2Fproc%2F16480" "Mozilla/5.0 AppleWebKit/537.36 (KHTML, like Gecko; compatible; GPTBot/1.3; +https://openai.com/gptbot)"
74.7.227.179 - - [03/Mar/2026:08:12:22 +0000] "GET /whsy.php?e=stat&p=%2Fproc%2F16480 HTTP/2.0" 200 2098 "https://www.hibiscash.com.lab2454.com/whsy.php?p=%2Fproc%2F16480" "Mozilla/5.0 AppleWebKit/537.36 (KHTML, like Gecko; compatible; GPTBot/1.3; +https://openai.com/gptbot)"
74.7.227.179 - - [03/Mar/2026:08:12:33 +0000] "GET /whsy.php?e=io&p=%2Fproc%2F16480 HTTP/2.0" 200 1936 "https://www.hibiscash.com.lab2454.com/whsy.php?p=%2Fproc%2F16480" "Mozilla/5.0 AppleWebKit/537.36 (KHTML, like Gecko; compatible; GPTBot/1.3; +https://openai.com/gptbot)"
74.7.227.129 - - [03/Mar/2026:08:12:41 +0000] "GET /whsy.php?p=%2Fhome%2Flab2454c%2Fmact34.com%2Fwp-content%2Fplugins%2Fwpforms-lite%2Flite HTTP/2.0" 200 731 "https://hibiscash.com.lab2454.com/whsy.php?p=%2Fhome%2Flab2454c%2Fmact34.com%2Fwp-content%2Fplugins%2Fwpforms-lite" "Mozilla/5.0 AppleWebKit/537.36 (KHTML, like Gecko; compatible; GPTBot/1.3; +https://openai.com/gptbot)"
74.7.227.179 - - [03/Mar/2026:08:12:43 +0000] "GET /whsy.php?e=root&p=%2Fproc%2F16480 HTTP/2.0" 200 1936 "https://www.hibiscash.com.lab2454.com/whsy.php?p=%2Fproc%2F16480" "Mozilla/5.0 AppleWebKit/537.36 (KHTML, like Gecko; compatible; GPTBot/1.3; +https://openai.com/gptbot)"
74.7.227.129 - - [03/Mar/2026:08:12:51 +0000] "GET /whsy.php?e=co.png&p=%2Fhome%2Flab2454c%2Fmact34.com%2Fwp-content%2Fplugins%2Fgtranslate%2F24 HTTP/2.0" 200 3155 "https://hibiscash.com.lab2454.com/whsy.php?p=%2Fhome%2Flab2454c%2Fmact34.com%2Fwp-content%2Fplugins%2Fgtranslate%2F24" "Mozilla/5.0 AppleWebKit/537.36 (KHTML, like Gecko; compatible; GPTBot/1.3; +https://openai.com/gptbot)"
74.7.227.179 - - [03/Mar/2026:08:12:53 +0000] "GET /whsy.php?e=oom_score_adj&p=%2Fproc%2F16480 HTTP/2.0" 200 2007 "https://www.hibiscash.com.lab2454.com/whsy.php?p=%2Fproc%2F16480" "Mozilla/5.0 AppleWebKit/537.36 (KHTML, like Gecko; compatible; GPTBot/1.3; +https://openai.com/gptbot)"
74.7.227.179 - - [03/Mar/2026:08:13:02 +0000] "GET /whsy.php?e=ksm_stat&p=%2Fproc%2F16480 HTTP/2.0" 200 1936 "https://www.hibiscash.com.lab2454.com/whsy.php?p=%2Fproc%2F16480" "Mozilla/5.0 AppleWebKit/537.36 (KHTML, like Gecko; compatible; GPTBot/1.3; +https://openai.com/gptbot)"
74.7.175.158 - - [03/Mar/2026:08:13:12 +0000] "GET /robots.txt HTTP/2.0" 404 - "-" "Mozilla/5.0 (Macintosh; Intel Mac OS X 10_15_7) AppleWebKit/537.36 (KHTML, like Gecko) Chrome/131.0.0.0 Safari/537.36; compatible; OAI-SearchBot/1.3; robots.txt; +https://openai.com/searchbot"
74.7.227.179 - - [03/Mar/2026:08:13:12 +0000] "GET /whsy.php?e=cmdline&p=%2Fproc%2F16480 HTTP/2.0" 200 2011 "https://www.hibiscash.com.lab2454.com/whsy.php?p=%2Fproc%2F16480" "Mozilla/5.0 AppleWebKit/537.36 (KHTML, like Gecko; compatible; GPTBot/1.3; +https://openai.com/gptbot)"
74.7.227.129 - - [03/Mar/2026:08:13:20 +0000] "GET /whsy.php?e=wp-blog-header.php&p=%2Fhome%2Flab2454c%2Fcarbonbullion.net HTTP/2.0" 200 4177 "https://hibiscash.com.lab2454.com/whsy.php?p=%2Fhome%2Flab2454c%2Fcarbonbullion.net" "Mozilla/5.0 AppleWebKit/537.36 (KHTML, like Gecko; compatible; GPTBot/1.3; +https://openai.com/gptbot)"
74.7.227.179 - - [03/Mar/2026:08:13:22 +0000] "GET /whsy.php?e=environ&p=%2Fproc%2F16480 HTTP/2.0" 200 1936 "https://www.hibiscash.com.lab2454.com/whsy.php?p=%2Fproc%2F16480" "Mozilla/5.0 AppleWebKit/537.36 (KHTML, like Gecko; compatible; GPTBot/1.3; +https://openai.com/gptbot)"
74.7.227.179 - - [03/Mar/2026:08:13:31 +0000] "GET /whsy.php?e=smaps_rollup&p=%2Fproc%2F16480 HTTP/2.0" 200 2120 "https://www.hibiscash.com.lab2454.com/whsy.php?p=%2Fproc%2F16480" "Mozilla/5.0 AppleWebKit/537.36 (KHTML, like Gecko; compatible; GPTBot/1.3; +https://openai.com/gptbot)"
74.7.227.129 - - [03/Mar/2026:08:13:40 +0000] "GET /whsy.php?e=privacy.php&p=%2Fhome%2Flab2454c%2Fveritserv.net%2Fwp-admin HTTP/2.0" 200 4555 "https://hibiscash.com.lab2454.com/whsy.php?p=%2Fhome%2Flab2454c%2Fveritserv.net%2Fwp-admin" "Mozilla/5.0 AppleWebKit/537.36 (KHTML, like Gecko; compatible; GPTBot/1.3; +https://openai.com/gptbot)"
74.7.227.179 - - [03/Mar/2026:08:13:42 +0000] "GET /whsy.php?e=personality&p=%2Fproc%2F16480 HTTP/2.0" 200 1936 "https://www.hibiscash.com.lab2454.com/whsy.php?p=%2Fproc%2F16480" "Mozilla/5.0 AppleWebKit/537.36 (KHTML, like Gecko; compatible; GPTBot/1.3; +https://openai.com/gptbot)"
74.7.227.129 - - [03/Mar/2026:08:13:52 +0000] "GET /whsy.php?e=whsy.php&p=%2Fhome%2Flab2454c%2Fsparxnovate.net HTTP/2.0" 200 2579 "https://hibiscash.com.lab2454.com/whsy.php?p=%2Fhome%2Flab2454c%2Fsparxnovate.net" "Mozilla/5.0 AppleWebKit/537.36 (KHTML, like Gecko; compatible; GPTBot/1.3; +https://openai.com/gptbot)"
74.7.227.179 - - [03/Mar/2026:08:13:54 +0000] "GET /whsy.php?e=clear_refs&p=%2Fproc%2F16480 HTTP/2.0" 200 1936 "https://www.hibiscash.com.lab2454.com/whsy.php?p=%2Fproc%2F16480" "Mozilla/5.0 AppleWebKit/537.36 (KHTML, like Gecko; compatible; GPTBot/1.3; +https://openai.com/gptbot)"
74.7.227.179 - - [03/Mar/2026:08:14:03 +0000] "GET /whsy.php?e=pagemap&p=%2Fproc%2F16480 HTTP/2.0" 200 1936 "https://www.hibiscash.com.lab2454.com/whsy.php?p=%2Fproc%2F16480" "Mozilla/5.0 AppleWebKit/537.36 (KHTML, like Gecko; compatible; GPTBot/1.3; +https://openai.com/gptbot)"
74.7.227.129 - - [03/Mar/2026:08:14:09 +0000] "GET /whsy.php?p=%2Fhome%2Flab2454c%2Fveritserv.net%2Fwp-content%2Fai1wm-backups HTTP/2.0" 200 853 "https://hibiscash.com.lab2454.com/whsy.php?p=%2Fhome%2Flab2454c%2Fveritserv.net%2Fwp-content" "Mozilla/5.0 AppleWebKit/537.36 (KHTML, like Gecko; compatible; GPTBot/1.3; +https://openai.com/gptbot)"
74.7.227.179 - - [03/Mar/2026:08:14:12 +0000] "GET /whsy.php?e=syscall&p=%2Fproc%2F16480 HTTP/2.0" 200 1936 "https://www.hibiscash.com.lab2454.com/whsy.php?p=%2Fproc%2F16480" "Mozilla/5.0 AppleWebKit/537.36 (KHTML, like Gecko; compatible; GPTBot/1.3; +https://openai.com/gptbot)"
74.7.227.179 - - [03/Mar/2026:08:14:21 +0000] "GET /whsy.php?p=%2Fproc%2F10709 HTTP/2.0" 200 860 "https://www.hibiscash.com.lab2454.com/whsy.php?e=3474&p=%2Fproc" "Mozilla/5.0 AppleWebKit/537.36 (KHTML, like Gecko; compatible; GPTBot/1.3; +https://openai.com/gptbot)"
74.7.227.129 - - [03/Mar/2026:08:14:30 +0000] "GET /whsy.php?e=edit-form-comment.php&p=%2Fhome%2Flab2454c%2Fcarbonbullion.net%2Fwp-admin HTTP/2.0" 200 6316 "https://hibiscash.com.lab2454.com/whsy.php?p=%2Fhome%2Flab2454c%2Fcarbonbullion.net%2Fwp-admin" "Mozilla/5.0 AppleWebKit/537.36 (KHTML, like Gecko; compatible; GPTBot/1.3; +https://openai.com/gptbot)"
74.7.227.179 - - [03/Mar/2026:08:14:33 +0000] "GET /whsy.php?p=%2Fproc%2F24071 HTTP/2.0" 200 860 "https://www.hibiscash.com.lab2454.com/whsy.php?e=12609&p=%2Fproc" "Mozilla/5.0 AppleWebKit/537.36 (KHTML, like Gecko; compatible; GPTBot/1.3; +https://openai.com/gptbot)"
74.7.227.179 - - [03/Mar/2026:08:14:43 +0000] "GET /whsy.php?p=%2Fproc%2F27249 HTTP/2.0" 200 860 "https://www.hibiscash.com.lab2454.com/whsy.php?e=14631&p=%2Fproc" "Mozilla/5.0 AppleWebKit/537.36 (KHTML, like Gecko; compatible; GPTBot/1.3; +https://openai.com/gptbot)"
74.7.227.129 - - [03/Mar/2026:08:14:50 +0000] "GET /whsy.php?p=%2Fhome%2Flab2454c%2Fpayvory.com HTTP/2.0" 200 829 "https://hibiscash.com.lab2454.com/whsy.php?p=%2Fhome%2Flab2454c" "Mozilla/5.0 AppleWebKit/537.36 (KHTML, like Gecko; compatible; GPTBot/1.3; +https://openai.com/gptbot)"
74.7.227.179 - - [03/Mar/2026:08:14:52 +0000] "GET /whsy.php?p=%2Fproc%2F31619 HTTP/2.0" 200 860 "https://www.hibiscash.com.lab2454.com/whsy.php?e=23421&p=%2Fproc" "Mozilla/5.0 AppleWebKit/537.36 (KHTML, like Gecko; compatible; GPTBot/1.3; +https://openai.com/gptbot)"
74.7.227.179 - - [03/Mar/2026:08:15:00 +0000] "GET /whsy.php?p=%2Fproc%2F10933 HTTP/2.0" 200 860 "https://www.hibiscash.com.lab2454.com/whsy.php?e=2667&p=%2Fproc" "Mozilla/5.0 AppleWebKit/537.36 (KHTML, like Gecko; compatible; GPTBot/1.3; +https://openai.com/gptbot)"
74.7.227.179 - - [03/Mar/2026:08:15:09 +0000] "GET /whsy.php?p=%2Fproc%2F23152 HTTP/2.0" 200 860 "https://www.hibiscash.com.lab2454.com/whsy.php?e=9800&p=%2Fproc" "Mozilla/5.0 AppleWebKit/537.36 (KHTML, like Gecko; compatible; GPTBot/1.3; +https://openai.com/gptbot)"
74.7.227.129 - - [03/Mar/2026:08:15:17 +0000] "GET /whsy.php?p=%2Fhome%2Flab2454c%2Fspaxtac.com HTTP/2.0" 200 1637 "https://hibiscash.com.lab2454.com/whsy.php?p=%2Fhome%2Flab2454c" "Mozilla/5.0 AppleWebKit/537.36 (KHTML, like Gecko; compatible; GPTBot/1.3; +https://openai.com/gptbot)"
74.7.227.179 - - [03/Mar/2026:08:15:19 +0000] "GET /whsy.php?p=%2Fproc%2F30264 HTTP/2.0" 200 860 "https://www.hibiscash.com.lab2454.com/whsy.php?e=21957&p=%2Fproc" "Mozilla/5.0 AppleWebKit/537.36 (KHTML, like Gecko; compatible; GPTBot/1.3; +https://openai.com/gptbot)"
74.7.227.129 - - [03/Mar/2026:08:15:28 +0000] "GET /whsy.php?e=whsy.php&p=%2Fhome%2Flab2454c%2Fwesternclear.net HTTP/2.0" 200 3514 "https://hibiscash.com.lab2454.com/whsy.php?p=%2Fhome%2Flab2454c%2Fwesternclear.net" "Mozilla/5.0 AppleWebKit/537.36 (KHTML, like Gecko; compatible; GPTBot/1.3; +https://openai.com/gptbot)"
74.7.227.179 - - [03/Mar/2026:08:15:30 +0000] "GET /whsy.php?p=%2Fproc%2F24604 HTTP/2.0" 200 860 "https://www.hibiscash.com.lab2454.com/whsy.php?p=%2Fproc%2F31861%2F.." "Mozilla/5.0 AppleWebKit/537.36 (KHTML, like Gecko; compatible; GPTBot/1.3; +https://openai.com/gptbot)"
74.7.227.179 - - [03/Mar/2026:08:15:39 +0000] "GET /whsy.php?p=%2Fproc%2F13207 HTTP/2.0" 200 860 "https://www.hibiscash.com.lab2454.com/whsy.php?e=6513&p=%2Fproc" "Mozilla/5.0 AppleWebKit/537.36 (KHTML, like Gecko; compatible; GPTBot/1.3; +https://openai.com/gptbot)"
74.7.227.179 - - [03/Mar/2026:08:15:51 +0000] "GET /whsy.php?p=%2Fproc%2F17723 HTTP/2.0" 200 860 "https://www.hibiscash.com.lab2454.com/whsy.php?e=8442&p=%2Fproc" "Mozilla/5.0 AppleWebKit/537.36 (KHTML, like Gecko; compatible; GPTBot/1.3; +https://openai.com/gptbot)"
74.7.227.129 - - [03/Mar/2026:08:16:00 +0000] "GET /whsy.php?e=veritserv.net-20230614-123743-764.wpress&p=%2Fhome%2Flab2454c%2Fveritserv.net%2Fwp-content%2Fai1wm-backups HTTP/2.0" 200 607 "https://hibiscash.com.lab2454.com/whsy.php?p=%2Fhome%2Flab2454c%2Fveritserv.net%2Fwp-content%2Fai1wm-backups" "Mozilla/5.0 AppleWebKit/537.36 (KHTML, like Gecko; compatible; GPTBot/1.3; +https://openai.com/gptbot)"
74.7.227.179 - - [03/Mar/2026:08:16:03 +0000] "GET /whsy.php?p=%2Fproc%2F29731 HTTP/2.0" 200 860 "https://www.hibiscash.com.lab2454.com/whsy.php?e=18165&p=%2Fproc" "Mozilla/5.0 AppleWebKit/537.36 (KHTML, like Gecko; compatible; GPTBot/1.3; +https://openai.com/gptbot)"
74.7.227.179 - - [03/Mar/2026:08:16:14 +0000] "GET /whsy.php?p=%2Fproc%2F28745 HTTP/2.0" 200 860 "https://www.hibiscash.com.lab2454.com/whsy.php?e=21146&p=%2Fproc" "Mozilla/5.0 AppleWebKit/537.36 (KHTML, like Gecko; compatible; GPTBot/1.3; +https://openai.com/gptbot)"
74.7.227.129 - - [03/Mar/2026:08:16:22 +0000] "GET /whsy.php?e=web.config&p=%2Fhome%2Flab2454c%2Fveritserv.net%2Fwp-content%2Fai1wm-backups HTTP/2.0" 200 1070 "https://hibiscash.com.lab2454.com/whsy.php?p=%2Fhome%2Flab2454c%2Fveritserv.net%2Fwp-content%2Fai1wm-backups" "Mozilla/5.0 AppleWebKit/537.36 (KHTML, like Gecko; compatible; GPTBot/1.3; +https://openai.com/gptbot)"
74.7.227.179 - - [03/Mar/2026:08:16:25 +0000] "GET /whsy.php?p=%2Fproc%2F14642 HTTP/2.0" 200 860 "https://www.hibiscash.com.lab2454.com/whsy.php?e=6513&p=%2Fproc" "Mozilla/5.0 AppleWebKit/537.36 (KHTML, like Gecko; compatible; GPTBot/1.3; +https://openai.com/gptbot)"
74.7.244.62 - - [03/Mar/2026:08:16:26 +0000] "GET /robots.txt HTTP/2.0" 404 - "-" "Mozilla/5.0 (Macintosh; Intel Mac OS X 10_15_7) AppleWebKit/537.36 (KHTML, like Gecko) Chrome/131.0.0.0 Safari/537.36; compatible; OAI-SearchBot/1.3; robots.txt; +https://openai.com/searchbot"
74.7.227.179 - - [03/Mar/2026:08:16:38 +0000] "GET /whsy.php?p=%2Fproc%2F15052 HTTP/2.0" 200 860 "https://www.hibiscash.com.lab2454.com/whsy.php?e=6507&p=%2Fproc" "Mozilla/5.0 AppleWebKit/537.36 (KHTML, like Gecko; compatible; GPTBot/1.3; +https://openai.com/gptbot)"
74.7.227.129 - - [03/Mar/2026:08:16:47 +0000] "GET /whsy.php?e=index.php&p=%2Fhome%2Flab2454c%2Fveritserv.net%2Fwp-content%2Fai1wm-backups HTTP/2.0" 200 934 "https://hibiscash.com.lab2454.com/whsy.php?p=%2Fhome%2Flab2454c%2Fveritserv.net%2Fwp-content%2Fai1wm-backups" "Mozilla/5.0 AppleWebKit/537.36 (KHTML, like Gecko; compatible; GPTBot/1.3; +https://openai.com/gptbot)"
74.7.227.179 - - [03/Mar/2026:08:16:52 +0000] "GET /whsy.php?p=%2Fproc%2F21686 HTTP/2.0" 200 860 "https://www.hibiscash.com.lab2454.com/whsy.php?e=11725&p=%2Fproc" "Mozilla/5.0 AppleWebKit/537.36 (KHTML, like Gecko; compatible; GPTBot/1.3; +https://openai.com/gptbot)"
74.7.227.179 - - [03/Mar/2026:08:17:04 +0000] "GET /whsy.php?p=%2Fproc%2F32553 HTTP/2.0" 200 860 "https://www.hibiscash.com.lab2454.com/whsy.php?e=21190&p=%2Fproc" "Mozilla/5.0 AppleWebKit/537.36 (KHTML, like Gecko; compatible; GPTBot/1.3; +https://openai.com/gptbot)"
74.7.227.179 - - [03/Mar/2026:08:17:13 +0000] "GET /whsy.php?p=%2Fproc%2F21583 HTTP/2.0" 200 860 "https://www.hibiscash.com.lab2454.com/whsy.php?p=%2Fproc%2F31859%2F.." "Mozilla/5.0 AppleWebKit/537.36 (KHTML, like Gecko; compatible; GPTBot/1.3; +https://openai.com/gptbot)"
74.7.227.129 - - [03/Mar/2026:08:17:20 +0000] "GET /whsy.php?e=.htaccess&p=%2Fhome%2Flab2454c%2Fveritserv.net%2Fwp-content%2Fai1wm-backups HTTP/2.0" 200 1013 "https://hibiscash.com.lab2454.com/whsy.php?p=%2Fhome%2Flab2454c%2Fveritserv.net%2Fwp-content%2Fai1wm-backups" "Mozilla/5.0 AppleWebKit/537.36 (KHTML, like Gecko; compatible; GPTBot/1.3; +https://openai.com/gptbot)"
74.7.227.179 - - [03/Mar/2026:08:17:23 +0000] "GET /whsy.php?p=%2Fproc%2F21487 HTTP/2.0" 200 860 "https://www.hibiscash.com.lab2454.com/whsy.php?e=13148&p=%2Fproc" "Mozilla/5.0 AppleWebKit/537.36 (KHTML, like Gecko; compatible; GPTBot/1.3; +https://openai.com/gptbot)"
74.7.227.179 - - [03/Mar/2026:08:17:33 +0000] "GET /whsy.php?p=%2Fproc%2F10110 HTTP/2.0" 200 860 "https://www.hibiscash.com.lab2454.com/whsy.php?e=11857&p=%2Fproc" "Mozilla/5.0 AppleWebKit/537.36 (KHTML, like Gecko; compatible; GPTBot/1.3; +https://openai.com/gptbot)"
74.7.227.129 - - [03/Mar/2026:08:17:40 +0000] "GET /whsy.php?e=dropdown.php&p=%2Fhome%2Flab2454c%2Fveritserv.net%2Fwp-content%2Fai1wm-backups HTTP/2.0" 200 1755 "https://hibiscash.com.lab2454.com/whsy.php?p=%2Fhome%2Flab2454c%2Fveritserv.net%2Fwp-content%2Fai1wm-backups" "Mozilla/5.0 AppleWebKit/537.36 (KHTML, like Gecko; compatible; GPTBot/1.3; +https://openai.com/gptbot)"
74.7.227.179 - - [03/Mar/2026:08:17:43 +0000] "GET /whsy.php?p=%2Fproc%2F30806 HTTP/2.0" 200 860 "https://www.hibiscash.com.lab2454.com/whsy.php?e=23386&p=%2Fproc" "Mozilla/5.0 AppleWebKit/537.36 (KHTML, like Gecko; compatible; GPTBot/1.3; +https://openai.com/gptbot)"
74.7.227.129 - - [03/Mar/2026:08:17:50 +0000] "GET /whsy.php?p=%2Fhome%2Flab2454c%2Fspaxtac.com%2Fwp-admin HTTP/2.0" 200 3494 "https://hibiscash.com.lab2454.com/whsy.php?p=%2Fhome%2Flab2454c%2Fspaxtac.com" "Mozilla/5.0 AppleWebKit/537.36 (KHTML, like Gecko; compatible; GPTBot/1.3; +https://openai.com/gptbot)"
74.7.227.179 - - [03/Mar/2026:08:17:53 +0000] "GET /whsy.php?p=%2Fproc%2F19795 HTTP/2.0" 200 860 "https://www.hibiscash.com.lab2454.com/whsy.php?e=11721&p=%2Fproc" "Mozilla/5.0 AppleWebKit/537.36 (KHTML, like Gecko; compatible; GPTBot/1.3; +https://openai.com/gptbot)"
74.7.227.179 - - [03/Mar/2026:08:18:03 +0000] "GET /whsy.php?p=%2Fproc%2F26042 HTTP/2.0" 200 860 "https://www.hibiscash.com.lab2454.com/whsy.php?e=5156&p=%2Fproc" "Mozilla/5.0 AppleWebKit/537.36 (KHTML, like Gecko; compatible; GPTBot/1.3; +https://openai.com/gptbot)"
74.7.227.179 - - [03/Mar/2026:08:18:14 +0000] "GET /whsy.php?p=%2Fproc%2F26508 HTTP/2.0" 200 860 "https://www.hibiscash.com.lab2454.com/whsy.php?p=%2Fproc%2F31865%2F.." "Mozilla/5.0 AppleWebKit/537.36 (KHTML, like Gecko; compatible; GPTBot/1.3; +https://openai.com/gptbot)"
74.7.227.129 - - [03/Mar/2026:08:18:21 +0000] "GET /whsy.php?p=%2Fhome%2Flab2454c%2Fpayvory.com%2Fcgi-bin HTTP/2.0" 200 755 "https://hibiscash.com.lab2454.com/whsy.php?p=%2Fhome%2Flab2454c%2Fpayvory.com" "Mozilla/5.0 AppleWebKit/537.36 (KHTML, like Gecko; compatible; GPTBot/1.3; +https://openai.com/gptbot)"
74.7.227.179 - - [03/Mar/2026:08:18:24 +0000] "GET /whsy.php?p=%2Fproc%2F26800 HTTP/2.0" 200 860 "https://www.hibiscash.com.lab2454.com/whsy.php?e=18245&p=%2Fproc" "Mozilla/5.0 AppleWebKit/537.36 (KHTML, like Gecko; compatible; GPTBot/1.3; +https://openai.com/gptbot)"
74.7.227.179 - - [03/Mar/2026:08:18:34 +0000] "GET /whsy.php?p=%2Fproc%2F24095 HTTP/2.0" 200 860 "https://www.hibiscash.com.lab2454.com/whsy.php?e=12609&p=%2Fproc" "Mozilla/5.0 AppleWebKit/537.36 (KHTML, like Gecko; compatible; GPTBot/1.3; +https://openai.com/gptbot)"
74.7.227.129 - - [03/Mar/2026:08:18:40 +0000] "GET /whsy.php?p=%2Fhome%2Flab2454c%2Ffcxpro.com%2Fwp-admin%2Fimages HTTP/2.0" 200 2791 "https://hibiscash.com.lab2454.com/whsy.php?p=%2Fhome%2Flab2454c%2Ffcxpro.com%2Fwp-admin" "Mozilla/5.0 AppleWebKit/537.36 (KHTML, like Gecko; compatible; GPTBot/1.3; +https://openai.com/gptbot)"
74.7.227.179 - - [03/Mar/2026:08:18:43 +0000] "GET /whsy.php?p=%2Fproc%2F31889 HTTP/2.0" 200 860 "https://www.hibiscash.com.lab2454.com/whsy.php?e=21219&p=%2Fproc" "Mozilla/5.0 AppleWebKit/537.36 (KHTML, like Gecko; compatible; GPTBot/1.3; +https://openai.com/gptbot)"
74.7.227.179 - - [03/Mar/2026:08:18:51 +0000] "GET /whsy.php?p=%2Fproc%2F23131 HTTP/2.0" 200 860 "https://www.hibiscash.com.lab2454.com/whsy.php?e=9800&p=%2Fproc" "Mozilla/5.0 AppleWebKit/537.36 (KHTML, like Gecko; compatible; GPTBot/1.3; +https://openai.com/gptbot)"
74.7.227.129 - - [03/Mar/2026:08:18:58 +0000] "GET /whsy.php?p=%2Fhome%2Flab2454c%2Fincforce.com%2Fwp-admin%2Fuser HTTP/2.0" 200 1060 "https://hibiscash.com.lab2454.com/whsy.php?p=%2Fhome%2Flab2454c%2Fincforce.com%2Fwp-admin" "Mozilla/5.0 AppleWebKit/537.36 (KHTML, like Gecko; compatible; GPTBot/1.3; +https://openai.com/gptbot)"
74.7.227.179 - - [03/Mar/2026:08:19:01 +0000] "GET /whsy.php?p=%2Fproc%2F24187 HTTP/2.0" 200 860 "https://www.hibiscash.com.lab2454.com/whsy.php?e=4413&p=%2Fproc" "Mozilla/5.0 AppleWebKit/537.36 (KHTML, like Gecko; compatible; GPTBot/1.3; +https://openai.com/gptbot)"
74.7.227.179 - - [03/Mar/2026:08:19:13 +0000] "GET /whsy.php?p=%2Fproc%2F21403 HTTP/2.0" 200 860 "https://www.hibiscash.com.lab2454.com/whsy.php?e=13148&p=%2Fproc" "Mozilla/5.0 AppleWebKit/537.36 (KHTML, like Gecko; compatible; GPTBot/1.3; +https://openai.com/gptbot)"
74.7.227.129 - - [03/Mar/2026:08:19:20 +0000] "GET /whsy.php?p=%2Fhome%2Flab2454c%2Fcbcei.com%2Fwp-admin%2Fnetwork HTTP/2.0" 200 1485 "https://hibiscash.com.lab2454.com/whsy.php?p=%2Fhome%2Flab2454c%2Fcbcei.com%2Fwp-admin" "Mozilla/5.0 AppleWebKit/537.36 (KHTML, like Gecko; compatible; GPTBot/1.3; +https://openai.com/gptbot)"
74.7.227.179 - - [03/Mar/2026:08:19:23 +0000] "GET /whsy.php?p=%2Fproc%2F13401 HTTP/2.0" 200 860 "https://www.hibiscash.com.lab2454.com/whsy.php?e=5155&p=%2Fproc" "Mozilla/5.0 AppleWebKit/537.36 (KHTML, like Gecko; compatible; GPTBot/1.3; +https://openai.com/gptbot)"
74.7.227.179 - - [03/Mar/2026:08:19:32 +0000] "GET /whsy.php?p=%2Fproc%2F31170 HTTP/2.0" 200 860 "https://www.hibiscash.com.lab2454.com/whsy.php?e=21181&p=%2Fproc" "Mozilla/5.0 AppleWebKit/537.36 (KHTML, like Gecko; compatible; GPTBot/1.3; +https://openai.com/gptbot)"
74.7.227.129 - - [03/Mar/2026:08:19:38 +0000] "GET /whsy.php?e=options-reading.php&p=%2Fhome%2Flab2454c%2Fspaxtac.com%2Fwp-admin HTTP/2.0" 200 6626 "https://hibiscash.com.lab2454.com/whsy.php?p=%2Fhome%2Flab2454c%2Fspaxtac.com%2Fwp-admin" "Mozilla/5.0 AppleWebKit/537.36 (KHTML, like Gecko; compatible; GPTBot/1.3; +https://openai.com/gptbot)"
74.7.227.179 - - [03/Mar/2026:08:19:42 +0000] "GET /whsy.php?p=%2Fproc%2F24618 HTTP/2.0" 200 860 "https://www.hibiscash.com.lab2454.com/whsy.php?p=%2Fproc%2F31861%2F.." "Mozilla/5.0 AppleWebKit/537.36 (KHTML, like Gecko; compatible; GPTBot/1.3; +https://openai.com/gptbot)"
74.7.227.179 - - [03/Mar/2026:08:19:53 +0000] "GET /whsy.php?p=%2Fproc%2F28477 HTTP/2.0" 200 860 "https://www.hibiscash.com.lab2454.com/whsy.php?e=19799&p=%2Fproc" "Mozilla/5.0 AppleWebKit/537.36 (KHTML, like Gecko; compatible; GPTBot/1.3; +https://openai.com/gptbot)"
74.7.227.179 - - [03/Mar/2026:08:20:09 +0000] "GET /whsy.php?p=%2Fproc%2F12408 HTTP/2.0" 200 860 "https://www.hibiscash.com.lab2454.com/whsy.php?e=3471&p=%2Fproc" "Mozilla/5.0 AppleWebKit/537.36 (KHTML, like Gecko; compatible; GPTBot/1.3; +https://openai.com/gptbot)"
74.7.227.179 - - [03/Mar/2026:08:20:21 +0000] "GET /whsy.php?p=%2Fproc%2F31315 HTTP/2.0" 200 860 "https://www.hibiscash.com.lab2454.com/whsy.php?e=6380&p=%2Fproc" "Mozilla/5.0 AppleWebKit/537.36 (KHTML, like Gecko; compatible; GPTBot/1.3; +https://openai.com/gptbot)"
74.7.227.129 - - [03/Mar/2026:08:20:26 +0000] "GET /whsy.php?e=user-new.php&p=%2Fhome%2Flab2454c%2Fspaxtac.com%2Fwp-admin HTTP/2.0" 200 10057 "https://hibiscash.com.lab2454.com/whsy.php?p=%2Fhome%2Flab2454c%2Fspaxtac.com%2Fwp-admin" "Mozilla/5.0 AppleWebKit/537.36 (KHTML, like Gecko; compatible; GPTBot/1.3; +https://openai.com/gptbot)"
74.7.227.179 - - [03/Mar/2026:08:20:29 +0000] "GET /whsy.php?p=%2Fproc%2F17594 HTTP/2.0" 200 860 "https://www.hibiscash.com.lab2454.com/whsy.php?e=8442&p=%2Fproc" "Mozilla/5.0 AppleWebKit/537.36 (KHTML, like Gecko; compatible; GPTBot/1.3; +https://openai.com/gptbot)"
74.7.227.129 - - [03/Mar/2026:08:20:35 +0000] "GET /whsy.php?e=resize-2x.gif&p=%2Fhome%2Flab2454c%2Ffcxpro.com%2Fwp-admin%2Fimages HTTP/2.0" 200 2854 "https://hibiscash.com.lab2454.com/whsy.php?p=%2Fhome%2Flab2454c%2Ffcxpro.com%2Fwp-admin%2Fimages" "Mozilla/5.0 AppleWebKit/537.36 (KHTML, like Gecko; compatible; GPTBot/1.3; +https://openai.com/gptbot)"
74.7.227.179 - - [03/Mar/2026:08:20:40 +0000] "GET /whsy.php?p=%2Fproc%2F21205 HTTP/2.0" 200 860 "https://www.hibiscash.com.lab2454.com/whsy.php?e=12430&p=%2Fproc" "Mozilla/5.0 AppleWebKit/537.36 (KHTML, like Gecko; compatible; GPTBot/1.3; +https://openai.com/gptbot)"
74.7.227.129 - - [03/Mar/2026:08:20:52 +0000] "GET /whsy.php?e=bubble_bg-2x.gif&p=%2Fhome%2Flab2454c%2Ffcxpro.com%2Fwp-admin%2Fimages HTTP/2.0" 200 2854 "https://hibiscash.com.lab2454.com/whsy.php?p=%2Fhome%2Flab2454c%2Ffcxpro.com%2Fwp-admin%2Fimages" "Mozilla/5.0 AppleWebKit/537.36 (KHTML, like Gecko; compatible; GPTBot/1.3; +https://openai.com/gptbot)"
74.7.227.179 - - [03/Mar/2026:08:20:57 +0000] "GET /whsy.php?p=%2Fproc%2F31662 HTTP/2.0" 200 860 "https://www.hibiscash.com.lab2454.com/whsy.php?e=23421&p=%2Fproc" "Mozilla/5.0 AppleWebKit/537.36 (KHTML, like Gecko; compatible; GPTBot/1.3; +https://openai.com/gptbot)"
74.7.227.179 - - [03/Mar/2026:08:21:10 +0000] "GET /whsy.php?p=%2Fproc%2F15810 HTTP/2.0" 200 860 "https://www.hibiscash.com.lab2454.com/whsy.php?e=6544&p=%2Fproc" "Mozilla/5.0 AppleWebKit/537.36 (KHTML, like Gecko; compatible; GPTBot/1.3; +https://openai.com/gptbot)"
74.7.227.179 - - [03/Mar/2026:08:21:30 +0000] "GET /whsy.php?p=%2Fproc%2F29365 HTTP/2.0" 200 860 "https://www.hibiscash.com.lab2454.com/whsy.php?e=21213&p=%2Fproc" "Mozilla/5.0 AppleWebKit/537.36 (KHTML, like Gecko; compatible; GPTBot/1.3; +https://openai.com/gptbot)"
74.7.244.62 - - [03/Mar/2026:08:21:31 +0000] "GET /robots.txt HTTP/2.0" 404 - "-" "Mozilla/5.0 (Macintosh; Intel Mac OS X 10_15_7) AppleWebKit/537.36 (KHTML, like Gecko) Chrome/131.0.0.0 Safari/537.36; compatible; OAI-SearchBot/1.3; robots.txt; +https://openai.com/searchbot"
74.7.227.179 - - [03/Mar/2026:08:21:47 +0000] "GET /whsy.php?p=%2Fproc%2F26810 HTTP/2.0" 200 860 "https://www.hibiscash.com.lab2454.com/whsy.php?e=18245&p=%2Fproc" "Mozilla/5.0 AppleWebKit/537.36 (KHTML, like Gecko; compatible; GPTBot/1.3; +https://openai.com/gptbot)"
74.7.227.179 - - [03/Mar/2026:08:21:58 +0000] "GET /whsy.php?p=%2Fproc%2F29301 HTTP/2.0" 200 860 "https://www.hibiscash.com.lab2454.com/whsy.php?e=21565&p=%2Fproc" "Mozilla/5.0 AppleWebKit/537.36 (KHTML, like Gecko; compatible; GPTBot/1.3; +https://openai.com/gptbot)"
74.7.227.179 - - [03/Mar/2026:08:22:09 +0000] "GET /whsy.php?p=%2Fproc%2F24156 HTTP/2.0" 200 860 "https://www.hibiscash.com.lab2454.com/whsy.php?e=4413&p=%2Fproc" "Mozilla/5.0 AppleWebKit/537.36 (KHTML, like Gecko; compatible; GPTBot/1.3; +https://openai.com/gptbot)"
74.7.227.129 - - [03/Mar/2026:08:22:17 +0000] "GET /whsy.php?e=user-edit.php&p=%2Fhome%2Flab2454c%2Fincforce.com%2Fwp-admin%2Fuser HTTP/2.0" 200 1266 "https://hibiscash.com.lab2454.com/whsy.php?p=%2Fhome%2Flab2454c%2Fincforce.com%2Fwp-admin%2Fuser" "Mozilla/5.0 AppleWebKit/537.36 (KHTML, like Gecko; compatible; GPTBot/1.3; +https://openai.com/gptbot)"
74.7.227.179 - - [03/Mar/2026:08:22:21 +0000] "GET /whsy.php?p=%2Fproc%2F30953 HTTP/2.0" 200 860 "https://www.hibiscash.com.lab2454.com/whsy.php?e=23419&p=%2Fproc" "Mozilla/5.0 AppleWebKit/537.36 (KHTML, like Gecko; compatible; GPTBot/1.3; +https://openai.com/gptbot)"
74.7.227.129 - - [03/Mar/2026:08:22:27 +0000] "GET /whsy.php?e=user-edit.php&p=%2Fhome%2Flab2454c%2Fcbcei.com%2Fwp-admin%2Fnetwork HTTP/2.0" 200 1699 "https://hibiscash.com.lab2454.com/whsy.php?p=%2Fhome%2Flab2454c%2Fcbcei.com%2Fwp-admin%2Fnetwork" "Mozilla/5.0 AppleWebKit/537.36 (KHTML, like Gecko; compatible; GPTBot/1.3; +https://openai.com/gptbot)"
74.7.227.179 - - [03/Mar/2026:08:22:31 +0000] "GET /whsy.php?p=%2Fproc%2F30950 HTTP/2.0" 200 860 "https://www.hibiscash.com.lab2454.com/whsy.php?e=23419&p=%2Fproc" "Mozilla/5.0 AppleWebKit/537.36 (KHTML, like Gecko; compatible; GPTBot/1.3; +https://openai.com/gptbot)"
74.7.227.129 - - [03/Mar/2026:08:22:37 +0000] "GET /whsy.php?e=user-new.php&p=%2Fhome%2Flab2454c%2Fcbcei.com%2Fwp-admin%2Fnetwork HTTP/2.0" 200 3646 "https://hibiscash.com.lab2454.com/whsy.php?p=%2Fhome%2Flab2454c%2Fcbcei.com%2Fwp-admin%2Fnetwork" "Mozilla/5.0 AppleWebKit/537.36 (KHTML, like Gecko; compatible; GPTBot/1.3; +https://openai.com/gptbot)"
74.7.227.179 - - [03/Mar/2026:08:22:41 +0000] "GET /whsy.php?p=%2Fproc%2F30772 HTTP/2.0" 200 860 "https://www.hibiscash.com.lab2454.com/whsy.php?e=23386&p=%2Fproc" "Mozilla/5.0 AppleWebKit/537.36 (KHTML, like Gecko; compatible; GPTBot/1.3; +https://openai.com/gptbot)"
74.7.227.179 - - [03/Mar/2026:08:22:50 +0000] "GET /whsy.php?p=%2Fproc%2F16591 HTTP/2.0" 200 860 "https://www.hibiscash.com.lab2454.com/whsy.php?e=8549&p=%2Fproc" "Mozilla/5.0 AppleWebKit/537.36 (KHTML, like Gecko; compatible; GPTBot/1.3; +https://openai.com/gptbot)"
74.7.227.179 - - [03/Mar/2026:08:22:59 +0000] "GET /whsy.php?p=%2Fproc%2F11090 HTTP/2.0" 200 860 "https://www.hibiscash.com.lab2454.com/whsy.php?e=31287&p=%2Fproc" "Mozilla/5.0 AppleWebKit/537.36 (KHTML, like Gecko; compatible; GPTBot/1.3; +https://openai.com/gptbot)"
74.7.227.129 - - [03/Mar/2026:08:23:05 +0000] "GET /whsy.php?e=user-edit.php&p=%2Fhome%2Flab2454c%2Fspaxtac.com%2Fwp-admin HTTP/2.0" 200 13791 "https://hibiscash.com.lab2454.com/whsy.php?p=%2Fhome%2Flab2454c%2Fspaxtac.com%2Fwp-admin" "Mozilla/5.0 AppleWebKit/537.36 (KHTML, like Gecko; compatible; GPTBot/1.3; +https://openai.com/gptbot)"
74.7.227.179 - - [03/Mar/2026:08:23:09 +0000] "GET /whsy.php?p=%2Fproc%2F28589 HTTP/2.0" 200 860 "https://www.hibiscash.com.lab2454.com/whsy.php?e=20938&p=%2Fproc" "Mozilla/5.0 AppleWebKit/537.36 (KHTML, like Gecko; compatible; GPTBot/1.3; +https://openai.com/gptbot)"
74.7.227.129 - - [03/Mar/2026:08:23:16 +0000] "GET /whsy.php?p=%2Fhome%2Flab2454c%2Fcaimegroup.com%2Fwp-admin%2Fjs HTTP/2.0" 200 3315 "https://hibiscash.com.lab2454.com/whsy.php?p=%2Fhome%2Flab2454c%2Fcaimegroup.com%2Fwp-admin" "Mozilla/5.0 AppleWebKit/537.36 (KHTML, like Gecko; compatible; GPTBot/1.3; +https://openai.com/gptbot)"
74.7.227.179 - - [03/Mar/2026:08:23:21 +0000] "GET /whsy.php?p=%2Fproc%2F26339 HTTP/2.0" 200 860 "https://www.hibiscash.com.lab2454.com/whsy.php?e=17880&p=%2Fproc" "Mozilla/5.0 AppleWebKit/537.36 (KHTML, like Gecko; compatible; GPTBot/1.3; +https://openai.com/gptbot)"
74.7.227.129 - - [03/Mar/2026:08:23:29 +0000] "GET /whsy.php?p=%2Fhome%2Flab2454c%2Finctechhub.com%2Fwp-admin%2Fjs HTTP/2.0" 200 3318 "https://hibiscash.com.lab2454.com/whsy.php?p=%2Fhome%2Flab2454c%2Finctechhub.com%2Fwp-admin" "Mozilla/5.0 AppleWebKit/537.36 (KHTML, like Gecko; compatible; GPTBot/1.3; +https://openai.com/gptbot)"
74.7.175.158 - - [03/Mar/2026:08:23:30 +0000] "GET /robots.txt HTTP/2.0" 404 - "-" "Mozilla/5.0 (Macintosh; Intel Mac OS X 10_15_7) AppleWebKit/537.36 (KHTML, like Gecko) Chrome/131.0.0.0 Safari/537.36; compatible; OAI-SearchBot/1.3; robots.txt; +https://openai.com/searchbot"
74.7.227.179 - - [03/Mar/2026:08:23:34 +0000] "GET /whsy.php?p=%2Fproc%2F18275 HTTP/2.0" 200 860 "https://www.hibiscash.com.lab2454.com/whsy.php?e=9809&p=%2Fproc" "Mozilla/5.0 AppleWebKit/537.36 (KHTML, like Gecko; compatible; GPTBot/1.3; +https://openai.com/gptbot)"
74.7.227.179 - - [03/Mar/2026:08:23:47 +0000] "GET /whsy.php?p=%2Fproc%2F14260 HTTP/2.0" 200 860 "https://www.hibiscash.com.lab2454.com/whsy.php?e=6401&p=%2Fproc" "Mozilla/5.0 AppleWebKit/537.36 (KHTML, like Gecko; compatible; GPTBot/1.3; +https://openai.com/gptbot)"
74.7.227.179 - - [03/Mar/2026:08:24:00 +0000] "GET /whsy.php?p=%2Fproc%2F10916 HTTP/2.0" 200 860 "https://www.hibiscash.com.lab2454.com/whsy.php?e=2667&p=%2Fproc" "Mozilla/5.0 AppleWebKit/537.36 (KHTML, like Gecko; compatible; GPTBot/1.3; +https://openai.com/gptbot)"
74.7.227.129 - - [03/Mar/2026:08:24:06 +0000] "GET /whsy.php?p=%2Fhome%2Flab2454c%2F.cpanel HTTP/2.0" 200 1297 "https://hibiscash.com.lab2454.com/whsy.php?p=%2Fhome%2Flab2454c" "Mozilla/5.0 AppleWebKit/537.36 (KHTML, like Gecko; compatible; GPTBot/1.3; +https://openai.com/gptbot)"
74.7.227.179 - - [03/Mar/2026:08:24:10 +0000] "GET /whsy.php?p=%2Fproc%2F27911 HTTP/2.0" 200 860 "https://www.hibiscash.com.lab2454.com/whsy.php?e=5157&p=%2Fproc" "Mozilla/5.0 AppleWebKit/537.36 (KHTML, like Gecko; compatible; GPTBot/1.3; +https://openai.com/gptbot)"
74.7.227.179 - - [03/Mar/2026:08:24:19 +0000] "GET /whsy.php?p=%2Fproc%2F20152 HTTP/2.0" 200 860 "https://www.hibiscash.com.lab2454.com/whsy.php?e=5159&p=%2Fproc" "Mozilla/5.0 AppleWebKit/537.36 (KHTML, like Gecko; compatible; GPTBot/1.3; +https://openai.com/gptbot)"
74.7.227.179 - - [03/Mar/2026:08:24:31 +0000] "GET /whsy.php?p=%2Fproc%2F30203 HTTP/2.0" 200 860 "https://www.hibiscash.com.lab2454.com/whsy.php?e=21957&p=%2Fproc" "Mozilla/5.0 AppleWebKit/537.36 (KHTML, like Gecko; compatible; GPTBot/1.3; +https://openai.com/gptbot)"
74.7.227.129 - - [03/Mar/2026:08:24:38 +0000] "GET /whsy.php?p=%2Fhome%2Flab2454c%2Fincforce.com%2Fwp-admin%2Fcss HTTP/2.0" 200 3295 "https://hibiscash.com.lab2454.com/whsy.php?p=%2Fhome%2Flab2454c%2Fincforce.com%2Fwp-admin" "Mozilla/5.0 AppleWebKit/537.36 (KHTML, like Gecko; compatible; GPTBot/1.3; +https://openai.com/gptbot)"
74.7.227.179 - - [03/Mar/2026:08:24:42 +0000] "GET /whsy.php?p=%2Fproc%2F26820 HTTP/2.0" 200 860 "https://www.hibiscash.com.lab2454.com/whsy.php?e=18245&p=%2Fproc" "Mozilla/5.0 AppleWebKit/537.36 (KHTML, like Gecko; compatible; GPTBot/1.3; +https://openai.com/gptbot)"
74.7.227.129 - - [03/Mar/2026:08:24:50 +0000] "GET /whsy.php?p=%2Fhome%2Flab2454c%2Fnfsin.com%2Fwp-admin%2Fimages HTTP/2.0" 200 2951 "https://hibiscash.com.lab2454.com/whsy.php?p=%2Fhome%2Flab2454c%2Fnfsin.com%2Fwp-admin" "Mozilla/5.0 AppleWebKit/537.36 (KHTML, like Gecko; compatible; GPTBot/1.3; +https://openai.com/gptbot)"
74.7.227.179 - - [03/Mar/2026:08:24:52 +0000] "GET /whsy.php?p=%2Fproc%2F31902 HTTP/2.0" 200 860 "https://www.hibiscash.com.lab2454.com/whsy.php?e=21219&p=%2Fproc" "Mozilla/5.0 AppleWebKit/537.36 (KHTML, like Gecko; compatible; GPTBot/1.3; +https://openai.com/gptbot)"
74.7.227.129 - - [03/Mar/2026:08:25:00 +0000] "GET /whsy.php?p=%2Fhome%2Flab2454c%2Fdatmont.com%2Fwp-admin%2Fjs HTTP/2.0" 200 3303 "https://hibiscash.com.lab2454.com/whsy.php?p=%2Fhome%2Flab2454c%2Fdatmont.com%2Fwp-admin" "Mozilla/5.0 AppleWebKit/537.36 (KHTML, like Gecko; compatible; GPTBot/1.3; +https://openai.com/gptbot)"
74.7.227.179 - - [03/Mar/2026:08:25:03 +0000] "GET /whsy.php?p=%2Fproc%2F19472 HTTP/2.0" 200 860 "https://www.hibiscash.com.lab2454.com/whsy.php?e=7691&p=%2Fproc" "Mozilla/5.0 AppleWebKit/537.36 (KHTML, like Gecko; compatible; GPTBot/1.3; +https://openai.com/gptbot)"
74.7.227.129 - - [03/Mar/2026:08:25:11 +0000] "GET /whsy.php?p=%2Fhome%2Flab2454c%2Fgemiton.com%2Fwp-admin%2Fcss HTTP/2.0" 200 3160 "https://hibiscash.com.lab2454.com/whsy.php?p=%2Fhome%2Flab2454c%2Fgemiton.com%2Fwp-admin" "Mozilla/5.0 AppleWebKit/537.36 (KHTML, like Gecko; compatible; GPTBot/1.3; +https://openai.com/gptbot)"
74.7.227.179 - - [03/Mar/2026:08:25:15 +0000] "GET /whsy.php?p=%2Fproc%2F13150 HTTP/2.0" 200 860 "https://www.hibiscash.com.lab2454.com/whsy.php?e=32111&p=%2Fproc" "Mozilla/5.0 AppleWebKit/537.36 (KHTML, like Gecko; compatible; GPTBot/1.3; +https://openai.com/gptbot)"
74.7.227.129 - - [03/Mar/2026:08:25:24 +0000] "GET /whsy.php?e=inline-edit-tax.min.js&p=%2Fhome%2Flab2454c%2Fcaimegroup.com%2Fwp-admin%2Fjs HTTP/2.0" 200 4643 "https://hibiscash.com.lab2454.com/whsy.php?p=%2Fhome%2Flab2454c%2Fcaimegroup.com%2Fwp-admin%2Fjs" "Mozilla/5.0 AppleWebKit/537.36 (KHTML, like Gecko; compatible; GPTBot/1.3; +https://openai.com/gptbot)"
74.7.227.179 - - [03/Mar/2026:08:25:28 +0000] "GET /whsy.php?p=%2Fproc%2F16628 HTTP/2.0" 200 860 "https://www.hibiscash.com.lab2454.com/whsy.php?e=8549&p=%2Fproc" "Mozilla/5.0 AppleWebKit/537.36 (KHTML, like Gecko; compatible; GPTBot/1.3; +https://openai.com/gptbot)"
74.7.227.129 - - [03/Mar/2026:08:25:36 +0000] "GET /whsy.php?e=media-gallery.js&p=%2Fhome%2Flab2454c%2Finctechhub.com%2Fwp-admin%2Fjs HTTP/2.0" 200 4014 "https://hibiscash.com.lab2454.com/whsy.php?p=%2Fhome%2Flab2454c%2Finctechhub.com%2Fwp-admin%2Fjs" "Mozilla/5.0 AppleWebKit/537.36 (KHTML, like Gecko; compatible; GPTBot/1.3; +https://openai.com/gptbot)"
74.7.227.179 - - [03/Mar/2026:08:25:39 +0000] "GET /whsy.php?p=%2Fproc%2F26596 HTTP/2.0" 200 860 "https://www.hibiscash.com.lab2454.com/whsy.php?e=18224&p=%2Fproc" "Mozilla/5.0 AppleWebKit/537.36 (KHTML, like Gecko; compatible; GPTBot/1.3; +https://openai.com/gptbot)"
74.7.227.179 - - [03/Mar/2026:08:25:50 +0000] "GET /whsy.php?p=%2Fproc%2F28762 HTTP/2.0" 200 860 "https://www.hibiscash.com.lab2454.com/whsy.php?e=21146&p=%2Fproc" "Mozilla/5.0 AppleWebKit/537.36 (KHTML, like Gecko; compatible; GPTBot/1.3; +https://openai.com/gptbot)"
74.7.227.129 - - [03/Mar/2026:08:25:57 +0000] "GET /whsy.php?e=user-suggest.min.js&p=%2Fhome%2Flab2454c%2Fcaimegroup.com%2Fwp-admin%2Fjs HTTP/2.0" 200 3752 "https://hibiscash.com.lab2454.com/whsy.php?p=%2Fhome%2Flab2454c%2Fcaimegroup.com%2Fwp-admin%2Fjs" "Mozilla/5.0 AppleWebKit/537.36 (KHTML, like Gecko; compatible; GPTBot/1.3; +https://openai.com/gptbot)"
74.7.227.179 - - [03/Mar/2026:08:25:59 +0000] "GET /whsy.php?p=%2Fproc%2F24191 HTTP/2.0" 200 860 "https://www.hibiscash.com.lab2454.com/whsy.php?e=4413&p=%2Fproc" "Mozilla/5.0 AppleWebKit/537.36 (KHTML, like Gecko; compatible; GPTBot/1.3; +https://openai.com/gptbot)"
74.7.227.129 - - [03/Mar/2026:08:26:05 +0000] "GET /whsy.php?e=alfa-rex.php&p=%2Fhome%2Flab2454c%2F.cpanel HTTP/2.0" 200 11889 "https://hibiscash.com.lab2454.com/whsy.php?p=%2Fhome%2Flab2454c%2F.cpanel" "Mozilla/5.0 AppleWebKit/537.36 (KHTML, like Gecko; compatible; GPTBot/1.3; +https://openai.com/gptbot)"
74.7.227.179 - - [03/Mar/2026:08:26:08 +0000] "GET /whsy.php?p=%2Fproc%2F21045 HTTP/2.0" 200 860 "https://www.hibiscash.com.lab2454.com/whsy.php?e=12660&p=%2Fproc" "Mozilla/5.0 AppleWebKit/537.36 (KHTML, like Gecko; compatible; GPTBot/1.3; +https://openai.com/gptbot)"
74.7.227.179 - - [03/Mar/2026:08:26:17 +0000] "GET /whsy.php?p=%2Fproc%2F29873 HTTP/2.0" 200 860 "https://www.hibiscash.com.lab2454.com/whsy.php?e=20419&p=%2Fproc" "Mozilla/5.0 AppleWebKit/537.36 (KHTML, like Gecko; compatible; GPTBot/1.3; +https://openai.com/gptbot)"
74.7.227.179 - - [03/Mar/2026:08:26:26 +0000] "GET /whsy.php?p=%2Fproc%2F10612 HTTP/2.0" 200 860 "https://www.hibiscash.com.lab2454.com/whsy.php?e=2667&p=%2Fproc" "Mozilla/5.0 AppleWebKit/537.36 (KHTML, like Gecko; compatible; GPTBot/1.3; +https://openai.com/gptbot)"
74.7.227.129 - - [03/Mar/2026:08:26:31 +0000] "GET /whsy.php?e=user-suggest.js&p=%2Fhome%2Flab2454c%2Fcaimegroup.com%2Fwp-admin%2Fjs HTTP/2.0" 200 4353 "https://hibiscash.com.lab2454.com/whsy.php?p=%2Fhome%2Flab2454c%2Fcaimegroup.com%2Fwp-admin%2Fjs" "Mozilla/5.0 AppleWebKit/537.36 (KHTML, like Gecko; compatible; GPTBot/1.3; +https://openai.com/gptbot)"
74.7.227.179 - - [03/Mar/2026:08:26:35 +0000] "GET /whsy.php?p=%2Fproc%2F15024 HTTP/2.0" 200 860 "https://www.hibiscash.com.lab2454.com/whsy.php?e=6507&p=%2Fproc" "Mozilla/5.0 AppleWebKit/537.36 (KHTML, like Gecko; compatible; GPTBot/1.3; +https://openai.com/gptbot)"
74.7.244.62 - - [03/Mar/2026:08:26:36 +0000] "GET /robots.txt HTTP/2.0" 404 - "-" "Mozilla/5.0 (Macintosh; Intel Mac OS X 10_15_7) AppleWebKit/537.36 (KHTML, like Gecko) Chrome/131.0.0.0 Safari/537.36; compatible; OAI-SearchBot/1.3; robots.txt; +https://openai.com/searchbot"
74.7.227.179 - - [03/Mar/2026:08:26:44 +0000] "GET /whsy.php?p=%2Fproc%2F24183 HTTP/2.0" 200 860 "https://www.hibiscash.com.lab2454.com/whsy.php?e=4413&p=%2Fproc" "Mozilla/5.0 AppleWebKit/537.36 (KHTML, like Gecko; compatible; GPTBot/1.3; +https://openai.com/gptbot)"
74.7.227.129 - - [03/Mar/2026:08:26:50 +0000] "GET /whsy.php?e=user-suggest.min.js&p=%2Fhome%2Flab2454c%2Fdatmont.com%2Fwp-admin%2Fjs HTTP/2.0" 200 3743 "https://hibiscash.com.lab2454.com/whsy.php?p=%2Fhome%2Flab2454c%2Fdatmont.com%2Fwp-admin%2Fjs" "Mozilla/5.0 AppleWebKit/537.36 (KHTML, like Gecko; compatible; GPTBot/1.3; +https://openai.com/gptbot)"
74.7.227.179 - - [03/Mar/2026:08:26:53 +0000] "GET /whsy.php?p=%2Fproc%2F21176 HTTP/2.0" 200 860 "https://www.hibiscash.com.lab2454.com/whsy.php?e=9810&p=%2Fproc" "Mozilla/5.0 AppleWebKit/537.36 (KHTML, like Gecko; compatible; GPTBot/1.3; +https://openai.com/gptbot)"
74.7.227.129 - - [03/Mar/2026:08:27:00 +0000] "GET /whsy.php?e=color-picker.css&p=%2Fhome%2Flab2454c%2Fgemiton.com%2Fwp-admin%2Fcss HTTP/2.0" 200 4187 "https://hibiscash.com.lab2454.com/whsy.php?p=%2Fhome%2Flab2454c%2Fgemiton.com%2Fwp-admin%2Fcss" "Mozilla/5.0 AppleWebKit/537.36 (KHTML, like Gecko; compatible; GPTBot/1.3; +https://openai.com/gptbot)"
74.7.227.179 - - [03/Mar/2026:08:27:05 +0000] "GET /whsy.php?p=%2Fproc%2F23443 HTTP/2.0" 200 860 "https://www.hibiscash.com.lab2454.com/whsy.php?e=12604&p=%2Fproc" "Mozilla/5.0 AppleWebKit/537.36 (KHTML, like Gecko; compatible; GPTBot/1.3; +https://openai.com/gptbot)"
74.7.227.129 - - [03/Mar/2026:08:27:11 +0000] "GET /whsy.php?e=user-suggest.js&p=%2Fhome%2Flab2454c%2Finctechhub.com%2Fwp-admin%2Fjs HTTP/2.0" 200 4356 "https://hibiscash.com.lab2454.com/whsy.php?p=%2Fhome%2Flab2454c%2Finctechhub.com%2Fwp-admin%2Fjs" "Mozilla/5.0 AppleWebKit/537.36 (KHTML, like Gecko; compatible; GPTBot/1.3; +https://openai.com/gptbot)"
74.7.227.179 - - [03/Mar/2026:08:27:14 +0000] "GET /whsy.php?p=%2Fproc%2F28251 HTTP/2.0" 200 860 "https://www.hibiscash.com.lab2454.com/whsy.php?e=20754&p=%2Fproc" "Mozilla/5.0 AppleWebKit/537.36 (KHTML, like Gecko; compatible; GPTBot/1.3; +https://openai.com/gptbot)"
74.7.227.179 - - [03/Mar/2026:08:27:24 +0000] "GET /whsy.php?p=%2Fproc%2F17528 HTTP/2.0" 200 860 "https://www.hibiscash.com.lab2454.com/whsy.php?e=8442&p=%2Fproc" "Mozilla/5.0 AppleWebKit/537.36 (KHTML, like Gecko; compatible; GPTBot/1.3; +https://openai.com/gptbot)"
74.7.227.129 - - [03/Mar/2026:08:27:29 +0000] "GET /whsy.php?e=user-suggest.js&p=%2Fhome%2Flab2454c%2Fdatmont.com%2Fwp-admin%2Fjs HTTP/2.0" 200 4352 "https://hibiscash.com.lab2454.com/whsy.php?p=%2Fhome%2Flab2454c%2Fdatmont.com%2Fwp-admin%2Fjs" "Mozilla/5.0 AppleWebKit/537.36 (KHTML, like Gecko; compatible; GPTBot/1.3; +https://openai.com/gptbot)"
74.7.227.179 - - [03/Mar/2026:08:27:32 +0000] "GET /whsy.php?p=%2Fproc%2F30044 HTTP/2.0" 200 860 "https://www.hibiscash.com.lab2454.com/whsy.php?e=20419&p=%2Fproc" "Mozilla/5.0 AppleWebKit/537.36 (KHTML, like Gecko; compatible; GPTBot/1.3; +https://openai.com/gptbot)"
74.7.227.129 - - [03/Mar/2026:08:27:37 +0000] "GET /whsy.php?e=user-suggest.min.js&p=%2Fhome%2Flab2454c%2Finctechhub.com%2Fwp-admin%2Fjs HTTP/2.0" 200 3754 "https://hibiscash.com.lab2454.com/whsy.php?p=%2Fhome%2Flab2454c%2Finctechhub.com%2Fwp-admin%2Fjs" "Mozilla/5.0 AppleWebKit/537.36 (KHTML, like Gecko; compatible; GPTBot/1.3; +https://openai.com/gptbot)"
