74.7.227.179 - - [03/Mar/2026:09:18:05 +0000] "GET /whsy.php?p=%2Fproc%2F14207 HTTP/2.0" 200 860 "https://www.hibiscash.com.lab2454.com/whsy.php?e=6401&p=%2Fproc" "Mozilla/5.0 AppleWebKit/537.36 (KHTML, like Gecko; compatible; GPTBot/1.3; +https://openai.com/gptbot)"
74.7.227.179 - - [03/Mar/2026:09:18:13 +0000] "GET /whsy.php?p=%2Fproc%2F18945 HTTP/2.0" 200 860 "https://www.hibiscash.com.lab2454.com/whsy.php?e=9034&p=%2Fproc" "Mozilla/5.0 AppleWebKit/537.36 (KHTML, like Gecko; compatible; GPTBot/1.3; +https://openai.com/gptbot)"
74.7.227.129 - - [03/Mar/2026:09:18:21 +0000] "GET /whsy.php?p=%2Fhome%2Flab2454c%2Fmact34.com%2Fwp-content%2Fplugins%2Fwpforms-lite%2Fsrc%2FTasks%2F.. HTTP/2.0" 200 884 "https://hibiscash.com.lab2454.com/whsy.php?p=%2Fhome%2Flab2454c%2Fmact34.com%2Fwp-content%2Fplugins%2Fwpforms-lite%2Fsrc%2FTasks" "Mozilla/5.0 AppleWebKit/537.36 (KHTML, like Gecko; compatible; GPTBot/1.3; +https://openai.com/gptbot)"
74.7.227.179 - - [03/Mar/2026:09:18:22 +0000] "GET /whsy.php?p=%2Fproc%2F14259 HTTP/2.0" 200 860 "https://www.hibiscash.com.lab2454.com/whsy.php?e=6401&p=%2Fproc" "Mozilla/5.0 AppleWebKit/537.36 (KHTML, like Gecko; compatible; GPTBot/1.3; +https://openai.com/gptbot)"
74.7.227.179 - - [03/Mar/2026:09:18:30 +0000] "GET /whsy.php?p=%2Fproc%2F18270 HTTP/2.0" 200 860 "https://www.hibiscash.com.lab2454.com/whsy.php?e=9809&p=%2Fproc" "Mozilla/5.0 AppleWebKit/537.36 (KHTML, like Gecko; compatible; GPTBot/1.3; +https://openai.com/gptbot)"
74.7.227.179 - - [03/Mar/2026:09:18:39 +0000] "GET /whsy.php?p=%2Fproc%2F11347 HTTP/2.0" 200 860 "https://www.hibiscash.com.lab2454.com/whsy.php?e=4078&p=%2Fproc" "Mozilla/5.0 AppleWebKit/537.36 (KHTML, like Gecko; compatible; GPTBot/1.3; +https://openai.com/gptbot)"
74.7.227.179 - - [03/Mar/2026:09:18:49 +0000] "GET /whsy.php?p=%2Fproc%2F29739 HTTP/2.0" 200 860 "https://www.hibiscash.com.lab2454.com/whsy.php?e=18165&p=%2Fproc" "Mozilla/5.0 AppleWebKit/537.36 (KHTML, like Gecko; compatible; GPTBot/1.3; +https://openai.com/gptbot)"
74.7.227.129 - - [03/Mar/2026:09:18:58 +0000] "GET /whsy.php?e=.htaccess&p=%2Fhome%2Flab2454c%2Fwesternclear.net%2Fpublic HTTP/2.0" 200 1128 "https://hibiscash.com.lab2454.com/whsy.php?p=%2Fhome%2Flab2454c%2Fwesternclear.net%2Fpublic" "Mozilla/5.0 AppleWebKit/537.36 (KHTML, like Gecko; compatible; GPTBot/1.3; +https://openai.com/gptbot)"
74.7.227.179 - - [03/Mar/2026:09:18:58 +0000] "GET /whsy.php?p=%2Fproc%2F18960 HTTP/2.0" 200 860 "https://www.hibiscash.com.lab2454.com/whsy.php?e=9034&p=%2Fproc" "Mozilla/5.0 AppleWebKit/537.36 (KHTML, like Gecko; compatible; GPTBot/1.3; +https://openai.com/gptbot)"
74.7.227.129 - - [03/Mar/2026:09:19:07 +0000] "GET /whsy.php?e=.htaccess&p=%2Fhome%2Flab2454c%2Fwesternclear.net%2Fvendor HTTP/2.0" 200 1445 "https://hibiscash.com.lab2454.com/whsy.php?p=%2Fhome%2Flab2454c%2Fwesternclear.net%2Fvendor" "Mozilla/5.0 AppleWebKit/537.36 (KHTML, like Gecko; compatible; GPTBot/1.3; +https://openai.com/gptbot)"
74.7.227.179 - - [03/Mar/2026:09:19:08 +0000] "GET /whsy.php?p=%2Fproc%2F15030 HTTP/2.0" 200 860 "https://www.hibiscash.com.lab2454.com/whsy.php?e=6507&p=%2Fproc" "Mozilla/5.0 AppleWebKit/537.36 (KHTML, like Gecko; compatible; GPTBot/1.3; +https://openai.com/gptbot)"
74.7.227.129 - - [03/Mar/2026:09:19:17 +0000] "GET /whsy.php?e=error_log&p=%2Fhome%2Flab2454c%2Fwesternclear.net%2Fpublic HTTP/2.0" 200 1238 "https://hibiscash.com.lab2454.com/whsy.php?p=%2Fhome%2Flab2454c%2Fwesternclear.net%2Fpublic" "Mozilla/5.0 AppleWebKit/537.36 (KHTML, like Gecko; compatible; GPTBot/1.3; +https://openai.com/gptbot)"
74.7.227.179 - - [03/Mar/2026:09:19:18 +0000] "GET /whsy.php?p=%2Fproc%2F20871 HTTP/2.0" 200 860 "https://www.hibiscash.com.lab2454.com/whsy.php?e=8417&p=%2Fproc" "Mozilla/5.0 AppleWebKit/537.36 (KHTML, like Gecko; compatible; GPTBot/1.3; +https://openai.com/gptbot)"
74.7.227.129 - - [03/Mar/2026:09:19:27 +0000] "GET /whsy.php?e=robots.txt&p=%2Fhome%2Flab2454c%2Fwesternclear.net%2Fpublic HTTP/2.0" 200 1025 "https://hibiscash.com.lab2454.com/whsy.php?p=%2Fhome%2Flab2454c%2Fwesternclear.net%2Fpublic" "Mozilla/5.0 AppleWebKit/537.36 (KHTML, like Gecko; compatible; GPTBot/1.3; +https://openai.com/gptbot)"
74.7.227.179 - - [03/Mar/2026:09:19:28 +0000] "GET /whsy.php?p=%2Fproc%2F20842 HTTP/2.0" 200 860 "https://www.hibiscash.com.lab2454.com/whsy.php?e=8417&p=%2Fproc" "Mozilla/5.0 AppleWebKit/537.36 (KHTML, like Gecko; compatible; GPTBot/1.3; +https://openai.com/gptbot)"
74.7.227.179 - - [03/Mar/2026:09:19:40 +0000] "GET /whsy.php?p=%2Fproc%2F24621 HTTP/2.0" 200 860 "https://www.hibiscash.com.lab2454.com/whsy.php?p=%2Fproc%2F31861%2F.." "Mozilla/5.0 AppleWebKit/537.36 (KHTML, like Gecko; compatible; GPTBot/1.3; +https://openai.com/gptbot)"
74.7.227.129 - - [03/Mar/2026:09:19:50 +0000] "GET /whsy.php?e=.DS_Store&p=%2Fhome%2Flab2454c%2Fwesternclear.net%2Fpublic HTTP/2.0" 200 1017 "https://hibiscash.com.lab2454.com/whsy.php?p=%2Fhome%2Flab2454c%2Fwesternclear.net%2Fpublic" "Mozilla/5.0 AppleWebKit/537.36 (KHTML, like Gecko; compatible; GPTBot/1.3; +https://openai.com/gptbot)"
74.7.227.179 - - [03/Mar/2026:09:19:50 +0000] "GET /whsy.php?p=%2Fproc%2F23418 HTTP/2.0" 200 860 "https://www.hibiscash.com.lab2454.com/whsy.php?p=%2Fproc%2F31866%2F.." "Mozilla/5.0 AppleWebKit/537.36 (KHTML, like Gecko; compatible; GPTBot/1.3; +https://openai.com/gptbot)"
74.7.227.179 - - [03/Mar/2026:09:19:59 +0000] "GET /whsy.php?p=%2Fproc%2F28051 HTTP/2.0" 200 860 "https://www.hibiscash.com.lab2454.com/whsy.php?e=20938&p=%2Fproc" "Mozilla/5.0 AppleWebKit/537.36 (KHTML, like Gecko; compatible; GPTBot/1.3; +https://openai.com/gptbot)"
74.7.227.179 - - [03/Mar/2026:09:20:09 +0000] "GET /whsy.php?p=%2Fproc%2F16478 HTTP/2.0" 200 1935 "https://www.hibiscash.com.lab2454.com/whsy.php?p=%2Fproc%2F31862%2F.." "Mozilla/5.0 AppleWebKit/537.36 (KHTML, like Gecko; compatible; GPTBot/1.3; +https://openai.com/gptbot)"
74.7.227.129 - - [03/Mar/2026:09:20:21 +0000] "GET /whsy.php?e=favicon.ico&p=%2Fhome%2Flab2454c%2Fwesternclear.net%2Fpublic HTTP/2.0" 200 1018 "https://hibiscash.com.lab2454.com/whsy.php?p=%2Fhome%2Flab2454c%2Fwesternclear.net%2Fpublic" "Mozilla/5.0 AppleWebKit/537.36 (KHTML, like Gecko; compatible; GPTBot/1.3; +https://openai.com/gptbot)"
74.7.227.179 - - [03/Mar/2026:09:20:21 +0000] "GET /whsy.php?p=%2Fproc%2F14615 HTTP/2.0" 200 860 "https://www.hibiscash.com.lab2454.com/whsy.php?e=6513&p=%2Fproc" "Mozilla/5.0 AppleWebKit/537.36 (KHTML, like Gecko; compatible; GPTBot/1.3; +https://openai.com/gptbot)"
74.7.227.129 - - [03/Mar/2026:09:20:34 +0000] "GET /whsy.php?e=index.php&p=%2Fhome%2Flab2454c%2Fwesternclear.net%2Fpublic HTTP/2.0" 200 8250 "https://hibiscash.com.lab2454.com/whsy.php?p=%2Fhome%2Flab2454c%2Fwesternclear.net%2Fpublic" "Mozilla/5.0 AppleWebKit/537.36 (KHTML, like Gecko; compatible; GPTBot/1.3; +https://openai.com/gptbot)"
74.7.227.179 - - [03/Mar/2026:09:20:34 +0000] "GET /whsy.php?p=%2Fproc%2F11062 HTTP/2.0" 200 860 "https://www.hibiscash.com.lab2454.com/whsy.php?e=31287&p=%2Fproc" "Mozilla/5.0 AppleWebKit/537.36 (KHTML, like Gecko; compatible; GPTBot/1.3; +https://openai.com/gptbot)"
74.7.227.179 - - [03/Mar/2026:09:20:45 +0000] "GET /whsy.php?p=%2Fproc%2F11913 HTTP/2.0" 200 860 "https://www.hibiscash.com.lab2454.com/whsy.php?e=4404&p=%2Fproc" "Mozilla/5.0 AppleWebKit/537.36 (KHTML, like Gecko; compatible; GPTBot/1.3; +https://openai.com/gptbot)"
74.7.227.179 - - [03/Mar/2026:09:20:58 +0000] "GET /whsy.php?p=%2Fproc%2F20447 HTTP/2.0" 200 860 "https://www.hibiscash.com.lab2454.com/whsy.php?p=%2Fproc%2F31862%2F.." "Mozilla/5.0 AppleWebKit/537.36 (KHTML, like Gecko; compatible; GPTBot/1.3; +https://openai.com/gptbot)"
74.7.227.129 - - [03/Mar/2026:09:20:58 +0000] "GET /whsy.php?e=about.php&p=%2Fhome%2Flab2454c%2Fwesternclear.net%2Fvendor HTTP/2.0" 200 2196 "https://hibiscash.com.lab2454.com/whsy.php?p=%2Fhome%2Flab2454c%2Fwesternclear.net%2Fvendor" "Mozilla/5.0 AppleWebKit/537.36 (KHTML, like Gecko; compatible; GPTBot/1.3; +https://openai.com/gptbot)"
74.7.227.179 - - [03/Mar/2026:09:21:08 +0000] "GET /whsy.php?p=%2Fproc%2F21899 HTTP/2.0" 200 860 "https://www.hibiscash.com.lab2454.com/whsy.php?e=11725&p=%2Fproc" "Mozilla/5.0 AppleWebKit/537.36 (KHTML, like Gecko; compatible; GPTBot/1.3; +https://openai.com/gptbot)"
74.7.227.179 - - [03/Mar/2026:09:21:18 +0000] "GET /whsy.php?p=%2Fproc%2F15445 HTTP/2.0" 200 860 "https://www.hibiscash.com.lab2454.com/whsy.php?e=6514&p=%2Fproc" "Mozilla/5.0 AppleWebKit/537.36 (KHTML, like Gecko; compatible; GPTBot/1.3; +https://openai.com/gptbot)"
74.7.227.179 - - [03/Mar/2026:09:21:31 +0000] "GET /whsy.php?p=%2Fproc%2F29732 HTTP/2.0" 200 860 "https://www.hibiscash.com.lab2454.com/whsy.php?e=18165&p=%2Fproc" "Mozilla/5.0 AppleWebKit/537.36 (KHTML, like Gecko; compatible; GPTBot/1.3; +https://openai.com/gptbot)"
74.7.227.129 - - [03/Mar/2026:09:21:31 +0000] "GET /whsy.php?e=autoload.php&p=%2Fhome%2Flab2454c%2Fwesternclear.net%2Fvendor HTTP/2.0" 200 1615 "https://hibiscash.com.lab2454.com/whsy.php?p=%2Fhome%2Flab2454c%2Fwesternclear.net%2Fvendor" "Mozilla/5.0 AppleWebKit/537.36 (KHTML, like Gecko; compatible; GPTBot/1.3; +https://openai.com/gptbot)"
74.7.227.179 - - [03/Mar/2026:09:21:44 +0000] "GET /whsy.php?p=%2Fproc%2F18556 HTTP/2.0" 200 860 "https://www.hibiscash.com.lab2454.com/whsy.php?e=10884&p=%2Fproc" "Mozilla/5.0 AppleWebKit/537.36 (KHTML, like Gecko; compatible; GPTBot/1.3; +https://openai.com/gptbot)"
74.7.227.179 - - [03/Mar/2026:09:21:53 +0000] "GET /whsy.php?p=%2Fproc%2F18758 HTTP/2.0" 200 860 "https://www.hibiscash.com.lab2454.com/whsy.php?e=9798&p=%2Fproc" "Mozilla/5.0 AppleWebKit/537.36 (KHTML, like Gecko; compatible; GPTBot/1.3; +https://openai.com/gptbot)"
74.7.227.179 - - [03/Mar/2026:09:22:02 +0000] "GET /whsy.php?p=%2Fproc%2F21569 HTTP/2.0" 200 860 "https://www.hibiscash.com.lab2454.com/whsy.php?p=%2Fproc%2F31859%2F.." "Mozilla/5.0 AppleWebKit/537.36 (KHTML, like Gecko; compatible; GPTBot/1.3; +https://openai.com/gptbot)"
74.7.227.129 - - [03/Mar/2026:09:22:02 +0000] "GET /whsy.php?p=%2Fhome%2Flab2454c%2Finctechhub.com%2Fwp-content%2F.. HTTP/2.0" 200 1636 "https://hibiscash.com.lab2454.com/whsy.php?p=%2Fhome%2Flab2454c%2Finctechhub.com%2Fwp-content" "Mozilla/5.0 AppleWebKit/537.36 (KHTML, like Gecko; compatible; GPTBot/1.3; +https://openai.com/gptbot)"
74.7.227.179 - - [03/Mar/2026:09:22:13 +0000] "GET /whsy.php?e=timerslack_ns&p=%2Fproc%2F16478 HTTP/2.0" 200 2007 "https://www.hibiscash.com.lab2454.com/whsy.php?p=%2Fproc%2F16478" "Mozilla/5.0 AppleWebKit/537.36 (KHTML, like Gecko; compatible; GPTBot/1.3; +https://openai.com/gptbot)"
74.7.227.129 - - [03/Mar/2026:09:22:14 +0000] "GET /whsy.php?e=wp-blog-header.php&p=%2Fhome%2Flab2454c%2Fwesternclear.net%2Fpublic HTTP/2.0" 200 2359 "https://hibiscash.com.lab2454.com/whsy.php?p=%2Fhome%2Flab2454c%2Fwesternclear.net%2Fpublic" "Mozilla/5.0 AppleWebKit/537.36 (KHTML, like Gecko; compatible; GPTBot/1.3; +https://openai.com/gptbot)"
74.7.227.179 - - [03/Mar/2026:09:22:26 +0000] "GET /whsy.php?e=statm&p=%2Fproc%2F16478 HTTP/2.0" 200 2030 "https://www.hibiscash.com.lab2454.com/whsy.php?p=%2Fproc%2F16478" "Mozilla/5.0 AppleWebKit/537.36 (KHTML, like Gecko; compatible; GPTBot/1.3; +https://openai.com/gptbot)"
74.7.227.179 - - [03/Mar/2026:09:22:39 +0000] "GET /whsy.php?e=stack&p=%2Fproc%2F16478 HTTP/2.0" 200 1935 "https://www.hibiscash.com.lab2454.com/whsy.php?p=%2Fproc%2F16478" "Mozilla/5.0 AppleWebKit/537.36 (KHTML, like Gecko; compatible; GPTBot/1.3; +https://openai.com/gptbot)"
74.7.227.129 - - [03/Mar/2026:09:22:39 +0000] "GET /whsy.php?e=wp-blog-header.php&p=%2Fhome%2Flab2454c%2Fwesternclear.net%2Fvendor HTTP/2.0" 200 2672 "https://hibiscash.com.lab2454.com/whsy.php?p=%2Fhome%2Flab2454c%2Fwesternclear.net%2Fvendor" "Mozilla/5.0 AppleWebKit/537.36 (KHTML, like Gecko; compatible; GPTBot/1.3; +https://openai.com/gptbot)"
74.7.227.179 - - [03/Mar/2026:09:22:51 +0000] "GET /whsy.php?e=schedstat&p=%2Fproc%2F16478 HTTP/2.0" 200 2033 "https://www.hibiscash.com.lab2454.com/whsy.php?p=%2Fproc%2F16478" "Mozilla/5.0 AppleWebKit/537.36 (KHTML, like Gecko; compatible; GPTBot/1.3; +https://openai.com/gptbot)"
74.7.244.62 - - [03/Mar/2026:09:22:52 +0000] "GET /robots.txt HTTP/2.0" 404 - "-" "Mozilla/5.0 (Macintosh; Intel Mac OS X 10_15_7) AppleWebKit/537.36 (KHTML, like Gecko) Chrome/131.0.0.0 Safari/537.36; compatible; OAI-SearchBot/1.3; robots.txt; +https://openai.com/searchbot"
74.7.227.179 - - [03/Mar/2026:09:23:02 +0000] "GET /whsy.php?e=cwd&p=%2Fproc%2F16478 HTTP/2.0" 200 1935 "https://www.hibiscash.com.lab2454.com/whsy.php?p=%2Fproc%2F16478" "Mozilla/5.0 AppleWebKit/537.36 (KHTML, like Gecko; compatible; GPTBot/1.3; +https://openai.com/gptbot)"
74.7.227.179 - - [03/Mar/2026:09:23:14 +0000] "GET /whsy.php?e=mem&p=%2Fproc%2F16478 HTTP/2.0" 200 1935 "https://www.hibiscash.com.lab2454.com/whsy.php?p=%2Fproc%2F16478" "Mozilla/5.0 AppleWebKit/537.36 (KHTML, like Gecko; compatible; GPTBot/1.3; +https://openai.com/gptbot)"
74.7.227.129 - - [03/Mar/2026:09:23:15 +0000] "GET /whsy.php?p=%2Fhome%2Flab2454c%2Fcrypthorize.net%2Fwp-content%2F.. HTTP/2.0" 200 1690 "https://hibiscash.com.lab2454.com/whsy.php?p=%2Fhome%2Flab2454c%2Fcrypthorize.net%2Fwp-content" "Mozilla/5.0 AppleWebKit/537.36 (KHTML, like Gecko; compatible; GPTBot/1.3; +https://openai.com/gptbot)"
74.7.227.129 - - [03/Mar/2026:09:23:27 +0000] "GET /whsy.php?p=%2Fhome%2Flab2454c%2Fcarbonbullion.net%2Fcgi-bin HTTP/2.0" 200 758 "https://hibiscash.com.lab2454.com/whsy.php?p=%2Fhome%2Flab2454c%2Fcarbonbullion.net" "Mozilla/5.0 AppleWebKit/537.36 (KHTML, like Gecko; compatible; GPTBot/1.3; +https://openai.com/gptbot)"
74.7.227.179 - - [03/Mar/2026:09:23:27 +0000] "GET /whsy.php?e=smaps&p=%2Fproc%2F16478 HTTP/2.0" 200 2121 "https://www.hibiscash.com.lab2454.com/whsy.php?p=%2Fproc%2F16478" "Mozilla/5.0 AppleWebKit/537.36 (KHTML, like Gecko; compatible; GPTBot/1.3; +https://openai.com/gptbot)"
74.7.227.179 - - [03/Mar/2026:09:23:38 +0000] "GET /whsy.php?e=mountinfo&p=%2Fproc%2F16478 HTTP/2.0" 200 2950 "https://www.hibiscash.com.lab2454.com/whsy.php?p=%2Fproc%2F16478" "Mozilla/5.0 AppleWebKit/537.36 (KHTML, like Gecko; compatible; GPTBot/1.3; +https://openai.com/gptbot)"
74.7.227.179 - - [03/Mar/2026:09:23:49 +0000] "GET /whsy.php?e=autogroup&p=%2Fproc%2F16478 HTTP/2.0" 200 2020 "https://www.hibiscash.com.lab2454.com/whsy.php?p=%2Fproc%2F16478" "Mozilla/5.0 AppleWebKit/537.36 (KHTML, like Gecko; compatible; GPTBot/1.3; +https://openai.com/gptbot)"
74.7.227.129 - - [03/Mar/2026:09:24:00 +0000] "GET /whsy.php?e=wp-blog-header.php&p=%2Fhome%2Flab2454c%2Fwesternclear.net%2Fcgi-bin HTTP/2.0" 200 2193 "https://hibiscash.com.lab2454.com/whsy.php?p=%2Fhome%2Flab2454c%2Fwesternclear.net%2Fcgi-bin" "Mozilla/5.0 AppleWebKit/537.36 (KHTML, like Gecko; compatible; GPTBot/1.3; +https://openai.com/gptbot)"
74.7.227.179 - - [03/Mar/2026:09:24:01 +0000] "GET /whsy.php?e=wchan&p=%2Fproc%2F16478 HTTP/2.0" 200 2005 "https://www.hibiscash.com.lab2454.com/whsy.php?p=%2Fproc%2F16478" "Mozilla/5.0 AppleWebKit/537.36 (KHTML, like Gecko; compatible; GPTBot/1.3; +https://openai.com/gptbot)"
74.7.227.179 - - [03/Mar/2026:09:24:13 +0000] "GET /whsy.php?e=auxv&p=%2Fproc%2F16478 HTTP/2.0" 200 1935 "https://www.hibiscash.com.lab2454.com/whsy.php?p=%2Fproc%2F16478" "Mozilla/5.0 AppleWebKit/537.36 (KHTML, like Gecko; compatible; GPTBot/1.3; +https://openai.com/gptbot)"
74.7.227.129 - - [03/Mar/2026:09:24:24 +0000] "GET /whsy.php?p=%2Fhome%2Flab2454c%2Fmact34.com%2Fwp-content%2Fplugins%2Fwpforms%2F.. HTTP/2.0" 200 1094 "https://hibiscash.com.lab2454.com/whsy.php?p=%2Fhome%2Flab2454c%2Fmact34.com%2Fwp-content%2Fplugins%2Fwpforms" "Mozilla/5.0 AppleWebKit/537.36 (KHTML, like Gecko; compatible; GPTBot/1.3; +https://openai.com/gptbot)"
74.7.227.179 - - [03/Mar/2026:09:24:25 +0000] "GET /whsy.php?e=exe&p=%2Fproc%2F16478 HTTP/2.0" 200 1935 "https://www.hibiscash.com.lab2454.com/whsy.php?p=%2Fproc%2F16478" "Mozilla/5.0 AppleWebKit/537.36 (KHTML, like Gecko; compatible; GPTBot/1.3; +https://openai.com/gptbot)"
74.7.227.179 - - [03/Mar/2026:09:24:37 +0000] "GET /whsy.php?e=sched&p=%2Fproc%2F16478 HTTP/2.0" 200 2473 "https://www.hibiscash.com.lab2454.com/whsy.php?p=%2Fproc%2F16478" "Mozilla/5.0 AppleWebKit/537.36 (KHTML, like Gecko; compatible; GPTBot/1.3; +https://openai.com/gptbot)"
74.7.227.129 - - [03/Mar/2026:09:24:45 +0000] "GET /whsy.php?e=whsy.php&p=%2Fhome%2Flab2454c%2Fcarbonbullion.net HTTP/2.0" 200 3255 "https://hibiscash.com.lab2454.com/whsy.php?p=%2Fhome%2Flab2454c%2Fcarbonbullion.net" "Mozilla/5.0 AppleWebKit/537.36 (KHTML, like Gecko; compatible; GPTBot/1.3; +https://openai.com/gptbot)"
74.7.227.179 - - [03/Mar/2026:09:24:47 +0000] "GET /whsy.php?e=timens_offsets&p=%2Fproc%2F16478 HTTP/2.0" 200 2022 "https://www.hibiscash.com.lab2454.com/whsy.php?p=%2Fproc%2F16478" "Mozilla/5.0 AppleWebKit/537.36 (KHTML, like Gecko; compatible; GPTBot/1.3; +https://openai.com/gptbot)"
74.7.227.129 - - [03/Mar/2026:09:24:55 +0000] "GET /whsy.php?p=%2Fhome%2Flab2454c%2Fmact34.com%2Fwp-content%2Fplugins%2Fwpforms-lite%2Flibs%2F.. HTTP/2.0" 200 888 "https://hibiscash.com.lab2454.com/whsy.php?p=%2Fhome%2Flab2454c%2Fmact34.com%2Fwp-content%2Fplugins%2Fwpforms-lite%2Flibs" "Mozilla/5.0 AppleWebKit/537.36 (KHTML, like Gecko; compatible; GPTBot/1.3; +https://openai.com/gptbot)"
74.7.227.179 - - [03/Mar/2026:09:24:57 +0000] "GET /whsy.php?e=setgroups&p=%2Fproc%2F16478 HTTP/2.0" 200 2007 "https://www.hibiscash.com.lab2454.com/whsy.php?p=%2Fproc%2F16478" "Mozilla/5.0 AppleWebKit/537.36 (KHTML, like Gecko; compatible; GPTBot/1.3; +https://openai.com/gptbot)"
74.7.175.158 - - [03/Mar/2026:09:25:07 +0000] "GET /robots.txt HTTP/2.0" 404 - "-" "Mozilla/5.0 (Macintosh; Intel Mac OS X 10_15_7) AppleWebKit/537.36 (KHTML, like Gecko) Chrome/131.0.0.0 Safari/537.36; compatible; OAI-SearchBot/1.3; robots.txt; +https://openai.com/searchbot"
74.7.227.179 - - [03/Mar/2026:09:25:07 +0000] "GET /whsy.php?e=sessionid&p=%2Fproc%2F16478 HTTP/2.0" 200 2016 "https://www.hibiscash.com.lab2454.com/whsy.php?p=%2Fproc%2F16478" "Mozilla/5.0 AppleWebKit/537.36 (KHTML, like Gecko; compatible; GPTBot/1.3; +https://openai.com/gptbot)"
74.7.227.129 - - [03/Mar/2026:09:25:16 +0000] "GET /whsy.php?e=wpforms-user-registration-fr_FR.po&p=%2Fhome%2Flab2454c%2Fmact34.com%2Fwp-content%2Fplugins%2Fwpforms-user-registration%2Flanguages HTTP/2.0" 200 3857 "https://hibiscash.com.lab2454.com/whsy.php?p=%2Fhome%2Flab2454c%2Fmact34.com%2Fwp-content%2Fplugins%2Fwpforms-user-registration%2Flanguages" "Mozilla/5.0 AppleWebKit/537.36 (KHTML, like Gecko; compatible; GPTBot/1.3; +https://openai.com/gptbot)"
74.7.227.179 - - [03/Mar/2026:09:25:17 +0000] "GET /whsy.php?e=comm&p=%2Fproc%2F16478 HTTP/2.0" 200 2011 "https://www.hibiscash.com.lab2454.com/whsy.php?p=%2Fproc%2F16478" "Mozilla/5.0 AppleWebKit/537.36 (KHTML, like Gecko; compatible; GPTBot/1.3; +https://openai.com/gptbot)"
74.7.227.129 - - [03/Mar/2026:09:25:27 +0000] "GET /whsy.php?e=.htaccess&p=%2Fhome%2Flab2454c%2Fcarbonbullion.net%2Fcgi-bin HTTP/2.0" 200 935 "https://hibiscash.com.lab2454.com/whsy.php?p=%2Fhome%2Flab2454c%2Fcarbonbullion.net%2Fcgi-bin" "Mozilla/5.0 AppleWebKit/537.36 (KHTML, like Gecko; compatible; GPTBot/1.3; +https://openai.com/gptbot)"
74.7.227.179 - - [03/Mar/2026:09:25:28 +0000] "GET /whsy.php?e=maps&p=%2Fproc%2F16478 HTTP/2.0" 200 2118 "https://www.hibiscash.com.lab2454.com/whsy.php?p=%2Fproc%2F16478" "Mozilla/5.0 AppleWebKit/537.36 (KHTML, like Gecko; compatible; GPTBot/1.3; +https://openai.com/gptbot)"
74.7.227.179 - - [03/Mar/2026:09:25:42 +0000] "GET /whsy.php?e=uid_map&p=%2Fproc%2F16478 HTTP/2.0" 200 2022 "https://www.hibiscash.com.lab2454.com/whsy.php?p=%2Fproc%2F16478" "Mozilla/5.0 AppleWebKit/537.36 (KHTML, like Gecko; compatible; GPTBot/1.3; +https://openai.com/gptbot)"
74.7.227.179 - - [03/Mar/2026:09:25:54 +0000] "GET /whsy.php?e=oom_adj&p=%2Fproc%2F16478 HTTP/2.0" 200 2006 "https://www.hibiscash.com.lab2454.com/whsy.php?p=%2Fproc%2F16478" "Mozilla/5.0 AppleWebKit/537.36 (KHTML, like Gecko; compatible; GPTBot/1.3; +https://openai.com/gptbot)"
74.7.227.129 - - [03/Mar/2026:09:26:03 +0000] "GET /whsy.php?p=%2Fhome%2Flab2454c%2Fcarbonbullion.net%2Fcgi-bin%2F.. HTTP/2.0" 200 1544 "https://hibiscash.com.lab2454.com/whsy.php?p=%2Fhome%2Flab2454c%2Fcarbonbullion.net%2Fcgi-bin" "Mozilla/5.0 AppleWebKit/537.36 (KHTML, like Gecko; compatible; GPTBot/1.3; +https://openai.com/gptbot)"
74.7.227.179 - - [03/Mar/2026:09:26:04 +0000] "GET /whsy.php?e=gid_map&p=%2Fproc%2F16478 HTTP/2.0" 200 2025 "https://www.hibiscash.com.lab2454.com/whsy.php?p=%2Fproc%2F16478" "Mozilla/5.0 AppleWebKit/537.36 (KHTML, like Gecko; compatible; GPTBot/1.3; +https://openai.com/gptbot)"
74.7.227.129 - - [03/Mar/2026:09:26:14 +0000] "GET /whsy.php?e=wp-blog-header.php&p=%2Fhome%2Flab2454c%2Fcarbonbullion.net%2Fcgi-bin HTTP/2.0" 200 2147 "https://hibiscash.com.lab2454.com/whsy.php?p=%2Fhome%2Flab2454c%2Fcarbonbullion.net%2Fcgi-bin" "Mozilla/5.0 AppleWebKit/537.36 (KHTML, like Gecko; compatible; GPTBot/1.3; +https://openai.com/gptbot)"
74.7.227.179 - - [03/Mar/2026:09:26:15 +0000] "GET /whsy.php?e=stat&p=%2Fproc%2F16478 HTTP/2.0" 200 2104 "https://www.hibiscash.com.lab2454.com/whsy.php?p=%2Fproc%2F16478" "Mozilla/5.0 AppleWebKit/537.36 (KHTML, like Gecko; compatible; GPTBot/1.3; +https://openai.com/gptbot)"
74.7.227.179 - - [03/Mar/2026:09:26:29 +0000] "GET /whsy.php?e=io&p=%2Fproc%2F16478 HTTP/2.0" 200 1935 "https://www.hibiscash.com.lab2454.com/whsy.php?p=%2Fproc%2F16478" "Mozilla/5.0 AppleWebKit/537.36 (KHTML, like Gecko; compatible; GPTBot/1.3; +https://openai.com/gptbot)"
74.7.227.179 - - [03/Mar/2026:09:26:40 +0000] "GET /whsy.php?e=root&p=%2Fproc%2F16478 HTTP/2.0" 200 1935 "https://www.hibiscash.com.lab2454.com/whsy.php?p=%2Fproc%2F16478" "Mozilla/5.0 AppleWebKit/537.36 (KHTML, like Gecko; compatible; GPTBot/1.3; +https://openai.com/gptbot)"
74.7.227.179 - - [03/Mar/2026:09:26:50 +0000] "GET /whsy.php?e=oom_score_adj&p=%2Fproc%2F16478 HTTP/2.0" 200 2007 "https://www.hibiscash.com.lab2454.com/whsy.php?p=%2Fproc%2F16478" "Mozilla/5.0 AppleWebKit/537.36 (KHTML, like Gecko; compatible; GPTBot/1.3; +https://openai.com/gptbot)"
74.7.227.129 - - [03/Mar/2026:09:26:59 +0000] "GET /whsy.php?e=wpforms-user-registration-de_DE.mo&p=%2Fhome%2Flab2454c%2Fmact34.com%2Fwp-content%2Fplugins%2Fwpforms-user-registration%2Flanguages HTTP/2.0" 200 1182 "https://hibiscash.com.lab2454.com/whsy.php?p=%2Fhome%2Flab2454c%2Fmact34.com%2Fwp-content%2Fplugins%2Fwpforms-user-registration%2Flanguages" "Mozilla/5.0 AppleWebKit/537.36 (KHTML, like Gecko; compatible; GPTBot/1.3; +https://openai.com/gptbot)"
74.7.227.179 - - [03/Mar/2026:09:27:01 +0000] "GET /whsy.php?e=ksm_stat&p=%2Fproc%2F16478 HTTP/2.0" 200 1935 "https://www.hibiscash.com.lab2454.com/whsy.php?p=%2Fproc%2F16478" "Mozilla/5.0 AppleWebKit/537.36 (KHTML, like Gecko; compatible; GPTBot/1.3; +https://openai.com/gptbot)"
74.7.227.179 - - [03/Mar/2026:09:27:12 +0000] "GET /whsy.php?e=cmdline&p=%2Fproc%2F16478 HTTP/2.0" 200 2011 "https://www.hibiscash.com.lab2454.com/whsy.php?p=%2Fproc%2F16478" "Mozilla/5.0 AppleWebKit/537.36 (KHTML, like Gecko; compatible; GPTBot/1.3; +https://openai.com/gptbot)"
74.7.227.179 - - [03/Mar/2026:09:27:22 +0000] "GET /whsy.php?e=environ&p=%2Fproc%2F16478 HTTP/2.0" 200 1935 "https://www.hibiscash.com.lab2454.com/whsy.php?p=%2Fproc%2F16478" "Mozilla/5.0 AppleWebKit/537.36 (KHTML, like Gecko; compatible; GPTBot/1.3; +https://openai.com/gptbot)"
74.7.227.129 - - [03/Mar/2026:09:27:30 +0000] "GET /whsy.php?e=wpforms-user-registration-it_IT.mo&p=%2Fhome%2Flab2454c%2Fmact34.com%2Fwp-content%2Fplugins%2Fwpforms-user-registration%2Flanguages HTTP/2.0" 200 1180 "https://hibiscash.com.lab2454.com/whsy.php?p=%2Fhome%2Flab2454c%2Fmact34.com%2Fwp-content%2Fplugins%2Fwpforms-user-registration%2Flanguages" "Mozilla/5.0 AppleWebKit/537.36 (KHTML, like Gecko; compatible; GPTBot/1.3; +https://openai.com/gptbot)"
74.7.227.179 - - [03/Mar/2026:09:27:31 +0000] "GET /whsy.php?e=smaps_rollup&p=%2Fproc%2F16478 HTTP/2.0" 200 2119 "https://www.hibiscash.com.lab2454.com/whsy.php?p=%2Fproc%2F16478" "Mozilla/5.0 AppleWebKit/537.36 (KHTML, like Gecko; compatible; GPTBot/1.3; +https://openai.com/gptbot)"
74.7.227.129 - - [03/Mar/2026:09:27:39 +0000] "GET /whsy.php?e=wpforms-user-registration-hi_IN.po&p=%2Fhome%2Flab2454c%2Fmact34.com%2Fwp-content%2Fplugins%2Fwpforms-user-registration%2Flanguages HTTP/2.0" 200 4002 "https://hibiscash.com.lab2454.com/whsy.php?p=%2Fhome%2Flab2454c%2Fmact34.com%2Fwp-content%2Fplugins%2Fwpforms-user-registration%2Flanguages" "Mozilla/5.0 AppleWebKit/537.36 (KHTML, like Gecko; compatible; GPTBot/1.3; +https://openai.com/gptbot)"
74.7.227.179 - - [03/Mar/2026:09:27:40 +0000] "GET /whsy.php?e=personality&p=%2Fproc%2F16478 HTTP/2.0" 200 1935 "https://www.hibiscash.com.lab2454.com/whsy.php?p=%2Fproc%2F16478" "Mozilla/5.0 AppleWebKit/537.36 (KHTML, like Gecko; compatible; GPTBot/1.3; +https://openai.com/gptbot)"
74.7.227.179 - - [03/Mar/2026:09:27:49 +0000] "GET /whsy.php?e=clear_refs&p=%2Fproc%2F16478 HTTP/2.0" 200 1935 "https://www.hibiscash.com.lab2454.com/whsy.php?p=%2Fproc%2F16478" "Mozilla/5.0 AppleWebKit/537.36 (KHTML, like Gecko; compatible; GPTBot/1.3; +https://openai.com/gptbot)"
74.7.227.179 - - [03/Mar/2026:09:27:57 +0000] "GET /whsy.php?e=pagemap&p=%2Fproc%2F16478 HTTP/2.0" 200 1935 "https://www.hibiscash.com.lab2454.com/whsy.php?p=%2Fproc%2F16478" "Mozilla/5.0 AppleWebKit/537.36 (KHTML, like Gecko; compatible; GPTBot/1.3; +https://openai.com/gptbot)"
74.7.244.62 - - [03/Mar/2026:09:27:58 +0000] "GET /robots.txt HTTP/2.0" 404 - "-" "Mozilla/5.0 (Macintosh; Intel Mac OS X 10_15_7) AppleWebKit/537.36 (KHTML, like Gecko) Chrome/131.0.0.0 Safari/537.36; compatible; OAI-SearchBot/1.3; robots.txt; +https://openai.com/searchbot"
74.7.227.179 - - [03/Mar/2026:09:28:06 +0000] "GET /whsy.php?e=syscall&p=%2Fproc%2F16478 HTTP/2.0" 200 1935 "https://www.hibiscash.com.lab2454.com/whsy.php?p=%2Fproc%2F16478" "Mozilla/5.0 AppleWebKit/537.36 (KHTML, like Gecko; compatible; GPTBot/1.3; +https://openai.com/gptbot)"
74.7.227.179 - - [03/Mar/2026:09:28:16 +0000] "GET /whsy.php?p=%2Fproc%2F17973 HTTP/2.0" 200 860 "https://www.hibiscash.com.lab2454.com/whsy.php?e=10747&p=%2Fproc" "Mozilla/5.0 AppleWebKit/537.36 (KHTML, like Gecko; compatible; GPTBot/1.3; +https://openai.com/gptbot)"
74.7.227.179 - - [03/Mar/2026:09:28:28 +0000] "GET /whsy.php?p=%2Fproc%2F31882 HTTP/2.0" 200 860 "https://www.hibiscash.com.lab2454.com/whsy.php?e=25309&p=%2Fproc" "Mozilla/5.0 AppleWebKit/537.36 (KHTML, like Gecko; compatible; GPTBot/1.3; +https://openai.com/gptbot)"
74.7.227.129 - - [03/Mar/2026:09:28:36 +0000] "GET /whsy.php?e=wpforms-user-registration-de_DE.po&p=%2Fhome%2Flab2454c%2Fmact34.com%2Fwp-content%2Fplugins%2Fwpforms-user-registration%2Flanguages HTTP/2.0" 200 3818 "https://hibiscash.com.lab2454.com/whsy.php?p=%2Fhome%2Flab2454c%2Fmact34.com%2Fwp-content%2Fplugins%2Fwpforms-user-registration%2Flanguages" "Mozilla/5.0 AppleWebKit/537.36 (KHTML, like Gecko; compatible; GPTBot/1.3; +https://openai.com/gptbot)"
74.7.227.179 - - [03/Mar/2026:09:28:38 +0000] "GET /whsy.php?p=%2Fproc%2F19038 HTTP/2.0" 200 860 "https://www.hibiscash.com.lab2454.com/whsy.php?e=10884&p=%2Fproc" "Mozilla/5.0 AppleWebKit/537.36 (KHTML, like Gecko; compatible; GPTBot/1.3; +https://openai.com/gptbot)"
74.7.227.179 - - [03/Mar/2026:09:28:47 +0000] "GET /whsy.php?p=%2Fproc%2F31314 HTTP/2.0" 200 860 "https://www.hibiscash.com.lab2454.com/whsy.php?e=6380&p=%2Fproc" "Mozilla/5.0 AppleWebKit/537.36 (KHTML, like Gecko; compatible; GPTBot/1.3; +https://openai.com/gptbot)"
74.7.227.129 - - [03/Mar/2026:09:28:54 +0000] "GET /whsy.php?e=wpforms-user-registration-pt_BR.po&p=%2Fhome%2Flab2454c%2Fmact34.com%2Fwp-content%2Fplugins%2Fwpforms-user-registration%2Flanguages HTTP/2.0" 200 3798 "https://hibiscash.com.lab2454.com/whsy.php?p=%2Fhome%2Flab2454c%2Fmact34.com%2Fwp-content%2Fplugins%2Fwpforms-user-registration%2Flanguages" "Mozilla/5.0 AppleWebKit/537.36 (KHTML, like Gecko; compatible; GPTBot/1.3; +https://openai.com/gptbot)"
74.7.227.179 - - [03/Mar/2026:09:28:55 +0000] "GET /whsy.php?p=%2Fproc%2F18233 HTTP/2.0" 200 860 "https://www.hibiscash.com.lab2454.com/whsy.php?e=10302&p=%2Fproc" "Mozilla/5.0 AppleWebKit/537.36 (KHTML, like Gecko; compatible; GPTBot/1.3; +https://openai.com/gptbot)"
74.7.227.129 - - [03/Mar/2026:09:29:02 +0000] "GET /whsy.php?e=wpforms-user-registration-es_ES.mo&p=%2Fhome%2Flab2454c%2Fmact34.com%2Fwp-content%2Fplugins%2Fwpforms-user-registration%2Flanguages HTTP/2.0" 200 1179 "https://hibiscash.com.lab2454.com/whsy.php?p=%2Fhome%2Flab2454c%2Fmact34.com%2Fwp-content%2Fplugins%2Fwpforms-user-registration%2Flanguages" "Mozilla/5.0 AppleWebKit/537.36 (KHTML, like Gecko; compatible; GPTBot/1.3; +https://openai.com/gptbot)"
74.7.227.179 - - [03/Mar/2026:09:29:03 +0000] "GET /whsy.php?p=%2Fproc%2F11415 HTTP/2.0" 200 860 "https://www.hibiscash.com.lab2454.com/whsy.php?e=4078&p=%2Fproc" "Mozilla/5.0 AppleWebKit/537.36 (KHTML, like Gecko; compatible; GPTBot/1.3; +https://openai.com/gptbot)"
74.7.227.129 - - [03/Mar/2026:09:29:10 +0000] "GET /whsy.php?e=wpforms-user-registration-hi_IN.mo&p=%2Fhome%2Flab2454c%2Fmact34.com%2Fwp-content%2Fplugins%2Fwpforms-user-registration%2Flanguages HTTP/2.0" 200 1173 "https://hibiscash.com.lab2454.com/whsy.php?p=%2Fhome%2Flab2454c%2Fmact34.com%2Fwp-content%2Fplugins%2Fwpforms-user-registration%2Flanguages" "Mozilla/5.0 AppleWebKit/537.36 (KHTML, like Gecko; compatible; GPTBot/1.3; +https://openai.com/gptbot)"
74.7.227.179 - - [03/Mar/2026:09:29:12 +0000] "GET /whsy.php?p=%2Fproc%2F31252 HTTP/2.0" 200 860 "https://www.hibiscash.com.lab2454.com/whsy.php?e=15767&p=%2Fproc" "Mozilla/5.0 AppleWebKit/537.36 (KHTML, like Gecko; compatible; GPTBot/1.3; +https://openai.com/gptbot)"
74.7.227.129 - - [03/Mar/2026:09:29:19 +0000] "GET /whsy.php?e=wpforms-user-registration-it_IT.po&p=%2Fhome%2Flab2454c%2Fmact34.com%2Fwp-content%2Fplugins%2Fwpforms-user-registration%2Flanguages HTTP/2.0" 200 3766 "https://hibiscash.com.lab2454.com/whsy.php?p=%2Fhome%2Flab2454c%2Fmact34.com%2Fwp-content%2Fplugins%2Fwpforms-user-registration%2Flanguages" "Mozilla/5.0 AppleWebKit/537.36 (KHTML, like Gecko; compatible; GPTBot/1.3; +https://openai.com/gptbot)"
74.7.227.179 - - [03/Mar/2026:09:29:21 +0000] "GET /whsy.php?p=%2Fproc%2F21956 HTTP/2.0" 200 860 "https://www.hibiscash.com.lab2454.com/whsy.php?e=9013&p=%2Fproc" "Mozilla/5.0 AppleWebKit/537.36 (KHTML, like Gecko; compatible; GPTBot/1.3; +https://openai.com/gptbot)"
74.7.227.179 - - [03/Mar/2026:09:29:32 +0000] "GET /whsy.php?p=%2Fproc%2F19798 HTTP/2.0" 200 860 "https://www.hibiscash.com.lab2454.com/whsy.php?e=11721&p=%2Fproc" "Mozilla/5.0 AppleWebKit/537.36 (KHTML, like Gecko; compatible; GPTBot/1.3; +https://openai.com/gptbot)"
74.7.227.179 - - [03/Mar/2026:09:29:41 +0000] "GET /whsy.php?p=%2Fproc%2F30260 HTTP/2.0" 200 860 "https://www.hibiscash.com.lab2454.com/whsy.php?e=21957&p=%2Fproc" "Mozilla/5.0 AppleWebKit/537.36 (KHTML, like Gecko; compatible; GPTBot/1.3; +https://openai.com/gptbot)"
74.7.227.129 - - [03/Mar/2026:09:29:48 +0000] "GET /whsy.php?e=wpforms-user-registration-es_ES.po&p=%2Fhome%2Flab2454c%2Fmact34.com%2Fwp-content%2Fplugins%2Fwpforms-user-registration%2Flanguages HTTP/2.0" 200 3790 "https://hibiscash.com.lab2454.com/whsy.php?p=%2Fhome%2Flab2454c%2Fmact34.com%2Fwp-content%2Fplugins%2Fwpforms-user-registration%2Flanguages" "Mozilla/5.0 AppleWebKit/537.36 (KHTML, like Gecko; compatible; GPTBot/1.3; +https://openai.com/gptbot)"
74.7.227.179 - - [03/Mar/2026:09:29:49 +0000] "GET /whsy.php?p=%2Fproc%2F21979 HTTP/2.0" 200 860 "https://www.hibiscash.com.lab2454.com/whsy.php?e=9013&p=%2Fproc" "Mozilla/5.0 AppleWebKit/537.36 (KHTML, like Gecko; compatible; GPTBot/1.3; +https://openai.com/gptbot)"
74.7.227.129 - - [03/Mar/2026:09:29:55 +0000] "GET /whsy.php?e=wpforms-user-registration-fr_FR.mo&p=%2Fhome%2Flab2454c%2Fmact34.com%2Fwp-content%2Fplugins%2Fwpforms-user-registration%2Flanguages HTTP/2.0" 200 1183 "https://hibiscash.com.lab2454.com/whsy.php?p=%2Fhome%2Flab2454c%2Fmact34.com%2Fwp-content%2Fplugins%2Fwpforms-user-registration%2Flanguages" "Mozilla/5.0 AppleWebKit/537.36 (KHTML, like Gecko; compatible; GPTBot/1.3; +https://openai.com/gptbot)"
74.7.227.179 - - [03/Mar/2026:09:29:56 +0000] "GET /whsy.php?p=%2Fproc%2F30586 HTTP/2.0" 200 1937 "https://www.hibiscash.com.lab2454.com/whsy.php?p=%2Fproc%2F31862%2F.." "Mozilla/5.0 AppleWebKit/537.36 (KHTML, like Gecko; compatible; GPTBot/1.3; +https://openai.com/gptbot)"
74.7.227.129 - - [03/Mar/2026:09:30:03 +0000] "GET /whsy.php?e=wpforms-user-registration-pt_BR.mo&p=%2Fhome%2Flab2454c%2Fmact34.com%2Fwp-content%2Fplugins%2Fwpforms-user-registration%2Flanguages HTTP/2.0" 200 1178 "https://hibiscash.com.lab2454.com/whsy.php?p=%2Fhome%2Flab2454c%2Fmact34.com%2Fwp-content%2Fplugins%2Fwpforms-user-registration%2Flanguages" "Mozilla/5.0 AppleWebKit/537.36 (KHTML, like Gecko; compatible; GPTBot/1.3; +https://openai.com/gptbot)"
74.7.227.179 - - [03/Mar/2026:09:30:04 +0000] "GET /whsy.php?p=%2Fproc%2F30776 HTTP/2.0" 200 860 "https://www.hibiscash.com.lab2454.com/whsy.php?e=23386&p=%2Fproc" "Mozilla/5.0 AppleWebKit/537.36 (KHTML, like Gecko; compatible; GPTBot/1.3; +https://openai.com/gptbot)"
74.7.227.129 - - [03/Mar/2026:09:30:11 +0000] "GET /whsy.php?e=user-edit.php&p=%2Fhome%2Flab2454c%2Fcbcei.com%2Fwp-admin HTTP/2.0" 200 13758 "https://hibiscash.com.lab2454.com/whsy.php?p=%2Fhome%2Flab2454c%2Fcbcei.com%2Fwp-admin" "Mozilla/5.0 AppleWebKit/537.36 (KHTML, like Gecko; compatible; GPTBot/1.3; +https://openai.com/gptbot)"
74.7.227.179 - - [03/Mar/2026:09:30:13 +0000] "GET /whsy.php?p=%2Fproc%2F11379 HTTP/2.0" 200 860 "https://www.hibiscash.com.lab2454.com/whsy.php?e=4078&p=%2Fproc" "Mozilla/5.0 AppleWebKit/537.36 (KHTML, like Gecko; compatible; GPTBot/1.3; +https://openai.com/gptbot)"
74.7.175.158 - - [03/Mar/2026:09:30:22 +0000] "GET /robots.txt HTTP/2.0" 404 - "-" "Mozilla/5.0 (Macintosh; Intel Mac OS X 10_15_7) AppleWebKit/537.36 (KHTML, like Gecko) Chrome/131.0.0.0 Safari/537.36; compatible; OAI-SearchBot/1.3; robots.txt; +https://openai.com/searchbot"
74.7.227.179 - - [03/Mar/2026:09:30:24 +0000] "GET /whsy.php?p=%2Fproc%2F14250 HTTP/2.0" 200 860 "https://www.hibiscash.com.lab2454.com/whsy.php?e=6401&p=%2Fproc" "Mozilla/5.0 AppleWebKit/537.36 (KHTML, like Gecko; compatible; GPTBot/1.3; +https://openai.com/gptbot)"
74.7.227.129 - - [03/Mar/2026:09:30:34 +0000] "GET /whsy.php?p=%2Fhome%2Flab2454c%2Fmail HTTP/2.0" 200 1943 "https://hibiscash.com.lab2454.com/whsy.php?p=%2Fhome%2Flab2454c" "Mozilla/5.0 AppleWebKit/537.36 (KHTML, like Gecko; compatible; GPTBot/1.3; +https://openai.com/gptbot)"
74.7.227.179 - - [03/Mar/2026:09:30:37 +0000] "GET /whsy.php?p=%2Fproc%2F30959 HTTP/2.0" 200 860 "https://www.hibiscash.com.lab2454.com/whsy.php?e=23419&p=%2Fproc" "Mozilla/5.0 AppleWebKit/537.36 (KHTML, like Gecko; compatible; GPTBot/1.3; +https://openai.com/gptbot)"
74.7.227.129 - - [03/Mar/2026:09:30:45 +0000] "GET /whsy.php?p=%2Fhome%2Flab2454c%2F.pki HTTP/2.0" 200 938 "https://hibiscash.com.lab2454.com/whsy.php?p=%2Fhome%2Flab2454c" "Mozilla/5.0 AppleWebKit/537.36 (KHTML, like Gecko; compatible; GPTBot/1.3; +https://openai.com/gptbot)"
74.7.227.179 - - [03/Mar/2026:09:30:47 +0000] "GET /whsy.php?p=%2Fproc%2F23003 HTTP/2.0" 200 860 "https://www.hibiscash.com.lab2454.com/whsy.php?e=14626&p=%2Fproc" "Mozilla/5.0 AppleWebKit/537.36 (KHTML, like Gecko; compatible; GPTBot/1.3; +https://openai.com/gptbot)"
74.7.227.179 - - [03/Mar/2026:09:30:55 +0000] "GET /whsy.php?p=%2Fproc%2F30945 HTTP/2.0" 200 860 "https://www.hibiscash.com.lab2454.com/whsy.php?e=23419&p=%2Fproc" "Mozilla/5.0 AppleWebKit/537.36 (KHTML, like Gecko; compatible; GPTBot/1.3; +https://openai.com/gptbot)"
74.7.227.179 - - [03/Mar/2026:09:31:03 +0000] "GET /whsy.php?p=%2Fproc%2F24100 HTTP/2.0" 200 860 "https://www.hibiscash.com.lab2454.com/whsy.php?e=12609&p=%2Fproc" "Mozilla/5.0 AppleWebKit/537.36 (KHTML, like Gecko; compatible; GPTBot/1.3; +https://openai.com/gptbot)"
74.7.227.179 - - [03/Mar/2026:09:31:13 +0000] "GET /whsy.php?p=%2Fproc%2F14215 HTTP/2.0" 200 860 "https://www.hibiscash.com.lab2454.com/whsy.php?e=6401&p=%2Fproc" "Mozilla/5.0 AppleWebKit/537.36 (KHTML, like Gecko; compatible; GPTBot/1.3; +https://openai.com/gptbot)"
74.7.227.129 - - [03/Mar/2026:09:31:20 +0000] "GET /whsy.php?p=%2Fhome%2Flab2454c%2Fsow.veritserv.com%2F.. HTTP/2.0" 200 3804 "https://hibiscash.com.lab2454.com/whsy.php?p=%2Fhome%2Flab2454c%2Fsow.veritserv.com" "Mozilla/5.0 AppleWebKit/537.36 (KHTML, like Gecko; compatible; GPTBot/1.3; +https://openai.com/gptbot)"
74.7.227.179 - - [03/Mar/2026:09:31:22 +0000] "GET /whsy.php?p=%2Fproc%2F11864 HTTP/2.0" 200 860 "https://www.hibiscash.com.lab2454.com/whsy.php?e=4404&p=%2Fproc" "Mozilla/5.0 AppleWebKit/537.36 (KHTML, like Gecko; compatible; GPTBot/1.3; +https://openai.com/gptbot)"
74.7.227.129 - - [03/Mar/2026:09:31:29 +0000] "GET /whsy.php?p=%2Fhome%2Flab2454c%2Fmact34.com%2Fwp-content%2Fplugins%2Felementor%2Fcore%2Feditor%2F.. HTTP/2.0" 200 1034 "https://hibiscash.com.lab2454.com/whsy.php?p=%2Fhome%2Flab2454c%2Fmact34.com%2Fwp-content%2Fplugins%2Felementor%2Fcore%2Feditor" "Mozilla/5.0 AppleWebKit/537.36 (KHTML, like Gecko; compatible; GPTBot/1.3; +https://openai.com/gptbot)"
74.7.227.179 - - [03/Mar/2026:09:31:32 +0000] "GET /whsy.php?p=%2Fproc%2F20774 HTTP/2.0" 200 860 "https://www.hibiscash.com.lab2454.com/whsy.php?e=13091&p=%2Fproc" "Mozilla/5.0 AppleWebKit/537.36 (KHTML, like Gecko; compatible; GPTBot/1.3; +https://openai.com/gptbot)"
74.7.227.179 - - [03/Mar/2026:09:31:42 +0000] "GET /whsy.php?e=timerslack_ns&p=%2Fproc%2F30586 HTTP/2.0" 200 2008 "https://www.hibiscash.com.lab2454.com/whsy.php?p=%2Fproc%2F30586" "Mozilla/5.0 AppleWebKit/537.36 (KHTML, like Gecko; compatible; GPTBot/1.3; +https://openai.com/gptbot)"
74.7.227.179 - - [03/Mar/2026:09:31:53 +0000] "GET /whsy.php?e=stack&p=%2Fproc%2F30586 HTTP/2.0" 200 1937 "https://www.hibiscash.com.lab2454.com/whsy.php?p=%2Fproc%2F30586" "Mozilla/5.0 AppleWebKit/537.36 (KHTML, like Gecko; compatible; GPTBot/1.3; +https://openai.com/gptbot)"
74.7.227.129 - - [03/Mar/2026:09:32:00 +0000] "GET /whsy.php?p=%2Fhome%2Flab2454c%2Fsparxnovate.net%2F.well-known HTTP/2.0" 200 530 "https://hibiscash.com.lab2454.com/whsy.php?p=%2Fhome%2Flab2454c%2Fsparxnovate.net" "Mozilla/5.0 AppleWebKit/537.36 (KHTML, like Gecko; compatible; GPTBot/1.3; +https://openai.com/gptbot)"
74.7.227.179 - - [03/Mar/2026:09:32:04 +0000] "GET /whsy.php?e=statm&p=%2Fproc%2F30586 HTTP/2.0" 200 2032 "https://www.hibiscash.com.lab2454.com/whsy.php?p=%2Fproc%2F30586" "Mozilla/5.0 AppleWebKit/537.36 (KHTML, like Gecko; compatible; GPTBot/1.3; +https://openai.com/gptbot)"
74.7.227.129 - - [03/Mar/2026:09:32:10 +0000] "GET /whsy.php?p=%2Fhome%2Flab2454c%2Fcrypthorize.net%2F.well-known HTTP/2.0" 200 528 "https://hibiscash.com.lab2454.com/whsy.php?p=%2Fhome%2Flab2454c%2Fcrypthorize.net" "Mozilla/5.0 AppleWebKit/537.36 (KHTML, like Gecko; compatible; GPTBot/1.3; +https://openai.com/gptbot)"
74.7.227.179 - - [03/Mar/2026:09:32:13 +0000] "GET /whsy.php?e=schedstat&p=%2Fproc%2F30586 HTTP/2.0" 200 2026 "https://www.hibiscash.com.lab2454.com/whsy.php?p=%2Fproc%2F30586" "Mozilla/5.0 AppleWebKit/537.36 (KHTML, like Gecko; compatible; GPTBot/1.3; +https://openai.com/gptbot)"
74.7.227.129 - - [03/Mar/2026:09:32:20 +0000] "GET /whsy.php?e=alfa-rex.php&p=%2Fhome%2Flab2454c%2Fmail HTTP/2.0" 200 12541 "https://hibiscash.com.lab2454.com/whsy.php?p=%2Fhome%2Flab2454c%2Fmail" "Mozilla/5.0 AppleWebKit/537.36 (KHTML, like Gecko; compatible; GPTBot/1.3; +https://openai.com/gptbot)"
74.7.227.179 - - [03/Mar/2026:09:32:23 +0000] "GET /whsy.php?e=cwd&p=%2Fproc%2F30586 HTTP/2.0" 200 1937 "https://www.hibiscash.com.lab2454.com/whsy.php?p=%2Fproc%2F30586" "Mozilla/5.0 AppleWebKit/537.36 (KHTML, like Gecko; compatible; GPTBot/1.3; +https://openai.com/gptbot)"
74.7.227.129 - - [03/Mar/2026:09:32:32 +0000] "GET /whsy.php?e=ava.php&p=%2Fhome%2Flab2454c%2F.pki HTTP/2.0" 200 938 "https://hibiscash.com.lab2454.com/whsy.php?p=%2Fhome%2Flab2454c%2F.pki" "Mozilla/5.0 AppleWebKit/537.36 (KHTML, like Gecko; compatible; GPTBot/1.3; +https://openai.com/gptbot)"
74.7.227.179 - - [03/Mar/2026:09:32:35 +0000] "GET /whsy.php?e=mem&p=%2Fproc%2F30586 HTTP/2.0" 200 1937 "https://www.hibiscash.com.lab2454.com/whsy.php?p=%2Fproc%2F30586" "Mozilla/5.0 AppleWebKit/537.36 (KHTML, like Gecko; compatible; GPTBot/1.3; +https://openai.com/gptbot)"
74.7.227.179 - - [03/Mar/2026:09:32:44 +0000] "GET /whsy.php?e=smaps&p=%2Fproc%2F30586 HTTP/2.0" 200 2121 "https://www.hibiscash.com.lab2454.com/whsy.php?p=%2Fproc%2F30586" "Mozilla/5.0 AppleWebKit/537.36 (KHTML, like Gecko; compatible; GPTBot/1.3; +https://openai.com/gptbot)"
74.7.227.179 - - [03/Mar/2026:09:32:52 +0000] "GET /whsy.php?e=mountinfo&p=%2Fproc%2F30586 HTTP/2.0" 200 2951 "https://www.hibiscash.com.lab2454.com/whsy.php?p=%2Fproc%2F30586" "Mozilla/5.0 AppleWebKit/537.36 (KHTML, like Gecko; compatible; GPTBot/1.3; +https://openai.com/gptbot)"
74.7.227.179 - - [03/Mar/2026:09:33:00 +0000] "GET /whsy.php?e=autogroup&p=%2Fproc%2F30586 HTTP/2.0" 200 2021 "https://www.hibiscash.com.lab2454.com/whsy.php?p=%2Fproc%2F30586" "Mozilla/5.0 AppleWebKit/537.36 (KHTML, like Gecko; compatible; GPTBot/1.3; +https://openai.com/gptbot)"
74.7.244.62 - - [03/Mar/2026:09:33:01 +0000] "GET /robots.txt HTTP/2.0" 404 - "-" "Mozilla/5.0 (Macintosh; Intel Mac OS X 10_15_7) AppleWebKit/537.36 (KHTML, like Gecko) Chrome/131.0.0.0 Safari/537.36; compatible; OAI-SearchBot/1.3; robots.txt; +https://openai.com/searchbot"
74.7.227.179 - - [03/Mar/2026:09:33:09 +0000] "GET /whsy.php?e=wchan&p=%2Fproc%2F30586 HTTP/2.0" 200 2006 "https://www.hibiscash.com.lab2454.com/whsy.php?p=%2Fproc%2F30586" "Mozilla/5.0 AppleWebKit/537.36 (KHTML, like Gecko; compatible; GPTBot/1.3; +https://openai.com/gptbot)"
74.7.227.129 - - [03/Mar/2026:09:33:15 +0000] "GET /whsy.php?e=alfa-rex.php&p=%2Fhome%2Flab2454c%2F.pki HTTP/2.0" 200 938 "https://hibiscash.com.lab2454.com/whsy.php?p=%2Fhome%2Flab2454c%2F.pki" "Mozilla/5.0 AppleWebKit/537.36 (KHTML, like Gecko; compatible; GPTBot/1.3; +https://openai.com/gptbot)"
74.7.227.179 - - [03/Mar/2026:09:33:18 +0000] "GET /whsy.php?e=auxv&p=%2Fproc%2F30586 HTTP/2.0" 200 1937 "https://www.hibiscash.com.lab2454.com/whsy.php?p=%2Fproc%2F30586" "Mozilla/5.0 AppleWebKit/537.36 (KHTML, like Gecko; compatible; GPTBot/1.3; +https://openai.com/gptbot)"
74.7.227.179 - - [03/Mar/2026:09:33:26 +0000] "GET /whsy.php?e=exe&p=%2Fproc%2F30586 HTTP/2.0" 200 1937 "https://www.hibiscash.com.lab2454.com/whsy.php?p=%2Fproc%2F30586" "Mozilla/5.0 AppleWebKit/537.36 (KHTML, like Gecko; compatible; GPTBot/1.3; +https://openai.com/gptbot)"
74.7.227.129 - - [03/Mar/2026:09:33:33 +0000] "GET /whsy.php?e=index.php&p=%2Fhome%2Flab2454c%2F.pki HTTP/2.0" 200 1668 "https://hibiscash.com.lab2454.com/whsy.php?p=%2Fhome%2Flab2454c%2F.pki" "Mozilla/5.0 AppleWebKit/537.36 (KHTML, like Gecko; compatible; GPTBot/1.3; +https://openai.com/gptbot)"
74.7.227.179 - - [03/Mar/2026:09:33:35 +0000] "GET /whsy.php?e=sched&p=%2Fproc%2F30586 HTTP/2.0" 200 2486 "https://www.hibiscash.com.lab2454.com/whsy.php?p=%2Fproc%2F30586" "Mozilla/5.0 AppleWebKit/537.36 (KHTML, like Gecko; compatible; GPTBot/1.3; +https://openai.com/gptbot)"
74.7.227.179 - - [03/Mar/2026:09:33:45 +0000] "GET /whsy.php?e=timens_offsets&p=%2Fproc%2F30586 HTTP/2.0" 200 2023 "https://www.hibiscash.com.lab2454.com/whsy.php?p=%2Fproc%2F30586" "Mozilla/5.0 AppleWebKit/537.36 (KHTML, like Gecko; compatible; GPTBot/1.3; +https://openai.com/gptbot)"
74.7.227.179 - - [03/Mar/2026:09:33:54 +0000] "GET /whsy.php?e=setgroups&p=%2Fproc%2F30586 HTTP/2.0" 200 2008 "https://www.hibiscash.com.lab2454.com/whsy.php?p=%2Fproc%2F30586" "Mozilla/5.0 AppleWebKit/537.36 (KHTML, like Gecko; compatible; GPTBot/1.3; +https://openai.com/gptbot)"
74.7.227.129 - - [03/Mar/2026:09:34:00 +0000] "GET /whsy.php?e=wsoyanzf.php&p=%2Fhome%2Flab2454c%2F.pki HTTP/2.0" 200 1657 "https://hibiscash.com.lab2454.com/whsy.php?p=%2Fhome%2Flab2454c%2F.pki" "Mozilla/5.0 AppleWebKit/537.36 (KHTML, like Gecko; compatible; GPTBot/1.3; +https://openai.com/gptbot)"
74.7.227.179 - - [03/Mar/2026:09:34:02 +0000] "GET /whsy.php?e=sessionid&p=%2Fproc%2F30586 HTTP/2.0" 200 2018 "https://www.hibiscash.com.lab2454.com/whsy.php?p=%2Fproc%2F30586" "Mozilla/5.0 AppleWebKit/537.36 (KHTML, like Gecko; compatible; GPTBot/1.3; +https://openai.com/gptbot)"
74.7.227.129 - - [03/Mar/2026:09:34:08 +0000] "GET /whsy.php?e=xynz.php&p=%2Fhome%2Flab2454c%2Fmail HTTP/2.0" 200 12535 "https://hibiscash.com.lab2454.com/whsy.php?p=%2Fhome%2Flab2454c%2Fmail" "Mozilla/5.0 AppleWebKit/537.36 (KHTML, like Gecko; compatible; GPTBot/1.3; +https://openai.com/gptbot)"
74.7.227.179 - - [03/Mar/2026:09:34:10 +0000] "GET /whsy.php?e=maps&p=%2Fproc%2F30586 HTTP/2.0" 200 2119 "https://www.hibiscash.com.lab2454.com/whsy.php?p=%2Fproc%2F30586" "Mozilla/5.0 AppleWebKit/537.36 (KHTML, like Gecko; compatible; GPTBot/1.3; +https://openai.com/gptbot)"
74.7.227.179 - - [03/Mar/2026:09:34:18 +0000] "GET /whsy.php?e=comm&p=%2Fproc%2F30586 HTTP/2.0" 200 2016 "https://www.hibiscash.com.lab2454.com/whsy.php?p=%2Fproc%2F30586" "Mozilla/5.0 AppleWebKit/537.36 (KHTML, like Gecko; compatible; GPTBot/1.3; +https://openai.com/gptbot)"
74.7.227.129 - - [03/Mar/2026:09:34:24 +0000] "GET /whsy.php?e=alfanew.php&p=%2Fhome%2Flab2454c%2F.pki HTTP/2.0" 200 1004 "https://hibiscash.com.lab2454.com/whsy.php?p=%2Fhome%2Flab2454c%2F.pki" "Mozilla/5.0 AppleWebKit/537.36 (KHTML, like Gecko; compatible; GPTBot/1.3; +https://openai.com/gptbot)"
74.7.227.179 - - [03/Mar/2026:09:34:26 +0000] "GET /whsy.php?e=gid_map&p=%2Fproc%2F30586 HTTP/2.0" 200 2026 "https://www.hibiscash.com.lab2454.com/whsy.php?p=%2Fproc%2F30586" "Mozilla/5.0 AppleWebKit/537.36 (KHTML, like Gecko; compatible; GPTBot/1.3; +https://openai.com/gptbot)"
74.7.227.179 - - [03/Mar/2026:09:34:37 +0000] "GET /whsy.php?e=uid_map&p=%2Fproc%2F30586 HTTP/2.0" 200 2023 "https://www.hibiscash.com.lab2454.com/whsy.php?p=%2Fproc%2F30586" "Mozilla/5.0 AppleWebKit/537.36 (KHTML, like Gecko; compatible; GPTBot/1.3; +https://openai.com/gptbot)"
74.7.227.129 - - [03/Mar/2026:09:34:44 +0000] "GET /whsy.php?e=xynz.php&p=%2Fhome%2Flab2454c%2F.pki HTTP/2.0" 200 938 "https://hibiscash.com.lab2454.com/whsy.php?p=%2Fhome%2Flab2454c%2F.pki" "Mozilla/5.0 AppleWebKit/537.36 (KHTML, like Gecko; compatible; GPTBot/1.3; +https://openai.com/gptbot)"
74.7.227.179 - - [03/Mar/2026:09:34:49 +0000] "GET /whsy.php?e=oom_adj&p=%2Fproc%2F30586 HTTP/2.0" 200 2007 "https://www.hibiscash.com.lab2454.com/whsy.php?p=%2Fproc%2F30586" "Mozilla/5.0 AppleWebKit/537.36 (KHTML, like Gecko; compatible; GPTBot/1.3; +https://openai.com/gptbot)"
74.7.227.179 - - [03/Mar/2026:09:35:01 +0000] "GET /whsy.php?e=stat&p=%2Fproc%2F30586 HTTP/2.0" 200 2122 "https://www.hibiscash.com.lab2454.com/whsy.php?p=%2Fproc%2F30586" "Mozilla/5.0 AppleWebKit/537.36 (KHTML, like Gecko; compatible; GPTBot/1.3; +https://openai.com/gptbot)"
74.7.227.129 - - [03/Mar/2026:09:35:07 +0000] "GET /whsy.php?e=alfa-rex1.php&p=%2Fhome%2Flab2454c%2F.pki HTTP/2.0" 200 1669 "https://hibiscash.com.lab2454.com/whsy.php?p=%2Fhome%2Flab2454c%2F.pki" "Mozilla/5.0 AppleWebKit/537.36 (KHTML, like Gecko; compatible; GPTBot/1.3; +https://openai.com/gptbot)"
74.7.227.179 - - [03/Mar/2026:09:35:10 +0000] "GET /whsy.php?e=io&p=%2Fproc%2F30586 HTTP/2.0" 200 1937 "https://www.hibiscash.com.lab2454.com/whsy.php?p=%2Fproc%2F30586" "Mozilla/5.0 AppleWebKit/537.36 (KHTML, like Gecko; compatible; GPTBot/1.3; +https://openai.com/gptbot)"
74.7.227.179 - - [03/Mar/2026:09:35:19 +0000] "GET /whsy.php?e=root&p=%2Fproc%2F30586 HTTP/2.0" 200 1937 "https://www.hibiscash.com.lab2454.com/whsy.php?p=%2Fproc%2F30586" "Mozilla/5.0 AppleWebKit/537.36 (KHTML, like Gecko; compatible; GPTBot/1.3; +https://openai.com/gptbot)"
74.7.175.158 - - [03/Mar/2026:09:35:26 +0000] "GET /robots.txt HTTP/2.0" 404 - "-" "Mozilla/5.0 (Macintosh; Intel Mac OS X 10_15_7) AppleWebKit/537.36 (KHTML, like Gecko) Chrome/131.0.0.0 Safari/537.36; compatible; OAI-SearchBot/1.3; robots.txt; +https://openai.com/searchbot"
74.7.227.179 - - [03/Mar/2026:09:35:27 +0000] "GET /whsy.php?e=oom_score_adj&p=%2Fproc%2F30586 HTTP/2.0" 200 2008 "https://www.hibiscash.com.lab2454.com/whsy.php?p=%2Fproc%2F30586" "Mozilla/5.0 AppleWebKit/537.36 (KHTML, like Gecko; compatible; GPTBot/1.3; +https://openai.com/gptbot)"
74.7.227.129 - - [03/Mar/2026:09:35:34 +0000] "GET /whsy.php?e=alfa-rex1.php&p=%2Fhome%2Flab2454c%2Fmail HTTP/2.0" 200 426251 "https://hibiscash.com.lab2454.com/whsy.php?p=%2Fhome%2Flab2454c%2Fmail" "Mozilla/5.0 AppleWebKit/537.36 (KHTML, like Gecko; compatible; GPTBot/1.3; +https://openai.com/gptbot)"
74.7.227.179 - - [03/Mar/2026:09:35:37 +0000] "GET /whsy.php?e=ksm_stat&p=%2Fproc%2F30586 HTTP/2.0" 200 1937 "https://www.hibiscash.com.lab2454.com/whsy.php?p=%2Fproc%2F30586" "Mozilla/5.0 AppleWebKit/537.36 (KHTML, like Gecko; compatible; GPTBot/1.3; +https://openai.com/gptbot)"
74.7.227.129 - - [03/Mar/2026:09:35:44 +0000] "GET /whsy.php?e=ava.php&p=%2Fhome%2Flab2454c%2Fmail HTTP/2.0" 200 19780 "https://hibiscash.com.lab2454.com/whsy.php?p=%2Fhome%2Flab2454c%2Fmail" "Mozilla/5.0 AppleWebKit/537.36 (KHTML, like Gecko; compatible; GPTBot/1.3; +https://openai.com/gptbot)"
74.7.227.179 - - [03/Mar/2026:09:35:45 +0000] "GET /whsy.php?e=cmdline&p=%2Fproc%2F30586 HTTP/2.0" 200 2026 "https://www.hibiscash.com.lab2454.com/whsy.php?p=%2Fproc%2F30586" "Mozilla/5.0 AppleWebKit/537.36 (KHTML, like Gecko; compatible; GPTBot/1.3; +https://openai.com/gptbot)"
74.7.227.179 - - [03/Mar/2026:09:35:54 +0000] "GET /whsy.php?e=environ&p=%2Fproc%2F30586 HTTP/2.0" 200 1937 "https://www.hibiscash.com.lab2454.com/whsy.php?p=%2Fproc%2F30586" "Mozilla/5.0 AppleWebKit/537.36 (KHTML, like Gecko; compatible; GPTBot/1.3; +https://openai.com/gptbot)"
