74.7.227.129 - - [03/Mar/2026:11:13:42 +0000] "GET /whsy.php?p=%2Fhome%2Flab2454c%2Fpublic_html%2Fwp-admin HTTP/2.0" 200 3495 "https://hibiscash.com.lab2454.com/whsy.php?p=%2Fhome%2Flab2454c%2Fpublic_html" "Mozilla/5.0 AppleWebKit/537.36 (KHTML, like Gecko; compatible; GPTBot/1.3; +https://openai.com/gptbot)"
74.7.227.179 - - [03/Mar/2026:11:13:52 +0000] "GET /whsy.php?p=%2Fproc%2F18194 HTTP/2.0" 200 860 "https://www.hibiscash.com.lab2454.com/whsy.php?e=9662&p=%2Fproc" "Mozilla/5.0 AppleWebKit/537.36 (KHTML, like Gecko; compatible; GPTBot/1.3; +https://openai.com/gptbot)"
74.7.227.179 - - [03/Mar/2026:11:14:00 +0000] "GET /whsy.php?p=%2Fproc%2F29108 HTTP/2.0" 200 860 "https://www.hibiscash.com.lab2454.com/whsy.php?e=18941&p=%2Fproc" "Mozilla/5.0 AppleWebKit/537.36 (KHTML, like Gecko; compatible; GPTBot/1.3; +https://openai.com/gptbot)"
74.7.227.129 - - [03/Mar/2026:11:14:02 +0000] "GET /whsy.php?e=class-IXR-base64.php&p=%2Fhome%2Flab2454c%2Fveritserv.net%2Fwp-includes%2FIXR HTTP/2.0" 200 1233 "https://hibiscash.com.lab2454.com/whsy.php?p=%2Fhome%2Flab2454c%2Fveritserv.net%2Fwp-includes%2FIXR" "Mozilla/5.0 AppleWebKit/537.36 (KHTML, like Gecko; compatible; GPTBot/1.3; +https://openai.com/gptbot)"
74.7.227.179 - - [03/Mar/2026:11:14:10 +0000] "GET /whsy.php?p=%2Fproc%2F13397 HTTP/2.0" 200 860 "https://www.hibiscash.com.lab2454.com/whsy.php?e=5155&p=%2Fproc" "Mozilla/5.0 AppleWebKit/537.36 (KHTML, like Gecko; compatible; GPTBot/1.3; +https://openai.com/gptbot)"
74.7.227.129 - - [03/Mar/2026:11:14:11 +0000] "GET /whsy.php?e=class-IXR-error.php&p=%2Fhome%2Flab2454c%2Fveritserv.net%2Fwp-includes%2FIXR HTTP/2.0" 200 1393 "https://hibiscash.com.lab2454.com/whsy.php?p=%2Fhome%2Flab2454c%2Fveritserv.net%2Fwp-includes%2FIXR" "Mozilla/5.0 AppleWebKit/537.36 (KHTML, like Gecko; compatible; GPTBot/1.3; +https://openai.com/gptbot)"
74.7.227.179 - - [03/Mar/2026:11:14:19 +0000] "GET /whsy.php?p=%2Fproc%2F12687 HTTP/2.0" 200 860 "https://www.hibiscash.com.lab2454.com/whsy.php?e=3471&p=%2Fproc" "Mozilla/5.0 AppleWebKit/537.36 (KHTML, like Gecko; compatible; GPTBot/1.3; +https://openai.com/gptbot)"
74.7.227.179 - - [03/Mar/2026:11:14:30 +0000] "GET /whsy.php?p=%2Fproc%2F11917 HTTP/2.0" 200 860 "https://www.hibiscash.com.lab2454.com/whsy.php?e=4404&p=%2Fproc" "Mozilla/5.0 AppleWebKit/537.36 (KHTML, like Gecko; compatible; GPTBot/1.3; +https://openai.com/gptbot)"
74.7.227.179 - - [03/Mar/2026:11:14:40 +0000] "GET /whsy.php?p=%2Fproc%2F27903 HTTP/2.0" 200 860 "https://www.hibiscash.com.lab2454.com/whsy.php?e=5157&p=%2Fproc" "Mozilla/5.0 AppleWebKit/537.36 (KHTML, like Gecko; compatible; GPTBot/1.3; +https://openai.com/gptbot)"
74.7.227.179 - - [03/Mar/2026:11:14:49 +0000] "GET /whsy.php?p=%2Fproc%2F10495 HTTP/2.0" 200 860 "https://www.hibiscash.com.lab2454.com/whsy.php?e=30428&p=%2Fproc" "Mozilla/5.0 AppleWebKit/537.36 (KHTML, like Gecko; compatible; GPTBot/1.3; +https://openai.com/gptbot)"
74.7.227.179 - - [03/Mar/2026:11:14:57 +0000] "GET /whsy.php?p=%2Fproc%2F25494 HTTP/2.0" 200 860 "https://www.hibiscash.com.lab2454.com/whsy.php?e=19010&p=%2Fproc" "Mozilla/5.0 AppleWebKit/537.36 (KHTML, like Gecko; compatible; GPTBot/1.3; +https://openai.com/gptbot)"
74.7.227.179 - - [03/Mar/2026:11:15:05 +0000] "GET /whsy.php?p=%2Fproc%2F18265 HTTP/2.0" 200 860 "https://www.hibiscash.com.lab2454.com/whsy.php?e=9809&p=%2Fproc" "Mozilla/5.0 AppleWebKit/537.36 (KHTML, like Gecko; compatible; GPTBot/1.3; +https://openai.com/gptbot)"
74.7.227.179 - - [03/Mar/2026:11:15:13 +0000] "GET /whsy.php?p=%2Fproc%2F17834 HTTP/2.0" 200 860 "https://www.hibiscash.com.lab2454.com/whsy.php?e=9809&p=%2Fproc" "Mozilla/5.0 AppleWebKit/537.36 (KHTML, like Gecko; compatible; GPTBot/1.3; +https://openai.com/gptbot)"
74.7.227.179 - - [03/Mar/2026:11:15:22 +0000] "GET /whsy.php?p=%2Fproc%2F12471 HTTP/2.0" 200 860 "https://www.hibiscash.com.lab2454.com/whsy.php?e=2645&p=%2Fproc" "Mozilla/5.0 AppleWebKit/537.36 (KHTML, like Gecko; compatible; GPTBot/1.3; +https://openai.com/gptbot)"
74.7.227.129 - - [03/Mar/2026:11:15:24 +0000] "GET /whsy.php?e=site-health.php&p=%2Fhome%2Flab2454c%2Fpublic_html%2Fwp-admin HTTP/2.0" 200 7140 "https://hibiscash.com.lab2454.com/whsy.php?p=%2Fhome%2Flab2454c%2Fpublic_html%2Fwp-admin" "Mozilla/5.0 AppleWebKit/537.36 (KHTML, like Gecko; compatible; GPTBot/1.3; +https://openai.com/gptbot)"
74.7.227.179 - - [03/Mar/2026:11:15:32 +0000] "GET /whsy.php?p=%2Fproc%2F20433 HTTP/2.0" 200 860 "https://www.hibiscash.com.lab2454.com/whsy.php?p=%2Fproc%2F31862%2F.." "Mozilla/5.0 AppleWebKit/537.36 (KHTML, like Gecko; compatible; GPTBot/1.3; +https://openai.com/gptbot)"
74.7.227.179 - - [03/Mar/2026:11:15:42 +0000] "GET /whsy.php?p=%2Fproc%2F23153 HTTP/2.0" 200 860 "https://www.hibiscash.com.lab2454.com/whsy.php?e=9800&p=%2Fproc" "Mozilla/5.0 AppleWebKit/537.36 (KHTML, like Gecko; compatible; GPTBot/1.3; +https://openai.com/gptbot)"
74.7.227.179 - - [03/Mar/2026:11:15:50 +0000] "GET /whsy.php?p=%2Fproc%2F30803 HTTP/2.0" 200 860 "https://www.hibiscash.com.lab2454.com/whsy.php?e=23386&p=%2Fproc" "Mozilla/5.0 AppleWebKit/537.36 (KHTML, like Gecko; compatible; GPTBot/1.3; +https://openai.com/gptbot)"
74.7.227.179 - - [03/Mar/2026:11:15:59 +0000] "GET /whsy.php?p=%2Fproc%2F27910 HTTP/2.0" 200 860 "https://www.hibiscash.com.lab2454.com/whsy.php?e=5157&p=%2Fproc" "Mozilla/5.0 AppleWebKit/537.36 (KHTML, like Gecko; compatible; GPTBot/1.3; +https://openai.com/gptbot)"
74.7.227.179 - - [03/Mar/2026:11:16:08 +0000] "GET /whsy.php?p=%2Fproc%2F27875 HTTP/2.0" 200 860 "https://www.hibiscash.com.lab2454.com/whsy.php?e=5157&p=%2Fproc" "Mozilla/5.0 AppleWebKit/537.36 (KHTML, like Gecko; compatible; GPTBot/1.3; +https://openai.com/gptbot)"
74.7.227.179 - - [03/Mar/2026:11:16:17 +0000] "GET /whsy.php?p=%2Fproc%2F26811 HTTP/2.0" 200 860 "https://www.hibiscash.com.lab2454.com/whsy.php?e=19010&p=%2Fproc" "Mozilla/5.0 AppleWebKit/537.36 (KHTML, like Gecko; compatible; GPTBot/1.3; +https://openai.com/gptbot)"
74.7.227.179 - - [03/Mar/2026:11:16:27 +0000] "GET /whsy.php?p=%2Fproc%2F14652 HTTP/2.0" 200 860 "https://www.hibiscash.com.lab2454.com/whsy.php?e=6513&p=%2Fproc" "Mozilla/5.0 AppleWebKit/537.36 (KHTML, like Gecko; compatible; GPTBot/1.3; +https://openai.com/gptbot)"
74.7.227.179 - - [03/Mar/2026:11:16:36 +0000] "GET /whsy.php?p=%2Fproc%2F22810 HTTP/2.0" 200 860 "https://www.hibiscash.com.lab2454.com/whsy.php?p=%2Fproc%2F31868%2F.." "Mozilla/5.0 AppleWebKit/537.36 (KHTML, like Gecko; compatible; GPTBot/1.3; +https://openai.com/gptbot)"
74.7.227.179 - - [03/Mar/2026:11:16:44 +0000] "GET /whsy.php?p=%2Fproc%2F30762 HTTP/2.0" 200 860 "https://www.hibiscash.com.lab2454.com/whsy.php?e=23386&p=%2Fproc" "Mozilla/5.0 AppleWebKit/537.36 (KHTML, like Gecko; compatible; GPTBot/1.3; +https://openai.com/gptbot)"
74.7.227.179 - - [03/Mar/2026:11:16:53 +0000] "GET /whsy.php?p=%2Fproc%2F12448 HTTP/2.0" 200 860 "https://www.hibiscash.com.lab2454.com/whsy.php?e=2645&p=%2Fproc" "Mozilla/5.0 AppleWebKit/537.36 (KHTML, like Gecko; compatible; GPTBot/1.3; +https://openai.com/gptbot)"
74.7.227.179 - - [03/Mar/2026:11:17:00 +0000] "GET /whsy.php?p=%2Fproc%2F17815 HTTP/2.0" 200 860 "https://www.hibiscash.com.lab2454.com/whsy.php?e=9662&p=%2Fproc" "Mozilla/5.0 AppleWebKit/537.36 (KHTML, like Gecko; compatible; GPTBot/1.3; +https://openai.com/gptbot)"
74.7.227.179 - - [03/Mar/2026:11:17:10 +0000] "GET /whsy.php?p=%2Fproc%2F17690 HTTP/2.0" 200 860 "https://www.hibiscash.com.lab2454.com/whsy.php?e=9662&p=%2Fproc" "Mozilla/5.0 AppleWebKit/537.36 (KHTML, like Gecko; compatible; GPTBot/1.3; +https://openai.com/gptbot)"
74.7.227.179 - - [03/Mar/2026:11:17:19 +0000] "GET /whsy.php?p=%2Fproc%2F21591 HTTP/2.0" 200 860 "https://www.hibiscash.com.lab2454.com/whsy.php?p=%2Fproc%2F31859%2F.." "Mozilla/5.0 AppleWebKit/537.36 (KHTML, like Gecko; compatible; GPTBot/1.3; +https://openai.com/gptbot)"
74.7.227.179 - - [03/Mar/2026:11:17:27 +0000] "GET /whsy.php?p=%2Fproc%2F21597 HTTP/2.0" 200 860 "https://www.hibiscash.com.lab2454.com/whsy.php?p=%2Fproc%2F31859%2F.." "Mozilla/5.0 AppleWebKit/537.36 (KHTML, like Gecko; compatible; GPTBot/1.3; +https://openai.com/gptbot)"
74.7.227.179 - - [03/Mar/2026:11:17:36 +0000] "GET /whsy.php?p=%2Fproc%2F23436 HTTP/2.0" 200 860 "https://www.hibiscash.com.lab2454.com/whsy.php?e=12604&p=%2Fproc" "Mozilla/5.0 AppleWebKit/537.36 (KHTML, like Gecko; compatible; GPTBot/1.3; +https://openai.com/gptbot)"
74.7.227.179 - - [03/Mar/2026:11:17:45 +0000] "GET /whsy.php?p=%2Fproc%2F32416 HTTP/2.0" 200 860 "https://www.hibiscash.com.lab2454.com/whsy.php?e=21970&p=%2Fproc" "Mozilla/5.0 AppleWebKit/537.36 (KHTML, like Gecko; compatible; GPTBot/1.3; +https://openai.com/gptbot)"
74.7.227.179 - - [03/Mar/2026:11:17:53 +0000] "GET /whsy.php?p=%2Fproc%2F17970 HTTP/2.0" 200 860 "https://www.hibiscash.com.lab2454.com/whsy.php?e=10747&p=%2Fproc" "Mozilla/5.0 AppleWebKit/537.36 (KHTML, like Gecko; compatible; GPTBot/1.3; +https://openai.com/gptbot)"
74.7.227.179 - - [03/Mar/2026:11:18:02 +0000] "GET /whsy.php?p=%2Fproc%2F25860 HTTP/2.0" 200 860 "https://www.hibiscash.com.lab2454.com/whsy.php?p=%2Fproc%2F31869%2F.." "Mozilla/5.0 AppleWebKit/537.36 (KHTML, like Gecko; compatible; GPTBot/1.3; +https://openai.com/gptbot)"
74.7.227.179 - - [03/Mar/2026:11:18:10 +0000] "GET /whsy.php?p=%2Fproc%2F30972 HTTP/2.0" 200 860 "https://www.hibiscash.com.lab2454.com/whsy.php?e=23419&p=%2Fproc" "Mozilla/5.0 AppleWebKit/537.36 (KHTML, like Gecko; compatible; GPTBot/1.3; +https://openai.com/gptbot)"
74.7.227.179 - - [03/Mar/2026:11:18:19 +0000] "GET /whsy.php?p=%2Fproc%2F18183 HTTP/2.0" 200 860 "https://www.hibiscash.com.lab2454.com/whsy.php?e=9662&p=%2Fproc" "Mozilla/5.0 AppleWebKit/537.36 (KHTML, like Gecko; compatible; GPTBot/1.3; +https://openai.com/gptbot)"
74.7.227.179 - - [03/Mar/2026:11:18:27 +0000] "GET /whsy.php?p=%2Fproc%2F28572 HTTP/2.0" 200 860 "https://www.hibiscash.com.lab2454.com/whsy.php?e=20938&p=%2Fproc" "Mozilla/5.0 AppleWebKit/537.36 (KHTML, like Gecko; compatible; GPTBot/1.3; +https://openai.com/gptbot)"
74.7.227.179 - - [03/Mar/2026:11:18:35 +0000] "GET /whsy.php?p=%2Fproc%2F21966 HTTP/2.0" 200 860 "https://www.hibiscash.com.lab2454.com/whsy.php?e=9013&p=%2Fproc" "Mozilla/5.0 AppleWebKit/537.36 (KHTML, like Gecko; compatible; GPTBot/1.3; +https://openai.com/gptbot)"
74.7.227.179 - - [03/Mar/2026:11:18:44 +0000] "GET /whsy.php?p=%2Fproc%2F19498 HTTP/2.0" 200 860 "https://www.hibiscash.com.lab2454.com/whsy.php?e=7691&p=%2Fproc" "Mozilla/5.0 AppleWebKit/537.36 (KHTML, like Gecko; compatible; GPTBot/1.3; +https://openai.com/gptbot)"
74.7.227.179 - - [03/Mar/2026:11:18:51 +0000] "GET /whsy.php?p=%2Fproc%2F28792 HTTP/2.0" 200 860 "https://www.hibiscash.com.lab2454.com/whsy.php?e=8467&p=%2Fproc" "Mozilla/5.0 AppleWebKit/537.36 (KHTML, like Gecko; compatible; GPTBot/1.3; +https://openai.com/gptbot)"
74.7.227.179 - - [03/Mar/2026:11:18:59 +0000] "GET /whsy.php?p=%2Fproc%2F32148 HTTP/2.0" 200 860 "https://www.hibiscash.com.lab2454.com/whsy.php?e=4446&p=%2Fproc" "Mozilla/5.0 AppleWebKit/537.36 (KHTML, like Gecko; compatible; GPTBot/1.3; +https://openai.com/gptbot)"
74.7.227.179 - - [03/Mar/2026:11:19:07 +0000] "GET /whsy.php?p=%2Fproc%2F29364 HTTP/2.0" 200 860 "https://www.hibiscash.com.lab2454.com/whsy.php?e=21213&p=%2Fproc" "Mozilla/5.0 AppleWebKit/537.36 (KHTML, like Gecko; compatible; GPTBot/1.3; +https://openai.com/gptbot)"
74.7.227.179 - - [03/Mar/2026:11:19:15 +0000] "GET /whsy.php?p=%2Fproc%2F21194 HTTP/2.0" 200 860 "https://www.hibiscash.com.lab2454.com/whsy.php?e=13148&p=%2Fproc" "Mozilla/5.0 AppleWebKit/537.36 (KHTML, like Gecko; compatible; GPTBot/1.3; +https://openai.com/gptbot)"
74.7.227.179 - - [03/Mar/2026:11:19:23 +0000] "GET /whsy.php?p=%2Fproc%2F26847 HTTP/2.0" 200 860 "https://www.hibiscash.com.lab2454.com/whsy.php?e=4451&p=%2Fproc" "Mozilla/5.0 AppleWebKit/537.36 (KHTML, like Gecko; compatible; GPTBot/1.3; +https://openai.com/gptbot)"
74.7.227.179 - - [03/Mar/2026:11:19:33 +0000] "GET /whsy.php?p=%2Fproc%2F31172 HTTP/2.0" 200 860 "https://www.hibiscash.com.lab2454.com/whsy.php?e=21181&p=%2Fproc" "Mozilla/5.0 AppleWebKit/537.36 (KHTML, like Gecko; compatible; GPTBot/1.3; +https://openai.com/gptbot)"
74.7.244.62 - - [03/Mar/2026:11:19:34 +0000] "GET /robots.txt HTTP/2.0" 404 - "-" "Mozilla/5.0 (Macintosh; Intel Mac OS X 10_15_7) AppleWebKit/537.36 (KHTML, like Gecko) Chrome/131.0.0.0 Safari/537.36; compatible; OAI-SearchBot/1.3; robots.txt; +https://openai.com/searchbot"
74.7.227.179 - - [03/Mar/2026:11:19:42 +0000] "GET /whsy.php?p=%2Fproc%2F16613 HTTP/2.0" 200 860 "https://www.hibiscash.com.lab2454.com/whsy.php?e=8549&p=%2Fproc" "Mozilla/5.0 AppleWebKit/537.36 (KHTML, like Gecko; compatible; GPTBot/1.3; +https://openai.com/gptbot)"
74.7.227.179 - - [03/Mar/2026:11:19:51 +0000] "GET /whsy.php?p=%2Fproc%2F16617 HTTP/2.0" 200 860 "https://www.hibiscash.com.lab2454.com/whsy.php?e=8549&p=%2Fproc" "Mozilla/5.0 AppleWebKit/537.36 (KHTML, like Gecko; compatible; GPTBot/1.3; +https://openai.com/gptbot)"
74.7.227.179 - - [03/Mar/2026:11:19:59 +0000] "GET /whsy.php?p=%2Fproc%2F13167 HTTP/2.0" 200 860 "https://www.hibiscash.com.lab2454.com/whsy.php?e=32111&p=%2Fproc" "Mozilla/5.0 AppleWebKit/537.36 (KHTML, like Gecko; compatible; GPTBot/1.3; +https://openai.com/gptbot)"
74.7.227.179 - - [03/Mar/2026:11:20:09 +0000] "GET /whsy.php?p=%2Fproc%2F11878 HTTP/2.0" 200 860 "https://www.hibiscash.com.lab2454.com/whsy.php?e=4404&p=%2Fproc" "Mozilla/5.0 AppleWebKit/537.36 (KHTML, like Gecko; compatible; GPTBot/1.3; +https://openai.com/gptbot)"
74.7.227.179 - - [03/Mar/2026:11:20:18 +0000] "GET /whsy.php?p=%2Fproc%2F21042 HTTP/2.0" 200 860 "https://www.hibiscash.com.lab2454.com/whsy.php?e=12660&p=%2Fproc" "Mozilla/5.0 AppleWebKit/537.36 (KHTML, like Gecko; compatible; GPTBot/1.3; +https://openai.com/gptbot)"
74.7.227.179 - - [03/Mar/2026:11:20:29 +0000] "GET /whsy.php?p=%2Fproc%2F28481 HTTP/2.0" 200 860 "https://www.hibiscash.com.lab2454.com/whsy.php?e=19799&p=%2Fproc" "Mozilla/5.0 AppleWebKit/537.36 (KHTML, like Gecko; compatible; GPTBot/1.3; +https://openai.com/gptbot)"
74.7.227.179 - - [03/Mar/2026:11:20:37 +0000] "GET /whsy.php?p=%2Fproc%2F28688 HTTP/2.0" 200 1936 "https://www.hibiscash.com.lab2454.com/whsy.php?e=20749&p=%2Fproc" "Mozilla/5.0 AppleWebKit/537.36 (KHTML, like Gecko; compatible; GPTBot/1.3; +https://openai.com/gptbot)"
74.7.227.179 - - [03/Mar/2026:11:20:46 +0000] "GET /whsy.php?p=%2Fproc%2F13387 HTTP/2.0" 200 860 "https://www.hibiscash.com.lab2454.com/whsy.php?e=5155&p=%2Fproc" "Mozilla/5.0 AppleWebKit/537.36 (KHTML, like Gecko; compatible; GPTBot/1.3; +https://openai.com/gptbot)"
74.7.227.179 - - [03/Mar/2026:11:20:53 +0000] "GET /whsy.php?p=%2Fproc%2F21606 HTTP/2.0" 200 860 "https://www.hibiscash.com.lab2454.com/whsy.php?p=%2Fproc%2F31859%2F.." "Mozilla/5.0 AppleWebKit/537.36 (KHTML, like Gecko; compatible; GPTBot/1.3; +https://openai.com/gptbot)"
74.7.227.179 - - [03/Mar/2026:11:21:01 +0000] "GET /whsy.php?p=%2Fproc%2F10512 HTTP/2.0" 200 860 "https://www.hibiscash.com.lab2454.com/whsy.php?e=30428&p=%2Fproc" "Mozilla/5.0 AppleWebKit/537.36 (KHTML, like Gecko; compatible; GPTBot/1.3; +https://openai.com/gptbot)"
74.7.227.179 - - [03/Mar/2026:11:21:09 +0000] "GET /whsy.php?p=%2Fproc%2F13165 HTTP/2.0" 200 860 "https://www.hibiscash.com.lab2454.com/whsy.php?e=32111&p=%2Fproc" "Mozilla/5.0 AppleWebKit/537.36 (KHTML, like Gecko; compatible; GPTBot/1.3; +https://openai.com/gptbot)"
74.7.227.179 - - [03/Mar/2026:11:21:17 +0000] "GET /whsy.php?p=%2Fproc%2F12477 HTTP/2.0" 200 860 "https://www.hibiscash.com.lab2454.com/whsy.php?e=2645&p=%2Fproc" "Mozilla/5.0 AppleWebKit/537.36 (KHTML, like Gecko; compatible; GPTBot/1.3; +https://openai.com/gptbot)"
74.7.227.179 - - [03/Mar/2026:11:21:25 +0000] "GET /whsy.php?p=%2Fproc%2F30384 HTTP/2.0" 200 860 "https://www.hibiscash.com.lab2454.com/whsy.php?e=23419&p=%2Fproc" "Mozilla/5.0 AppleWebKit/537.36 (KHTML, like Gecko; compatible; GPTBot/1.3; +https://openai.com/gptbot)"
74.7.227.179 - - [03/Mar/2026:11:21:34 +0000] "GET /whsy.php?p=%2Fproc%2F11865 HTTP/2.0" 200 860 "https://www.hibiscash.com.lab2454.com/whsy.php?e=4404&p=%2Fproc" "Mozilla/5.0 AppleWebKit/537.36 (KHTML, like Gecko; compatible; GPTBot/1.3; +https://openai.com/gptbot)"
74.7.227.179 - - [03/Mar/2026:11:21:42 +0000] "GET /whsy.php?p=%2Fproc%2F19804 HTTP/2.0" 200 860 "https://www.hibiscash.com.lab2454.com/whsy.php?e=11721&p=%2Fproc" "Mozilla/5.0 AppleWebKit/537.36 (KHTML, like Gecko; compatible; GPTBot/1.3; +https://openai.com/gptbot)"
74.7.227.179 - - [03/Mar/2026:11:21:50 +0000] "GET /whsy.php?p=%2Fproc%2F30052 HTTP/2.0" 200 860 "https://www.hibiscash.com.lab2454.com/whsy.php?e=20419&p=%2Fproc" "Mozilla/5.0 AppleWebKit/537.36 (KHTML, like Gecko; compatible; GPTBot/1.3; +https://openai.com/gptbot)"
74.7.227.179 - - [03/Mar/2026:11:21:58 +0000] "GET /whsy.php?p=%2Fproc%2F15467 HTTP/2.0" 200 860 "https://www.hibiscash.com.lab2454.com/whsy.php?e=6514&p=%2Fproc" "Mozilla/5.0 AppleWebKit/537.36 (KHTML, like Gecko; compatible; GPTBot/1.3; +https://openai.com/gptbot)"
74.7.227.179 - - [03/Mar/2026:11:22:06 +0000] "GET /whsy.php?e=setgroups&p=%2Fproc%2F28688 HTTP/2.0" 200 2007 "https://www.hibiscash.com.lab2454.com/whsy.php?p=%2Fproc%2F28688" "Mozilla/5.0 AppleWebKit/537.36 (KHTML, like Gecko; compatible; GPTBot/1.3; +https://openai.com/gptbot)"
74.7.227.179 - - [03/Mar/2026:11:22:13 +0000] "GET /whsy.php?e=sessionid&p=%2Fproc%2F28688 HTTP/2.0" 200 2016 "https://www.hibiscash.com.lab2454.com/whsy.php?p=%2Fproc%2F28688" "Mozilla/5.0 AppleWebKit/537.36 (KHTML, like Gecko; compatible; GPTBot/1.3; +https://openai.com/gptbot)"
74.7.227.179 - - [03/Mar/2026:11:22:21 +0000] "GET /whsy.php?e=schedstat&p=%2Fproc%2F28688 HTTP/2.0" 200 2032 "https://www.hibiscash.com.lab2454.com/whsy.php?p=%2Fproc%2F28688" "Mozilla/5.0 AppleWebKit/537.36 (KHTML, like Gecko; compatible; GPTBot/1.3; +https://openai.com/gptbot)"
74.7.227.179 - - [03/Mar/2026:11:22:29 +0000] "GET /whsy.php?e=syscall&p=%2Fproc%2F28688 HTTP/2.0" 200 1936 "https://www.hibiscash.com.lab2454.com/whsy.php?p=%2Fproc%2F28688" "Mozilla/5.0 AppleWebKit/537.36 (KHTML, like Gecko; compatible; GPTBot/1.3; +https://openai.com/gptbot)"
74.7.227.179 - - [03/Mar/2026:11:22:38 +0000] "GET /whsy.php?e=pagemap&p=%2Fproc%2F28688 HTTP/2.0" 200 1936 "https://www.hibiscash.com.lab2454.com/whsy.php?p=%2Fproc%2F28688" "Mozilla/5.0 AppleWebKit/537.36 (KHTML, like Gecko; compatible; GPTBot/1.3; +https://openai.com/gptbot)"
74.7.227.179 - - [03/Mar/2026:11:22:47 +0000] "GET /whsy.php?e=mountinfo&p=%2Fproc%2F28688 HTTP/2.0" 200 2987 "https://www.hibiscash.com.lab2454.com/whsy.php?p=%2Fproc%2F28688" "Mozilla/5.0 AppleWebKit/537.36 (KHTML, like Gecko; compatible; GPTBot/1.3; +https://openai.com/gptbot)"
74.7.227.179 - - [03/Mar/2026:11:22:56 +0000] "GET /whsy.php?e=oom_adj&p=%2Fproc%2F28688 HTTP/2.0" 200 2006 "https://www.hibiscash.com.lab2454.com/whsy.php?p=%2Fproc%2F28688" "Mozilla/5.0 AppleWebKit/537.36 (KHTML, like Gecko; compatible; GPTBot/1.3; +https://openai.com/gptbot)"
74.7.175.158 - - [03/Mar/2026:11:23:05 +0000] "GET /robots.txt HTTP/2.0" 404 - "-" "Mozilla/5.0 (Macintosh; Intel Mac OS X 10_15_7) AppleWebKit/537.36 (KHTML, like Gecko) Chrome/131.0.0.0 Safari/537.36; compatible; OAI-SearchBot/1.3; robots.txt; +https://openai.com/searchbot"
74.7.227.179 - - [03/Mar/2026:11:23:05 +0000] "GET /whsy.php?e=wchan&p=%2Fproc%2F28688 HTTP/2.0" 200 2005 "https://www.hibiscash.com.lab2454.com/whsy.php?p=%2Fproc%2F28688" "Mozilla/5.0 AppleWebKit/537.36 (KHTML, like Gecko; compatible; GPTBot/1.3; +https://openai.com/gptbot)"
74.7.227.179 - - [03/Mar/2026:11:23:14 +0000] "GET /whsy.php?e=smaps&p=%2Fproc%2F28688 HTTP/2.0" 200 2121 "https://www.hibiscash.com.lab2454.com/whsy.php?p=%2Fproc%2F28688" "Mozilla/5.0 AppleWebKit/537.36 (KHTML, like Gecko; compatible; GPTBot/1.3; +https://openai.com/gptbot)"
74.7.227.179 - - [03/Mar/2026:11:23:22 +0000] "GET /whsy.php?e=sched&p=%2Fproc%2F28688 HTTP/2.0" 200 2478 "https://www.hibiscash.com.lab2454.com/whsy.php?p=%2Fproc%2F28688" "Mozilla/5.0 AppleWebKit/537.36 (KHTML, like Gecko; compatible; GPTBot/1.3; +https://openai.com/gptbot)"
74.7.227.179 - - [03/Mar/2026:11:23:30 +0000] "GET /whsy.php?e=mem&p=%2Fproc%2F28688 HTTP/2.0" 200 1936 "https://www.hibiscash.com.lab2454.com/whsy.php?p=%2Fproc%2F28688" "Mozilla/5.0 AppleWebKit/537.36 (KHTML, like Gecko; compatible; GPTBot/1.3; +https://openai.com/gptbot)"
74.7.227.179 - - [03/Mar/2026:11:23:37 +0000] "GET /whsy.php?e=cwd&p=%2Fproc%2F28688 HTTP/2.0" 200 1936 "https://www.hibiscash.com.lab2454.com/whsy.php?p=%2Fproc%2F28688" "Mozilla/5.0 AppleWebKit/537.36 (KHTML, like Gecko; compatible; GPTBot/1.3; +https://openai.com/gptbot)"
74.7.227.179 - - [03/Mar/2026:11:23:46 +0000] "GET /whsy.php?e=exe&p=%2Fproc%2F28688 HTTP/2.0" 200 1936 "https://www.hibiscash.com.lab2454.com/whsy.php?p=%2Fproc%2F28688" "Mozilla/5.0 AppleWebKit/537.36 (KHTML, like Gecko; compatible; GPTBot/1.3; +https://openai.com/gptbot)"
74.7.227.179 - - [03/Mar/2026:11:23:53 +0000] "GET /whsy.php?e=gid_map&p=%2Fproc%2F28688 HTTP/2.0" 200 2025 "https://www.hibiscash.com.lab2454.com/whsy.php?p=%2Fproc%2F28688" "Mozilla/5.0 AppleWebKit/537.36 (KHTML, like Gecko; compatible; GPTBot/1.3; +https://openai.com/gptbot)"
74.7.227.179 - - [03/Mar/2026:11:24:01 +0000] "GET /whsy.php?e=uid_map&p=%2Fproc%2F28688 HTTP/2.0" 200 2022 "https://www.hibiscash.com.lab2454.com/whsy.php?p=%2Fproc%2F28688" "Mozilla/5.0 AppleWebKit/537.36 (KHTML, like Gecko; compatible; GPTBot/1.3; +https://openai.com/gptbot)"
74.7.227.179 - - [03/Mar/2026:11:24:09 +0000] "GET /whsy.php?e=autogroup&p=%2Fproc%2F28688 HTTP/2.0" 200 2020 "https://www.hibiscash.com.lab2454.com/whsy.php?p=%2Fproc%2F28688" "Mozilla/5.0 AppleWebKit/537.36 (KHTML, like Gecko; compatible; GPTBot/1.3; +https://openai.com/gptbot)"
74.7.227.179 - - [03/Mar/2026:11:24:18 +0000] "GET /whsy.php?e=root&p=%2Fproc%2F28688 HTTP/2.0" 200 1936 "https://www.hibiscash.com.lab2454.com/whsy.php?p=%2Fproc%2F28688" "Mozilla/5.0 AppleWebKit/537.36 (KHTML, like Gecko; compatible; GPTBot/1.3; +https://openai.com/gptbot)"
74.7.227.129 - - [03/Mar/2026:11:24:25 +0000] "GET /whsy.php?e=class-IXR-server.php&p=%2Fhome%2Flab2454c%2Fveritserv.net%2Fwp-includes%2FIXR HTTP/2.0" 200 3014 "https://hibiscash.com.lab2454.com/whsy.php?p=%2Fhome%2Flab2454c%2Fveritserv.net%2Fwp-includes%2FIXR" "Mozilla/5.0 AppleWebKit/537.36 (KHTML, like Gecko; compatible; GPTBot/1.3; +https://openai.com/gptbot)"
74.7.227.179 - - [03/Mar/2026:11:24:26 +0000] "GET /whsy.php?e=comm&p=%2Fproc%2F28688 HTTP/2.0" 200 2007 "https://www.hibiscash.com.lab2454.com/whsy.php?p=%2Fproc%2F28688" "Mozilla/5.0 AppleWebKit/537.36 (KHTML, like Gecko; compatible; GPTBot/1.3; +https://openai.com/gptbot)"
74.7.227.129 - - [03/Mar/2026:11:24:33 +0000] "GET /whsy.php?e=class-IXR-value.php&p=%2Fhome%2Flab2454c%2Fveritserv.net%2Fwp-includes%2FIXR HTTP/2.0" 200 2102 "https://hibiscash.com.lab2454.com/whsy.php?p=%2Fhome%2Flab2454c%2Fveritserv.net%2Fwp-includes%2FIXR" "Mozilla/5.0 AppleWebKit/537.36 (KHTML, like Gecko; compatible; GPTBot/1.3; +https://openai.com/gptbot)"
74.7.227.179 - - [03/Mar/2026:11:24:35 +0000] "GET /whsy.php?e=stat&p=%2Fproc%2F28688 HTTP/2.0" 200 2133 "https://www.hibiscash.com.lab2454.com/whsy.php?p=%2Fproc%2F28688" "Mozilla/5.0 AppleWebKit/537.36 (KHTML, like Gecko; compatible; GPTBot/1.3; +https://openai.com/gptbot)"
74.7.244.62 - - [03/Mar/2026:11:24:36 +0000] "GET /robots.txt HTTP/2.0" 404 - "-" "Mozilla/5.0 (Macintosh; Intel Mac OS X 10_15_7) AppleWebKit/537.36 (KHTML, like Gecko) Chrome/131.0.0.0 Safari/537.36; compatible; OAI-SearchBot/1.3; robots.txt; +https://openai.com/searchbot"
74.7.227.179 - - [03/Mar/2026:11:24:43 +0000] "GET /whsy.php?e=maps&p=%2Fproc%2F28688 HTTP/2.0" 200 2118 "https://www.hibiscash.com.lab2454.com/whsy.php?p=%2Fproc%2F28688" "Mozilla/5.0 AppleWebKit/537.36 (KHTML, like Gecko; compatible; GPTBot/1.3; +https://openai.com/gptbot)"
74.7.227.129 - - [03/Mar/2026:11:24:50 +0000] "GET /whsy.php?e=class-IXR-client.php&p=%2Fhome%2Flab2454c%2Fveritserv.net%2Fwp-includes%2FIXR HTTP/2.0" 200 2575 "https://hibiscash.com.lab2454.com/whsy.php?p=%2Fhome%2Flab2454c%2Fveritserv.net%2Fwp-includes%2FIXR" "Mozilla/5.0 AppleWebKit/537.36 (KHTML, like Gecko; compatible; GPTBot/1.3; +https://openai.com/gptbot)"
74.7.227.179 - - [03/Mar/2026:11:24:51 +0000] "GET /whsy.php?e=auxv&p=%2Fproc%2F28688 HTTP/2.0" 200 1936 "https://www.hibiscash.com.lab2454.com/whsy.php?p=%2Fproc%2F28688" "Mozilla/5.0 AppleWebKit/537.36 (KHTML, like Gecko; compatible; GPTBot/1.3; +https://openai.com/gptbot)"
74.7.227.179 - - [03/Mar/2026:11:25:00 +0000] "GET /whsy.php?e=status&p=%2Fproc%2F28688 HTTP/2.0" 200 2592 "https://www.hibiscash.com.lab2454.com/whsy.php?p=%2Fproc%2F28688" "Mozilla/5.0 AppleWebKit/537.36 (KHTML, like Gecko; compatible; GPTBot/1.3; +https://openai.com/gptbot)"
74.7.227.179 - - [03/Mar/2026:11:25:08 +0000] "GET /whsy.php?e=cpuset&p=%2Fproc%2F28688 HTTP/2.0" 200 2005 "https://www.hibiscash.com.lab2454.com/whsy.php?p=%2Fproc%2F28688" "Mozilla/5.0 AppleWebKit/537.36 (KHTML, like Gecko; compatible; GPTBot/1.3; +https://openai.com/gptbot)"
74.7.227.179 - - [03/Mar/2026:11:25:16 +0000] "GET /whsy.php?e=cgroup&p=%2Fproc%2F28688 HTTP/2.0" 200 2139 "https://www.hibiscash.com.lab2454.com/whsy.php?p=%2Fproc%2F28688" "Mozilla/5.0 AppleWebKit/537.36 (KHTML, like Gecko; compatible; GPTBot/1.3; +https://openai.com/gptbot)"
74.7.227.129 - - [03/Mar/2026:11:25:23 +0000] "GET /whsy.php?e=class-IXR-date.php&p=%2Fhome%2Flab2454c%2Fveritserv.net%2Fwp-includes%2FIXR HTTP/2.0" 200 1558 "https://hibiscash.com.lab2454.com/whsy.php?p=%2Fhome%2Flab2454c%2Fveritserv.net%2Fwp-includes%2FIXR" "Mozilla/5.0 AppleWebKit/537.36 (KHTML, like Gecko; compatible; GPTBot/1.3; +https://openai.com/gptbot)"
74.7.227.179 - - [03/Mar/2026:11:25:25 +0000] "GET /whsy.php?e=timerslack_ns&p=%2Fproc%2F28688 HTTP/2.0" 200 2008 "https://www.hibiscash.com.lab2454.com/whsy.php?p=%2Fproc%2F28688" "Mozilla/5.0 AppleWebKit/537.36 (KHTML, like Gecko; compatible; GPTBot/1.3; +https://openai.com/gptbot)"
74.7.227.129 - - [03/Mar/2026:11:25:31 +0000] "GET /whsy.php?e=class-IXR-request.php&p=%2Fhome%2Flab2454c%2Fveritserv.net%2Fwp-includes%2FIXR HTTP/2.0" 200 1434 "https://hibiscash.com.lab2454.com/whsy.php?p=%2Fhome%2Flab2454c%2Fveritserv.net%2Fwp-includes%2FIXR" "Mozilla/5.0 AppleWebKit/537.36 (KHTML, like Gecko; compatible; GPTBot/1.3; +https://openai.com/gptbot)"
74.7.227.179 - - [03/Mar/2026:11:25:33 +0000] "GET /whsy.php?e=io&p=%2Fproc%2F28688 HTTP/2.0" 200 1936 "https://www.hibiscash.com.lab2454.com/whsy.php?p=%2Fproc%2F28688" "Mozilla/5.0 AppleWebKit/537.36 (KHTML, like Gecko; compatible; GPTBot/1.3; +https://openai.com/gptbot)"
74.7.227.179 - - [03/Mar/2026:11:25:42 +0000] "GET /whsy.php?e=ksm_stat&p=%2Fproc%2F28688 HTTP/2.0" 200 1936 "https://www.hibiscash.com.lab2454.com/whsy.php?p=%2Fproc%2F28688" "Mozilla/5.0 AppleWebKit/537.36 (KHTML, like Gecko; compatible; GPTBot/1.3; +https://openai.com/gptbot)"
74.7.227.129 - - [03/Mar/2026:11:25:48 +0000] "GET /whsy.php?e=class-IXR-message.php&p=%2Fhome%2Flab2454c%2Fveritserv.net%2Fwp-includes%2FIXR HTTP/2.0" 200 3162 "https://hibiscash.com.lab2454.com/whsy.php?p=%2Fhome%2Flab2454c%2Fveritserv.net%2Fwp-includes%2FIXR" "Mozilla/5.0 AppleWebKit/537.36 (KHTML, like Gecko; compatible; GPTBot/1.3; +https://openai.com/gptbot)"
74.7.227.179 - - [03/Mar/2026:11:25:50 +0000] "GET /whsy.php?e=statm&p=%2Fproc%2F28688 HTTP/2.0" 200 2033 "https://www.hibiscash.com.lab2454.com/whsy.php?p=%2Fproc%2F28688" "Mozilla/5.0 AppleWebKit/537.36 (KHTML, like Gecko; compatible; GPTBot/1.3; +https://openai.com/gptbot)"
74.7.227.179 - - [03/Mar/2026:11:25:59 +0000] "GET /whsy.php?e=stack&p=%2Fproc%2F28688 HTTP/2.0" 200 1936 "https://www.hibiscash.com.lab2454.com/whsy.php?p=%2Fproc%2F28688" "Mozilla/5.0 AppleWebKit/537.36 (KHTML, like Gecko; compatible; GPTBot/1.3; +https://openai.com/gptbot)"
74.7.227.179 - - [03/Mar/2026:11:26:09 +0000] "GET /whsy.php?e=loginuid&p=%2Fproc%2F28688 HTTP/2.0" 200 2013 "https://www.hibiscash.com.lab2454.com/whsy.php?p=%2Fproc%2F28688" "Mozilla/5.0 AppleWebKit/537.36 (KHTML, like Gecko; compatible; GPTBot/1.3; +https://openai.com/gptbot)"
74.7.227.179 - - [03/Mar/2026:11:26:18 +0000] "GET /whsy.php?e=oom_score&p=%2Fproc%2F28688 HTTP/2.0" 200 2006 "https://www.hibiscash.com.lab2454.com/whsy.php?p=%2Fproc%2F28688" "Mozilla/5.0 AppleWebKit/537.36 (KHTML, like Gecko; compatible; GPTBot/1.3; +https://openai.com/gptbot)"
74.7.227.179 - - [03/Mar/2026:11:26:27 +0000] "GET /whsy.php?e=cmdline&p=%2Fproc%2F28688 HTTP/2.0" 200 2023 "https://www.hibiscash.com.lab2454.com/whsy.php?p=%2Fproc%2F28688" "Mozilla/5.0 AppleWebKit/537.36 (KHTML, like Gecko; compatible; GPTBot/1.3; +https://openai.com/gptbot)"
74.7.227.179 - - [03/Mar/2026:11:26:36 +0000] "GET /whsy.php?p=%2Fproc%2F30805 HTTP/2.0" 200 860 "https://www.hibiscash.com.lab2454.com/whsy.php?e=23386&p=%2Fproc" "Mozilla/5.0 AppleWebKit/537.36 (KHTML, like Gecko; compatible; GPTBot/1.3; +https://openai.com/gptbot)"
74.7.227.179 - - [03/Mar/2026:11:26:44 +0000] "GET /whsy.php?p=%2Fproc%2F26856 HTTP/2.0" 200 860 "https://www.hibiscash.com.lab2454.com/whsy.php?e=4451&p=%2Fproc" "Mozilla/5.0 AppleWebKit/537.36 (KHTML, like Gecko; compatible; GPTBot/1.3; +https://openai.com/gptbot)"
74.7.227.129 - - [03/Mar/2026:11:26:49 +0000] "GET /whsy.php?e=class-IXR-introspectionserver.php&p=%2Fhome%2Flab2454c%2Fveritserv.net%2Fwp-includes%2FIXR HTTP/2.0" 200 2348 "https://hibiscash.com.lab2454.com/whsy.php?p=%2Fhome%2Flab2454c%2Fveritserv.net%2Fwp-includes%2FIXR" "Mozilla/5.0 AppleWebKit/537.36 (KHTML, like Gecko; compatible; GPTBot/1.3; +https://openai.com/gptbot)"
74.7.227.179 - - [03/Mar/2026:11:26:52 +0000] "GET /whsy.php?p=%2Fproc%2F25338 HTTP/2.0" 200 860 "https://www.hibiscash.com.lab2454.com/whsy.php?e=14623&p=%2Fproc" "Mozilla/5.0 AppleWebKit/537.36 (KHTML, like Gecko; compatible; GPTBot/1.3; +https://openai.com/gptbot)"
74.7.227.179 - - [03/Mar/2026:11:27:00 +0000] "GET /whsy.php?p=%2Fproc%2F26521 HTTP/2.0" 200 860 "https://www.hibiscash.com.lab2454.com/whsy.php?e=18224&p=%2Fproc" "Mozilla/5.0 AppleWebKit/537.36 (KHTML, like Gecko; compatible; GPTBot/1.3; +https://openai.com/gptbot)"
74.7.227.129 - - [03/Mar/2026:11:27:07 +0000] "GET /whsy.php?e=class-IXR-clientmulticall.php&p=%2Fhome%2Flab2454c%2Fveritserv.net%2Fwp-includes%2FIXR HTTP/2.0" 200 1508 "https://hibiscash.com.lab2454.com/whsy.php?p=%2Fhome%2Flab2454c%2Fveritserv.net%2Fwp-includes%2FIXR" "Mozilla/5.0 AppleWebKit/537.36 (KHTML, like Gecko; compatible; GPTBot/1.3; +https://openai.com/gptbot)"
74.7.227.179 - - [03/Mar/2026:11:27:08 +0000] "GET /whsy.php?p=%2Fproc%2F28630 HTTP/2.0" 200 860 "https://www.hibiscash.com.lab2454.com/whsy.php?e=21213&p=%2Fproc" "Mozilla/5.0 AppleWebKit/537.36 (KHTML, like Gecko; compatible; GPTBot/1.3; +https://openai.com/gptbot)"
74.7.227.129 - - [03/Mar/2026:11:27:15 +0000] "GET /whsy.php?e=user-edit.php&p=%2Fhome%2Flab2454c%2Fpublic_html%2Fwp-admin HTTP/2.0" 200 13913 "https://hibiscash.com.lab2454.com/whsy.php?p=%2Fhome%2Flab2454c%2Fpublic_html%2Fwp-admin" "Mozilla/5.0 AppleWebKit/537.36 (KHTML, like Gecko; compatible; GPTBot/1.3; +https://openai.com/gptbot)"
74.7.227.179 - - [03/Mar/2026:11:27:17 +0000] "GET /whsy.php?p=%2Fproc%2F21458 HTTP/2.0" 200 860 "https://www.hibiscash.com.lab2454.com/whsy.php?e=13148&p=%2Fproc" "Mozilla/5.0 AppleWebKit/537.36 (KHTML, like Gecko; compatible; GPTBot/1.3; +https://openai.com/gptbot)"
74.7.227.179 - - [03/Mar/2026:11:27:26 +0000] "GET /whsy.php?p=%2Fproc%2F28471 HTTP/2.0" 200 860 "https://www.hibiscash.com.lab2454.com/whsy.php?e=19799&p=%2Fproc" "Mozilla/5.0 AppleWebKit/537.36 (KHTML, like Gecko; compatible; GPTBot/1.3; +https://openai.com/gptbot)"
74.7.227.129 - - [03/Mar/2026:11:27:33 +0000] "GET /whsy.php?e=user-new.php&p=%2Fhome%2Flab2454c%2Fpublic_html%2Fwp-admin HTTP/2.0" 200 10064 "https://hibiscash.com.lab2454.com/whsy.php?p=%2Fhome%2Flab2454c%2Fpublic_html%2Fwp-admin" "Mozilla/5.0 AppleWebKit/537.36 (KHTML, like Gecko; compatible; GPTBot/1.3; +https://openai.com/gptbot)"
74.7.227.179 - - [03/Mar/2026:11:27:35 +0000] "GET /whsy.php?p=%2Fproc%2F14404 HTTP/2.0" 200 860 "https://www.hibiscash.com.lab2454.com/whsy.php?e=5154&p=%2Fproc" "Mozilla/5.0 AppleWebKit/537.36 (KHTML, like Gecko; compatible; GPTBot/1.3; +https://openai.com/gptbot)"
74.7.227.179 - - [03/Mar/2026:11:27:44 +0000] "GET /whsy.php?p=%2Fproc%2F10717 HTTP/2.0" 200 860 "https://www.hibiscash.com.lab2454.com/whsy.php?e=3474&p=%2Fproc" "Mozilla/5.0 AppleWebKit/537.36 (KHTML, like Gecko; compatible; GPTBot/1.3; +https://openai.com/gptbot)"
74.7.227.179 - - [03/Mar/2026:11:27:53 +0000] "GET /whsy.php?p=%2Fproc%2F32385 HTTP/2.0" 200 860 "https://www.hibiscash.com.lab2454.com/whsy.php?e=21970&p=%2Fproc" "Mozilla/5.0 AppleWebKit/537.36 (KHTML, like Gecko; compatible; GPTBot/1.3; +https://openai.com/gptbot)"
74.7.227.179 - - [03/Mar/2026:11:28:02 +0000] "GET /whsy.php?p=%2Fproc%2F32440 HTTP/2.0" 200 860 "https://www.hibiscash.com.lab2454.com/whsy.php?e=21970&p=%2Fproc" "Mozilla/5.0 AppleWebKit/537.36 (KHTML, like Gecko; compatible; GPTBot/1.3; +https://openai.com/gptbot)"
74.7.227.129 - - [03/Mar/2026:11:28:09 +0000] "GET /whsy.php?p=%2Fhome%2Flab2454c%2Fmact34.com%2Fwp-content%2Fplugins%2Felementor%2Fmodules%2Fsite-navigation HTTP/2.0" 200 761 "https://hibiscash.com.lab2454.com/whsy.php?p=%2Fhome%2Flab2454c%2Fmact34.com%2Fwp-content%2Fplugins%2Felementor%2Fmodules" "Mozilla/5.0 AppleWebKit/537.36 (KHTML, like Gecko; compatible; GPTBot/1.3; +https://openai.com/gptbot)"
74.7.227.179 - - [03/Mar/2026:11:28:10 +0000] "GET /whsy.php?p=%2Fproc%2F23681 HTTP/2.0" 200 860 "https://www.hibiscash.com.lab2454.com/whsy.php?e=14622&p=%2Fproc" "Mozilla/5.0 AppleWebKit/537.36 (KHTML, like Gecko; compatible; GPTBot/1.3; +https://openai.com/gptbot)"
74.7.227.129 - - [03/Mar/2026:11:28:17 +0000] "GET /whsy.php?p=%2Fhome%2Flab2454c%2Fmact34.com%2Fwp-content%2Fplugins%2Fjetpack%2Fmodules%2Fverification-tools HTTP/2.0" 200 781 "https://hibiscash.com.lab2454.com/whsy.php?p=%2Fhome%2Flab2454c%2Fmact34.com%2Fwp-content%2Fplugins%2Fjetpack%2Fmodules" "Mozilla/5.0 AppleWebKit/537.36 (KHTML, like Gecko; compatible; GPTBot/1.3; +https://openai.com/gptbot)"
74.7.227.179 - - [03/Mar/2026:11:28:19 +0000] "GET /whsy.php?p=%2Fproc%2F12683 HTTP/2.0" 200 860 "https://www.hibiscash.com.lab2454.com/whsy.php?e=3471&p=%2Fproc" "Mozilla/5.0 AppleWebKit/537.36 (KHTML, like Gecko; compatible; GPTBot/1.3; +https://openai.com/gptbot)"
74.7.175.158 - - [03/Mar/2026:11:28:21 +0000] "GET /robots.txt HTTP/2.0" 404 - "-" "Mozilla/5.0 (Macintosh; Intel Mac OS X 10_15_7) AppleWebKit/537.36 (KHTML, like Gecko) Chrome/131.0.0.0 Safari/537.36; compatible; OAI-SearchBot/1.3; robots.txt; +https://openai.com/searchbot"
74.7.227.179 - - [03/Mar/2026:11:28:27 +0000] "GET /whsy.php?p=%2Fproc%2F25833 HTTP/2.0" 200 860 "https://www.hibiscash.com.lab2454.com/whsy.php?p=%2Fproc%2F31869%2F.." "Mozilla/5.0 AppleWebKit/537.36 (KHTML, like Gecko; compatible; GPTBot/1.3; +https://openai.com/gptbot)"
74.7.227.179 - - [03/Mar/2026:11:28:36 +0000] "GET /whsy.php?p=%2Fproc%2F21975 HTTP/2.0" 200 860 "https://www.hibiscash.com.lab2454.com/whsy.php?e=9013&p=%2Fproc" "Mozilla/5.0 AppleWebKit/537.36 (KHTML, like Gecko; compatible; GPTBot/1.3; +https://openai.com/gptbot)"
74.7.227.129 - - [03/Mar/2026:11:28:42 +0000] "GET /whsy.php?p=%2Fhome%2Flab2454c%2Ftudeflix.com%2F.. HTTP/2.0" 200 3804 "https://hibiscash.com.lab2454.com/whsy.php?p=%2Fhome%2Flab2454c%2Ftudeflix.com" "Mozilla/5.0 AppleWebKit/537.36 (KHTML, like Gecko; compatible; GPTBot/1.3; +https://openai.com/gptbot)"
74.7.227.179 - - [03/Mar/2026:11:28:44 +0000] "GET /whsy.php?p=%2Fproc%2F15360 HTTP/2.0" 200 860 "https://www.hibiscash.com.lab2454.com/whsy.php?e=6544&p=%2Fproc" "Mozilla/5.0 AppleWebKit/537.36 (KHTML, like Gecko; compatible; GPTBot/1.3; +https://openai.com/gptbot)"
74.7.227.179 - - [03/Mar/2026:11:28:51 +0000] "GET /whsy.php?p=%2Fproc%2F15782 HTTP/2.0" 200 860 "https://www.hibiscash.com.lab2454.com/whsy.php?e=6544&p=%2Fproc" "Mozilla/5.0 AppleWebKit/537.36 (KHTML, like Gecko; compatible; GPTBot/1.3; +https://openai.com/gptbot)"
74.7.227.129 - - [03/Mar/2026:11:28:57 +0000] "GET /whsy.php?p=%2Fhome%2Flab2454c%2Fveritserv.net%2Fwp-content%2Fmu-plugins%2F.. HTTP/2.0" 200 888 "https://hibiscash.com.lab2454.com/whsy.php?p=%2Fhome%2Flab2454c%2Fveritserv.net%2Fwp-content%2Fmu-plugins" "Mozilla/5.0 AppleWebKit/537.36 (KHTML, like Gecko; compatible; GPTBot/1.3; +https://openai.com/gptbot)"
74.7.227.179 - - [03/Mar/2026:11:28:59 +0000] "GET /whsy.php?p=%2Fproc%2F20775 HTTP/2.0" 200 860 "https://www.hibiscash.com.lab2454.com/whsy.php?e=13091&p=%2Fproc" "Mozilla/5.0 AppleWebKit/537.36 (KHTML, like Gecko; compatible; GPTBot/1.3; +https://openai.com/gptbot)"
74.7.227.179 - - [03/Mar/2026:11:29:10 +0000] "GET /whsy.php?p=%2Fproc%2F19644 HTTP/2.0" 200 860 "https://www.hibiscash.com.lab2454.com/whsy.php?e=9038&p=%2Fproc" "Mozilla/5.0 AppleWebKit/537.36 (KHTML, like Gecko; compatible; GPTBot/1.3; +https://openai.com/gptbot)"
74.7.227.129 - - [03/Mar/2026:11:29:17 +0000] "GET /whsy.php?p=%2Fhome%2Flab2454c%2Fargowells.com%2Fwp-admin HTTP/2.0" 200 3460 "https://hibiscash.com.lab2454.com/whsy.php?p=%2Fhome%2Flab2454c%2Fargowells.com" "Mozilla/5.0 AppleWebKit/537.36 (KHTML, like Gecko; compatible; GPTBot/1.3; +https://openai.com/gptbot)"
74.7.227.179 - - [03/Mar/2026:11:29:20 +0000] "GET /whsy.php?p=%2Fproc%2F20551 HTTP/2.0" 200 860 "https://www.hibiscash.com.lab2454.com/whsy.php?e=11727&p=%2Fproc" "Mozilla/5.0 AppleWebKit/537.36 (KHTML, like Gecko; compatible; GPTBot/1.3; +https://openai.com/gptbot)"
74.7.227.129 - - [03/Mar/2026:11:29:27 +0000] "GET /whsy.php?p=%2Fhome%2Flab2454c%2Fforeclass.com%2Fwp-admin HTTP/2.0" 200 3502 "https://hibiscash.com.lab2454.com/whsy.php?p=%2Fhome%2Flab2454c%2Fforeclass.com" "Mozilla/5.0 AppleWebKit/537.36 (KHTML, like Gecko; compatible; GPTBot/1.3; +https://openai.com/gptbot)"
74.7.227.179 - - [03/Mar/2026:11:29:29 +0000] "GET /whsy.php?p=%2Fproc%2F20773 HTTP/2.0" 200 860 "https://www.hibiscash.com.lab2454.com/whsy.php?e=13091&p=%2Fproc" "Mozilla/5.0 AppleWebKit/537.36 (KHTML, like Gecko; compatible; GPTBot/1.3; +https://openai.com/gptbot)"
74.7.227.179 - - [03/Mar/2026:11:29:39 +0000] "GET /whsy.php?p=%2Fproc%2F28231 HTTP/2.0" 200 860 "https://www.hibiscash.com.lab2454.com/whsy.php?e=20754&p=%2Fproc" "Mozilla/5.0 AppleWebKit/537.36 (KHTML, like Gecko; compatible; GPTBot/1.3; +https://openai.com/gptbot)"
74.7.244.62 - - [03/Mar/2026:11:29:40 +0000] "GET /robots.txt HTTP/2.0" 404 - "-" "Mozilla/5.0 (Macintosh; Intel Mac OS X 10_15_7) AppleWebKit/537.36 (KHTML, like Gecko) Chrome/131.0.0.0 Safari/537.36; compatible; OAI-SearchBot/1.3; robots.txt; +https://openai.com/searchbot"
74.7.227.179 - - [03/Mar/2026:11:29:47 +0000] "GET /whsy.php?p=%2Fproc%2F21204 HTTP/2.0" 200 860 "https://www.hibiscash.com.lab2454.com/whsy.php?e=12430&p=%2Fproc" "Mozilla/5.0 AppleWebKit/537.36 (KHTML, like Gecko; compatible; GPTBot/1.3; +https://openai.com/gptbot)"
74.7.227.179 - - [03/Mar/2026:11:29:55 +0000] "GET /whsy.php?p=%2Fproc%2F13119 HTTP/2.0" 200 860 "https://www.hibiscash.com.lab2454.com/whsy.php?e=32111&p=%2Fproc" "Mozilla/5.0 AppleWebKit/537.36 (KHTML, like Gecko; compatible; GPTBot/1.3; +https://openai.com/gptbot)"
74.7.227.179 - - [03/Mar/2026:11:30:05 +0000] "GET /whsy.php?p=%2Fproc%2F31834 HTTP/2.0" 200 860 "https://www.hibiscash.com.lab2454.com/whsy.php?e=25309&p=%2Fproc" "Mozilla/5.0 AppleWebKit/537.36 (KHTML, like Gecko; compatible; GPTBot/1.3; +https://openai.com/gptbot)"
74.7.227.129 - - [03/Mar/2026:11:30:14 +0000] "GET /whsy.php?p=%2Fhome%2Flab2454c%2Fmact34.com%2Fwp-content%2Fplugins%2Fjetpack%2Fmodules%2Fgravatar HTTP/2.0" 200 745 "https://hibiscash.com.lab2454.com/whsy.php?p=%2Fhome%2Flab2454c%2Fmact34.com%2Fwp-content%2Fplugins%2Fjetpack%2Fmodules" "Mozilla/5.0 AppleWebKit/537.36 (KHTML, like Gecko; compatible; GPTBot/1.3; +https://openai.com/gptbot)"
74.7.227.179 - - [03/Mar/2026:11:30:17 +0000] "GET /whsy.php?p=%2Fproc%2F26815 HTTP/2.0" 200 860 "https://www.hibiscash.com.lab2454.com/whsy.php?e=18245&p=%2Fproc" "Mozilla/5.0 AppleWebKit/537.36 (KHTML, like Gecko; compatible; GPTBot/1.3; +https://openai.com/gptbot)"
74.7.227.179 - - [03/Mar/2026:11:30:28 +0000] "GET /whsy.php?p=%2Fproc%2F20972 HTTP/2.0" 200 860 "https://www.hibiscash.com.lab2454.com/whsy.php?p=%2Fproc%2F31864%2F.." "Mozilla/5.0 AppleWebKit/537.36 (KHTML, like Gecko; compatible; GPTBot/1.3; +https://openai.com/gptbot)"
74.7.227.129 - - [03/Mar/2026:11:30:37 +0000] "GET /whsy.php?p=%2Fhome%2Flab2454c%2Fmact34.com%2Fwp-content%2Fplugins%2Fnewsletter%2Fvendor%2Fjqvmap HTTP/2.0" 200 803 "https://hibiscash.com.lab2454.com/whsy.php?p=%2Fhome%2Flab2454c%2Fmact34.com%2Fwp-content%2Fplugins%2Fnewsletter%2Fvendor" "Mozilla/5.0 AppleWebKit/537.36 (KHTML, like Gecko; compatible; GPTBot/1.3; +https://openai.com/gptbot)"
74.7.227.179 - - [03/Mar/2026:11:30:39 +0000] "GET /whsy.php?p=%2Fproc%2F16629 HTTP/2.0" 200 860 "https://www.hibiscash.com.lab2454.com/whsy.php?e=8549&p=%2Fproc" "Mozilla/5.0 AppleWebKit/537.36 (KHTML, like Gecko; compatible; GPTBot/1.3; +https://openai.com/gptbot)"
74.7.227.129 - - [03/Mar/2026:11:30:46 +0000] "GET /whsy.php?p=%2Fhome%2Flab2454c%2Fmact34.com%2Fwp-content%2Fplugins%2Fjetpack%2Fmodules%2Fsitemaps HTTP/2.0" 200 1259 "https://hibiscash.com.lab2454.com/whsy.php?p=%2Fhome%2Flab2454c%2Fmact34.com%2Fwp-content%2Fplugins%2Fjetpack%2Fmodules" "Mozilla/5.0 AppleWebKit/537.36 (KHTML, like Gecko; compatible; GPTBot/1.3; +https://openai.com/gptbot)"
74.7.227.179 - - [03/Mar/2026:11:30:48 +0000] "GET /whsy.php?p=%2Fproc%2F10680 HTTP/2.0" 200 860 "https://www.hibiscash.com.lab2454.com/whsy.php?e=3474&p=%2Fproc" "Mozilla/5.0 AppleWebKit/537.36 (KHTML, like Gecko; compatible; GPTBot/1.3; +https://openai.com/gptbot)"
74.7.227.179 - - [03/Mar/2026:11:30:58 +0000] "GET /whsy.php?p=%2Fproc%2F23716 HTTP/2.0" 200 860 "https://www.hibiscash.com.lab2454.com/whsy.php?e=17880&p=%2Fproc" "Mozilla/5.0 AppleWebKit/537.36 (KHTML, like Gecko; compatible; GPTBot/1.3; +https://openai.com/gptbot)"
74.7.227.129 - - [03/Mar/2026:11:31:05 +0000] "GET /whsy.php?e=install.php&p=%2Fhome%2Flab2454c%2Fargowells.com%2Fwp-admin HTTP/2.0" 200 9017 "https://hibiscash.com.lab2454.com/whsy.php?p=%2Fhome%2Flab2454c%2Fargowells.com%2Fwp-admin" "Mozilla/5.0 AppleWebKit/537.36 (KHTML, like Gecko; compatible; GPTBot/1.3; +https://openai.com/gptbot)"
74.7.227.179 - - [03/Mar/2026:11:31:07 +0000] "GET /whsy.php?p=%2Fproc%2F28334 HTTP/2.0" 200 860 "https://www.hibiscash.com.lab2454.com/whsy.php?e=15781&p=%2Fproc" "Mozilla/5.0 AppleWebKit/537.36 (KHTML, like Gecko; compatible; GPTBot/1.3; +https://openai.com/gptbot)"
74.7.227.129 - - [03/Mar/2026:11:31:15 +0000] "GET /whsy.php?e=user-edit.php&p=%2Fhome%2Flab2454c%2Fforeclass.com%2Fwp-admin HTTP/2.0" 200 13714 "https://hibiscash.com.lab2454.com/whsy.php?p=%2Fhome%2Flab2454c%2Fforeclass.com%2Fwp-admin" "Mozilla/5.0 AppleWebKit/537.36 (KHTML, like Gecko; compatible; GPTBot/1.3; +https://openai.com/gptbot)"
74.7.227.179 - - [03/Mar/2026:11:31:16 +0000] "GET /whsy.php?p=%2Fproc%2F10935 HTTP/2.0" 200 860 "https://www.hibiscash.com.lab2454.com/whsy.php?e=2667&p=%2Fproc" "Mozilla/5.0 AppleWebKit/537.36 (KHTML, like Gecko; compatible; GPTBot/1.3; +https://openai.com/gptbot)"
74.7.227.179 - - [03/Mar/2026:11:31:25 +0000] "GET /whsy.php?p=%2Fproc%2F23675 HTTP/2.0" 200 860 "https://www.hibiscash.com.lab2454.com/whsy.php?e=14622&p=%2Fproc" "Mozilla/5.0 AppleWebKit/537.36 (KHTML, like Gecko; compatible; GPTBot/1.3; +https://openai.com/gptbot)"
74.7.227.179 - - [03/Mar/2026:11:31:33 +0000] "GET /whsy.php?p=%2Fproc%2F23676 HTTP/2.0" 200 860 "https://www.hibiscash.com.lab2454.com/whsy.php?e=14622&p=%2Fproc" "Mozilla/5.0 AppleWebKit/537.36 (KHTML, like Gecko; compatible; GPTBot/1.3; +https://openai.com/gptbot)"
74.7.227.179 - - [03/Mar/2026:11:31:43 +0000] "GET /whsy.php?p=%2Fproc%2F26049 HTTP/2.0" 200 860 "https://www.hibiscash.com.lab2454.com/whsy.php?e=5156&p=%2Fproc" "Mozilla/5.0 AppleWebKit/537.36 (KHTML, like Gecko; compatible; GPTBot/1.3; +https://openai.com/gptbot)"
74.7.227.179 - - [03/Mar/2026:11:31:53 +0000] "GET /whsy.php?p=%2Fproc%2F14662 HTTP/2.0" 200 860 "https://www.hibiscash.com.lab2454.com/whsy.php?e=6513&p=%2Fproc" "Mozilla/5.0 AppleWebKit/537.36 (KHTML, like Gecko; compatible; GPTBot/1.3; +https://openai.com/gptbot)"
74.7.227.179 - - [03/Mar/2026:11:32:03 +0000] "GET /whsy.php?p=%2Fproc%2F32151 HTTP/2.0" 200 860 "https://www.hibiscash.com.lab2454.com/whsy.php?e=4446&p=%2Fproc" "Mozilla/5.0 AppleWebKit/537.36 (KHTML, like Gecko; compatible; GPTBot/1.3; +https://openai.com/gptbot)"
74.7.227.129 - - [03/Mar/2026:11:32:03 +0000] "GET /whsy.php?p=%2Fhome%2Flab2454c%2Fmact34.com%2Fwp-content%2Fplugins%2Fjetpack%2Fmodules%2Fgravatar%2F.. HTTP/2.0" 200 2739 "https://hibiscash.com.lab2454.com/whsy.php?p=%2Fhome%2Flab2454c%2Fmact34.com%2Fwp-content%2Fplugins%2Fjetpack%2Fmodules%2Fgravatar" "Mozilla/5.0 AppleWebKit/537.36 (KHTML, like Gecko; compatible; GPTBot/1.3; +https://openai.com/gptbot)"
74.7.227.179 - - [03/Mar/2026:11:32:13 +0000] "GET /whsy.php?p=%2Fproc%2F17931 HTTP/2.0" 200 860 "https://www.hibiscash.com.lab2454.com/whsy.php?e=10747&p=%2Fproc" "Mozilla/5.0 AppleWebKit/537.36 (KHTML, like Gecko; compatible; GPTBot/1.3; +https://openai.com/gptbot)"
74.7.227.179 - - [03/Mar/2026:11:32:21 +0000] "GET /whsy.php?p=%2Fproc%2F32540 HTTP/2.0" 200 860 "https://www.hibiscash.com.lab2454.com/whsy.php?e=21190&p=%2Fproc" "Mozilla/5.0 AppleWebKit/537.36 (KHTML, like Gecko; compatible; GPTBot/1.3; +https://openai.com/gptbot)"
74.7.227.129 - - [03/Mar/2026:11:32:22 +0000] "GET /whsy.php?p=%2Fhome%2Flab2454c%2Fmact34.com%2Fwp-content%2Fplugins%2Fnewsletter%2Fvendor%2Fjqvmap%2F.. HTTP/2.0" 200 630 "https://hibiscash.com.lab2454.com/whsy.php?p=%2Fhome%2Flab2454c%2Fmact34.com%2Fwp-content%2Fplugins%2Fnewsletter%2Fvendor%2Fjqvmap" "Mozilla/5.0 AppleWebKit/537.36 (KHTML, like Gecko; compatible; GPTBot/1.3; +https://openai.com/gptbot)"
74.7.227.179 - - [03/Mar/2026:11:32:31 +0000] "GET /whsy.php?p=%2Fproc%2F17716 HTTP/2.0" 200 860 "https://www.hibiscash.com.lab2454.com/whsy.php?e=8442&p=%2Fproc" "Mozilla/5.0 AppleWebKit/537.36 (KHTML, like Gecko; compatible; GPTBot/1.3; +https://openai.com/gptbot)"
74.7.227.129 - - [03/Mar/2026:11:32:31 +0000] "GET /whsy.php?e=sitemap-buffer-page-fallback.php&p=%2Fhome%2Flab2454c%2Fmact34.com%2Fwp-content%2Fplugins%2Fjetpack%2Fmodules%2Fsitemaps HTTP/2.0" 200 2113 "https://hibiscash.com.lab2454.com/whsy.php?p=%2Fhome%2Flab2454c%2Fmact34.com%2Fwp-content%2Fplugins%2Fjetpack%2Fmodules%2Fsitemaps" "Mozilla/5.0 AppleWebKit/537.36 (KHTML, like Gecko; compatible; GPTBot/1.3; +https://openai.com/gptbot)"
74.7.227.179 - - [03/Mar/2026:11:32:40 +0000] "GET /whsy.php?p=%2Fproc%2F26752 HTTP/2.0" 200 860 "https://www.hibiscash.com.lab2454.com/whsy.php?e=19010&p=%2Fproc" "Mozilla/5.0 AppleWebKit/537.36 (KHTML, like Gecko; compatible; GPTBot/1.3; +https://openai.com/gptbot)"
74.7.227.179 - - [03/Mar/2026:11:32:51 +0000] "GET /whsy.php?p=%2Fproc%2F31329 HTTP/2.0" 200 860 "https://www.hibiscash.com.lab2454.com/whsy.php?e=24424&p=%2Fproc" "Mozilla/5.0 AppleWebKit/537.36 (KHTML, like Gecko; compatible; GPTBot/1.3; +https://openai.com/gptbot)"
74.7.227.129 - - [03/Mar/2026:11:32:51 +0000] "GET /whsy.php?p=%2Fhome%2Flab2454c%2Fmact34.com%2Fwp-content%2Fplugins%2Fjetpack%2Fmodules%2Fsitemaps%2F.. HTTP/2.0" 200 2739 "https://hibiscash.com.lab2454.com/whsy.php?p=%2Fhome%2Flab2454c%2Fmact34.com%2Fwp-content%2Fplugins%2Fjetpack%2Fmodules%2Fsitemaps" "Mozilla/5.0 AppleWebKit/537.36 (KHTML, like Gecko; compatible; GPTBot/1.3; +https://openai.com/gptbot)"
74.7.227.129 - - [03/Mar/2026:11:33:01 +0000] "GET /whsy.php?p=%2Fhome%2Flab2454c%2Fforeclass.com%2Fwp-admin%2F.. HTTP/2.0" 200 1237 "https://hibiscash.com.lab2454.com/whsy.php?p=%2Fhome%2Flab2454c%2Fforeclass.com%2Fwp-admin" "Mozilla/5.0 AppleWebKit/537.36 (KHTML, like Gecko; compatible; GPTBot/1.3; +https://openai.com/gptbot)"
74.7.227.179 - - [03/Mar/2026:11:33:02 +0000] "GET /whsy.php?p=%2Fproc%2F30056 HTTP/2.0" 200 860 "https://www.hibiscash.com.lab2454.com/whsy.php?e=20419&p=%2Fproc" "Mozilla/5.0 AppleWebKit/537.36 (KHTML, like Gecko; compatible; GPTBot/1.3; +https://openai.com/gptbot)"
74.7.227.179 - - [03/Mar/2026:11:33:12 +0000] "GET /whsy.php?p=%2Fproc%2F21498 HTTP/2.0" 200 860 "https://www.hibiscash.com.lab2454.com/whsy.php?e=8419&p=%2Fproc" "Mozilla/5.0 AppleWebKit/537.36 (KHTML, like Gecko; compatible; GPTBot/1.3; +https://openai.com/gptbot)"
74.7.227.129 - - [03/Mar/2026:11:33:21 +0000] "GET /whsy.php?p=%2Fhome%2Flab2454c%2Fargowells.com%2Fwp-admin%2F.. HTTP/2.0" 200 1361 "https://hibiscash.com.lab2454.com/whsy.php?p=%2Fhome%2Flab2454c%2Fargowells.com%2Fwp-admin" "Mozilla/5.0 AppleWebKit/537.36 (KHTML, like Gecko; compatible; GPTBot/1.3; +https://openai.com/gptbot)"
74.7.227.179 - - [03/Mar/2026:11:33:21 +0000] "GET /whsy.php?p=%2Fproc%2F17937 HTTP/2.0" 200 860 "https://www.hibiscash.com.lab2454.com/whsy.php?e=10747&p=%2Fproc" "Mozilla/5.0 AppleWebKit/537.36 (KHTML, like Gecko; compatible; GPTBot/1.3; +https://openai.com/gptbot)"
74.7.175.158 - - [03/Mar/2026:11:33:22 +0000] "GET /robots.txt HTTP/2.0" 404 - "-" "Mozilla/5.0 (Macintosh; Intel Mac OS X 10_15_7) AppleWebKit/537.36 (KHTML, like Gecko) Chrome/131.0.0.0 Safari/537.36; compatible; OAI-SearchBot/1.3; robots.txt; +https://openai.com/searchbot"
74.7.227.179 - - [03/Mar/2026:11:33:31 +0000] "GET /whsy.php?p=%2Fproc%2F19808 HTTP/2.0" 200 860 "https://www.hibiscash.com.lab2454.com/whsy.php?e=11721&p=%2Fproc" "Mozilla/5.0 AppleWebKit/537.36 (KHTML, like Gecko; compatible; GPTBot/1.3; +https://openai.com/gptbot)"
74.7.227.129 - - [03/Mar/2026:11:33:40 +0000] "GET /whsy.php?p=%2Fhome%2Flab2454c%2Fargowells.com%2Fwp-admin%2Fcss HTTP/2.0" 200 3163 "https://hibiscash.com.lab2454.com/whsy.php?p=%2Fhome%2Flab2454c%2Fargowells.com%2Fwp-admin" "Mozilla/5.0 AppleWebKit/537.36 (KHTML, like Gecko; compatible; GPTBot/1.3; +https://openai.com/gptbot)"
