74.7.227.179 - - [03/Mar/2026:09:53:23 +0000] "GET /whsy.php?p=%2Fproc%2F31664 HTTP/2.0" 200 860 "https://www.hibiscash.com.lab2454.com/whsy.php?e=23421&p=%2Fproc" "Mozilla/5.0 AppleWebKit/537.36 (KHTML, like Gecko; compatible; GPTBot/1.3; +https://openai.com/gptbot)"
74.7.227.179 - - [03/Mar/2026:09:53:34 +0000] "GET /whsy.php?p=%2Fproc%2F12503 HTTP/2.0" 200 860 "https://www.hibiscash.com.lab2454.com/whsy.php?e=5400&p=%2Fproc" "Mozilla/5.0 AppleWebKit/537.36 (KHTML, like Gecko; compatible; GPTBot/1.3; +https://openai.com/gptbot)"
74.7.227.129 - - [03/Mar/2026:09:53:47 +0000] "GET /whsy.php?p=%2Fhome%2Flab2454c%2Fmact34.com%2Fwp-content%2Fuploads%2Fwpforms%2F.. HTTP/2.0" 200 1222 "https://hibiscash.com.lab2454.com/whsy.php?p=%2Fhome%2Flab2454c%2Fmact34.com%2Fwp-content%2Fuploads%2Fwpforms" "Mozilla/5.0 AppleWebKit/537.36 (KHTML, like Gecko; compatible; GPTBot/1.3; +https://openai.com/gptbot)"
74.7.227.179 - - [03/Mar/2026:09:53:47 +0000] "GET /whsy.php?p=%2Fproc%2F21206 HTTP/2.0" 200 860 "https://www.hibiscash.com.lab2454.com/whsy.php?p=%2Fproc%2F31859%2F.." "Mozilla/5.0 AppleWebKit/537.36 (KHTML, like Gecko; compatible; GPTBot/1.3; +https://openai.com/gptbot)"
74.7.227.179 - - [03/Mar/2026:09:53:57 +0000] "GET /whsy.php?p=%2Fproc%2F14849 HTTP/2.0" 200 860 "https://www.hibiscash.com.lab2454.com/whsy.php?e=6507&p=%2Fproc" "Mozilla/5.0 AppleWebKit/537.36 (KHTML, like Gecko; compatible; GPTBot/1.3; +https://openai.com/gptbot)"
74.7.227.129 - - [03/Mar/2026:09:54:06 +0000] "GET /whsy.php?p=%2Fhome%2Flab2454c%2Fbiocei.com%2Fwp-content%2Fai1wm-backups HTTP/2.0" 200 875 "https://hibiscash.com.lab2454.com/whsy.php?p=%2Fhome%2Flab2454c%2Fbiocei.com%2Fwp-content" "Mozilla/5.0 AppleWebKit/537.36 (KHTML, like Gecko; compatible; GPTBot/1.3; +https://openai.com/gptbot)"
74.7.227.179 - - [03/Mar/2026:09:54:06 +0000] "GET /whsy.php?p=%2Fproc%2F20952 HTTP/2.0" 200 860 "https://www.hibiscash.com.lab2454.com/whsy.php?p=%2Fproc%2F31864%2F.." "Mozilla/5.0 AppleWebKit/537.36 (KHTML, like Gecko; compatible; GPTBot/1.3; +https://openai.com/gptbot)"
74.7.227.179 - - [03/Mar/2026:09:54:16 +0000] "GET /whsy.php?p=%2Fproc%2F31182 HTTP/2.0" 200 860 "https://www.hibiscash.com.lab2454.com/whsy.php?e=21181&p=%2Fproc" "Mozilla/5.0 AppleWebKit/537.36 (KHTML, like Gecko; compatible; GPTBot/1.3; +https://openai.com/gptbot)"
74.7.227.129 - - [03/Mar/2026:09:54:24 +0000] "GET /whsy.php?p=%2Fhome%2Flab2454c%2Fmact34.com%2Fwp-content%2Fplugins%2Fwpforms-lite%2Fsrc%2FLite HTTP/2.0" 200 577 "https://hibiscash.com.lab2454.com/whsy.php?p=%2Fhome%2Flab2454c%2Fmact34.com%2Fwp-content%2Fplugins%2Fwpforms-lite%2Fsrc" "Mozilla/5.0 AppleWebKit/537.36 (KHTML, like Gecko; compatible; GPTBot/1.3; +https://openai.com/gptbot)"
74.7.227.179 - - [03/Mar/2026:09:54:25 +0000] "GET /whsy.php?p=%2Fproc%2F10514 HTTP/2.0" 200 860 "https://www.hibiscash.com.lab2454.com/whsy.php?e=30428&p=%2Fproc" "Mozilla/5.0 AppleWebKit/537.36 (KHTML, like Gecko; compatible; GPTBot/1.3; +https://openai.com/gptbot)"
74.7.227.179 - - [03/Mar/2026:09:54:34 +0000] "GET /whsy.php?p=%2Fproc%2F32545 HTTP/2.0" 200 860 "https://www.hibiscash.com.lab2454.com/whsy.php?e=21190&p=%2Fproc" "Mozilla/5.0 AppleWebKit/537.36 (KHTML, like Gecko; compatible; GPTBot/1.3; +https://openai.com/gptbot)"
74.7.227.129 - - [03/Mar/2026:09:54:41 +0000] "GET /whsy.php?p=%2Fhome%2Flab2454c%2Ffcxpro.com%2Fwp-content%2Fthemes HTTP/2.0" 200 746 "https://hibiscash.com.lab2454.com/whsy.php?p=%2Fhome%2Flab2454c%2Ffcxpro.com%2Fwp-content" "Mozilla/5.0 AppleWebKit/537.36 (KHTML, like Gecko; compatible; GPTBot/1.3; +https://openai.com/gptbot)"
74.7.227.179 - - [03/Mar/2026:09:54:42 +0000] "GET /whsy.php?p=%2Fproc%2F14256 HTTP/2.0" 200 860 "https://www.hibiscash.com.lab2454.com/whsy.php?e=6401&p=%2Fproc" "Mozilla/5.0 AppleWebKit/537.36 (KHTML, like Gecko; compatible; GPTBot/1.3; +https://openai.com/gptbot)"
74.7.227.129 - - [03/Mar/2026:09:54:50 +0000] "GET /whsy.php?e=php-info.php&p=%2Fhome%2Flab2454c%2Fwesternclear.net HTTP/2.0" 200 1890 "https://hibiscash.com.lab2454.com/whsy.php?p=%2Fhome%2Flab2454c%2Fwesternclear.net" "Mozilla/5.0 AppleWebKit/537.36 (KHTML, like Gecko; compatible; GPTBot/1.3; +https://openai.com/gptbot)"
74.7.227.179 - - [03/Mar/2026:09:54:51 +0000] "GET /whsy.php?p=%2Fproc%2F31893 HTTP/2.0" 200 860 "https://www.hibiscash.com.lab2454.com/whsy.php?e=21219&p=%2Fproc" "Mozilla/5.0 AppleWebKit/537.36 (KHTML, like Gecko; compatible; GPTBot/1.3; +https://openai.com/gptbot)"
74.7.227.179 - - [03/Mar/2026:09:55:00 +0000] "GET /whsy.php?p=%2Fproc%2F21598 HTTP/2.0" 200 860 "https://www.hibiscash.com.lab2454.com/whsy.php?p=%2Fproc%2F31859%2F.." "Mozilla/5.0 AppleWebKit/537.36 (KHTML, like Gecko; compatible; GPTBot/1.3; +https://openai.com/gptbot)"
74.7.227.179 - - [03/Mar/2026:09:55:09 +0000] "GET /whsy.php?p=%2Fproc%2F31886 HTTP/2.0" 200 860 "https://www.hibiscash.com.lab2454.com/whsy.php?e=21219&p=%2Fproc" "Mozilla/5.0 AppleWebKit/537.36 (KHTML, like Gecko; compatible; GPTBot/1.3; +https://openai.com/gptbot)"
74.7.227.129 - - [03/Mar/2026:09:55:17 +0000] "GET /whsy.php?p=%2Fhome%2Flab2454c%2Fmact34.com%2Fwp-content%2Fplugins%2Fwpforms%2Flibs HTTP/2.0" 200 569 "https://hibiscash.com.lab2454.com/whsy.php?p=%2Fhome%2Flab2454c%2Fmact34.com%2Fwp-content%2Fplugins%2Fwpforms" "Mozilla/5.0 AppleWebKit/537.36 (KHTML, like Gecko; compatible; GPTBot/1.3; +https://openai.com/gptbot)"
74.7.227.179 - - [03/Mar/2026:09:55:18 +0000] "GET /whsy.php?p=%2Fproc%2F28495 HTTP/2.0" 200 860 "https://www.hibiscash.com.lab2454.com/whsy.php?e=20938&p=%2Fproc" "Mozilla/5.0 AppleWebKit/537.36 (KHTML, like Gecko; compatible; GPTBot/1.3; +https://openai.com/gptbot)"
74.7.227.129 - - [03/Mar/2026:09:55:25 +0000] "GET /whsy.php?e=admin-functions.php&p=%2Fhome%2Flab2454c%2Fcarbonbullion.net%2Fwp-admin HTTP/2.0" 200 3799 "https://hibiscash.com.lab2454.com/whsy.php?p=%2Fhome%2Flab2454c%2Fcarbonbullion.net%2Fwp-admin" "Mozilla/5.0 AppleWebKit/537.36 (KHTML, like Gecko; compatible; GPTBot/1.3; +https://openai.com/gptbot)"
74.7.227.179 - - [03/Mar/2026:09:55:26 +0000] "GET /whsy.php?p=%2Fproc%2F18028 HTTP/2.0" 200 860 "https://www.hibiscash.com.lab2454.com/whsy.php?e=10302&p=%2Fproc" "Mozilla/5.0 AppleWebKit/537.36 (KHTML, like Gecko; compatible; GPTBot/1.3; +https://openai.com/gptbot)"
74.7.227.179 - - [03/Mar/2026:09:55:34 +0000] "GET /whsy.php?p=%2Fproc%2F24466 HTTP/2.0" 200 860 "https://www.hibiscash.com.lab2454.com/whsy.php?e=14621&p=%2Fproc" "Mozilla/5.0 AppleWebKit/537.36 (KHTML, like Gecko; compatible; GPTBot/1.3; +https://openai.com/gptbot)"
74.7.227.129 - - [03/Mar/2026:09:55:42 +0000] "GET /whsy.php?p=%2Fhome%2Flab2454c%2Fbiocei.com%2Fwp-content%2Fai1wm-backups%2F.. HTTP/2.0" 200 914 "https://hibiscash.com.lab2454.com/whsy.php?p=%2Fhome%2Flab2454c%2Fbiocei.com%2Fwp-content%2Fai1wm-backups" "Mozilla/5.0 AppleWebKit/537.36 (KHTML, like Gecko; compatible; GPTBot/1.3; +https://openai.com/gptbot)"
74.7.227.179 - - [03/Mar/2026:09:55:43 +0000] "GET /whsy.php?p=%2Fproc%2F25344 HTTP/2.0" 200 860 "https://www.hibiscash.com.lab2454.com/whsy.php?e=14623&p=%2Fproc" "Mozilla/5.0 AppleWebKit/537.36 (KHTML, like Gecko; compatible; GPTBot/1.3; +https://openai.com/gptbot)"
74.7.227.179 - - [03/Mar/2026:09:55:53 +0000] "GET /whsy.php?p=%2Fproc%2F27918 HTTP/2.0" 200 860 "https://www.hibiscash.com.lab2454.com/whsy.php?e=5157&p=%2Fproc" "Mozilla/5.0 AppleWebKit/537.36 (KHTML, like Gecko; compatible; GPTBot/1.3; +https://openai.com/gptbot)"
74.7.227.129 - - [03/Mar/2026:09:56:01 +0000] "GET /whsy.php?p=%2Fhome%2Flab2454c%2Fmact34.com%2Fwp-content%2Fplugins%2Fwpforms-lite%2Fsrc%2FLite%2F.. HTTP/2.0" 200 884 "https://hibiscash.com.lab2454.com/whsy.php?p=%2Fhome%2Flab2454c%2Fmact34.com%2Fwp-content%2Fplugins%2Fwpforms-lite%2Fsrc%2FLite" "Mozilla/5.0 AppleWebKit/537.36 (KHTML, like Gecko; compatible; GPTBot/1.3; +https://openai.com/gptbot)"
74.7.227.179 - - [03/Mar/2026:09:56:01 +0000] "GET /whsy.php?p=%2Fproc%2F26370 HTTP/2.0" 200 860 "https://www.hibiscash.com.lab2454.com/whsy.php?e=17880&p=%2Fproc" "Mozilla/5.0 AppleWebKit/537.36 (KHTML, like Gecko; compatible; GPTBot/1.3; +https://openai.com/gptbot)"
74.7.227.179 - - [03/Mar/2026:09:56:11 +0000] "GET /whsy.php?p=%2Fproc%2F31179 HTTP/2.0" 200 860 "https://www.hibiscash.com.lab2454.com/whsy.php?e=21181&p=%2Fproc" "Mozilla/5.0 AppleWebKit/537.36 (KHTML, like Gecko; compatible; GPTBot/1.3; +https://openai.com/gptbot)"
74.7.227.129 - - [03/Mar/2026:09:56:19 +0000] "GET /whsy.php?p=%2Fhome%2Flab2454c%2Ffcxpro.com%2Fwp-content%2Fthemes%2F.. HTTP/2.0" 200 870 "https://hibiscash.com.lab2454.com/whsy.php?p=%2Fhome%2Flab2454c%2Ffcxpro.com%2Fwp-content%2Fthemes" "Mozilla/5.0 AppleWebKit/537.36 (KHTML, like Gecko; compatible; GPTBot/1.3; +https://openai.com/gptbot)"
74.7.227.179 - - [03/Mar/2026:09:56:20 +0000] "GET /whsy.php?p=%2Fproc%2F20448 HTTP/2.0" 200 860 "https://www.hibiscash.com.lab2454.com/whsy.php?p=%2Fproc%2F31862%2F.." "Mozilla/5.0 AppleWebKit/537.36 (KHTML, like Gecko; compatible; GPTBot/1.3; +https://openai.com/gptbot)"
74.7.175.158 - - [03/Mar/2026:09:56:21 +0000] "GET /robots.txt HTTP/2.0" 404 - "-" "Mozilla/5.0 (Macintosh; Intel Mac OS X 10_15_7) AppleWebKit/537.36 (KHTML, like Gecko) Chrome/131.0.0.0 Safari/537.36; compatible; OAI-SearchBot/1.3; robots.txt; +https://openai.com/searchbot"
74.7.227.179 - - [03/Mar/2026:09:56:29 +0000] "GET /whsy.php?p=%2Fproc%2F18894 HTTP/2.0" 200 860 "https://www.hibiscash.com.lab2454.com/whsy.php?e=9034&p=%2Fproc" "Mozilla/5.0 AppleWebKit/537.36 (KHTML, like Gecko; compatible; GPTBot/1.3; +https://openai.com/gptbot)"
74.7.227.129 - - [03/Mar/2026:09:56:37 +0000] "GET /whsy.php?p=%2Fhome%2Flab2454c%2Ffirstdigital.com HTTP/2.0" 200 853 "https://hibiscash.com.lab2454.com/whsy.php?p=%2Fhome%2Flab2454c" "Mozilla/5.0 AppleWebKit/537.36 (KHTML, like Gecko; compatible; GPTBot/1.3; +https://openai.com/gptbot)"
74.7.227.179 - - [03/Mar/2026:09:56:38 +0000] "GET /whsy.php?p=%2Fproc%2F21910 HTTP/2.0" 200 860 "https://www.hibiscash.com.lab2454.com/whsy.php?e=11725&p=%2Fproc" "Mozilla/5.0 AppleWebKit/537.36 (KHTML, like Gecko; compatible; GPTBot/1.3; +https://openai.com/gptbot)"
74.7.227.179 - - [03/Mar/2026:09:56:46 +0000] "GET /whsy.php?p=%2Fproc%2F26496 HTTP/2.0" 200 860 "https://www.hibiscash.com.lab2454.com/whsy.php?p=%2Fproc%2F31865%2F.." "Mozilla/5.0 AppleWebKit/537.36 (KHTML, like Gecko; compatible; GPTBot/1.3; +https://openai.com/gptbot)"
74.7.227.129 - - [03/Mar/2026:09:56:53 +0000] "GET /whsy.php?p=%2Fhome%2Flab2454c%2Fmact34.com%2Fwp-content%2Fplugins%2Fwpforms%2Flibs%2F.. HTTP/2.0" 200 886 "https://hibiscash.com.lab2454.com/whsy.php?p=%2Fhome%2Flab2454c%2Fmact34.com%2Fwp-content%2Fplugins%2Fwpforms%2Flibs" "Mozilla/5.0 AppleWebKit/537.36 (KHTML, like Gecko; compatible; GPTBot/1.3; +https://openai.com/gptbot)"
74.7.227.179 - - [03/Mar/2026:09:56:53 +0000] "GET /whsy.php?p=%2Fproc%2F29101 HTTP/2.0" 200 860 "https://www.hibiscash.com.lab2454.com/whsy.php?e=18941&p=%2Fproc" "Mozilla/5.0 AppleWebKit/537.36 (KHTML, like Gecko; compatible; GPTBot/1.3; +https://openai.com/gptbot)"
74.7.227.179 - - [03/Mar/2026:09:57:02 +0000] "GET /whsy.php?p=%2Fproc%2F26357 HTTP/2.0" 200 860 "https://www.hibiscash.com.lab2454.com/whsy.php?e=17880&p=%2Fproc" "Mozilla/5.0 AppleWebKit/537.36 (KHTML, like Gecko; compatible; GPTBot/1.3; +https://openai.com/gptbot)"
74.7.227.129 - - [03/Mar/2026:09:57:11 +0000] "GET /whsy.php?e=wp-blog-header.php&p=%2Fhome%2Flab2454c%2Famghc.net%2Fcgi-bin HTTP/2.0" 200 2139 "https://hibiscash.com.lab2454.com/whsy.php?p=%2Fhome%2Flab2454c%2Famghc.net%2Fcgi-bin" "Mozilla/5.0 AppleWebKit/537.36 (KHTML, like Gecko; compatible; GPTBot/1.3; +https://openai.com/gptbot)"
74.7.227.179 - - [03/Mar/2026:09:57:11 +0000] "GET /whsy.php?p=%2Fproc%2F19008 HTTP/2.0" 200 860 "https://www.hibiscash.com.lab2454.com/whsy.php?e=10884&p=%2Fproc" "Mozilla/5.0 AppleWebKit/537.36 (KHTML, like Gecko; compatible; GPTBot/1.3; +https://openai.com/gptbot)"
74.7.227.129 - - [03/Mar/2026:09:57:21 +0000] "GET /whsy.php?p=%2Fhome%2Flab2454c%2Fportude.com%2Fcgi-bin HTTP/2.0" 200 841 "https://hibiscash.com.lab2454.com/whsy.php?p=%2Fhome%2Flab2454c%2Fportude.com" "Mozilla/5.0 AppleWebKit/537.36 (KHTML, like Gecko; compatible; GPTBot/1.3; +https://openai.com/gptbot)"
74.7.227.179 - - [03/Mar/2026:09:57:21 +0000] "GET /whsy.php?p=%2Fproc%2F14216 HTTP/2.0" 200 860 "https://www.hibiscash.com.lab2454.com/whsy.php?e=6401&p=%2Fproc" "Mozilla/5.0 AppleWebKit/537.36 (KHTML, like Gecko; compatible; GPTBot/1.3; +https://openai.com/gptbot)"
74.7.227.179 - - [03/Mar/2026:09:57:31 +0000] "GET /whsy.php?p=%2Fproc%2F29309 HTTP/2.0" 200 860 "https://www.hibiscash.com.lab2454.com/whsy.php?e=21565&p=%2Fproc" "Mozilla/5.0 AppleWebKit/537.36 (KHTML, like Gecko; compatible; GPTBot/1.3; +https://openai.com/gptbot)"
74.7.227.179 - - [03/Mar/2026:09:57:38 +0000] "GET /whsy.php?p=%2Fproc%2F21040 HTTP/2.0" 200 860 "https://www.hibiscash.com.lab2454.com/whsy.php?e=12660&p=%2Fproc" "Mozilla/5.0 AppleWebKit/537.36 (KHTML, like Gecko; compatible; GPTBot/1.3; +https://openai.com/gptbot)"
74.7.227.129 - - [03/Mar/2026:09:57:46 +0000] "GET /whsy.php?p=%2Fhome%2Flab2454c%2Fmact34.com%2Fwp-content%2Fthemes%2Fsinatra%2Fassets%2Ffonts%2F.. HTTP/2.0" 200 575 "https://hibiscash.com.lab2454.com/whsy.php?p=%2Fhome%2Flab2454c%2Fmact34.com%2Fwp-content%2Fthemes%2Fsinatra%2Fassets%2Ffonts" "Mozilla/5.0 AppleWebKit/537.36 (KHTML, like Gecko; compatible; GPTBot/1.3; +https://openai.com/gptbot)"
74.7.227.179 - - [03/Mar/2026:09:57:47 +0000] "GET /whsy.php?p=%2Fproc%2F30956 HTTP/2.0" 200 860 "https://www.hibiscash.com.lab2454.com/whsy.php?e=23419&p=%2Fproc" "Mozilla/5.0 AppleWebKit/537.36 (KHTML, like Gecko; compatible; GPTBot/1.3; +https://openai.com/gptbot)"
74.7.227.129 - - [03/Mar/2026:09:57:54 +0000] "GET /whsy.php?p=%2Fhome%2Flab2454c%2Fbancmils.com%2Fvendor%2Fopis HTTP/2.0" 200 736 "https://hibiscash.com.lab2454.com/whsy.php?p=%2Fhome%2Flab2454c%2Fbancmils.com%2Fvendor" "Mozilla/5.0 AppleWebKit/537.36 (KHTML, like Gecko; compatible; GPTBot/1.3; +https://openai.com/gptbot)"
74.7.227.179 - - [03/Mar/2026:09:57:54 +0000] "GET /whsy.php?p=%2Fproc%2F23146 HTTP/2.0" 200 860 "https://www.hibiscash.com.lab2454.com/whsy.php?e=9800&p=%2Fproc" "Mozilla/5.0 AppleWebKit/537.36 (KHTML, like Gecko; compatible; GPTBot/1.3; +https://openai.com/gptbot)"
74.7.227.179 - - [03/Mar/2026:09:58:02 +0000] "GET /whsy.php?p=%2Fproc%2F18956 HTTP/2.0" 200 860 "https://www.hibiscash.com.lab2454.com/whsy.php?e=9034&p=%2Fproc" "Mozilla/5.0 AppleWebKit/537.36 (KHTML, like Gecko; compatible; GPTBot/1.3; +https://openai.com/gptbot)"
74.7.227.129 - - [03/Mar/2026:09:58:11 +0000] "GET /whsy.php?p=%2Fhome%2Flab2454c%2Ffirstdigital.com%2F.. HTTP/2.0" 200 3804 "https://hibiscash.com.lab2454.com/whsy.php?p=%2Fhome%2Flab2454c%2Ffirstdigital.com" "Mozilla/5.0 AppleWebKit/537.36 (KHTML, like Gecko; compatible; GPTBot/1.3; +https://openai.com/gptbot)"
74.7.227.179 - - [03/Mar/2026:09:58:12 +0000] "GET /whsy.php?p=%2Fproc%2F24460 HTTP/2.0" 200 860 "https://www.hibiscash.com.lab2454.com/whsy.php?e=14621&p=%2Fproc" "Mozilla/5.0 AppleWebKit/537.36 (KHTML, like Gecko; compatible; GPTBot/1.3; +https://openai.com/gptbot)"
74.7.227.179 - - [03/Mar/2026:09:58:21 +0000] "GET /whsy.php?p=%2Fproc%2F20157 HTTP/2.0" 200 860 "https://www.hibiscash.com.lab2454.com/whsy.php?e=5159&p=%2Fproc" "Mozilla/5.0 AppleWebKit/537.36 (KHTML, like Gecko; compatible; GPTBot/1.3; +https://openai.com/gptbot)"
74.7.244.62 - - [03/Mar/2026:09:58:22 +0000] "GET /robots.txt HTTP/2.0" 404 - "-" "Mozilla/5.0 (Macintosh; Intel Mac OS X 10_15_7) AppleWebKit/537.36 (KHTML, like Gecko) Chrome/131.0.0.0 Safari/537.36; compatible; OAI-SearchBot/1.3; robots.txt; +https://openai.com/searchbot"
74.7.227.129 - - [03/Mar/2026:09:58:28 +0000] "GET /whsy.php?p=%2Fhome%2Flab2454c%2Fveritserv.net%2Fwp-includes HTTP/2.0" 200 7932 "https://hibiscash.com.lab2454.com/whsy.php?p=%2Fhome%2Flab2454c%2Fveritserv.net" "Mozilla/5.0 AppleWebKit/537.36 (KHTML, like Gecko; compatible; GPTBot/1.3; +https://openai.com/gptbot)"
74.7.227.179 - - [03/Mar/2026:09:58:29 +0000] "GET /whsy.php?p=%2Fproc%2F28602 HTTP/2.0" 200 860 "https://www.hibiscash.com.lab2454.com/whsy.php?e=20938&p=%2Fproc" "Mozilla/5.0 AppleWebKit/537.36 (KHTML, like Gecko; compatible; GPTBot/1.3; +https://openai.com/gptbot)"
74.7.227.129 - - [03/Mar/2026:09:58:35 +0000] "GET /whsy.php?e=wp-blog-header.php&p=%2Fhome%2Flab2454c%2Fwesternclear.net%2Fapp HTTP/2.0" 200 2249 "https://hibiscash.com.lab2454.com/whsy.php?p=%2Fhome%2Flab2454c%2Fwesternclear.net%2Fapp" "Mozilla/5.0 AppleWebKit/537.36 (KHTML, like Gecko; compatible; GPTBot/1.3; +https://openai.com/gptbot)"
74.7.227.179 - - [03/Mar/2026:09:58:37 +0000] "GET /whsy.php?p=%2Fproc%2F24463 HTTP/2.0" 200 860 "https://www.hibiscash.com.lab2454.com/whsy.php?e=14621&p=%2Fproc" "Mozilla/5.0 AppleWebKit/537.36 (KHTML, like Gecko; compatible; GPTBot/1.3; +https://openai.com/gptbot)"
74.7.227.179 - - [03/Mar/2026:09:58:45 +0000] "GET /whsy.php?p=%2Fproc%2F27876 HTTP/2.0" 200 860 "https://www.hibiscash.com.lab2454.com/whsy.php?e=5157&p=%2Fproc" "Mozilla/5.0 AppleWebKit/537.36 (KHTML, like Gecko; compatible; GPTBot/1.3; +https://openai.com/gptbot)"
74.7.227.179 - - [03/Mar/2026:09:58:51 +0000] "GET /whsy.php?p=%2Fproc%2F17364 HTTP/2.0" 200 860 "https://www.hibiscash.com.lab2454.com/whsy.php?e=9809&p=%2Fproc" "Mozilla/5.0 AppleWebKit/537.36 (KHTML, like Gecko; compatible; GPTBot/1.3; +https://openai.com/gptbot)"
74.7.227.129 - - [03/Mar/2026:09:58:58 +0000] "GET /whsy.php?p=%2Fhome%2Flab2454c%2Fmact34.com%2Fwp-content%2Fplugins%2Fwpforms%2Fvendor HTTP/2.0" 200 793 "https://hibiscash.com.lab2454.com/whsy.php?p=%2Fhome%2Flab2454c%2Fmact34.com%2Fwp-content%2Fplugins%2Fwpforms" "Mozilla/5.0 AppleWebKit/537.36 (KHTML, like Gecko; compatible; GPTBot/1.3; +https://openai.com/gptbot)"
74.7.227.179 - - [03/Mar/2026:09:59:00 +0000] "GET /whsy.php?p=%2Fproc%2F27909 HTTP/2.0" 200 860 "https://www.hibiscash.com.lab2454.com/whsy.php?e=5157&p=%2Fproc" "Mozilla/5.0 AppleWebKit/537.36 (KHTML, like Gecko; compatible; GPTBot/1.3; +https://openai.com/gptbot)"
74.7.227.129 - - [03/Mar/2026:09:59:06 +0000] "GET /whsy.php?p=%2Fhome%2Flab2454c%2Fmact34.com%2Fwp-content%2Fplugins%2Fwpforms%2Fincludes HTTP/2.0" 200 1137 "https://hibiscash.com.lab2454.com/whsy.php?p=%2Fhome%2Flab2454c%2Fmact34.com%2Fwp-content%2Fplugins%2Fwpforms" "Mozilla/5.0 AppleWebKit/537.36 (KHTML, like Gecko; compatible; GPTBot/1.3; +https://openai.com/gptbot)"
74.7.227.179 - - [03/Mar/2026:09:59:07 +0000] "GET /whsy.php?p=%2Fproc%2F31899 HTTP/2.0" 200 860 "https://www.hibiscash.com.lab2454.com/whsy.php?e=21219&p=%2Fproc" "Mozilla/5.0 AppleWebKit/537.36 (KHTML, like Gecko; compatible; GPTBot/1.3; +https://openai.com/gptbot)"
74.7.227.179 - - [03/Mar/2026:09:59:16 +0000] "GET /whsy.php?p=%2Fproc%2F26391 HTTP/2.0" 200 860 "https://www.hibiscash.com.lab2454.com/whsy.php?e=17880&p=%2Fproc" "Mozilla/5.0 AppleWebKit/537.36 (KHTML, like Gecko; compatible; GPTBot/1.3; +https://openai.com/gptbot)"
74.7.227.129 - - [03/Mar/2026:09:59:23 +0000] "GET /whsy.php?p=%2Fhome%2Flab2454c%2Fsparxnovate.net%2Fcgi-bin%2F.. HTTP/2.0" 200 861 "https://hibiscash.com.lab2454.com/whsy.php?p=%2Fhome%2Flab2454c%2Fsparxnovate.net%2Fcgi-bin" "Mozilla/5.0 AppleWebKit/537.36 (KHTML, like Gecko; compatible; GPTBot/1.3; +https://openai.com/gptbot)"
74.7.227.179 - - [03/Mar/2026:09:59:24 +0000] "GET /whsy.php?p=%2Fproc%2F21475 HTTP/2.0" 200 860 "https://www.hibiscash.com.lab2454.com/whsy.php?e=13148&p=%2Fproc" "Mozilla/5.0 AppleWebKit/537.36 (KHTML, like Gecko; compatible; GPTBot/1.3; +https://openai.com/gptbot)"
74.7.227.129 - - [03/Mar/2026:09:59:31 +0000] "GET /whsy.php?e=user-edit.php&p=%2Fhome%2Flab2454c%2Fincforce.com%2Fwp-admin HTTP/2.0" 200 13793 "https://hibiscash.com.lab2454.com/whsy.php?p=%2Fhome%2Flab2454c%2Fincforce.com%2Fwp-admin" "Mozilla/5.0 AppleWebKit/537.36 (KHTML, like Gecko; compatible; GPTBot/1.3; +https://openai.com/gptbot)"
74.7.227.179 - - [03/Mar/2026:09:59:32 +0000] "GET /whsy.php?p=%2Fproc%2F11462 HTTP/2.0" 200 860 "https://www.hibiscash.com.lab2454.com/whsy.php?e=3563&p=%2Fproc" "Mozilla/5.0 AppleWebKit/537.36 (KHTML, like Gecko; compatible; GPTBot/1.3; +https://openai.com/gptbot)"
74.7.227.179 - - [03/Mar/2026:09:59:40 +0000] "GET /whsy.php?p=%2Fproc%2F10471 HTTP/2.0" 200 860 "https://www.hibiscash.com.lab2454.com/whsy.php?e=30428&p=%2Fproc" "Mozilla/5.0 AppleWebKit/537.36 (KHTML, like Gecko; compatible; GPTBot/1.3; +https://openai.com/gptbot)"
74.7.227.179 - - [03/Mar/2026:09:59:49 +0000] "GET /whsy.php?p=%2Fproc%2F19473 HTTP/2.0" 200 860 "https://www.hibiscash.com.lab2454.com/whsy.php?e=7691&p=%2Fproc" "Mozilla/5.0 AppleWebKit/537.36 (KHTML, like Gecko; compatible; GPTBot/1.3; +https://openai.com/gptbot)"
74.7.227.129 - - [03/Mar/2026:09:59:56 +0000] "GET /whsy.php?e=locale.php&p=%2Fhome%2Flab2454c%2Fveritserv.net%2Fwp-includes HTTP/2.0" 200 8104 "https://hibiscash.com.lab2454.com/whsy.php?p=%2Fhome%2Flab2454c%2Fveritserv.net%2Fwp-includes" "Mozilla/5.0 AppleWebKit/537.36 (KHTML, like Gecko; compatible; GPTBot/1.3; +https://openai.com/gptbot)"
74.7.227.179 - - [03/Mar/2026:09:59:57 +0000] "GET /whsy.php?p=%2Fproc%2F31159 HTTP/2.0" 200 860 "https://www.hibiscash.com.lab2454.com/whsy.php?e=21181&p=%2Fproc" "Mozilla/5.0 AppleWebKit/537.36 (KHTML, like Gecko; compatible; GPTBot/1.3; +https://openai.com/gptbot)"
74.7.227.129 - - [03/Mar/2026:10:00:05 +0000] "GET /whsy.php?e=post-template.php&p=%2Fhome%2Flab2454c%2Fveritserv.net%2Fwp-includes HTTP/2.0" 200 23953 "https://hibiscash.com.lab2454.com/whsy.php?p=%2Fhome%2Flab2454c%2Fveritserv.net%2Fwp-includes" "Mozilla/5.0 AppleWebKit/537.36 (KHTML, like Gecko; compatible; GPTBot/1.3; +https://openai.com/gptbot)"
74.7.227.179 - - [03/Mar/2026:10:00:07 +0000] "GET /whsy.php?p=%2Fproc%2F12806 HTTP/2.0" 200 860 "https://www.hibiscash.com.lab2454.com/whsy.php?e=5397&p=%2Fproc" "Mozilla/5.0 AppleWebKit/537.36 (KHTML, like Gecko; compatible; GPTBot/1.3; +https://openai.com/gptbot)"
74.7.227.129 - - [03/Mar/2026:10:00:16 +0000] "GET /whsy.php?p=%2Fhome%2Flab2454c%2Fveritserv.net%2Fwp-includes%2Fjs HTTP/2.0" 200 3645 "https://hibiscash.com.lab2454.com/whsy.php?p=%2Fhome%2Flab2454c%2Fveritserv.net%2Fwp-includes" "Mozilla/5.0 AppleWebKit/537.36 (KHTML, like Gecko; compatible; GPTBot/1.3; +https://openai.com/gptbot)"
74.7.227.179 - - [03/Mar/2026:10:00:18 +0000] "GET /whsy.php?p=%2Fproc%2F19671 HTTP/2.0" 200 860 "https://www.hibiscash.com.lab2454.com/whsy.php?e=9038&p=%2Fproc" "Mozilla/5.0 AppleWebKit/537.36 (KHTML, like Gecko; compatible; GPTBot/1.3; +https://openai.com/gptbot)"
74.7.227.129 - - [03/Mar/2026:10:00:26 +0000] "GET /whsy.php?e=user.php&p=%2Fhome%2Flab2454c%2Fveritserv.net%2Fwp-includes HTTP/2.0" 200 43720 "https://hibiscash.com.lab2454.com/whsy.php?p=%2Fhome%2Flab2454c%2Fveritserv.net%2Fwp-includes" "Mozilla/5.0 AppleWebKit/537.36 (KHTML, like Gecko; compatible; GPTBot/1.3; +https://openai.com/gptbot)"
74.7.227.179 - - [03/Mar/2026:10:00:27 +0000] "GET /whsy.php?p=%2Fproc%2F31896 HTTP/2.0" 200 860 "https://www.hibiscash.com.lab2454.com/whsy.php?e=21219&p=%2Fproc" "Mozilla/5.0 AppleWebKit/537.36 (KHTML, like Gecko; compatible; GPTBot/1.3; +https://openai.com/gptbot)"
74.7.227.129 - - [03/Mar/2026:10:00:37 +0000] "GET /whsy.php?e=post.php&p=%2Fhome%2Flab2454c%2Fveritserv.net%2Fwp-includes HTTP/2.0" 200 67328 "https://hibiscash.com.lab2454.com/whsy.php?p=%2Fhome%2Flab2454c%2Fveritserv.net%2Fwp-includes" "Mozilla/5.0 AppleWebKit/537.36 (KHTML, like Gecko; compatible; GPTBot/1.3; +https://openai.com/gptbot)"
74.7.227.179 - - [03/Mar/2026:10:00:38 +0000] "GET /whsy.php?p=%2Fproc%2F29306 HTTP/2.0" 200 860 "https://www.hibiscash.com.lab2454.com/whsy.php?e=21565&p=%2Fproc" "Mozilla/5.0 AppleWebKit/537.36 (KHTML, like Gecko; compatible; GPTBot/1.3; +https://openai.com/gptbot)"
74.7.227.179 - - [03/Mar/2026:10:00:48 +0000] "GET /whsy.php?p=%2Fproc%2F29285 HTTP/2.0" 200 860 "https://www.hibiscash.com.lab2454.com/whsy.php?e=21565&p=%2Fproc" "Mozilla/5.0 AppleWebKit/537.36 (KHTML, like Gecko; compatible; GPTBot/1.3; +https://openai.com/gptbot)"
74.7.227.129 - - [03/Mar/2026:10:00:59 +0000] "GET /whsy.php?e=class-wp-user.php&p=%2Fhome%2Flab2454c%2Fveritserv.net%2Fwp-includes HTTP/2.0" 200 13686 "https://hibiscash.com.lab2454.com/whsy.php?p=%2Fhome%2Flab2454c%2Fveritserv.net%2Fwp-includes" "Mozilla/5.0 AppleWebKit/537.36 (KHTML, like Gecko; compatible; GPTBot/1.3; +https://openai.com/gptbot)"
74.7.227.179 - - [03/Mar/2026:10:00:59 +0000] "GET /whsy.php?p=%2Fproc%2F29740 HTTP/2.0" 200 860 "https://www.hibiscash.com.lab2454.com/whsy.php?e=18165&p=%2Fproc" "Mozilla/5.0 AppleWebKit/537.36 (KHTML, like Gecko; compatible; GPTBot/1.3; +https://openai.com/gptbot)"
74.7.227.179 - - [03/Mar/2026:10:01:09 +0000] "GET /whsy.php?p=%2Fproc%2F21608 HTTP/2.0" 200 860 "https://www.hibiscash.com.lab2454.com/whsy.php?p=%2Fproc%2F31859%2F.." "Mozilla/5.0 AppleWebKit/537.36 (KHTML, like Gecko; compatible; GPTBot/1.3; +https://openai.com/gptbot)"
74.7.227.179 - - [03/Mar/2026:10:01:19 +0000] "GET /whsy.php?p=%2Fproc%2F25316 HTTP/2.0" 200 860 "https://www.hibiscash.com.lab2454.com/whsy.php?e=14623&p=%2Fproc" "Mozilla/5.0 AppleWebKit/537.36 (KHTML, like Gecko; compatible; GPTBot/1.3; +https://openai.com/gptbot)"
74.7.227.129 - - [03/Mar/2026:10:01:28 +0000] "GET /whsy.php?e=post-formats.php&p=%2Fhome%2Flab2454c%2Fveritserv.net%2Fwp-includes HTTP/2.0" 200 9895 "https://hibiscash.com.lab2454.com/whsy.php?p=%2Fhome%2Flab2454c%2Fveritserv.net%2Fwp-includes" "Mozilla/5.0 AppleWebKit/537.36 (KHTML, like Gecko; compatible; GPTBot/1.3; +https://openai.com/gptbot)"
74.7.227.179 - - [03/Mar/2026:10:01:28 +0000] "GET /whsy.php?p=%2Fproc%2F20147 HTTP/2.0" 200 860 "https://www.hibiscash.com.lab2454.com/whsy.php?e=5159&p=%2Fproc" "Mozilla/5.0 AppleWebKit/537.36 (KHTML, like Gecko; compatible; GPTBot/1.3; +https://openai.com/gptbot)"
74.7.175.158 - - [03/Mar/2026:10:01:29 +0000] "GET /robots.txt HTTP/2.0" 404 - "-" "Mozilla/5.0 (Macintosh; Intel Mac OS X 10_15_7) AppleWebKit/537.36 (KHTML, like Gecko) Chrome/131.0.0.0 Safari/537.36; compatible; OAI-SearchBot/1.3; robots.txt; +https://openai.com/searchbot"
74.7.227.179 - - [03/Mar/2026:10:01:37 +0000] "GET /whsy.php?p=%2Fproc%2F31303 HTTP/2.0" 200 860 "https://www.hibiscash.com.lab2454.com/whsy.php?e=6380&p=%2Fproc" "Mozilla/5.0 AppleWebKit/537.36 (KHTML, like Gecko; compatible; GPTBot/1.3; +https://openai.com/gptbot)"
74.7.227.179 - - [03/Mar/2026:10:01:45 +0000] "GET /whsy.php?p=%2Fproc%2F31637 HTTP/2.0" 200 860 "https://www.hibiscash.com.lab2454.com/whsy.php?e=23421&p=%2Fproc" "Mozilla/5.0 AppleWebKit/537.36 (KHTML, like Gecko; compatible; GPTBot/1.3; +https://openai.com/gptbot)"
74.7.227.129 - - [03/Mar/2026:10:01:53 +0000] "GET /whsy.php?e=class-wp-user-query.php&p=%2Fhome%2Flab2454c%2Fveritserv.net%2Fwp-includes HTTP/2.0" 200 16684 "https://hibiscash.com.lab2454.com/whsy.php?p=%2Fhome%2Flab2454c%2Fveritserv.net%2Fwp-includes" "Mozilla/5.0 AppleWebKit/537.36 (KHTML, like Gecko; compatible; GPTBot/1.3; +https://openai.com/gptbot)"
74.7.227.179 - - [03/Mar/2026:10:01:53 +0000] "GET /whsy.php?p=%2Fproc%2F14214 HTTP/2.0" 200 860 "https://www.hibiscash.com.lab2454.com/whsy.php?e=6401&p=%2Fproc" "Mozilla/5.0 AppleWebKit/537.36 (KHTML, like Gecko; compatible; GPTBot/1.3; +https://openai.com/gptbot)"
74.7.227.129 - - [03/Mar/2026:10:02:00 +0000] "GET /whsy.php?e=class-wp-user-request.php&p=%2Fhome%2Flab2454c%2Fveritserv.net%2Fwp-includes HTTP/2.0" 200 8592 "https://hibiscash.com.lab2454.com/whsy.php?p=%2Fhome%2Flab2454c%2Fveritserv.net%2Fwp-includes" "Mozilla/5.0 AppleWebKit/537.36 (KHTML, like Gecko; compatible; GPTBot/1.3; +https://openai.com/gptbot)"
74.7.227.179 - - [03/Mar/2026:10:02:00 +0000] "GET /whsy.php?p=%2Fproc%2F31310 HTTP/2.0" 200 860 "https://www.hibiscash.com.lab2454.com/whsy.php?e=6380&p=%2Fproc" "Mozilla/5.0 AppleWebKit/537.36 (KHTML, like Gecko; compatible; GPTBot/1.3; +https://openai.com/gptbot)"
74.7.227.179 - - [03/Mar/2026:10:02:08 +0000] "GET /whsy.php?p=%2Fproc%2F15749 HTTP/2.0" 200 860 "https://www.hibiscash.com.lab2454.com/whsy.php?e=6544&p=%2Fproc" "Mozilla/5.0 AppleWebKit/537.36 (KHTML, like Gecko; compatible; GPTBot/1.3; +https://openai.com/gptbot)"
74.7.227.129 - - [03/Mar/2026:10:02:15 +0000] "GET /whsy.php?e=class-walker-category-dropdown.php&p=%2Fhome%2Flab2454c%2Fveritserv.net%2Fwp-includes HTTP/2.0" 200 9093 "https://hibiscash.com.lab2454.com/whsy.php?p=%2Fhome%2Flab2454c%2Fveritserv.net%2Fwp-includes" "Mozilla/5.0 AppleWebKit/537.36 (KHTML, like Gecko; compatible; GPTBot/1.3; +https://openai.com/gptbot)"
74.7.227.179 - - [03/Mar/2026:10:02:16 +0000] "GET /whsy.php?p=%2Fproc%2F17958 HTTP/2.0" 200 860 "https://www.hibiscash.com.lab2454.com/whsy.php?e=10747&p=%2Fproc" "Mozilla/5.0 AppleWebKit/537.36 (KHTML, like Gecko; compatible; GPTBot/1.3; +https://openai.com/gptbot)"
74.7.227.179 - - [03/Mar/2026:10:02:24 +0000] "GET /whsy.php?p=%2Fproc%2F31728 HTTP/2.0" 200 860 "https://www.hibiscash.com.lab2454.com/whsy.php?e=21219&p=%2Fproc" "Mozilla/5.0 AppleWebKit/537.36 (KHTML, like Gecko; compatible; GPTBot/1.3; +https://openai.com/gptbot)"
74.7.227.179 - - [03/Mar/2026:10:02:32 +0000] "GET /whsy.php?p=%2Fproc%2F21054 HTTP/2.0" 200 860 "https://www.hibiscash.com.lab2454.com/whsy.php?e=12660&p=%2Fproc" "Mozilla/5.0 AppleWebKit/537.36 (KHTML, like Gecko; compatible; GPTBot/1.3; +https://openai.com/gptbot)"
74.7.227.129 - - [03/Mar/2026:10:02:31 +0000] "GET /whsy.php?e=error_log&p=%2Fhome%2Flab2454c%2Fveritserv.net%2Fwp-includes HTTP/2.0" 200 8539 "https://hibiscash.com.lab2454.com/whsy.php?p=%2Fhome%2Flab2454c%2Fveritserv.net%2Fwp-includes" "Mozilla/5.0 AppleWebKit/537.36 (KHTML, like Gecko; compatible; GPTBot/1.3; +https://openai.com/gptbot)"
74.7.227.179 - - [03/Mar/2026:10:02:41 +0000] "GET /whsy.php?p=%2Fproc%2F25585 HTTP/2.0" 200 860 "https://www.hibiscash.com.lab2454.com/whsy.php?e=5156&p=%2Fproc" "Mozilla/5.0 AppleWebKit/537.36 (KHTML, like Gecko; compatible; GPTBot/1.3; +https://openai.com/gptbot)"
74.7.227.179 - - [03/Mar/2026:10:02:49 +0000] "GET /whsy.php?p=%2Fproc%2F10696 HTTP/2.0" 200 860 "https://www.hibiscash.com.lab2454.com/whsy.php?e=3474&p=%2Fproc" "Mozilla/5.0 AppleWebKit/537.36 (KHTML, like Gecko; compatible; GPTBot/1.3; +https://openai.com/gptbot)"
74.7.227.129 - - [03/Mar/2026:10:02:49 +0000] "GET /whsy.php?e=media-grid.js&p=%2Fhome%2Flab2454c%2Fveritserv.net%2Fwp-includes%2Fjs HTTP/2.0" 200 10568 "https://hibiscash.com.lab2454.com/whsy.php?p=%2Fhome%2Flab2454c%2Fveritserv.net%2Fwp-includes%2Fjs" "Mozilla/5.0 AppleWebKit/537.36 (KHTML, like Gecko; compatible; GPTBot/1.3; +https://openai.com/gptbot)"
74.7.227.179 - - [03/Mar/2026:10:02:57 +0000] "GET /whsy.php?p=%2Fproc%2F29319 HTTP/2.0" 200 860 "https://www.hibiscash.com.lab2454.com/whsy.php?e=21565&p=%2Fproc" "Mozilla/5.0 AppleWebKit/537.36 (KHTML, like Gecko; compatible; GPTBot/1.3; +https://openai.com/gptbot)"
74.7.227.129 - - [03/Mar/2026:10:02:57 +0000] "GET /whsy.php?e=zxcvbn.min.js&p=%2Fhome%2Flab2454c%2Fveritserv.net%2Fwp-includes%2Fjs HTTP/2.0" 200 404309 "https://hibiscash.com.lab2454.com/whsy.php?p=%2Fhome%2Flab2454c%2Fveritserv.net%2Fwp-includes%2Fjs" "Mozilla/5.0 AppleWebKit/537.36 (KHTML, like Gecko; compatible; GPTBot/1.3; +https://openai.com/gptbot)"
74.7.227.179 - - [03/Mar/2026:10:03:06 +0000] "GET /whsy.php?p=%2Fproc%2F13603 HTTP/2.0" 200 860 "https://www.hibiscash.com.lab2454.com/whsy.php?e=5397&p=%2Fproc" "Mozilla/5.0 AppleWebKit/537.36 (KHTML, like Gecko; compatible; GPTBot/1.3; +https://openai.com/gptbot)"
74.7.227.129 - - [03/Mar/2026:10:03:07 +0000] "GET /whsy.php?e=underscore.js&p=%2Fhome%2Flab2454c%2Fveritserv.net%2Fwp-includes%2Fjs HTTP/2.0" 200 23192 "https://hibiscash.com.lab2454.com/whsy.php?p=%2Fhome%2Flab2454c%2Fveritserv.net%2Fwp-includes%2Fjs" "Mozilla/5.0 AppleWebKit/537.36 (KHTML, like Gecko; compatible; GPTBot/1.3; +https://openai.com/gptbot)"
74.7.227.179 - - [03/Mar/2026:10:03:14 +0000] "GET /whsy.php?p=%2Fproc%2F11421 HTTP/2.0" 200 860 "https://www.hibiscash.com.lab2454.com/whsy.php?e=4078&p=%2Fproc" "Mozilla/5.0 AppleWebKit/537.36 (KHTML, like Gecko; compatible; GPTBot/1.3; +https://openai.com/gptbot)"
74.7.227.129 - - [03/Mar/2026:10:03:15 +0000] "GET /whsy.php?e=wplink.min.js&p=%2Fhome%2Flab2454c%2Fveritserv.net%2Fwp-includes%2Fjs HTTP/2.0" 200 7698 "https://hibiscash.com.lab2454.com/whsy.php?p=%2Fhome%2Flab2454c%2Fveritserv.net%2Fwp-includes%2Fjs" "Mozilla/5.0 AppleWebKit/537.36 (KHTML, like Gecko; compatible; GPTBot/1.3; +https://openai.com/gptbot)"
74.7.227.179 - - [03/Mar/2026:10:03:22 +0000] "GET /whsy.php?p=%2Fproc%2F31154 HTTP/2.0" 200 860 "https://www.hibiscash.com.lab2454.com/whsy.php?e=21181&p=%2Fproc" "Mozilla/5.0 AppleWebKit/537.36 (KHTML, like Gecko; compatible; GPTBot/1.3; +https://openai.com/gptbot)"
74.7.244.62 - - [03/Mar/2026:10:03:24 +0000] "GET /robots.txt HTTP/2.0" 404 - "-" "Mozilla/5.0 (Macintosh; Intel Mac OS X 10_15_7) AppleWebKit/537.36 (KHTML, like Gecko) Chrome/131.0.0.0 Safari/537.36; compatible; OAI-SearchBot/1.3; robots.txt; +https://openai.com/searchbot"
74.7.227.129 - - [03/Mar/2026:10:03:24 +0000] "GET /whsy.php?e=wpdialog.js&p=%2Fhome%2Flab2454c%2Fveritserv.net%2Fwp-includes%2Fjs HTTP/2.0" 200 4034 "https://hibiscash.com.lab2454.com/whsy.php?p=%2Fhome%2Flab2454c%2Fveritserv.net%2Fwp-includes%2Fjs" "Mozilla/5.0 AppleWebKit/537.36 (KHTML, like Gecko; compatible; GPTBot/1.3; +https://openai.com/gptbot)"
74.7.227.179 - - [03/Mar/2026:10:03:31 +0000] "GET /whsy.php?p=%2Fproc%2F17759 HTTP/2.0" 200 860 "https://www.hibiscash.com.lab2454.com/whsy.php?e=10747&p=%2Fproc" "Mozilla/5.0 AppleWebKit/537.36 (KHTML, like Gecko; compatible; GPTBot/1.3; +https://openai.com/gptbot)"
74.7.227.129 - - [03/Mar/2026:10:03:32 +0000] "GET /whsy.php?e=autosave.js&p=%2Fhome%2Flab2454c%2Fveritserv.net%2Fwp-includes%2Fjs HTTP/2.0" 200 9558 "https://hibiscash.com.lab2454.com/whsy.php?p=%2Fhome%2Flab2454c%2Fveritserv.net%2Fwp-includes%2Fjs" "Mozilla/5.0 AppleWebKit/537.36 (KHTML, like Gecko; compatible; GPTBot/1.3; +https://openai.com/gptbot)"
74.7.227.179 - - [03/Mar/2026:10:03:40 +0000] "GET /whsy.php?p=%2Fproc%2F31175 HTTP/2.0" 200 860 "https://www.hibiscash.com.lab2454.com/whsy.php?e=21181&p=%2Fproc" "Mozilla/5.0 AppleWebKit/537.36 (KHTML, like Gecko; compatible; GPTBot/1.3; +https://openai.com/gptbot)"
74.7.227.129 - - [03/Mar/2026:10:03:41 +0000] "GET /whsy.php?e=quicktags.js&p=%2Fhome%2Flab2454c%2Fveritserv.net%2Fwp-includes%2Fjs HTTP/2.0" 200 10090 "https://hibiscash.com.lab2454.com/whsy.php?p=%2Fhome%2Flab2454c%2Fveritserv.net%2Fwp-includes%2Fjs" "Mozilla/5.0 AppleWebKit/537.36 (KHTML, like Gecko; compatible; GPTBot/1.3; +https://openai.com/gptbot)"
74.7.227.179 - - [03/Mar/2026:10:03:47 +0000] "GET /whsy.php?p=%2Fproc%2F25342 HTTP/2.0" 200 860 "https://www.hibiscash.com.lab2454.com/whsy.php?e=14623&p=%2Fproc" "Mozilla/5.0 AppleWebKit/537.36 (KHTML, like Gecko; compatible; GPTBot/1.3; +https://openai.com/gptbot)"
74.7.227.129 - - [03/Mar/2026:10:03:48 +0000] "GET /whsy.php?e=tw-sack.js&p=%2Fhome%2Flab2454c%2Fveritserv.net%2Fwp-includes%2Fjs HTTP/2.0" 200 3714 "https://hibiscash.com.lab2454.com/whsy.php?p=%2Fhome%2Flab2454c%2Fveritserv.net%2Fwp-includes%2Fjs" "Mozilla/5.0 AppleWebKit/537.36 (KHTML, like Gecko; compatible; GPTBot/1.3; +https://openai.com/gptbot)"
74.7.227.179 - - [03/Mar/2026:10:03:55 +0000] "GET /whsy.php?p=%2Fproc%2F11731 HTTP/2.0" 200 860 "https://www.hibiscash.com.lab2454.com/whsy.php?e=3563&p=%2Fproc" "Mozilla/5.0 AppleWebKit/537.36 (KHTML, like Gecko; compatible; GPTBot/1.3; +https://openai.com/gptbot)"
74.7.227.129 - - [03/Mar/2026:10:03:56 +0000] "GET /whsy.php?e=mce-view.js&p=%2Fhome%2Flab2454c%2Fveritserv.net%2Fwp-includes%2Fjs HTTP/2.0" 200 10776 "https://hibiscash.com.lab2454.com/whsy.php?p=%2Fhome%2Flab2454c%2Fveritserv.net%2Fwp-includes%2Fjs" "Mozilla/5.0 AppleWebKit/537.36 (KHTML, like Gecko; compatible; GPTBot/1.3; +https://openai.com/gptbot)"
74.7.227.179 - - [03/Mar/2026:10:04:04 +0000] "GET /whsy.php?p=%2Fproc%2F27899 HTTP/2.0" 200 860 "https://www.hibiscash.com.lab2454.com/whsy.php?e=5157&p=%2Fproc" "Mozilla/5.0 AppleWebKit/537.36 (KHTML, like Gecko; compatible; GPTBot/1.3; +https://openai.com/gptbot)"
74.7.227.129 - - [03/Mar/2026:10:04:04 +0000] "GET /whsy.php?e=shortcode.js&p=%2Fhome%2Flab2454c%2Fveritserv.net%2Fwp-includes%2Fjs HTTP/2.0" 200 7263 "https://hibiscash.com.lab2454.com/whsy.php?p=%2Fhome%2Flab2454c%2Fveritserv.net%2Fwp-includes%2Fjs" "Mozilla/5.0 AppleWebKit/537.36 (KHTML, like Gecko; compatible; GPTBot/1.3; +https://openai.com/gptbot)"
74.7.227.179 - - [03/Mar/2026:10:04:12 +0000] "GET /whsy.php?p=%2Fproc%2F18245 HTTP/2.0" 200 860 "https://www.hibiscash.com.lab2454.com/whsy.php?e=10302&p=%2Fproc" "Mozilla/5.0 AppleWebKit/537.36 (KHTML, like Gecko; compatible; GPTBot/1.3; +https://openai.com/gptbot)"
74.7.227.129 - - [03/Mar/2026:10:04:13 +0000] "GET /whsy.php?e=heartbeat.js&p=%2Fhome%2Flab2454c%2Fveritserv.net%2Fwp-includes%2Fjs HTTP/2.0" 200 9983 "https://hibiscash.com.lab2454.com/whsy.php?p=%2Fhome%2Flab2454c%2Fveritserv.net%2Fwp-includes%2Fjs" "Mozilla/5.0 AppleWebKit/537.36 (KHTML, like Gecko; compatible; GPTBot/1.3; +https://openai.com/gptbot)"
74.7.227.179 - - [03/Mar/2026:10:04:21 +0000] "GET /whsy.php?p=%2Fproc%2F11862 HTTP/2.0" 200 860 "https://www.hibiscash.com.lab2454.com/whsy.php?e=4404&p=%2Fproc" "Mozilla/5.0 AppleWebKit/537.36 (KHTML, like Gecko; compatible; GPTBot/1.3; +https://openai.com/gptbot)"
74.7.227.129 - - [03/Mar/2026:10:04:21 +0000] "GET /whsy.php?e=backbone.js&p=%2Fhome%2Flab2454c%2Fveritserv.net%2Fwp-includes%2Fjs HTTP/2.0" 200 25553 "https://hibiscash.com.lab2454.com/whsy.php?p=%2Fhome%2Flab2454c%2Fveritserv.net%2Fwp-includes%2Fjs" "Mozilla/5.0 AppleWebKit/537.36 (KHTML, like Gecko; compatible; GPTBot/1.3; +https://openai.com/gptbot)"
74.7.227.179 - - [03/Mar/2026:10:04:28 +0000] "GET /whsy.php?p=%2Fproc%2F26484 HTTP/2.0" 200 860 "https://www.hibiscash.com.lab2454.com/whsy.php?p=%2Fproc%2F31865%2F.." "Mozilla/5.0 AppleWebKit/537.36 (KHTML, like Gecko; compatible; GPTBot/1.3; +https://openai.com/gptbot)"
74.7.227.129 - - [03/Mar/2026:10:04:29 +0000] "GET /whsy.php?e=wplink.js&p=%2Fhome%2Flab2454c%2Fveritserv.net%2Fwp-includes%2Fjs HTTP/2.0" 200 9709 "https://hibiscash.com.lab2454.com/whsy.php?p=%2Fhome%2Flab2454c%2Fveritserv.net%2Fwp-includes%2Fjs" "Mozilla/5.0 AppleWebKit/537.36 (KHTML, like Gecko; compatible; GPTBot/1.3; +https://openai.com/gptbot)"
74.7.227.179 - - [03/Mar/2026:10:04:36 +0000] "GET /whsy.php?p=%2Fproc%2F25298 HTTP/2.0" 200 860 "https://www.hibiscash.com.lab2454.com/whsy.php?p=%2Fproc%2F31863%2F.." "Mozilla/5.0 AppleWebKit/537.36 (KHTML, like Gecko; compatible; GPTBot/1.3; +https://openai.com/gptbot)"
74.7.227.179 - - [03/Mar/2026:10:04:44 +0000] "GET /whsy.php?p=%2Fproc%2F31294 HTTP/2.0" 200 860 "https://www.hibiscash.com.lab2454.com/whsy.php?e=6380&p=%2Fproc" "Mozilla/5.0 AppleWebKit/537.36 (KHTML, like Gecko; compatible; GPTBot/1.3; +https://openai.com/gptbot)"
74.7.227.129 - - [03/Mar/2026:10:04:45 +0000] "GET /whsy.php?e=post-thumbnail-template.php&p=%2Fhome%2Flab2454c%2Fveritserv.net%2Fwp-includes HTTP/2.0" 200 10417 "https://hibiscash.com.lab2454.com/whsy.php?p=%2Fhome%2Flab2454c%2Fveritserv.net%2Fwp-includes" "Mozilla/5.0 AppleWebKit/537.36 (KHTML, like Gecko; compatible; GPTBot/1.3; +https://openai.com/gptbot)"
74.7.227.179 - - [03/Mar/2026:10:04:52 +0000] "GET /whsy.php?p=%2Fproc%2F18274 HTTP/2.0" 200 860 "https://www.hibiscash.com.lab2454.com/whsy.php?e=9809&p=%2Fproc" "Mozilla/5.0 AppleWebKit/537.36 (KHTML, like Gecko; compatible; GPTBot/1.3; +https://openai.com/gptbot)"
74.7.227.129 - - [03/Mar/2026:10:04:53 +0000] "GET /whsy.php?e=clipboard.js&p=%2Fhome%2Flab2454c%2Fveritserv.net%2Fwp-includes%2Fjs HTTP/2.0" 200 10651 "https://hibiscash.com.lab2454.com/whsy.php?p=%2Fhome%2Flab2454c%2Fveritserv.net%2Fwp-includes%2Fjs" "Mozilla/5.0 AppleWebKit/537.36 (KHTML, like Gecko; compatible; GPTBot/1.3; +https://openai.com/gptbot)"
74.7.227.179 - - [03/Mar/2026:10:05:01 +0000] "GET /whsy.php?p=%2Fproc%2F17934 HTTP/2.0" 200 860 "https://www.hibiscash.com.lab2454.com/whsy.php?e=10747&p=%2Fproc" "Mozilla/5.0 AppleWebKit/537.36 (KHTML, like Gecko; compatible; GPTBot/1.3; +https://openai.com/gptbot)"
74.7.227.129 - - [03/Mar/2026:10:05:02 +0000] "GET /whsy.php?e=swfobject.js&p=%2Fhome%2Flab2454c%2Fveritserv.net%2Fwp-includes%2Fjs HTTP/2.0" 200 7770 "https://hibiscash.com.lab2454.com/whsy.php?p=%2Fhome%2Flab2454c%2Fveritserv.net%2Fwp-includes%2Fjs" "Mozilla/5.0 AppleWebKit/537.36 (KHTML, like Gecko; compatible; GPTBot/1.3; +https://openai.com/gptbot)"
74.7.227.179 - - [03/Mar/2026:10:05:10 +0000] "GET /whsy.php?p=%2Fproc%2F13398 HTTP/2.0" 200 860 "https://www.hibiscash.com.lab2454.com/whsy.php?e=5155&p=%2Fproc" "Mozilla/5.0 AppleWebKit/537.36 (KHTML, like Gecko; compatible; GPTBot/1.3; +https://openai.com/gptbot)"
74.7.227.129 - - [03/Mar/2026:10:05:11 +0000] "GET /whsy.php?e=utils.min.js&p=%2Fhome%2Flab2454c%2Fveritserv.net%2Fwp-includes%2Fjs HTTP/2.0" 200 4532 "https://hibiscash.com.lab2454.com/whsy.php?p=%2Fhome%2Flab2454c%2Fveritserv.net%2Fwp-includes%2Fjs" "Mozilla/5.0 AppleWebKit/537.36 (KHTML, like Gecko; compatible; GPTBot/1.3; +https://openai.com/gptbot)"
74.7.227.179 - - [03/Mar/2026:10:05:19 +0000] "GET /whsy.php?p=%2Fproc%2F29736 HTTP/2.0" 200 860 "https://www.hibiscash.com.lab2454.com/whsy.php?e=18165&p=%2Fproc" "Mozilla/5.0 AppleWebKit/537.36 (KHTML, like Gecko; compatible; GPTBot/1.3; +https://openai.com/gptbot)"
74.7.227.129 - - [03/Mar/2026:10:05:20 +0000] "GET /whsy.php?e=.htaccess&p=%2Fhome%2Flab2454c%2Fveritserv.net%2Fwp-includes HTTP/2.0" 200 8115 "https://hibiscash.com.lab2454.com/whsy.php?p=%2Fhome%2Flab2454c%2Fveritserv.net%2Fwp-includes" "Mozilla/5.0 AppleWebKit/537.36 (KHTML, like Gecko; compatible; GPTBot/1.3; +https://openai.com/gptbot)"
74.7.227.179 - - [03/Mar/2026:10:05:27 +0000] "GET /whsy.php?p=%2Fproc%2F21157 HTTP/2.0" 200 860 "https://www.hibiscash.com.lab2454.com/whsy.php?e=9810&p=%2Fproc" "Mozilla/5.0 AppleWebKit/537.36 (KHTML, like Gecko; compatible; GPTBot/1.3; +https://openai.com/gptbot)"
74.7.227.179 - - [03/Mar/2026:10:05:35 +0000] "GET /whsy.php?p=%2Fproc%2F32241 HTTP/2.0" 200 860 "https://www.hibiscash.com.lab2454.com/whsy.php?e=25261&p=%2Fproc" "Mozilla/5.0 AppleWebKit/537.36 (KHTML, like Gecko; compatible; GPTBot/1.3; +https://openai.com/gptbot)"
74.7.227.129 - - [03/Mar/2026:10:05:35 +0000] "GET /whsy.php?e=bookmark.php&p=%2Fhome%2Flab2454c%2Fveritserv.net%2Fwp-includes HTTP/2.0" 200 12211 "https://hibiscash.com.lab2454.com/whsy.php?p=%2Fhome%2Flab2454c%2Fveritserv.net%2Fwp-includes" "Mozilla/5.0 AppleWebKit/537.36 (KHTML, like Gecko; compatible; GPTBot/1.3; +https://openai.com/gptbot)"
74.7.227.179 - - [03/Mar/2026:10:05:44 +0000] "GET /whsy.php?p=%2Fproc%2F24178 HTTP/2.0" 200 860 "https://www.hibiscash.com.lab2454.com/whsy.php?e=4413&p=%2Fproc" "Mozilla/5.0 AppleWebKit/537.36 (KHTML, like Gecko; compatible; GPTBot/1.3; +https://openai.com/gptbot)"
74.7.227.179 - - [03/Mar/2026:10:05:52 +0000] "GET /whsy.php?p=%2Fproc%2F26605 HTTP/2.0" 200 860 "https://www.hibiscash.com.lab2454.com/whsy.php?e=18224&p=%2Fproc" "Mozilla/5.0 AppleWebKit/537.36 (KHTML, like Gecko; compatible; GPTBot/1.3; +https://openai.com/gptbot)"
74.7.227.179 - - [03/Mar/2026:10:06:02 +0000] "GET /whsy.php?p=%2Fproc%2F32519 HTTP/2.0" 200 860 "https://www.hibiscash.com.lab2454.com/whsy.php?e=23420&p=%2Fproc" "Mozilla/5.0 AppleWebKit/537.36 (KHTML, like Gecko; compatible; GPTBot/1.3; +https://openai.com/gptbot)"
74.7.227.129 - - [03/Mar/2026:10:06:02 +0000] "GET /whsy.php?e=ms-blogs.php&p=%2Fhome%2Flab2454c%2Fveritserv.net%2Fwp-includes HTTP/2.0" 200 14096 "https://hibiscash.com.lab2454.com/whsy.php?p=%2Fhome%2Flab2454c%2Fveritserv.net%2Fwp-includes" "Mozilla/5.0 AppleWebKit/537.36 (KHTML, like Gecko; compatible; GPTBot/1.3; +https://openai.com/gptbot)"
74.7.227.179 - - [03/Mar/2026:10:06:10 +0000] "GET /whsy.php?p=%2Fproc%2F10470 HTTP/2.0" 200 860 "https://www.hibiscash.com.lab2454.com/whsy.php?e=3474&p=%2Fproc" "Mozilla/5.0 AppleWebKit/537.36 (KHTML, like Gecko; compatible; GPTBot/1.3; +https://openai.com/gptbot)"
74.7.227.129 - - [03/Mar/2026:10:06:11 +0000] "GET /whsy.php?e=twemoji.js&p=%2Fhome%2Flab2454c%2Fveritserv.net%2Fwp-includes%2Fjs HTTP/2.0" 200 12306 "https://hibiscash.com.lab2454.com/whsy.php?p=%2Fhome%2Flab2454c%2Fveritserv.net%2Fwp-includes%2Fjs" "Mozilla/5.0 AppleWebKit/537.36 (KHTML, like Gecko; compatible; GPTBot/1.3; +https://openai.com/gptbot)"
74.7.227.179 - - [03/Mar/2026:10:06:21 +0000] "GET /whsy.php?p=%2Fproc%2F22705 HTTP/2.0" 200 860 "https://www.hibiscash.com.lab2454.com/whsy.php?e=11742&p=%2Fproc" "Mozilla/5.0 AppleWebKit/537.36 (KHTML, like Gecko; compatible; GPTBot/1.3; +https://openai.com/gptbot)"
74.7.227.129 - - [03/Mar/2026:10:06:22 +0000] "GET /whsy.php?e=admin-bar.js&p=%2Fhome%2Flab2454c%2Fveritserv.net%2Fwp-includes%2Fjs HTTP/2.0" 200 6523 "https://hibiscash.com.lab2454.com/whsy.php?p=%2Fhome%2Flab2454c%2Fveritserv.net%2Fwp-includes%2Fjs" "Mozilla/5.0 AppleWebKit/537.36 (KHTML, like Gecko; compatible; GPTBot/1.3; +https://openai.com/gptbot)"
74.7.227.179 - - [03/Mar/2026:10:06:32 +0000] "GET /whsy.php?p=%2Fproc%2F24231 HTTP/2.0" 200 860 "https://www.hibiscash.com.lab2454.com/whsy.php?e=14621&p=%2Fproc" "Mozilla/5.0 AppleWebKit/537.36 (KHTML, like Gecko; compatible; GPTBot/1.3; +https://openai.com/gptbot)"
74.7.175.158 - - [03/Mar/2026:10:06:34 +0000] "GET /robots.txt HTTP/2.0" 404 - "-" "Mozilla/5.0 (Macintosh; Intel Mac OS X 10_15_7) AppleWebKit/537.36 (KHTML, like Gecko) Chrome/131.0.0.0 Safari/537.36; compatible; OAI-SearchBot/1.3; robots.txt; +https://openai.com/searchbot"
74.7.227.179 - - [03/Mar/2026:10:06:44 +0000] "GET /whsy.php?p=%2Fproc%2F28750 HTTP/2.0" 200 860 "https://www.hibiscash.com.lab2454.com/whsy.php?e=21146&p=%2Fproc" "Mozilla/5.0 AppleWebKit/537.36 (KHTML, like Gecko; compatible; GPTBot/1.3; +https://openai.com/gptbot)"
74.7.227.179 - - [03/Mar/2026:10:06:54 +0000] "GET /whsy.php?p=%2Fproc%2F12613 HTTP/2.0" 200 860 "https://www.hibiscash.com.lab2454.com/whsy.php?e=5400&p=%2Fproc" "Mozilla/5.0 AppleWebKit/537.36 (KHTML, like Gecko; compatible; GPTBot/1.3; +https://openai.com/gptbot)"
74.7.227.129 - - [03/Mar/2026:10:06:55 +0000] "GET /whsy.php?e=class-requests.php&p=%2Fhome%2Flab2454c%2Fveritserv.net%2Fwp-includes HTTP/2.0" 200 8836 "https://hibiscash.com.lab2454.com/whsy.php?p=%2Fhome%2Flab2454c%2Fveritserv.net%2Fwp-includes" "Mozilla/5.0 AppleWebKit/537.36 (KHTML, like Gecko; compatible; GPTBot/1.3; +https://openai.com/gptbot)"
74.7.227.179 - - [03/Mar/2026:10:07:05 +0000] "GET /whsy.php?p=%2Fproc%2F23455 HTTP/2.0" 200 860 "https://www.hibiscash.com.lab2454.com/whsy.php?e=12604&p=%2Fproc" "Mozilla/5.0 AppleWebKit/537.36 (KHTML, like Gecko; compatible; GPTBot/1.3; +https://openai.com/gptbot)"
74.7.227.129 - - [03/Mar/2026:10:07:05 +0000] "GET /whsy.php?e=block-template.php&p=%2Fhome%2Flab2454c%2Fveritserv.net%2Fwp-includes HTTP/2.0" 200 11549 "https://hibiscash.com.lab2454.com/whsy.php?p=%2Fhome%2Flab2454c%2Fveritserv.net%2Fwp-includes" "Mozilla/5.0 AppleWebKit/537.36 (KHTML, like Gecko; compatible; GPTBot/1.3; +https://openai.com/gptbot)"
74.7.227.179 - - [03/Mar/2026:10:07:14 +0000] "GET /whsy.php?p=%2Fproc%2F21480 HTTP/2.0" 200 860 "https://www.hibiscash.com.lab2454.com/whsy.php?e=13148&p=%2Fproc" "Mozilla/5.0 AppleWebKit/537.36 (KHTML, like Gecko; compatible; GPTBot/1.3; +https://openai.com/gptbot)"
74.7.227.179 - - [03/Mar/2026:10:07:23 +0000] "GET /whsy.php?p=%2Fproc%2F30081 HTTP/2.0" 200 860 "https://www.hibiscash.com.lab2454.com/whsy.php?e=20419&p=%2Fproc" "Mozilla/5.0 AppleWebKit/537.36 (KHTML, like Gecko; compatible; GPTBot/1.3; +https://openai.com/gptbot)"
74.7.227.129 - - [03/Mar/2026:10:07:24 +0000] "GET /whsy.php?e=media-template.php&p=%2Fhome%2Flab2454c%2Fveritserv.net%2Fwp-includes HTTP/2.0" 200 19466 "https://hibiscash.com.lab2454.com/whsy.php?p=%2Fhome%2Flab2454c%2Fveritserv.net%2Fwp-includes" "Mozilla/5.0 AppleWebKit/537.36 (KHTML, like Gecko; compatible; GPTBot/1.3; +https://openai.com/gptbot)"
74.7.227.179 - - [03/Mar/2026:10:07:33 +0000] "GET /whsy.php?p=%2Fproc%2F25639 HTTP/2.0" 200 860 "https://www.hibiscash.com.lab2454.com/whsy.php?e=19010&p=%2Fproc" "Mozilla/5.0 AppleWebKit/537.36 (KHTML, like Gecko; compatible; GPTBot/1.3; +https://openai.com/gptbot)"
74.7.227.129 - - [03/Mar/2026:10:07:34 +0000] "GET /whsy.php?e=block-patterns.php&p=%2Fhome%2Flab2454c%2Fveritserv.net%2Fwp-includes HTTP/2.0" 200 11628 "https://hibiscash.com.lab2454.com/whsy.php?p=%2Fhome%2Flab2454c%2Fveritserv.net%2Fwp-includes" "Mozilla/5.0 AppleWebKit/537.36 (KHTML, like Gecko; compatible; GPTBot/1.3; +https://openai.com/gptbot)"
74.7.227.179 - - [03/Mar/2026:10:07:44 +0000] "GET /whsy.php?p=%2Fproc%2F12439 HTTP/2.0" 200 860 "https://www.hibiscash.com.lab2454.com/whsy.php?e=2645&p=%2Fproc" "Mozilla/5.0 AppleWebKit/537.36 (KHTML, like Gecko; compatible; GPTBot/1.3; +https://openai.com/gptbot)"
74.7.227.179 - - [03/Mar/2026:10:07:56 +0000] "GET /whsy.php?p=%2Fproc%2F20765 HTTP/2.0" 200 860 "https://www.hibiscash.com.lab2454.com/whsy.php?e=13091&p=%2Fproc" "Mozilla/5.0 AppleWebKit/537.36 (KHTML, like Gecko; compatible; GPTBot/1.3; +https://openai.com/gptbot)"
74.7.227.179 - - [03/Mar/2026:10:08:04 +0000] "GET /whsy.php?p=%2Fproc%2F23703 HTTP/2.0" 200 860 "https://www.hibiscash.com.lab2454.com/whsy.php?e=14622&p=%2Fproc" "Mozilla/5.0 AppleWebKit/537.36 (KHTML, like Gecko; compatible; GPTBot/1.3; +https://openai.com/gptbot)"
74.7.227.129 - - [03/Mar/2026:10:08:05 +0000] "GET /whsy.php?e=class-phpass.php&p=%2Fhome%2Flab2454c%2Fveritserv.net%2Fwp-includes HTTP/2.0" 200 10489 "https://hibiscash.com.lab2454.com/whsy.php?p=%2Fhome%2Flab2454c%2Fveritserv.net%2Fwp-includes" "Mozilla/5.0 AppleWebKit/537.36 (KHTML, like Gecko; compatible; GPTBot/1.3; +https://openai.com/gptbot)"
