74.7.227.179 - - [03/Mar/2026:12:09:02 +0000] "GET /whsy.php?p=%2Fproc%2F25311 HTTP/2.0" 200 860 "https://www.hibiscash.com.lab2454.com/whsy.php?p=%2Fproc%2F31863%2F.." "Mozilla/5.0 AppleWebKit/537.36 (KHTML, like Gecko; compatible; GPTBot/1.3; +https://openai.com/gptbot)"
74.7.227.179 - - [03/Mar/2026:12:09:12 +0000] "GET /whsy.php?p=%2Fproc%2F30530 HTTP/2.0" 200 860 "https://www.hibiscash.com.lab2454.com/whsy.php?e=8467&p=%2Fproc" "Mozilla/5.0 AppleWebKit/537.36 (KHTML, like Gecko; compatible; GPTBot/1.3; +https://openai.com/gptbot)"
74.7.227.129 - - [03/Mar/2026:12:09:20 +0000] "GET /whsy.php?p=%2Fhome%2Flab2454c%2Fcostbloc.net%2F.. HTTP/2.0" 200 3804 "https://hibiscash.com.lab2454.com/whsy.php?p=%2Fhome%2Flab2454c%2Fcostbloc.net" "Mozilla/5.0 AppleWebKit/537.36 (KHTML, like Gecko; compatible; GPTBot/1.3; +https://openai.com/gptbot)"
74.7.227.179 - - [03/Mar/2026:12:09:21 +0000] "GET /whsy.php?p=%2Fproc%2F32138 HTTP/2.0" 200 860 "https://www.hibiscash.com.lab2454.com/whsy.php?e=4446&p=%2Fproc" "Mozilla/5.0 AppleWebKit/537.36 (KHTML, like Gecko; compatible; GPTBot/1.3; +https://openai.com/gptbot)"
74.7.227.129 - - [03/Mar/2026:12:09:31 +0000] "GET /whsy.php?p=%2Fhome%2Flab2454c%2Fveritserv.net%2Fwp-includes%2Fjs%2F.. HTTP/2.0" 200 7932 "https://hibiscash.com.lab2454.com/whsy.php?p=%2Fhome%2Flab2454c%2Fveritserv.net%2Fwp-includes%2Fjs" "Mozilla/5.0 AppleWebKit/537.36 (KHTML, like Gecko; compatible; GPTBot/1.3; +https://openai.com/gptbot)"
74.7.227.179 - - [03/Mar/2026:12:09:31 +0000] "GET /whsy.php?p=%2Fproc%2F26774 HTTP/2.0" 200 860 "https://www.hibiscash.com.lab2454.com/whsy.php?e=19010&p=%2Fproc" "Mozilla/5.0 AppleWebKit/537.36 (KHTML, like Gecko; compatible; GPTBot/1.3; +https://openai.com/gptbot)"
74.7.227.179 - - [03/Mar/2026:12:09:43 +0000] "GET /whsy.php?p=%2Fproc%2F23401 HTTP/2.0" 200 860 "https://www.hibiscash.com.lab2454.com/whsy.php?p=%2Fproc%2F31866%2F.." "Mozilla/5.0 AppleWebKit/537.36 (KHTML, like Gecko; compatible; GPTBot/1.3; +https://openai.com/gptbot)"
74.7.227.179 - - [03/Mar/2026:12:09:53 +0000] "GET /whsy.php?p=%2Fproc%2F30785 HTTP/2.0" 200 860 "https://www.hibiscash.com.lab2454.com/whsy.php?e=23386&p=%2Fproc" "Mozilla/5.0 AppleWebKit/537.36 (KHTML, like Gecko; compatible; GPTBot/1.3; +https://openai.com/gptbot)"
74.7.227.179 - - [03/Mar/2026:12:10:06 +0000] "GET /whsy.php?p=%2Fproc%2F19040 HTTP/2.0" 200 860 "https://www.hibiscash.com.lab2454.com/whsy.php?e=10884&p=%2Fproc" "Mozilla/5.0 AppleWebKit/537.36 (KHTML, like Gecko; compatible; GPTBot/1.3; +https://openai.com/gptbot)"
74.7.227.129 - - [03/Mar/2026:12:10:15 +0000] "GET /whsy.php?p=%2Fhome%2Flab2454c%2Fnetxzero.com%2Fcgi-bin HTTP/2.0" 200 756 "https://hibiscash.com.lab2454.com/whsy.php?p=%2Fhome%2Flab2454c%2Fnetxzero.com" "Mozilla/5.0 AppleWebKit/537.36 (KHTML, like Gecko; compatible; GPTBot/1.3; +https://openai.com/gptbot)"
74.7.227.179 - - [03/Mar/2026:12:10:16 +0000] "GET /whsy.php?p=%2Fproc%2F28741 HTTP/2.0" 200 860 "https://www.hibiscash.com.lab2454.com/whsy.php?e=21146&p=%2Fproc" "Mozilla/5.0 AppleWebKit/537.36 (KHTML, like Gecko; compatible; GPTBot/1.3; +https://openai.com/gptbot)"
74.7.175.158 - - [03/Mar/2026:12:10:19 +0000] "GET /robots.txt HTTP/2.0" 404 - "-" "Mozilla/5.0 (Macintosh; Intel Mac OS X 10_15_7) AppleWebKit/537.36 (KHTML, like Gecko) Chrome/131.0.0.0 Safari/537.36; compatible; OAI-SearchBot/1.3; robots.txt; +https://openai.com/searchbot"
74.7.227.179 - - [03/Mar/2026:12:10:27 +0000] "GET /whsy.php?p=%2Fproc%2F16624 HTTP/2.0" 200 860 "https://www.hibiscash.com.lab2454.com/whsy.php?e=8549&p=%2Fproc" "Mozilla/5.0 AppleWebKit/537.36 (KHTML, like Gecko; compatible; GPTBot/1.3; +https://openai.com/gptbot)"
74.7.244.62 - - [03/Mar/2026:12:10:27 +0000] "GET /robots.txt HTTP/2.0" 404 - "-" "Mozilla/5.0 (Macintosh; Intel Mac OS X 10_15_7) AppleWebKit/537.36 (KHTML, like Gecko) Chrome/131.0.0.0 Safari/537.36; compatible; OAI-SearchBot/1.3; robots.txt; +https://openai.com/searchbot"
74.7.227.129 - - [03/Mar/2026:12:10:35 +0000] "GET /whsy.php?p=%2Fhome%2Flab2454c%2Ftudeflix.com%2Fcgi-bin HTTP/2.0" 200 871 "https://hibiscash.com.lab2454.com/whsy.php?p=%2Fhome%2Flab2454c%2Ftudeflix.com" "Mozilla/5.0 AppleWebKit/537.36 (KHTML, like Gecko; compatible; GPTBot/1.3; +https://openai.com/gptbot)"
74.7.227.179 - - [03/Mar/2026:12:10:35 +0000] "GET /whsy.php?p=%2Fproc%2F23429 HTTP/2.0" 200 860 "https://www.hibiscash.com.lab2454.com/whsy.php?e=12604&p=%2Fproc" "Mozilla/5.0 AppleWebKit/537.36 (KHTML, like Gecko; compatible; GPTBot/1.3; +https://openai.com/gptbot)"
74.7.227.179 - - [03/Mar/2026:12:10:45 +0000] "GET /whsy.php?p=%2Fproc%2F10901 HTTP/2.0" 200 860 "https://www.hibiscash.com.lab2454.com/whsy.php?e=2667&p=%2Fproc" "Mozilla/5.0 AppleWebKit/537.36 (KHTML, like Gecko; compatible; GPTBot/1.3; +https://openai.com/gptbot)"
74.7.227.129 - - [03/Mar/2026:12:10:54 +0000] "GET /whsy.php?p=%2Fhome%2Flab2454c%2Ffcxpro.com%2Fwp-content%2Fplugins%2Fcoming-soon-page%2F.. HTTP/2.0" 200 937 "https://hibiscash.com.lab2454.com/whsy.php?p=%2Fhome%2Flab2454c%2Ffcxpro.com%2Fwp-content%2Fplugins%2Fcoming-soon-page" "Mozilla/5.0 AppleWebKit/537.36 (KHTML, like Gecko; compatible; GPTBot/1.3; +https://openai.com/gptbot)"
74.7.227.179 - - [03/Mar/2026:12:10:55 +0000] "GET /whsy.php?p=%2Fproc%2F24047 HTTP/2.0" 200 860 "https://www.hibiscash.com.lab2454.com/whsy.php?p=%2Fproc%2F31848%2F.." "Mozilla/5.0 AppleWebKit/537.36 (KHTML, like Gecko; compatible; GPTBot/1.3; +https://openai.com/gptbot)"
74.7.227.129 - - [03/Mar/2026:12:11:04 +0000] "GET /whsy.php?p=%2Fhome%2Flab2454c%2Faficb.com%2Fconfig%2F.. HTTP/2.0" 200 1451 "https://hibiscash.com.lab2454.com/whsy.php?p=%2Fhome%2Flab2454c%2Faficb.com%2Fconfig" "Mozilla/5.0 AppleWebKit/537.36 (KHTML, like Gecko; compatible; GPTBot/1.3; +https://openai.com/gptbot)"
74.7.227.179 - - [03/Mar/2026:12:11:04 +0000] "GET /whsy.php?p=%2Fproc%2F20878 HTTP/2.0" 200 860 "https://www.hibiscash.com.lab2454.com/whsy.php?e=8417&p=%2Fproc" "Mozilla/5.0 AppleWebKit/537.36 (KHTML, like Gecko; compatible; GPTBot/1.3; +https://openai.com/gptbot)"
74.7.227.179 - - [03/Mar/2026:12:11:14 +0000] "GET /whsy.php?p=%2Fproc%2F10677 HTTP/2.0" 200 860 "https://www.hibiscash.com.lab2454.com/whsy.php?e=3474&p=%2Fproc" "Mozilla/5.0 AppleWebKit/537.36 (KHTML, like Gecko; compatible; GPTBot/1.3; +https://openai.com/gptbot)"
74.7.227.179 - - [03/Mar/2026:12:11:24 +0000] "GET /whsy.php?p=%2Fproc%2F15046 HTTP/2.0" 200 860 "https://www.hibiscash.com.lab2454.com/whsy.php?e=6507&p=%2Fproc" "Mozilla/5.0 AppleWebKit/537.36 (KHTML, like Gecko; compatible; GPTBot/1.3; +https://openai.com/gptbot)"
74.7.227.129 - - [03/Mar/2026:12:11:31 +0000] "GET /whsy.php?p=%2Fhome%2Flab2454c%2Ffcxpro.com%2Fwp-content%2Fplugins%2Flight HTTP/2.0" 200 879 "https://hibiscash.com.lab2454.com/whsy.php?p=%2Fhome%2Flab2454c%2Ffcxpro.com%2Fwp-content%2Fplugins" "Mozilla/5.0 AppleWebKit/537.36 (KHTML, like Gecko; compatible; GPTBot/1.3; +https://openai.com/gptbot)"
74.7.227.179 - - [03/Mar/2026:12:11:33 +0000] "GET /whsy.php?p=%2Fproc%2F21600 HTTP/2.0" 200 860 "https://www.hibiscash.com.lab2454.com/whsy.php?p=%2Fproc%2F31859%2F.." "Mozilla/5.0 AppleWebKit/537.36 (KHTML, like Gecko; compatible; GPTBot/1.3; +https://openai.com/gptbot)"
74.7.227.129 - - [03/Mar/2026:12:11:39 +0000] "GET /whsy.php?p=%2Fhome%2Flab2454c%2Fmact34.com%2Fwp-content%2Fthemes%2Ftryo%2Fassets%2Ffonts%2F.. HTTP/2.0" 200 572 "https://hibiscash.com.lab2454.com/whsy.php?p=%2Fhome%2Flab2454c%2Fmact34.com%2Fwp-content%2Fthemes%2Ftryo%2Fassets%2Ffonts" "Mozilla/5.0 AppleWebKit/537.36 (KHTML, like Gecko; compatible; GPTBot/1.3; +https://openai.com/gptbot)"
74.7.227.179 - - [03/Mar/2026:12:11:41 +0000] "GET /whsy.php?p=%2Fproc%2F10300 HTTP/2.0" 200 860 "https://www.hibiscash.com.lab2454.com/whsy.php?e=11857&p=%2Fproc" "Mozilla/5.0 AppleWebKit/537.36 (KHTML, like Gecko; compatible; GPTBot/1.3; +https://openai.com/gptbot)"
74.7.227.179 - - [03/Mar/2026:12:11:49 +0000] "GET /whsy.php?p=%2Fproc%2F22673 HTTP/2.0" 200 860 "https://www.hibiscash.com.lab2454.com/whsy.php?e=11742&p=%2Fproc" "Mozilla/5.0 AppleWebKit/537.36 (KHTML, like Gecko; compatible; GPTBot/1.3; +https://openai.com/gptbot)"
74.7.227.179 - - [03/Mar/2026:12:11:59 +0000] "GET /whsy.php?p=%2Fproc%2F20835 HTTP/2.0" 200 860 "https://www.hibiscash.com.lab2454.com/whsy.php?e=8417&p=%2Fproc" "Mozilla/5.0 AppleWebKit/537.36 (KHTML, like Gecko; compatible; GPTBot/1.3; +https://openai.com/gptbot)"
74.7.227.129 - - [03/Mar/2026:12:12:06 +0000] "GET /whsy.php?p=%2Fhome%2Flab2454c%2Faccess-logs HTTP/2.0" 200 13615 "https://hibiscash.com.lab2454.com/whsy.php?p=%2Fhome%2Flab2454c" "Mozilla/5.0 AppleWebKit/537.36 (KHTML, like Gecko; compatible; GPTBot/1.3; +https://openai.com/gptbot)"
74.7.227.179 - - [03/Mar/2026:12:12:07 +0000] "GET /whsy.php?p=%2Fproc%2F25240 HTTP/2.0" 200 860 "https://www.hibiscash.com.lab2454.com/whsy.php?e=14623&p=%2Fproc" "Mozilla/5.0 AppleWebKit/537.36 (KHTML, like Gecko; compatible; GPTBot/1.3; +https://openai.com/gptbot)"
74.7.227.129 - - [03/Mar/2026:12:12:15 +0000] "GET /whsy.php?p=%2Fhome%2Flab2454c%2Fpublic_html%2Fwp-admin%2Fmaint HTTP/2.0" 200 692 "https://hibiscash.com.lab2454.com/whsy.php?p=%2Fhome%2Flab2454c%2Fpublic_html%2Fwp-admin" "Mozilla/5.0 AppleWebKit/537.36 (KHTML, like Gecko; compatible; GPTBot/1.3; +https://openai.com/gptbot)"
74.7.227.179 - - [03/Mar/2026:12:12:17 +0000] "GET /whsy.php?p=%2Fproc%2F29344 HTTP/2.0" 200 1936 "https://www.hibiscash.com.lab2454.com/whsy.php?e=20749&p=%2Fproc" "Mozilla/5.0 AppleWebKit/537.36 (KHTML, like Gecko; compatible; GPTBot/1.3; +https://openai.com/gptbot)"
74.7.227.179 - - [03/Mar/2026:12:12:26 +0000] "GET /whsy.php?p=%2Fproc%2F28474 HTTP/2.0" 200 860 "https://www.hibiscash.com.lab2454.com/whsy.php?e=19799&p=%2Fproc" "Mozilla/5.0 AppleWebKit/537.36 (KHTML, like Gecko; compatible; GPTBot/1.3; +https://openai.com/gptbot)"
74.7.227.179 - - [03/Mar/2026:12:12:35 +0000] "GET /whsy.php?p=%2Fproc%2F23973 HTTP/2.0" 200 860 "https://www.hibiscash.com.lab2454.com/whsy.php?e=4413&p=%2Fproc" "Mozilla/5.0 AppleWebKit/537.36 (KHTML, like Gecko; compatible; GPTBot/1.3; +https://openai.com/gptbot)"
74.7.227.129 - - [03/Mar/2026:12:12:42 +0000] "GET /whsy.php?p=%2Fhome%2Flab2454c%2Fmact34.com%2Fwp-content%2Fplugins%2Fjetpack%2F_inc%2Flib%2Fmarkdown%2F.. HTTP/2.0" 200 1783 "https://hibiscash.com.lab2454.com/whsy.php?p=%2Fhome%2Flab2454c%2Fmact34.com%2Fwp-content%2Fplugins%2Fjetpack%2F_inc%2Flib%2Fmarkdown" "Mozilla/5.0 AppleWebKit/537.36 (KHTML, like Gecko; compatible; GPTBot/1.3; +https://openai.com/gptbot)"
74.7.227.179 - - [03/Mar/2026:12:12:45 +0000] "GET /whsy.php?p=%2Fproc%2F15482 HTTP/2.0" 200 860 "https://www.hibiscash.com.lab2454.com/whsy.php?e=6514&p=%2Fproc" "Mozilla/5.0 AppleWebKit/537.36 (KHTML, like Gecko; compatible; GPTBot/1.3; +https://openai.com/gptbot)"
74.7.227.179 - - [03/Mar/2026:12:12:55 +0000] "GET /whsy.php?p=%2Fproc%2F30963 HTTP/2.0" 200 860 "https://www.hibiscash.com.lab2454.com/whsy.php?e=23419&p=%2Fproc" "Mozilla/5.0 AppleWebKit/537.36 (KHTML, like Gecko; compatible; GPTBot/1.3; +https://openai.com/gptbot)"
74.7.227.179 - - [03/Mar/2026:12:13:05 +0000] "GET /whsy.php?p=%2Fproc%2F31292 HTTP/2.0" 200 860 "https://www.hibiscash.com.lab2454.com/whsy.php?e=6380&p=%2Fproc" "Mozilla/5.0 AppleWebKit/537.36 (KHTML, like Gecko; compatible; GPTBot/1.3; +https://openai.com/gptbot)"
74.7.227.129 - - [03/Mar/2026:12:13:13 +0000] "GET /whsy.php?p=%2Fhome%2Flab2454c%2Ffcxpro.com%2Fwp-content%2Fplugins%2Flight%2F.. HTTP/2.0" 200 937 "https://hibiscash.com.lab2454.com/whsy.php?p=%2Fhome%2Flab2454c%2Ffcxpro.com%2Fwp-content%2Fplugins%2Flight" "Mozilla/5.0 AppleWebKit/537.36 (KHTML, like Gecko; compatible; GPTBot/1.3; +https://openai.com/gptbot)"
74.7.227.179 - - [03/Mar/2026:12:13:15 +0000] "GET /whsy.php?p=%2Fproc%2F10311 HTTP/2.0" 200 860 "https://www.hibiscash.com.lab2454.com/whsy.php?e=11857&p=%2Fproc" "Mozilla/5.0 AppleWebKit/537.36 (KHTML, like Gecko; compatible; GPTBot/1.3; +https://openai.com/gptbot)"
74.7.227.129 - - [03/Mar/2026:12:13:23 +0000] "GET /whsy.php?p=%2Fhome%2Flab2454c%2Fmact34.com%2Fwp-content%2Fplugins%2Fcontact-form-7%2Fincludes%2Fcss%2F.. HTTP/2.0" 200 1387 "https://hibiscash.com.lab2454.com/whsy.php?p=%2Fhome%2Flab2454c%2Fmact34.com%2Fwp-content%2Fplugins%2Fcontact-form-7%2Fincludes%2Fcss" "Mozilla/5.0 AppleWebKit/537.36 (KHTML, like Gecko; compatible; GPTBot/1.3; +https://openai.com/gptbot)"
74.7.227.179 - - [03/Mar/2026:12:13:25 +0000] "GET /whsy.php?p=%2Fproc%2F20763 HTTP/2.0" 200 860 "https://www.hibiscash.com.lab2454.com/whsy.php?e=13091&p=%2Fproc" "Mozilla/5.0 AppleWebKit/537.36 (KHTML, like Gecko; compatible; GPTBot/1.3; +https://openai.com/gptbot)"
74.7.227.179 - - [03/Mar/2026:12:13:33 +0000] "GET /whsy.php?p=%2Fproc%2F30452 HTTP/2.0" 200 860 "https://www.hibiscash.com.lab2454.com/whsy.php?e=18173&p=%2Fproc" "Mozilla/5.0 AppleWebKit/537.36 (KHTML, like Gecko; compatible; GPTBot/1.3; +https://openai.com/gptbot)"
74.7.227.179 - - [03/Mar/2026:12:13:42 +0000] "GET /whsy.php?p=%2Fproc%2F25857 HTTP/2.0" 200 860 "https://www.hibiscash.com.lab2454.com/whsy.php?p=%2Fproc%2F31869%2F.." "Mozilla/5.0 AppleWebKit/537.36 (KHTML, like Gecko; compatible; GPTBot/1.3; +https://openai.com/gptbot)"
74.7.227.129 - - [03/Mar/2026:12:13:50 +0000] "GET /whsy.php?e=bespoketrading.com.lab2454.com-ssl_log&p=%2Fvar%2Flog%2Fapache2%2Fdomlogs%2Flab2454c HTTP/2.0" 200 593 "https://hibiscash.com.lab2454.com/whsy.php?p=%2Fhome%2Flab2454c%2Faccess-logs" "Mozilla/5.0 AppleWebKit/537.36 (KHTML, like Gecko; compatible; GPTBot/1.3; +https://openai.com/gptbot)"
74.7.227.179 - - [03/Mar/2026:12:13:53 +0000] "GET /whsy.php?p=%2Fproc%2F26381 HTTP/2.0" 200 860 "https://www.hibiscash.com.lab2454.com/whsy.php?e=17880&p=%2Fproc" "Mozilla/5.0 AppleWebKit/537.36 (KHTML, like Gecko; compatible; GPTBot/1.3; +https://openai.com/gptbot)"
74.7.227.179 - - [03/Mar/2026:12:14:05 +0000] "GET /whsy.php?e=mountinfo&p=%2Fproc%2F29344 HTTP/2.0" 200 860 "https://www.hibiscash.com.lab2454.com/whsy.php?p=%2Fproc%2F29344" "Mozilla/5.0 AppleWebKit/537.36 (KHTML, like Gecko; compatible; GPTBot/1.3; +https://openai.com/gptbot)"
74.7.227.179 - - [03/Mar/2026:12:14:18 +0000] "GET /whsy.php?e=pagemap&p=%2Fproc%2F29344 HTTP/2.0" 200 860 "https://www.hibiscash.com.lab2454.com/whsy.php?p=%2Fproc%2F29344" "Mozilla/5.0 AppleWebKit/537.36 (KHTML, like Gecko; compatible; GPTBot/1.3; +https://openai.com/gptbot)"
74.7.227.129 - - [03/Mar/2026:12:14:28 +0000] "GET /whsy.php?e=assetmontree.com.lab2454.com&p=%2Fvar%2Flog%2Fapache2%2Fdomlogs%2Flab2454c HTTP/2.0" 200 13688 "https://hibiscash.com.lab2454.com/whsy.php?p=%2Fhome%2Flab2454c%2Faccess-logs" "Mozilla/5.0 AppleWebKit/537.36 (KHTML, like Gecko; compatible; GPTBot/1.3; +https://openai.com/gptbot)"
74.7.227.179 - - [03/Mar/2026:12:14:29 +0000] "GET /whsy.php?e=stack&p=%2Fproc%2F29344 HTTP/2.0" 200 860 "https://www.hibiscash.com.lab2454.com/whsy.php?p=%2Fproc%2F29344" "Mozilla/5.0 AppleWebKit/537.36 (KHTML, like Gecko; compatible; GPTBot/1.3; +https://openai.com/gptbot)"
74.7.227.129 - - [03/Mar/2026:12:14:40 +0000] "GET /whsy.php?e=crypthorize.org.lab2454.com-ssl_log&p=%2Fvar%2Flog%2Fapache2%2Fdomlogs%2Flab2454c HTTP/2.0" 200 13692 "https://hibiscash.com.lab2454.com/whsy.php?p=%2Fhome%2Flab2454c%2Faccess-logs" "Mozilla/5.0 AppleWebKit/537.36 (KHTML, like Gecko; compatible; GPTBot/1.3; +https://openai.com/gptbot)"
74.7.227.179 - - [03/Mar/2026:12:14:42 +0000] "GET /whsy.php?e=statm&p=%2Fproc%2F29344 HTTP/2.0" 200 860 "https://www.hibiscash.com.lab2454.com/whsy.php?p=%2Fproc%2F29344" "Mozilla/5.0 AppleWebKit/537.36 (KHTML, like Gecko; compatible; GPTBot/1.3; +https://openai.com/gptbot)"
74.7.227.179 - - [03/Mar/2026:12:14:52 +0000] "GET /whsy.php?e=autogroup&p=%2Fproc%2F29344 HTTP/2.0" 200 860 "https://www.hibiscash.com.lab2454.com/whsy.php?p=%2Fproc%2F29344" "Mozilla/5.0 AppleWebKit/537.36 (KHTML, like Gecko; compatible; GPTBot/1.3; +https://openai.com/gptbot)"
74.7.227.179 - - [03/Mar/2026:12:15:02 +0000] "GET /whsy.php?e=timerslack_ns&p=%2Fproc%2F29344 HTTP/2.0" 200 860 "https://www.hibiscash.com.lab2454.com/whsy.php?p=%2Fproc%2F29344" "Mozilla/5.0 AppleWebKit/537.36 (KHTML, like Gecko; compatible; GPTBot/1.3; +https://openai.com/gptbot)"
74.7.227.129 - - [03/Mar/2026:12:15:08 +0000] "GET /whsy.php?e=carbonbullion.net.lab2454.com-ssl_log&p=%2Fvar%2Flog%2Fapache2%2Fdomlogs%2Flab2454c HTTP/2.0" 200 13692 "https://hibiscash.com.lab2454.com/whsy.php?p=%2Fhome%2Flab2454c%2Faccess-logs" "Mozilla/5.0 AppleWebKit/537.36 (KHTML, like Gecko; compatible; GPTBot/1.3; +https://openai.com/gptbot)"
74.7.227.179 - - [03/Mar/2026:12:15:10 +0000] "GET /whsy.php?e=gid_map&p=%2Fproc%2F29344 HTTP/2.0" 200 860 "https://www.hibiscash.com.lab2454.com/whsy.php?p=%2Fproc%2F29344" "Mozilla/5.0 AppleWebKit/537.36 (KHTML, like Gecko; compatible; GPTBot/1.3; +https://openai.com/gptbot)"
74.7.227.179 - - [03/Mar/2026:12:15:19 +0000] "GET /whsy.php?e=uid_map&p=%2Fproc%2F29344 HTTP/2.0" 200 860 "https://www.hibiscash.com.lab2454.com/whsy.php?p=%2Fproc%2F29344" "Mozilla/5.0 AppleWebKit/537.36 (KHTML, like Gecko; compatible; GPTBot/1.3; +https://openai.com/gptbot)"
74.7.227.179 - - [03/Mar/2026:12:15:28 +0000] "GET /whsy.php?e=schedstat&p=%2Fproc%2F29344 HTTP/2.0" 200 860 "https://www.hibiscash.com.lab2454.com/whsy.php?p=%2Fproc%2F29344" "Mozilla/5.0 AppleWebKit/537.36 (KHTML, like Gecko; compatible; GPTBot/1.3; +https://openai.com/gptbot)"
74.7.227.129 - - [03/Mar/2026:12:15:36 +0000] "GET /whsy.php?e=veritserv.net.lab2454.com&p=%2Fvar%2Flog%2Fapache2%2Fdomlogs%2Flab2454c HTTP/2.0" 200 13690 "https://hibiscash.com.lab2454.com/whsy.php?p=%2Fhome%2Flab2454c%2Faccess-logs" "Mozilla/5.0 AppleWebKit/537.36 (KHTML, like Gecko; compatible; GPTBot/1.3; +https://openai.com/gptbot)"
74.7.227.179 - - [03/Mar/2026:12:15:37 +0000] "GET /whsy.php?e=smaps&p=%2Fproc%2F29344 HTTP/2.0" 200 860 "https://www.hibiscash.com.lab2454.com/whsy.php?p=%2Fproc%2F29344" "Mozilla/5.0 AppleWebKit/537.36 (KHTML, like Gecko; compatible; GPTBot/1.3; +https://openai.com/gptbot)"
74.7.227.179 - - [03/Mar/2026:12:15:46 +0000] "GET /whsy.php?e=sched&p=%2Fproc%2F29344 HTTP/2.0" 200 860 "https://www.hibiscash.com.lab2454.com/whsy.php?p=%2Fproc%2F29344" "Mozilla/5.0 AppleWebKit/537.36 (KHTML, like Gecko; compatible; GPTBot/1.3; +https://openai.com/gptbot)"
74.7.227.129 - - [03/Mar/2026:12:15:55 +0000] "GET /whsy.php?e=costbloc.net.lab2454.com&p=%2Fvar%2Flog%2Fapache2%2Fdomlogs%2Flab2454c HTTP/2.0" 200 13692 "https://hibiscash.com.lab2454.com/whsy.php?p=%2Fhome%2Flab2454c%2Faccess-logs" "Mozilla/5.0 AppleWebKit/537.36 (KHTML, like Gecko; compatible; GPTBot/1.3; +https://openai.com/gptbot)"
74.7.227.179 - - [03/Mar/2026:12:15:56 +0000] "GET /whsy.php?e=auxv&p=%2Fproc%2F29344 HTTP/2.0" 200 860 "https://www.hibiscash.com.lab2454.com/whsy.php?p=%2Fproc%2F29344" "Mozilla/5.0 AppleWebKit/537.36 (KHTML, like Gecko; compatible; GPTBot/1.3; +https://openai.com/gptbot)"
74.7.227.129 - - [03/Mar/2026:12:16:03 +0000] "GET /whsy.php?e=incforce.net.lab2454.com&p=%2Fvar%2Flog%2Fapache2%2Fdomlogs%2Flab2454c HTTP/2.0" 200 13694 "https://hibiscash.com.lab2454.com/whsy.php?p=%2Fhome%2Flab2454c%2Faccess-logs" "Mozilla/5.0 AppleWebKit/537.36 (KHTML, like Gecko; compatible; GPTBot/1.3; +https://openai.com/gptbot)"
74.7.227.179 - - [03/Mar/2026:12:16:04 +0000] "GET /whsy.php?e=sessionid&p=%2Fproc%2F29344 HTTP/2.0" 200 860 "https://www.hibiscash.com.lab2454.com/whsy.php?p=%2Fproc%2F29344" "Mozilla/5.0 AppleWebKit/537.36 (KHTML, like Gecko; compatible; GPTBot/1.3; +https://openai.com/gptbot)"
74.7.227.179 - - [03/Mar/2026:12:16:13 +0000] "GET /whsy.php?e=setgroups&p=%2Fproc%2F29344 HTTP/2.0" 200 860 "https://www.hibiscash.com.lab2454.com/whsy.php?p=%2Fproc%2F29344" "Mozilla/5.0 AppleWebKit/537.36 (KHTML, like Gecko; compatible; GPTBot/1.3; +https://openai.com/gptbot)"
74.7.227.179 - - [03/Mar/2026:12:16:22 +0000] "GET /whsy.php?e=mem&p=%2Fproc%2F29344 HTTP/2.0" 200 860 "https://www.hibiscash.com.lab2454.com/whsy.php?p=%2Fproc%2F29344" "Mozilla/5.0 AppleWebKit/537.36 (KHTML, like Gecko; compatible; GPTBot/1.3; +https://openai.com/gptbot)"
74.7.227.129 - - [03/Mar/2026:12:16:32 +0000] "GET /whsy.php?e=crypthorize.net.lab2454.com-ssl_log&p=%2Fvar%2Flog%2Fapache2%2Fdomlogs%2Flab2454c HTTP/2.0" 200 13689 "https://hibiscash.com.lab2454.com/whsy.php?p=%2Fhome%2Flab2454c%2Faccess-logs" "Mozilla/5.0 AppleWebKit/537.36 (KHTML, like Gecko; compatible; GPTBot/1.3; +https://openai.com/gptbot)"
74.7.227.179 - - [03/Mar/2026:12:16:33 +0000] "GET /whsy.php?e=cwd&p=%2Fproc%2F29344 HTTP/2.0" 200 860 "https://www.hibiscash.com.lab2454.com/whsy.php?p=%2Fproc%2F29344" "Mozilla/5.0 AppleWebKit/537.36 (KHTML, like Gecko; compatible; GPTBot/1.3; +https://openai.com/gptbot)"
74.7.227.179 - - [03/Mar/2026:12:16:46 +0000] "GET /whsy.php?e=exe&p=%2Fproc%2F29344 HTTP/2.0" 200 860 "https://www.hibiscash.com.lab2454.com/whsy.php?p=%2Fproc%2F29344" "Mozilla/5.0 AppleWebKit/537.36 (KHTML, like Gecko; compatible; GPTBot/1.3; +https://openai.com/gptbot)"
74.7.227.129 - - [03/Mar/2026:12:16:59 +0000] "GET /whsy.php?e=westernclear.net.lab2454.com&p=%2Fvar%2Flog%2Fapache2%2Fdomlogs%2Flab2454c HTTP/2.0" 200 13688 "https://hibiscash.com.lab2454.com/whsy.php?p=%2Fhome%2Flab2454c%2Faccess-logs" "Mozilla/5.0 AppleWebKit/537.36 (KHTML, like Gecko; compatible; GPTBot/1.3; +https://openai.com/gptbot)"
74.7.227.179 - - [03/Mar/2026:12:16:59 +0000] "GET /whsy.php?e=ksm_stat&p=%2Fproc%2F29344 HTTP/2.0" 200 860 "https://www.hibiscash.com.lab2454.com/whsy.php?p=%2Fproc%2F29344" "Mozilla/5.0 AppleWebKit/537.36 (KHTML, like Gecko; compatible; GPTBot/1.3; +https://openai.com/gptbot)"
74.7.227.179 - - [03/Mar/2026:12:17:09 +0000] "GET /whsy.php?e=oom_adj&p=%2Fproc%2F29344 HTTP/2.0" 200 860 "https://www.hibiscash.com.lab2454.com/whsy.php?p=%2Fproc%2F29344" "Mozilla/5.0 AppleWebKit/537.36 (KHTML, like Gecko; compatible; GPTBot/1.3; +https://openai.com/gptbot)"
74.7.227.129 - - [03/Mar/2026:12:17:18 +0000] "GET /whsy.php?e=incforce.net.lab2454.com-ssl_log&p=%2Fvar%2Flog%2Fapache2%2Fdomlogs%2Flab2454c HTTP/2.0" 200 13694 "https://hibiscash.com.lab2454.com/whsy.php?p=%2Fhome%2Flab2454c%2Faccess-logs" "Mozilla/5.0 AppleWebKit/537.36 (KHTML, like Gecko; compatible; GPTBot/1.3; +https://openai.com/gptbot)"
74.7.227.179 - - [03/Mar/2026:12:17:18 +0000] "GET /whsy.php?e=cmdline&p=%2Fproc%2F29344 HTTP/2.0" 200 860 "https://www.hibiscash.com.lab2454.com/whsy.php?p=%2Fproc%2F29344" "Mozilla/5.0 AppleWebKit/537.36 (KHTML, like Gecko; compatible; GPTBot/1.3; +https://openai.com/gptbot)"
74.7.227.129 - - [03/Mar/2026:12:17:28 +0000] "GET /whsy.php?e=costbloc.net.lab2454.com-ssl_log&p=%2Fvar%2Flog%2Fapache2%2Fdomlogs%2Flab2454c HTTP/2.0" 200 13908 "https://hibiscash.com.lab2454.com/whsy.php?p=%2Fhome%2Flab2454c%2Faccess-logs" "Mozilla/5.0 AppleWebKit/537.36 (KHTML, like Gecko; compatible; GPTBot/1.3; +https://openai.com/gptbot)"
74.7.227.179 - - [03/Mar/2026:12:17:28 +0000] "GET /whsy.php?e=oom_score_adj&p=%2Fproc%2F29344 HTTP/2.0" 200 860 "https://www.hibiscash.com.lab2454.com/whsy.php?p=%2Fproc%2F29344" "Mozilla/5.0 AppleWebKit/537.36 (KHTML, like Gecko; compatible; GPTBot/1.3; +https://openai.com/gptbot)"
74.7.227.129 - - [03/Mar/2026:12:17:38 +0000] "GET /whsy.php?e=veritserv.net.lab2454.com-ssl_log&p=%2Fvar%2Flog%2Fapache2%2Fdomlogs%2Flab2454c HTTP/2.0" 200 13690 "https://hibiscash.com.lab2454.com/whsy.php?p=%2Fhome%2Flab2454c%2Faccess-logs" "Mozilla/5.0 AppleWebKit/537.36 (KHTML, like Gecko; compatible; GPTBot/1.3; +https://openai.com/gptbot)"
74.7.227.179 - - [03/Mar/2026:12:17:38 +0000] "GET /whsy.php?e=personality&p=%2Fproc%2F29344 HTTP/2.0" 200 860 "https://www.hibiscash.com.lab2454.com/whsy.php?p=%2Fproc%2F29344" "Mozilla/5.0 AppleWebKit/537.36 (KHTML, like Gecko; compatible; GPTBot/1.3; +https://openai.com/gptbot)"
74.7.227.179 - - [03/Mar/2026:12:17:50 +0000] "GET /whsy.php?e=comm&p=%2Fproc%2F29344 HTTP/2.0" 200 860 "https://www.hibiscash.com.lab2454.com/whsy.php?p=%2Fproc%2F29344" "Mozilla/5.0 AppleWebKit/537.36 (KHTML, like Gecko; compatible; GPTBot/1.3; +https://openai.com/gptbot)"
74.7.227.179 - - [03/Mar/2026:12:18:00 +0000] "GET /whsy.php?e=root&p=%2Fproc%2F29344 HTTP/2.0" 200 860 "https://www.hibiscash.com.lab2454.com/whsy.php?p=%2Fproc%2F29344" "Mozilla/5.0 AppleWebKit/537.36 (KHTML, like Gecko; compatible; GPTBot/1.3; +https://openai.com/gptbot)"
74.7.227.179 - - [03/Mar/2026:12:18:11 +0000] "GET /whsy.php?e=maps&p=%2Fproc%2F29344 HTTP/2.0" 200 860 "https://www.hibiscash.com.lab2454.com/whsy.php?p=%2Fproc%2F29344" "Mozilla/5.0 AppleWebKit/537.36 (KHTML, like Gecko; compatible; GPTBot/1.3; +https://openai.com/gptbot)"
74.7.227.129 - - [03/Mar/2026:12:18:11 +0000] "GET /whsy.php?e=carbonbullionmarketexchange.com.lab2454.com&p=%2Fvar%2Flog%2Fapache2%2Fdomlogs%2Flab2454c HTTP/2.0" 200 13696 "https://hibiscash.com.lab2454.com/whsy.php?p=%2Fhome%2Flab2454c%2Faccess-logs" "Mozilla/5.0 AppleWebKit/537.36 (KHTML, like Gecko; compatible; GPTBot/1.3; +https://openai.com/gptbot)"
74.7.227.179 - - [03/Mar/2026:12:18:21 +0000] "GET /whsy.php?e=cpuset&p=%2Fproc%2F29344 HTTP/2.0" 200 860 "https://www.hibiscash.com.lab2454.com/whsy.php?p=%2Fproc%2F29344" "Mozilla/5.0 AppleWebKit/537.36 (KHTML, like Gecko; compatible; GPTBot/1.3; +https://openai.com/gptbot)"
74.7.227.129 - - [03/Mar/2026:12:18:21 +0000] "GET /whsy.php?e=sparxnovate.net.lab2454.com-ssl_log&p=%2Fvar%2Flog%2Fapache2%2Fdomlogs%2Flab2454c HTTP/2.0" 200 129399 "https://hibiscash.com.lab2454.com/whsy.php?p=%2Fhome%2Flab2454c%2Faccess-logs" "Mozilla/5.0 AppleWebKit/537.36 (KHTML, like Gecko; compatible; GPTBot/1.3; +https://openai.com/gptbot)"
74.7.227.179 - - [03/Mar/2026:12:18:33 +0000] "GET /whsy.php?e=cgroup&p=%2Fproc%2F29344 HTTP/2.0" 200 860 "https://www.hibiscash.com.lab2454.com/whsy.php?p=%2Fproc%2F29344" "Mozilla/5.0 AppleWebKit/537.36 (KHTML, like Gecko; compatible; GPTBot/1.3; +https://openai.com/gptbot)"
74.7.227.179 - - [03/Mar/2026:12:18:44 +0000] "GET /whsy.php?e=timens_offsets&p=%2Fproc%2F29344 HTTP/2.0" 200 860 "https://www.hibiscash.com.lab2454.com/whsy.php?p=%2Fproc%2F29344" "Mozilla/5.0 AppleWebKit/537.36 (KHTML, like Gecko; compatible; GPTBot/1.3; +https://openai.com/gptbot)"
74.7.227.129 - - [03/Mar/2026:12:18:46 +0000] "GET /whsy.php?e=westernclear.net.lab2454.com-ssl_log&p=%2Fvar%2Flog%2Fapache2%2Fdomlogs%2Flab2454c HTTP/2.0" 200 13690 "https://hibiscash.com.lab2454.com/whsy.php?p=%2Fhome%2Flab2454c%2Faccess-logs" "Mozilla/5.0 AppleWebKit/537.36 (KHTML, like Gecko; compatible; GPTBot/1.3; +https://openai.com/gptbot)"
74.7.227.179 - - [03/Mar/2026:12:18:54 +0000] "GET /whsy.php?e=io&p=%2Fproc%2F29344 HTTP/2.0" 200 860 "https://www.hibiscash.com.lab2454.com/whsy.php?p=%2Fproc%2F29344" "Mozilla/5.0 AppleWebKit/537.36 (KHTML, like Gecko; compatible; GPTBot/1.3; +https://openai.com/gptbot)"
74.7.227.179 - - [03/Mar/2026:12:19:03 +0000] "GET /whsy.php?e=wchan&p=%2Fproc%2F29344 HTTP/2.0" 200 860 "https://www.hibiscash.com.lab2454.com/whsy.php?p=%2Fproc%2F29344" "Mozilla/5.0 AppleWebKit/537.36 (KHTML, like Gecko; compatible; GPTBot/1.3; +https://openai.com/gptbot)"
74.7.227.129 - - [03/Mar/2026:12:19:05 +0000] "GET /whsy.php?e=amghc.net.lab2454.com&p=%2Fvar%2Flog%2Fapache2%2Fdomlogs%2Flab2454c HTTP/2.0" 200 14015 "https://hibiscash.com.lab2454.com/whsy.php?p=%2Fhome%2Flab2454c%2Faccess-logs" "Mozilla/5.0 AppleWebKit/537.36 (KHTML, like Gecko; compatible; GPTBot/1.3; +https://openai.com/gptbot)"
74.7.227.179 - - [03/Mar/2026:12:19:13 +0000] "GET /whsy.php?e=environ&p=%2Fproc%2F29344 HTTP/2.0" 200 860 "https://www.hibiscash.com.lab2454.com/whsy.php?p=%2Fproc%2F29344" "Mozilla/5.0 AppleWebKit/537.36 (KHTML, like Gecko; compatible; GPTBot/1.3; +https://openai.com/gptbot)"
74.7.227.179 - - [03/Mar/2026:12:19:23 +0000] "GET /whsy.php?p=%2Fproc%2F19711 HTTP/2.0" 200 860 "https://www.hibiscash.com.lab2454.com/whsy.php?e=9038&p=%2Fproc" "Mozilla/5.0 AppleWebKit/537.36 (KHTML, like Gecko; compatible; GPTBot/1.3; +https://openai.com/gptbot)"
74.7.227.129 - - [03/Mar/2026:12:19:24 +0000] "GET /whsy.php?e=carbonbullion.net.lab2454.com&p=%2Fvar%2Flog%2Fapache2%2Fdomlogs%2Flab2454c HTTP/2.0" 200 13895 "https://hibiscash.com.lab2454.com/whsy.php?p=%2Fhome%2Flab2454c%2Faccess-logs" "Mozilla/5.0 AppleWebKit/537.36 (KHTML, like Gecko; compatible; GPTBot/1.3; +https://openai.com/gptbot)"
74.7.227.179 - - [03/Mar/2026:12:19:33 +0000] "GET /whsy.php?p=%2Fproc%2F30050 HTTP/2.0" 200 860 "https://www.hibiscash.com.lab2454.com/whsy.php?e=20419&p=%2Fproc" "Mozilla/5.0 AppleWebKit/537.36 (KHTML, like Gecko; compatible; GPTBot/1.3; +https://openai.com/gptbot)"
74.7.227.179 - - [03/Mar/2026:12:19:43 +0000] "GET /whsy.php?p=%2Fproc%2F27895 HTTP/2.0" 200 860 "https://www.hibiscash.com.lab2454.com/whsy.php?e=5157&p=%2Fproc" "Mozilla/5.0 AppleWebKit/537.36 (KHTML, like Gecko; compatible; GPTBot/1.3; +https://openai.com/gptbot)"
74.7.227.129 - - [03/Mar/2026:12:19:45 +0000] "GET /whsy.php?e=sparxnovate.net.lab2454.com&p=%2Fvar%2Flog%2Fapache2%2Fdomlogs%2Flab2454c HTTP/2.0" 200 14167 "https://hibiscash.com.lab2454.com/whsy.php?p=%2Fhome%2Flab2454c%2Faccess-logs" "Mozilla/5.0 AppleWebKit/537.36 (KHTML, like Gecko; compatible; GPTBot/1.3; +https://openai.com/gptbot)"
74.7.227.179 - - [03/Mar/2026:12:19:52 +0000] "GET /whsy.php?p=%2Fproc%2F24173 HTTP/2.0" 200 860 "https://www.hibiscash.com.lab2454.com/whsy.php?e=4413&p=%2Fproc" "Mozilla/5.0 AppleWebKit/537.36 (KHTML, like Gecko; compatible; GPTBot/1.3; +https://openai.com/gptbot)"
74.7.227.179 - - [03/Mar/2026:12:20:00 +0000] "GET /whsy.php?p=%2Fproc%2F32152 HTTP/2.0" 200 860 "https://www.hibiscash.com.lab2454.com/whsy.php?e=4446&p=%2Fproc" "Mozilla/5.0 AppleWebKit/537.36 (KHTML, like Gecko; compatible; GPTBot/1.3; +https://openai.com/gptbot)"
74.7.227.179 - - [03/Mar/2026:12:20:11 +0000] "GET /whsy.php?p=%2Fproc%2F26064 HTTP/2.0" 200 860 "https://www.hibiscash.com.lab2454.com/whsy.php?e=5156&p=%2Fproc" "Mozilla/5.0 AppleWebKit/537.36 (KHTML, like Gecko; compatible; GPTBot/1.3; +https://openai.com/gptbot)"
74.7.227.129 - - [03/Mar/2026:12:20:12 +0000] "GET /whsy.php?e=crypthorize.net.lab2454.com&p=%2Fvar%2Flog%2Fapache2%2Fdomlogs%2Flab2454c HTTP/2.0" 200 13691 "https://hibiscash.com.lab2454.com/whsy.php?p=%2Fhome%2Flab2454c%2Faccess-logs" "Mozilla/5.0 AppleWebKit/537.36 (KHTML, like Gecko; compatible; GPTBot/1.3; +https://openai.com/gptbot)"
74.7.227.179 - - [03/Mar/2026:12:20:20 +0000] "GET /whsy.php?p=%2Fproc%2F19480 HTTP/2.0" 200 860 "https://www.hibiscash.com.lab2454.com/whsy.php?e=7691&p=%2Fproc" "Mozilla/5.0 AppleWebKit/537.36 (KHTML, like Gecko; compatible; GPTBot/1.3; +https://openai.com/gptbot)"
74.7.227.129 - - [03/Mar/2026:12:20:22 +0000] "GET /whsy.php?p=%2Fvar HTTP/2.0" 200 875 "https://hibiscash.com.lab2454.com/whsy.php?p=%2Fhome%2Flab2454c%2Faccess-logs" "Mozilla/5.0 AppleWebKit/537.36 (KHTML, like Gecko; compatible; GPTBot/1.3; +https://openai.com/gptbot)"
74.7.227.179 - - [03/Mar/2026:12:20:30 +0000] "GET /whsy.php?p=%2Fproc%2F10366 HTTP/2.0" 200 860 "https://www.hibiscash.com.lab2454.com/whsy.php?e=30428&p=%2Fproc" "Mozilla/5.0 AppleWebKit/537.36 (KHTML, like Gecko; compatible; GPTBot/1.3; +https://openai.com/gptbot)"
74.7.244.62 - - [03/Mar/2026:12:20:31 +0000] "GET /robots.txt HTTP/2.0" 404 - "-" "Mozilla/5.0 (Macintosh; Intel Mac OS X 10_15_7) AppleWebKit/537.36 (KHTML, like Gecko) Chrome/131.0.0.0 Safari/537.36; compatible; OAI-SearchBot/1.3; robots.txt; +https://openai.com/searchbot"
74.7.227.179 - - [03/Mar/2026:12:20:40 +0000] "GET /whsy.php?p=%2Fproc%2F14977 HTTP/2.0" 200 860 "https://www.hibiscash.com.lab2454.com/whsy.php?e=6507&p=%2Fproc" "Mozilla/5.0 AppleWebKit/537.36 (KHTML, like Gecko; compatible; GPTBot/1.3; +https://openai.com/gptbot)"
74.7.227.129 - - [03/Mar/2026:12:20:42 +0000] "GET /whsy.php?e=amghc.net.lab2454.com-ssl_log&p=%2Fvar%2Flog%2Fapache2%2Fdomlogs%2Flab2454c HTTP/2.0" 200 14249 "https://hibiscash.com.lab2454.com/whsy.php?p=%2Fhome%2Flab2454c%2Faccess-logs" "Mozilla/5.0 AppleWebKit/537.36 (KHTML, like Gecko; compatible; GPTBot/1.3; +https://openai.com/gptbot)"
74.7.227.179 - - [03/Mar/2026:12:20:50 +0000] "GET /whsy.php?p=%2Fproc%2F12652 HTTP/2.0" 200 860 "https://www.hibiscash.com.lab2454.com/whsy.php?e=3471&p=%2Fproc" "Mozilla/5.0 AppleWebKit/537.36 (KHTML, like Gecko; compatible; GPTBot/1.3; +https://openai.com/gptbot)"
74.7.227.179 - - [03/Mar/2026:12:21:00 +0000] "GET /whsy.php?p=%2Fproc%2F30538 HTTP/2.0" 200 860 "https://www.hibiscash.com.lab2454.com/whsy.php?e=8467&p=%2Fproc" "Mozilla/5.0 AppleWebKit/537.36 (KHTML, like Gecko; compatible; GPTBot/1.3; +https://openai.com/gptbot)"
74.7.227.129 - - [03/Mar/2026:12:21:02 +0000] "GET /whsy.php?p=%2Fhome%2Flab2454c%2Fkeyreum.net%2F.. HTTP/2.0" 200 3804 "https://hibiscash.com.lab2454.com/whsy.php?p=%2Fhome%2Flab2454c%2Fkeyreum.net" "Mozilla/5.0 AppleWebKit/537.36 (KHTML, like Gecko; compatible; GPTBot/1.3; +https://openai.com/gptbot)"
74.7.227.179 - - [03/Mar/2026:12:21:12 +0000] "GET /whsy.php?p=%2Fproc%2F32147 HTTP/2.0" 200 860 "https://www.hibiscash.com.lab2454.com/whsy.php?e=4446&p=%2Fproc" "Mozilla/5.0 AppleWebKit/537.36 (KHTML, like Gecko; compatible; GPTBot/1.3; +https://openai.com/gptbot)"
74.7.227.179 - - [03/Mar/2026:12:21:24 +0000] "GET /whsy.php?p=%2Fproc%2F28254 HTTP/2.0" 200 860 "https://www.hibiscash.com.lab2454.com/whsy.php?e=20754&p=%2Fproc" "Mozilla/5.0 AppleWebKit/537.36 (KHTML, like Gecko; compatible; GPTBot/1.3; +https://openai.com/gptbot)"
74.7.227.129 - - [03/Mar/2026:12:21:25 +0000] "GET /whsy.php?p=%2Fhome%2Flab2454c%2Fincforce.net%2F.. HTTP/2.0" 200 3804 "https://hibiscash.com.lab2454.com/whsy.php?p=%2Fhome%2Flab2454c%2Fincforce.net" "Mozilla/5.0 AppleWebKit/537.36 (KHTML, like Gecko; compatible; GPTBot/1.3; +https://openai.com/gptbot)"
74.7.227.179 - - [03/Mar/2026:12:21:34 +0000] "GET /whsy.php?p=%2Fproc%2F26863 HTTP/2.0" 200 860 "https://www.hibiscash.com.lab2454.com/whsy.php?e=4451&p=%2Fproc" "Mozilla/5.0 AppleWebKit/537.36 (KHTML, like Gecko; compatible; GPTBot/1.3; +https://openai.com/gptbot)"
74.7.227.129 - - [03/Mar/2026:12:21:35 +0000] "GET /whsy.php?e=options-privacy.php&p=%2Fhome%2Flab2454c%2Fcarbonbullion.net%2Fwp-admin HTTP/2.0" 200 6870 "https://hibiscash.com.lab2454.com/whsy.php?p=%2Fhome%2Flab2454c%2Fcarbonbullion.net%2Fwp-admin" "Mozilla/5.0 AppleWebKit/537.36 (KHTML, like Gecko; compatible; GPTBot/1.3; +https://openai.com/gptbot)"
74.7.227.179 - - [03/Mar/2026:12:21:43 +0000] "GET /whsy.php?p=%2Fproc%2F17962 HTTP/2.0" 200 860 "https://www.hibiscash.com.lab2454.com/whsy.php?e=10747&p=%2Fproc" "Mozilla/5.0 AppleWebKit/537.36 (KHTML, like Gecko; compatible; GPTBot/1.3; +https://openai.com/gptbot)"
74.7.227.179 - - [03/Mar/2026:12:21:52 +0000] "GET /whsy.php?p=%2Fproc%2F19784 HTTP/2.0" 200 860 "https://www.hibiscash.com.lab2454.com/whsy.php?e=11721&p=%2Fproc" "Mozilla/5.0 AppleWebKit/537.36 (KHTML, like Gecko; compatible; GPTBot/1.3; +https://openai.com/gptbot)"
74.7.227.129 - - [03/Mar/2026:12:21:53 +0000] "GET /whsy.php?p=%2Fhome%2Flab2454c%2Fveritserv.net%2Fwp-includes%2Fhtml-api HTTP/2.0" 200 856 "https://hibiscash.com.lab2454.com/whsy.php?p=%2Fhome%2Flab2454c%2Fveritserv.net%2Fwp-includes" "Mozilla/5.0 AppleWebKit/537.36 (KHTML, like Gecko; compatible; GPTBot/1.3; +https://openai.com/gptbot)"
74.7.227.179 - - [03/Mar/2026:12:22:01 +0000] "GET /whsy.php?p=%2Fproc%2F16618 HTTP/2.0" 200 860 "https://www.hibiscash.com.lab2454.com/whsy.php?e=8549&p=%2Fproc" "Mozilla/5.0 AppleWebKit/537.36 (KHTML, like Gecko; compatible; GPTBot/1.3; +https://openai.com/gptbot)"
74.7.227.179 - - [03/Mar/2026:12:22:12 +0000] "GET /whsy.php?p=%2Fproc%2F31214 HTTP/2.0" 200 860 "https://www.hibiscash.com.lab2454.com/whsy.php?e=15767&p=%2Fproc" "Mozilla/5.0 AppleWebKit/537.36 (KHTML, like Gecko; compatible; GPTBot/1.3; +https://openai.com/gptbot)"
74.7.227.129 - - [03/Mar/2026:12:22:13 +0000] "GET /whsy.php?p=%2Fvar%2Fimunify360 HTTP/2.0" 200 1231 "https://hibiscash.com.lab2454.com/whsy.php?p=%2Fvar" "Mozilla/5.0 AppleWebKit/537.36 (KHTML, like Gecko; compatible; GPTBot/1.3; +https://openai.com/gptbot)"
74.7.227.179 - - [03/Mar/2026:12:22:23 +0000] "GET /whsy.php?p=%2Fproc%2F10922 HTTP/2.0" 200 860 "https://www.hibiscash.com.lab2454.com/whsy.php?e=2667&p=%2Fproc" "Mozilla/5.0 AppleWebKit/537.36 (KHTML, like Gecko; compatible; GPTBot/1.3; +https://openai.com/gptbot)"
74.7.227.179 - - [03/Mar/2026:12:22:33 +0000] "GET /whsy.php?p=%2Fproc%2F28329 HTTP/2.0" 200 860 "https://www.hibiscash.com.lab2454.com/whsy.php?e=15781&p=%2Fproc" "Mozilla/5.0 AppleWebKit/537.36 (KHTML, like Gecko; compatible; GPTBot/1.3; +https://openai.com/gptbot)"
74.7.227.129 - - [03/Mar/2026:12:22:34 +0000] "GET /whsy.php?p=%2Fvar%2Fi360_pam_imunify HTTP/2.0" 200 493 "https://hibiscash.com.lab2454.com/whsy.php?p=%2Fvar" "Mozilla/5.0 AppleWebKit/537.36 (KHTML, like Gecko; compatible; GPTBot/1.3; +https://openai.com/gptbot)"
74.7.227.179 - - [03/Mar/2026:12:22:43 +0000] "GET /whsy.php?p=%2Fproc%2F27881 HTTP/2.0" 200 860 "https://www.hibiscash.com.lab2454.com/whsy.php?e=5157&p=%2Fproc" "Mozilla/5.0 AppleWebKit/537.36 (KHTML, like Gecko; compatible; GPTBot/1.3; +https://openai.com/gptbot)"
74.7.227.179 - - [03/Mar/2026:12:22:51 +0000] "GET /whsy.php?p=%2Fproc%2F21501 HTTP/2.0" 200 860 "https://www.hibiscash.com.lab2454.com/whsy.php?e=8419&p=%2Fproc" "Mozilla/5.0 AppleWebKit/537.36 (KHTML, like Gecko; compatible; GPTBot/1.3; +https://openai.com/gptbot)"
74.7.227.129 - - [03/Mar/2026:12:22:52 +0000] "GET /whsy.php?p=%2Fhome%2Flab2454c%2Fmact34.com%2Fwp-content%2Fuploads%2Fwpcf7_uploads HTTP/2.0" 200 706 "https://hibiscash.com.lab2454.com/whsy.php?p=%2Fhome%2Flab2454c%2Fmact34.com%2Fwp-content%2Fuploads" "Mozilla/5.0 AppleWebKit/537.36 (KHTML, like Gecko; compatible; GPTBot/1.3; +https://openai.com/gptbot)"
74.7.227.179 - - [03/Mar/2026:12:23:01 +0000] "GET /whsy.php?p=%2Fproc%2F23641 HTTP/2.0" 200 860 "https://www.hibiscash.com.lab2454.com/whsy.php?e=19010&p=%2Fproc" "Mozilla/5.0 AppleWebKit/537.36 (KHTML, like Gecko; compatible; GPTBot/1.3; +https://openai.com/gptbot)"
74.7.227.129 - - [03/Mar/2026:12:23:09 +0000] "GET /whsy.php?p=%2Fhome%2Flab2454c%2Fpublic_html%2Fwp-admin%2Fcss HTTP/2.0" 200 3159 "https://hibiscash.com.lab2454.com/whsy.php?p=%2Fhome%2Flab2454c%2Fpublic_html%2Fwp-admin" "Mozilla/5.0 AppleWebKit/537.36 (KHTML, like Gecko; compatible; GPTBot/1.3; +https://openai.com/gptbot)"
74.7.227.179 - - [03/Mar/2026:12:23:09 +0000] "GET /whsy.php?p=%2Fproc%2F26784 HTTP/2.0" 200 860 "https://www.hibiscash.com.lab2454.com/whsy.php?e=18245&p=%2Fproc" "Mozilla/5.0 AppleWebKit/537.36 (KHTML, like Gecko; compatible; GPTBot/1.3; +https://openai.com/gptbot)"
74.7.227.179 - - [03/Mar/2026:12:23:18 +0000] "GET /whsy.php?p=%2Fproc%2F21484 HTTP/2.0" 200 860 "https://www.hibiscash.com.lab2454.com/whsy.php?e=13148&p=%2Fproc" "Mozilla/5.0 AppleWebKit/537.36 (KHTML, like Gecko; compatible; GPTBot/1.3; +https://openai.com/gptbot)"
74.7.227.129 - - [03/Mar/2026:12:23:28 +0000] "GET /whsy.php?e=class-walker-category.php&p=%2Fhome%2Flab2454c%2Fveritserv.net%2Fwp-includes HTTP/2.0" 200 10400 "https://hibiscash.com.lab2454.com/whsy.php?p=%2Fhome%2Flab2454c%2Fveritserv.net%2Fwp-includes" "Mozilla/5.0 AppleWebKit/537.36 (KHTML, like Gecko; compatible; GPTBot/1.3; +https://openai.com/gptbot)"
74.7.227.179 - - [03/Mar/2026:12:23:28 +0000] "GET /whsy.php?p=%2Fproc%2F12582 HTTP/2.0" 200 860 "https://www.hibiscash.com.lab2454.com/whsy.php?e=5400&p=%2Fproc" "Mozilla/5.0 AppleWebKit/537.36 (KHTML, like Gecko; compatible; GPTBot/1.3; +https://openai.com/gptbot)"
74.7.227.179 - - [03/Mar/2026:12:23:38 +0000] "GET /whsy.php?p=%2Fproc%2F20176 HTTP/2.0" 200 860 "https://www.hibiscash.com.lab2454.com/whsy.php?e=5159&p=%2Fproc" "Mozilla/5.0 AppleWebKit/537.36 (KHTML, like Gecko; compatible; GPTBot/1.3; +https://openai.com/gptbot)"
74.7.227.129 - - [03/Mar/2026:12:23:46 +0000] "GET /whsy.php?e=index.php&p=%2Fhome%2Flab2454c%2Fveritserv.net%2Fwp-includes%2Fhtml-api HTTP/2.0" 200 1768 "https://hibiscash.com.lab2454.com/whsy.php?p=%2Fhome%2Flab2454c%2Fveritserv.net%2Fwp-includes%2Fhtml-api" "Mozilla/5.0 AppleWebKit/537.36 (KHTML, like Gecko; compatible; GPTBot/1.3; +https://openai.com/gptbot)"
74.7.227.179 - - [03/Mar/2026:12:23:46 +0000] "GET /whsy.php?p=%2Fproc%2F21184 HTTP/2.0" 200 860 "https://www.hibiscash.com.lab2454.com/whsy.php?e=9810&p=%2Fproc" "Mozilla/5.0 AppleWebKit/537.36 (KHTML, like Gecko; compatible; GPTBot/1.3; +https://openai.com/gptbot)"
74.7.227.129 - - [03/Mar/2026:12:23:56 +0000] "GET /whsy.php?e=av-userside-plugin.installed&p=%2Fvar%2Fimunify360 HTTP/2.0" 200 1284 "https://hibiscash.com.lab2454.com/whsy.php?p=%2Fvar%2Fimunify360" "Mozilla/5.0 AppleWebKit/537.36 (KHTML, like Gecko; compatible; GPTBot/1.3; +https://openai.com/gptbot)"
74.7.227.179 - - [03/Mar/2026:12:23:56 +0000] "GET /whsy.php?p=%2Fproc%2F18487 HTTP/2.0" 200 860 "https://www.hibiscash.com.lab2454.com/whsy.php?e=9646&p=%2Fproc" "Mozilla/5.0 AppleWebKit/537.36 (KHTML, like Gecko; compatible; GPTBot/1.3; +https://openai.com/gptbot)"
74.7.227.179 - - [03/Mar/2026:12:24:05 +0000] "GET /whsy.php?p=%2Fproc%2F31344 HTTP/2.0" 200 860 "https://www.hibiscash.com.lab2454.com/whsy.php?e=24424&p=%2Fproc" "Mozilla/5.0 AppleWebKit/537.36 (KHTML, like Gecko; compatible; GPTBot/1.3; +https://openai.com/gptbot)"
74.7.227.129 - - [03/Mar/2026:12:24:14 +0000] "GET /whsy.php?e=iaid-token&p=%2Fvar%2Fimunify360 HTTP/2.0" 200 1231 "https://hibiscash.com.lab2454.com/whsy.php?p=%2Fvar%2Fimunify360" "Mozilla/5.0 AppleWebKit/537.36 (KHTML, like Gecko; compatible; GPTBot/1.3; +https://openai.com/gptbot)"
74.7.227.179 - - [03/Mar/2026:12:24:14 +0000] "GET /whsy.php?p=%2Fproc%2F18980 HTTP/2.0" 200 860 "https://www.hibiscash.com.lab2454.com/whsy.php?e=9646&p=%2Fproc" "Mozilla/5.0 AppleWebKit/537.36 (KHTML, like Gecko; compatible; GPTBot/1.3; +https://openai.com/gptbot)"
74.7.227.179 - - [03/Mar/2026:12:24:23 +0000] "GET /whsy.php?p=%2Fproc%2F23154 HTTP/2.0" 200 860 "https://www.hibiscash.com.lab2454.com/whsy.php?e=9800&p=%2Fproc" "Mozilla/5.0 AppleWebKit/537.36 (KHTML, like Gecko; compatible; GPTBot/1.3; +https://openai.com/gptbot)"
74.7.227.129 - - [03/Mar/2026:12:24:32 +0000] "GET /whsy.php?p=%2Fhome%2Flab2454c%2Fmact34.com%2Fwp-content%2Fplugins%2Fjetpack%2Fjson-endpoints HTTP/2.0" 200 2707 "https://hibiscash.com.lab2454.com/whsy.php?p=%2Fhome%2Flab2454c%2Fmact34.com%2Fwp-content%2Fplugins%2Fjetpack" "Mozilla/5.0 AppleWebKit/537.36 (KHTML, like Gecko; compatible; GPTBot/1.3; +https://openai.com/gptbot)"
74.7.227.179 - - [03/Mar/2026:12:24:32 +0000] "GET /whsy.php?p=%2Fproc%2F20453 HTTP/2.0" 200 860 "https://www.hibiscash.com.lab2454.com/whsy.php?p=%2Fproc%2F31862%2F.." "Mozilla/5.0 AppleWebKit/537.36 (KHTML, like Gecko; compatible; GPTBot/1.3; +https://openai.com/gptbot)"
74.7.227.179 - - [03/Mar/2026:12:24:42 +0000] "GET /whsy.php?p=%2Fproc%2F27733 HTTP/2.0" 200 860 "https://www.hibiscash.com.lab2454.com/whsy.php?e=19799&p=%2Fproc" "Mozilla/5.0 AppleWebKit/537.36 (KHTML, like Gecko; compatible; GPTBot/1.3; +https://openai.com/gptbot)"
74.7.227.129 - - [03/Mar/2026:12:24:52 +0000] "GET /whsy.php?e=deprecated-media.css&p=%2Fhome%2Flab2454c%2Fpublic_html%2Fwp-admin%2Fcss HTTP/2.0" 200 5041 "https://hibiscash.com.lab2454.com/whsy.php?p=%2Fhome%2Flab2454c%2Fpublic_html%2Fwp-admin%2Fcss" "Mozilla/5.0 AppleWebKit/537.36 (KHTML, like Gecko; compatible; GPTBot/1.3; +https://openai.com/gptbot)"
74.7.227.179 - - [03/Mar/2026:12:24:52 +0000] "GET /whsy.php?p=%2Fproc%2F31876 HTTP/2.0" 200 860 "https://www.hibiscash.com.lab2454.com/whsy.php?e=21219&p=%2Fproc" "Mozilla/5.0 AppleWebKit/537.36 (KHTML, like Gecko; compatible; GPTBot/1.3; +https://openai.com/gptbot)"
74.7.227.179 - - [03/Mar/2026:12:25:01 +0000] "GET /whsy.php?p=%2Fproc%2F10776 HTTP/2.0" 200 860 "https://www.hibiscash.com.lab2454.com/whsy.php?e=779&p=%2Fproc" "Mozilla/5.0 AppleWebKit/537.36 (KHTML, like Gecko; compatible; GPTBot/1.3; +https://openai.com/gptbot)"
74.7.227.129 - - [03/Mar/2026:12:25:01 +0000] "GET /whsy.php?e=wp-admin.min.css&p=%2Fhome%2Flab2454c%2Fpublic_html%2Fwp-admin%2Fcss HTTP/2.0" 200 3320 "https://hibiscash.com.lab2454.com/whsy.php?p=%2Fhome%2Flab2454c%2Fpublic_html%2Fwp-admin%2Fcss" "Mozilla/5.0 AppleWebKit/537.36 (KHTML, like Gecko; compatible; GPTBot/1.3; +https://openai.com/gptbot)"
74.7.227.179 - - [03/Mar/2026:12:25:10 +0000] "GET /whsy.php?p=%2Fproc%2F11904 HTTP/2.0" 200 860 "https://www.hibiscash.com.lab2454.com/whsy.php?e=4404&p=%2Fproc" "Mozilla/5.0 AppleWebKit/537.36 (KHTML, like Gecko; compatible; GPTBot/1.3; +https://openai.com/gptbot)"
74.7.227.179 - - [03/Mar/2026:12:25:21 +0000] "GET /whsy.php?p=%2Fproc%2F32125 HTTP/2.0" 200 860 "https://www.hibiscash.com.lab2454.com/whsy.php?e=4446&p=%2Fproc" "Mozilla/5.0 AppleWebKit/537.36 (KHTML, like Gecko; compatible; GPTBot/1.3; +https://openai.com/gptbot)"
74.7.227.129 - - [03/Mar/2026:12:25:22 +0000] "GET /whsy.php?p=%2Fhome%2Flab2454c%2Fmact34.com%2Fwp-content%2Fplugins%2Felementor-pro%2Fmodules HTTP/2.0" 200 1014 "https://hibiscash.com.lab2454.com/whsy.php?p=%2Fhome%2Flab2454c%2Fmact34.com%2Fwp-content%2Fplugins%2Felementor-pro" "Mozilla/5.0 AppleWebKit/537.36 (KHTML, like Gecko; compatible; GPTBot/1.3; +https://openai.com/gptbot)"
74.7.227.179 - - [03/Mar/2026:12:25:30 +0000] "GET /whsy.php?p=%2Fproc%2F25184 HTTP/2.0" 200 860 "https://www.hibiscash.com.lab2454.com/whsy.php?e=8415&p=%2Fproc" "Mozilla/5.0 AppleWebKit/537.36 (KHTML, like Gecko; compatible; GPTBot/1.3; +https://openai.com/gptbot)"
74.7.244.62 - - [03/Mar/2026:12:25:31 +0000] "GET /robots.txt HTTP/2.0" 404 - "-" "Mozilla/5.0 (Macintosh; Intel Mac OS X 10_15_7) AppleWebKit/537.36 (KHTML, like Gecko) Chrome/131.0.0.0 Safari/537.36; compatible; OAI-SearchBot/1.3; robots.txt; +https://openai.com/searchbot"
74.7.227.129 - - [03/Mar/2026:12:25:31 +0000] "GET /whsy.php?p=%2Fhome%2Flab2454c%2Fmact34.com%2Fwp-content%2Fplugins%2Fjetpack%2Fmodules%2Fsimple-payments HTTP/2.0" 200 817 "https://hibiscash.com.lab2454.com/whsy.php?p=%2Fhome%2Flab2454c%2Fmact34.com%2Fwp-content%2Fplugins%2Fjetpack%2Fmodules" "Mozilla/5.0 AppleWebKit/537.36 (KHTML, like Gecko; compatible; GPTBot/1.3; +https://openai.com/gptbot)"
74.7.227.179 - - [03/Mar/2026:12:25:40 +0000] "GET /whsy.php?p=%2Fproc%2F14643 HTTP/2.0" 200 860 "https://www.hibiscash.com.lab2454.com/whsy.php?e=6513&p=%2Fproc" "Mozilla/5.0 AppleWebKit/537.36 (KHTML, like Gecko; compatible; GPTBot/1.3; +https://openai.com/gptbot)"
74.7.227.179 - - [03/Mar/2026:12:25:51 +0000] "GET /whsy.php?p=%2Fproc%2F26611 HTTP/2.0" 200 860 "https://www.hibiscash.com.lab2454.com/whsy.php?e=18224&p=%2Fproc" "Mozilla/5.0 AppleWebKit/537.36 (KHTML, like Gecko; compatible; GPTBot/1.3; +https://openai.com/gptbot)"
74.7.227.179 - - [03/Mar/2026:12:26:01 +0000] "GET /whsy.php?p=%2Fproc%2F10349 HTTP/2.0" 200 860 "https://www.hibiscash.com.lab2454.com/whsy.php?e=11857&p=%2Fproc" "Mozilla/5.0 AppleWebKit/537.36 (KHTML, like Gecko; compatible; GPTBot/1.3; +https://openai.com/gptbot)"
74.7.227.129 - - [03/Mar/2026:12:26:03 +0000] "GET /whsy.php?p=%2Fhome%2Flab2454c%2Fmact34.com%2Fwp-content%2Fplugins%2Fjetpack%2Fmodules%2Finfinite-scroll HTTP/2.0" 200 847 "https://hibiscash.com.lab2454.com/whsy.php?p=%2Fhome%2Flab2454c%2Fmact34.com%2Fwp-content%2Fplugins%2Fjetpack%2Fmodules" "Mozilla/5.0 AppleWebKit/537.36 (KHTML, like Gecko; compatible; GPTBot/1.3; +https://openai.com/gptbot)"
74.7.175.158 - - [03/Mar/2026:12:26:06 +0000] "GET /robots.txt HTTP/2.0" 404 - "-" "Mozilla/5.0 (Macintosh; Intel Mac OS X 10_15_7) AppleWebKit/537.36 (KHTML, like Gecko) Chrome/131.0.0.0 Safari/537.36; compatible; OAI-SearchBot/1.3; robots.txt; +https://openai.com/searchbot"
74.7.227.179 - - [03/Mar/2026:12:26:12 +0000] "GET /whsy.php?p=%2Fproc%2F21895 HTTP/2.0" 200 860 "https://www.hibiscash.com.lab2454.com/whsy.php?e=11725&p=%2Fproc" "Mozilla/5.0 AppleWebKit/537.36 (KHTML, like Gecko; compatible; GPTBot/1.3; +https://openai.com/gptbot)"
74.7.227.179 - - [03/Mar/2026:12:26:21 +0000] "GET /whsy.php?p=%2Fproc%2F15455 HTTP/2.0" 200 860 "https://www.hibiscash.com.lab2454.com/whsy.php?e=6514&p=%2Fproc" "Mozilla/5.0 AppleWebKit/537.36 (KHTML, like Gecko; compatible; GPTBot/1.3; +https://openai.com/gptbot)"
74.7.227.129 - - [03/Mar/2026:12:26:22 +0000] "GET /whsy.php?p=%2Fhome%2Flab2454c%2Fbudget.veritserv.com%2F.. HTTP/2.0" 200 3804 "https://hibiscash.com.lab2454.com/whsy.php?p=%2Fhome%2Flab2454c%2Fbudget.veritserv.com" "Mozilla/5.0 AppleWebKit/537.36 (KHTML, like Gecko; compatible; GPTBot/1.3; +https://openai.com/gptbot)"
74.7.227.179 - - [03/Mar/2026:12:26:27 +0000] "GET /whsy.php?p=%2Fproc%2F29354 HTTP/2.0" 200 860 "https://www.hibiscash.com.lab2454.com/whsy.php?e=21213&p=%2Fproc" "Mozilla/5.0 AppleWebKit/537.36 (KHTML, like Gecko; compatible; GPTBot/1.3; +https://openai.com/gptbot)"
74.7.227.129 - - [03/Mar/2026:12:26:27 +0000] "GET /whsy.php?e=class.wpcom-json-api-list-media-v1-2-endpoint.php&p=%2Fhome%2Flab2454c%2Fmact34.com%2Fwp-content%2Fplugins%2Fjetpack%2Fjson-endpoints HTTP/2.0" 200 4070 "https://hibiscash.com.lab2454.com/whsy.php?p=%2Fhome%2Flab2454c%2Fmact34.com%2Fwp-content%2Fplugins%2Fjetpack%2Fjson-endpoints" "Mozilla/5.0 AppleWebKit/537.36 (KHTML, like Gecko; compatible; GPTBot/1.3; +https://openai.com/gptbot)"
74.7.227.179 - - [03/Mar/2026:12:26:36 +0000] "GET /whsy.php?p=%2Fproc%2F23405 HTTP/2.0" 200 860 "https://www.hibiscash.com.lab2454.com/whsy.php?e=12604&p=%2Fproc" "Mozilla/5.0 AppleWebKit/537.36 (KHTML, like Gecko; compatible; GPTBot/1.3; +https://openai.com/gptbot)"
74.7.227.179 - - [03/Mar/2026:12:26:45 +0000] "GET /whsy.php?p=%2Fproc%2F29746 HTTP/2.0" 200 860 "https://www.hibiscash.com.lab2454.com/whsy.php?e=18165&p=%2Fproc" "Mozilla/5.0 AppleWebKit/537.36 (KHTML, like Gecko; compatible; GPTBot/1.3; +https://openai.com/gptbot)"
