74.7.227.179 - - [03/Mar/2026:07:00:04 +0000] "GET /whsy.php?e=11742&p=%2Fproc HTTP/2.0" 200 4210 "https://www.hibiscash.com.lab2454.com/whsy.php?e=3563&p=%2Fproc" "Mozilla/5.0 AppleWebKit/537.36 (KHTML, like Gecko; compatible; GPTBot/1.3; +https://openai.com/gptbot)"
74.7.227.129 - - [03/Mar/2026:07:00:09 +0000] "GET /whsy.php?e=user-edit.php&p=%2Fhome%2Flab2454c%2Fadenbic.com%2Fwp-admin HTTP/2.0" 200 13792 "https://hibiscash.com.lab2454.com/whsy.php?p=%2Fhome%2Flab2454c%2Fadenbic.com%2Fwp-admin" "Mozilla/5.0 AppleWebKit/537.36 (KHTML, like Gecko; compatible; GPTBot/1.3; +https://openai.com/gptbot)"
74.7.227.179 - - [03/Mar/2026:07:00:14 +0000] "GET /whsy.php?e=12433&p=%2Fproc HTTP/2.0" 200 4185 "https://www.hibiscash.com.lab2454.com/whsy.php?e=2645&p=%2Fproc" "Mozilla/5.0 AppleWebKit/537.36 (KHTML, like Gecko; compatible; GPTBot/1.3; +https://openai.com/gptbot)"
74.7.244.62 - - [03/Mar/2026:07:00:15 +0000] "GET /robots.txt HTTP/2.0" 404 - "-" "Mozilla/5.0 (Macintosh; Intel Mac OS X 10_15_7) AppleWebKit/537.36 (KHTML, like Gecko) Chrome/131.0.0.0 Safari/537.36; compatible; OAI-SearchBot/1.3; robots.txt; +https://openai.com/searchbot"
74.7.227.179 - - [03/Mar/2026:07:00:23 +0000] "GET /whsy.php?p=%2Fproc%2F11777 HTTP/2.0" 200 860 "https://www.hibiscash.com.lab2454.com/whsy.php?e=3563&p=%2Fproc" "Mozilla/5.0 AppleWebKit/537.36 (KHTML, like Gecko; compatible; GPTBot/1.3; +https://openai.com/gptbot)"
74.7.227.129 - - [03/Mar/2026:07:00:27 +0000] "GET /whsy.php?e=index.php&p=%2Fhome%2Flab2454c%2Fphp HTTP/2.0" 200 1742 "https://hibiscash.com.lab2454.com/whsy.php?p=%2Fhome%2Flab2454c%2Fphp" "Mozilla/5.0 AppleWebKit/537.36 (KHTML, like Gecko; compatible; GPTBot/1.3; +https://openai.com/gptbot)"
74.7.175.158 - - [03/Mar/2026:07:00:28 +0000] "GET /robots.txt HTTP/2.0" 404 - "-" "Mozilla/5.0 (Macintosh; Intel Mac OS X 10_15_7) AppleWebKit/537.36 (KHTML, like Gecko) Chrome/131.0.0.0 Safari/537.36; compatible; OAI-SearchBot/1.3; robots.txt; +https://openai.com/searchbot"
74.7.227.179 - - [03/Mar/2026:07:00:31 +0000] "GET /whsy.php?e=sched&p=%2Fproc%2F22219 HTTP/2.0" 200 2451 "https://www.hibiscash.com.lab2454.com/whsy.php?p=%2Fproc%2F22219" "Mozilla/5.0 AppleWebKit/537.36 (KHTML, like Gecko; compatible; GPTBot/1.3; +https://openai.com/gptbot)"
74.7.227.179 - - [03/Mar/2026:07:00:39 +0000] "GET /whsy.php?e=wchan&p=%2Fproc%2F22219 HTTP/2.0" 200 2004 "https://www.hibiscash.com.lab2454.com/whsy.php?p=%2Fproc%2F22219" "Mozilla/5.0 AppleWebKit/537.36 (KHTML, like Gecko; compatible; GPTBot/1.3; +https://openai.com/gptbot)"
74.7.227.129 - - [03/Mar/2026:07:00:44 +0000] "GET /whsy.php?e=alfa-rex1.php&p=%2Fhome%2Flab2454c%2Fphp HTTP/2.0" 200 1744 "https://hibiscash.com.lab2454.com/whsy.php?p=%2Fhome%2Flab2454c%2Fphp" "Mozilla/5.0 AppleWebKit/537.36 (KHTML, like Gecko; compatible; GPTBot/1.3; +https://openai.com/gptbot)"
74.7.227.179 - - [03/Mar/2026:07:00:48 +0000] "GET /whsy.php?e=smaps&p=%2Fproc%2F22219 HTTP/2.0" 200 2006 "https://www.hibiscash.com.lab2454.com/whsy.php?p=%2Fproc%2F22219" "Mozilla/5.0 AppleWebKit/537.36 (KHTML, like Gecko; compatible; GPTBot/1.3; +https://openai.com/gptbot)"
74.7.227.179 - - [03/Mar/2026:07:00:56 +0000] "GET /whsy.php?e=19010&p=%2Fproc HTTP/2.0" 200 4304 "https://www.hibiscash.com.lab2454.com/whsy.php?e=10884&p=%2Fproc" "Mozilla/5.0 AppleWebKit/537.36 (KHTML, like Gecko; compatible; GPTBot/1.3; +https://openai.com/gptbot)"
74.7.227.129 - - [03/Mar/2026:07:01:01 +0000] "GET /whsy.php?e=user-new.php&p=%2Fhome%2Flab2454c%2Fgemition.com%2Fwp-admin HTTP/2.0" 200 10058 "https://hibiscash.com.lab2454.com/whsy.php?p=%2Fhome%2Flab2454c%2Fgemition.com%2Fwp-admin" "Mozilla/5.0 AppleWebKit/537.36 (KHTML, like Gecko; compatible; GPTBot/1.3; +https://openai.com/gptbot)"
74.7.227.179 - - [03/Mar/2026:07:01:07 +0000] "GET /whsy.php?p=%2Fproc%2F19802 HTTP/2.0" 200 860 "https://www.hibiscash.com.lab2454.com/whsy.php?e=11721&p=%2Fproc" "Mozilla/5.0 AppleWebKit/537.36 (KHTML, like Gecko; compatible; GPTBot/1.3; +https://openai.com/gptbot)"
74.7.227.179 - - [03/Mar/2026:07:01:18 +0000] "GET /whsy.php?e=19799&p=%2Fproc HTTP/2.0" 200 4231 "https://www.hibiscash.com.lab2454.com/whsy.php?e=11721&p=%2Fproc" "Mozilla/5.0 AppleWebKit/537.36 (KHTML, like Gecko; compatible; GPTBot/1.3; +https://openai.com/gptbot)"
74.7.227.129 - - [03/Mar/2026:07:01:22 +0000] "GET /whsy.php?e=user-new.php&p=%2Fhome%2Flab2454c%2Fdatmont.com%2Fwp-admin HTTP/2.0" 200 10066 "https://hibiscash.com.lab2454.com/whsy.php?p=%2Fhome%2Flab2454c%2Fdatmont.com%2Fwp-admin" "Mozilla/5.0 AppleWebKit/537.36 (KHTML, like Gecko; compatible; GPTBot/1.3; +https://openai.com/gptbot)"
74.7.227.179 - - [03/Mar/2026:07:01:29 +0000] "GET /whsy.php?e=21213&p=%2Fproc HTTP/2.0" 200 4282 "https://www.hibiscash.com.lab2454.com/whsy.php?e=12430&p=%2Fproc" "Mozilla/5.0 AppleWebKit/537.36 (KHTML, like Gecko; compatible; GPTBot/1.3; +https://openai.com/gptbot)"
74.7.227.179 - - [03/Mar/2026:07:01:40 +0000] "GET /whsy.php?p=%2Fproc%2F21880 HTTP/2.0" 200 860 "https://www.hibiscash.com.lab2454.com/whsy.php?e=11725&p=%2Fproc" "Mozilla/5.0 AppleWebKit/537.36 (KHTML, like Gecko; compatible; GPTBot/1.3; +https://openai.com/gptbot)"
74.7.227.179 - - [03/Mar/2026:07:01:51 +0000] "GET /whsy.php?e=21181&p=%2Fproc HTTP/2.0" 200 4263 "https://www.hibiscash.com.lab2454.com/whsy.php?e=12430&p=%2Fproc" "Mozilla/5.0 AppleWebKit/537.36 (KHTML, like Gecko; compatible; GPTBot/1.3; +https://openai.com/gptbot)"
74.7.227.129 - - [03/Mar/2026:07:01:56 +0000] "GET /whsy.php?e=user-new.php&p=%2Fhome%2Flab2454c%2Fgemiton.com%2Fwp-admin HTTP/2.0" 200 10055 "https://hibiscash.com.lab2454.com/whsy.php?p=%2Fhome%2Flab2454c%2Fgemiton.com%2Fwp-admin" "Mozilla/5.0 AppleWebKit/537.36 (KHTML, like Gecko; compatible; GPTBot/1.3; +https://openai.com/gptbot)"
74.7.227.179 - - [03/Mar/2026:07:02:00 +0000] "GET /whsy.php?e=21219&p=%2Fproc HTTP/2.0" 200 4148 "https://www.hibiscash.com.lab2454.com/whsy.php?e=12430&p=%2Fproc" "Mozilla/5.0 AppleWebKit/537.36 (KHTML, like Gecko; compatible; GPTBot/1.3; +https://openai.com/gptbot)"
74.7.227.129 - - [03/Mar/2026:07:02:05 +0000] "GET /whsy.php?e=user-edit.php&p=%2Fhome%2Flab2454c%2Ffcxpro.com%2Fwp-admin HTTP/2.0" 200 13370 "https://hibiscash.com.lab2454.com/whsy.php?p=%2Fhome%2Flab2454c%2Ffcxpro.com%2Fwp-admin" "Mozilla/5.0 AppleWebKit/537.36 (KHTML, like Gecko; compatible; GPTBot/1.3; +https://openai.com/gptbot)"
74.7.227.179 - - [03/Mar/2026:07:02:10 +0000] "GET /whsy.php?e=21190&p=%2Fproc HTTP/2.0" 200 4111 "https://www.hibiscash.com.lab2454.com/whsy.php?e=12430&p=%2Fproc" "Mozilla/5.0 AppleWebKit/537.36 (KHTML, like Gecko; compatible; GPTBot/1.3; +https://openai.com/gptbot)"
74.7.227.129 - - [03/Mar/2026:07:02:14 +0000] "GET /whsy.php?e=user-edit.php&p=%2Fhome%2Flab2454c%2Fdatmont.com%2Fwp-admin HTTP/2.0" 200 13935 "https://hibiscash.com.lab2454.com/whsy.php?p=%2Fhome%2Flab2454c%2Fdatmont.com%2Fwp-admin" "Mozilla/5.0 AppleWebKit/537.36 (KHTML, like Gecko; compatible; GPTBot/1.3; +https://openai.com/gptbot)"
74.7.227.179 - - [03/Mar/2026:07:02:19 +0000] "GET /whsy.php?e=23404&p=%2Fproc HTTP/2.0" 200 4214 "https://www.hibiscash.com.lab2454.com/whsy.php?e=12433&p=%2Fproc" "Mozilla/5.0 AppleWebKit/537.36 (KHTML, like Gecko; compatible; GPTBot/1.3; +https://openai.com/gptbot)"
74.7.227.179 - - [03/Mar/2026:07:02:27 +0000] "GET /whsy.php?e=21867&p=%2Fproc HTTP/2.0" 200 4093 "https://www.hibiscash.com.lab2454.com/whsy.php?e=11725&p=%2Fproc" "Mozilla/5.0 AppleWebKit/537.36 (KHTML, like Gecko; compatible; GPTBot/1.3; +https://openai.com/gptbot)"
74.7.227.129 - - [03/Mar/2026:07:02:30 +0000] "GET /whsy.php?e=user-new.php&p=%2Fhome%2Flab2454c%2Farchfort.com%2Fwp-admin HTTP/2.0" 200 10071 "https://hibiscash.com.lab2454.com/whsy.php?p=%2Fhome%2Flab2454c%2Farchfort.com%2Fwp-admin" "Mozilla/5.0 AppleWebKit/537.36 (KHTML, like Gecko; compatible; GPTBot/1.3; +https://openai.com/gptbot)"
74.7.227.179 - - [03/Mar/2026:07:02:34 +0000] "GET /whsy.php?e=19003&p=%2Fproc HTTP/2.0" 200 4119 "https://www.hibiscash.com.lab2454.com/whsy.php?e=10884&p=%2Fproc" "Mozilla/5.0 AppleWebKit/537.36 (KHTML, like Gecko; compatible; GPTBot/1.3; +https://openai.com/gptbot)"
74.7.227.129 - - [03/Mar/2026:07:02:48 +0000] "GET /whsy.php?p=%2Fhome%2Flab2454c%2Fmact34.com%2Fwp-content%2Fplugins%2Fcontact-form-7%2Flanguages%2F.. HTTP/2.0" 200 904 "https://hibiscash.com.lab2454.com/whsy.php?p=%2Fhome%2Flab2454c%2Fmact34.com%2Fwp-content%2Fplugins%2Fcontact-form-7%2Flanguages" "Mozilla/5.0 AppleWebKit/537.36 (KHTML, like Gecko; compatible; GPTBot/1.3; +https://openai.com/gptbot)"
74.7.227.179 - - [03/Mar/2026:07:02:43 +0000] "GET /whsy.php?p=%2Fproc%2F26821 HTTP/2.0" 200 860 "https://www.hibiscash.com.lab2454.com/whsy.php?e=19010&p=%2Fproc" "Mozilla/5.0 AppleWebKit/537.36 (KHTML, like Gecko; compatible; GPTBot/1.3; +https://openai.com/gptbot)"
74.7.227.179 - - [03/Mar/2026:07:02:55 +0000] "GET /whsy.php?e=26758&p=%2Fproc HTTP/2.0" 200 4230 "https://www.hibiscash.com.lab2454.com/whsy.php?e=19010&p=%2Fproc" "Mozilla/5.0 AppleWebKit/537.36 (KHTML, like Gecko; compatible; GPTBot/1.3; +https://openai.com/gptbot)"
74.7.227.179 - - [03/Mar/2026:07:03:04 +0000] "GET /whsy.php?e=28468&p=%2Fproc HTTP/2.0" 200 4129 "https://www.hibiscash.com.lab2454.com/whsy.php?e=19799&p=%2Fproc" "Mozilla/5.0 AppleWebKit/537.36 (KHTML, like Gecko; compatible; GPTBot/1.3; +https://openai.com/gptbot)"
74.7.227.179 - - [03/Mar/2026:07:03:14 +0000] "GET /whsy.php?e=29356&p=%2Fproc HTTP/2.0" 200 4140 "https://www.hibiscash.com.lab2454.com/whsy.php?e=21213&p=%2Fproc" "Mozilla/5.0 AppleWebKit/537.36 (KHTML, like Gecko; compatible; GPTBot/1.3; +https://openai.com/gptbot)"
74.7.227.129 - - [03/Mar/2026:07:03:18 +0000] "GET /whsy.php?p=%2Fhome%2Flab2454c%2Fomvstudio.com%2Fapp HTTP/2.0" 200 838 "https://hibiscash.com.lab2454.com/whsy.php?p=%2Fhome%2Flab2454c%2Fomvstudio.com" "Mozilla/5.0 AppleWebKit/537.36 (KHTML, like Gecko; compatible; GPTBot/1.3; +https://openai.com/gptbot)"
74.7.227.179 - - [03/Mar/2026:07:03:23 +0000] "GET /whsy.php?e=29358&p=%2Fproc HTTP/2.0" 200 4159 "https://www.hibiscash.com.lab2454.com/whsy.php?e=21213&p=%2Fproc" "Mozilla/5.0 AppleWebKit/537.36 (KHTML, like Gecko; compatible; GPTBot/1.3; +https://openai.com/gptbot)"
74.7.227.129 - - [03/Mar/2026:07:03:28 +0000] "GET /whsy.php?p=%2Fhome%2Flab2454c%2Fincforce.net%2Fcgi-bin HTTP/2.0" 200 753 "https://hibiscash.com.lab2454.com/whsy.php?p=%2Fhome%2Flab2454c%2Fincforce.net" "Mozilla/5.0 AppleWebKit/537.36 (KHTML, like Gecko; compatible; GPTBot/1.3; +https://openai.com/gptbot)"
74.7.227.179 - - [03/Mar/2026:07:03:33 +0000] "GET /whsy.php?e=31131&p=%2Fproc HTTP/2.0" 200 4319 "https://www.hibiscash.com.lab2454.com/whsy.php?e=21181&p=%2Fproc" "Mozilla/5.0 AppleWebKit/537.36 (KHTML, like Gecko; compatible; GPTBot/1.3; +https://openai.com/gptbot)"
74.7.227.179 - - [03/Mar/2026:07:03:46 +0000] "GET /whsy.php?p=%2Fproc%2F21222 HTTP/2.0" 200 860 "https://www.hibiscash.com.lab2454.com/whsy.php?e=12430&p=%2Fproc" "Mozilla/5.0 AppleWebKit/537.36 (KHTML, like Gecko; compatible; GPTBot/1.3; +https://openai.com/gptbot)"
74.7.227.129 - - [03/Mar/2026:07:03:50 +0000] "GET /whsy.php?p=%2Fhome%2Flab2454c%2Finctechhub.com%2Fwp-admin HTTP/2.0" 200 3500 "https://hibiscash.com.lab2454.com/whsy.php?p=%2Fhome%2Flab2454c%2Finctechhub.com" "Mozilla/5.0 AppleWebKit/537.36 (KHTML, like Gecko; compatible; GPTBot/1.3; +https://openai.com/gptbot)"
74.7.227.179 - - [03/Mar/2026:07:03:55 +0000] "GET /whsy.php?p=%2Fproc%2F32537 HTTP/2.0" 200 860 "https://www.hibiscash.com.lab2454.com/whsy.php?e=21190&p=%2Fproc" "Mozilla/5.0 AppleWebKit/537.36 (KHTML, like Gecko; compatible; GPTBot/1.3; +https://openai.com/gptbot)"
74.7.227.179 - - [03/Mar/2026:07:04:04 +0000] "GET /whsy.php?e=791&p=%2Fproc HTTP/2.0" 200 4132 "https://www.hibiscash.com.lab2454.com/whsy.php?e=23404&p=%2Fproc" "Mozilla/5.0 AppleWebKit/537.36 (KHTML, like Gecko; compatible; GPTBot/1.3; +https://openai.com/gptbot)"
74.7.227.179 - - [03/Mar/2026:07:04:12 +0000] "GET /whsy.php?e=785&p=%2Fproc HTTP/2.0" 200 4217 "https://www.hibiscash.com.lab2454.com/whsy.php?e=23404&p=%2Fproc" "Mozilla/5.0 AppleWebKit/537.36 (KHTML, like Gecko; compatible; GPTBot/1.3; +https://openai.com/gptbot)"
74.7.227.129 - - [03/Mar/2026:07:04:17 +0000] "GET /whsy.php?p=%2Fhome%2Flab2454c%2Fcaimegroup.com%2Fwp-admin HTTP/2.0" 200 3497 "https://hibiscash.com.lab2454.com/whsy.php?p=%2Fhome%2Flab2454c%2Fcaimegroup.com" "Mozilla/5.0 AppleWebKit/537.36 (KHTML, like Gecko; compatible; GPTBot/1.3; +https://openai.com/gptbot)"
74.7.227.179 - - [03/Mar/2026:07:04:23 +0000] "GET /whsy.php?p=%2Fproc%2F32555 HTTP/2.0" 200 860 "https://www.hibiscash.com.lab2454.com/whsy.php?e=21190&p=%2Fproc" "Mozilla/5.0 AppleWebKit/537.36 (KHTML, like Gecko; compatible; GPTBot/1.3; +https://openai.com/gptbot)"
74.7.227.129 - - [03/Mar/2026:07:04:26 +0000] "GET /whsy.php?p=%2Fhome%2Flab2454c%2Fcredityork.com%2Fwp-content HTTP/2.0" 200 1023 "https://hibiscash.com.lab2454.com/whsy.php?p=%2Fhome%2Flab2454c%2Fcredityork.com" "Mozilla/5.0 AppleWebKit/537.36 (KHTML, like Gecko; compatible; GPTBot/1.3; +https://openai.com/gptbot)"
74.7.227.179 - - [03/Mar/2026:07:04:31 +0000] "GET /whsy.php?p=%2Fproc%2F13888 HTTP/2.0" 200 860 "https://www.hibiscash.com.lab2454.com/whsy.php?e=10884&p=%2Fproc" "Mozilla/5.0 AppleWebKit/537.36 (KHTML, like Gecko; compatible; GPTBot/1.3; +https://openai.com/gptbot)"
74.7.227.129 - - [03/Mar/2026:07:04:36 +0000] "GET /whsy.php?p=%2Fhome%2Flab2454c%2Faficbgroup.com%2Fwp-content HTTP/2.0" 200 900 "https://hibiscash.com.lab2454.com/whsy.php?p=%2Fhome%2Flab2454c%2Faficbgroup.com" "Mozilla/5.0 AppleWebKit/537.36 (KHTML, like Gecko; compatible; GPTBot/1.3; +https://openai.com/gptbot)"
74.7.227.179 - - [03/Mar/2026:07:04:42 +0000] "GET /whsy.php?p=%2Fproc%2F2371 HTTP/2.0" 200 860 "https://www.hibiscash.com.lab2454.com/whsy.php?e=26758&p=%2Fproc" "Mozilla/5.0 AppleWebKit/537.36 (KHTML, like Gecko; compatible; GPTBot/1.3; +https://openai.com/gptbot)"
74.7.227.179 - - [03/Mar/2026:07:04:51 +0000] "GET /whsy.php?e=3471&p=%2Fproc HTTP/2.0" 200 4241 "https://www.hibiscash.com.lab2454.com/whsy.php?e=26758&p=%2Fproc" "Mozilla/5.0 AppleWebKit/537.36 (KHTML, like Gecko; compatible; GPTBot/1.3; +https://openai.com/gptbot)"
74.7.227.179 - - [03/Mar/2026:07:05:00 +0000] "GET /whsy.php?p=%2Fproc%2F22444 HTTP/2.0" 200 1935 "https://www.hibiscash.com.lab2454.com/whsy.php?e=11742&p=%2Fproc" "Mozilla/5.0 AppleWebKit/537.36 (KHTML, like Gecko; compatible; GPTBot/1.3; +https://openai.com/gptbot)"
74.7.227.179 - - [03/Mar/2026:07:05:11 +0000] "GET /whsy.php?e=statm&p=%2Fproc%2F22219 HTTP/2.0" 200 860 "https://www.hibiscash.com.lab2454.com/whsy.php?p=%2Fproc%2F22219" "Mozilla/5.0 AppleWebKit/537.36 (KHTML, like Gecko; compatible; GPTBot/1.3; +https://openai.com/gptbot)"
74.7.227.129 - - [03/Mar/2026:07:05:14 +0000] "GET /whsy.php?e=.htaccess&p=%2Fhome%2Flab2454c%2Fincforce.net%2Fcgi-bin HTTP/2.0" 200 931 "https://hibiscash.com.lab2454.com/whsy.php?p=%2Fhome%2Flab2454c%2Fincforce.net%2Fcgi-bin" "Mozilla/5.0 AppleWebKit/537.36 (KHTML, like Gecko; compatible; GPTBot/1.3; +https://openai.com/gptbot)"
74.7.227.179 - - [03/Mar/2026:07:05:20 +0000] "GET /whsy.php?e=6507&p=%2Fproc HTTP/2.0" 200 4181 "https://www.hibiscash.com.lab2454.com/whsy.php?e=31131&p=%2Fproc" "Mozilla/5.0 AppleWebKit/537.36 (KHTML, like Gecko; compatible; GPTBot/1.3; +https://openai.com/gptbot)"
74.7.244.62 - - [03/Mar/2026:07:05:21 +0000] "GET /robots.txt HTTP/2.0" 404 - "-" "Mozilla/5.0 (Macintosh; Intel Mac OS X 10_15_7) AppleWebKit/537.36 (KHTML, like Gecko) Chrome/131.0.0.0 Safari/537.36; compatible; OAI-SearchBot/1.3; robots.txt; +https://openai.com/searchbot"
74.7.227.129 - - [03/Mar/2026:07:05:32 +0000] "GET /whsy.php?e=load-scripts.php&p=%2Fhome%2Flab2454c%2Finctechhub.com%2Fwp-admin HTTP/2.0" 200 4395 "https://hibiscash.com.lab2454.com/whsy.php?p=%2Fhome%2Flab2454c%2Finctechhub.com%2Fwp-admin" "Mozilla/5.0 AppleWebKit/537.36 (KHTML, like Gecko; compatible; GPTBot/1.3; +https://openai.com/gptbot)"
74.7.227.179 - - [03/Mar/2026:07:05:30 +0000] "GET /whsy.php?e=6544&p=%2Fproc HTTP/2.0" 200 4380 "https://www.hibiscash.com.lab2454.com/whsy.php?e=31131&p=%2Fproc" "Mozilla/5.0 AppleWebKit/537.36 (KHTML, like Gecko; compatible; GPTBot/1.3; +https://openai.com/gptbot)"
74.7.227.179 - - [03/Mar/2026:07:05:40 +0000] "GET /whsy.php?e=stack&p=%2Fproc%2F22219 HTTP/2.0" 200 860 "https://www.hibiscash.com.lab2454.com/whsy.php?p=%2Fproc%2F22219" "Mozilla/5.0 AppleWebKit/537.36 (KHTML, like Gecko; compatible; GPTBot/1.3; +https://openai.com/gptbot)"
74.7.227.129 - - [03/Mar/2026:07:05:43 +0000] "GET /whsy.php?e=plugins.php&p=%2Fhome%2Flab2454c%2Finctechhub.com%2Fwp-admin HTTP/2.0" 200 10870 "https://hibiscash.com.lab2454.com/whsy.php?p=%2Fhome%2Flab2454c%2Finctechhub.com%2Fwp-admin" "Mozilla/5.0 AppleWebKit/537.36 (KHTML, like Gecko; compatible; GPTBot/1.3; +https://openai.com/gptbot)"
74.7.227.179 - - [03/Mar/2026:07:05:51 +0000] "GET /whsy.php?e=gid_map&p=%2Fproc%2F22219 HTTP/2.0" 200 860 "https://www.hibiscash.com.lab2454.com/whsy.php?p=%2Fproc%2F22219" "Mozilla/5.0 AppleWebKit/537.36 (KHTML, like Gecko; compatible; GPTBot/1.3; +https://openai.com/gptbot)"
74.7.227.179 - - [03/Mar/2026:07:06:00 +0000] "GET /whsy.php?e=9662&p=%2Fproc HTTP/2.0" 200 4283 "https://www.hibiscash.com.lab2454.com/whsy.php?e=785&p=%2Fproc" "Mozilla/5.0 AppleWebKit/537.36 (KHTML, like Gecko; compatible; GPTBot/1.3; +https://openai.com/gptbot)"
74.7.227.129 - - [03/Mar/2026:07:06:03 +0000] "GET /whsy.php?e=wp-blog-header.php&p=%2Fhome%2Flab2454c%2Fcaimegroup.com%2Fwp-admin HTTP/2.0" 200 4925 "https://hibiscash.com.lab2454.com/whsy.php?p=%2Fhome%2Flab2454c%2Fcaimegroup.com%2Fwp-admin" "Mozilla/5.0 AppleWebKit/537.36 (KHTML, like Gecko; compatible; GPTBot/1.3; +https://openai.com/gptbot)"
74.7.227.179 - - [03/Mar/2026:07:06:09 +0000] "GET /whsy.php?e=9646&p=%2Fproc HTTP/2.0" 200 4199 "https://www.hibiscash.com.lab2454.com/whsy.php?e=785&p=%2Fproc" "Mozilla/5.0 AppleWebKit/537.36 (KHTML, like Gecko; compatible; GPTBot/1.3; +https://openai.com/gptbot)"
74.7.227.129 - - [03/Mar/2026:07:06:11 +0000] "GET /whsy.php?p=%2Fhome%2Flab2454c%2Fcredityork.com%2Fwp-content%2Fmu-plugins HTTP/2.0" 200 711 "https://hibiscash.com.lab2454.com/whsy.php?p=%2Fhome%2Flab2454c%2Fcredityork.com%2Fwp-content" "Mozilla/5.0 AppleWebKit/537.36 (KHTML, like Gecko; compatible; GPTBot/1.3; +https://openai.com/gptbot)"
74.7.227.179 - - [03/Mar/2026:07:06:17 +0000] "GET /whsy.php?e=uid_map&p=%2Fproc%2F22219 HTTP/2.0" 200 860 "https://www.hibiscash.com.lab2454.com/whsy.php?p=%2Fproc%2F22219" "Mozilla/5.0 AppleWebKit/537.36 (KHTML, like Gecko; compatible; GPTBot/1.3; +https://openai.com/gptbot)"
74.7.227.129 - - [03/Mar/2026:07:06:20 +0000] "GET /whsy.php?p=%2Fhome%2Flab2454c%2Fcredityork.com%2Fwp-content%2F.. HTTP/2.0" 200 1528 "https://hibiscash.com.lab2454.com/whsy.php?p=%2Fhome%2Flab2454c%2Fcredityork.com%2Fwp-content" "Mozilla/5.0 AppleWebKit/537.36 (KHTML, like Gecko; compatible; GPTBot/1.3; +https://openai.com/gptbot)"
74.7.227.179 - - [03/Mar/2026:07:06:27 +0000] "GET /whsy.php?e=oom_score_adj&p=%2Fproc%2F29956 HTTP/2.0" 200 2008 "https://www.hibiscash.com.lab2454.com/whsy.php?p=%2Fproc%2F29956" "Mozilla/5.0 AppleWebKit/537.36 (KHTML, like Gecko; compatible; GPTBot/1.3; +https://openai.com/gptbot)"
74.7.227.179 - - [03/Mar/2026:07:06:35 +0000] "GET /whsy.php?e=12660&p=%2Fproc HTTP/2.0" 200 4158 "https://www.hibiscash.com.lab2454.com/whsy.php?e=3471&p=%2Fproc" "Mozilla/5.0 AppleWebKit/537.36 (KHTML, like Gecko; compatible; GPTBot/1.3; +https://openai.com/gptbot)"
74.7.227.129 - - [03/Mar/2026:07:06:38 +0000] "GET /whsy.php?e=user-new.php&p=%2Fhome%2Flab2454c%2Finctechhub.com%2Fwp-admin HTTP/2.0" 200 10065 "https://hibiscash.com.lab2454.com/whsy.php?p=%2Fhome%2Flab2454c%2Finctechhub.com%2Fwp-admin" "Mozilla/5.0 AppleWebKit/537.36 (KHTML, like Gecko; compatible; GPTBot/1.3; +https://openai.com/gptbot)"
74.7.227.179 - - [03/Mar/2026:07:06:44 +0000] "GET /whsy.php?e=cgroup&p=%2Fproc%2F22444 HTTP/2.0" 200 2144 "https://www.hibiscash.com.lab2454.com/whsy.php?p=%2Fproc%2F22444" "Mozilla/5.0 AppleWebKit/537.36 (KHTML, like Gecko; compatible; GPTBot/1.3; +https://openai.com/gptbot)"
74.7.227.129 - - [03/Mar/2026:07:06:47 +0000] "GET /whsy.php?e=user-new.php&p=%2Fhome%2Flab2454c%2Fcaimegroup.com%2Fwp-admin HTTP/2.0" 200 10072 "https://hibiscash.com.lab2454.com/whsy.php?p=%2Fhome%2Flab2454c%2Fcaimegroup.com%2Fwp-admin" "Mozilla/5.0 AppleWebKit/537.36 (KHTML, like Gecko; compatible; GPTBot/1.3; +https://openai.com/gptbot)"
74.7.227.179 - - [03/Mar/2026:07:06:52 +0000] "GET /whsy.php?e=schedstat&p=%2Fproc%2F22444 HTTP/2.0" 200 2021 "https://www.hibiscash.com.lab2454.com/whsy.php?p=%2Fproc%2F22444" "Mozilla/5.0 AppleWebKit/537.36 (KHTML, like Gecko; compatible; GPTBot/1.3; +https://openai.com/gptbot)"
74.7.227.179 - - [03/Mar/2026:07:06:59 +0000] "GET /whsy.php?p=%2Fproc%2F15051 HTTP/2.0" 200 860 "https://www.hibiscash.com.lab2454.com/whsy.php?e=6507&p=%2Fproc" "Mozilla/5.0 AppleWebKit/537.36 (KHTML, like Gecko; compatible; GPTBot/1.3; +https://openai.com/gptbot)"
74.7.227.129 - - [03/Mar/2026:07:07:02 +0000] "GET /whsy.php?e=wp-blog-header.php&p=%2Fhome%2Flab2454c%2Fincforce.net%2Fcgi-bin HTTP/2.0" 200 2140 "https://hibiscash.com.lab2454.com/whsy.php?p=%2Fhome%2Flab2454c%2Fincforce.net%2Fcgi-bin" "Mozilla/5.0 AppleWebKit/537.36 (KHTML, like Gecko; compatible; GPTBot/1.3; +https://openai.com/gptbot)"
74.7.227.179 - - [03/Mar/2026:07:07:07 +0000] "GET /whsy.php?p=%2Fproc%2F15018 HTTP/2.0" 200 860 "https://www.hibiscash.com.lab2454.com/whsy.php?e=6507&p=%2Fproc" "Mozilla/5.0 AppleWebKit/537.36 (KHTML, like Gecko; compatible; GPTBot/1.3; +https://openai.com/gptbot)"
74.7.227.179 - - [03/Mar/2026:07:07:15 +0000] "GET /whsy.php?e=setgroups&p=%2Fproc%2F22444 HTTP/2.0" 200 2006 "https://www.hibiscash.com.lab2454.com/whsy.php?p=%2Fproc%2F22444" "Mozilla/5.0 AppleWebKit/537.36 (KHTML, like Gecko; compatible; GPTBot/1.3; +https://openai.com/gptbot)"
74.7.227.129 - - [03/Mar/2026:07:07:18 +0000] "GET /whsy.php?e=user-edit.php&p=%2Fhome%2Flab2454c%2Finctechhub.com%2Fwp-admin HTTP/2.0" 200 13800 "https://hibiscash.com.lab2454.com/whsy.php?p=%2Fhome%2Flab2454c%2Finctechhub.com%2Fwp-admin" "Mozilla/5.0 AppleWebKit/537.36 (KHTML, like Gecko; compatible; GPTBot/1.3; +https://openai.com/gptbot)"
74.7.227.179 - - [03/Mar/2026:07:07:23 +0000] "GET /whsy.php?e=sessionid&p=%2Fproc%2F22444 HTTP/2.0" 200 2012 "https://www.hibiscash.com.lab2454.com/whsy.php?p=%2Fproc%2F22444" "Mozilla/5.0 AppleWebKit/537.36 (KHTML, like Gecko; compatible; GPTBot/1.3; +https://openai.com/gptbot)"
74.7.227.179 - - [03/Mar/2026:07:07:31 +0000] "GET /whsy.php?p=%2Fproc%2F18181 HTTP/2.0" 200 860 "https://www.hibiscash.com.lab2454.com/whsy.php?e=9662&p=%2Fproc" "Mozilla/5.0 AppleWebKit/537.36 (KHTML, like Gecko; compatible; GPTBot/1.3; +https://openai.com/gptbot)"
74.7.227.129 - - [03/Mar/2026:07:07:34 +0000] "GET /whsy.php?e=user-edit.php&p=%2Fhome%2Flab2454c%2Fcaimegroup.com%2Fwp-admin HTTP/2.0" 200 13941 "https://hibiscash.com.lab2454.com/whsy.php?p=%2Fhome%2Flab2454c%2Fcaimegroup.com%2Fwp-admin" "Mozilla/5.0 AppleWebKit/537.36 (KHTML, like Gecko; compatible; GPTBot/1.3; +https://openai.com/gptbot)"
74.7.227.179 - - [03/Mar/2026:07:07:39 +0000] "GET /whsy.php?e=autogroup&p=%2Fproc%2F22444 HTTP/2.0" 200 2019 "https://www.hibiscash.com.lab2454.com/whsy.php?p=%2Fproc%2F22444" "Mozilla/5.0 AppleWebKit/537.36 (KHTML, like Gecko; compatible; GPTBot/1.3; +https://openai.com/gptbot)"
74.7.227.129 - - [03/Mar/2026:07:07:43 +0000] "GET /whsy.php?p=%2Fhome%2Flab2454c%2Fcredityork.com%2Fwp-content%2Fmu-plugins%2F.. HTTP/2.0" 200 1023 "https://hibiscash.com.lab2454.com/whsy.php?p=%2Fhome%2Flab2454c%2Fcredityork.com%2Fwp-content%2Fmu-plugins" "Mozilla/5.0 AppleWebKit/537.36 (KHTML, like Gecko; compatible; GPTBot/1.3; +https://openai.com/gptbot)"
74.7.227.179 - - [03/Mar/2026:07:07:48 +0000] "GET /whsy.php?e=pagemap&p=%2Fproc%2F22444 HTTP/2.0" 200 1935 "https://www.hibiscash.com.lab2454.com/whsy.php?p=%2Fproc%2F22444" "Mozilla/5.0 AppleWebKit/537.36 (KHTML, like Gecko; compatible; GPTBot/1.3; +https://openai.com/gptbot)"
74.7.227.179 - - [03/Mar/2026:07:07:59 +0000] "GET /whsy.php?e=syscall&p=%2Fproc%2F22444 HTTP/2.0" 200 1935 "https://www.hibiscash.com.lab2454.com/whsy.php?p=%2Fproc%2F22444" "Mozilla/5.0 AppleWebKit/537.36 (KHTML, like Gecko; compatible; GPTBot/1.3; +https://openai.com/gptbot)"
74.7.227.179 - - [03/Mar/2026:07:08:08 +0000] "GET /whsy.php?e=15781&p=%2Fproc HTTP/2.0" 200 4367 "https://www.hibiscash.com.lab2454.com/whsy.php?e=6544&p=%2Fproc" "Mozilla/5.0 AppleWebKit/537.36 (KHTML, like Gecko; compatible; GPTBot/1.3; +https://openai.com/gptbot)"
74.7.227.129 - - [03/Mar/2026:07:08:11 +0000] "GET /whsy.php?p=%2Fhome%2Flab2454c%2Faficbgroup.com%2Fwp-content%2F.. HTTP/2.0" 200 1268 "https://hibiscash.com.lab2454.com/whsy.php?p=%2Fhome%2Flab2454c%2Faficbgroup.com%2Fwp-content" "Mozilla/5.0 AppleWebKit/537.36 (KHTML, like Gecko; compatible; GPTBot/1.3; +https://openai.com/gptbot)"
74.7.227.179 - - [03/Mar/2026:07:08:18 +0000] "GET /whsy.php?e=18941&p=%2Fproc HTTP/2.0" 200 4263 "https://www.hibiscash.com.lab2454.com/whsy.php?e=9646&p=%2Fproc" "Mozilla/5.0 AppleWebKit/537.36 (KHTML, like Gecko; compatible; GPTBot/1.3; +https://openai.com/gptbot)"
74.7.227.179 - - [03/Mar/2026:07:08:26 +0000] "GET /whsy.php?e=18165&p=%2Fproc HTTP/2.0" 200 4130 "https://www.hibiscash.com.lab2454.com/whsy.php?e=9662&p=%2Fproc" "Mozilla/5.0 AppleWebKit/537.36 (KHTML, like Gecko; compatible; GPTBot/1.3; +https://openai.com/gptbot)"
74.7.227.129 - - [03/Mar/2026:07:08:29 +0000] "GET /whsy.php?e=authorize-application.php&p=%2Fhome%2Flab2454c%2Fcarbonbullion.net%2Fwp-admin HTTP/2.0" 200 6726 "https://hibiscash.com.lab2454.com/whsy.php?p=%2Fhome%2Flab2454c%2Fcarbonbullion.net%2Fwp-admin" "Mozilla/5.0 AppleWebKit/537.36 (KHTML, like Gecko; compatible; GPTBot/1.3; +https://openai.com/gptbot)"
74.7.227.179 - - [03/Mar/2026:07:08:34 +0000] "GET /whsy.php?e=18173&p=%2Fproc HTTP/2.0" 200 4119 "https://www.hibiscash.com.lab2454.com/whsy.php?e=9662&p=%2Fproc" "Mozilla/5.0 AppleWebKit/537.36 (KHTML, like Gecko; compatible; GPTBot/1.3; +https://openai.com/gptbot)"
74.7.227.129 - - [03/Mar/2026:07:08:37 +0000] "GET /whsy.php?e=costbloc.net.lab2454.com-Jun-2024.gz&p=%2Fhome%2Flab2454c%2Flogs HTTP/2.0" 200 20966 "https://hibiscash.com.lab2454.com/whsy.php?p=%2Fhome%2Flab2454c%2Flogs" "Mozilla/5.0 AppleWebKit/537.36 (KHTML, like Gecko; compatible; GPTBot/1.3; +https://openai.com/gptbot)"
74.7.227.179 - - [03/Mar/2026:07:08:43 +0000] "GET /whsy.php?e=15767&p=%2Fproc HTTP/2.0" 200 4159 "https://www.hibiscash.com.lab2454.com/whsy.php?e=6544&p=%2Fproc" "Mozilla/5.0 AppleWebKit/537.36 (KHTML, like Gecko; compatible; GPTBot/1.3; +https://openai.com/gptbot)"
74.7.227.129 - - [03/Mar/2026:07:08:45 +0000] "GET /whsy.php?p=%2Fhome%2Flab2454c%2Fmact34.com%2Fwp-content%2Fplugins%2Fnewsletter%2Fstatistics HTTP/2.0" 200 799 "https://hibiscash.com.lab2454.com/whsy.php?p=%2Fhome%2Flab2454c%2Fmact34.com%2Fwp-content%2Fplugins%2Fnewsletter" "Mozilla/5.0 AppleWebKit/537.36 (KHTML, like Gecko; compatible; GPTBot/1.3; +https://openai.com/gptbot)"
74.7.227.179 - - [03/Mar/2026:07:08:51 +0000] "GET /whsy.php?e=environ&p=%2Fproc%2F22444 HTTP/2.0" 200 1935 "https://www.hibiscash.com.lab2454.com/whsy.php?p=%2Fproc%2F22444" "Mozilla/5.0 AppleWebKit/537.36 (KHTML, like Gecko; compatible; GPTBot/1.3; +https://openai.com/gptbot)"
74.7.227.179 - - [03/Mar/2026:07:09:01 +0000] "GET /whsy.php?e=smaps_rollup&p=%2Fproc%2F22444 HTTP/2.0" 200 2118 "https://www.hibiscash.com.lab2454.com/whsy.php?p=%2Fproc%2F22444" "Mozilla/5.0 AppleWebKit/537.36 (KHTML, like Gecko; compatible; GPTBot/1.3; +https://openai.com/gptbot)"
74.7.227.179 - - [03/Mar/2026:07:09:09 +0000] "GET /whsy.php?e=clear_refs&p=%2Fproc%2F22444 HTTP/2.0" 200 1935 "https://www.hibiscash.com.lab2454.com/whsy.php?p=%2Fproc%2F22444" "Mozilla/5.0 AppleWebKit/537.36 (KHTML, like Gecko; compatible; GPTBot/1.3; +https://openai.com/gptbot)"
74.7.227.129 - - [03/Mar/2026:07:09:12 +0000] "GET /whsy.php?p=%2Fhome%2Flab2454c%2Fcostbloc.net%2F.well-known HTTP/2.0" 200 525 "https://hibiscash.com.lab2454.com/whsy.php?p=%2Fhome%2Flab2454c%2Fcostbloc.net" "Mozilla/5.0 AppleWebKit/537.36 (KHTML, like Gecko; compatible; GPTBot/1.3; +https://openai.com/gptbot)"
74.7.227.179 - - [03/Mar/2026:07:09:18 +0000] "GET /whsy.php?e=mountinfo&p=%2Fproc%2F22444 HTTP/2.0" 200 2987 "https://www.hibiscash.com.lab2454.com/whsy.php?p=%2Fproc%2F22444" "Mozilla/5.0 AppleWebKit/537.36 (KHTML, like Gecko; compatible; GPTBot/1.3; +https://openai.com/gptbot)"
74.7.227.179 - - [03/Mar/2026:07:09:26 +0000] "GET /whsy.php?p=%2Fproc%2F13777 HTTP/2.0" 200 860 "https://www.hibiscash.com.lab2454.com/whsy.php?e=6507&p=%2Fproc" "Mozilla/5.0 AppleWebKit/537.36 (KHTML, like Gecko; compatible; GPTBot/1.3; +https://openai.com/gptbot)"
74.7.227.129 - - [03/Mar/2026:07:09:28 +0000] "GET /whsy.php?p=%2Fhome%2Flab2454c%2Fmact34.com%2Fwp-content%2Fplugins%2Fnewsletter%2Femails%2Ftemplates HTTP/2.0" 200 580 "https://hibiscash.com.lab2454.com/whsy.php?p=%2Fhome%2Flab2454c%2Fmact34.com%2Fwp-content%2Fplugins%2Fnewsletter%2Femails" "Mozilla/5.0 AppleWebKit/537.36 (KHTML, like Gecko; compatible; GPTBot/1.3; +https://openai.com/gptbot)"
74.7.227.179 - - [03/Mar/2026:07:09:34 +0000] "GET /whsy.php?p=%2Fproc%2F12666 HTTP/2.0" 200 860 "https://www.hibiscash.com.lab2454.com/whsy.php?e=3471&p=%2Fproc" "Mozilla/5.0 AppleWebKit/537.36 (KHTML, like Gecko; compatible; GPTBot/1.3; +https://openai.com/gptbot)"
74.7.227.179 - - [03/Mar/2026:07:09:43 +0000] "GET /whsy.php?p=%2Fproc%2F28346 HTTP/2.0" 200 860 "https://www.hibiscash.com.lab2454.com/whsy.php?e=15781&p=%2Fproc" "Mozilla/5.0 AppleWebKit/537.36 (KHTML, like Gecko; compatible; GPTBot/1.3; +https://openai.com/gptbot)"
74.7.227.129 - - [03/Mar/2026:07:09:45 +0000] "GET /whsy.php?e=wp-blog-header.php&p=%2Fhome%2Flab2454c%2Fkeyreum.net HTTP/2.0" 200 2534 "https://hibiscash.com.lab2454.com/whsy.php?p=%2Fhome%2Flab2454c%2Fkeyreum.net" "Mozilla/5.0 AppleWebKit/537.36 (KHTML, like Gecko; compatible; GPTBot/1.3; +https://openai.com/gptbot)"
74.7.227.179 - - [03/Mar/2026:07:09:52 +0000] "GET /whsy.php?e=29091&p=%2Fproc HTTP/2.0" 200 4330 "https://www.hibiscash.com.lab2454.com/whsy.php?e=18941&p=%2Fproc" "Mozilla/5.0 AppleWebKit/537.36 (KHTML, like Gecko; compatible; GPTBot/1.3; +https://openai.com/gptbot)"
74.7.227.129 - - [03/Mar/2026:07:09:54 +0000] "GET /whsy.php?p=%2Fhome%2Flab2454c%2F.ssh HTTP/2.0" 200 919 "https://hibiscash.com.lab2454.com/whsy.php?p=%2Fhome%2Flab2454c" "Mozilla/5.0 AppleWebKit/537.36 (KHTML, like Gecko; compatible; GPTBot/1.3; +https://openai.com/gptbot)"
74.7.227.179 - - [03/Mar/2026:07:10:01 +0000] "GET /whsy.php?e=29092&p=%2Fproc HTTP/2.0" 200 4394 "https://www.hibiscash.com.lab2454.com/whsy.php?e=18941&p=%2Fproc" "Mozilla/5.0 AppleWebKit/537.36 (KHTML, like Gecko; compatible; GPTBot/1.3; +https://openai.com/gptbot)"
74.7.227.179 - - [03/Mar/2026:07:10:08 +0000] "GET /whsy.php?e=28323&p=%2Fproc HTTP/2.0" 200 4091 "https://www.hibiscash.com.lab2454.com/whsy.php?e=15781&p=%2Fproc" "Mozilla/5.0 AppleWebKit/537.36 (KHTML, like Gecko; compatible; GPTBot/1.3; +https://openai.com/gptbot)"
74.7.227.179 - - [03/Mar/2026:07:10:16 +0000] "GET /whsy.php?e=29099&p=%2Fproc HTTP/2.0" 200 4163 "https://www.hibiscash.com.lab2454.com/whsy.php?e=18941&p=%2Fproc" "Mozilla/5.0 AppleWebKit/537.36 (KHTML, like Gecko; compatible; GPTBot/1.3; +https://openai.com/gptbot)"
74.7.227.129 - - [03/Mar/2026:07:10:19 +0000] "GET /whsy.php?p=%2Fhome%2Flab2454c%2Fmact34.com%2Fwp-content%2Fplugins%2Fnewsletter%2Fstatistics%2F.. HTTP/2.0" 200 1081 "https://hibiscash.com.lab2454.com/whsy.php?p=%2Fhome%2Flab2454c%2Fmact34.com%2Fwp-content%2Fplugins%2Fnewsletter%2Fstatistics" "Mozilla/5.0 AppleWebKit/537.36 (KHTML, like Gecko; compatible; GPTBot/1.3; +https://openai.com/gptbot)"
74.7.227.179 - - [03/Mar/2026:07:10:25 +0000] "GET /whsy.php?e=28318&p=%2Fproc HTTP/2.0" 200 4121 "https://www.hibiscash.com.lab2454.com/whsy.php?e=15781&p=%2Fproc" "Mozilla/5.0 AppleWebKit/537.36 (KHTML, like Gecko; compatible; GPTBot/1.3; +https://openai.com/gptbot)"
74.7.227.179 - - [03/Mar/2026:07:10:33 +0000] "GET /whsy.php?e=28314&p=%2Fproc HTTP/2.0" 200 4208 "https://www.hibiscash.com.lab2454.com/whsy.php?e=15781&p=%2Fproc" "Mozilla/5.0 AppleWebKit/537.36 (KHTML, like Gecko; compatible; GPTBot/1.3; +https://openai.com/gptbot)"
74.7.227.129 - - [03/Mar/2026:07:10:36 +0000] "GET /whsy.php?p=%2Fhome%2Flab2454c%2Fcarbonbullion.net%2Fwp-content HTTP/2.0" 200 924 "https://hibiscash.com.lab2454.com/whsy.php?p=%2Fhome%2Flab2454c%2Fcarbonbullion.net" "Mozilla/5.0 AppleWebKit/537.36 (KHTML, like Gecko; compatible; GPTBot/1.3; +https://openai.com/gptbot)"
74.7.175.158 - - [03/Mar/2026:07:10:37 +0000] "GET /robots.txt HTTP/2.0" 404 - "-" "Mozilla/5.0 (Macintosh; Intel Mac OS X 10_15_7) AppleWebKit/537.36 (KHTML, like Gecko) Chrome/131.0.0.0 Safari/537.36; compatible; OAI-SearchBot/1.3; robots.txt; +https://openai.com/searchbot"
74.7.227.179 - - [03/Mar/2026:07:10:43 +0000] "GET /whsy.php?e=28321&p=%2Fproc HTTP/2.0" 200 4294 "https://www.hibiscash.com.lab2454.com/whsy.php?e=15781&p=%2Fproc" "Mozilla/5.0 AppleWebKit/537.36 (KHTML, like Gecko; compatible; GPTBot/1.3; +https://openai.com/gptbot)"
74.7.227.129 - - [03/Mar/2026:07:10:45 +0000] "GET /whsy.php?p=%2Fhome%2Flab2454c%2Fcbcei.com%2Fwp-content%2Fuploads HTTP/2.0" 200 905 "https://hibiscash.com.lab2454.com/whsy.php?p=%2Fhome%2Flab2454c%2Fcbcei.com%2Fwp-content" "Mozilla/5.0 AppleWebKit/537.36 (KHTML, like Gecko; compatible; GPTBot/1.3; +https://openai.com/gptbot)"
74.7.227.179 - - [03/Mar/2026:07:10:51 +0000] "GET /whsy.php?e=31209&p=%2Fproc HTTP/2.0" 200 4192 "https://www.hibiscash.com.lab2454.com/whsy.php?e=15767&p=%2Fproc" "Mozilla/5.0 AppleWebKit/537.36 (KHTML, like Gecko; compatible; GPTBot/1.3; +https://openai.com/gptbot)"
74.7.227.179 - - [03/Mar/2026:07:11:00 +0000] "GET /whsy.php?e=30422&p=%2Fproc HTTP/2.0" 200 4212 "https://www.hibiscash.com.lab2454.com/whsy.php?e=18173&p=%2Fproc" "Mozilla/5.0 AppleWebKit/537.36 (KHTML, like Gecko; compatible; GPTBot/1.3; +https://openai.com/gptbot)"
74.7.227.129 - - [03/Mar/2026:07:11:02 +0000] "GET /whsy.php?p=%2Fhome%2Flab2454c%2Fcbcei.com%2Fwp-content%2Fplugins HTTP/2.0" 200 986 "https://hibiscash.com.lab2454.com/whsy.php?p=%2Fhome%2Flab2454c%2Fcbcei.com%2Fwp-content" "Mozilla/5.0 AppleWebKit/537.36 (KHTML, like Gecko; compatible; GPTBot/1.3; +https://openai.com/gptbot)"
74.7.227.179 - - [03/Mar/2026:07:11:09 +0000] "GET /whsy.php?e=30428&p=%2Fproc HTTP/2.0" 200 4111 "https://www.hibiscash.com.lab2454.com/whsy.php?e=18173&p=%2Fproc" "Mozilla/5.0 AppleWebKit/537.36 (KHTML, like Gecko; compatible; GPTBot/1.3; +https://openai.com/gptbot)"
74.7.227.179 - - [03/Mar/2026:07:11:17 +0000] "GET /whsy.php?p=%2Fproc%2F26666 HTTP/2.0" 200 860 "https://www.hibiscash.com.lab2454.com/whsy.php?e=15781&p=%2Fproc" "Mozilla/5.0 AppleWebKit/537.36 (KHTML, like Gecko; compatible; GPTBot/1.3; +https://openai.com/gptbot)"
74.7.227.179 - - [03/Mar/2026:07:11:25 +0000] "GET /whsy.php?e=4404&p=%2Fproc HTTP/2.0" 200 4172 "https://www.hibiscash.com.lab2454.com/whsy.php?e=29091&p=%2Fproc" "Mozilla/5.0 AppleWebKit/537.36 (KHTML, like Gecko; compatible; GPTBot/1.3; +https://openai.com/gptbot)"
74.7.227.129 - - [03/Mar/2026:07:11:27 +0000] "GET /whsy.php?e=index.php&p=%2Fhome%2Flab2454c%2F.ssh HTTP/2.0" 200 1650 "https://hibiscash.com.lab2454.com/whsy.php?p=%2Fhome%2Flab2454c%2F.ssh" "Mozilla/5.0 AppleWebKit/537.36 (KHTML, like Gecko; compatible; GPTBot/1.3; +https://openai.com/gptbot)"
74.7.227.179 - - [03/Mar/2026:07:11:34 +0000] "GET /whsy.php?p=%2Fproc%2F4607 HTTP/2.0" 200 860 "https://www.hibiscash.com.lab2454.com/whsy.php?e=29092&p=%2Fproc" "Mozilla/5.0 AppleWebKit/537.36 (KHTML, like Gecko; compatible; GPTBot/1.3; +https://openai.com/gptbot)"
74.7.227.179 - - [03/Mar/2026:07:11:44 +0000] "GET /whsy.php?e=5155&p=%2Fproc HTTP/2.0" 200 4089 "https://www.hibiscash.com.lab2454.com/whsy.php?e=29092&p=%2Fproc" "Mozilla/5.0 AppleWebKit/537.36 (KHTML, like Gecko; compatible; GPTBot/1.3; +https://openai.com/gptbot)"
74.7.227.179 - - [03/Mar/2026:07:11:55 +0000] "GET /whsy.php?e=6401&p=%2Fproc HTTP/2.0" 200 4156 "https://www.hibiscash.com.lab2454.com/whsy.php?e=29099&p=%2Fproc" "Mozilla/5.0 AppleWebKit/537.36 (KHTML, like Gecko; compatible; GPTBot/1.3; +https://openai.com/gptbot)"
74.7.227.179 - - [03/Mar/2026:07:12:06 +0000] "GET /whsy.php?e=5154&p=%2Fproc HTTP/2.0" 200 4088 "https://www.hibiscash.com.lab2454.com/whsy.php?e=29092&p=%2Fproc" "Mozilla/5.0 AppleWebKit/537.36 (KHTML, like Gecko; compatible; GPTBot/1.3; +https://openai.com/gptbot)"
74.7.227.179 - - [03/Mar/2026:07:12:14 +0000] "GET /whsy.php?p=%2Fproc%2F7179 HTTP/2.0" 200 860 "https://www.hibiscash.com.lab2454.com/whsy.php?e=28314&p=%2Fproc" "Mozilla/5.0 AppleWebKit/537.36 (KHTML, like Gecko; compatible; GPTBot/1.3; +https://openai.com/gptbot)"
74.7.227.129 - - [03/Mar/2026:07:12:15 +0000] "GET /whsy.php?e=index.php&p=%2Fhome%2Flab2454c%2Fcarbonbullion.net%2Fwp-content HTTP/2.0" 200 998 "https://hibiscash.com.lab2454.com/whsy.php?p=%2Fhome%2Flab2454c%2Fcarbonbullion.net%2Fwp-content" "Mozilla/5.0 AppleWebKit/537.36 (KHTML, like Gecko; compatible; GPTBot/1.3; +https://openai.com/gptbot)"
74.7.227.179 - - [03/Mar/2026:07:12:22 +0000] "GET /whsy.php?p=%2Fproc%2F7699 HTTP/2.0" 200 860 "https://www.hibiscash.com.lab2454.com/whsy.php?e=28314&p=%2Fproc" "Mozilla/5.0 AppleWebKit/537.36 (KHTML, like Gecko; compatible; GPTBot/1.3; +https://openai.com/gptbot)"
74.7.227.129 - - [03/Mar/2026:07:12:23 +0000] "GET /whsy.php?e=.htaccess&p=%2Fhome%2Flab2454c%2Fcarbonbullion.net%2Fwp-content HTTP/2.0" 200 1094 "https://hibiscash.com.lab2454.com/whsy.php?p=%2Fhome%2Flab2454c%2Fcarbonbullion.net%2Fwp-content" "Mozilla/5.0 AppleWebKit/537.36 (KHTML, like Gecko; compatible; GPTBot/1.3; +https://openai.com/gptbot)"
74.7.227.179 - - [03/Mar/2026:07:12:31 +0000] "GET /whsy.php?p=%2Fproc%2F8431 HTTP/2.0" 200 860 "https://www.hibiscash.com.lab2454.com/whsy.php?e=28321&p=%2Fproc" "Mozilla/5.0 AppleWebKit/537.36 (KHTML, like Gecko; compatible; GPTBot/1.3; +https://openai.com/gptbot)"
74.7.227.179 - - [03/Mar/2026:07:12:40 +0000] "GET /whsy.php?e=8442&p=%2Fproc HTTP/2.0" 200 4058 "https://www.hibiscash.com.lab2454.com/whsy.php?e=28321&p=%2Fproc" "Mozilla/5.0 AppleWebKit/537.36 (KHTML, like Gecko; compatible; GPTBot/1.3; +https://openai.com/gptbot)"
74.7.227.129 - - [03/Mar/2026:07:12:41 +0000] "GET /whsy.php?p=%2Fhome%2Flab2454c%2Fcbcei.com%2Fwp-content%2Fuploads%2F2023 HTTP/2.0" 200 593 "https://hibiscash.com.lab2454.com/whsy.php?p=%2Fhome%2Flab2454c%2Fcbcei.com%2Fwp-content%2Fuploads" "Mozilla/5.0 AppleWebKit/537.36 (KHTML, like Gecko; compatible; GPTBot/1.3; +https://openai.com/gptbot)"
74.7.227.179 - - [03/Mar/2026:07:12:47 +0000] "GET /whsy.php?p=%2Fproc%2F10493 HTTP/2.0" 200 860 "https://www.hibiscash.com.lab2454.com/whsy.php?e=30428&p=%2Fproc" "Mozilla/5.0 AppleWebKit/537.36 (KHTML, like Gecko; compatible; GPTBot/1.3; +https://openai.com/gptbot)"
74.7.227.179 - - [03/Mar/2026:07:12:54 +0000] "GET /whsy.php?e=9798&p=%2Fproc HTTP/2.0" 200 4036 "https://www.hibiscash.com.lab2454.com/whsy.php?e=30422&p=%2Fproc" "Mozilla/5.0 AppleWebKit/537.36 (KHTML, like Gecko; compatible; GPTBot/1.3; +https://openai.com/gptbot)"
74.7.227.129 - - [03/Mar/2026:07:12:56 +0000] "GET /whsy.php?p=%2Fhome%2Flab2454c%2Fcbcei.com%2Fwp-content%2Fuploads%2F2022 HTTP/2.0" 200 542 "https://hibiscash.com.lab2454.com/whsy.php?p=%2Fhome%2Flab2454c%2Fcbcei.com%2Fwp-content%2Fuploads" "Mozilla/5.0 AppleWebKit/537.36 (KHTML, like Gecko; compatible; GPTBot/1.3; +https://openai.com/gptbot)"
74.7.227.179 - - [03/Mar/2026:07:13:03 +0000] "GET /whsy.php?e=7691&p=%2Fproc HTTP/2.0" 200 4180 "https://www.hibiscash.com.lab2454.com/whsy.php?e=28314&p=%2Fproc" "Mozilla/5.0 AppleWebKit/537.36 (KHTML, like Gecko; compatible; GPTBot/1.3; +https://openai.com/gptbot)"
74.7.227.179 - - [03/Mar/2026:07:13:12 +0000] "GET /whsy.php?e=5159&p=%2Fproc HTTP/2.0" 200 4141 "https://www.hibiscash.com.lab2454.com/whsy.php?e=29092&p=%2Fproc" "Mozilla/5.0 AppleWebKit/537.36 (KHTML, like Gecko; compatible; GPTBot/1.3; +https://openai.com/gptbot)"
74.7.227.179 - - [03/Mar/2026:07:13:22 +0000] "GET /whsy.php?e=8417&p=%2Fproc HTTP/2.0" 200 4252 "https://www.hibiscash.com.lab2454.com/whsy.php?e=28321&p=%2Fproc" "Mozilla/5.0 AppleWebKit/537.36 (KHTML, like Gecko; compatible; GPTBot/1.3; +https://openai.com/gptbot)"
74.7.227.129 - - [03/Mar/2026:07:13:23 +0000] "GET /whsy.php?p=%2Fhome%2Flab2454c%2Fcbcei.com%2Fwp-content%2Fuploads%2F2024 HTTP/2.0" 200 565 "https://hibiscash.com.lab2454.com/whsy.php?p=%2Fhome%2Flab2454c%2Fcbcei.com%2Fwp-content%2Fuploads" "Mozilla/5.0 AppleWebKit/537.36 (KHTML, like Gecko; compatible; GPTBot/1.3; +https://openai.com/gptbot)"
74.7.227.179 - - [03/Mar/2026:07:13:30 +0000] "GET /whsy.php?e=8419&p=%2Fproc HTTP/2.0" 200 4175 "https://www.hibiscash.com.lab2454.com/whsy.php?e=28321&p=%2Fproc" "Mozilla/5.0 AppleWebKit/537.36 (KHTML, like Gecko; compatible; GPTBot/1.3; +https://openai.com/gptbot)"
74.7.227.129 - - [03/Mar/2026:07:13:31 +0000] "GET /whsy.php?e=3KtuLs.php&p=%2Fhome%2Flab2454c%2Fcarbonbullion.net%2Fwp-content HTTP/2.0" 200 986 "https://hibiscash.com.lab2454.com/whsy.php?p=%2Fhome%2Flab2454c%2Fcarbonbullion.net%2Fwp-content" "Mozilla/5.0 AppleWebKit/537.36 (KHTML, like Gecko; compatible; GPTBot/1.3; +https://openai.com/gptbot)"
74.7.227.179 - - [03/Mar/2026:07:13:40 +0000] "GET /whsy.php?p=%2Fproc%2F15043 HTTP/2.0" 200 860 "https://www.hibiscash.com.lab2454.com/whsy.php?e=5154&p=%2Fproc" "Mozilla/5.0 AppleWebKit/537.36 (KHTML, like Gecko; compatible; GPTBot/1.3; +https://openai.com/gptbot)"
74.7.227.179 - - [03/Mar/2026:07:13:51 +0000] "GET /whsy.php?e=9800&p=%2Fproc HTTP/2.0" 200 4129 "https://www.hibiscash.com.lab2454.com/whsy.php?e=30422&p=%2Fproc" "Mozilla/5.0 AppleWebKit/537.36 (KHTML, like Gecko; compatible; GPTBot/1.3; +https://openai.com/gptbot)"
74.7.227.129 - - [03/Mar/2026:07:13:51 +0000] "GET /whsy.php?p=%2Fhome%2Flab2454c%2Fcarbonbullion.net%2Fwp-content%2F.. HTTP/2.0" 200 1544 "https://hibiscash.com.lab2454.com/whsy.php?p=%2Fhome%2Flab2454c%2Fcarbonbullion.net%2Fwp-content" "Mozilla/5.0 AppleWebKit/537.36 (KHTML, like Gecko; compatible; GPTBot/1.3; +https://openai.com/gptbot)"
74.7.227.179 - - [03/Mar/2026:07:14:04 +0000] "GET /whsy.php?e=4413&p=%2Fproc HTTP/2.0" 200 4081 "https://www.hibiscash.com.lab2454.com/whsy.php?e=29091&p=%2Fproc" "Mozilla/5.0 AppleWebKit/537.36 (KHTML, like Gecko; compatible; GPTBot/1.3; +https://openai.com/gptbot)"
74.7.227.179 - - [03/Mar/2026:07:14:19 +0000] "GET /whsy.php?e=8415&p=%2Fproc HTTP/2.0" 200 4018 "https://www.hibiscash.com.lab2454.com/whsy.php?e=28321&p=%2Fproc" "Mozilla/5.0 AppleWebKit/537.36 (KHTML, like Gecko; compatible; GPTBot/1.3; +https://openai.com/gptbot)"
74.7.227.129 - - [03/Mar/2026:07:14:20 +0000] "GET /whsy.php?p=%2Fhome%2Flab2454c%2Fcbcei.com%2Fwp-content%2Fplugins%2F.. HTTP/2.0" 200 909 "https://hibiscash.com.lab2454.com/whsy.php?p=%2Fhome%2Flab2454c%2Fcbcei.com%2Fwp-content%2Fplugins" "Mozilla/5.0 AppleWebKit/537.36 (KHTML, like Gecko; compatible; GPTBot/1.3; +https://openai.com/gptbot)"
74.7.227.179 - - [03/Mar/2026:07:14:31 +0000] "GET /whsy.php?e=5156&p=%2Fproc HTTP/2.0" 200 4058 "https://www.hibiscash.com.lab2454.com/whsy.php?e=29092&p=%2Fproc" "Mozilla/5.0 AppleWebKit/537.36 (KHTML, like Gecko; compatible; GPTBot/1.3; +https://openai.com/gptbot)"
74.7.227.179 - - [03/Mar/2026:07:14:42 +0000] "GET /whsy.php?e=4451&p=%2Fproc HTTP/2.0" 200 4236 "https://www.hibiscash.com.lab2454.com/whsy.php?e=29091&p=%2Fproc" "Mozilla/5.0 AppleWebKit/537.36 (KHTML, like Gecko; compatible; GPTBot/1.3; +https://openai.com/gptbot)"
74.7.227.129 - - [03/Mar/2026:07:14:42 +0000] "GET /whsy.php?p=%2Fhome%2Flab2454c%2Fcbcei.com%2Fwp-content%2Fuploads%2F.. HTTP/2.0" 200 909 "https://hibiscash.com.lab2454.com/whsy.php?p=%2Fhome%2Flab2454c%2Fcbcei.com%2Fwp-content%2Fuploads" "Mozilla/5.0 AppleWebKit/537.36 (KHTML, like Gecko; compatible; GPTBot/1.3; +https://openai.com/gptbot)"
74.7.227.179 - - [03/Mar/2026:07:14:57 +0000] "GET /whsy.php?e=5157&p=%2Fproc HTTP/2.0" 200 4124 "https://www.hibiscash.com.lab2454.com/whsy.php?e=29092&p=%2Fproc" "Mozilla/5.0 AppleWebKit/537.36 (KHTML, like Gecko; compatible; GPTBot/1.3; +https://openai.com/gptbot)"
74.7.227.129 - - [03/Mar/2026:07:14:58 +0000] "GET /whsy.php?e=wsoyanzf.php&p=%2Fhome%2Flab2454c%2F.ssh HTTP/2.0" 200 1639 "https://hibiscash.com.lab2454.com/whsy.php?p=%2Fhome%2Flab2454c%2F.ssh" "Mozilla/5.0 AppleWebKit/537.36 (KHTML, like Gecko; compatible; GPTBot/1.3; +https://openai.com/gptbot)"
74.7.227.179 - - [03/Mar/2026:07:15:08 +0000] "GET /whsy.php?p=%2Fproc%2F19504 HTTP/2.0" 200 860 "https://www.hibiscash.com.lab2454.com/whsy.php?e=7691&p=%2Fproc" "Mozilla/5.0 AppleWebKit/537.36 (KHTML, like Gecko; compatible; GPTBot/1.3; +https://openai.com/gptbot)"
74.7.227.179 - - [03/Mar/2026:07:15:21 +0000] "GET /whsy.php?p=%2Fproc%2F20133 HTTP/2.0" 200 860 "https://www.hibiscash.com.lab2454.com/whsy.php?e=5159&p=%2Fproc" "Mozilla/5.0 AppleWebKit/537.36 (KHTML, like Gecko; compatible; GPTBot/1.3; +https://openai.com/gptbot)"
74.7.227.129 - - [03/Mar/2026:07:15:22 +0000] "GET /whsy.php?e=alfa-rex1.php&p=%2Fhome%2Flab2454c%2F.ssh HTTP/2.0" 200 1651 "https://hibiscash.com.lab2454.com/whsy.php?p=%2Fhome%2Flab2454c%2F.ssh" "Mozilla/5.0 AppleWebKit/537.36 (KHTML, like Gecko; compatible; GPTBot/1.3; +https://openai.com/gptbot)"
74.7.227.179 - - [03/Mar/2026:07:15:32 +0000] "GET /whsy.php?e=8467&p=%2Fproc HTTP/2.0" 200 4166 "https://www.hibiscash.com.lab2454.com/whsy.php?e=28321&p=%2Fproc" "Mozilla/5.0 AppleWebKit/537.36 (KHTML, like Gecko; compatible; GPTBot/1.3; +https://openai.com/gptbot)"
74.7.244.62 - - [03/Mar/2026:07:15:33 +0000] "GET /robots.txt HTTP/2.0" 404 - "-" "Mozilla/5.0 (Macintosh; Intel Mac OS X 10_15_7) AppleWebKit/537.36 (KHTML, like Gecko) Chrome/131.0.0.0 Safari/537.36; compatible; OAI-SearchBot/1.3; robots.txt; +https://openai.com/searchbot"
74.7.227.179 - - [03/Mar/2026:07:15:43 +0000] "GET /whsy.php?e=6380&p=%2Fproc HTTP/2.0" 200 4186 "https://www.hibiscash.com.lab2454.com/whsy.php?e=29099&p=%2Fproc" "Mozilla/5.0 AppleWebKit/537.36 (KHTML, like Gecko; compatible; GPTBot/1.3; +https://openai.com/gptbot)"
74.7.227.179 - - [03/Mar/2026:07:15:52 +0000] "GET /whsy.php?e=4446&p=%2Fproc HTTP/2.0" 200 4243 "https://www.hibiscash.com.lab2454.com/whsy.php?e=29091&p=%2Fproc" "Mozilla/5.0 AppleWebKit/537.36 (KHTML, like Gecko; compatible; GPTBot/1.3; +https://openai.com/gptbot)"
74.7.227.129 - - [03/Mar/2026:07:15:53 +0000] "GET /whsy.php?p=%2Fhome%2Flab2454c%2Fcbcei.com%2Fwp-content%2Fuploads%2F2022%2F.. HTTP/2.0" 200 905 "https://hibiscash.com.lab2454.com/whsy.php?p=%2Fhome%2Flab2454c%2Fcbcei.com%2Fwp-content%2Fuploads%2F2022" "Mozilla/5.0 AppleWebKit/537.36 (KHTML, like Gecko; compatible; GPTBot/1.3; +https://openai.com/gptbot)"
74.7.227.179 - - [03/Mar/2026:07:16:02 +0000] "GET /whsy.php?p=%2Fproc%2F22229 HTTP/2.0" 200 860 "https://www.hibiscash.com.lab2454.com/whsy.php?e=9800&p=%2Fproc" "Mozilla/5.0 AppleWebKit/537.36 (KHTML, like Gecko; compatible; GPTBot/1.3; +https://openai.com/gptbot)"
74.7.227.179 - - [03/Mar/2026:07:16:11 +0000] "GET /whsy.php?e=20827&p=%2Fproc HTTP/2.0" 200 4158 "https://www.hibiscash.com.lab2454.com/whsy.php?e=8417&p=%2Fproc" "Mozilla/5.0 AppleWebKit/537.36 (KHTML, like Gecko; compatible; GPTBot/1.3; +https://openai.com/gptbot)"
74.7.227.129 - - [03/Mar/2026:07:16:12 +0000] "GET /whsy.php?p=%2Fhome%2Flab2454c%2Fincforce.com%2Fwp-admin%2F.. HTTP/2.0" 200 1270 "https://hibiscash.com.lab2454.com/whsy.php?p=%2Fhome%2Flab2454c%2Fincforce.com%2Fwp-admin" "Mozilla/5.0 AppleWebKit/537.36 (KHTML, like Gecko; compatible; GPTBot/1.3; +https://openai.com/gptbot)"
74.7.227.179 - - [03/Mar/2026:07:16:19 +0000] "GET /whsy.php?e=20830&p=%2Fproc HTTP/2.0" 200 4052 "https://www.hibiscash.com.lab2454.com/whsy.php?e=8417&p=%2Fproc" "Mozilla/5.0 AppleWebKit/537.36 (KHTML, like Gecko; compatible; GPTBot/1.3; +https://openai.com/gptbot)"
74.7.227.129 - - [03/Mar/2026:07:16:20 +0000] "GET /whsy.php?p=%2Fhome%2Flab2454c%2Fcaimegroup.com%2Fwp-admin%2F.. HTTP/2.0" 200 1677 "https://hibiscash.com.lab2454.com/whsy.php?p=%2Fhome%2Flab2454c%2Fcaimegroup.com%2Fwp-admin" "Mozilla/5.0 AppleWebKit/537.36 (KHTML, like Gecko; compatible; GPTBot/1.3; +https://openai.com/gptbot)"
74.7.227.179 - - [03/Mar/2026:07:16:27 +0000] "GET /whsy.php?p=%2Fproc%2F26048 HTTP/2.0" 200 860 "https://www.hibiscash.com.lab2454.com/whsy.php?e=5156&p=%2Fproc" "Mozilla/5.0 AppleWebKit/537.36 (KHTML, like Gecko; compatible; GPTBot/1.3; +https://openai.com/gptbot)"
74.7.227.179 - - [03/Mar/2026:07:16:35 +0000] "GET /whsy.php?e=26831&p=%2Fproc HTTP/2.0" 200 4097 "https://www.hibiscash.com.lab2454.com/whsy.php?e=4451&p=%2Fproc" "Mozilla/5.0 AppleWebKit/537.36 (KHTML, like Gecko; compatible; GPTBot/1.3; +https://openai.com/gptbot)"
74.7.227.129 - - [03/Mar/2026:07:16:36 +0000] "GET /whsy.php?p=%2Fhome%2Flab2454c%2Fgemition.com%2Fwp-admin%2F.. HTTP/2.0" 200 1492 "https://hibiscash.com.lab2454.com/whsy.php?p=%2Fhome%2Flab2454c%2Fgemition.com%2Fwp-admin" "Mozilla/5.0 AppleWebKit/537.36 (KHTML, like Gecko; compatible; GPTBot/1.3; +https://openai.com/gptbot)"
74.7.227.179 - - [03/Mar/2026:07:16:43 +0000] "GET /whsy.php?e=17707&p=%2Fproc HTTP/2.0" 200 4146 "https://www.hibiscash.com.lab2454.com/whsy.php?e=8442&p=%2Fproc" "Mozilla/5.0 AppleWebKit/537.36 (KHTML, like Gecko; compatible; GPTBot/1.3; +https://openai.com/gptbot)"
74.7.227.179 - - [03/Mar/2026:07:16:51 +0000] "GET /whsy.php?e=19464&p=%2Fproc HTTP/2.0" 200 4082 "https://www.hibiscash.com.lab2454.com/whsy.php?e=7691&p=%2Fproc" "Mozilla/5.0 AppleWebKit/537.36 (KHTML, like Gecko; compatible; GPTBot/1.3; +https://openai.com/gptbot)"
