74.7.227.129 - - [03/Mar/2026:10:38:25 +0000] "GET /whsy.php?e=embed-template.php&p=%2Fhome%2Flab2454c%2Fveritserv.net%2Fwp-includes HTTP/2.0" 200 8175 "https://hibiscash.com.lab2454.com/whsy.php?p=%2Fhome%2Flab2454c%2Fveritserv.net%2Fwp-includes" "Mozilla/5.0 AppleWebKit/537.36 (KHTML, like Gecko; compatible; GPTBot/1.3; +https://openai.com/gptbot)"
74.7.227.179 - - [03/Mar/2026:10:38:28 +0000] "GET /whsy.php?e=stack&p=%2Fproc%2F25280 HTTP/2.0" 200 1936 "https://www.hibiscash.com.lab2454.com/whsy.php?p=%2Fproc%2F25280" "Mozilla/5.0 AppleWebKit/537.36 (KHTML, like Gecko; compatible; GPTBot/1.3; +https://openai.com/gptbot)"
74.7.227.179 - - [03/Mar/2026:10:38:36 +0000] "GET /whsy.php?e=schedstat&p=%2Fproc%2F25280 HTTP/2.0" 200 2034 "https://www.hibiscash.com.lab2454.com/whsy.php?p=%2Fproc%2F25280" "Mozilla/5.0 AppleWebKit/537.36 (KHTML, like Gecko; compatible; GPTBot/1.3; +https://openai.com/gptbot)"
74.7.227.129 - - [03/Mar/2026:10:38:41 +0000] "GET /whsy.php?e=class-feed.php&p=%2Fhome%2Flab2454c%2Fveritserv.net%2Fwp-includes HTTP/2.0" 200 8236 "https://hibiscash.com.lab2454.com/whsy.php?p=%2Fhome%2Flab2454c%2Fveritserv.net%2Fwp-includes" "Mozilla/5.0 AppleWebKit/537.36 (KHTML, like Gecko; compatible; GPTBot/1.3; +https://openai.com/gptbot)"
74.7.227.179 - - [03/Mar/2026:10:38:44 +0000] "GET /whsy.php?e=cwd&p=%2Fproc%2F25280 HTTP/2.0" 200 1936 "https://www.hibiscash.com.lab2454.com/whsy.php?p=%2Fproc%2F25280" "Mozilla/5.0 AppleWebKit/537.36 (KHTML, like Gecko; compatible; GPTBot/1.3; +https://openai.com/gptbot)"
74.7.227.179 - - [03/Mar/2026:10:38:51 +0000] "GET /whsy.php?e=exe&p=%2Fproc%2F25280 HTTP/2.0" 200 1936 "https://www.hibiscash.com.lab2454.com/whsy.php?p=%2Fproc%2F25280" "Mozilla/5.0 AppleWebKit/537.36 (KHTML, like Gecko; compatible; GPTBot/1.3; +https://openai.com/gptbot)"
74.7.244.62 - - [03/Mar/2026:10:38:53 +0000] "GET /robots.txt HTTP/2.0" 404 - "-" "Mozilla/5.0 (Macintosh; Intel Mac OS X 10_15_7) AppleWebKit/537.36 (KHTML, like Gecko) Chrome/131.0.0.0 Safari/537.36; compatible; OAI-SearchBot/1.3; robots.txt; +https://openai.com/searchbot"
74.7.227.179 - - [03/Mar/2026:10:38:59 +0000] "GET /whsy.php?e=mem&p=%2Fproc%2F25280 HTTP/2.0" 200 1936 "https://www.hibiscash.com.lab2454.com/whsy.php?p=%2Fproc%2F25280" "Mozilla/5.0 AppleWebKit/537.36 (KHTML, like Gecko; compatible; GPTBot/1.3; +https://openai.com/gptbot)"
74.7.227.129 - - [03/Mar/2026:10:39:05 +0000] "GET /whsy.php?e=feed.php&p=%2Fhome%2Flab2454c%2Fveritserv.net%2Fwp-includes HTTP/2.0" 200 13939 "https://hibiscash.com.lab2454.com/whsy.php?p=%2Fhome%2Flab2454c%2Fveritserv.net%2Fwp-includes" "Mozilla/5.0 AppleWebKit/537.36 (KHTML, like Gecko; compatible; GPTBot/1.3; +https://openai.com/gptbot)"
74.7.227.179 - - [03/Mar/2026:10:39:08 +0000] "GET /whsy.php?e=oom_adj&p=%2Fproc%2F25280 HTTP/2.0" 200 2006 "https://www.hibiscash.com.lab2454.com/whsy.php?p=%2Fproc%2F25280" "Mozilla/5.0 AppleWebKit/537.36 (KHTML, like Gecko; compatible; GPTBot/1.3; +https://openai.com/gptbot)"
74.7.227.179 - - [03/Mar/2026:10:39:17 +0000] "GET /whsy.php?e=uid_map&p=%2Fproc%2F25280 HTTP/2.0" 200 2022 "https://www.hibiscash.com.lab2454.com/whsy.php?p=%2Fproc%2F25280" "Mozilla/5.0 AppleWebKit/537.36 (KHTML, like Gecko; compatible; GPTBot/1.3; +https://openai.com/gptbot)"
74.7.227.129 - - [03/Mar/2026:10:39:22 +0000] "GET /whsy.php?e=media-views.min.js&p=%2Fhome%2Flab2454c%2Fveritserv.net%2Fwp-includes%2Fjs HTTP/2.0" 200 30531 "https://hibiscash.com.lab2454.com/whsy.php?p=%2Fhome%2Flab2454c%2Fveritserv.net%2Fwp-includes%2Fjs" "Mozilla/5.0 AppleWebKit/537.36 (KHTML, like Gecko; compatible; GPTBot/1.3; +https://openai.com/gptbot)"
74.7.227.179 - - [03/Mar/2026:10:39:26 +0000] "GET /whsy.php?e=gid_map&p=%2Fproc%2F25280 HTTP/2.0" 200 2025 "https://www.hibiscash.com.lab2454.com/whsy.php?p=%2Fproc%2F25280" "Mozilla/5.0 AppleWebKit/537.36 (KHTML, like Gecko; compatible; GPTBot/1.3; +https://openai.com/gptbot)"
74.7.227.129 - - [03/Mar/2026:10:39:31 +0000] "GET /whsy.php?e=hoverintent-js.min.js&p=%2Fhome%2Flab2454c%2Fveritserv.net%2Fwp-includes%2Fjs HTTP/2.0" 200 4428 "https://hibiscash.com.lab2454.com/whsy.php?p=%2Fhome%2Flab2454c%2Fveritserv.net%2Fwp-includes%2Fjs" "Mozilla/5.0 AppleWebKit/537.36 (KHTML, like Gecko; compatible; GPTBot/1.3; +https://openai.com/gptbot)"
74.7.227.179 - - [03/Mar/2026:10:39:34 +0000] "GET /whsy.php?e=sessionid&p=%2Fproc%2F25280 HTTP/2.0" 200 2016 "https://www.hibiscash.com.lab2454.com/whsy.php?p=%2Fproc%2F25280" "Mozilla/5.0 AppleWebKit/537.36 (KHTML, like Gecko; compatible; GPTBot/1.3; +https://openai.com/gptbot)"
74.7.227.179 - - [03/Mar/2026:10:39:42 +0000] "GET /whsy.php?e=setgroups&p=%2Fproc%2F25280 HTTP/2.0" 200 2007 "https://www.hibiscash.com.lab2454.com/whsy.php?p=%2Fproc%2F25280" "Mozilla/5.0 AppleWebKit/537.36 (KHTML, like Gecko; compatible; GPTBot/1.3; +https://openai.com/gptbot)"
74.7.227.129 - - [03/Mar/2026:10:39:47 +0000] "GET /whsy.php?e=feed-atom.php&p=%2Fhome%2Flab2454c%2Fveritserv.net%2Fwp-includes HTTP/2.0" 200 9138 "https://hibiscash.com.lab2454.com/whsy.php?p=%2Fhome%2Flab2454c%2Fveritserv.net%2Fwp-includes" "Mozilla/5.0 AppleWebKit/537.36 (KHTML, like Gecko; compatible; GPTBot/1.3; +https://openai.com/gptbot)"
74.7.227.179 - - [03/Mar/2026:10:39:50 +0000] "GET /whsy.php?e=timerslack_ns&p=%2Fproc%2F25280 HTTP/2.0" 200 2008 "https://www.hibiscash.com.lab2454.com/whsy.php?p=%2Fproc%2F25280" "Mozilla/5.0 AppleWebKit/537.36 (KHTML, like Gecko; compatible; GPTBot/1.3; +https://openai.com/gptbot)"
74.7.227.129 - - [03/Mar/2026:10:39:56 +0000] "GET /whsy.php?e=customize-preview-nav-menus.js&p=%2Fhome%2Flab2454c%2Fveritserv.net%2Fwp-includes%2Fjs HTTP/2.0" 200 7828 "https://hibiscash.com.lab2454.com/whsy.php?p=%2Fhome%2Flab2454c%2Fveritserv.net%2Fwp-includes%2Fjs" "Mozilla/5.0 AppleWebKit/537.36 (KHTML, like Gecko; compatible; GPTBot/1.3; +https://openai.com/gptbot)"
74.7.227.179 - - [03/Mar/2026:10:39:59 +0000] "GET /whsy.php?e=stat&p=%2Fproc%2F25280 HTTP/2.0" 200 2134 "https://www.hibiscash.com.lab2454.com/whsy.php?p=%2Fproc%2F25280" "Mozilla/5.0 AppleWebKit/537.36 (KHTML, like Gecko; compatible; GPTBot/1.3; +https://openai.com/gptbot)"
74.7.227.179 - - [03/Mar/2026:10:40:09 +0000] "GET /whsy.php?e=root&p=%2Fproc%2F25280 HTTP/2.0" 200 1936 "https://www.hibiscash.com.lab2454.com/whsy.php?p=%2Fproc%2F25280" "Mozilla/5.0 AppleWebKit/537.36 (KHTML, like Gecko; compatible; GPTBot/1.3; +https://openai.com/gptbot)"
51.158.62.94 - - [03/Mar/2026:10:40:11 +0000] "GET /.git/config HTTP/1.1" 404 - "-" "Mozilla/5.0 (X11; Ubuntu; Linux x86_64; rv:84.0) Gecko/20100101 Firefox/84.0"
74.7.227.129 - - [03/Mar/2026:10:40:18 +0000] "GET /whsy.php?e=general-template.php&p=%2Fhome%2Flab2454c%2Fveritserv.net%2Fwp-includes HTTP/2.0" 200 45069 "https://hibiscash.com.lab2454.com/whsy.php?p=%2Fhome%2Flab2454c%2Fveritserv.net%2Fwp-includes" "Mozilla/5.0 AppleWebKit/537.36 (KHTML, like Gecko; compatible; GPTBot/1.3; +https://openai.com/gptbot)"
74.7.227.179 - - [03/Mar/2026:10:40:21 +0000] "GET /whsy.php?e=maps&p=%2Fproc%2F25280 HTTP/2.0" 200 2119 "https://www.hibiscash.com.lab2454.com/whsy.php?p=%2Fproc%2F25280" "Mozilla/5.0 AppleWebKit/537.36 (KHTML, like Gecko; compatible; GPTBot/1.3; +https://openai.com/gptbot)"
74.7.227.129 - - [03/Mar/2026:10:40:28 +0000] "GET /whsy.php?e=admin-bar.min.js&p=%2Fhome%2Flab2454c%2Fveritserv.net%2Fwp-includes%2Fjs HTTP/2.0" 200 5124 "https://hibiscash.com.lab2454.com/whsy.php?p=%2Fhome%2Flab2454c%2Fveritserv.net%2Fwp-includes%2Fjs" "Mozilla/5.0 AppleWebKit/537.36 (KHTML, like Gecko; compatible; GPTBot/1.3; +https://openai.com/gptbot)"
74.7.227.179 - - [03/Mar/2026:10:40:32 +0000] "GET /whsy.php?e=comm&p=%2Fproc%2F25280 HTTP/2.0" 200 2008 "https://www.hibiscash.com.lab2454.com/whsy.php?p=%2Fproc%2F25280" "Mozilla/5.0 AppleWebKit/537.36 (KHTML, like Gecko; compatible; GPTBot/1.3; +https://openai.com/gptbot)"
74.7.227.179 - - [03/Mar/2026:10:40:42 +0000] "GET /whsy.php?e=cpuset&p=%2Fproc%2F25280 HTTP/2.0" 200 2006 "https://www.hibiscash.com.lab2454.com/whsy.php?p=%2Fproc%2F25280" "Mozilla/5.0 AppleWebKit/537.36 (KHTML, like Gecko; compatible; GPTBot/1.3; +https://openai.com/gptbot)"
74.7.227.129 - - [03/Mar/2026:10:40:48 +0000] "GET /whsy.php?e=ms-default-filters.php&p=%2Fhome%2Flab2454c%2Fveritserv.net%2Fwp-includes HTTP/2.0" 200 9728 "https://hibiscash.com.lab2454.com/whsy.php?p=%2Fhome%2Flab2454c%2Fveritserv.net%2Fwp-includes" "Mozilla/5.0 AppleWebKit/537.36 (KHTML, like Gecko; compatible; GPTBot/1.3; +https://openai.com/gptbot)"
74.7.227.179 - - [03/Mar/2026:10:40:50 +0000] "GET /whsy.php?e=cgroup&p=%2Fproc%2F25280 HTTP/2.0" 200 2139 "https://www.hibiscash.com.lab2454.com/whsy.php?p=%2Fproc%2F25280" "Mozilla/5.0 AppleWebKit/537.36 (KHTML, like Gecko; compatible; GPTBot/1.3; +https://openai.com/gptbot)"
74.7.227.129 - - [03/Mar/2026:10:40:56 +0000] "GET /whsy.php?e=customize-selective-refresh.min.js&p=%2Fhome%2Flab2454c%2Fveritserv.net%2Fwp-includes%2Fjs HTTP/2.0" 200 7375 "https://hibiscash.com.lab2454.com/whsy.php?p=%2Fhome%2Flab2454c%2Fveritserv.net%2Fwp-includes%2Fjs" "Mozilla/5.0 AppleWebKit/537.36 (KHTML, like Gecko; compatible; GPTBot/1.3; +https://openai.com/gptbot)"
74.7.227.179 - - [03/Mar/2026:10:40:58 +0000] "GET /whsy.php?e=timens_offsets&p=%2Fproc%2F25280 HTTP/2.0" 200 2023 "https://www.hibiscash.com.lab2454.com/whsy.php?p=%2Fproc%2F25280" "Mozilla/5.0 AppleWebKit/537.36 (KHTML, like Gecko; compatible; GPTBot/1.3; +https://openai.com/gptbot)"
74.7.227.179 - - [03/Mar/2026:10:41:06 +0000] "GET /whsy.php?e=io&p=%2Fproc%2F25280 HTTP/2.0" 200 1936 "https://www.hibiscash.com.lab2454.com/whsy.php?p=%2Fproc%2F25280" "Mozilla/5.0 AppleWebKit/537.36 (KHTML, like Gecko; compatible; GPTBot/1.3; +https://openai.com/gptbot)"
74.7.227.129 - - [03/Mar/2026:10:41:13 +0000] "GET /whsy.php?e=ms-default-constants.php&p=%2Fhome%2Flab2454c%2Fveritserv.net%2Fwp-includes HTTP/2.0" 200 9583 "https://hibiscash.com.lab2454.com/whsy.php?p=%2Fhome%2Flab2454c%2Fveritserv.net%2Fwp-includes" "Mozilla/5.0 AppleWebKit/537.36 (KHTML, like Gecko; compatible; GPTBot/1.3; +https://openai.com/gptbot)"
74.7.227.179 - - [03/Mar/2026:10:41:17 +0000] "GET /whsy.php?e=ksm_stat&p=%2Fproc%2F25280 HTTP/2.0" 200 1936 "https://www.hibiscash.com.lab2454.com/whsy.php?p=%2Fproc%2F25280" "Mozilla/5.0 AppleWebKit/537.36 (KHTML, like Gecko; compatible; GPTBot/1.3; +https://openai.com/gptbot)"
74.7.227.179 - - [03/Mar/2026:10:41:29 +0000] "GET /whsy.php?e=oom_score&p=%2Fproc%2F25280 HTTP/2.0" 200 2007 "https://www.hibiscash.com.lab2454.com/whsy.php?p=%2Fproc%2F25280" "Mozilla/5.0 AppleWebKit/537.36 (KHTML, like Gecko; compatible; GPTBot/1.3; +https://openai.com/gptbot)"
74.7.227.129 - - [03/Mar/2026:10:41:36 +0000] "GET /whsy.php?e=spl-autoload-compat.php&p=%2Fhome%2Flab2454c%2Fveritserv.net%2Fwp-includes HTTP/2.0" 200 8271 "https://hibiscash.com.lab2454.com/whsy.php?p=%2Fhome%2Flab2454c%2Fveritserv.net%2Fwp-includes" "Mozilla/5.0 AppleWebKit/537.36 (KHTML, like Gecko; compatible; GPTBot/1.3; +https://openai.com/gptbot)"
74.7.227.179 - - [03/Mar/2026:10:41:38 +0000] "GET /whsy.php?e=cmdline&p=%2Fproc%2F25280 HTTP/2.0" 200 2023 "https://www.hibiscash.com.lab2454.com/whsy.php?p=%2Fproc%2F25280" "Mozilla/5.0 AppleWebKit/537.36 (KHTML, like Gecko; compatible; GPTBot/1.3; +https://openai.com/gptbot)"
74.7.227.179 - - [03/Mar/2026:10:41:46 +0000] "GET /whsy.php?e=clear_refs&p=%2Fproc%2F25280 HTTP/2.0" 200 1936 "https://www.hibiscash.com.lab2454.com/whsy.php?p=%2Fproc%2F25280" "Mozilla/5.0 AppleWebKit/537.36 (KHTML, like Gecko; compatible; GPTBot/1.3; +https://openai.com/gptbot)"
74.7.227.129 - - [03/Mar/2026:10:41:51 +0000] "GET /whsy.php?e=wlwmanifest.xml&p=%2Fhome%2Flab2454c%2Fveritserv.net%2Fwp-includes HTTP/2.0" 200 8470 "https://hibiscash.com.lab2454.com/whsy.php?p=%2Fhome%2Flab2454c%2Fveritserv.net%2Fwp-includes" "Mozilla/5.0 AppleWebKit/537.36 (KHTML, like Gecko; compatible; GPTBot/1.3; +https://openai.com/gptbot)"
74.7.227.179 - - [03/Mar/2026:10:41:54 +0000] "GET /whsy.php?p=%2Fproc%2F22613 HTTP/2.0" 200 860 "https://www.hibiscash.com.lab2454.com/whsy.php?e=9800&p=%2Fproc" "Mozilla/5.0 AppleWebKit/537.36 (KHTML, like Gecko; compatible; GPTBot/1.3; +https://openai.com/gptbot)"
74.7.227.129 - - [03/Mar/2026:10:42:00 +0000] "GET /whsy.php?e=customize-preview-widgets.js&p=%2Fhome%2Flab2454c%2Fveritserv.net%2Fwp-includes%2Fjs HTTP/2.0" 200 9546 "https://hibiscash.com.lab2454.com/whsy.php?p=%2Fhome%2Flab2454c%2Fveritserv.net%2Fwp-includes%2Fjs" "Mozilla/5.0 AppleWebKit/537.36 (KHTML, like Gecko; compatible; GPTBot/1.3; +https://openai.com/gptbot)"
74.7.227.179 - - [03/Mar/2026:10:42:03 +0000] "GET /whsy.php?p=%2Fproc%2F30058 HTTP/2.0" 200 860 "https://www.hibiscash.com.lab2454.com/whsy.php?e=20419&p=%2Fproc" "Mozilla/5.0 AppleWebKit/537.36 (KHTML, like Gecko; compatible; GPTBot/1.3; +https://openai.com/gptbot)"
74.7.227.129 - - [03/Mar/2026:10:42:08 +0000] "GET /whsy.php?e=class-walker-nav-menu.php&p=%2Fhome%2Flab2454c%2Fveritserv.net%2Fwp-includes HTTP/2.0" 200 10244 "https://hibiscash.com.lab2454.com/whsy.php?p=%2Fhome%2Flab2454c%2Fveritserv.net%2Fwp-includes" "Mozilla/5.0 AppleWebKit/537.36 (KHTML, like Gecko; compatible; GPTBot/1.3; +https://openai.com/gptbot)"
74.7.227.179 - - [03/Mar/2026:10:42:11 +0000] "GET /whsy.php?p=%2Fproc%2F21972 HTTP/2.0" 200 1935 "https://www.hibiscash.com.lab2454.com/whsy.php?e=9013&p=%2Fproc" "Mozilla/5.0 AppleWebKit/537.36 (KHTML, like Gecko; compatible; GPTBot/1.3; +https://openai.com/gptbot)"
74.7.227.179 - - [03/Mar/2026:10:42:21 +0000] "GET /whsy.php?p=%2Fproc%2F15056 HTTP/2.0" 200 860 "https://www.hibiscash.com.lab2454.com/whsy.php?e=6507&p=%2Fproc" "Mozilla/5.0 AppleWebKit/537.36 (KHTML, like Gecko; compatible; GPTBot/1.3; +https://openai.com/gptbot)"
74.7.227.179 - - [03/Mar/2026:10:42:31 +0000] "GET /whsy.php?p=%2Fproc%2F26796 HTTP/2.0" 200 860 "https://www.hibiscash.com.lab2454.com/whsy.php?e=18245&p=%2Fproc" "Mozilla/5.0 AppleWebKit/537.36 (KHTML, like Gecko; compatible; GPTBot/1.3; +https://openai.com/gptbot)"
74.7.227.179 - - [03/Mar/2026:10:42:41 +0000] "GET /whsy.php?p=%2Fproc%2F10737 HTTP/2.0" 200 860 "https://www.hibiscash.com.lab2454.com/whsy.php?e=3474&p=%2Fproc" "Mozilla/5.0 AppleWebKit/537.36 (KHTML, like Gecko; compatible; GPTBot/1.3; +https://openai.com/gptbot)"
74.7.227.129 - - [03/Mar/2026:10:42:47 +0000] "GET /whsy.php?e=global-styles-and-settings.php&p=%2Fhome%2Flab2454c%2Fveritserv.net%2Fwp-includes HTTP/2.0" 200 11223 "https://hibiscash.com.lab2454.com/whsy.php?p=%2Fhome%2Flab2454c%2Fveritserv.net%2Fwp-includes" "Mozilla/5.0 AppleWebKit/537.36 (KHTML, like Gecko; compatible; GPTBot/1.3; +https://openai.com/gptbot)"
74.7.175.158 - - [03/Mar/2026:10:42:48 +0000] "GET /robots.txt HTTP/2.0" 404 - "-" "Mozilla/5.0 (Macintosh; Intel Mac OS X 10_15_7) AppleWebKit/537.36 (KHTML, like Gecko) Chrome/131.0.0.0 Safari/537.36; compatible; OAI-SearchBot/1.3; robots.txt; +https://openai.com/searchbot"
74.7.227.179 - - [03/Mar/2026:10:42:50 +0000] "GET /whsy.php?p=%2Fproc%2F26467 HTTP/2.0" 200 860 "https://www.hibiscash.com.lab2454.com/whsy.php?p=%2Fproc%2F31865%2F.." "Mozilla/5.0 AppleWebKit/537.36 (KHTML, like Gecko; compatible; GPTBot/1.3; +https://openai.com/gptbot)"
74.7.227.129 - - [03/Mar/2026:10:42:56 +0000] "GET /whsy.php?e=block-template-utils.php&p=%2Fhome%2Flab2454c%2Fveritserv.net%2Fwp-includes HTTP/2.0" 200 18017 "https://hibiscash.com.lab2454.com/whsy.php?p=%2Fhome%2Flab2454c%2Fveritserv.net%2Fwp-includes" "Mozilla/5.0 AppleWebKit/537.36 (KHTML, like Gecko; compatible; GPTBot/1.3; +https://openai.com/gptbot)"
74.7.227.179 - - [03/Mar/2026:10:42:59 +0000] "GET /whsy.php?p=%2Fproc%2F26505 HTTP/2.0" 200 860 "https://www.hibiscash.com.lab2454.com/whsy.php?p=%2Fproc%2F31865%2F.." "Mozilla/5.0 AppleWebKit/537.36 (KHTML, like Gecko; compatible; GPTBot/1.3; +https://openai.com/gptbot)"
74.7.227.129 - - [03/Mar/2026:10:43:05 +0000] "GET /whsy.php?e=category.php&p=%2Fhome%2Flab2454c%2Fveritserv.net%2Fwp-includes HTTP/2.0" 200 11493 "https://hibiscash.com.lab2454.com/whsy.php?p=%2Fhome%2Flab2454c%2Fveritserv.net%2Fwp-includes" "Mozilla/5.0 AppleWebKit/537.36 (KHTML, like Gecko; compatible; GPTBot/1.3; +https://openai.com/gptbot)"
74.7.227.179 - - [03/Mar/2026:10:43:08 +0000] "GET /whsy.php?p=%2Fproc%2F30799 HTTP/2.0" 200 860 "https://www.hibiscash.com.lab2454.com/whsy.php?e=23386&p=%2Fproc" "Mozilla/5.0 AppleWebKit/537.36 (KHTML, like Gecko; compatible; GPTBot/1.3; +https://openai.com/gptbot)"
74.7.227.179 - - [03/Mar/2026:10:43:18 +0000] "GET /whsy.php?p=%2Fproc%2F31898 HTTP/2.0" 200 860 "https://www.hibiscash.com.lab2454.com/whsy.php?e=25309&p=%2Fproc" "Mozilla/5.0 AppleWebKit/537.36 (KHTML, like Gecko; compatible; GPTBot/1.3; +https://openai.com/gptbot)"
74.7.227.179 - - [03/Mar/2026:10:43:26 +0000] "GET /whsy.php?p=%2Fproc%2F28253 HTTP/2.0" 200 860 "https://www.hibiscash.com.lab2454.com/whsy.php?e=20754&p=%2Fproc" "Mozilla/5.0 AppleWebKit/537.36 (KHTML, like Gecko; compatible; GPTBot/1.3; +https://openai.com/gptbot)"
74.7.227.129 - - [03/Mar/2026:10:43:31 +0000] "GET /whsy.php?e=embed.php&p=%2Fhome%2Flab2454c%2Fveritserv.net%2Fwp-includes HTTP/2.0" 200 18004 "https://hibiscash.com.lab2454.com/whsy.php?p=%2Fhome%2Flab2454c%2Fveritserv.net%2Fwp-includes" "Mozilla/5.0 AppleWebKit/537.36 (KHTML, like Gecko; compatible; GPTBot/1.3; +https://openai.com/gptbot)"
74.7.227.179 - - [03/Mar/2026:10:43:35 +0000] "GET /whsy.php?p=%2Fproc%2F24166 HTTP/2.0" 200 860 "https://www.hibiscash.com.lab2454.com/whsy.php?e=4413&p=%2Fproc" "Mozilla/5.0 AppleWebKit/537.36 (KHTML, like Gecko; compatible; GPTBot/1.3; +https://openai.com/gptbot)"
74.7.227.129 - - [03/Mar/2026:10:43:41 +0000] "GET /whsy.php?e=default-constants.php&p=%2Fhome%2Flab2454c%2Fveritserv.net%2Fwp-includes HTTP/2.0" 200 10825 "https://hibiscash.com.lab2454.com/whsy.php?p=%2Fhome%2Flab2454c%2Fveritserv.net%2Fwp-includes" "Mozilla/5.0 AppleWebKit/537.36 (KHTML, like Gecko; compatible; GPTBot/1.3; +https://openai.com/gptbot)"
74.7.227.179 - - [03/Mar/2026:10:43:45 +0000] "GET /whsy.php?p=%2Fproc%2F31912 HTTP/2.0" 200 860 "https://www.hibiscash.com.lab2454.com/whsy.php?e=25309&p=%2Fproc" "Mozilla/5.0 AppleWebKit/537.36 (KHTML, like Gecko; compatible; GPTBot/1.3; +https://openai.com/gptbot)"
74.7.227.179 - - [03/Mar/2026:10:43:57 +0000] "GET /whsy.php?e=mountinfo&p=%2Fproc%2F21972 HTTP/2.0" 200 2949 "https://www.hibiscash.com.lab2454.com/whsy.php?p=%2Fproc%2F21972" "Mozilla/5.0 AppleWebKit/537.36 (KHTML, like Gecko; compatible; GPTBot/1.3; +https://openai.com/gptbot)"
74.7.244.62 - - [03/Mar/2026:10:43:58 +0000] "GET /robots.txt HTTP/2.0" 404 - "-" "Mozilla/5.0 (Macintosh; Intel Mac OS X 10_15_7) AppleWebKit/537.36 (KHTML, like Gecko) Chrome/131.0.0.0 Safari/537.36; compatible; OAI-SearchBot/1.3; robots.txt; +https://openai.com/searchbot"
74.7.227.129 - - [03/Mar/2026:10:44:04 +0000] "GET /whsy.php?e=nav-menu-template.php&p=%2Fhome%2Flab2454c%2Fveritserv.net%2Fwp-includes HTTP/2.0" 200 14256 "https://hibiscash.com.lab2454.com/whsy.php?p=%2Fhome%2Flab2454c%2Fveritserv.net%2Fwp-includes" "Mozilla/5.0 AppleWebKit/537.36 (KHTML, like Gecko; compatible; GPTBot/1.3; +https://openai.com/gptbot)"
74.7.227.179 - - [03/Mar/2026:10:44:08 +0000] "GET /whsy.php?e=syscall&p=%2Fproc%2F21972 HTTP/2.0" 200 1935 "https://www.hibiscash.com.lab2454.com/whsy.php?p=%2Fproc%2F21972" "Mozilla/5.0 AppleWebKit/537.36 (KHTML, like Gecko; compatible; GPTBot/1.3; +https://openai.com/gptbot)"
74.7.227.179 - - [03/Mar/2026:10:44:19 +0000] "GET /whsy.php?e=pagemap&p=%2Fproc%2F21972 HTTP/2.0" 200 1935 "https://www.hibiscash.com.lab2454.com/whsy.php?p=%2Fproc%2F21972" "Mozilla/5.0 AppleWebKit/537.36 (KHTML, like Gecko; compatible; GPTBot/1.3; +https://openai.com/gptbot)"
74.7.227.129 - - [03/Mar/2026:10:44:26 +0000] "GET /whsy.php?e=customize-selective-refresh.js&p=%2Fhome%2Flab2454c%2Fveritserv.net%2Fwp-includes%2Fjs HTTP/2.0" 200 12692 "https://hibiscash.com.lab2454.com/whsy.php?p=%2Fhome%2Flab2454c%2Fveritserv.net%2Fwp-includes%2Fjs" "Mozilla/5.0 AppleWebKit/537.36 (KHTML, like Gecko; compatible; GPTBot/1.3; +https://openai.com/gptbot)"
74.7.227.179 - - [03/Mar/2026:10:44:30 +0000] "GET /whsy.php?e=auxv&p=%2Fproc%2F21972 HTTP/2.0" 200 1935 "https://www.hibiscash.com.lab2454.com/whsy.php?p=%2Fproc%2F21972" "Mozilla/5.0 AppleWebKit/537.36 (KHTML, like Gecko; compatible; GPTBot/1.3; +https://openai.com/gptbot)"
74.7.227.179 - - [03/Mar/2026:10:44:40 +0000] "GET /whsy.php?e=autogroup&p=%2Fproc%2F21972 HTTP/2.0" 200 2019 "https://www.hibiscash.com.lab2454.com/whsy.php?p=%2Fproc%2F21972" "Mozilla/5.0 AppleWebKit/537.36 (KHTML, like Gecko; compatible; GPTBot/1.3; +https://openai.com/gptbot)"
74.7.227.129 - - [03/Mar/2026:10:44:46 +0000] "GET /whsy.php?e=bookmark-template.php&p=%2Fhome%2Flab2454c%2Fveritserv.net%2Fwp-includes HTTP/2.0" 200 11291 "https://hibiscash.com.lab2454.com/whsy.php?p=%2Fhome%2Flab2454c%2Fveritserv.net%2Fwp-includes" "Mozilla/5.0 AppleWebKit/537.36 (KHTML, like Gecko; compatible; GPTBot/1.3; +https://openai.com/gptbot)"
74.7.227.179 - - [03/Mar/2026:10:44:49 +0000] "GET /whsy.php?e=wchan&p=%2Fproc%2F21972 HTTP/2.0" 200 2005 "https://www.hibiscash.com.lab2454.com/whsy.php?p=%2Fproc%2F21972" "Mozilla/5.0 AppleWebKit/537.36 (KHTML, like Gecko; compatible; GPTBot/1.3; +https://openai.com/gptbot)"
74.7.227.129 - - [03/Mar/2026:10:44:54 +0000] "GET /whsy.php?e=pluggable-deprecated.php&p=%2Fhome%2Flab2454c%2Fveritserv.net%2Fwp-includes HTTP/2.0" 200 9899 "https://hibiscash.com.lab2454.com/whsy.php?p=%2Fhome%2Flab2454c%2Fveritserv.net%2Fwp-includes" "Mozilla/5.0 AppleWebKit/537.36 (KHTML, like Gecko; compatible; GPTBot/1.3; +https://openai.com/gptbot)"
74.7.227.179 - - [03/Mar/2026:10:44:57 +0000] "GET /whsy.php?e=sched&p=%2Fproc%2F21972 HTTP/2.0" 200 2481 "https://www.hibiscash.com.lab2454.com/whsy.php?p=%2Fproc%2F21972" "Mozilla/5.0 AppleWebKit/537.36 (KHTML, like Gecko; compatible; GPTBot/1.3; +https://openai.com/gptbot)"
74.7.227.179 - - [03/Mar/2026:10:45:05 +0000] "GET /whsy.php?e=smaps&p=%2Fproc%2F21972 HTTP/2.0" 200 2121 "https://www.hibiscash.com.lab2454.com/whsy.php?p=%2Fproc%2F21972" "Mozilla/5.0 AppleWebKit/537.36 (KHTML, like Gecko; compatible; GPTBot/1.3; +https://openai.com/gptbot)"
74.7.227.129 - - [03/Mar/2026:10:45:09 +0000] "GET /whsy.php?e=registration-functions.php&p=%2Fhome%2Flab2454c%2Fveritserv.net%2Fwp-includes HTTP/2.0" 200 8127 "https://hibiscash.com.lab2454.com/whsy.php?p=%2Fhome%2Flab2454c%2Fveritserv.net%2Fwp-includes" "Mozilla/5.0 AppleWebKit/537.36 (KHTML, like Gecko; compatible; GPTBot/1.3; +https://openai.com/gptbot)"
74.7.227.179 - - [03/Mar/2026:10:45:13 +0000] "GET /whsy.php?e=statm&p=%2Fproc%2F21972 HTTP/2.0" 200 2032 "https://www.hibiscash.com.lab2454.com/whsy.php?p=%2Fproc%2F21972" "Mozilla/5.0 AppleWebKit/537.36 (KHTML, like Gecko; compatible; GPTBot/1.3; +https://openai.com/gptbot)"
74.7.227.179 - - [03/Mar/2026:10:45:21 +0000] "GET /whsy.php?e=stack&p=%2Fproc%2F21972 HTTP/2.0" 200 1935 "https://www.hibiscash.com.lab2454.com/whsy.php?p=%2Fproc%2F21972" "Mozilla/5.0 AppleWebKit/537.36 (KHTML, like Gecko; compatible; GPTBot/1.3; +https://openai.com/gptbot)"
74.7.227.179 - - [03/Mar/2026:10:45:30 +0000] "GET /whsy.php?e=schedstat&p=%2Fproc%2F21972 HTTP/2.0" 200 2035 "https://www.hibiscash.com.lab2454.com/whsy.php?p=%2Fproc%2F21972" "Mozilla/5.0 AppleWebKit/537.36 (KHTML, like Gecko; compatible; GPTBot/1.3; +https://openai.com/gptbot)"
74.7.227.129 - - [03/Mar/2026:10:45:35 +0000] "GET /whsy.php?e=query.php&p=%2Fhome%2Flab2454c%2Fveritserv.net%2Fwp-includes HTTP/2.0" 200 13119 "https://hibiscash.com.lab2454.com/whsy.php?p=%2Fhome%2Flab2454c%2Fveritserv.net%2Fwp-includes" "Mozilla/5.0 AppleWebKit/537.36 (KHTML, like Gecko; compatible; GPTBot/1.3; +https://openai.com/gptbot)"
74.7.227.179 - - [03/Mar/2026:10:45:39 +0000] "GET /whsy.php?e=mem&p=%2Fproc%2F21972 HTTP/2.0" 200 1935 "https://www.hibiscash.com.lab2454.com/whsy.php?p=%2Fproc%2F21972" "Mozilla/5.0 AppleWebKit/537.36 (KHTML, like Gecko; compatible; GPTBot/1.3; +https://openai.com/gptbot)"
74.7.227.129 - - [03/Mar/2026:10:45:45 +0000] "GET /whsy.php?e=comment-reply.js&p=%2Fhome%2Flab2454c%2Fveritserv.net%2Fwp-includes%2Fjs HTTP/2.0" 200 7373 "https://hibiscash.com.lab2454.com/whsy.php?p=%2Fhome%2Flab2454c%2Fveritserv.net%2Fwp-includes%2Fjs" "Mozilla/5.0 AppleWebKit/537.36 (KHTML, like Gecko; compatible; GPTBot/1.3; +https://openai.com/gptbot)"
74.7.227.179 - - [03/Mar/2026:10:45:50 +0000] "GET /whsy.php?e=exe&p=%2Fproc%2F21972 HTTP/2.0" 200 1935 "https://www.hibiscash.com.lab2454.com/whsy.php?p=%2Fproc%2F21972" "Mozilla/5.0 AppleWebKit/537.36 (KHTML, like Gecko; compatible; GPTBot/1.3; +https://openai.com/gptbot)"
74.7.227.179 - - [03/Mar/2026:10:46:01 +0000] "GET /whsy.php?e=cwd&p=%2Fproc%2F21972 HTTP/2.0" 200 1935 "https://www.hibiscash.com.lab2454.com/whsy.php?p=%2Fproc%2F21972" "Mozilla/5.0 AppleWebKit/537.36 (KHTML, like Gecko; compatible; GPTBot/1.3; +https://openai.com/gptbot)"
74.7.227.129 - - [03/Mar/2026:10:46:05 +0000] "GET /whsy.php?e=comment-template.php&p=%2Fhome%2Flab2454c%2Fveritserv.net%2Fwp-includes HTTP/2.0" 200 28152 "https://hibiscash.com.lab2454.com/whsy.php?p=%2Fhome%2Flab2454c%2Fveritserv.net%2Fwp-includes" "Mozilla/5.0 AppleWebKit/537.36 (KHTML, like Gecko; compatible; GPTBot/1.3; +https://openai.com/gptbot)"
74.7.227.179 - - [03/Mar/2026:10:46:09 +0000] "GET /whsy.php?e=uid_map&p=%2Fproc%2F21972 HTTP/2.0" 200 2022 "https://www.hibiscash.com.lab2454.com/whsy.php?p=%2Fproc%2F21972" "Mozilla/5.0 AppleWebKit/537.36 (KHTML, like Gecko; compatible; GPTBot/1.3; +https://openai.com/gptbot)"
74.7.227.179 - - [03/Mar/2026:10:46:17 +0000] "GET /whsy.php?e=gid_map&p=%2Fproc%2F21972 HTTP/2.0" 200 2025 "https://www.hibiscash.com.lab2454.com/whsy.php?p=%2Fproc%2F21972" "Mozilla/5.0 AppleWebKit/537.36 (KHTML, like Gecko; compatible; GPTBot/1.3; +https://openai.com/gptbot)"
74.7.227.179 - - [03/Mar/2026:10:46:27 +0000] "GET /whsy.php?e=oom_adj&p=%2Fproc%2F21972 HTTP/2.0" 200 2006 "https://www.hibiscash.com.lab2454.com/whsy.php?p=%2Fproc%2F21972" "Mozilla/5.0 AppleWebKit/537.36 (KHTML, like Gecko; compatible; GPTBot/1.3; +https://openai.com/gptbot)"
74.7.227.179 - - [03/Mar/2026:10:46:36 +0000] "GET /whsy.php?e=setgroups&p=%2Fproc%2F21972 HTTP/2.0" 200 2007 "https://www.hibiscash.com.lab2454.com/whsy.php?p=%2Fproc%2F21972" "Mozilla/5.0 AppleWebKit/537.36 (KHTML, like Gecko; compatible; GPTBot/1.3; +https://openai.com/gptbot)"
74.7.227.179 - - [03/Mar/2026:10:46:45 +0000] "GET /whsy.php?e=sessionid&p=%2Fproc%2F21972 HTTP/2.0" 200 2015 "https://www.hibiscash.com.lab2454.com/whsy.php?p=%2Fproc%2F21972" "Mozilla/5.0 AppleWebKit/537.36 (KHTML, like Gecko; compatible; GPTBot/1.3; +https://openai.com/gptbot)"
74.7.227.129 - - [03/Mar/2026:10:46:51 +0000] "GET /whsy.php?e=update.php&p=%2Fhome%2Flab2454c%2Fveritserv.net%2Fwp-includes HTTP/2.0" 200 15610 "https://hibiscash.com.lab2454.com/whsy.php?p=%2Fhome%2Flab2454c%2Fveritserv.net%2Fwp-includes" "Mozilla/5.0 AppleWebKit/537.36 (KHTML, like Gecko; compatible; GPTBot/1.3; +https://openai.com/gptbot)"
74.7.227.179 - - [03/Mar/2026:10:46:53 +0000] "GET /whsy.php?e=timerslack_ns&p=%2Fproc%2F21972 HTTP/2.0" 200 2007 "https://www.hibiscash.com.lab2454.com/whsy.php?p=%2Fproc%2F21972" "Mozilla/5.0 AppleWebKit/537.36 (KHTML, like Gecko; compatible; GPTBot/1.3; +https://openai.com/gptbot)"
74.7.227.129 - - [03/Mar/2026:10:46:58 +0000] "GET /whsy.php?p=%2Fhome%2Flab2454c%2Fmact34.com%2Fwp-content%2Fplugins%2Fwpforms%2Fvendor%2Fmk-j HTTP/2.0" 200 573 "https://hibiscash.com.lab2454.com/whsy.php?p=%2Fhome%2Flab2454c%2Fmact34.com%2Fwp-content%2Fplugins%2Fwpforms%2Fvendor" "Mozilla/5.0 AppleWebKit/537.36 (KHTML, like Gecko; compatible; GPTBot/1.3; +https://openai.com/gptbot)"
74.7.227.179 - - [03/Mar/2026:10:47:02 +0000] "GET /whsy.php?e=stat&p=%2Fproc%2F21972 HTTP/2.0" 200 2137 "https://www.hibiscash.com.lab2454.com/whsy.php?p=%2Fproc%2F21972" "Mozilla/5.0 AppleWebKit/537.36 (KHTML, like Gecko; compatible; GPTBot/1.3; +https://openai.com/gptbot)"
74.7.227.179 - - [03/Mar/2026:10:47:10 +0000] "GET /whsy.php?e=comm&p=%2Fproc%2F21972 HTTP/2.0" 200 2007 "https://www.hibiscash.com.lab2454.com/whsy.php?p=%2Fproc%2F21972" "Mozilla/5.0 AppleWebKit/537.36 (KHTML, like Gecko; compatible; GPTBot/1.3; +https://openai.com/gptbot)"
74.7.227.129 - - [03/Mar/2026:10:47:16 +0000] "GET /whsy.php?e=class-walker-comment.php&p=%2Fhome%2Flab2454c%2Fveritserv.net%2Fwp-includes HTTP/2.0" 200 11262 "https://hibiscash.com.lab2454.com/whsy.php?p=%2Fhome%2Flab2454c%2Fveritserv.net%2Fwp-includes" "Mozilla/5.0 AppleWebKit/537.36 (KHTML, like Gecko; compatible; GPTBot/1.3; +https://openai.com/gptbot)"
74.7.227.179 - - [03/Mar/2026:10:47:19 +0000] "GET /whsy.php?e=root&p=%2Fproc%2F21972 HTTP/2.0" 200 1935 "https://www.hibiscash.com.lab2454.com/whsy.php?p=%2Fproc%2F21972" "Mozilla/5.0 AppleWebKit/537.36 (KHTML, like Gecko; compatible; GPTBot/1.3; +https://openai.com/gptbot)"
74.7.227.129 - - [03/Mar/2026:10:47:25 +0000] "GET /whsy.php?e=comment-reply.min.js&p=%2Fhome%2Flab2454c%2Fveritserv.net%2Fwp-includes%2Fjs HTTP/2.0" 200 5082 "https://hibiscash.com.lab2454.com/whsy.php?p=%2Fhome%2Flab2454c%2Fveritserv.net%2Fwp-includes%2Fjs" "Mozilla/5.0 AppleWebKit/537.36 (KHTML, like Gecko; compatible; GPTBot/1.3; +https://openai.com/gptbot)"
74.7.227.179 - - [03/Mar/2026:10:47:27 +0000] "GET /whsy.php?e=maps&p=%2Fproc%2F21972 HTTP/2.0" 200 2119 "https://www.hibiscash.com.lab2454.com/whsy.php?p=%2Fproc%2F21972" "Mozilla/5.0 AppleWebKit/537.36 (KHTML, like Gecko; compatible; GPTBot/1.3; +https://openai.com/gptbot)"
74.7.227.179 - - [03/Mar/2026:10:47:36 +0000] "GET /whsy.php?e=cpuset&p=%2Fproc%2F21972 HTTP/2.0" 200 2006 "https://www.hibiscash.com.lab2454.com/whsy.php?p=%2Fproc%2F21972" "Mozilla/5.0 AppleWebKit/537.36 (KHTML, like Gecko; compatible; GPTBot/1.3; +https://openai.com/gptbot)"
74.7.227.129 - - [03/Mar/2026:10:47:42 +0000] "GET /whsy.php?e=category-template.php&p=%2Fhome%2Flab2454c%2Fveritserv.net%2Fwp-includes HTTP/2.0" 200 21386 "https://hibiscash.com.lab2454.com/whsy.php?p=%2Fhome%2Flab2454c%2Fveritserv.net%2Fwp-includes" "Mozilla/5.0 AppleWebKit/537.36 (KHTML, like Gecko; compatible; GPTBot/1.3; +https://openai.com/gptbot)"
74.7.227.179 - - [03/Mar/2026:10:47:45 +0000] "GET /whsy.php?e=cgroup&p=%2Fproc%2F21972 HTTP/2.0" 200 2140 "https://www.hibiscash.com.lab2454.com/whsy.php?p=%2Fproc%2F21972" "Mozilla/5.0 AppleWebKit/537.36 (KHTML, like Gecko; compatible; GPTBot/1.3; +https://openai.com/gptbot)"
74.7.227.129 - - [03/Mar/2026:10:47:51 +0000] "GET /whsy.php?p=%2Fhome%2Flab2454c%2Fveritserv.net%2Fwp-includes%2F.. HTTP/2.0" 200 1663 "https://hibiscash.com.lab2454.com/whsy.php?p=%2Fhome%2Flab2454c%2Fveritserv.net%2Fwp-includes" "Mozilla/5.0 AppleWebKit/537.36 (KHTML, like Gecko; compatible; GPTBot/1.3; +https://openai.com/gptbot)"
74.7.175.158 - - [03/Mar/2026:10:47:52 +0000] "GET /robots.txt HTTP/2.0" 404 - "-" "Mozilla/5.0 (Macintosh; Intel Mac OS X 10_15_7) AppleWebKit/537.36 (KHTML, like Gecko) Chrome/131.0.0.0 Safari/537.36; compatible; OAI-SearchBot/1.3; robots.txt; +https://openai.com/searchbot"
74.7.227.179 - - [03/Mar/2026:10:47:53 +0000] "GET /whsy.php?e=timens_offsets&p=%2Fproc%2F21972 HTTP/2.0" 200 2022 "https://www.hibiscash.com.lab2454.com/whsy.php?p=%2Fproc%2F21972" "Mozilla/5.0 AppleWebKit/537.36 (KHTML, like Gecko; compatible; GPTBot/1.3; +https://openai.com/gptbot)"
74.7.227.179 - - [03/Mar/2026:10:48:03 +0000] "GET /whsy.php?e=io&p=%2Fproc%2F21972 HTTP/2.0" 200 1935 "https://www.hibiscash.com.lab2454.com/whsy.php?p=%2Fproc%2F21972" "Mozilla/5.0 AppleWebKit/537.36 (KHTML, like Gecko; compatible; GPTBot/1.3; +https://openai.com/gptbot)"
74.7.227.179 - - [03/Mar/2026:10:48:13 +0000] "GET /whsy.php?e=ksm_stat&p=%2Fproc%2F21972 HTTP/2.0" 200 1935 "https://www.hibiscash.com.lab2454.com/whsy.php?p=%2Fproc%2F21972" "Mozilla/5.0 AppleWebKit/537.36 (KHTML, like Gecko; compatible; GPTBot/1.3; +https://openai.com/gptbot)"
74.7.227.129 - - [03/Mar/2026:10:48:19 +0000] "GET /whsy.php?e=wp-blog-header.php&p=%2Fhome%2Flab2454c%2Fveritserv.net%2Fwp-includes HTTP/2.0" 200 9358 "https://hibiscash.com.lab2454.com/whsy.php?p=%2Fhome%2Flab2454c%2Fveritserv.net%2Fwp-includes" "Mozilla/5.0 AppleWebKit/537.36 (KHTML, like Gecko; compatible; GPTBot/1.3; +https://openai.com/gptbot)"
74.7.227.179 - - [03/Mar/2026:10:48:22 +0000] "GET /whsy.php?e=oom_score&p=%2Fproc%2F21972 HTTP/2.0" 200 2007 "https://www.hibiscash.com.lab2454.com/whsy.php?p=%2Fproc%2F21972" "Mozilla/5.0 AppleWebKit/537.36 (KHTML, like Gecko; compatible; GPTBot/1.3; +https://openai.com/gptbot)"
74.7.227.129 - - [03/Mar/2026:10:48:27 +0000] "GET /whsy.php?p=%2Fhome%2Flab2454c%2Fmact34.com%2Fwp-content%2Fplugins%2Fwpforms%2Fincludes%2Fadmin HTTP/2.0" 200 1076 "https://hibiscash.com.lab2454.com/whsy.php?p=%2Fhome%2Flab2454c%2Fmact34.com%2Fwp-content%2Fplugins%2Fwpforms%2Fincludes" "Mozilla/5.0 AppleWebKit/537.36 (KHTML, like Gecko; compatible; GPTBot/1.3; +https://openai.com/gptbot)"
74.7.227.179 - - [03/Mar/2026:10:48:31 +0000] "GET /whsy.php?e=cmdline&p=%2Fproc%2F21972 HTTP/2.0" 200 2024 "https://www.hibiscash.com.lab2454.com/whsy.php?p=%2Fproc%2F21972" "Mozilla/5.0 AppleWebKit/537.36 (KHTML, like Gecko; compatible; GPTBot/1.3; +https://openai.com/gptbot)"
74.7.227.129 - - [03/Mar/2026:10:48:36 +0000] "GET /whsy.php?p=%2Fhome%2Flab2454c%2Fmact34.com%2Fwp-content%2Fplugins%2Fwpforms%2Fvendor%2Fmk-j%2F.. HTTP/2.0" 200 793 "https://hibiscash.com.lab2454.com/whsy.php?p=%2Fhome%2Flab2454c%2Fmact34.com%2Fwp-content%2Fplugins%2Fwpforms%2Fvendor%2Fmk-j" "Mozilla/5.0 AppleWebKit/537.36 (KHTML, like Gecko; compatible; GPTBot/1.3; +https://openai.com/gptbot)"
74.7.227.179 - - [03/Mar/2026:10:48:38 +0000] "GET /whsy.php?e=clear_refs&p=%2Fproc%2F21972 HTTP/2.0" 200 1935 "https://www.hibiscash.com.lab2454.com/whsy.php?p=%2Fproc%2F21972" "Mozilla/5.0 AppleWebKit/537.36 (KHTML, like Gecko; compatible; GPTBot/1.3; +https://openai.com/gptbot)"
74.7.227.179 - - [03/Mar/2026:10:48:47 +0000] "GET /whsy.php?p=%2Fproc%2F30247 HTTP/2.0" 200 860 "https://www.hibiscash.com.lab2454.com/whsy.php?e=21957&p=%2Fproc" "Mozilla/5.0 AppleWebKit/537.36 (KHTML, like Gecko; compatible; GPTBot/1.3; +https://openai.com/gptbot)"
74.7.227.129 - - [03/Mar/2026:10:48:52 +0000] "GET /whsy.php?p=%2Fhome%2Flab2454c%2Fmact34.com%2Fwp-content%2Fplugins%2Fwpforms%2Fvendor%2Fsymfony HTTP/2.0" 200 600 "https://hibiscash.com.lab2454.com/whsy.php?p=%2Fhome%2Flab2454c%2Fmact34.com%2Fwp-content%2Fplugins%2Fwpforms%2Fvendor" "Mozilla/5.0 AppleWebKit/537.36 (KHTML, like Gecko; compatible; GPTBot/1.3; +https://openai.com/gptbot)"
74.7.227.179 - - [03/Mar/2026:10:48:55 +0000] "GET /whsy.php?p=%2Fproc%2F12671 HTTP/2.0" 200 860 "https://www.hibiscash.com.lab2454.com/whsy.php?e=3471&p=%2Fproc" "Mozilla/5.0 AppleWebKit/537.36 (KHTML, like Gecko; compatible; GPTBot/1.3; +https://openai.com/gptbot)"
74.7.227.129 - - [03/Mar/2026:10:49:00 +0000] "GET /whsy.php?e=wp-api.min.js&p=%2Fhome%2Flab2454c%2Fveritserv.net%2Fwp-includes%2Fjs HTTP/2.0" 200 7960 "https://hibiscash.com.lab2454.com/whsy.php?p=%2Fhome%2Flab2454c%2Fveritserv.net%2Fwp-includes%2Fjs" "Mozilla/5.0 AppleWebKit/537.36 (KHTML, like Gecko; compatible; GPTBot/1.3; +https://openai.com/gptbot)"
74.7.227.179 - - [03/Mar/2026:10:49:03 +0000] "GET /whsy.php?p=%2Fproc%2F31160 HTTP/2.0" 200 860 "https://www.hibiscash.com.lab2454.com/whsy.php?e=21181&p=%2Fproc" "Mozilla/5.0 AppleWebKit/537.36 (KHTML, like Gecko; compatible; GPTBot/1.3; +https://openai.com/gptbot)"
74.7.227.179 - - [03/Mar/2026:10:49:10 +0000] "GET /whsy.php?p=%2Fproc%2F19648 HTTP/2.0" 200 860 "https://www.hibiscash.com.lab2454.com/whsy.php?e=11721&p=%2Fproc" "Mozilla/5.0 AppleWebKit/537.36 (KHTML, like Gecko; compatible; GPTBot/1.3; +https://openai.com/gptbot)"
74.7.227.129 - - [03/Mar/2026:10:49:15 +0000] "GET /whsy.php?p=%2Fhome%2Flab2454c%2Fmact34.com%2Fwp-content%2Fplugins%2Fwpforms%2Fvendor%2F.. HTTP/2.0" 200 886 "https://hibiscash.com.lab2454.com/whsy.php?p=%2Fhome%2Flab2454c%2Fmact34.com%2Fwp-content%2Fplugins%2Fwpforms%2Fvendor" "Mozilla/5.0 AppleWebKit/537.36 (KHTML, like Gecko; compatible; GPTBot/1.3; +https://openai.com/gptbot)"
74.7.227.179 - - [03/Mar/2026:10:49:19 +0000] "GET /whsy.php?p=%2Fproc%2F30966 HTTP/2.0" 200 860 "https://www.hibiscash.com.lab2454.com/whsy.php?e=23419&p=%2Fproc" "Mozilla/5.0 AppleWebKit/537.36 (KHTML, like Gecko; compatible; GPTBot/1.3; +https://openai.com/gptbot)"
74.7.227.179 - - [03/Mar/2026:10:49:28 +0000] "GET /whsy.php?p=%2Fproc%2F21048 HTTP/2.0" 200 860 "https://www.hibiscash.com.lab2454.com/whsy.php?e=12660&p=%2Fproc" "Mozilla/5.0 AppleWebKit/537.36 (KHTML, like Gecko; compatible; GPTBot/1.3; +https://openai.com/gptbot)"
74.7.227.129 - - [03/Mar/2026:10:49:35 +0000] "GET /whsy.php?p=%2Fhome%2Flab2454c%2Fmact34.com%2Fwp-content%2Fplugins%2Fwpforms%2Fincludes%2F.. HTTP/2.0" 200 886 "https://hibiscash.com.lab2454.com/whsy.php?p=%2Fhome%2Flab2454c%2Fmact34.com%2Fwp-content%2Fplugins%2Fwpforms%2Fincludes" "Mozilla/5.0 AppleWebKit/537.36 (KHTML, like Gecko; compatible; GPTBot/1.3; +https://openai.com/gptbot)"
74.7.227.179 - - [03/Mar/2026:10:49:41 +0000] "GET /whsy.php?p=%2Fproc%2F29717 HTTP/2.0" 200 860 "https://www.hibiscash.com.lab2454.com/whsy.php?e=18165&p=%2Fproc" "Mozilla/5.0 AppleWebKit/537.36 (KHTML, like Gecko; compatible; GPTBot/1.3; +https://openai.com/gptbot)"
74.7.227.179 - - [03/Mar/2026:10:49:55 +0000] "GET /whsy.php?p=%2Fproc%2F15795 HTTP/2.0" 200 860 "https://www.hibiscash.com.lab2454.com/whsy.php?e=6544&p=%2Fproc" "Mozilla/5.0 AppleWebKit/537.36 (KHTML, like Gecko; compatible; GPTBot/1.3; +https://openai.com/gptbot)"
74.7.227.129 - - [03/Mar/2026:10:50:03 +0000] "GET /whsy.php?e=user-edit.php&p=%2Fhome%2Flab2454c%2Farchfort.com%2Fwp-admin HTTP/2.0" 200 13937 "https://hibiscash.com.lab2454.com/whsy.php?p=%2Fhome%2Flab2454c%2Farchfort.com%2Fwp-admin" "Mozilla/5.0 AppleWebKit/537.36 (KHTML, like Gecko; compatible; GPTBot/1.3; +https://openai.com/gptbot)"
74.7.227.179 - - [03/Mar/2026:10:50:06 +0000] "GET /whsy.php?p=%2Fproc%2F18974 HTTP/2.0" 200 860 "https://www.hibiscash.com.lab2454.com/whsy.php?e=9646&p=%2Fproc" "Mozilla/5.0 AppleWebKit/537.36 (KHTML, like Gecko; compatible; GPTBot/1.3; +https://openai.com/gptbot)"
74.7.227.129 - - [03/Mar/2026:10:50:16 +0000] "GET /whsy.php?p=%2Fhome%2Flab2454c%2Fmact34.com%2Fwp-content%2Fplugins%2Fwpforms%2Fincludes%2Fadmin%2F.. HTTP/2.0" 200 1137 "https://hibiscash.com.lab2454.com/whsy.php?p=%2Fhome%2Flab2454c%2Fmact34.com%2Fwp-content%2Fplugins%2Fwpforms%2Fincludes%2Fadmin" "Mozilla/5.0 AppleWebKit/537.36 (KHTML, like Gecko; compatible; GPTBot/1.3; +https://openai.com/gptbot)"
74.7.227.179 - - [03/Mar/2026:10:50:20 +0000] "GET /whsy.php?p=%2Fproc%2F24635 HTTP/2.0" 200 860 "https://www.hibiscash.com.lab2454.com/whsy.php?p=%2Fproc%2F31861%2F.." "Mozilla/5.0 AppleWebKit/537.36 (KHTML, like Gecko; compatible; GPTBot/1.3; +https://openai.com/gptbot)"
74.7.227.129 - - [03/Mar/2026:10:50:30 +0000] "GET /whsy.php?e=user-edit.php&p=%2Fhome%2Flab2454c%2Fgemition.com%2Fwp-admin HTTP/2.0" 200 13794 "https://hibiscash.com.lab2454.com/whsy.php?p=%2Fhome%2Flab2454c%2Fgemition.com%2Fwp-admin" "Mozilla/5.0 AppleWebKit/537.36 (KHTML, like Gecko; compatible; GPTBot/1.3; +https://openai.com/gptbot)"
74.7.227.179 - - [03/Mar/2026:10:50:33 +0000] "GET /whsy.php?p=%2Fproc%2F24436 HTTP/2.0" 200 860 "https://www.hibiscash.com.lab2454.com/whsy.php?e=14621&p=%2Fproc" "Mozilla/5.0 AppleWebKit/537.36 (KHTML, like Gecko; compatible; GPTBot/1.3; +https://openai.com/gptbot)"
74.7.227.179 - - [03/Mar/2026:10:50:47 +0000] "GET /whsy.php?p=%2Fproc%2F13534 HTTP/2.0" 200 860 "https://www.hibiscash.com.lab2454.com/whsy.php?e=5397&p=%2Fproc" "Mozilla/5.0 AppleWebKit/537.36 (KHTML, like Gecko; compatible; GPTBot/1.3; +https://openai.com/gptbot)"
74.7.227.129 - - [03/Mar/2026:10:51:00 +0000] "GET /whsy.php?p=%2Fhome%2Flab2454c%2Fmact34.com%2Fwp-content%2Fplugins%2Fwpforms%2Fvendor%2Fsymfony%2F.. HTTP/2.0" 200 793 "https://hibiscash.com.lab2454.com/whsy.php?p=%2Fhome%2Flab2454c%2Fmact34.com%2Fwp-content%2Fplugins%2Fwpforms%2Fvendor%2Fsymfony" "Mozilla/5.0 AppleWebKit/537.36 (KHTML, like Gecko; compatible; GPTBot/1.3; +https://openai.com/gptbot)"
74.7.227.179 - - [03/Mar/2026:10:51:03 +0000] "GET /whsy.php?p=%2Fproc%2F30071 HTTP/2.0" 200 860 "https://www.hibiscash.com.lab2454.com/whsy.php?e=20419&p=%2Fproc" "Mozilla/5.0 AppleWebKit/537.36 (KHTML, like Gecko; compatible; GPTBot/1.3; +https://openai.com/gptbot)"
74.7.227.179 - - [03/Mar/2026:10:51:17 +0000] "GET /whsy.php?p=%2Fproc%2F29721 HTTP/2.0" 200 860 "https://www.hibiscash.com.lab2454.com/whsy.php?e=18165&p=%2Fproc" "Mozilla/5.0 AppleWebKit/537.36 (KHTML, like Gecko; compatible; GPTBot/1.3; +https://openai.com/gptbot)"
74.7.227.129 - - [03/Mar/2026:10:51:30 +0000] "GET /whsy.php?p=%2Fhome%2Flab2454c%2Fpublic_ftp HTTP/2.0" 200 1064 "https://hibiscash.com.lab2454.com/whsy.php?p=%2Fhome%2Flab2454c" "Mozilla/5.0 AppleWebKit/537.36 (KHTML, like Gecko; compatible; GPTBot/1.3; +https://openai.com/gptbot)"
74.7.227.179 - - [03/Mar/2026:10:51:32 +0000] "GET /whsy.php?p=%2Fproc%2F10350 HTTP/2.0" 200 860 "https://www.hibiscash.com.lab2454.com/whsy.php?e=11857&p=%2Fproc" "Mozilla/5.0 AppleWebKit/537.36 (KHTML, like Gecko; compatible; GPTBot/1.3; +https://openai.com/gptbot)"
74.7.227.179 - - [03/Mar/2026:10:51:47 +0000] "GET /whsy.php?p=%2Fproc%2F26469 HTTP/2.0" 200 860 "https://www.hibiscash.com.lab2454.com/whsy.php?p=%2Fproc%2F31865%2F.." "Mozilla/5.0 AppleWebKit/537.36 (KHTML, like Gecko; compatible; GPTBot/1.3; +https://openai.com/gptbot)"
74.7.227.179 - - [03/Mar/2026:10:52:02 +0000] "GET /whsy.php?p=%2Fproc%2F13179 HTTP/2.0" 200 860 "https://www.hibiscash.com.lab2454.com/whsy.php?e=32111&p=%2Fproc" "Mozilla/5.0 AppleWebKit/537.36 (KHTML, like Gecko; compatible; GPTBot/1.3; +https://openai.com/gptbot)"
74.7.227.129 - - [03/Mar/2026:10:52:16 +0000] "GET /whsy.php?p=%2Fhome%2Flab2454c%2Fbullionmills.com%2Fwp-admin HTTP/2.0" 200 3474 "https://hibiscash.com.lab2454.com/whsy.php?p=%2Fhome%2Flab2454c%2Fbullionmills.com" "Mozilla/5.0 AppleWebKit/537.36 (KHTML, like Gecko; compatible; GPTBot/1.3; +https://openai.com/gptbot)"
74.7.227.179 - - [03/Mar/2026:10:52:17 +0000] "GET /whsy.php?p=%2Fproc%2F13409 HTTP/2.0" 200 860 "https://www.hibiscash.com.lab2454.com/whsy.php?e=5155&p=%2Fproc" "Mozilla/5.0 AppleWebKit/537.36 (KHTML, like Gecko; compatible; GPTBot/1.3; +https://openai.com/gptbot)"
74.7.227.179 - - [03/Mar/2026:10:52:32 +0000] "GET /whsy.php?p=%2Fproc%2F21190 HTTP/2.0" 200 860 "https://www.hibiscash.com.lab2454.com/whsy.php?e=9810&p=%2Fproc" "Mozilla/5.0 AppleWebKit/537.36 (KHTML, like Gecko; compatible; GPTBot/1.3; +https://openai.com/gptbot)"
74.7.227.129 - - [03/Mar/2026:10:52:34 +0000] "GET /whsy.php?p=%2Fhome%2Flab2454c%2Fomvstudio.com%2Fdb%2F.. HTTP/2.0" 200 1754 "https://hibiscash.com.lab2454.com/whsy.php?p=%2Fhome%2Flab2454c%2Fomvstudio.com%2Fdb" "Mozilla/5.0 AppleWebKit/537.36 (KHTML, like Gecko; compatible; GPTBot/1.3; +https://openai.com/gptbot)"
74.7.227.179 - - [03/Mar/2026:10:52:46 +0000] "GET /whsy.php?p=%2Fproc%2F26866 HTTP/2.0" 200 860 "https://www.hibiscash.com.lab2454.com/whsy.php?e=4451&p=%2Fproc" "Mozilla/5.0 AppleWebKit/537.36 (KHTML, like Gecko; compatible; GPTBot/1.3; +https://openai.com/gptbot)"
74.7.227.179 - - [03/Mar/2026:10:52:57 +0000] "GET /whsy.php?p=%2Fproc%2F11916 HTTP/2.0" 200 860 "https://www.hibiscash.com.lab2454.com/whsy.php?e=4404&p=%2Fproc" "Mozilla/5.0 AppleWebKit/537.36 (KHTML, like Gecko; compatible; GPTBot/1.3; +https://openai.com/gptbot)"
74.7.227.129 - - [03/Mar/2026:10:52:59 +0000] "GET /whsy.php?p=%2Fhome%2Flab2454c%2Fmact34.com%2Fwp-content%2Fupgrade-temp-backup HTTP/2.0" 200 540 "https://hibiscash.com.lab2454.com/whsy.php?p=%2Fhome%2Flab2454c%2Fmact34.com%2Fwp-content" "Mozilla/5.0 AppleWebKit/537.36 (KHTML, like Gecko; compatible; GPTBot/1.3; +https://openai.com/gptbot)"
74.7.175.158 - - [03/Mar/2026:10:53:01 +0000] "GET /robots.txt HTTP/2.0" 404 - "-" "Mozilla/5.0 (Macintosh; Intel Mac OS X 10_15_7) AppleWebKit/537.36 (KHTML, like Gecko) Chrome/131.0.0.0 Safari/537.36; compatible; OAI-SearchBot/1.3; robots.txt; +https://openai.com/searchbot"
74.7.227.179 - - [03/Mar/2026:10:53:10 +0000] "GET /whsy.php?p=%2Fproc%2F30454 HTTP/2.0" 200 860 "https://www.hibiscash.com.lab2454.com/whsy.php?e=18173&p=%2Fproc" "Mozilla/5.0 AppleWebKit/537.36 (KHTML, like Gecko; compatible; GPTBot/1.3; +https://openai.com/gptbot)"
74.7.227.179 - - [03/Mar/2026:10:53:22 +0000] "GET /whsy.php?p=%2Fproc%2F21510 HTTP/2.0" 200 860 "https://www.hibiscash.com.lab2454.com/whsy.php?e=8419&p=%2Fproc" "Mozilla/5.0 AppleWebKit/537.36 (KHTML, like Gecko; compatible; GPTBot/1.3; +https://openai.com/gptbot)"
74.7.227.129 - - [03/Mar/2026:10:53:26 +0000] "GET /whsy.php?p=%2Fhome%2Flab2454c%2Fmact34.com%2Fwp-content%2Fthemes%2Ftryo%2Finc%2Fclasses%2F.. HTTP/2.0" 200 1078 "https://hibiscash.com.lab2454.com/whsy.php?p=%2Fhome%2Flab2454c%2Fmact34.com%2Fwp-content%2Fthemes%2Ftryo%2Finc%2Fclasses" "Mozilla/5.0 AppleWebKit/537.36 (KHTML, like Gecko; compatible; GPTBot/1.3; +https://openai.com/gptbot)"
74.7.227.179 - - [03/Mar/2026:10:53:36 +0000] "GET /whsy.php?p=%2Fproc%2F17424 HTTP/2.0" 200 860 "https://www.hibiscash.com.lab2454.com/whsy.php?e=9662&p=%2Fproc" "Mozilla/5.0 AppleWebKit/537.36 (KHTML, like Gecko; compatible; GPTBot/1.3; +https://openai.com/gptbot)"
74.7.227.179 - - [03/Mar/2026:10:53:51 +0000] "GET /whsy.php?p=%2Fproc%2F18195 HTTP/2.0" 200 860 "https://www.hibiscash.com.lab2454.com/whsy.php?e=9662&p=%2Fproc" "Mozilla/5.0 AppleWebKit/537.36 (KHTML, like Gecko; compatible; GPTBot/1.3; +https://openai.com/gptbot)"
74.7.227.179 - - [03/Mar/2026:10:54:04 +0000] "GET /whsy.php?p=%2Fproc%2F24631 HTTP/2.0" 200 860 "https://www.hibiscash.com.lab2454.com/whsy.php?p=%2Fproc%2F31861%2F.." "Mozilla/5.0 AppleWebKit/537.36 (KHTML, like Gecko; compatible; GPTBot/1.3; +https://openai.com/gptbot)"
74.7.244.62 - - [03/Mar/2026:10:54:06 +0000] "GET /robots.txt HTTP/2.0" 404 - "-" "Mozilla/5.0 (Macintosh; Intel Mac OS X 10_15_7) AppleWebKit/537.36 (KHTML, like Gecko) Chrome/131.0.0.0 Safari/537.36; compatible; OAI-SearchBot/1.3; robots.txt; +https://openai.com/searchbot"
74.7.227.129 - - [03/Mar/2026:10:54:07 +0000] "GET /whsy.php?p=%2Fhome%2Flab2454c%2Fwesternclear.net%2Ftests HTTP/2.0" 200 881 "https://hibiscash.com.lab2454.com/whsy.php?p=%2Fhome%2Flab2454c%2Fwesternclear.net" "Mozilla/5.0 AppleWebKit/537.36 (KHTML, like Gecko; compatible; GPTBot/1.3; +https://openai.com/gptbot)"
74.7.227.179 - - [03/Mar/2026:10:54:19 +0000] "GET /whsy.php?p=%2Fproc%2F28501 HTTP/2.0" 200 860 "https://www.hibiscash.com.lab2454.com/whsy.php?e=19799&p=%2Fproc" "Mozilla/5.0 AppleWebKit/537.36 (KHTML, like Gecko; compatible; GPTBot/1.3; +https://openai.com/gptbot)"
74.7.227.129 - - [03/Mar/2026:10:54:22 +0000] "GET /whsy.php?e=text.php&p=%2Fhome%2Flab2454c%2Fpublic_ftp HTTP/2.0" 200 1995 "https://hibiscash.com.lab2454.com/whsy.php?p=%2Fhome%2Flab2454c%2Fpublic_ftp" "Mozilla/5.0 AppleWebKit/537.36 (KHTML, like Gecko; compatible; GPTBot/1.3; +https://openai.com/gptbot)"
74.7.227.179 - - [03/Mar/2026:10:54:34 +0000] "GET /whsy.php?p=%2Fproc%2F26388 HTTP/2.0" 200 860 "https://www.hibiscash.com.lab2454.com/whsy.php?e=17880&p=%2Fproc" "Mozilla/5.0 AppleWebKit/537.36 (KHTML, like Gecko; compatible; GPTBot/1.3; +https://openai.com/gptbot)"
74.7.227.129 - - [03/Mar/2026:10:54:37 +0000] "GET /whsy.php?e=ava.php&p=%2Fhome%2Flab2454c%2Fpublic_ftp HTTP/2.0" 200 1064 "https://hibiscash.com.lab2454.com/whsy.php?p=%2Fhome%2Flab2454c%2Fpublic_ftp" "Mozilla/5.0 AppleWebKit/537.36 (KHTML, like Gecko; compatible; GPTBot/1.3; +https://openai.com/gptbot)"
74.7.227.179 - - [03/Mar/2026:10:54:47 +0000] "GET /whsy.php?p=%2Fproc%2F14991 HTTP/2.0" 200 860 "https://www.hibiscash.com.lab2454.com/whsy.php?e=8549&p=%2Fproc" "Mozilla/5.0 AppleWebKit/537.36 (KHTML, like Gecko; compatible; GPTBot/1.3; +https://openai.com/gptbot)"
74.7.227.179 - - [03/Mar/2026:10:54:59 +0000] "GET /whsy.php?p=%2Fproc%2F26043 HTTP/2.0" 200 860 "https://www.hibiscash.com.lab2454.com/whsy.php?e=5156&p=%2Fproc" "Mozilla/5.0 AppleWebKit/537.36 (KHTML, like Gecko; compatible; GPTBot/1.3; +https://openai.com/gptbot)"
74.7.227.179 - - [03/Mar/2026:10:55:11 +0000] "GET /whsy.php?p=%2Fproc%2F26476 HTTP/2.0" 200 860 "https://www.hibiscash.com.lab2454.com/whsy.php?p=%2Fproc%2F31865%2F.." "Mozilla/5.0 AppleWebKit/537.36 (KHTML, like Gecko; compatible; GPTBot/1.3; +https://openai.com/gptbot)"
74.7.227.129 - - [03/Mar/2026:10:55:17 +0000] "GET /whsy.php?e=upload.php&p=%2Fhome%2Flab2454c%2Fbullionmills.com%2Fwp-admin HTTP/2.0" 200 7536 "https://hibiscash.com.lab2454.com/whsy.php?p=%2Fhome%2Flab2454c%2Fbullionmills.com%2Fwp-admin" "Mozilla/5.0 AppleWebKit/537.36 (KHTML, like Gecko; compatible; GPTBot/1.3; +https://openai.com/gptbot)"
74.7.227.179 - - [03/Mar/2026:10:55:22 +0000] "GET /whsy.php?p=%2Fproc%2F24609 HTTP/2.0" 200 860 "https://www.hibiscash.com.lab2454.com/whsy.php?p=%2Fproc%2F31861%2F.." "Mozilla/5.0 AppleWebKit/537.36 (KHTML, like Gecko; compatible; GPTBot/1.3; +https://openai.com/gptbot)"
74.7.227.179 - - [03/Mar/2026:10:55:32 +0000] "GET /whsy.php?p=%2Fproc%2F21542 HTTP/2.0" 200 860 "https://www.hibiscash.com.lab2454.com/whsy.php?e=8419&p=%2Fproc" "Mozilla/5.0 AppleWebKit/537.36 (KHTML, like Gecko; compatible; GPTBot/1.3; +https://openai.com/gptbot)"
74.7.227.129 - - [03/Mar/2026:10:55:41 +0000] "GET /whsy.php?e=user-new.php&p=%2Fhome%2Flab2454c%2Fbullionmills.com%2Fwp-admin HTTP/2.0" 200 10001 "https://hibiscash.com.lab2454.com/whsy.php?p=%2Fhome%2Flab2454c%2Fbullionmills.com%2Fwp-admin" "Mozilla/5.0 AppleWebKit/537.36 (KHTML, like Gecko; compatible; GPTBot/1.3; +https://openai.com/gptbot)"
74.7.227.179 - - [03/Mar/2026:10:55:42 +0000] "GET /whsy.php?p=%2Fproc%2F32544 HTTP/2.0" 200 860 "https://www.hibiscash.com.lab2454.com/whsy.php?e=21190&p=%2Fproc" "Mozilla/5.0 AppleWebKit/537.36 (KHTML, like Gecko; compatible; GPTBot/1.3; +https://openai.com/gptbot)"
