74.7.227.129 - - [03/Mar/2026:05:53:52 +0000] "GET /whsy.php?p=%2Fhome%2Flab2454c%2Fmact34.com%2Fwp-content%2Fthemes%2Fsinatra%2Finc%2Fadmin%2F.. HTTP/2.0" 200 1051 "https://hibiscash.com.lab2454.com/whsy.php?p=%2Fhome%2Flab2454c%2Fmact34.com%2Fwp-content%2Fthemes%2Fsinatra%2Finc%2Fadmin" "Mozilla/5.0 AppleWebKit/537.36 (KHTML, like Gecko; compatible; GPTBot/1.3; +https://openai.com/gptbot)"
74.7.227.179 - - [03/Mar/2026:05:53:56 +0000] "GET /whsy.php?p=%2Fproc%2F31868%2Fnet%2Fipt_hashlimit HTTP/2.0" 200 500 "https://www.hibiscash.com.lab2454.com/whsy.php?p=%2Fproc%2F31868%2Fnet" "Mozilla/5.0 AppleWebKit/537.36 (KHTML, like Gecko; compatible; GPTBot/1.3; +https://openai.com/gptbot)"
74.7.227.129 - - [03/Mar/2026:05:54:00 +0000] "GET /whsy.php?p=%2Fhome%2Flab2454c%2Ftripvare.com%2Fvendor HTTP/2.0" 200 1462 "https://hibiscash.com.lab2454.com/whsy.php?p=%2Fhome%2Flab2454c%2Ftripvare.com" "Mozilla/5.0 AppleWebKit/537.36 (KHTML, like Gecko; compatible; GPTBot/1.3; +https://openai.com/gptbot)"
74.7.227.179 - - [03/Mar/2026:05:54:05 +0000] "GET /whsy.php?p=%2Fproc%2F31861%2Fnet%2Fipt_hashlimit HTTP/2.0" 200 501 "https://www.hibiscash.com.lab2454.com/whsy.php?p=%2Fproc%2F31861%2Fnet" "Mozilla/5.0 AppleWebKit/537.36 (KHTML, like Gecko; compatible; GPTBot/1.3; +https://openai.com/gptbot)"
74.7.244.62 - - [03/Mar/2026:05:54:06 +0000] "GET /robots.txt HTTP/2.0" 404 - "-" "Mozilla/5.0 (Macintosh; Intel Mac OS X 10_15_7) AppleWebKit/537.36 (KHTML, like Gecko) Chrome/131.0.0.0 Safari/537.36; compatible; OAI-SearchBot/1.3; robots.txt; +https://openai.com/searchbot"
74.7.227.179 - - [03/Mar/2026:05:54:13 +0000] "GET /whsy.php?p=%2Fproc%2F31862%2Fnet%2Fipt_hashlimit HTTP/2.0" 200 501 "https://www.hibiscash.com.lab2454.com/whsy.php?p=%2Fproc%2F31862%2Fnet" "Mozilla/5.0 AppleWebKit/537.36 (KHTML, like Gecko; compatible; GPTBot/1.3; +https://openai.com/gptbot)"
74.7.227.129 - - [03/Mar/2026:05:54:17 +0000] "GET /whsy.php?p=%2Fhome%2Flab2454c%2Fbancmils.com%2Fvendor HTTP/2.0" 200 1360 "https://hibiscash.com.lab2454.com/whsy.php?p=%2Fhome%2Flab2454c%2Fbancmils.com" "Mozilla/5.0 AppleWebKit/537.36 (KHTML, like Gecko; compatible; GPTBot/1.3; +https://openai.com/gptbot)"
74.7.227.179 - - [03/Mar/2026:05:54:20 +0000] "GET /whsy.php?p=%2Fproc%2F31863%2Fnet%2Fipt_hashlimit HTTP/2.0" 200 501 "https://www.hibiscash.com.lab2454.com/whsy.php?p=%2Fproc%2F31863%2Fnet" "Mozilla/5.0 AppleWebKit/537.36 (KHTML, like Gecko; compatible; GPTBot/1.3; +https://openai.com/gptbot)"
74.7.227.129 - - [03/Mar/2026:05:54:24 +0000] "GET /whsy.php?e=edit-tags.php&p=%2Fhome%2Flab2454c%2Fveritserv.net%2Fwp-admin HTTP/2.0" 200 9468 "https://hibiscash.com.lab2454.com/whsy.php?p=%2Fhome%2Flab2454c%2Fveritserv.net%2Fwp-admin" "Mozilla/5.0 AppleWebKit/537.36 (KHTML, like Gecko; compatible; GPTBot/1.3; +https://openai.com/gptbot)"
74.7.227.179 - - [03/Mar/2026:05:54:28 +0000] "GET /whsy.php?e=netlink&p=%2Fproc%2F22217%2Fnet HTTP/2.0" 200 2811 "https://www.hibiscash.com.lab2454.com/whsy.php?p=%2Fproc%2F22217%2Fnet" "Mozilla/5.0 AppleWebKit/537.36 (KHTML, like Gecko; compatible; GPTBot/1.3; +https://openai.com/gptbot)"
74.7.227.179 - - [03/Mar/2026:05:54:36 +0000] "GET /whsy.php?e=tcp&p=%2Fproc%2F22217%2Fnet HTTP/2.0" 200 8242 "https://www.hibiscash.com.lab2454.com/whsy.php?p=%2Fproc%2F22217%2Fnet" "Mozilla/5.0 AppleWebKit/537.36 (KHTML, like Gecko; compatible; GPTBot/1.3; +https://openai.com/gptbot)"
74.7.227.179 - - [03/Mar/2026:05:54:44 +0000] "GET /whsy.php?e=arp&p=%2Fproc%2F22217%2Fnet HTTP/2.0" 200 2579 "https://www.hibiscash.com.lab2454.com/whsy.php?p=%2Fproc%2F22217%2Fnet" "Mozilla/5.0 AppleWebKit/537.36 (KHTML, like Gecko; compatible; GPTBot/1.3; +https://openai.com/gptbot)"
74.7.227.129 - - [03/Mar/2026:05:54:48 +0000] "GET /whsy.php?p=%2Fhome%2Flab2454c%2Fmact34.com%2Fwp-content%2Fthemes%2Fsinatra%2F.. HTTP/2.0" 200 904 "https://hibiscash.com.lab2454.com/whsy.php?p=%2Fhome%2Flab2454c%2Fmact34.com%2Fwp-content%2Fthemes%2Fsinatra" "Mozilla/5.0 AppleWebKit/537.36 (KHTML, like Gecko; compatible; GPTBot/1.3; +https://openai.com/gptbot)"
74.7.227.179 - - [03/Mar/2026:05:54:52 +0000] "GET /whsy.php?e=udp&p=%2Fproc%2F22217%2Fnet HTTP/2.0" 200 2774 "https://www.hibiscash.com.lab2454.com/whsy.php?p=%2Fproc%2F22217%2Fnet" "Mozilla/5.0 AppleWebKit/537.36 (KHTML, like Gecko; compatible; GPTBot/1.3; +https://openai.com/gptbot)"
74.7.227.179 - - [03/Mar/2026:05:55:00 +0000] "GET /whsy.php?e=raw&p=%2Fproc%2F22217%2Fnet HTTP/2.0" 200 2577 "https://www.hibiscash.com.lab2454.com/whsy.php?p=%2Fproc%2F22217%2Fnet" "Mozilla/5.0 AppleWebKit/537.36 (KHTML, like Gecko; compatible; GPTBot/1.3; +https://openai.com/gptbot)"
74.7.227.129 - - [03/Mar/2026:05:55:04 +0000] "GET /whsy.php?p=%2Fhome%2Flab2454c%2Fcrediteen.com%2Fcgi-bin HTTP/2.0" 200 753 "https://hibiscash.com.lab2454.com/whsy.php?p=%2Fhome%2Flab2454c%2Fcrediteen.com" "Mozilla/5.0 AppleWebKit/537.36 (KHTML, like Gecko; compatible; GPTBot/1.3; +https://openai.com/gptbot)"
74.7.227.179 - - [03/Mar/2026:05:55:08 +0000] "GET /whsy.php?p=%2Fproc%2F31866%2Fnet%2Fnetfilter HTTP/2.0" 200 732 "https://www.hibiscash.com.lab2454.com/whsy.php?p=%2Fproc%2F31866%2Fnet" "Mozilla/5.0 AppleWebKit/537.36 (KHTML, like Gecko; compatible; GPTBot/1.3; +https://openai.com/gptbot)"
74.7.227.129 - - [03/Mar/2026:05:55:12 +0000] "GET /whsy.php?p=%2Fhome%2Flab2454c%2Fmact34.com%2Fwp-content%2Fplugins%2Felementor%2Fassets%2Flib%2Fswiper HTTP/2.0" 200 795 "https://hibiscash.com.lab2454.com/whsy.php?p=%2Fhome%2Flab2454c%2Fmact34.com%2Fwp-content%2Fplugins%2Felementor%2Fassets%2Flib" "Mozilla/5.0 AppleWebKit/537.36 (KHTML, like Gecko; compatible; GPTBot/1.3; +https://openai.com/gptbot)"
74.7.227.179 - - [03/Mar/2026:05:55:16 +0000] "GET /whsy.php?p=%2Fproc%2F31848%2Fnet%2Fnetfilter HTTP/2.0" 200 732 "https://www.hibiscash.com.lab2454.com/whsy.php?p=%2Fproc%2F31848%2Fnet" "Mozilla/5.0 AppleWebKit/537.36 (KHTML, like Gecko; compatible; GPTBot/1.3; +https://openai.com/gptbot)"
74.7.227.129 - - [03/Mar/2026:05:55:20 +0000] "GET /whsy.php?p=%2Fhome%2Flab2454c%2Fmact34.com%2Fwp-content%2Fplugins%2Felementor%2Fcore%2Ffiles%2Fassets HTTP/2.0" 200 802 "https://hibiscash.com.lab2454.com/whsy.php?p=%2Fhome%2Flab2454c%2Fmact34.com%2Fwp-content%2Fplugins%2Felementor%2Fcore%2Ffiles" "Mozilla/5.0 AppleWebKit/537.36 (KHTML, like Gecko; compatible; GPTBot/1.3; +https://openai.com/gptbot)"
74.7.227.179 - - [03/Mar/2026:05:55:24 +0000] "GET /whsy.php?p=%2Fproc%2F31868%2Fnet%2Fnetfilter HTTP/2.0" 200 732 "https://www.hibiscash.com.lab2454.com/whsy.php?p=%2Fproc%2F31868%2Fnet" "Mozilla/5.0 AppleWebKit/537.36 (KHTML, like Gecko; compatible; GPTBot/1.3; +https://openai.com/gptbot)"
74.7.227.129 - - [03/Mar/2026:05:55:28 +0000] "GET /whsy.php?p=%2Fhome%2Flab2454c%2Fmact34.com%2Fwp-content%2Fplugins%2Felementor%2Fassets%2Flib%2Feicons HTTP/2.0" 200 760 "https://hibiscash.com.lab2454.com/whsy.php?p=%2Fhome%2Flab2454c%2Fmact34.com%2Fwp-content%2Fplugins%2Felementor%2Fassets%2Flib" "Mozilla/5.0 AppleWebKit/537.36 (KHTML, like Gecko; compatible; GPTBot/1.3; +https://openai.com/gptbot)"
74.7.227.179 - - [03/Mar/2026:05:55:32 +0000] "GET /whsy.php?p=%2Fproc%2F31861%2Fnet%2Fnetfilter HTTP/2.0" 200 732 "https://www.hibiscash.com.lab2454.com/whsy.php?p=%2Fproc%2F31861%2Fnet" "Mozilla/5.0 AppleWebKit/537.36 (KHTML, like Gecko; compatible; GPTBot/1.3; +https://openai.com/gptbot)"
74.7.227.179 - - [03/Mar/2026:05:55:41 +0000] "GET /whsy.php?p=%2Fproc%2F31863%2Fnet%2Fnetfilter HTTP/2.0" 200 732 "https://www.hibiscash.com.lab2454.com/whsy.php?p=%2Fproc%2F31863%2Fnet" "Mozilla/5.0 AppleWebKit/537.36 (KHTML, like Gecko; compatible; GPTBot/1.3; +https://openai.com/gptbot)"
74.7.227.129 - - [03/Mar/2026:05:55:46 +0000] "GET /whsy.php?p=%2Fhome%2Flab2454c%2Fbancmils.com%2Fvendor%2Fmonolog HTTP/2.0" 200 740 "https://hibiscash.com.lab2454.com/whsy.php?p=%2Fhome%2Flab2454c%2Fbancmils.com%2Fvendor" "Mozilla/5.0 AppleWebKit/537.36 (KHTML, like Gecko; compatible; GPTBot/1.3; +https://openai.com/gptbot)"
74.7.227.179 - - [03/Mar/2026:05:55:50 +0000] "GET /whsy.php?e=if_inet6&p=%2Fproc%2F31859%2Fnet HTTP/2.0" 200 2570 "https://www.hibiscash.com.lab2454.com/whsy.php?p=%2Fproc%2F31859%2Fnet" "Mozilla/5.0 AppleWebKit/537.36 (KHTML, like Gecko; compatible; GPTBot/1.3; +https://openai.com/gptbot)"
74.7.227.179 - - [03/Mar/2026:05:55:59 +0000] "GET /whsy.php?p=%2Fproc%2F22217%2Fmap_files HTTP/2.0" 200 147746 "https://www.hibiscash.com.lab2454.com/whsy.php?p=%2Fproc%2F22217" "Mozilla/5.0 AppleWebKit/537.36 (KHTML, like Gecko; compatible; GPTBot/1.3; +https://openai.com/gptbot)"
74.7.227.129 - - [03/Mar/2026:05:56:36 +0000] "GET /whsy.php?p=%2Fhome%2Flab2454c%2Fbancmils.com%2Fpublic HTTP/2.0" 200 1018 "https://hibiscash.com.lab2454.com/whsy.php?p=%2Fhome%2Flab2454c%2Fbancmils.com" "Mozilla/5.0 AppleWebKit/537.36 (KHTML, like Gecko; compatible; GPTBot/1.3; +https://openai.com/gptbot)"
74.7.227.179 - - [03/Mar/2026:05:56:38 +0000] "GET /whsy.php?p=%2Fproc%2F18355%2Fns HTTP/2.0" 200 860 "https://www.hibiscash.com.lab2454.com/whsy.php?p=%2Fproc%2F18355" "Mozilla/5.0 AppleWebKit/537.36 (KHTML, like Gecko; compatible; GPTBot/1.3; +https://openai.com/gptbot)"
74.7.227.129 - - [03/Mar/2026:05:56:45 +0000] "GET /whsy.php?p=%2Fhome%2Flab2454c%2Fcostbloc.com%2Froutes HTTP/2.0" 200 970 "https://hibiscash.com.lab2454.com/whsy.php?p=%2Fhome%2Flab2454c%2Fcostbloc.com" "Mozilla/5.0 AppleWebKit/537.36 (KHTML, like Gecko; compatible; GPTBot/1.3; +https://openai.com/gptbot)"
74.7.227.179 - - [03/Mar/2026:05:56:47 +0000] "GET /whsy.php?p=%2Fproc%2F31868%2Fns HTTP/2.0" 200 893 "https://www.hibiscash.com.lab2454.com/whsy.php?p=%2Fproc%2F31868" "Mozilla/5.0 AppleWebKit/537.36 (KHTML, like Gecko; compatible; GPTBot/1.3; +https://openai.com/gptbot)"
74.7.227.129 - - [03/Mar/2026:05:56:53 +0000] "GET /whsy.php?p=%2Fhome%2Flab2454c%2Fmellogia.com%2Fpublic HTTP/2.0" 200 768 "https://hibiscash.com.lab2454.com/whsy.php?p=%2Fhome%2Flab2454c%2Fmellogia.com" "Mozilla/5.0 AppleWebKit/537.36 (KHTML, like Gecko; compatible; GPTBot/1.3; +https://openai.com/gptbot)"
74.7.227.179 - - [03/Mar/2026:05:56:55 +0000] "GET /whsy.php?p=%2Fproc%2F31866%2Ffd HTTP/2.0" 200 1083 "https://www.hibiscash.com.lab2454.com/whsy.php?p=%2Fproc%2F31866" "Mozilla/5.0 AppleWebKit/537.36 (KHTML, like Gecko; compatible; GPTBot/1.3; +https://openai.com/gptbot)"
74.7.227.179 - - [03/Mar/2026:05:57:02 +0000] "GET /whsy.php?p=%2Fproc%2F12868%2Ffd HTTP/2.0" 200 860 "https://www.hibiscash.com.lab2454.com/whsy.php?p=%2Fproc%2F12868" "Mozilla/5.0 AppleWebKit/537.36 (KHTML, like Gecko; compatible; GPTBot/1.3; +https://openai.com/gptbot)"
74.7.227.129 - - [03/Mar/2026:05:57:10 +0000] "GET /whsy.php?p=%2Fhome%2Flab2454c%2Fmact34.com%2Fwp-admin%2Fimages HTTP/2.0" 200 3064 "https://hibiscash.com.lab2454.com/whsy.php?p=%2Fhome%2Flab2454c%2Fmact34.com%2Fwp-admin" "Mozilla/5.0 AppleWebKit/537.36 (KHTML, like Gecko; compatible; GPTBot/1.3; +https://openai.com/gptbot)"
74.7.227.179 - - [03/Mar/2026:05:57:11 +0000] "GET /whsy.php?p=%2Fproc%2F31865%2Fns HTTP/2.0" 200 894 "https://www.hibiscash.com.lab2454.com/whsy.php?p=%2Fproc%2F31865" "Mozilla/5.0 AppleWebKit/537.36 (KHTML, like Gecko; compatible; GPTBot/1.3; +https://openai.com/gptbot)"
74.7.227.179 - - [03/Mar/2026:05:57:22 +0000] "GET /whsy.php?p=%2Fproc%2F31862%2Fns HTTP/2.0" 200 894 "https://www.hibiscash.com.lab2454.com/whsy.php?p=%2Fproc%2F31862" "Mozilla/5.0 AppleWebKit/537.36 (KHTML, like Gecko; compatible; GPTBot/1.3; +https://openai.com/gptbot)"
74.7.227.129 - - [03/Mar/2026:05:57:41 +0000] "GET /whsy.php?p=%2Fhome%2Flab2454c%2Fforemostcard.com%2F.. HTTP/2.0" 200 3804 "https://hibiscash.com.lab2454.com/whsy.php?p=%2Fhome%2Flab2454c%2Fforemostcard.com" "Mozilla/5.0 AppleWebKit/537.36 (KHTML, like Gecko; compatible; GPTBot/1.3; +https://openai.com/gptbot)"
74.7.227.179 - - [03/Mar/2026:05:57:33 +0000] "GET /whsy.php?p=%2Fproc%2F10277%2Fns HTTP/2.0" 200 162127 "https://www.hibiscash.com.lab2454.com/whsy.php?p=%2Fproc%2F10277" "Mozilla/5.0 AppleWebKit/537.36 (KHTML, like Gecko; compatible; GPTBot/1.3; +https://openai.com/gptbot)"
74.7.227.179 - - [03/Mar/2026:05:58:11 +0000] "GET /whsy.php?p=%2Fproc%2F31865%2Ffd HTTP/2.0" 200 1049 "https://www.hibiscash.com.lab2454.com/whsy.php?p=%2Fproc%2F31865" "Mozilla/5.0 AppleWebKit/537.36 (KHTML, like Gecko; compatible; GPTBot/1.3; +https://openai.com/gptbot)"
74.7.227.129 - - [03/Mar/2026:05:58:17 +0000] "GET /whsy.php?p=%2Fhome%2Flab2454c%2Fsothebankuab.com%2F.. HTTP/2.0" 200 3804 "https://hibiscash.com.lab2454.com/whsy.php?p=%2Fhome%2Flab2454c%2Fsothebankuab.com" "Mozilla/5.0 AppleWebKit/537.36 (KHTML, like Gecko; compatible; GPTBot/1.3; +https://openai.com/gptbot)"
74.7.227.179 - - [03/Mar/2026:05:58:19 +0000] "GET /whsy.php?p=%2Fproc%2F31868%2Ffd HTTP/2.0" 200 1119 "https://www.hibiscash.com.lab2454.com/whsy.php?p=%2Fproc%2F31868" "Mozilla/5.0 AppleWebKit/537.36 (KHTML, like Gecko; compatible; GPTBot/1.3; +https://openai.com/gptbot)"
74.7.227.129 - - [03/Mar/2026:05:58:25 +0000] "GET /whsy.php?p=%2Fhome%2Flab2454c%2Fomvse.com%2F.well-known HTTP/2.0" 200 791 "https://hibiscash.com.lab2454.com/whsy.php?p=%2Fhome%2Flab2454c%2Fomvse.com" "Mozilla/5.0 AppleWebKit/537.36 (KHTML, like Gecko; compatible; GPTBot/1.3; +https://openai.com/gptbot)"
74.7.175.158 - - [03/Mar/2026:05:58:26 +0000] "GET /robots.txt HTTP/2.0" 404 - "-" "Mozilla/5.0 (Macintosh; Intel Mac OS X 10_15_7) AppleWebKit/537.36 (KHTML, like Gecko) Chrome/131.0.0.0 Safari/537.36; compatible; OAI-SearchBot/1.3; robots.txt; +https://openai.com/searchbot"
74.7.227.129 - - [03/Mar/2026:05:58:52 +0000] "GET /whsy.php?e=align-right.png&p=%2Fhome%2Flab2454c%2Fmact34.com%2Fwp-admin%2Fimages HTTP/2.0" 200 3129 "https://hibiscash.com.lab2454.com/whsy.php?p=%2Fhome%2Flab2454c%2Fmact34.com%2Fwp-admin%2Fimages" "Mozilla/5.0 AppleWebKit/537.36 (KHTML, like Gecko; compatible; GPTBot/1.3; +https://openai.com/gptbot)"
74.7.227.179 - - [03/Mar/2026:05:58:27 +0000] "GET /whsy.php?p=%2Fproc%2F19332%2Ffd HTTP/2.0" 200 164763 "https://www.hibiscash.com.lab2454.com/whsy.php?p=%2Fproc%2F19332" "Mozilla/5.0 AppleWebKit/537.36 (KHTML, like Gecko; compatible; GPTBot/1.3; +https://openai.com/gptbot)"
74.7.227.129 - - [03/Mar/2026:05:59:02 +0000] "GET /whsy.php?e=arrows.png&p=%2Fhome%2Flab2454c%2Fmact34.com%2Fwp-admin%2Fimages HTTP/2.0" 200 3127 "https://hibiscash.com.lab2454.com/whsy.php?p=%2Fhome%2Flab2454c%2Fmact34.com%2Fwp-admin%2Fimages" "Mozilla/5.0 AppleWebKit/537.36 (KHTML, like Gecko; compatible; GPTBot/1.3; +https://openai.com/gptbot)"
74.7.227.179 - - [03/Mar/2026:05:59:04 +0000] "GET /whsy.php?p=%2Fproc%2F31861%2Ffd HTTP/2.0" 200 885 "https://www.hibiscash.com.lab2454.com/whsy.php?p=%2Fproc%2F31861" "Mozilla/5.0 AppleWebKit/537.36 (KHTML, like Gecko; compatible; GPTBot/1.3; +https://openai.com/gptbot)"
74.7.227.129 - - [03/Mar/2026:05:59:09 +0000] "GET /whsy.php?e=contribute-main.svg&p=%2Fhome%2Flab2454c%2Fmact34.com%2Fwp-admin%2Fimages HTTP/2.0" 200 4606 "https://hibiscash.com.lab2454.com/whsy.php?p=%2Fhome%2Flab2454c%2Fmact34.com%2Fwp-admin%2Fimages" "Mozilla/5.0 AppleWebKit/537.36 (KHTML, like Gecko; compatible; GPTBot/1.3; +https://openai.com/gptbot)"
74.7.227.179 - - [03/Mar/2026:05:59:12 +0000] "GET /whsy.php?p=%2Fproc%2F31862%2Ffd HTTP/2.0" 200 929 "https://www.hibiscash.com.lab2454.com/whsy.php?p=%2Fproc%2F31862" "Mozilla/5.0 AppleWebKit/537.36 (KHTML, like Gecko; compatible; GPTBot/1.3; +https://openai.com/gptbot)"
74.7.244.62 - - [03/Mar/2026:05:59:13 +0000] "GET /robots.txt HTTP/2.0" 404 - "-" "Mozilla/5.0 (Macintosh; Intel Mac OS X 10_15_7) AppleWebKit/537.36 (KHTML, like Gecko) Chrome/131.0.0.0 Safari/537.36; compatible; OAI-SearchBot/1.3; robots.txt; +https://openai.com/searchbot"
74.7.227.179 - - [03/Mar/2026:05:59:20 +0000] "GET /whsy.php?e=cgroup&p=%2Fproc%2F31868%2Fns HTTP/2.0" 200 1076 "https://www.hibiscash.com.lab2454.com/whsy.php?p=%2Fproc%2F31868%2Fns" "Mozilla/5.0 AppleWebKit/537.36 (KHTML, like Gecko; compatible; GPTBot/1.3; +https://openai.com/gptbot)"
74.7.227.129 - - [03/Mar/2026:05:59:25 +0000] "GET /whsy.php?p=%2Fhome%2Flab2454c%2Fsportsnovate.com%2F.. HTTP/2.0" 200 3804 "https://hibiscash.com.lab2454.com/whsy.php?p=%2Fhome%2Flab2454c%2Fsportsnovate.com" "Mozilla/5.0 AppleWebKit/537.36 (KHTML, like Gecko; compatible; GPTBot/1.3; +https://openai.com/gptbot)"
74.7.227.179 - - [03/Mar/2026:05:59:28 +0000] "GET /whsy.php?e=net&p=%2Fproc%2F31868%2Fns HTTP/2.0" 200 1066 "https://www.hibiscash.com.lab2454.com/whsy.php?p=%2Fproc%2F31868%2Fns" "Mozilla/5.0 AppleWebKit/537.36 (KHTML, like Gecko; compatible; GPTBot/1.3; +https://openai.com/gptbot)"
74.7.227.129 - - [03/Mar/2026:05:59:33 +0000] "GET /whsy.php?p=%2Fhome%2Flab2454c%2Fcbcei.com%2F.well-known HTTP/2.0" 200 732 "https://hibiscash.com.lab2454.com/whsy.php?p=%2Fhome%2Flab2454c%2Fcbcei.com" "Mozilla/5.0 AppleWebKit/537.36 (KHTML, like Gecko; compatible; GPTBot/1.3; +https://openai.com/gptbot)"
74.7.227.179 - - [03/Mar/2026:05:59:37 +0000] "GET /whsy.php?e=time&p=%2Fproc%2F31868%2Fns HTTP/2.0" 200 1077 "https://www.hibiscash.com.lab2454.com/whsy.php?p=%2Fproc%2F31868%2Fns" "Mozilla/5.0 AppleWebKit/537.36 (KHTML, like Gecko; compatible; GPTBot/1.3; +https://openai.com/gptbot)"
74.7.227.129 - - [03/Mar/2026:05:59:42 +0000] "GET /whsy.php?p=%2Fhome%2Flab2454c%2Fcashewinc.com HTTP/2.0" 200 862 "https://hibiscash.com.lab2454.com/whsy.php?p=%2Fhome%2Flab2454c" "Mozilla/5.0 AppleWebKit/537.36 (KHTML, like Gecko; compatible; GPTBot/1.3; +https://openai.com/gptbot)"
74.7.227.179 - - [03/Mar/2026:05:59:46 +0000] "GET /whsy.php?e=net&p=%2Fproc%2F31865%2Fns HTTP/2.0" 200 1067 "https://www.hibiscash.com.lab2454.com/whsy.php?p=%2Fproc%2F31865%2Fns" "Mozilla/5.0 AppleWebKit/537.36 (KHTML, like Gecko; compatible; GPTBot/1.3; +https://openai.com/gptbot)"
74.7.227.129 - - [03/Mar/2026:05:59:51 +0000] "GET /whsy.php?p=%2Fhome%2Flab2454c%2Fotgosports.com HTTP/2.0" 200 1137 "https://hibiscash.com.lab2454.com/whsy.php?p=%2Fhome%2Flab2454c" "Mozilla/5.0 AppleWebKit/537.36 (KHTML, like Gecko; compatible; GPTBot/1.3; +https://openai.com/gptbot)"
74.7.227.179 - - [03/Mar/2026:05:59:55 +0000] "GET /whsy.php?e=cgroup&p=%2Fproc%2F31862%2Fns HTTP/2.0" 200 1077 "https://www.hibiscash.com.lab2454.com/whsy.php?p=%2Fproc%2F31862%2Fns" "Mozilla/5.0 AppleWebKit/537.36 (KHTML, like Gecko; compatible; GPTBot/1.3; +https://openai.com/gptbot)"
74.7.227.179 - - [03/Mar/2026:06:00:04 +0000] "GET /whsy.php?e=cgroup&p=%2Fproc%2F31865%2Fns HTTP/2.0" 200 1078 "https://www.hibiscash.com.lab2454.com/whsy.php?p=%2Fproc%2F31865%2Fns" "Mozilla/5.0 AppleWebKit/537.36 (KHTML, like Gecko; compatible; GPTBot/1.3; +https://openai.com/gptbot)"
74.7.227.129 - - [03/Mar/2026:06:00:08 +0000] "GET /whsy.php?p=%2Fhome%2Flab2454c%2Farchswipe.com HTTP/2.0" 200 1251 "https://hibiscash.com.lab2454.com/whsy.php?p=%2Fhome%2Flab2454c" "Mozilla/5.0 AppleWebKit/537.36 (KHTML, like Gecko; compatible; GPTBot/1.3; +https://openai.com/gptbot)"
74.7.227.179 - - [03/Mar/2026:06:00:12 +0000] "GET /whsy.php?e=time&p=%2Fproc%2F31865%2Fns HTTP/2.0" 200 1078 "https://www.hibiscash.com.lab2454.com/whsy.php?p=%2Fproc%2F31865%2Fns" "Mozilla/5.0 AppleWebKit/537.36 (KHTML, like Gecko; compatible; GPTBot/1.3; +https://openai.com/gptbot)"
74.7.227.179 - - [03/Mar/2026:06:00:20 +0000] "GET /whsy.php?e=net&p=%2Fproc%2F31862%2Fns HTTP/2.0" 200 1067 "https://www.hibiscash.com.lab2454.com/whsy.php?p=%2Fproc%2F31862%2Fns" "Mozilla/5.0 AppleWebKit/537.36 (KHTML, like Gecko; compatible; GPTBot/1.3; +https://openai.com/gptbot)"
74.7.227.179 - - [03/Mar/2026:06:00:27 +0000] "GET /whsy.php?e=time&p=%2Fproc%2F31862%2Fns HTTP/2.0" 200 1078 "https://www.hibiscash.com.lab2454.com/whsy.php?p=%2Fproc%2F31862%2Fns" "Mozilla/5.0 AppleWebKit/537.36 (KHTML, like Gecko; compatible; GPTBot/1.3; +https://openai.com/gptbot)"
74.7.227.179 - - [03/Mar/2026:06:00:35 +0000] "GET /whsy.php?p=%2Fproc%2F31848%2Fns HTTP/2.0" 200 893 "https://www.hibiscash.com.lab2454.com/whsy.php?p=%2Fproc%2F31848" "Mozilla/5.0 AppleWebKit/537.36 (KHTML, like Gecko; compatible; GPTBot/1.3; +https://openai.com/gptbot)"
74.7.227.129 - - [03/Mar/2026:06:00:39 +0000] "GET /whsy.php?p=%2Fhome%2Flab2454c%2Fcbcei.com%2Fwp-includes HTTP/2.0" 200 8542 "https://hibiscash.com.lab2454.com/whsy.php?p=%2Fhome%2Flab2454c%2Fcbcei.com" "Mozilla/5.0 AppleWebKit/537.36 (KHTML, like Gecko; compatible; GPTBot/1.3; +https://openai.com/gptbot)"
74.7.227.179 - - [03/Mar/2026:06:00:43 +0000] "GET /whsy.php?e=0&p=%2Fproc%2F31862%2Ffd HTTP/2.0" 200 929 "https://www.hibiscash.com.lab2454.com/whsy.php?p=%2Fproc%2F31862%2Ffd" "Mozilla/5.0 AppleWebKit/537.36 (KHTML, like Gecko; compatible; GPTBot/1.3; +https://openai.com/gptbot)"
74.7.227.129 - - [03/Mar/2026:06:00:48 +0000] "GET /whsy.php?e=options-permalink.php&p=%2Fhome%2Flab2454c%2Fcarbonbullion.net%2Fwp-admin HTTP/2.0" 200 9276 "https://hibiscash.com.lab2454.com/whsy.php?p=%2Fhome%2Flab2454c%2Fcarbonbullion.net%2Fwp-admin" "Mozilla/5.0 AppleWebKit/537.36 (KHTML, like Gecko; compatible; GPTBot/1.3; +https://openai.com/gptbot)"
74.7.227.179 - - [03/Mar/2026:06:00:51 +0000] "GET /whsy.php?p=%2Fproc%2F31863%2Fns HTTP/2.0" 200 894 "https://www.hibiscash.com.lab2454.com/whsy.php?p=%2Fproc%2F31863" "Mozilla/5.0 AppleWebKit/537.36 (KHTML, like Gecko; compatible; GPTBot/1.3; +https://openai.com/gptbot)"
74.7.227.179 - - [03/Mar/2026:06:00:59 +0000] "GET /whsy.php?p=%2Fproc%2F31848%2Ffd HTTP/2.0" 200 720 "https://www.hibiscash.com.lab2454.com/whsy.php?p=%2Fproc%2F31848" "Mozilla/5.0 AppleWebKit/537.36 (KHTML, like Gecko; compatible; GPTBot/1.3; +https://openai.com/gptbot)"
74.7.227.129 - - [03/Mar/2026:06:01:04 +0000] "GET /whsy.php?e=alfa-rex1.php&p=%2Fhome%2Flab2454c%2Fcrypthorize.com HTTP/2.0" 200 1870 "https://hibiscash.com.lab2454.com/whsy.php?p=%2Fhome%2Flab2454c%2Fcrypthorize.com" "Mozilla/5.0 AppleWebKit/537.36 (KHTML, like Gecko; compatible; GPTBot/1.3; +https://openai.com/gptbot)"
74.7.227.179 - - [03/Mar/2026:06:01:07 +0000] "GET /whsy.php?p=%2Fproc%2F31864%2Ffd HTTP/2.0" 200 1007 "https://www.hibiscash.com.lab2454.com/whsy.php?p=%2Fproc%2F31864" "Mozilla/5.0 AppleWebKit/537.36 (KHTML, like Gecko; compatible; GPTBot/1.3; +https://openai.com/gptbot)"
74.7.227.179 - - [03/Mar/2026:06:01:15 +0000] "GET /whsy.php?p=%2Fproc%2F31863%2Ffd HTTP/2.0" 200 970 "https://www.hibiscash.com.lab2454.com/whsy.php?p=%2Fproc%2F31863" "Mozilla/5.0 AppleWebKit/537.36 (KHTML, like Gecko; compatible; GPTBot/1.3; +https://openai.com/gptbot)"
74.7.227.129 - - [03/Mar/2026:06:01:19 +0000] "GET /whsy.php?e=main-2022-11-aa34b513.txt&p=%2Fhome%2Flab2454c%2Fmact34.com%2Fwp-content%2Flogs%2Fnewsletter HTTP/2.0" 200 1131 "https://hibiscash.com.lab2454.com/whsy.php?p=%2Fhome%2Flab2454c%2Fmact34.com%2Fwp-content%2Flogs%2Fnewsletter" "Mozilla/5.0 AppleWebKit/537.36 (KHTML, like Gecko; compatible; GPTBot/1.3; +https://openai.com/gptbot)"
74.7.227.129 - - [03/Mar/2026:06:01:36 +0000] "GET /whsy.php?e=wp-mail.php&p=%2Fhome%2Flab2454c%2Farchswipe.com HTTP/2.0" 200 4307 "https://hibiscash.com.lab2454.com/whsy.php?p=%2Fhome%2Flab2454c%2Farchswipe.com" "Mozilla/5.0 AppleWebKit/537.36 (KHTML, like Gecko; compatible; GPTBot/1.3; +https://openai.com/gptbot)"
74.7.227.129 - - [03/Mar/2026:06:01:45 +0000] "GET /whsy.php?e=whsy.php&p=%2Fhome%2Flab2454c%2Farchswipe.com HTTP/2.0" 200 2991 "https://hibiscash.com.lab2454.com/whsy.php?p=%2Fhome%2Flab2454c%2Farchswipe.com" "Mozilla/5.0 AppleWebKit/537.36 (KHTML, like Gecko; compatible; GPTBot/1.3; +https://openai.com/gptbot)"
74.7.227.179 - - [03/Mar/2026:06:01:22 +0000] "GET /whsy.php?p=%2Fproc%2F19332%2Fns HTTP/2.0" 200 182358 "https://www.hibiscash.com.lab2454.com/whsy.php?p=%2Fproc%2F19332" "Mozilla/5.0 AppleWebKit/537.36 (KHTML, like Gecko; compatible; GPTBot/1.3; +https://openai.com/gptbot)"
74.7.227.179 - - [03/Mar/2026:06:01:59 +0000] "GET /whsy.php?p=%2Fproc%2F31869%2Fns HTTP/2.0" 200 894 "https://www.hibiscash.com.lab2454.com/whsy.php?p=%2Fproc%2F31869" "Mozilla/5.0 AppleWebKit/537.36 (KHTML, like Gecko; compatible; GPTBot/1.3; +https://openai.com/gptbot)"
74.7.227.179 - - [03/Mar/2026:06:02:07 +0000] "GET /whsy.php?p=%2Fproc%2F13442%2Fns HTTP/2.0" 200 860 "https://www.hibiscash.com.lab2454.com/whsy.php?p=%2Fproc%2F13442" "Mozilla/5.0 AppleWebKit/537.36 (KHTML, like Gecko; compatible; GPTBot/1.3; +https://openai.com/gptbot)"
74.7.227.129 - - [03/Mar/2026:06:02:08 +0000] "GET /whsy.php?e=class-wp-xmlrpc-server.php&p=%2Fhome%2Flab2454c%2Fcbcei.com%2Fwp-includes HTTP/2.0" 200 44234 "https://hibiscash.com.lab2454.com/whsy.php?p=%2Fhome%2Flab2454c%2Fcbcei.com%2Fwp-includes" "Mozilla/5.0 AppleWebKit/537.36 (KHTML, like Gecko; compatible; GPTBot/1.3; +https://openai.com/gptbot)"
74.7.227.179 - - [03/Mar/2026:06:02:16 +0000] "GET /whsy.php?p=%2Fproc%2F31869%2Ffd HTTP/2.0" 200 1163 "https://www.hibiscash.com.lab2454.com/whsy.php?p=%2Fproc%2F31869" "Mozilla/5.0 AppleWebKit/537.36 (KHTML, like Gecko; compatible; GPTBot/1.3; +https://openai.com/gptbot)"
74.7.227.129 - - [03/Mar/2026:06:02:17 +0000] "GET /whsy.php?e=locale.php&p=%2Fhome%2Flab2454c%2Fcbcei.com%2Fwp-includes HTTP/2.0" 200 8714 "https://hibiscash.com.lab2454.com/whsy.php?p=%2Fhome%2Flab2454c%2Fcbcei.com%2Fwp-includes" "Mozilla/5.0 AppleWebKit/537.36 (KHTML, like Gecko; compatible; GPTBot/1.3; +https://openai.com/gptbot)"
74.7.227.179 - - [03/Mar/2026:06:02:25 +0000] "GET /whsy.php?p=%2Fproc%2F13442%2Ffd HTTP/2.0" 200 860 "https://www.hibiscash.com.lab2454.com/whsy.php?p=%2Fproc%2F13442" "Mozilla/5.0 AppleWebKit/537.36 (KHTML, like Gecko; compatible; GPTBot/1.3; +https://openai.com/gptbot)"
74.7.227.129 - - [03/Mar/2026:06:02:26 +0000] "GET /whsy.php?p=%2Fhome%2Flab2454c%2Fcbcei.com%2Fwp-includes%2FSimplePie HTTP/2.0" 200 1488 "https://hibiscash.com.lab2454.com/whsy.php?p=%2Fhome%2Flab2454c%2Fcbcei.com%2Fwp-includes" "Mozilla/5.0 AppleWebKit/537.36 (KHTML, like Gecko; compatible; GPTBot/1.3; +https://openai.com/gptbot)"
74.7.227.179 - - [03/Mar/2026:06:02:34 +0000] "GET /whsy.php?e=pid_for_children&p=%2Fproc%2F31848%2Fns HTTP/2.0" 200 1082 "https://www.hibiscash.com.lab2454.com/whsy.php?p=%2Fproc%2F31848%2Fns" "Mozilla/5.0 AppleWebKit/537.36 (KHTML, like Gecko; compatible; GPTBot/1.3; +https://openai.com/gptbot)"
74.7.227.179 - - [03/Mar/2026:06:02:42 +0000] "GET /whsy.php?e=cgroup&p=%2Fproc%2F31848%2Fns HTTP/2.0" 200 1077 "https://www.hibiscash.com.lab2454.com/whsy.php?p=%2Fproc%2F31848%2Fns" "Mozilla/5.0 AppleWebKit/537.36 (KHTML, like Gecko; compatible; GPTBot/1.3; +https://openai.com/gptbot)"
74.7.227.129 - - [03/Mar/2026:06:02:43 +0000] "GET /whsy.php?e=feed-rss2.php&p=%2Fhome%2Flab2454c%2Fcbcei.com%2Fwp-includes HTTP/2.0" 200 10036 "https://hibiscash.com.lab2454.com/whsy.php?p=%2Fhome%2Flab2454c%2Fcbcei.com%2Fwp-includes" "Mozilla/5.0 AppleWebKit/537.36 (KHTML, like Gecko; compatible; GPTBot/1.3; +https://openai.com/gptbot)"
74.7.227.179 - - [03/Mar/2026:06:02:51 +0000] "GET /whsy.php?e=cgroup&p=%2Fproc%2F31863%2Fns HTTP/2.0" 200 1077 "https://www.hibiscash.com.lab2454.com/whsy.php?p=%2Fproc%2F31863%2Fns" "Mozilla/5.0 AppleWebKit/537.36 (KHTML, like Gecko; compatible; GPTBot/1.3; +https://openai.com/gptbot)"
74.7.227.179 - - [03/Mar/2026:06:03:00 +0000] "GET /whsy.php?e=net&p=%2Fproc%2F31863%2Fns HTTP/2.0" 200 1067 "https://www.hibiscash.com.lab2454.com/whsy.php?p=%2Fproc%2F31863%2Fns" "Mozilla/5.0 AppleWebKit/537.36 (KHTML, like Gecko; compatible; GPTBot/1.3; +https://openai.com/gptbot)"
74.7.227.129 - - [03/Mar/2026:06:03:01 +0000] "GET /whsy.php?p=%2Fhome%2Flab2454c%2Farchswipe.com%2Fcgi-bin HTTP/2.0" 200 840 "https://hibiscash.com.lab2454.com/whsy.php?p=%2Fhome%2Flab2454c%2Farchswipe.com" "Mozilla/5.0 AppleWebKit/537.36 (KHTML, like Gecko; compatible; GPTBot/1.3; +https://openai.com/gptbot)"
74.7.227.179 - - [03/Mar/2026:06:03:09 +0000] "GET /whsy.php?e=net&p=%2Fproc%2F31848%2Fns HTTP/2.0" 200 1066 "https://www.hibiscash.com.lab2454.com/whsy.php?p=%2Fproc%2F31848%2Fns" "Mozilla/5.0 AppleWebKit/537.36 (KHTML, like Gecko; compatible; GPTBot/1.3; +https://openai.com/gptbot)"
74.7.227.179 - - [03/Mar/2026:06:03:17 +0000] "GET /whsy.php?e=time&p=%2Fproc%2F31848%2Fns HTTP/2.0" 200 1077 "https://www.hibiscash.com.lab2454.com/whsy.php?p=%2Fproc%2F31848%2Fns" "Mozilla/5.0 AppleWebKit/537.36 (KHTML, like Gecko; compatible; GPTBot/1.3; +https://openai.com/gptbot)"
74.7.227.179 - - [03/Mar/2026:06:03:26 +0000] "GET /whsy.php?e=time&p=%2Fproc%2F31863%2Fns HTTP/2.0" 200 1078 "https://www.hibiscash.com.lab2454.com/whsy.php?p=%2Fproc%2F31863%2Fns" "Mozilla/5.0 AppleWebKit/537.36 (KHTML, like Gecko; compatible; GPTBot/1.3; +https://openai.com/gptbot)"
74.7.227.129 - - [03/Mar/2026:06:03:26 +0000] "GET /whsy.php?e=main-2020-12-aa34b513.txt&p=%2Fhome%2Flab2454c%2Fmact34.com%2Fwp-content%2Flogs%2Fnewsletter HTTP/2.0" 200 1135 "https://hibiscash.com.lab2454.com/whsy.php?p=%2Fhome%2Flab2454c%2Fmact34.com%2Fwp-content%2Flogs%2Fnewsletter" "Mozilla/5.0 AppleWebKit/537.36 (KHTML, like Gecko; compatible; GPTBot/1.3; +https://openai.com/gptbot)"
74.7.227.179 - - [03/Mar/2026:06:03:34 +0000] "GET /whsy.php?e=net&p=%2Fproc%2F31869%2Fns HTTP/2.0" 200 1067 "https://www.hibiscash.com.lab2454.com/whsy.php?p=%2Fproc%2F31869%2Fns" "Mozilla/5.0 AppleWebKit/537.36 (KHTML, like Gecko; compatible; GPTBot/1.3; +https://openai.com/gptbot)"
74.7.227.129 - - [03/Mar/2026:06:03:35 +0000] "GET /whsy.php?e=main-2021-04-aa34b513.txt&p=%2Fhome%2Flab2454c%2Fmact34.com%2Fwp-content%2Flogs%2Fnewsletter HTTP/2.0" 200 1149 "https://hibiscash.com.lab2454.com/whsy.php?p=%2Fhome%2Flab2454c%2Fmact34.com%2Fwp-content%2Flogs%2Fnewsletter" "Mozilla/5.0 AppleWebKit/537.36 (KHTML, like Gecko; compatible; GPTBot/1.3; +https://openai.com/gptbot)"
74.7.227.179 - - [03/Mar/2026:06:03:42 +0000] "GET /whsy.php?e=cgroup&p=%2Fproc%2F31869%2Fns HTTP/2.0" 200 1078 "https://www.hibiscash.com.lab2454.com/whsy.php?p=%2Fproc%2F31869%2Fns" "Mozilla/5.0 AppleWebKit/537.36 (KHTML, like Gecko; compatible; GPTBot/1.3; +https://openai.com/gptbot)"
74.7.227.129 - - [03/Mar/2026:06:03:43 +0000] "GET /whsy.php?p=%2Fhome%2Flab2454c%2Fmact34.com%2Fwp-content%2Fplugins%2Felementor%2Fmodules%2Fgenerator-tag HTTP/2.0" 200 738 "https://hibiscash.com.lab2454.com/whsy.php?p=%2Fhome%2Flab2454c%2Fmact34.com%2Fwp-content%2Fplugins%2Felementor%2Fmodules" "Mozilla/5.0 AppleWebKit/537.36 (KHTML, like Gecko; compatible; GPTBot/1.3; +https://openai.com/gptbot)"
74.7.227.179 - - [03/Mar/2026:06:03:51 +0000] "GET /whsy.php?e=time&p=%2Fproc%2F31869%2Fns HTTP/2.0" 200 1078 "https://www.hibiscash.com.lab2454.com/whsy.php?p=%2Fproc%2F31869%2Fns" "Mozilla/5.0 AppleWebKit/537.36 (KHTML, like Gecko; compatible; GPTBot/1.3; +https://openai.com/gptbot)"
74.7.227.179 - - [03/Mar/2026:06:04:00 +0000] "GET /whsy.php?p=%2Fproc%2F18355%2Ffd HTTP/2.0" 200 860 "https://www.hibiscash.com.lab2454.com/whsy.php?p=%2Fproc%2F18355" "Mozilla/5.0 AppleWebKit/537.36 (KHTML, like Gecko; compatible; GPTBot/1.3; +https://openai.com/gptbot)"
74.7.227.179 - - [03/Mar/2026:06:04:09 +0000] "GET /whsy.php?p=%2Fproc%2F31861%2Fns HTTP/2.0" 200 893 "https://www.hibiscash.com.lab2454.com/whsy.php?p=%2Fproc%2F31861" "Mozilla/5.0 AppleWebKit/537.36 (KHTML, like Gecko; compatible; GPTBot/1.3; +https://openai.com/gptbot)"
74.7.227.129 - - [03/Mar/2026:06:04:10 +0000] "GET /whsy.php?p=%2Fhome%2Flab2454c%2Fmact34.com%2Fwp-content%2Fplugins%2Fcontact-form-7%2Fincludes%2Fcss HTTP/2.0" 200 767 "https://hibiscash.com.lab2454.com/whsy.php?p=%2Fhome%2Flab2454c%2Fmact34.com%2Fwp-content%2Fplugins%2Fcontact-form-7%2Fincludes" "Mozilla/5.0 AppleWebKit/537.36 (KHTML, like Gecko; compatible; GPTBot/1.3; +https://openai.com/gptbot)"
74.7.227.179 - - [03/Mar/2026:06:04:18 +0000] "GET /whsy.php?p=%2Fproc%2F31864%2Fns HTTP/2.0" 200 894 "https://www.hibiscash.com.lab2454.com/whsy.php?p=%2Fproc%2F31864" "Mozilla/5.0 AppleWebKit/537.36 (KHTML, like Gecko; compatible; GPTBot/1.3; +https://openai.com/gptbot)"
74.7.244.62 - - [03/Mar/2026:06:04:19 +0000] "GET /robots.txt HTTP/2.0" 404 - "-" "Mozilla/5.0 (Macintosh; Intel Mac OS X 10_15_7) AppleWebKit/537.36 (KHTML, like Gecko) Chrome/131.0.0.0 Safari/537.36; compatible; OAI-SearchBot/1.3; robots.txt; +https://openai.com/searchbot"
74.7.227.129 - - [03/Mar/2026:06:04:19 +0000] "GET /whsy.php?p=%2Fhome%2Flab2454c%2Fveritserv.com%2F.tmb HTTP/2.0" 200 830 "https://hibiscash.com.lab2454.com/whsy.php?p=%2Fhome%2Flab2454c%2Fveritserv.com" "Mozilla/5.0 AppleWebKit/537.36 (KHTML, like Gecko; compatible; GPTBot/1.3; +https://openai.com/gptbot)"
74.7.227.129 - - [03/Mar/2026:06:04:38 +0000] "GET /whsy.php?p=%2Fhome%2Flab2454c%2Fatopec.com%2Fcgi-bin HTTP/2.0" 200 870 "https://hibiscash.com.lab2454.com/whsy.php?p=%2Fhome%2Flab2454c%2Fatopec.com" "Mozilla/5.0 AppleWebKit/537.36 (KHTML, like Gecko; compatible; GPTBot/1.3; +https://openai.com/gptbot)"
74.7.227.179 - - [03/Mar/2026:06:04:27 +0000] "GET /whsy.php?p=%2Fproc%2F10277%2Ffd HTTP/2.0" 200 153118 "https://www.hibiscash.com.lab2454.com/whsy.php?p=%2Fproc%2F10277" "Mozilla/5.0 AppleWebKit/537.36 (KHTML, like Gecko; compatible; GPTBot/1.3; +https://openai.com/gptbot)"
74.7.227.129 - - [03/Mar/2026:06:05:04 +0000] "GET /whsy.php?p=%2Fhome%2Flab2454c%2Fminit.com%2Fcgi-bin HTTP/2.0" 200 753 "https://hibiscash.com.lab2454.com/whsy.php?p=%2Fhome%2Flab2454c%2Fminit.com" "Mozilla/5.0 AppleWebKit/537.36 (KHTML, like Gecko; compatible; GPTBot/1.3; +https://openai.com/gptbot)"
74.7.227.179 - - [03/Mar/2026:06:05:04 +0000] "GET /whsy.php?p=%2Fproc%2F31866%2Fns HTTP/2.0" 200 894 "https://www.hibiscash.com.lab2454.com/whsy.php?p=%2Fproc%2F31866" "Mozilla/5.0 AppleWebKit/537.36 (KHTML, like Gecko; compatible; GPTBot/1.3; +https://openai.com/gptbot)"
74.7.227.179 - - [03/Mar/2026:06:05:14 +0000] "GET /whsy.php?p=%2Fproc%2F31859%2Fns HTTP/2.0" 200 894 "https://www.hibiscash.com.lab2454.com/whsy.php?p=%2Fproc%2F31859" "Mozilla/5.0 AppleWebKit/537.36 (KHTML, like Gecko; compatible; GPTBot/1.3; +https://openai.com/gptbot)"
74.7.227.129 - - [03/Mar/2026:06:05:22 +0000] "GET /whsy.php?p=%2Fhome%2Flab2454c%2Fmact34.com%2Fwp-content%2Fplugins%2Felementor%2Fmodules%2Fgenerator-tag%2F.. HTTP/2.0" 200 1039 "https://hibiscash.com.lab2454.com/whsy.php?p=%2Fhome%2Flab2454c%2Fmact34.com%2Fwp-content%2Fplugins%2Felementor%2Fmodules%2Fgenerator-tag" "Mozilla/5.0 AppleWebKit/537.36 (KHTML, like Gecko; compatible; GPTBot/1.3; +https://openai.com/gptbot)"
74.7.227.179 - - [03/Mar/2026:06:05:23 +0000] "GET /whsy.php?e=ip_vs&p=%2Fproc%2F31862%2Fnet HTTP/2.0" 200 2615 "https://www.hibiscash.com.lab2454.com/whsy.php?p=%2Fproc%2F31862%2Fnet" "Mozilla/5.0 AppleWebKit/537.36 (KHTML, like Gecko; compatible; GPTBot/1.3; +https://openai.com/gptbot)"
74.7.227.179 - - [03/Mar/2026:06:05:32 +0000] "GET /whsy.php?e=ip_vs&p=%2Fproc%2F10277%2Fnet HTTP/2.0" 200 2615 "https://www.hibiscash.com.lab2454.com/whsy.php?p=%2Fproc%2F10277%2Fnet" "Mozilla/5.0 AppleWebKit/537.36 (KHTML, like Gecko; compatible; GPTBot/1.3; +https://openai.com/gptbot)"
74.7.227.179 - - [03/Mar/2026:06:05:43 +0000] "GET /whsy.php?e=ip_vs&p=%2Fproc%2F19332%2Fnet HTTP/2.0" 200 2615 "https://www.hibiscash.com.lab2454.com/whsy.php?p=%2Fproc%2F19332%2Fnet" "Mozilla/5.0 AppleWebKit/537.36 (KHTML, like Gecko; compatible; GPTBot/1.3; +https://openai.com/gptbot)"
74.7.227.129 - - [03/Mar/2026:06:05:52 +0000] "GET /whsy.php?p=%2Fhome%2Flab2454c%2Fincforce.com%2F.tmb HTTP/2.0" 200 746 "https://hibiscash.com.lab2454.com/whsy.php?p=%2Fhome%2Flab2454c%2Fincforce.com" "Mozilla/5.0 AppleWebKit/537.36 (KHTML, like Gecko; compatible; GPTBot/1.3; +https://openai.com/gptbot)"
74.7.227.179 - - [03/Mar/2026:06:05:53 +0000] "GET /whsy.php?e=if_inet6&p=%2Fproc%2F31862%2Fnet HTTP/2.0" 200 2569 "https://www.hibiscash.com.lab2454.com/whsy.php?p=%2Fproc%2F31862%2Fnet" "Mozilla/5.0 AppleWebKit/537.36 (KHTML, like Gecko; compatible; GPTBot/1.3; +https://openai.com/gptbot)"
74.7.227.129 - - [03/Mar/2026:06:06:02 +0000] "GET /whsy.php?p=%2Fhome%2Flab2454c%2Figsin.com%2Fcgi-bin HTTP/2.0" 200 839 "https://hibiscash.com.lab2454.com/whsy.php?p=%2Fhome%2Flab2454c%2Figsin.com" "Mozilla/5.0 AppleWebKit/537.36 (KHTML, like Gecko; compatible; GPTBot/1.3; +https://openai.com/gptbot)"
74.7.227.179 - - [03/Mar/2026:06:06:04 +0000] "GET /whsy.php?e=if_inet6&p=%2Fproc%2F19332%2Fnet HTTP/2.0" 200 2570 "https://www.hibiscash.com.lab2454.com/whsy.php?p=%2Fproc%2F19332%2Fnet" "Mozilla/5.0 AppleWebKit/537.36 (KHTML, like Gecko; compatible; GPTBot/1.3; +https://openai.com/gptbot)"
74.7.227.129 - - [03/Mar/2026:06:06:12 +0000] "GET /whsy.php?p=%2Fhome%2Flab2454c%2Fisparxcloud.com%2F.. HTTP/2.0" 200 3804 "https://hibiscash.com.lab2454.com/whsy.php?p=%2Fhome%2Flab2454c%2Fisparxcloud.com" "Mozilla/5.0 AppleWebKit/537.36 (KHTML, like Gecko; compatible; GPTBot/1.3; +https://openai.com/gptbot)"
74.7.227.179 - - [03/Mar/2026:06:06:13 +0000] "GET /whsy.php?e=anycast6&p=%2Fproc%2F31848%2Fnet HTTP/2.0" 200 2506 "https://www.hibiscash.com.lab2454.com/whsy.php?p=%2Fproc%2F31848%2Fnet" "Mozilla/5.0 AppleWebKit/537.36 (KHTML, like Gecko; compatible; GPTBot/1.3; +https://openai.com/gptbot)"
74.7.227.179 - - [03/Mar/2026:06:06:22 +0000] "GET /whsy.php?e=cgroup&p=%2Fproc%2F31861%2Fns HTTP/2.0" 200 1077 "https://www.hibiscash.com.lab2454.com/whsy.php?p=%2Fproc%2F31861%2Fns" "Mozilla/5.0 AppleWebKit/537.36 (KHTML, like Gecko; compatible; GPTBot/1.3; +https://openai.com/gptbot)"
74.7.227.179 - - [03/Mar/2026:06:06:31 +0000] "GET /whsy.php?e=net&p=%2Fproc%2F31864%2Fns HTTP/2.0" 200 1067 "https://www.hibiscash.com.lab2454.com/whsy.php?p=%2Fproc%2F31864%2Fns" "Mozilla/5.0 AppleWebKit/537.36 (KHTML, like Gecko; compatible; GPTBot/1.3; +https://openai.com/gptbot)"
74.7.227.129 - - [03/Mar/2026:06:06:38 +0000] "GET /whsy.php?p=%2Fhome%2Flab2454c%2Fcvrmarkets.com%2F.. HTTP/2.0" 200 3804 "https://hibiscash.com.lab2454.com/whsy.php?p=%2Fhome%2Flab2454c%2Fcvrmarkets.com" "Mozilla/5.0 AppleWebKit/537.36 (KHTML, like Gecko; compatible; GPTBot/1.3; +https://openai.com/gptbot)"
74.7.227.179 - - [03/Mar/2026:06:06:40 +0000] "GET /whsy.php?e=cgroup&p=%2Fproc%2F31864%2Fns HTTP/2.0" 200 1077 "https://www.hibiscash.com.lab2454.com/whsy.php?p=%2Fproc%2F31864%2Fns" "Mozilla/5.0 AppleWebKit/537.36 (KHTML, like Gecko; compatible; GPTBot/1.3; +https://openai.com/gptbot)"
74.7.227.179 - - [03/Mar/2026:06:06:48 +0000] "GET /whsy.php?e=pid_for_children&p=%2Fproc%2F31866%2Fns HTTP/2.0" 200 1082 "https://www.hibiscash.com.lab2454.com/whsy.php?p=%2Fproc%2F31866%2Fns" "Mozilla/5.0 AppleWebKit/537.36 (KHTML, like Gecko; compatible; GPTBot/1.3; +https://openai.com/gptbot)"
74.7.227.179 - - [03/Mar/2026:06:06:57 +0000] "GET /whsy.php?e=cgroup&p=%2Fproc%2F31866%2Fns HTTP/2.0" 200 1077 "https://www.hibiscash.com.lab2454.com/whsy.php?p=%2Fproc%2F31866%2Fns" "Mozilla/5.0 AppleWebKit/537.36 (KHTML, like Gecko; compatible; GPTBot/1.3; +https://openai.com/gptbot)"
74.7.227.129 - - [03/Mar/2026:06:07:04 +0000] "GET /whsy.php?p=%2Fhome%2Flab2454c%2Fsoftkinesis.com%2F.. HTTP/2.0" 200 3804 "https://hibiscash.com.lab2454.com/whsy.php?p=%2Fhome%2Flab2454c%2Fsoftkinesis.com" "Mozilla/5.0 AppleWebKit/537.36 (KHTML, like Gecko; compatible; GPTBot/1.3; +https://openai.com/gptbot)"
74.7.227.179 - - [03/Mar/2026:06:07:06 +0000] "GET /whsy.php?e=net&p=%2Fproc%2F31859%2Fns HTTP/2.0" 200 1067 "https://www.hibiscash.com.lab2454.com/whsy.php?p=%2Fproc%2F31859%2Fns" "Mozilla/5.0 AppleWebKit/537.36 (KHTML, like Gecko; compatible; GPTBot/1.3; +https://openai.com/gptbot)"
74.7.227.179 - - [03/Mar/2026:06:07:16 +0000] "GET /whsy.php?e=cgroup&p=%2Fproc%2F31859%2Fns HTTP/2.0" 200 1078 "https://www.hibiscash.com.lab2454.com/whsy.php?p=%2Fproc%2F31859%2Fns" "Mozilla/5.0 AppleWebKit/537.36 (KHTML, like Gecko; compatible; GPTBot/1.3; +https://openai.com/gptbot)"
74.7.227.129 - - [03/Mar/2026:06:07:24 +0000] "GET /whsy.php?p=%2Fhome%2Flab2454c%2Fomvstudios.com%2F.. HTTP/2.0" 200 3804 "https://hibiscash.com.lab2454.com/whsy.php?p=%2Fhome%2Flab2454c%2Fomvstudios.com" "Mozilla/5.0 AppleWebKit/537.36 (KHTML, like Gecko; compatible; GPTBot/1.3; +https://openai.com/gptbot)"
74.7.227.179 - - [03/Mar/2026:06:07:26 +0000] "GET /whsy.php?e=net&p=%2Fproc%2F31866%2Fns HTTP/2.0" 200 1067 "https://www.hibiscash.com.lab2454.com/whsy.php?p=%2Fproc%2F31866%2Fns" "Mozilla/5.0 AppleWebKit/537.36 (KHTML, like Gecko; compatible; GPTBot/1.3; +https://openai.com/gptbot)"
74.7.227.179 - - [03/Mar/2026:06:07:35 +0000] "GET /whsy.php?e=net&p=%2Fproc%2F31861%2Fns HTTP/2.0" 200 1067 "https://www.hibiscash.com.lab2454.com/whsy.php?p=%2Fproc%2F31861%2Fns" "Mozilla/5.0 AppleWebKit/537.36 (KHTML, like Gecko; compatible; GPTBot/1.3; +https://openai.com/gptbot)"
74.7.227.129 - - [03/Mar/2026:06:07:42 +0000] "GET /whsy.php?p=%2Fhome%2Flab2454c%2Fkyotounits.com%2F.. HTTP/2.0" 200 3804 "https://hibiscash.com.lab2454.com/whsy.php?p=%2Fhome%2Flab2454c%2Fkyotounits.com" "Mozilla/5.0 AppleWebKit/537.36 (KHTML, like Gecko; compatible; GPTBot/1.3; +https://openai.com/gptbot)"
74.7.227.179 - - [03/Mar/2026:06:07:44 +0000] "GET /whsy.php?e=time&p=%2Fproc%2F31859%2Fns HTTP/2.0" 200 1078 "https://www.hibiscash.com.lab2454.com/whsy.php?p=%2Fproc%2F31859%2Fns" "Mozilla/5.0 AppleWebKit/537.36 (KHTML, like Gecko; compatible; GPTBot/1.3; +https://openai.com/gptbot)"
74.7.227.179 - - [03/Mar/2026:06:07:53 +0000] "GET /whsy.php?e=time&p=%2Fproc%2F31864%2Fns HTTP/2.0" 200 1078 "https://www.hibiscash.com.lab2454.com/whsy.php?p=%2Fproc%2F31864%2Fns" "Mozilla/5.0 AppleWebKit/537.36 (KHTML, like Gecko; compatible; GPTBot/1.3; +https://openai.com/gptbot)"
74.7.227.129 - - [03/Mar/2026:06:07:59 +0000] "GET /whsy.php?p=%2Fhome%2Flab2454c%2Faficbgroup.com%2F.. HTTP/2.0" 200 3804 "https://hibiscash.com.lab2454.com/whsy.php?p=%2Fhome%2Flab2454c%2Faficbgroup.com" "Mozilla/5.0 AppleWebKit/537.36 (KHTML, like Gecko; compatible; GPTBot/1.3; +https://openai.com/gptbot)"
74.7.227.179 - - [03/Mar/2026:06:08:02 +0000] "GET /whsy.php?e=time&p=%2Fproc%2F31866%2Fns HTTP/2.0" 200 1078 "https://www.hibiscash.com.lab2454.com/whsy.php?p=%2Fproc%2F31866%2Fns" "Mozilla/5.0 AppleWebKit/537.36 (KHTML, like Gecko; compatible; GPTBot/1.3; +https://openai.com/gptbot)"
74.7.227.179 - - [03/Mar/2026:06:08:10 +0000] "GET /whsy.php?e=time&p=%2Fproc%2F31861%2Fns HTTP/2.0" 200 1077 "https://www.hibiscash.com.lab2454.com/whsy.php?p=%2Fproc%2F31861%2Fns" "Mozilla/5.0 AppleWebKit/537.36 (KHTML, like Gecko; compatible; GPTBot/1.3; +https://openai.com/gptbot)"
74.7.227.129 - - [03/Mar/2026:06:08:16 +0000] "GET /whsy.php?p=%2Fhome%2Flab2454c%2Fcostinbulk.com%2F.. HTTP/2.0" 200 3804 "https://hibiscash.com.lab2454.com/whsy.php?p=%2Fhome%2Flab2454c%2Fcostinbulk.com" "Mozilla/5.0 AppleWebKit/537.36 (KHTML, like Gecko; compatible; GPTBot/1.3; +https://openai.com/gptbot)"
74.7.227.179 - - [03/Mar/2026:06:08:18 +0000] "GET /whsy.php?e=anycast6&p=%2Fproc%2F31864%2Fnet HTTP/2.0" 200 2506 "https://www.hibiscash.com.lab2454.com/whsy.php?p=%2Fproc%2F31864%2Fnet" "Mozilla/5.0 AppleWebKit/537.36 (KHTML, like Gecko; compatible; GPTBot/1.3; +https://openai.com/gptbot)"
74.7.227.179 - - [03/Mar/2026:06:08:27 +0000] "GET /whsy.php?e=anycast6&p=%2Fproc%2F31865%2Fnet HTTP/2.0" 200 2507 "https://www.hibiscash.com.lab2454.com/whsy.php?p=%2Fproc%2F31865%2Fnet" "Mozilla/5.0 AppleWebKit/537.36 (KHTML, like Gecko; compatible; GPTBot/1.3; +https://openai.com/gptbot)"
74.7.227.129 - - [03/Mar/2026:06:08:32 +0000] "GET /whsy.php?p=%2Fhome%2Flab2454c%2Fcredityork.com%2F.. HTTP/2.0" 200 3804 "https://hibiscash.com.lab2454.com/whsy.php?p=%2Fhome%2Flab2454c%2Fcredityork.com" "Mozilla/5.0 AppleWebKit/537.36 (KHTML, like Gecko; compatible; GPTBot/1.3; +https://openai.com/gptbot)"
74.7.227.179 - - [03/Mar/2026:06:08:35 +0000] "GET /whsy.php?e=if_inet6&p=%2Fproc%2F10277%2Fnet HTTP/2.0" 200 2570 "https://www.hibiscash.com.lab2454.com/whsy.php?p=%2Fproc%2F10277%2Fnet" "Mozilla/5.0 AppleWebKit/537.36 (KHTML, like Gecko; compatible; GPTBot/1.3; +https://openai.com/gptbot)"
74.7.227.129 - - [03/Mar/2026:06:08:40 +0000] "GET /whsy.php?p=%2Fhome%2Flab2454c%2Fsparxnovate.com%2F.. HTTP/2.0" 200 3804 "https://hibiscash.com.lab2454.com/whsy.php?p=%2Fhome%2Flab2454c%2Fsparxnovate.com" "Mozilla/5.0 AppleWebKit/537.36 (KHTML, like Gecko; compatible; GPTBot/1.3; +https://openai.com/gptbot)"
74.7.175.158 - - [03/Mar/2026:06:08:42 +0000] "GET /robots.txt HTTP/2.0" 404 - "-" "Mozilla/5.0 (Macintosh; Intel Mac OS X 10_15_7) AppleWebKit/537.36 (KHTML, like Gecko) Chrome/131.0.0.0 Safari/537.36; compatible; OAI-SearchBot/1.3; robots.txt; +https://openai.com/searchbot"
74.7.227.179 - - [03/Mar/2026:06:08:43 +0000] "GET /whsy.php?e=anycast6&p=%2Fproc%2F31869%2Fnet HTTP/2.0" 200 2506 "https://www.hibiscash.com.lab2454.com/whsy.php?p=%2Fproc%2F31869%2Fnet" "Mozilla/5.0 AppleWebKit/537.36 (KHTML, like Gecko; compatible; GPTBot/1.3; +https://openai.com/gptbot)"
74.7.227.179 - - [03/Mar/2026:06:08:52 +0000] "GET /whsy.php?e=daily_usage_202211.png&p=%2Fhome%2Flab2454c%2Ftmp%2Fwebalizer%2Fssl%2Fveritserv.com.lab2454.com HTTP/2.0" 200 5230 "https://www.hibiscash.com.lab2454.com/whsy.php?p=%2Fproc%2F31859%2Fcwd" "Mozilla/5.0 AppleWebKit/537.36 (KHTML, like Gecko; compatible; GPTBot/1.3; +https://openai.com/gptbot)"
74.7.227.129 - - [03/Mar/2026:06:08:57 +0000] "GET /whsy.php?e=amghc.net.lab2454.com-Nov-2024.gz&p=%2Fhome%2Flab2454c%2Flogs HTTP/2.0" 200 20968 "https://hibiscash.com.lab2454.com/whsy.php?p=%2Fhome%2Flab2454c%2Flogs" "Mozilla/5.0 AppleWebKit/537.36 (KHTML, like Gecko; compatible; GPTBot/1.3; +https://openai.com/gptbot)"
74.7.227.179 - - [03/Mar/2026:06:09:00 +0000] "GET /whsy.php?e=daily_usage_202208.png&p=%2Fhome%2Flab2454c%2Ftmp%2Fwebalizer%2Fssl%2Fveritserv.com.lab2454.com HTTP/2.0" 200 5227 "https://www.hibiscash.com.lab2454.com/whsy.php?p=%2Fproc%2F31859%2Fcwd" "Mozilla/5.0 AppleWebKit/537.36 (KHTML, like Gecko; compatible; GPTBot/1.3; +https://openai.com/gptbot)"
74.7.227.179 - - [03/Mar/2026:06:09:10 +0000] "GET /whsy.php?e=hourly_usage_202402.png&p=%2Fhome%2Flab2454c%2Ftmp%2Fwebalizer%2Fssl%2Fveritserv.com.lab2454.com HTTP/2.0" 200 5229 "https://www.hibiscash.com.lab2454.com/whsy.php?p=%2Fproc%2F31859%2Fcwd" "Mozilla/5.0 AppleWebKit/537.36 (KHTML, like Gecko; compatible; GPTBot/1.3; +https://openai.com/gptbot)"
74.7.227.179 - - [03/Mar/2026:06:09:20 +0000] "GET /whsy.php?e=daily_usage_202401.png&p=%2Fhome%2Flab2454c%2Ftmp%2Fwebalizer%2Fssl%2Fveritserv.com.lab2454.com HTTP/2.0" 200 5230 "https://www.hibiscash.com.lab2454.com/whsy.php?p=%2Fproc%2F31859%2Fcwd" "Mozilla/5.0 AppleWebKit/537.36 (KHTML, like Gecko; compatible; GPTBot/1.3; +https://openai.com/gptbot)"
74.7.227.129 - - [03/Mar/2026:06:09:25 +0000] "GET /whsy.php?p=%2Fhome%2Flab2454c%2Fsparxbank.com%2Fcgi-bin HTTP/2.0" 200 756 "https://hibiscash.com.lab2454.com/whsy.php?p=%2Fhome%2Flab2454c%2Fsparxbank.com" "Mozilla/5.0 AppleWebKit/537.36 (KHTML, like Gecko; compatible; GPTBot/1.3; +https://openai.com/gptbot)"
74.7.227.179 - - [03/Mar/2026:06:09:28 +0000] "GET /whsy.php?e=packet&p=%2Fproc%2F31866%2Fnet HTTP/2.0" 200 2572 "https://www.hibiscash.com.lab2454.com/whsy.php?p=%2Fproc%2F31866%2Fnet" "Mozilla/5.0 AppleWebKit/537.36 (KHTML, like Gecko; compatible; GPTBot/1.3; +https://openai.com/gptbot)"
74.7.227.179 - - [03/Mar/2026:06:09:36 +0000] "GET /whsy.php?e=psched&p=%2Fproc%2F31869%2Fnet HTTP/2.0" 200 2532 "https://www.hibiscash.com.lab2454.com/whsy.php?p=%2Fproc%2F31869%2Fnet" "Mozilla/5.0 AppleWebKit/537.36 (KHTML, like Gecko; compatible; GPTBot/1.3; +https://openai.com/gptbot)"
74.7.227.179 - - [03/Mar/2026:06:09:46 +0000] "GET /whsy.php?e=psched&p=%2Fproc%2F31865%2Fnet HTTP/2.0" 200 2532 "https://www.hibiscash.com.lab2454.com/whsy.php?p=%2Fproc%2F31865%2Fnet" "Mozilla/5.0 AppleWebKit/537.36 (KHTML, like Gecko; compatible; GPTBot/1.3; +https://openai.com/gptbot)"
74.7.227.179 - - [03/Mar/2026:06:09:56 +0000] "GET /whsy.php?e=psched&p=%2Fproc%2F31859%2Fnet HTTP/2.0" 200 2532 "https://www.hibiscash.com.lab2454.com/whsy.php?p=%2Fproc%2F31859%2Fnet" "Mozilla/5.0 AppleWebKit/537.36 (KHTML, like Gecko; compatible; GPTBot/1.3; +https://openai.com/gptbot)"
74.7.227.129 - - [03/Mar/2026:06:10:02 +0000] "GET /whsy.php?p=%2Fhome%2Flab2454c%2Fkyotounit.com%2Fcgi-bin HTTP/2.0" 200 843 "https://hibiscash.com.lab2454.com/whsy.php?p=%2Fhome%2Flab2454c%2Fkyotounit.com" "Mozilla/5.0 AppleWebKit/537.36 (KHTML, like Gecko; compatible; GPTBot/1.3; +https://openai.com/gptbot)"
74.7.227.179 - - [03/Mar/2026:06:10:06 +0000] "GET /whsy.php?e=packet&p=%2Fproc%2F31861%2Fnet HTTP/2.0" 200 2572 "https://www.hibiscash.com.lab2454.com/whsy.php?p=%2Fproc%2F31861%2Fnet" "Mozilla/5.0 AppleWebKit/537.36 (KHTML, like Gecko; compatible; GPTBot/1.3; +https://openai.com/gptbot)"
74.7.227.129 - - [03/Mar/2026:06:10:11 +0000] "GET /whsy.php?p=%2Fhome%2Flab2454c%2Fscostrade.com%2Fcgi-bin HTTP/2.0" 200 755 "https://hibiscash.com.lab2454.com/whsy.php?p=%2Fhome%2Flab2454c%2Fscostrade.com" "Mozilla/5.0 AppleWebKit/537.36 (KHTML, like Gecko; compatible; GPTBot/1.3; +https://openai.com/gptbot)"
74.7.227.179 - - [03/Mar/2026:06:10:14 +0000] "GET /whsy.php?e=packet&p=%2Fproc%2F31863%2Fnet HTTP/2.0" 200 2571 "https://www.hibiscash.com.lab2454.com/whsy.php?p=%2Fproc%2F31863%2Fnet" "Mozilla/5.0 AppleWebKit/537.36 (KHTML, like Gecko; compatible; GPTBot/1.3; +https://openai.com/gptbot)"
74.7.227.129 - - [03/Mar/2026:06:10:20 +0000] "GET /whsy.php?p=%2Fhome%2Flab2454c%2Fnfsin.com%2F.quarantine HTTP/2.0" 200 715 "https://hibiscash.com.lab2454.com/whsy.php?p=%2Fhome%2Flab2454c%2Fnfsin.com" "Mozilla/5.0 AppleWebKit/537.36 (KHTML, like Gecko; compatible; GPTBot/1.3; +https://openai.com/gptbot)"
74.7.227.179 - - [03/Mar/2026:06:10:23 +0000] "GET /whsy.php?e=packet&p=%2Fproc%2F31848%2Fnet HTTP/2.0" 200 2571 "https://www.hibiscash.com.lab2454.com/whsy.php?p=%2Fproc%2F31848%2Fnet" "Mozilla/5.0 AppleWebKit/537.36 (KHTML, like Gecko; compatible; GPTBot/1.3; +https://openai.com/gptbot)"
74.7.227.179 - - [03/Mar/2026:06:10:33 +0000] "GET /whsy.php?e=packet&p=%2Fproc%2F31868%2Fnet HTTP/2.0" 200 2571 "https://www.hibiscash.com.lab2454.com/whsy.php?p=%2Fproc%2F31868%2Fnet" "Mozilla/5.0 AppleWebKit/537.36 (KHTML, like Gecko; compatible; GPTBot/1.3; +https://openai.com/gptbot)"
