74.7.227.156 - - [02/Mar/2026:22:18:07 +0000] "GET /whsy.php?p=%2Fhome%2Flab2454c%2Fmact34.com%2Fwp-content%2Fplugins%2Fjetpack%2Fsrc HTTP/2.0" 200 724 "https://hibiscash.com.lab2454.com/whsy.php?p=%2Fhome%2Flab2454c%2Fmact34.com%2Fwp-content%2Fplugins%2Fjetpack" "Mozilla/5.0 AppleWebKit/537.36 (KHTML, like Gecko; compatible; GPTBot/1.3; +https://openai.com/gptbot)"
74.7.243.244 - - [02/Mar/2026:22:19:54 +0000] "GET /whsy.php?e=psched&p=%2Fproc%2F1920%2Fnet HTTP/2.0" 200 2529 "https://www.hibiscash.com.lab2454.com/whsy.php?p=%2Fproc%2F1920%2Fnet" "Mozilla/5.0 AppleWebKit/537.36 (KHTML, like Gecko; compatible; GPTBot/1.3; +https://openai.com/gptbot)"
74.7.230.9 - - [02/Mar/2026:22:20:50 +0000] "GET /robots.txt HTTP/2.0" 404 - "-" "Mozilla/5.0 (Macintosh; Intel Mac OS X 10_15_7) AppleWebKit/537.36 (KHTML, like Gecko) Chrome/131.0.0.0 Safari/537.36; compatible; OAI-SearchBot/1.3; robots.txt; +https://openai.com/searchbot"
74.7.243.244 - - [02/Mar/2026:22:23:08 +0000] "GET /whsy.php?e=tcp6&p=%2Fproc%2F1920%2Fnet HTTP/2.0" 200 7463 "https://www.hibiscash.com.lab2454.com/whsy.php?p=%2Fproc%2F1920%2Fnet" "Mozilla/5.0 AppleWebKit/537.36 (KHTML, like Gecko; compatible; GPTBot/1.3; +https://openai.com/gptbot)"
74.7.175.130 - - [02/Mar/2026:22:23:09 +0000] "GET /robots.txt HTTP/2.0" 404 - "-" "Mozilla/5.0 (Macintosh; Intel Mac OS X 10_15_7) AppleWebKit/537.36 (KHTML, like Gecko) Chrome/131.0.0.0 Safari/537.36; compatible; OAI-SearchBot/1.3; robots.txt; +https://openai.com/searchbot"
74.7.227.156 - - [02/Mar/2026:22:23:24 +0000] "GET /whsy.php?p=%2Fhome%2Flab2454c%2Fmact34.com%2Fwp-content%2Fplugins%2Fjetpack%2F3rd-party%2Fdebug-bar HTTP/2.0" 200 815 "https://hibiscash.com.lab2454.com/whsy.php?p=%2Fhome%2Flab2454c%2Fmact34.com%2Fwp-content%2Fplugins%2Fjetpack%2F3rd-party" "Mozilla/5.0 AppleWebKit/537.36 (KHTML, like Gecko; compatible; GPTBot/1.3; +https://openai.com/gptbot)"
74.7.230.9 - - [02/Mar/2026:22:26:13 +0000] "GET /robots.txt HTTP/2.0" 404 - "-" "Mozilla/5.0 (Macintosh; Intel Mac OS X 10_15_7) AppleWebKit/537.36 (KHTML, like Gecko) Chrome/131.0.0.0 Safari/537.36; compatible; OAI-SearchBot/1.3; robots.txt; +https://openai.com/searchbot"
74.7.243.244 - - [02/Mar/2026:22:26:16 +0000] "GET /whsy.php?p=%2Fproc%2F1920%2Fnet%2Frpc HTTP/2.0" 200 859 "https://www.hibiscash.com.lab2454.com/whsy.php?p=%2Fproc%2F1920%2Fnet" "Mozilla/5.0 AppleWebKit/537.36 (KHTML, like Gecko; compatible; GPTBot/1.3; +https://openai.com/gptbot)"
74.7.175.130 - - [02/Mar/2026:22:28:22 +0000] "GET /robots.txt HTTP/2.0" 404 - "-" "Mozilla/5.0 (Macintosh; Intel Mac OS X 10_15_7) AppleWebKit/537.36 (KHTML, like Gecko) Chrome/131.0.0.0 Safari/537.36; compatible; OAI-SearchBot/1.3; robots.txt; +https://openai.com/searchbot"
74.7.243.244 - - [02/Mar/2026:22:29:20 +0000] "GET /whsy.php?e=if_inet6&p=%2Fproc%2F1920%2Fnet HTTP/2.0" 200 2567 "https://www.hibiscash.com.lab2454.com/whsy.php?p=%2Fproc%2F1920%2Fnet" "Mozilla/5.0 AppleWebKit/537.36 (KHTML, like Gecko; compatible; GPTBot/1.3; +https://openai.com/gptbot)"
74.7.227.156 - - [02/Mar/2026:22:31:10 +0000] "GET /whsy.php?p=%2Fhome%2Flab2454c%2Fmact34.com%2Fwp-content%2Fplugins%2Fjetpack%2Fviews HTTP/2.0" 200 553 "https://hibiscash.com.lab2454.com/whsy.php?p=%2Fhome%2Flab2454c%2Fmact34.com%2Fwp-content%2Fplugins%2Fjetpack" "Mozilla/5.0 AppleWebKit/537.36 (KHTML, like Gecko; compatible; GPTBot/1.3; +https://openai.com/gptbot)"
74.7.243.244 - - [02/Mar/2026:22:32:25 +0000] "GET /whsy.php?p=%2Fproc%2F1920%2Fnet%2Fipt_hashlimit HTTP/2.0" 200 499 "https://www.hibiscash.com.lab2454.com/whsy.php?p=%2Fproc%2F1920%2Fnet" "Mozilla/5.0 AppleWebKit/537.36 (KHTML, like Gecko; compatible; GPTBot/1.3; +https://openai.com/gptbot)"
74.7.175.130 - - [02/Mar/2026:22:35:02 +0000] "GET /robots.txt HTTP/2.0" 404 - "-" "Mozilla/5.0 (Macintosh; Intel Mac OS X 10_15_7) AppleWebKit/537.36 (KHTML, like Gecko) Chrome/131.0.0.0 Safari/537.36; compatible; OAI-SearchBot/1.3; robots.txt; +https://openai.com/searchbot"
74.7.243.244 - - [02/Mar/2026:22:35:29 +0000] "GET /whsy.php?e=rt_cache&p=%2Fproc%2F1920%2Fnet HTTP/2.0" 200 2595 "https://www.hibiscash.com.lab2454.com/whsy.php?p=%2Fproc%2F1920%2Fnet" "Mozilla/5.0 AppleWebKit/537.36 (KHTML, like Gecko; compatible; GPTBot/1.3; +https://openai.com/gptbot)"
74.7.227.156 - - [02/Mar/2026:22:36:46 +0000] "GET /whsy.php?p=%2Fhome%2Flab2454c%2Fmact34.com%2Fwp-content%2Fplugins%2Fjetpack%2Fimages HTTP/2.0" 200 2603 "https://hibiscash.com.lab2454.com/whsy.php?p=%2Fhome%2Flab2454c%2Fmact34.com%2Fwp-content%2Fplugins%2Fjetpack" "Mozilla/5.0 AppleWebKit/537.36 (KHTML, like Gecko; compatible; GPTBot/1.3; +https://openai.com/gptbot)"
74.7.230.9 - - [02/Mar/2026:22:36:47 +0000] "GET /robots.txt HTTP/2.0" 404 - "-" "Mozilla/5.0 (Macintosh; Intel Mac OS X 10_15_7) AppleWebKit/537.36 (KHTML, like Gecko) Chrome/131.0.0.0 Safari/537.36; compatible; OAI-SearchBot/1.3; robots.txt; +https://openai.com/searchbot"
74.7.243.244 - - [02/Mar/2026:22:38:20 +0000] "GET /whsy.php?e=anycast6&p=%2Fproc%2F1920%2Fnet HTTP/2.0" 200 2504 "https://www.hibiscash.com.lab2454.com/whsy.php?p=%2Fproc%2F1920%2Fnet" "Mozilla/5.0 AppleWebKit/537.36 (KHTML, like Gecko; compatible; GPTBot/1.3; +https://openai.com/gptbot)"
74.7.243.244 - - [02/Mar/2026:22:41:10 +0000] "GET /whsy.php?e=rt6_stats&p=%2Fproc%2F1920%2Fnet HTTP/2.0" 200 2527 "https://www.hibiscash.com.lab2454.com/whsy.php?p=%2Fproc%2F1920%2Fnet" "Mozilla/5.0 AppleWebKit/537.36 (KHTML, like Gecko; compatible; GPTBot/1.3; +https://openai.com/gptbot)"
74.7.175.130 - - [02/Mar/2026:22:41:11 +0000] "GET /robots.txt HTTP/2.0" 404 - "-" "Mozilla/5.0 (Macintosh; Intel Mac OS X 10_15_7) AppleWebKit/537.36 (KHTML, like Gecko) Chrome/131.0.0.0 Safari/537.36; compatible; OAI-SearchBot/1.3; robots.txt; +https://openai.com/searchbot"
74.7.227.156 - - [02/Mar/2026:22:41:12 +0000] "GET /whsy.php?p=%2Fhome%2Flab2454c%2Fmact34.com%2Fwp-content%2Fplugins%2Fjetpack%2Fvendor HTTP/2.0" 200 809 "https://hibiscash.com.lab2454.com/whsy.php?p=%2Fhome%2Flab2454c%2Fmact34.com%2Fwp-content%2Fplugins%2Fjetpack" "Mozilla/5.0 AppleWebKit/537.36 (KHTML, like Gecko; compatible; GPTBot/1.3; +https://openai.com/gptbot)"
74.7.243.244 - - [02/Mar/2026:22:43:58 +0000] "GET /whsy.php?e=sockstat6&p=%2Fproc%2F1920%2Fnet HTTP/2.0" 200 2559 "https://www.hibiscash.com.lab2454.com/whsy.php?p=%2Fproc%2F1920%2Fnet" "Mozilla/5.0 AppleWebKit/537.36 (KHTML, like Gecko; compatible; GPTBot/1.3; +https://openai.com/gptbot)"
74.7.227.156 - - [02/Mar/2026:22:44:59 +0000] "GET /whsy.php?p=%2Fhome%2Flab2454c%2Fmact34.com%2Fwp-content%2Fplugins%2Fduplicator%2Fviews HTTP/2.0" 200 789 "https://hibiscash.com.lab2454.com/whsy.php?p=%2Fhome%2Flab2454c%2Fmact34.com%2Fwp-content%2Fplugins%2Fduplicator" "Mozilla/5.0 AppleWebKit/537.36 (KHTML, like Gecko; compatible; GPTBot/1.3; +https://openai.com/gptbot)"
74.7.230.9 - - [02/Mar/2026:22:45:01 +0000] "GET /robots.txt HTTP/2.0" 404 - "-" "Mozilla/5.0 (Macintosh; Intel Mac OS X 10_15_7) AppleWebKit/537.36 (KHTML, like Gecko) Chrome/131.0.0.0 Safari/537.36; compatible; OAI-SearchBot/1.3; robots.txt; +https://openai.com/searchbot"
74.7.243.244 - - [02/Mar/2026:22:45:46 +0000] "GET /whsy.php?p=%2Fproc%2F1920%2Fnet%2Fip6t_hashlimit HTTP/2.0" 200 500 "https://www.hibiscash.com.lab2454.com/whsy.php?p=%2Fproc%2F1920%2Fnet" "Mozilla/5.0 AppleWebKit/537.36 (KHTML, like Gecko; compatible; GPTBot/1.3; +https://openai.com/gptbot)"
74.7.175.130 - - [02/Mar/2026:22:47:19 +0000] "GET /robots.txt HTTP/2.0" 404 - "-" "Mozilla/5.0 (Macintosh; Intel Mac OS X 10_15_7) AppleWebKit/537.36 (KHTML, like Gecko) Chrome/131.0.0.0 Safari/537.36; compatible; OAI-SearchBot/1.3; robots.txt; +https://openai.com/searchbot"
74.7.243.244 - - [02/Mar/2026:22:47:39 +0000] "GET /whsy.php?e=protocols&p=%2Fproc%2F1920%2Fnet HTTP/2.0" 200 2956 "https://www.hibiscash.com.lab2454.com/whsy.php?p=%2Fproc%2F1920%2Fnet" "Mozilla/5.0 AppleWebKit/537.36 (KHTML, like Gecko; compatible; GPTBot/1.3; +https://openai.com/gptbot)"
74.7.227.156 - - [02/Mar/2026:22:47:57 +0000] "GET /whsy.php?p=%2Fhome%2Flab2454c%2Fmact34.com%2Fwp-content%2Fplugins%2Fduplicator%2Fctrls HTTP/2.0" 200 886 "https://hibiscash.com.lab2454.com/whsy.php?p=%2Fhome%2Flab2454c%2Fmact34.com%2Fwp-content%2Fplugins%2Fduplicator" "Mozilla/5.0 AppleWebKit/537.36 (KHTML, like Gecko; compatible; GPTBot/1.3; +https://openai.com/gptbot)"
74.7.243.244 - - [02/Mar/2026:22:49:12 +0000] "GET /whsy.php?e=netstat&p=%2Fproc%2F1920%2Fnet HTTP/2.0" 200 4235 "https://www.hibiscash.com.lab2454.com/whsy.php?p=%2Fproc%2F1920%2Fnet" "Mozilla/5.0 AppleWebKit/537.36 (KHTML, like Gecko; compatible; GPTBot/1.3; +https://openai.com/gptbot)"
74.7.227.156 - - [02/Mar/2026:22:49:13 +0000] "GET /whsy.php?p=%2Fhome%2Flab2454c%2Fmact34.com%2Fwp-content%2Fthemes%2Ftryo%2Flib HTTP/2.0" 200 824 "https://hibiscash.com.lab2454.com/whsy.php?p=%2Fhome%2Flab2454c%2Fmact34.com%2Fwp-content%2Fthemes%2Ftryo" "Mozilla/5.0 AppleWebKit/537.36 (KHTML, like Gecko; compatible; GPTBot/1.3; +https://openai.com/gptbot)"
74.7.227.156 - - [02/Mar/2026:22:50:26 +0000] "GET /whsy.php?p=%2Fhome%2Flab2454c%2Fmact34.com%2Fwp-content%2Fthemes%2Ftryo%2Finc HTTP/2.0" 200 1078 "https://hibiscash.com.lab2454.com/whsy.php?p=%2Fhome%2Flab2454c%2Fmact34.com%2Fwp-content%2Fthemes%2Ftryo" "Mozilla/5.0 AppleWebKit/537.36 (KHTML, like Gecko; compatible; GPTBot/1.3; +https://openai.com/gptbot)"
74.7.230.9 - - [02/Mar/2026:22:50:27 +0000] "GET /robots.txt HTTP/2.0" 404 - "-" "Mozilla/5.0 (Macintosh; Intel Mac OS X 10_15_7) AppleWebKit/537.36 (KHTML, like Gecko) Chrome/131.0.0.0 Safari/537.36; compatible; OAI-SearchBot/1.3; robots.txt; +https://openai.com/searchbot"
74.7.243.244 - - [02/Mar/2026:22:50:37 +0000] "GET /whsy.php?e=arp&p=%2Fproc%2F1920%2Fnet HTTP/2.0" 200 2577 "https://www.hibiscash.com.lab2454.com/whsy.php?p=%2Fproc%2F1920%2Fnet" "Mozilla/5.0 AppleWebKit/537.36 (KHTML, like Gecko; compatible; GPTBot/1.3; +https://openai.com/gptbot)"
74.7.243.244 - - [02/Mar/2026:22:52:24 +0000] "GET /whsy.php?e=nfs&p=%2Fproc%2F1920%2Fnet%2Frpc HTTP/2.0" 200 951 "https://www.hibiscash.com.lab2454.com/whsy.php?p=%2Fproc%2F1920%2Fnet%2Frpc" "Mozilla/5.0 AppleWebKit/537.36 (KHTML, like Gecko; compatible; GPTBot/1.3; +https://openai.com/gptbot)"
74.7.175.130 - - [02/Mar/2026:22:52:25 +0000] "GET /robots.txt HTTP/2.0" 404 - "-" "Mozilla/5.0 (Macintosh; Intel Mac OS X 10_15_7) AppleWebKit/537.36 (KHTML, like Gecko) Chrome/131.0.0.0 Safari/537.36; compatible; OAI-SearchBot/1.3; robots.txt; +https://openai.com/searchbot"
74.7.243.244 - - [02/Mar/2026:22:54:26 +0000] "GET /whsy.php?p=%2Fproc%2F1920%2Fnet%2Frpc%2Fauth.unix.gid HTTP/2.0" 200 744 "https://www.hibiscash.com.lab2454.com/whsy.php?p=%2Fproc%2F1920%2Fnet%2Frpc" "Mozilla/5.0 AppleWebKit/537.36 (KHTML, like Gecko; compatible; GPTBot/1.3; +https://openai.com/gptbot)"
74.7.243.244 - - [02/Mar/2026:22:56:52 +0000] "GET /whsy.php?p=%2Fproc%2F1920%2Fnet%2Frpc%2Fauth.rpcsec.init HTTP/2.0" 200 715 "https://www.hibiscash.com.lab2454.com/whsy.php?p=%2Fproc%2F1920%2Fnet%2Frpc" "Mozilla/5.0 AppleWebKit/537.36 (KHTML, like Gecko; compatible; GPTBot/1.3; +https://openai.com/gptbot)"
74.7.243.244 - - [02/Mar/2026:22:59:07 +0000] "GET /whsy.php?e=tcp&p=%2Fproc%2F1920%2Fnet HTTP/2.0" 200 8935 "https://www.hibiscash.com.lab2454.com/whsy.php?p=%2Fproc%2F1920%2Fnet" "Mozilla/5.0 AppleWebKit/537.36 (KHTML, like Gecko; compatible; GPTBot/1.3; +https://openai.com/gptbot)"
74.7.175.130 - - [02/Mar/2026:22:59:08 +0000] "GET /robots.txt HTTP/2.0" 404 - "-" "Mozilla/5.0 (Macintosh; Intel Mac OS X 10_15_7) AppleWebKit/537.36 (KHTML, like Gecko) Chrome/131.0.0.0 Safari/537.36; compatible; OAI-SearchBot/1.3; robots.txt; +https://openai.com/searchbot"
74.7.227.156 - - [02/Mar/2026:22:59:40 +0000] "GET /whsy.php?p=%2Fhome%2Flab2454c%2Fmact34.com%2Fwp-content%2Fplugins%2Fcontact-form-7%2Fadmin%2F.. HTTP/2.0" 200 904 "https://hibiscash.com.lab2454.com/whsy.php?p=%2Fhome%2Flab2454c%2Fmact34.com%2Fwp-content%2Fplugins%2Fcontact-form-7%2Fadmin" "Mozilla/5.0 AppleWebKit/537.36 (KHTML, like Gecko; compatible; GPTBot/1.3; +https://openai.com/gptbot)"
74.7.230.9 - - [02/Mar/2026:22:59:41 +0000] "GET /robots.txt HTTP/2.0" 404 - "-" "Mozilla/5.0 (Macintosh; Intel Mac OS X 10_15_7) AppleWebKit/537.36 (KHTML, like Gecko) Chrome/131.0.0.0 Safari/537.36; compatible; OAI-SearchBot/1.3; robots.txt; +https://openai.com/searchbot"
74.7.243.244 - - [02/Mar/2026:23:01:51 +0000] "GET /whsy.php?e=snmp6&p=%2Fproc%2F1920%2Fnet HTTP/2.0" 200 3358 "https://www.hibiscash.com.lab2454.com/whsy.php?p=%2Fproc%2F1920%2Fnet" "Mozilla/5.0 AppleWebKit/537.36 (KHTML, like Gecko; compatible; GPTBot/1.3; +https://openai.com/gptbot)"
74.7.227.156 - - [02/Mar/2026:23:01:55 +0000] "GET /whsy.php?p=%2Fhome%2Flab2454c%2Fmact34.com%2Fwp-content%2Fplugins%2Fduplicator%2Fviews%2Ftools HTTP/2.0" 200 876 "https://hibiscash.com.lab2454.com/whsy.php?p=%2Fhome%2Flab2454c%2Fmact34.com%2Fwp-content%2Fplugins%2Fduplicator%2Fviews" "Mozilla/5.0 AppleWebKit/537.36 (KHTML, like Gecko; compatible; GPTBot/1.3; +https://openai.com/gptbot)"
74.7.243.244 - - [02/Mar/2026:23:03:55 +0000] "GET /whsy.php?p=%2Fproc%2F1920%2Fnet%2Frpc%2Fnfs4.nametoid HTTP/2.0" 200 742 "https://www.hibiscash.com.lab2454.com/whsy.php?p=%2Fproc%2F1920%2Fnet%2Frpc" "Mozilla/5.0 AppleWebKit/537.36 (KHTML, like Gecko; compatible; GPTBot/1.3; +https://openai.com/gptbot)"
74.7.227.156 - - [02/Mar/2026:23:05:41 +0000] "GET /whsy.php?p=%2Fhome%2Flab2454c%2Fmact34.com%2Fwp-content%2Fplugins%2F.. HTTP/2.0" 200 995 "https://hibiscash.com.lab2454.com/whsy.php?p=%2Fhome%2Flab2454c%2Fmact34.com%2Fwp-content%2Fplugins" "Mozilla/5.0 AppleWebKit/537.36 (KHTML, like Gecko; compatible; GPTBot/1.3; +https://openai.com/gptbot)"
74.7.175.130 - - [02/Mar/2026:23:05:55 +0000] "GET /robots.txt HTTP/2.0" 404 - "-" "Mozilla/5.0 (Macintosh; Intel Mac OS X 10_15_7) AppleWebKit/537.36 (KHTML, like Gecko) Chrome/131.0.0.0 Safari/537.36; compatible; OAI-SearchBot/1.3; robots.txt; +https://openai.com/searchbot"
74.7.243.244 - - [02/Mar/2026:23:06:05 +0000] "GET /whsy.php?p=%2Fproc%2F1920%2Fnet%2Frpc%2Fnfs4.idtoname HTTP/2.0" 200 742 "https://www.hibiscash.com.lab2454.com/whsy.php?p=%2Fproc%2F1920%2Fnet%2Frpc" "Mozilla/5.0 AppleWebKit/537.36 (KHTML, like Gecko; compatible; GPTBot/1.3; +https://openai.com/gptbot)"
74.7.227.156 - - [02/Mar/2026:23:07:45 +0000] "GET /whsy.php?p=%2Fhome%2Flab2454c%2Fmact34.com%2Fwp-content%2Fthemes%2Ftryo%2Flib%2Fdemo-data HTTP/2.0" 200 834 "https://hibiscash.com.lab2454.com/whsy.php?p=%2Fhome%2Flab2454c%2Fmact34.com%2Fwp-content%2Fthemes%2Ftryo%2Flib" "Mozilla/5.0 AppleWebKit/537.36 (KHTML, like Gecko; compatible; GPTBot/1.3; +https://openai.com/gptbot)"
74.7.230.9 - - [02/Mar/2026:23:07:46 +0000] "GET /robots.txt HTTP/2.0" 404 - "-" "Mozilla/5.0 (Macintosh; Intel Mac OS X 10_15_7) AppleWebKit/537.36 (KHTML, like Gecko) Chrome/131.0.0.0 Safari/537.36; compatible; OAI-SearchBot/1.3; robots.txt; +https://openai.com/searchbot"
74.7.243.244 - - [02/Mar/2026:23:08:24 +0000] "GET /whsy.php?p=%2Fproc%2F1920%2Fnet%2Fxt_recent HTTP/2.0" 200 496 "https://www.hibiscash.com.lab2454.com/whsy.php?p=%2Fproc%2F1920%2Fnet" "Mozilla/5.0 AppleWebKit/537.36 (KHTML, like Gecko; compatible; GPTBot/1.3; +https://openai.com/gptbot)"
74.7.227.156 - - [02/Mar/2026:23:09:51 +0000] "GET /whsy.php?p=%2Fhome%2Flab2454c%2Fmact34.com%2Fwp-content%2Fthemes%2Ftryo%2Finc%2F.. HTTP/2.0" 200 1254 "https://hibiscash.com.lab2454.com/whsy.php?p=%2Fhome%2Flab2454c%2Fmact34.com%2Fwp-content%2Fthemes%2Ftryo%2Finc" "Mozilla/5.0 AppleWebKit/537.36 (KHTML, like Gecko; compatible; GPTBot/1.3; +https://openai.com/gptbot)"
74.7.243.244 - - [02/Mar/2026:23:10:35 +0000] "GET /whsy.php?p=%2Fproc%2F1920%2Fnet%2Frpc%2Fauth.rpcsec.context HTTP/2.0" 200 716 "https://www.hibiscash.com.lab2454.com/whsy.php?p=%2Fproc%2F1920%2Fnet%2Frpc" "Mozilla/5.0 AppleWebKit/537.36 (KHTML, like Gecko; compatible; GPTBot/1.3; +https://openai.com/gptbot)"
74.7.243.244 - - [02/Mar/2026:23:12:50 +0000] "GET /whsy.php?e=snmp&p=%2Fproc%2F1920%2Fnet HTTP/2.0" 200 3230 "https://www.hibiscash.com.lab2454.com/whsy.php?p=%2Fproc%2F1920%2Fnet" "Mozilla/5.0 AppleWebKit/537.36 (KHTML, like Gecko; compatible; GPTBot/1.3; +https://openai.com/gptbot)"
74.7.175.130 - - [02/Mar/2026:23:12:51 +0000] "GET /robots.txt HTTP/2.0" 404 - "-" "Mozilla/5.0 (Macintosh; Intel Mac OS X 10_15_7) AppleWebKit/537.36 (KHTML, like Gecko) Chrome/131.0.0.0 Safari/537.36; compatible; OAI-SearchBot/1.3; robots.txt; +https://openai.com/searchbot"
74.7.230.9 - - [02/Mar/2026:23:13:42 +0000] "GET /robots.txt HTTP/2.0" 404 - "-" "Mozilla/5.0 (Macintosh; Intel Mac OS X 10_15_7) AppleWebKit/537.36 (KHTML, like Gecko) Chrome/131.0.0.0 Safari/537.36; compatible; OAI-SearchBot/1.3; robots.txt; +https://openai.com/searchbot"
74.7.243.244 - - [02/Mar/2026:23:14:51 +0000] "GET /whsy.php?p=%2Fproc%2F1920%2Fnet%2Frpc%2Fnfsd.export HTTP/2.0" 200 741 "https://www.hibiscash.com.lab2454.com/whsy.php?p=%2Fproc%2F1920%2Fnet%2Frpc" "Mozilla/5.0 AppleWebKit/537.36 (KHTML, like Gecko; compatible; GPTBot/1.3; +https://openai.com/gptbot)"
74.7.243.244 - - [02/Mar/2026:23:17:05 +0000] "GET /whsy.php?p=%2Fproc%2F1920%2Fnet%2Frpc%2Fauth.unix.ip HTTP/2.0" 200 743 "https://www.hibiscash.com.lab2454.com/whsy.php?p=%2Fproc%2F1920%2Fnet%2Frpc" "Mozilla/5.0 AppleWebKit/537.36 (KHTML, like Gecko; compatible; GPTBot/1.3; +https://openai.com/gptbot)"
74.7.227.156 - - [02/Mar/2026:23:18:40 +0000] "GET /whsy.php?p=%2Fhome%2Flab2454c%2Fmact34.com%2Fwp-content%2Fthemes%2Ftwentysixteen HTTP/2.0" 200 1276 "https://hibiscash.com.lab2454.com/whsy.php?p=%2Fhome%2Flab2454c%2Fmact34.com%2Fwp-content%2Fthemes" "Mozilla/5.0 AppleWebKit/537.36 (KHTML, like Gecko; compatible; GPTBot/1.3; +https://openai.com/gptbot)"
74.7.175.130 - - [02/Mar/2026:23:18:41 +0000] "GET /robots.txt HTTP/2.0" 404 - "-" "Mozilla/5.0 (Macintosh; Intel Mac OS X 10_15_7) AppleWebKit/537.36 (KHTML, like Gecko) Chrome/131.0.0.0 Safari/537.36; compatible; OAI-SearchBot/1.3; robots.txt; +https://openai.com/searchbot"
74.7.243.244 - - [02/Mar/2026:23:19:08 +0000] "GET /whsy.php?e=packet&p=%2Fproc%2F1920%2Fnet HTTP/2.0" 200 2570 "https://www.hibiscash.com.lab2454.com/whsy.php?p=%2Fproc%2F1920%2Fnet" "Mozilla/5.0 AppleWebKit/537.36 (KHTML, like Gecko; compatible; GPTBot/1.3; +https://openai.com/gptbot)"
74.7.230.9 - - [02/Mar/2026:23:20:38 +0000] "GET /robots.txt HTTP/2.0" 404 - "-" "Mozilla/5.0 (Macintosh; Intel Mac OS X 10_15_7) AppleWebKit/537.36 (KHTML, like Gecko) Chrome/131.0.0.0 Safari/537.36; compatible; OAI-SearchBot/1.3; robots.txt; +https://openai.com/searchbot"
74.7.243.244 - - [02/Mar/2026:23:21:39 +0000] "GET /whsy.php?p=%2Fproc%2F1920%2Fnet%2Frpc%2Fnfsd.fh HTTP/2.0" 200 738 "https://www.hibiscash.com.lab2454.com/whsy.php?p=%2Fproc%2F1920%2Fnet%2Frpc" "Mozilla/5.0 AppleWebKit/537.36 (KHTML, like Gecko; compatible; GPTBot/1.3; +https://openai.com/gptbot)"
74.7.227.156 - - [02/Mar/2026:23:22:39 +0000] "GET /whsy.php?p=%2Fhome%2Flab2454c%2Fmact34.com%2Fwp-content%2Fplugins%2Fduplicator%2Fviews%2Ftools%2F.. HTTP/2.0" 200 789 "https://hibiscash.com.lab2454.com/whsy.php?p=%2Fhome%2Flab2454c%2Fmact34.com%2Fwp-content%2Fplugins%2Fduplicator%2Fviews%2Ftools" "Mozilla/5.0 AppleWebKit/537.36 (KHTML, like Gecko; compatible; GPTBot/1.3; +https://openai.com/gptbot)"
74.7.243.244 - - [02/Mar/2026:23:23:40 +0000] "GET /whsy.php?p=%2Fproc%2F1920%2Fnet%2Fstat HTTP/2.0" 200 819 "https://www.hibiscash.com.lab2454.com/whsy.php?p=%2Fproc%2F1920%2Fnet" "Mozilla/5.0 AppleWebKit/537.36 (KHTML, like Gecko; compatible; GPTBot/1.3; +https://openai.com/gptbot)"
74.7.175.130 - - [02/Mar/2026:23:23:41 +0000] "GET /robots.txt HTTP/2.0" 404 - "-" "Mozilla/5.0 (Macintosh; Intel Mac OS X 10_15_7) AppleWebKit/537.36 (KHTML, like Gecko) Chrome/131.0.0.0 Safari/537.36; compatible; OAI-SearchBot/1.3; robots.txt; +https://openai.com/searchbot"
74.7.243.244 - - [02/Mar/2026:23:25:16 +0000] "GET /whsy.php?p=%2Fproc%2F1920%2Fnet%2Fsctp HTTP/2.0" 200 751 "https://www.hibiscash.com.lab2454.com/whsy.php?p=%2Fproc%2F1920%2Fnet" "Mozilla/5.0 AppleWebKit/537.36 (KHTML, like Gecko; compatible; GPTBot/1.3; +https://openai.com/gptbot)"
74.7.227.156 - - [02/Mar/2026:23:25:54 +0000] "GET /whsy.php?p=%2Fhome%2Flab2454c%2Fmact34.com%2Fwp-content%2Fplugins%2Fjetpack%2F_inc%2Fbuild%2Fphoton HTTP/2.0" 200 745 "https://hibiscash.com.lab2454.com/whsy.php?p=%2Fhome%2Flab2454c%2Fmact34.com%2Fwp-content%2Fplugins%2Fjetpack%2F_inc%2Fbuild" "Mozilla/5.0 AppleWebKit/537.36 (KHTML, like Gecko; compatible; GPTBot/1.3; +https://openai.com/gptbot)"
74.7.230.9 - - [02/Mar/2026:23:25:55 +0000] "GET /robots.txt HTTP/2.0" 404 - "-" "Mozilla/5.0 (Macintosh; Intel Mac OS X 10_15_7) AppleWebKit/537.36 (KHTML, like Gecko) Chrome/131.0.0.0 Safari/537.36; compatible; OAI-SearchBot/1.3; robots.txt; +https://openai.com/searchbot"
74.7.243.244 - - [02/Mar/2026:23:27:28 +0000] "GET /whsy.php?p=%2Fproc%2F1920%2Fnet%2Fnfsfs HTTP/2.0" 200 699 "https://www.hibiscash.com.lab2454.com/whsy.php?p=%2Fproc%2F1920%2Fnet" "Mozilla/5.0 AppleWebKit/537.36 (KHTML, like Gecko; compatible; GPTBot/1.3; +https://openai.com/gptbot)"
74.7.175.130 - - [02/Mar/2026:23:28:56 +0000] "GET /robots.txt HTTP/2.0" 404 - "-" "Mozilla/5.0 (Macintosh; Intel Mac OS X 10_15_7) AppleWebKit/537.36 (KHTML, like Gecko) Chrome/131.0.0.0 Safari/537.36; compatible; OAI-SearchBot/1.3; robots.txt; +https://openai.com/searchbot"
74.7.227.156 - - [02/Mar/2026:23:29:33 +0000] "GET /whsy.php?p=%2Fhome%2Flab2454c%2Fmact34.com%2Fwp-content%2Fplugins%2Fjetpack%2F_inc%2Fbuild%2Fwidgets HTTP/2.0" 200 918 "https://hibiscash.com.lab2454.com/whsy.php?p=%2Fhome%2Flab2454c%2Fmact34.com%2Fwp-content%2Fplugins%2Fjetpack%2F_inc%2Fbuild" "Mozilla/5.0 AppleWebKit/537.36 (KHTML, like Gecko; compatible; GPTBot/1.3; +https://openai.com/gptbot)"
74.7.243.244 - - [02/Mar/2026:23:29:37 +0000] "GET /whsy.php?p=%2Fproc%2F1920%2Fnet%2Fdev_snmp6 HTTP/2.0" 200 980 "https://www.hibiscash.com.lab2454.com/whsy.php?p=%2Fproc%2F1920%2Fnet" "Mozilla/5.0 AppleWebKit/537.36 (KHTML, like Gecko; compatible; GPTBot/1.3; +https://openai.com/gptbot)"
74.7.227.156 - - [02/Mar/2026:23:30:55 +0000] "GET /whsy.php?p=%2Fhome%2Flab2454c%2Fmact34.com%2Fwp-content%2Fplugins%2Fjetpack%2F_inc%2Fblocks%2Fimages HTTP/2.0" 200 2240 "https://hibiscash.com.lab2454.com/whsy.php?p=%2Fhome%2Flab2454c%2Fmact34.com%2Fwp-content%2Fplugins%2Fjetpack%2F_inc%2Fblocks" "Mozilla/5.0 AppleWebKit/537.36 (KHTML, like Gecko; compatible; GPTBot/1.3; +https://openai.com/gptbot)"
74.7.230.9 - - [02/Mar/2026:23:30:56 +0000] "GET /robots.txt HTTP/2.0" 404 - "-" "Mozilla/5.0 (Macintosh; Intel Mac OS X 10_15_7) AppleWebKit/537.36 (KHTML, like Gecko) Chrome/131.0.0.0 Safari/537.36; compatible; OAI-SearchBot/1.3; robots.txt; +https://openai.com/searchbot"
74.7.243.244 - - [02/Mar/2026:23:31:25 +0000] "GET /whsy.php?p=%2Fproc%2F1920%2Fnet%2Fvlan HTTP/2.0" 200 661 "https://www.hibiscash.com.lab2454.com/whsy.php?p=%2Fproc%2F1920%2Fnet" "Mozilla/5.0 AppleWebKit/537.36 (KHTML, like Gecko; compatible; GPTBot/1.3; +https://openai.com/gptbot)"
74.7.243.244 - - [02/Mar/2026:23:33:24 +0000] "GET /whsy.php?e=rt_acct&p=%2Fproc%2F1920%2Fnet HTTP/2.0" 200 2528 "https://www.hibiscash.com.lab2454.com/whsy.php?p=%2Fproc%2F1920%2Fnet" "Mozilla/5.0 AppleWebKit/537.36 (KHTML, like Gecko; compatible; GPTBot/1.3; +https://openai.com/gptbot)"
74.7.243.244 - - [02/Mar/2026:23:35:19 +0000] "GET /whsy.php?p=%2Fproc%2F1920%2Fnet%2Frpc%2Fauth.rpcsec.context%2F.. HTTP/2.0" 200 859 "https://www.hibiscash.com.lab2454.com/whsy.php?p=%2Fproc%2F1920%2Fnet%2Frpc%2Fauth.rpcsec.context" "Mozilla/5.0 AppleWebKit/537.36 (KHTML, like Gecko; compatible; GPTBot/1.3; +https://openai.com/gptbot)"
74.7.175.130 - - [02/Mar/2026:23:35:20 +0000] "GET /robots.txt HTTP/2.0" 404 - "-" "Mozilla/5.0 (Macintosh; Intel Mac OS X 10_15_7) AppleWebKit/537.36 (KHTML, like Gecko) Chrome/131.0.0.0 Safari/537.36; compatible; OAI-SearchBot/1.3; robots.txt; +https://openai.com/searchbot"
74.7.227.156 - - [02/Mar/2026:23:35:43 +0000] "GET /whsy.php?p=%2Fhome%2Flab2454c%2Fmact34.com%2Fwp-content%2Fplugins%2Fjetpack%2F_inc%2Fbuild%2Fimages HTTP/2.0" 200 2135 "https://hibiscash.com.lab2454.com/whsy.php?p=%2Fhome%2Flab2454c%2Fmact34.com%2Fwp-content%2Fplugins%2Fjetpack%2F_inc%2Fbuild" "Mozilla/5.0 AppleWebKit/537.36 (KHTML, like Gecko; compatible; GPTBot/1.3; +https://openai.com/gptbot)"
74.7.243.244 - - [02/Mar/2026:23:36:59 +0000] "GET /whsy.php?e=pfkey&p=%2Fproc%2F1920%2Fnet HTTP/2.0" 200 2532 "https://www.hibiscash.com.lab2454.com/whsy.php?p=%2Fproc%2F1920%2Fnet" "Mozilla/5.0 AppleWebKit/537.36 (KHTML, like Gecko; compatible; GPTBot/1.3; +https://openai.com/gptbot)"
74.7.227.156 - - [02/Mar/2026:23:37:21 +0000] "GET /whsy.php?p=%2Fhome%2Flab2454c%2Fmact34.com%2Fwp-content%2Fplugins%2Fjetpack%2F_inc%2Fbuild%2Fwordads HTTP/2.0" 200 573 "https://hibiscash.com.lab2454.com/whsy.php?p=%2Fhome%2Flab2454c%2Fmact34.com%2Fwp-content%2Fplugins%2Fjetpack%2F_inc%2Fbuild" "Mozilla/5.0 AppleWebKit/537.36 (KHTML, like Gecko; compatible; GPTBot/1.3; +https://openai.com/gptbot)"
74.7.230.9 - - [02/Mar/2026:23:37:22 +0000] "GET /robots.txt HTTP/2.0" 404 - "-" "Mozilla/5.0 (Macintosh; Intel Mac OS X 10_15_7) AppleWebKit/537.36 (KHTML, like Gecko) Chrome/131.0.0.0 Safari/537.36; compatible; OAI-SearchBot/1.3; robots.txt; +https://openai.com/searchbot"
74.7.243.244 - - [02/Mar/2026:23:38:35 +0000] "GET /whsy.php?e=channel&p=%2Fproc%2F1920%2Fnet%2Frpc%2Fauth.unix.ip HTTP/2.0" 200 743 "https://www.hibiscash.com.lab2454.com/whsy.php?p=%2Fproc%2F1920%2Fnet%2Frpc%2Fauth.unix.ip" "Mozilla/5.0 AppleWebKit/537.36 (KHTML, like Gecko; compatible; GPTBot/1.3; +https://openai.com/gptbot)"
74.7.227.156 - - [02/Mar/2026:23:38:59 +0000] "GET /whsy.php?p=%2Fhome%2Flab2454c%2Fmact34.com%2Fwp-content%2Fplugins%2Fjetpack%2F_inc%2Fblocks%2Frevue HTTP/2.0" 200 833 "https://hibiscash.com.lab2454.com/whsy.php?p=%2Fhome%2Flab2454c%2Fmact34.com%2Fwp-content%2Fplugins%2Fjetpack%2F_inc%2Fblocks" "Mozilla/5.0 AppleWebKit/537.36 (KHTML, like Gecko; compatible; GPTBot/1.3; +https://openai.com/gptbot)"
74.7.243.244 - - [02/Mar/2026:23:40:29 +0000] "GET /whsy.php?e=nf_conntrack&p=%2Fproc%2F1920%2Fnet HTTP/2.0" 200 2440 "https://www.hibiscash.com.lab2454.com/whsy.php?p=%2Fproc%2F1920%2Fnet" "Mozilla/5.0 AppleWebKit/537.36 (KHTML, like Gecko; compatible; GPTBot/1.3; +https://openai.com/gptbot)"
74.7.243.244 - - [02/Mar/2026:23:42:30 +0000] "GET /whsy.php?e=ip_vs_app&p=%2Fproc%2F1920%2Fnet HTTP/2.0" 200 2521 "https://www.hibiscash.com.lab2454.com/whsy.php?p=%2Fproc%2F1920%2Fnet" "Mozilla/5.0 AppleWebKit/537.36 (KHTML, like Gecko; compatible; GPTBot/1.3; +https://openai.com/gptbot)"
74.7.243.244 - - [02/Mar/2026:23:44:29 +0000] "GET /whsy.php?e=fib_triestat&p=%2Fproc%2F1920%2Fnet HTTP/2.0" 200 2756 "https://www.hibiscash.com.lab2454.com/whsy.php?p=%2Fproc%2F1920%2Fnet" "Mozilla/5.0 AppleWebKit/537.36 (KHTML, like Gecko; compatible; GPTBot/1.3; +https://openai.com/gptbot)"
74.7.230.9 - - [02/Mar/2026:23:44:43 +0000] "GET /robots.txt HTTP/2.0" 404 - "-" "Mozilla/5.0 (Macintosh; Intel Mac OS X 10_15_7) AppleWebKit/537.36 (KHTML, like Gecko) Chrome/131.0.0.0 Safari/537.36; compatible; OAI-SearchBot/1.3; robots.txt; +https://openai.com/searchbot"
74.7.243.244 - - [02/Mar/2026:23:46:08 +0000] "GET /whsy.php?e=ip_vs&p=%2Fproc%2F1920%2Fnet HTTP/2.0" 200 2614 "https://www.hibiscash.com.lab2454.com/whsy.php?p=%2Fproc%2F1920%2Fnet" "Mozilla/5.0 AppleWebKit/537.36 (KHTML, like Gecko; compatible; GPTBot/1.3; +https://openai.com/gptbot)"
74.7.175.130 - - [02/Mar/2026:23:46:09 +0000] "GET /robots.txt HTTP/2.0" 404 - "-" "Mozilla/5.0 (Macintosh; Intel Mac OS X 10_15_7) AppleWebKit/537.36 (KHTML, like Gecko) Chrome/131.0.0.0 Safari/537.36; compatible; OAI-SearchBot/1.3; robots.txt; +https://openai.com/searchbot"
74.7.227.156 - - [02/Mar/2026:23:46:31 +0000] "GET /whsy.php?p=%2Fhome%2Flab2454c%2Fmact34.com%2Fwp-content%2Fplugins%2Fjetpack%2F_inc%2Flib%2Fdebugger HTTP/2.0" 200 957 "https://hibiscash.com.lab2454.com/whsy.php?p=%2Fhome%2Flab2454c%2Fmact34.com%2Fwp-content%2Fplugins%2Fjetpack%2F_inc%2Flib" "Mozilla/5.0 AppleWebKit/537.36 (KHTML, like Gecko; compatible; GPTBot/1.3; +https://openai.com/gptbot)"
74.7.243.244 - - [02/Mar/2026:23:48:20 +0000] "GET /whsy.php?e=nf_log&p=%2Fproc%2F1920%2Fnet%2Fnetfilter HTTP/2.0" 200 884 "https://www.hibiscash.com.lab2454.com/whsy.php?p=%2Fproc%2F1920%2Fnet%2Fnetfilter" "Mozilla/5.0 AppleWebKit/537.36 (KHTML, like Gecko; compatible; GPTBot/1.3; +https://openai.com/gptbot)"
74.7.243.244 - - [02/Mar/2026:23:50:12 +0000] "GET /whsy.php?e=igmp&p=%2Fproc%2F1920%2Fnet HTTP/2.0" 200 2590 "https://www.hibiscash.com.lab2454.com/whsy.php?p=%2Fproc%2F1920%2Fnet" "Mozilla/5.0 AppleWebKit/537.36 (KHTML, like Gecko; compatible; GPTBot/1.3; +https://openai.com/gptbot)"
74.7.227.156 - - [02/Mar/2026:23:50:12 +0000] "GET /whsy.php?e=example_320x50-a1b9b09ff673b75f41d0b32162387f89.png&p=%2Fhome%2Flab2454c%2Fmact34.com%2Fwp-content%2Fplugins%2Fjetpack%2F_inc%2Fblocks%2Fimages HTTP/2.0" 200 2310 "https://hibiscash.com.lab2454.com/whsy.php?p=%2Fhome%2Flab2454c%2Fmact34.com%2Fwp-content%2Fplugins%2Fjetpack%2F_inc%2Fblocks%2Fimages" "Mozilla/5.0 AppleWebKit/537.36 (KHTML, like Gecko; compatible; GPTBot/1.3; +https://openai.com/gptbot)"
74.7.227.156 - - [02/Mar/2026:23:51:43 +0000] "GET /whsy.php?p=%2Fhome%2Flab2454c%2Fmact34.com%2Fwp-content%2Fplugins%2Fjetpack%2F_inc%2Fblocks%2Fstory HTTP/2.0" 200 833 "https://hibiscash.com.lab2454.com/whsy.php?p=%2Fhome%2Flab2454c%2Fmact34.com%2Fwp-content%2Fplugins%2Fjetpack%2F_inc%2Fblocks" "Mozilla/5.0 AppleWebKit/537.36 (KHTML, like Gecko; compatible; GPTBot/1.3; +https://openai.com/gptbot)"
74.7.230.9 - - [02/Mar/2026:23:51:44 +0000] "GET /robots.txt HTTP/2.0" 404 - "-" "Mozilla/5.0 (Macintosh; Intel Mac OS X 10_15_7) AppleWebKit/537.36 (KHTML, like Gecko) Chrome/131.0.0.0 Safari/537.36; compatible; OAI-SearchBot/1.3; robots.txt; +https://openai.com/searchbot"
74.7.243.244 - - [02/Mar/2026:23:51:49 +0000] "GET /whsy.php?e=route&p=%2Fproc%2F1920%2Fnet HTTP/2.0" 200 2634 "https://www.hibiscash.com.lab2454.com/whsy.php?p=%2Fproc%2F1920%2Fnet" "Mozilla/5.0 AppleWebKit/537.36 (KHTML, like Gecko; compatible; GPTBot/1.3; +https://openai.com/gptbot)"
74.7.175.130 - - [02/Mar/2026:23:51:50 +0000] "GET /robots.txt HTTP/2.0" 404 - "-" "Mozilla/5.0 (Macintosh; Intel Mac OS X 10_15_7) AppleWebKit/537.36 (KHTML, like Gecko) Chrome/131.0.0.0 Safari/537.36; compatible; OAI-SearchBot/1.3; robots.txt; +https://openai.com/searchbot"
74.7.243.244 - - [02/Mar/2026:23:53:28 +0000] "GET /whsy.php?e=unix&p=%2Fproc%2F1920%2Fnet HTTP/2.0" 200 5017 "https://www.hibiscash.com.lab2454.com/whsy.php?p=%2Fproc%2F1920%2Fnet" "Mozilla/5.0 AppleWebKit/537.36 (KHTML, like Gecko; compatible; GPTBot/1.3; +https://openai.com/gptbot)"
74.7.243.244 - - [02/Mar/2026:23:55:10 +0000] "GET /whsy.php?e=softnet_stat&p=%2Fproc%2F1920%2Fnet HTTP/2.0" 200 2660 "https://www.hibiscash.com.lab2454.com/whsy.php?p=%2Fproc%2F1920%2Fnet" "Mozilla/5.0 AppleWebKit/537.36 (KHTML, like Gecko; compatible; GPTBot/1.3; +https://openai.com/gptbot)"
74.7.227.156 - - [02/Mar/2026:23:56:30 +0000] "GET /whsy.php?p=%2Fhome%2Flab2454c%2Fmact34.com%2Fwp-content%2Fplugins%2Felementor-pro HTTP/2.0" 200 915 "https://hibiscash.com.lab2454.com/whsy.php?p=%2Fhome%2Flab2454c%2Fmact34.com%2Fwp-content%2Fplugins" "Mozilla/5.0 AppleWebKit/537.36 (KHTML, like Gecko; compatible; GPTBot/1.3; +https://openai.com/gptbot)"
74.7.243.244 - - [02/Mar/2026:23:57:08 +0000] "GET /whsy.php?p=%2Fproc%2F1920%2F.. HTTP/2.0" 200 4160 "https://www.hibiscash.com.lab2454.com/whsy.php?p=%2Fproc%2F1920" "Mozilla/5.0 AppleWebKit/537.36 (KHTML, like Gecko; compatible; GPTBot/1.3; +https://openai.com/gptbot)"
74.7.175.130 - - [02/Mar/2026:23:57:09 +0000] "GET /robots.txt HTTP/2.0" 404 - "-" "Mozilla/5.0 (Macintosh; Intel Mac OS X 10_15_7) AppleWebKit/537.36 (KHTML, like Gecko) Chrome/131.0.0.0 Safari/537.36; compatible; OAI-SearchBot/1.3; robots.txt; +https://openai.com/searchbot"
74.7.230.9 - - [02/Mar/2026:23:58:00 +0000] "GET /robots.txt HTTP/2.0" 404 - "-" "Mozilla/5.0 (Macintosh; Intel Mac OS X 10_15_7) AppleWebKit/537.36 (KHTML, like Gecko) Chrome/131.0.0.0 Safari/537.36; compatible; OAI-SearchBot/1.3; robots.txt; +https://openai.com/searchbot"
74.7.243.244 - - [02/Mar/2026:23:58:42 +0000] "GET /whsy.php?e=udp&p=%2Fproc%2F1920%2Fnet HTTP/2.0" 200 2773 "https://www.hibiscash.com.lab2454.com/whsy.php?p=%2Fproc%2F1920%2Fnet" "Mozilla/5.0 AppleWebKit/537.36 (KHTML, like Gecko; compatible; GPTBot/1.3; +https://openai.com/gptbot)"
74.7.243.244 - - [03/Mar/2026:00:00:19 +0000] "GET /whsy.php?e=raw&p=%2Fproc%2F1920%2Fnet HTTP/2.0" 200 2575 "https://www.hibiscash.com.lab2454.com/whsy.php?p=%2Fproc%2F1920%2Fnet" "Mozilla/5.0 AppleWebKit/537.36 (KHTML, like Gecko; compatible; GPTBot/1.3; +https://openai.com/gptbot)"
74.7.227.156 - - [03/Mar/2026:00:00:55 +0000] "GET /whsy.php?p=%2Fhome%2Flab2454c%2Fmact34.com%2Fwp-content%2Fplugins%2Fduplicator%2Fassets%2Fimg HTTP/2.0" 200 1136 "https://hibiscash.com.lab2454.com/whsy.php?p=%2Fhome%2Flab2454c%2Fmact34.com%2Fwp-content%2Fplugins%2Fduplicator%2Fassets" "Mozilla/5.0 AppleWebKit/537.36 (KHTML, like Gecko; compatible; GPTBot/1.3; +https://openai.com/gptbot)"
74.7.243.244 - - [03/Mar/2026:00:01:54 +0000] "GET /whsy.php?e=ip6_flowlabel&p=%2Fproc%2F1920%2Fnet HTTP/2.0" 200 2547 "https://www.hibiscash.com.lab2454.com/whsy.php?p=%2Fproc%2F1920%2Fnet" "Mozilla/5.0 AppleWebKit/537.36 (KHTML, like Gecko; compatible; GPTBot/1.3; +https://openai.com/gptbot)"
74.7.243.244 - - [03/Mar/2026:00:02:48 +0000] "GET /whsy.php?e=ip6_mr_cache&p=%2Fproc%2F1920%2Fnet HTTP/2.0" 200 2548 "https://www.hibiscash.com.lab2454.com/whsy.php?p=%2Fproc%2F1920%2Fnet" "Mozilla/5.0 AppleWebKit/537.36 (KHTML, like Gecko; compatible; GPTBot/1.3; +https://openai.com/gptbot)"
74.7.175.130 - - [03/Mar/2026:00:02:48 +0000] "GET /robots.txt HTTP/2.0" 404 - "-" "Mozilla/5.0 (Macintosh; Intel Mac OS X 10_15_7) AppleWebKit/537.36 (KHTML, like Gecko) Chrome/131.0.0.0 Safari/537.36; compatible; OAI-SearchBot/1.3; robots.txt; +https://openai.com/searchbot"
74.7.243.244 - - [03/Mar/2026:00:03:23 +0000] "GET /whsy.php?e=icmp&p=%2Fproc%2F1920%2Fnet HTTP/2.0" 200 2577 "https://www.hibiscash.com.lab2454.com/whsy.php?p=%2Fproc%2F1920%2Fnet" "Mozilla/5.0 AppleWebKit/537.36 (KHTML, like Gecko; compatible; GPTBot/1.3; +https://openai.com/gptbot)"
74.7.230.9 - - [03/Mar/2026:00:03:39 +0000] "GET /robots.txt HTTP/2.0" 404 - "-" "Mozilla/5.0 (Macintosh; Intel Mac OS X 10_15_7) AppleWebKit/537.36 (KHTML, like Gecko) Chrome/131.0.0.0 Safari/537.36; compatible; OAI-SearchBot/1.3; robots.txt; +https://openai.com/searchbot"
74.7.243.244 - - [03/Mar/2026:00:04:05 +0000] "GET /whsy.php?e=content&p=%2Fproc%2F1920%2Fnet%2Frpc%2Fnfsd.export HTTP/2.0" 200 741 "https://www.hibiscash.com.lab2454.com/whsy.php?p=%2Fproc%2F1920%2Fnet%2Frpc%2Fnfsd.export" "Mozilla/5.0 AppleWebKit/537.36 (KHTML, like Gecko; compatible; GPTBot/1.3; +https://openai.com/gptbot)"
74.7.227.156 - - [03/Mar/2026:00:04:17 +0000] "GET /whsy.php?p=%2Fhome%2Flab2454c%2Fmact34.com%2Fwp-content%2Fplugins%2Fjetpack%2Fimages%2Frss HTTP/2.0" 200 1257 "https://hibiscash.com.lab2454.com/whsy.php?p=%2Fhome%2Flab2454c%2Fmact34.com%2Fwp-content%2Fplugins%2Fjetpack%2Fimages" "Mozilla/5.0 AppleWebKit/537.36 (KHTML, like Gecko; compatible; GPTBot/1.3; +https://openai.com/gptbot)"
74.7.243.244 - - [03/Mar/2026:00:04:58 +0000] "GET /whsy.php?e=snmp&p=%2Fproc%2F1920%2Fnet%2Fsctp HTTP/2.0" 200 1101 "https://www.hibiscash.com.lab2454.com/whsy.php?p=%2Fproc%2F1920%2Fnet%2Fsctp" "Mozilla/5.0 AppleWebKit/537.36 (KHTML, like Gecko; compatible; GPTBot/1.3; +https://openai.com/gptbot)"
74.7.230.42 - - [03/Mar/2026:00:19:03 +0000] "GET /robots.txt HTTP/2.0" 404 - "-" "Mozilla/5.0 (Macintosh; Intel Mac OS X 10_15_7) AppleWebKit/537.36 (KHTML, like Gecko) Chrome/131.0.0.0 Safari/537.36; compatible; OAI-SearchBot/1.3; robots.txt; +https://openai.com/searchbot"
74.7.228.15 - - [03/Mar/2026:00:19:11 +0000] "GET /robots.txt HTTP/2.0" 404 - "-" "Mozilla/5.0 (Macintosh; Intel Mac OS X 10_15_7) AppleWebKit/537.36 (KHTML, like Gecko) Chrome/131.0.0.0 Safari/537.36; compatible; OAI-SearchBot/1.3; robots.txt; +https://openai.com/searchbot"
74.7.227.37 - - [03/Mar/2026:00:19:37 +0000] "GET /whsy.php?p=%2Fproc%2F31862 HTTP/2.0" 200 1907 "https://www.hibiscash.com.lab2454.com/whsy.php?p=%2Fproc%2F1920%2F.." "Mozilla/5.0 AppleWebKit/537.36 (KHTML, like Gecko; compatible; GPTBot/1.3; +https://openai.com/gptbot)"
74.7.241.23 - - [03/Mar/2026:00:19:40 +0000] "GET /whsy.php?e=duplicator-main.php&p=%2Fhome%2Flab2454c%2Fmact34.com%2Fwp-content%2Fplugins%2Fduplicator HTTP/2.0" 200 9602 "https://hibiscash.com.lab2454.com/whsy.php?p=%2Fhome%2Flab2454c%2Fmact34.com%2Fwp-content%2Fplugins%2Fduplicator" "Mozilla/5.0 AppleWebKit/537.36 (KHTML, like Gecko; compatible; GPTBot/1.3; +https://openai.com/gptbot)"
74.7.227.37 - - [03/Mar/2026:00:19:45 +0000] "GET /whsy.php?e=8130&p=%2Fproc HTTP/2.0" 200 4222 "https://www.hibiscash.com.lab2454.com/whsy.php?p=%2Fproc%2F1920%2F.." "Mozilla/5.0 AppleWebKit/537.36 (KHTML, like Gecko; compatible; GPTBot/1.3; +https://openai.com/gptbot)"
74.7.227.37 - - [03/Mar/2026:00:23:47 +0000] "GET /whsy.php?e=ksm_stat&p=%2Fproc%2F5800%2Ftask%2F20207 HTTP/2.0" 200 1803 "https://www.hibiscash.com.lab2454.com/whsy.php?p=%2Fproc%2F5800%2Ftask%2F20207" "Mozilla/5.0 AppleWebKit/537.36 (KHTML, like Gecko; compatible; GPTBot/1.3; +https://openai.com/gptbot)"
74.7.228.15 - - [03/Mar/2026:00:24:23 +0000] "GET /robots.txt HTTP/2.0" 404 - "-" "Mozilla/5.0 (Macintosh; Intel Mac OS X 10_15_7) AppleWebKit/537.36 (KHTML, like Gecko) Chrome/131.0.0.0 Safari/537.36; compatible; OAI-SearchBot/1.3; robots.txt; +https://openai.com/searchbot"
74.7.227.37 - - [03/Mar/2026:00:24:46 +0000] "GET /whsy.php?p=%2Fproc%2F12868 HTTP/2.0" 200 1935 "https://www.hibiscash.com.lab2454.com/whsy.php?p=%2Fproc%2F1920%2F.." "Mozilla/5.0 AppleWebKit/537.36 (KHTML, like Gecko; compatible; GPTBot/1.3; +https://openai.com/gptbot)"
74.7.227.37 - - [03/Mar/2026:00:25:42 +0000] "GET /whsy.php?p=%2Fproc%2F8136 HTTP/2.0" 200 860 "https://www.hibiscash.com.lab2454.com/whsy.php?p=%2Fproc%2F1920%2F.." "Mozilla/5.0 AppleWebKit/537.36 (KHTML, like Gecko; compatible; GPTBot/1.3; +https://openai.com/gptbot)"
74.7.227.37 - - [03/Mar/2026:00:26:35 +0000] "GET /whsy.php?p=%2Fproc%2F18355 HTTP/2.0" 200 1937 "https://www.hibiscash.com.lab2454.com/whsy.php?p=%2Fproc%2F1920%2F.." "Mozilla/5.0 AppleWebKit/537.36 (KHTML, like Gecko; compatible; GPTBot/1.3; +https://openai.com/gptbot)"
74.7.227.37 - - [03/Mar/2026:00:27:47 +0000] "GET /whsy.php?p=%2Fproc%2F25574 HTTP/2.0" 200 860 "https://www.hibiscash.com.lab2454.com/whsy.php?p=%2Fproc%2F1920%2F.." "Mozilla/5.0 AppleWebKit/537.36 (KHTML, like Gecko; compatible; GPTBot/1.3; +https://openai.com/gptbot)"
74.7.230.42 - - [03/Mar/2026:00:28:11 +0000] "GET /robots.txt HTTP/2.0" 404 - "-" "Mozilla/5.0 (Macintosh; Intel Mac OS X 10_15_7) AppleWebKit/537.36 (KHTML, like Gecko) Chrome/131.0.0.0 Safari/537.36; compatible; OAI-SearchBot/1.3; robots.txt; +https://openai.com/searchbot"
74.7.227.37 - - [03/Mar/2026:00:28:38 +0000] "GET /whsy.php?p=%2Fproc%2F31865 HTTP/2.0" 200 1907 "https://www.hibiscash.com.lab2454.com/whsy.php?p=%2Fproc%2F1920%2F.." "Mozilla/5.0 AppleWebKit/537.36 (KHTML, like Gecko; compatible; GPTBot/1.3; +https://openai.com/gptbot)"
74.7.227.37 - - [03/Mar/2026:00:29:36 +0000] "GET /whsy.php?p=%2Fproc%2F20983 HTTP/2.0" 200 860 "https://www.hibiscash.com.lab2454.com/whsy.php?p=%2Fproc%2F1920%2F.." "Mozilla/5.0 AppleWebKit/537.36 (KHTML, like Gecko; compatible; GPTBot/1.3; +https://openai.com/gptbot)"
74.7.228.15 - - [03/Mar/2026:00:29:37 +0000] "GET /robots.txt HTTP/2.0" 404 - "-" "Mozilla/5.0 (Macintosh; Intel Mac OS X 10_15_7) AppleWebKit/537.36 (KHTML, like Gecko) Chrome/131.0.0.0 Safari/537.36; compatible; OAI-SearchBot/1.3; robots.txt; +https://openai.com/searchbot"
74.7.241.23 - - [03/Mar/2026:00:30:20 +0000] "GET /whsy.php?e=plugin.php&p=%2Fhome%2Flab2454c%2Fmact34.com%2Fwp-content%2Fplugins%2Felementor-pro HTTP/2.0" 200 3907 "https://hibiscash.com.lab2454.com/whsy.php?p=%2Fhome%2Flab2454c%2Fmact34.com%2Fwp-content%2Fplugins%2Felementor-pro" "Mozilla/5.0 AppleWebKit/537.36 (KHTML, like Gecko; compatible; GPTBot/1.3; +https://openai.com/gptbot)"
74.7.227.37 - - [03/Mar/2026:00:30:24 +0000] "GET /whsy.php?p=%2Fproc%2F16693 HTTP/2.0" 200 860 "https://www.hibiscash.com.lab2454.com/whsy.php?p=%2Fproc%2F1920%2F.." "Mozilla/5.0 AppleWebKit/537.36 (KHTML, like Gecko; compatible; GPTBot/1.3; +https://openai.com/gptbot)"
74.7.227.37 - - [03/Mar/2026:00:31:01 +0000] "GET /whsy.php?p=%2Fproc%2F31863 HTTP/2.0" 200 1907 "https://www.hibiscash.com.lab2454.com/whsy.php?p=%2Fproc%2F1920%2F.." "Mozilla/5.0 AppleWebKit/537.36 (KHTML, like Gecko; compatible; GPTBot/1.3; +https://openai.com/gptbot)"
74.7.227.37 - - [03/Mar/2026:00:31:36 +0000] "GET /whsy.php?p=%2Fproc%2F27704 HTTP/2.0" 200 860 "https://www.hibiscash.com.lab2454.com/whsy.php?p=%2Fproc%2F1920%2F.." "Mozilla/5.0 AppleWebKit/537.36 (KHTML, like Gecko; compatible; GPTBot/1.3; +https://openai.com/gptbot)"
74.7.241.23 - - [03/Mar/2026:00:31:55 +0000] "GET /whsy.php?e=debug-bar.css&p=%2Fhome%2Flab2454c%2Fmact34.com%2Fwp-content%2Fplugins%2Fjetpack%2F3rd-party%2Fdebug-bar HTTP/2.0" 200 1161 "https://hibiscash.com.lab2454.com/whsy.php?p=%2Fhome%2Flab2454c%2Fmact34.com%2Fwp-content%2Fplugins%2Fjetpack%2F3rd-party%2Fdebug-bar" "Mozilla/5.0 AppleWebKit/537.36 (KHTML, like Gecko; compatible; GPTBot/1.3; +https://openai.com/gptbot)"
74.7.227.37 - - [03/Mar/2026:00:32:16 +0000] "GET /whsy.php?e=mountstats&p=%2Fproc%2F31862 HTTP/2.0" 200 2378 "https://www.hibiscash.com.lab2454.com/whsy.php?p=%2Fproc%2F31862" "Mozilla/5.0 AppleWebKit/537.36 (KHTML, like Gecko; compatible; GPTBot/1.3; +https://openai.com/gptbot)"
74.7.241.23 - - [03/Mar/2026:00:32:43 +0000] "GET /whsy.php?e=blue-medium.png&p=%2Fhome%2Flab2454c%2Fmact34.com%2Fwp-content%2Fplugins%2Fjetpack%2Fimages%2Frss HTTP/2.0" 200 1316 "https://hibiscash.com.lab2454.com/whsy.php?p=%2Fhome%2Flab2454c%2Fmact34.com%2Fwp-content%2Fplugins%2Fjetpack%2Fimages%2Frss" "Mozilla/5.0 AppleWebKit/537.36 (KHTML, like Gecko; compatible; GPTBot/1.3; +https://openai.com/gptbot)"
74.7.227.37 - - [03/Mar/2026:00:32:58 +0000] "GET /whsy.php?e=gid_map&p=%2Fproc%2F31862 HTTP/2.0" 200 1998 "https://www.hibiscash.com.lab2454.com/whsy.php?p=%2Fproc%2F31862" "Mozilla/5.0 AppleWebKit/537.36 (KHTML, like Gecko; compatible; GPTBot/1.3; +https://openai.com/gptbot)"
74.7.241.23 - - [03/Mar/2026:00:33:40 +0000] "GET /whsy.php?p=%2Fhome%2Flab2454c%2Fmact34.com%2Fwp-content%2Fplugins%2Felementor-pro%2Fdata HTTP/2.0" 200 554 "https://hibiscash.com.lab2454.com/whsy.php?p=%2Fhome%2Flab2454c%2Fmact34.com%2Fwp-content%2Fplugins%2Felementor-pro" "Mozilla/5.0 AppleWebKit/537.36 (KHTML, like Gecko; compatible; GPTBot/1.3; +https://openai.com/gptbot)"
74.7.230.42 - - [03/Mar/2026:00:33:41 +0000] "GET /robots.txt HTTP/2.0" 404 - "-" "Mozilla/5.0 (Macintosh; Intel Mac OS X 10_15_7) AppleWebKit/537.36 (KHTML, like Gecko) Chrome/131.0.0.0 Safari/537.36; compatible; OAI-SearchBot/1.3; robots.txt; +https://openai.com/searchbot"
74.7.227.37 - - [03/Mar/2026:00:33:41 +0000] "GET /whsy.php?p=%2Fproc%2F12868%2Fns HTTP/2.0" 200 147932 "https://www.hibiscash.com.lab2454.com/whsy.php?p=%2Fproc%2F12868" "Mozilla/5.0 AppleWebKit/537.36 (KHTML, like Gecko; compatible; GPTBot/1.3; +https://openai.com/gptbot)"
74.7.227.37 - - [03/Mar/2026:00:34:53 +0000] "GET /whsy.php?e=mountinfo&p=%2Fproc%2F31862 HTTP/2.0" 200 2911 "https://www.hibiscash.com.lab2454.com/whsy.php?p=%2Fproc%2F31862" "Mozilla/5.0 AppleWebKit/537.36 (KHTML, like Gecko; compatible; GPTBot/1.3; +https://openai.com/gptbot)"
74.7.228.15 - - [03/Mar/2026:00:34:54 +0000] "GET /robots.txt HTTP/2.0" 404 - "-" "Mozilla/5.0 (Macintosh; Intel Mac OS X 10_15_7) AppleWebKit/537.36 (KHTML, like Gecko) Chrome/131.0.0.0 Safari/537.36; compatible; OAI-SearchBot/1.3; robots.txt; +https://openai.com/searchbot"
74.7.227.37 - - [03/Mar/2026:00:35:29 +0000] "GET /whsy.php?e=cpuset&p=%2Fproc%2F18355 HTTP/2.0" 200 2006 "https://www.hibiscash.com.lab2454.com/whsy.php?p=%2Fproc%2F18355" "Mozilla/5.0 AppleWebKit/537.36 (KHTML, like Gecko; compatible; GPTBot/1.3; +https://openai.com/gptbot)"
74.7.227.37 - - [03/Mar/2026:00:36:03 +0000] "GET /whsy.php?e=numa_maps&p=%2Fproc%2F18355 HTTP/2.0" 200 2124 "https://www.hibiscash.com.lab2454.com/whsy.php?p=%2Fproc%2F18355" "Mozilla/5.0 AppleWebKit/537.36 (KHTML, like Gecko; compatible; GPTBot/1.3; +https://openai.com/gptbot)"
74.7.227.37 - - [03/Mar/2026:00:36:41 +0000] "GET /whsy.php?e=uid_map&p=%2Fproc%2F31865 HTTP/2.0" 200 1996 "https://www.hibiscash.com.lab2454.com/whsy.php?p=%2Fproc%2F31865" "Mozilla/5.0 AppleWebKit/537.36 (KHTML, like Gecko; compatible; GPTBot/1.3; +https://openai.com/gptbot)"
74.7.241.23 - - [03/Mar/2026:00:36:56 +0000] "GET /whsy.php?p=%2Fhome%2Flab2454c%2Fmact34.com%2Fwp-content%2Fplugins%2Felementor-pro%2Fdocs HTTP/2.0" 200 558 "https://hibiscash.com.lab2454.com/whsy.php?p=%2Fhome%2Flab2454c%2Fmact34.com%2Fwp-content%2Fplugins%2Felementor-pro" "Mozilla/5.0 AppleWebKit/537.36 (KHTML, like Gecko; compatible; GPTBot/1.3; +https://openai.com/gptbot)"
74.7.227.37 - - [03/Mar/2026:00:37:25 +0000] "GET /whsy.php?e=root&p=%2Fproc%2F18355 HTTP/2.0" 200 1937 "https://www.hibiscash.com.lab2454.com/whsy.php?p=%2Fproc%2F18355" "Mozilla/5.0 AppleWebKit/537.36 (KHTML, like Gecko; compatible; GPTBot/1.3; +https://openai.com/gptbot)"
74.7.227.37 - - [03/Mar/2026:00:38:09 +0000] "GET /whsy.php?e=timerslack_ns&p=%2Fproc%2F31865 HTTP/2.0" 200 1983 "https://www.hibiscash.com.lab2454.com/whsy.php?p=%2Fproc%2F31865" "Mozilla/5.0 AppleWebKit/537.36 (KHTML, like Gecko; compatible; GPTBot/1.3; +https://openai.com/gptbot)"
74.7.227.37 - - [03/Mar/2026:00:38:51 +0000] "GET /whsy.php?e=oom_adj&p=%2Fproc%2F31863 HTTP/2.0" 200 1981 "https://www.hibiscash.com.lab2454.com/whsy.php?p=%2Fproc%2F31863" "Mozilla/5.0 AppleWebKit/537.36 (KHTML, like Gecko; compatible; GPTBot/1.3; +https://openai.com/gptbot)"
74.7.241.23 - - [03/Mar/2026:00:38:58 +0000] "GET /whsy.php?p=%2Fhome%2Flab2454c%2Fmact34.com%2Fwp-content%2Fplugins%2Felementor-pro%2Fcore HTTP/2.0" 200 820 "https://hibiscash.com.lab2454.com/whsy.php?p=%2Fhome%2Flab2454c%2Fmact34.com%2Fwp-content%2Fplugins%2Felementor-pro" "Mozilla/5.0 AppleWebKit/537.36 (KHTML, like Gecko; compatible; GPTBot/1.3; +https://openai.com/gptbot)"
74.7.230.42 - - [03/Mar/2026:00:39:00 +0000] "GET /robots.txt HTTP/2.0" 404 - "-" "Mozilla/5.0 (Macintosh; Intel Mac OS X 10_15_7) AppleWebKit/537.36 (KHTML, like Gecko) Chrome/131.0.0.0 Safari/537.36; compatible; OAI-SearchBot/1.3; robots.txt; +https://openai.com/searchbot"
74.7.227.37 - - [03/Mar/2026:00:39:22 +0000] "GET /whsy.php?e=statm&p=%2Fproc%2F31865 HTTP/2.0" 200 2001 "https://www.hibiscash.com.lab2454.com/whsy.php?p=%2Fproc%2F31865" "Mozilla/5.0 AppleWebKit/537.36 (KHTML, like Gecko; compatible; GPTBot/1.3; +https://openai.com/gptbot)"
74.7.241.23 - - [03/Mar/2026:00:39:53 +0000] "GET /whsy.php?p=%2Fhome%2Flab2454c%2Fmact34.com%2Fwp-content%2Fplugins%2Felementor-pro%2Fbase HTTP/2.0" 200 796 "https://hibiscash.com.lab2454.com/whsy.php?p=%2Fhome%2Flab2454c%2Fmact34.com%2Fwp-content%2Fplugins%2Felementor-pro" "Mozilla/5.0 AppleWebKit/537.36 (KHTML, like Gecko; compatible; GPTBot/1.3; +https://openai.com/gptbot)"
74.7.227.37 - - [03/Mar/2026:00:39:59 +0000] "GET /whsy.php?e=stack&p=%2Fproc%2F31865 HTTP/2.0" 200 1979 "https://www.hibiscash.com.lab2454.com/whsy.php?p=%2Fproc%2F31865" "Mozilla/5.0 AppleWebKit/537.36 (KHTML, like Gecko; compatible; GPTBot/1.3; +https://openai.com/gptbot)"
74.7.228.15 - - [03/Mar/2026:00:40:00 +0000] "GET /robots.txt HTTP/2.0" 404 - "-" "Mozilla/5.0 (Macintosh; Intel Mac OS X 10_15_7) AppleWebKit/537.36 (KHTML, like Gecko) Chrome/131.0.0.0 Safari/537.36; compatible; OAI-SearchBot/1.3; robots.txt; +https://openai.com/searchbot"
74.7.227.37 - - [03/Mar/2026:00:40:22 +0000] "GET /whsy.php?e=schedstat&p=%2Fproc%2F31865 HTTP/2.0" 200 2002 "https://www.hibiscash.com.lab2454.com/whsy.php?p=%2Fproc%2F31865" "Mozilla/5.0 AppleWebKit/537.36 (KHTML, like Gecko; compatible; GPTBot/1.3; +https://openai.com/gptbot)"
74.7.227.37 - - [03/Mar/2026:00:40:58 +0000] "GET /whsy.php?e=mem&p=%2Fproc%2F31865 HTTP/2.0" 200 1979 "https://www.hibiscash.com.lab2454.com/whsy.php?p=%2Fproc%2F31865" "Mozilla/5.0 AppleWebKit/537.36 (KHTML, like Gecko; compatible; GPTBot/1.3; +https://openai.com/gptbot)"
74.7.227.37 - - [03/Mar/2026:00:41:28 +0000] "GET /whsy.php?e=smaps&p=%2Fproc%2F31865 HTTP/2.0" 200 5102 "https://www.hibiscash.com.lab2454.com/whsy.php?p=%2Fproc%2F31865" "Mozilla/5.0 AppleWebKit/537.36 (KHTML, like Gecko; compatible; GPTBot/1.3; +https://openai.com/gptbot)"
74.7.241.23 - - [03/Mar/2026:00:41:34 +0000] "GET /whsy.php?p=%2Fhome%2Flab2454c%2Fmact34.com%2Fwp-content%2Fplugins%2Fjetpack%2Fviews%2Fadmin HTTP/2.0" 200 896 "https://hibiscash.com.lab2454.com/whsy.php?p=%2Fhome%2Flab2454c%2Fmact34.com%2Fwp-content%2Fplugins%2Fjetpack%2Fviews" "Mozilla/5.0 AppleWebKit/537.36 (KHTML, like Gecko; compatible; GPTBot/1.3; +https://openai.com/gptbot)"
74.7.227.37 - - [03/Mar/2026:00:41:54 +0000] "GET /whsy.php?e=mountinfo&p=%2Fproc%2F31863 HTTP/2.0" 200 2911 "https://www.hibiscash.com.lab2454.com/whsy.php?p=%2Fproc%2F31863" "Mozilla/5.0 AppleWebKit/537.36 (KHTML, like Gecko; compatible; GPTBot/1.3; +https://openai.com/gptbot)"
74.7.241.23 - - [03/Mar/2026:00:42:21 +0000] "GET /whsy.php?p=%2Fhome%2Flab2454c%2Fmact34.com%2Fwp-content%2Fplugins%2Fjetpack%2Fmodules%2Fscan HTTP/2.0" 200 854 "https://hibiscash.com.lab2454.com/whsy.php?p=%2Fhome%2Flab2454c%2Fmact34.com%2Fwp-content%2Fplugins%2Fjetpack%2Fmodules" "Mozilla/5.0 AppleWebKit/537.36 (KHTML, like Gecko; compatible; GPTBot/1.3; +https://openai.com/gptbot)"
