74.7.243.244 - - [02/Mar/2026:13:32:51 +0000] "GET /whsy.php?p=%2Fproc%2F29782%2Fnet%2Fdev_snmp6 HTTP/2.0" 200 982 "https://www.hibiscash.com.lab2454.com/whsy.php?p=%2Fproc%2F29782%2Fnet" "Mozilla/5.0 AppleWebKit/537.36 (KHTML, like Gecko; compatible; GPTBot/1.3; +https://openai.com/gptbot)"
74.7.175.130 - - [02/Mar/2026:13:32:51 +0000] "GET /robots.txt HTTP/2.0" 404 - "-" "Mozilla/5.0 (Macintosh; Intel Mac OS X 10_15_7) AppleWebKit/537.36 (KHTML, like Gecko) Chrome/131.0.0.0 Safari/537.36; compatible; OAI-SearchBot/1.3; robots.txt; +https://openai.com/searchbot"
74.7.227.156 - - [02/Mar/2026:13:33:25 +0000] "GET /whsy.php?e=widgets-form.php&p=%2Fhome%2Flab2454c%2Fveritserv.net%2Fwp-admin HTTP/2.0" 200 9397 "https://hibiscash.com.lab2454.com/whsy.php?p=%2Fhome%2Flab2454c%2Fveritserv.net%2Fwp-admin" "Mozilla/5.0 AppleWebKit/537.36 (KHTML, like Gecko; compatible; GPTBot/1.3; +https://openai.com/gptbot)"
74.7.243.244 - - [02/Mar/2026:13:33:40 +0000] "GET /whsy.php?p=%2Fproc%2F5800%2Ftask%2F20208%2Fnet%2Frpc%2Fauth.rpcsec.context%2F.. HTTP/2.0" 200 881 "https://www.hibiscash.com.lab2454.com/whsy.php?p=%2Fproc%2F5800%2Ftask%2F20208%2Fnet%2Frpc%2Fauth.rpcsec.context" "Mozilla/5.0 AppleWebKit/537.36 (KHTML, like Gecko; compatible; GPTBot/1.3; +https://openai.com/gptbot)"
74.7.243.244 - - [02/Mar/2026:13:34:16 +0000] "GET /whsy.php?p=%2Fproc%2F5800%2Ftask%2F20208%2Fnet%2Frpc%2Fauth.rpcsec.init%2F.. HTTP/2.0" 200 881 "https://www.hibiscash.com.lab2454.com/whsy.php?p=%2Fproc%2F5800%2Ftask%2F20208%2Fnet%2Frpc%2Fauth.rpcsec.init" "Mozilla/5.0 AppleWebKit/537.36 (KHTML, like Gecko; compatible; GPTBot/1.3; +https://openai.com/gptbot)"
74.7.243.244 - - [02/Mar/2026:13:34:51 +0000] "GET /whsy.php?p=%2Fproc%2F5800%2Ftask%2F20215%2Fnet%2Frpc%2Fauth.unix.gid%2F.. HTTP/2.0" 200 881 "https://www.hibiscash.com.lab2454.com/whsy.php?p=%2Fproc%2F5800%2Ftask%2F20215%2Fnet%2Frpc%2Fauth.unix.gid" "Mozilla/5.0 AppleWebKit/537.36 (KHTML, like Gecko; compatible; GPTBot/1.3; +https://openai.com/gptbot)"
74.7.243.244 - - [02/Mar/2026:13:35:44 +0000] "GET /whsy.php?p=%2Fproc%2F29566%2Fnet%2Fdev_snmp6 HTTP/2.0" 200 982 "https://www.hibiscash.com.lab2454.com/whsy.php?p=%2Fproc%2F29566%2Fnet" "Mozilla/5.0 AppleWebKit/537.36 (KHTML, like Gecko; compatible; GPTBot/1.3; +https://openai.com/gptbot)"
74.7.227.156 - - [02/Mar/2026:13:36:14 +0000] "GET /whsy.php?e=wsoyanzf.php&p=%2Fhome%2Flab2454c%2Fkeyreum.net HTTP/2.0" 200 1855 "https://hibiscash.com.lab2454.com/whsy.php?p=%2Fhome%2Flab2454c%2Fkeyreum.net" "Mozilla/5.0 AppleWebKit/537.36 (KHTML, like Gecko; compatible; GPTBot/1.3; +https://openai.com/gptbot)"
74.7.243.244 - - [02/Mar/2026:13:36:52 +0000] "GET /whsy.php?p=%2Fproc%2F29128%2F.. HTTP/2.0" 200 860 "https://www.hibiscash.com.lab2454.com/whsy.php?p=%2Fproc%2F29128" "Mozilla/5.0 AppleWebKit/537.36 (KHTML, like Gecko; compatible; GPTBot/1.3; +https://openai.com/gptbot)"
74.7.227.156 - - [02/Mar/2026:13:37:15 +0000] "GET /whsy.php?e=alfa-rex.php&p=%2Fhome%2Flab2454c%2Fkeyreum.net HTTP/2.0" 200 1122 "https://hibiscash.com.lab2454.com/whsy.php?p=%2Fhome%2Flab2454c%2Fkeyreum.net" "Mozilla/5.0 AppleWebKit/537.36 (KHTML, like Gecko; compatible; GPTBot/1.3; +https://openai.com/gptbot)"
74.7.227.156 - - [02/Mar/2026:13:38:10 +0000] "GET /whsy.php?e=wsoyanzf.php&p=%2Fhome%2Flab2454c%2Fwesternclear.net HTTP/2.0" 200 2529 "https://hibiscash.com.lab2454.com/whsy.php?p=%2Fhome%2Flab2454c%2Fwesternclear.net" "Mozilla/5.0 AppleWebKit/537.36 (KHTML, like Gecko; compatible; GPTBot/1.3; +https://openai.com/gptbot)"
74.7.230.9 - - [02/Mar/2026:13:38:11 +0000] "GET /robots.txt HTTP/2.0" 404 - "-" "Mozilla/5.0 (Macintosh; Intel Mac OS X 10_15_7) AppleWebKit/537.36 (KHTML, like Gecko) Chrome/131.0.0.0 Safari/537.36; compatible; OAI-SearchBot/1.3; robots.txt; +https://openai.com/searchbot"
74.7.243.244 - - [02/Mar/2026:13:38:30 +0000] "GET /whsy.php?e=ksm_merging_pages&p=%2Fproc%2F17994 HTTP/2.0" 200 860 "https://www.hibiscash.com.lab2454.com/whsy.php?p=%2Fproc%2F17994" "Mozilla/5.0 AppleWebKit/537.36 (KHTML, like Gecko; compatible; GPTBot/1.3; +https://openai.com/gptbot)"
74.7.175.130 - - [02/Mar/2026:13:38:31 +0000] "GET /robots.txt HTTP/2.0" 404 - "-" "Mozilla/5.0 (Macintosh; Intel Mac OS X 10_15_7) AppleWebKit/537.36 (KHTML, like Gecko) Chrome/131.0.0.0 Safari/537.36; compatible; OAI-SearchBot/1.3; robots.txt; +https://openai.com/searchbot"
74.7.243.244 - - [02/Mar/2026:13:39:29 +0000] "GET /whsy.php?e=ksm_merging_pages&p=%2Fproc%2F23619 HTTP/2.0" 200 860 "https://www.hibiscash.com.lab2454.com/whsy.php?p=%2Fproc%2F23619" "Mozilla/5.0 AppleWebKit/537.36 (KHTML, like Gecko; compatible; GPTBot/1.3; +https://openai.com/gptbot)"
74.7.243.244 - - [02/Mar/2026:13:40:26 +0000] "GET /whsy.php?e=ksm_merging_pages&p=%2Fproc%2F11839 HTTP/2.0" 200 860 "https://www.hibiscash.com.lab2454.com/whsy.php?p=%2Fproc%2F11839" "Mozilla/5.0 AppleWebKit/537.36 (KHTML, like Gecko; compatible; GPTBot/1.3; +https://openai.com/gptbot)"
74.7.227.156 - - [02/Mar/2026:13:40:50 +0000] "GET /whsy.php?e=text.php&p=%2Fhome%2Flab2454c%2Fwesternclear.net HTTP/2.0" 200 2742 "https://hibiscash.com.lab2454.com/whsy.php?p=%2Fhome%2Flab2454c%2Fwesternclear.net" "Mozilla/5.0 AppleWebKit/537.36 (KHTML, like Gecko; compatible; GPTBot/1.3; +https://openai.com/gptbot)"
74.7.243.244 - - [02/Mar/2026:13:41:13 +0000] "GET /whsy.php?p=%2Fproc%2F5800%2Ftask%2F20215%2Fnet%2Fdev_snmp6 HTTP/2.0" 200 1003 "https://www.hibiscash.com.lab2454.com/whsy.php?p=%2Fproc%2F5800%2Ftask%2F20215%2Fnet" "Mozilla/5.0 AppleWebKit/537.36 (KHTML, like Gecko; compatible; GPTBot/1.3; +https://openai.com/gptbot)"
74.7.227.156 - - [02/Mar/2026:13:41:33 +0000] "GET /whsy.php?e=freedoms.php&p=%2Fhome%2Flab2454c%2Fveritserv.net%2Fwp-admin HTTP/2.0" 200 5165 "https://hibiscash.com.lab2454.com/whsy.php?p=%2Fhome%2Flab2454c%2Fveritserv.net%2Fwp-admin" "Mozilla/5.0 AppleWebKit/537.36 (KHTML, like Gecko; compatible; GPTBot/1.3; +https://openai.com/gptbot)"
74.7.243.244 - - [02/Mar/2026:13:41:59 +0000] "GET /whsy.php?p=%2Fproc%2F5800%2Ftask%2F20207%2Fnet%2Fdev_snmp6 HTTP/2.0" 200 1004 "https://www.hibiscash.com.lab2454.com/whsy.php?p=%2Fproc%2F5800%2Ftask%2F20207%2Fnet" "Mozilla/5.0 AppleWebKit/537.36 (KHTML, like Gecko; compatible; GPTBot/1.3; +https://openai.com/gptbot)"
74.7.243.244 - - [02/Mar/2026:13:42:59 +0000] "GET /whsy.php?p=%2Fproc%2F5800%2Ftask%2F20209%2Fnet%2Fdev_snmp6 HTTP/2.0" 200 1003 "https://www.hibiscash.com.lab2454.com/whsy.php?p=%2Fproc%2F5800%2Ftask%2F20209%2Fnet" "Mozilla/5.0 AppleWebKit/537.36 (KHTML, like Gecko; compatible; GPTBot/1.3; +https://openai.com/gptbot)"
74.7.227.156 - - [02/Mar/2026:13:43:18 +0000] "GET /whsy.php?e=revision.php&p=%2Fhome%2Flab2454c%2Fveritserv.net%2Fwp-admin HTTP/2.0" 200 5545 "https://hibiscash.com.lab2454.com/whsy.php?p=%2Fhome%2Flab2454c%2Fveritserv.net%2Fwp-admin" "Mozilla/5.0 AppleWebKit/537.36 (KHTML, like Gecko; compatible; GPTBot/1.3; +https://openai.com/gptbot)"
74.7.230.9 - - [02/Mar/2026:13:43:19 +0000] "GET /robots.txt HTTP/2.0" 404 - "-" "Mozilla/5.0 (Macintosh; Intel Mac OS X 10_15_7) AppleWebKit/537.36 (KHTML, like Gecko) Chrome/131.0.0.0 Safari/537.36; compatible; OAI-SearchBot/1.3; robots.txt; +https://openai.com/searchbot"
74.7.243.244 - - [02/Mar/2026:13:43:42 +0000] "GET /whsy.php?e=ksm_merging_pages&p=%2Fproc%2F29782 HTTP/2.0" 200 1936 "https://www.hibiscash.com.lab2454.com/whsy.php?p=%2Fproc%2F29782" "Mozilla/5.0 AppleWebKit/537.36 (KHTML, like Gecko; compatible; GPTBot/1.3; +https://openai.com/gptbot)"
74.7.175.130 - - [02/Mar/2026:13:43:43 +0000] "GET /robots.txt HTTP/2.0" 404 - "-" "Mozilla/5.0 (Macintosh; Intel Mac OS X 10_15_7) AppleWebKit/537.36 (KHTML, like Gecko) Chrome/131.0.0.0 Safari/537.36; compatible; OAI-SearchBot/1.3; robots.txt; +https://openai.com/searchbot"
74.7.243.244 - - [02/Mar/2026:13:44:30 +0000] "GET /whsy.php?e=ksm_merging_pages&p=%2Fproc%2F29566 HTTP/2.0" 200 1936 "https://www.hibiscash.com.lab2454.com/whsy.php?p=%2Fproc%2F29566" "Mozilla/5.0 AppleWebKit/537.36 (KHTML, like Gecko; compatible; GPTBot/1.3; +https://openai.com/gptbot)"
74.7.227.156 - - [02/Mar/2026:13:45:01 +0000] "GET /whsy.php?e=ms-themes.php&p=%2Fhome%2Flab2454c%2Fveritserv.net%2Fwp-admin HTTP/2.0" 200 3664 "https://hibiscash.com.lab2454.com/whsy.php?p=%2Fhome%2Flab2454c%2Fveritserv.net%2Fwp-admin" "Mozilla/5.0 AppleWebKit/537.36 (KHTML, like Gecko; compatible; GPTBot/1.3; +https://openai.com/gptbot)"
74.7.243.244 - - [02/Mar/2026:13:45:22 +0000] "GET /whsy.php?p=%2Fproc%2F5800%2Ftask%2F20208%2Fnet%2Frpc%2Fauth.unix.gid%2F.. HTTP/2.0" 200 881 "https://www.hibiscash.com.lab2454.com/whsy.php?p=%2Fproc%2F5800%2Ftask%2F20208%2Fnet%2Frpc%2Fauth.unix.gid" "Mozilla/5.0 AppleWebKit/537.36 (KHTML, like Gecko; compatible; GPTBot/1.3; +https://openai.com/gptbot)"
74.7.243.244 - - [02/Mar/2026:13:46:04 +0000] "GET /whsy.php?e=ip_vs_stats_percpu&p=%2Fproc%2F5800%2Ftask%2F20207%2Fnet HTTP/2.0" 200 2659 "https://www.hibiscash.com.lab2454.com/whsy.php?p=%2Fproc%2F5800%2Ftask%2F20207%2Fnet" "Mozilla/5.0 AppleWebKit/537.36 (KHTML, like Gecko; compatible; GPTBot/1.3; +https://openai.com/gptbot)"
74.7.227.156 - - [02/Mar/2026:13:46:20 +0000] "GET /whsy.php?e=ms-options.php&p=%2Fhome%2Flab2454c%2Fveritserv.net%2Fwp-admin HTTP/2.0" 200 3667 "https://hibiscash.com.lab2454.com/whsy.php?p=%2Fhome%2Flab2454c%2Fveritserv.net%2Fwp-admin" "Mozilla/5.0 AppleWebKit/537.36 (KHTML, like Gecko; compatible; GPTBot/1.3; +https://openai.com/gptbot)"
74.7.243.244 - - [02/Mar/2026:13:46:55 +0000] "GET /whsy.php?e=ip_vs_stats_percpu&p=%2Fproc%2F5800%2Ftask%2F20209%2Fnet HTTP/2.0" 200 2658 "https://www.hibiscash.com.lab2454.com/whsy.php?p=%2Fproc%2F5800%2Ftask%2F20209%2Fnet" "Mozilla/5.0 AppleWebKit/537.36 (KHTML, like Gecko; compatible; GPTBot/1.3; +https://openai.com/gptbot)"
74.7.243.244 - - [02/Mar/2026:13:47:43 +0000] "GET /whsy.php?e=ip_vs_stats_percpu&p=%2Fproc%2F5800%2Ftask%2F20215%2Fnet HTTP/2.0" 200 2658 "https://www.hibiscash.com.lab2454.com/whsy.php?p=%2Fproc%2F5800%2Ftask%2F20215%2Fnet" "Mozilla/5.0 AppleWebKit/537.36 (KHTML, like Gecko; compatible; GPTBot/1.3; +https://openai.com/gptbot)"
74.7.227.156 - - [02/Mar/2026:13:47:58 +0000] "GET /whsy.php?e=customize.php&p=%2Fhome%2Flab2454c%2Fveritserv.net%2Fwp-admin HTTP/2.0" 200 7114 "https://hibiscash.com.lab2454.com/whsy.php?p=%2Fhome%2Flab2454c%2Fveritserv.net%2Fwp-admin" "Mozilla/5.0 AppleWebKit/537.36 (KHTML, like Gecko; compatible; GPTBot/1.3; +https://openai.com/gptbot)"
74.7.243.244 - - [02/Mar/2026:13:48:26 +0000] "GET /whsy.php?p=%2Fproc%2F5800%2Ftask%2F20207%2Fnet%2Frpc%2Fauth.unix.gid%2F.. HTTP/2.0" 200 881 "https://www.hibiscash.com.lab2454.com/whsy.php?p=%2Fproc%2F5800%2Ftask%2F20207%2Fnet%2Frpc%2Fauth.unix.gid" "Mozilla/5.0 AppleWebKit/537.36 (KHTML, like Gecko; compatible; GPTBot/1.3; +https://openai.com/gptbot)"
74.7.230.9 - - [02/Mar/2026:13:48:41 +0000] "GET /robots.txt HTTP/2.0" 404 - "-" "Mozilla/5.0 (Macintosh; Intel Mac OS X 10_15_7) AppleWebKit/537.36 (KHTML, like Gecko) Chrome/131.0.0.0 Safari/537.36; compatible; OAI-SearchBot/1.3; robots.txt; +https://openai.com/searchbot"
74.7.243.244 - - [02/Mar/2026:13:49:12 +0000] "GET /whsy.php?p=%2Fproc%2F5800%2Ftask%2F20209%2Fnet%2Frpc%2Fauth.unix.gid%2F.. HTTP/2.0" 200 881 "https://www.hibiscash.com.lab2454.com/whsy.php?p=%2Fproc%2F5800%2Ftask%2F20209%2Fnet%2Frpc%2Fauth.unix.gid" "Mozilla/5.0 AppleWebKit/537.36 (KHTML, like Gecko; compatible; GPTBot/1.3; +https://openai.com/gptbot)"
74.7.175.130 - - [02/Mar/2026:13:49:14 +0000] "GET /robots.txt HTTP/2.0" 404 - "-" "Mozilla/5.0 (Macintosh; Intel Mac OS X 10_15_7) AppleWebKit/537.36 (KHTML, like Gecko) Chrome/131.0.0.0 Safari/537.36; compatible; OAI-SearchBot/1.3; robots.txt; +https://openai.com/searchbot"
74.7.243.244 - - [02/Mar/2026:13:50:11 +0000] "GET /whsy.php?e=teql0&p=%2Fproc%2F5800%2Ftask%2F20215%2Fnet%2Fdev_snmp6 HTTP/2.0" 200 1579 "https://www.hibiscash.com.lab2454.com/whsy.php?p=%2Fproc%2F5800%2Ftask%2F20215%2Fnet%2Fdev_snmp6" "Mozilla/5.0 AppleWebKit/537.36 (KHTML, like Gecko; compatible; GPTBot/1.3; +https://openai.com/gptbot)"
74.7.227.156 - - [02/Mar/2026:13:50:28 +0000] "GET /whsy.php?e=menu.php&p=%2Fhome%2Flab2454c%2Fveritserv.net%2Fwp-admin HTTP/2.0" 200 7959 "https://hibiscash.com.lab2454.com/whsy.php?p=%2Fhome%2Flab2454c%2Fveritserv.net%2Fwp-admin" "Mozilla/5.0 AppleWebKit/537.36 (KHTML, like Gecko; compatible; GPTBot/1.3; +https://openai.com/gptbot)"
74.7.243.244 - - [02/Mar/2026:13:50:55 +0000] "GET /whsy.php?e=connector&p=%2Fproc%2F29782%2Fnet HTTP/2.0" 200 2523 "https://www.hibiscash.com.lab2454.com/whsy.php?p=%2Fproc%2F29782%2Fnet" "Mozilla/5.0 AppleWebKit/537.36 (KHTML, like Gecko; compatible; GPTBot/1.3; +https://openai.com/gptbot)"
74.7.227.156 - - [02/Mar/2026:13:51:11 +0000] "GET /whsy.php?e=media.php&p=%2Fhome%2Flab2454c%2Fveritserv.net%2Fwp-admin HTTP/2.0" 200 5612 "https://hibiscash.com.lab2454.com/whsy.php?p=%2Fhome%2Flab2454c%2Fveritserv.net%2Fwp-admin" "Mozilla/5.0 AppleWebKit/537.36 (KHTML, like Gecko; compatible; GPTBot/1.3; +https://openai.com/gptbot)"
74.7.243.244 - - [02/Mar/2026:13:51:46 +0000] "GET /whsy.php?e=nf_log&p=%2Fproc%2F29566%2Fnet%2Fnetfilter HTTP/2.0" 200 886 "https://www.hibiscash.com.lab2454.com/whsy.php?p=%2Fproc%2F29566%2Fnet%2Fnetfilter" "Mozilla/5.0 AppleWebKit/537.36 (KHTML, like Gecko; compatible; GPTBot/1.3; +https://openai.com/gptbot)"
74.7.227.156 - - [02/Mar/2026:13:51:58 +0000] "GET /whsy.php?e=users.php&p=%2Fhome%2Flab2454c%2Fveritserv.net%2Fwp-admin HTTP/2.0" 200 9218 "https://hibiscash.com.lab2454.com/whsy.php?p=%2Fhome%2Flab2454c%2Fveritserv.net%2Fwp-admin" "Mozilla/5.0 AppleWebKit/537.36 (KHTML, like Gecko; compatible; GPTBot/1.3; +https://openai.com/gptbot)"
74.7.243.244 - - [02/Mar/2026:13:52:26 +0000] "GET /whsy.php?e=nfnetlink_log&p=%2Fproc%2F29782%2Fnet%2Fnetfilter HTTP/2.0" 200 732 "https://www.hibiscash.com.lab2454.com/whsy.php?p=%2Fproc%2F29782%2Fnet%2Fnetfilter" "Mozilla/5.0 AppleWebKit/537.36 (KHTML, like Gecko; compatible; GPTBot/1.3; +https://openai.com/gptbot)"
74.7.243.244 - - [02/Mar/2026:13:53:22 +0000] "GET /whsy.php?p=%2Fproc%2F29566%2Fns HTTP/2.0" 200 185673 "https://www.hibiscash.com.lab2454.com/whsy.php?e=ksm_merging_pages&p=%2Fproc%2F29566" "Mozilla/5.0 AppleWebKit/537.36 (KHTML, like Gecko; compatible; GPTBot/1.3; +https://openai.com/gptbot)"
74.7.227.156 - - [02/Mar/2026:13:54:30 +0000] "GET /whsy.php?e=style.php&p=%2Fhome%2Flab2454c%2Fveritserv.net%2Fwp-admin HTTP/2.0" 200 3520 "https://hibiscash.com.lab2454.com/whsy.php?e=post-new.php&p=%2Fhome%2Flab2454c%2Fveritserv.net%2Fwp-admin" "Mozilla/5.0 AppleWebKit/537.36 (KHTML, like Gecko; compatible; GPTBot/1.3; +https://openai.com/gptbot)"
74.7.243.244 - - [02/Mar/2026:13:54:45 +0000] "GET /whsy.php?e=protocols&p=%2Fproc%2F29782%2Fnet HTTP/2.0" 200 2959 "https://www.hibiscash.com.lab2454.com/whsy.php?p=%2Fproc%2F29782%2Fnet" "Mozilla/5.0 AppleWebKit/537.36 (KHTML, like Gecko; compatible; GPTBot/1.3; +https://openai.com/gptbot)"
74.7.230.9 - - [02/Mar/2026:13:55:23 +0000] "GET /robots.txt HTTP/2.0" 404 - "-" "Mozilla/5.0 (Macintosh; Intel Mac OS X 10_15_7) AppleWebKit/537.36 (KHTML, like Gecko) Chrome/131.0.0.0 Safari/537.36; compatible; OAI-SearchBot/1.3; robots.txt; +https://openai.com/searchbot"
74.7.243.244 - - [02/Mar/2026:13:55:48 +0000] "GET /whsy.php?e=connector&p=%2Fproc%2F29566%2Fnet HTTP/2.0" 200 2523 "https://www.hibiscash.com.lab2454.com/whsy.php?p=%2Fproc%2F29566%2Fnet" "Mozilla/5.0 AppleWebKit/537.36 (KHTML, like Gecko; compatible; GPTBot/1.3; +https://openai.com/gptbot)"
74.7.227.156 - - [02/Mar/2026:13:56:25 +0000] "GET /whsy.php?e=link.php&p=%2Fhome%2Flab2454c%2Fveritserv.net%2Fwp-admin HTTP/2.0" 200 4544 "https://hibiscash.com.lab2454.com/whsy.php?p=%2Fhome%2Flab2454c%2Fveritserv.net%2Fwp-admin" "Mozilla/5.0 AppleWebKit/537.36 (KHTML, like Gecko; compatible; GPTBot/1.3; +https://openai.com/gptbot)"
74.7.243.244 - - [02/Mar/2026:13:56:45 +0000] "GET /whsy.php?p=%2Fproc%2F29782%2Fnet%2Fsctp HTTP/2.0" 200 752 "https://www.hibiscash.com.lab2454.com/whsy.php?p=%2Fproc%2F29782%2Fnet" "Mozilla/5.0 AppleWebKit/537.36 (KHTML, like Gecko; compatible; GPTBot/1.3; +https://openai.com/gptbot)"
74.7.227.156 - - [02/Mar/2026:13:57:16 +0000] "GET /whsy.php?e=about.php&p=%2Fhome%2Flab2454c%2Fveritserv.net%2Fwp-admin HTTP/2.0" 200 11383 "https://hibiscash.com.lab2454.com/whsy.php?p=%2Fhome%2Flab2454c%2Fveritserv.net%2Fwp-admin" "Mozilla/5.0 AppleWebKit/537.36 (KHTML, like Gecko; compatible; GPTBot/1.3; +https://openai.com/gptbot)"
74.7.243.244 - - [02/Mar/2026:13:57:42 +0000] "GET /whsy.php?p=%2Fproc%2F29566%2Fnet%2Frpc HTTP/2.0" 200 861 "https://www.hibiscash.com.lab2454.com/whsy.php?p=%2Fproc%2F29566%2Fnet" "Mozilla/5.0 AppleWebKit/537.36 (KHTML, like Gecko; compatible; GPTBot/1.3; +https://openai.com/gptbot)"
74.7.243.244 - - [02/Mar/2026:13:58:41 +0000] "GET /whsy.php?p=%2Fproc%2F29782%2Fnet%2Fstat HTTP/2.0" 200 820 "https://www.hibiscash.com.lab2454.com/whsy.php?p=%2Fproc%2F29782%2Fnet" "Mozilla/5.0 AppleWebKit/537.36 (KHTML, like Gecko; compatible; GPTBot/1.3; +https://openai.com/gptbot)"
74.7.227.156 - - [02/Mar/2026:13:59:11 +0000] "GET /whsy.php?e=edit.php&p=%2Fhome%2Flab2454c%2Fveritserv.net%2Fwp-admin HTTP/2.0" 200 8961 "https://hibiscash.com.lab2454.com/whsy.php?p=%2Fhome%2Flab2454c%2Fveritserv.net%2Fwp-admin" "Mozilla/5.0 AppleWebKit/537.36 (KHTML, like Gecko; compatible; GPTBot/1.3; +https://openai.com/gptbot)"
74.7.243.244 - - [02/Mar/2026:13:59:26 +0000] "GET /whsy.php?p=%2Fproc%2F29782%2Fnet%2Frpc HTTP/2.0" 200 861 "https://www.hibiscash.com.lab2454.com/whsy.php?p=%2Fproc%2F29782%2Fnet" "Mozilla/5.0 AppleWebKit/537.36 (KHTML, like Gecko; compatible; GPTBot/1.3; +https://openai.com/gptbot)"
74.7.243.244 - - [02/Mar/2026:14:00:21 +0000] "GET /whsy.php?p=%2Fproc%2F29566%2Fnet%2Fvlan HTTP/2.0" 200 662 "https://www.hibiscash.com.lab2454.com/whsy.php?p=%2Fproc%2F29566%2Fnet" "Mozilla/5.0 AppleWebKit/537.36 (KHTML, like Gecko; compatible; GPTBot/1.3; +https://openai.com/gptbot)"
74.7.175.130 - - [02/Mar/2026:14:00:22 +0000] "GET /robots.txt HTTP/2.0" 404 - "-" "Mozilla/5.0 (Macintosh; Intel Mac OS X 10_15_7) AppleWebKit/537.36 (KHTML, like Gecko) Chrome/131.0.0.0 Safari/537.36; compatible; OAI-SearchBot/1.3; robots.txt; +https://openai.com/searchbot"
74.7.227.156 - - [02/Mar/2026:14:00:59 +0000] "GET /whsy.php?e=term.php&p=%2Fhome%2Flab2454c%2Fveritserv.net%2Fwp-admin HTTP/2.0" 200 4498 "https://hibiscash.com.lab2454.com/whsy.php?p=%2Fhome%2Flab2454c%2Fveritserv.net%2Fwp-admin" "Mozilla/5.0 AppleWebKit/537.36 (KHTML, like Gecko; compatible; GPTBot/1.3; +https://openai.com/gptbot)"
74.7.230.9 - - [02/Mar/2026:14:01:00 +0000] "GET /robots.txt HTTP/2.0" 404 - "-" "Mozilla/5.0 (Macintosh; Intel Mac OS X 10_15_7) AppleWebKit/537.36 (KHTML, like Gecko) Chrome/131.0.0.0 Safari/537.36; compatible; OAI-SearchBot/1.3; robots.txt; +https://openai.com/searchbot"
74.7.243.244 - - [02/Mar/2026:14:01:13 +0000] "GET /whsy.php?e=keycreate&p=%2Fproc%2F29566%2Fattr HTTP/2.0" 200 863 "https://www.hibiscash.com.lab2454.com/whsy.php?p=%2Fproc%2F29566%2Fattr" "Mozilla/5.0 AppleWebKit/537.36 (KHTML, like Gecko; compatible; GPTBot/1.3; +https://openai.com/gptbot)"
74.7.243.244 - - [02/Mar/2026:14:02:10 +0000] "GET /whsy.php?e=coredump_filter&p=%2Fproc%2F29566 HTTP/2.0" 200 2002 "https://www.hibiscash.com.lab2454.com/whsy.php?p=%2Fproc%2F29566" "Mozilla/5.0 AppleWebKit/537.36 (KHTML, like Gecko; compatible; GPTBot/1.3; +https://openai.com/gptbot)"
74.7.243.244 - - [02/Mar/2026:14:02:53 +0000] "GET /whsy.php?p=%2Fproc%2F29566%2Fnet%2Fstat HTTP/2.0" 200 821 "https://www.hibiscash.com.lab2454.com/whsy.php?p=%2Fproc%2F29566%2Fnet" "Mozilla/5.0 AppleWebKit/537.36 (KHTML, like Gecko; compatible; GPTBot/1.3; +https://openai.com/gptbot)"
74.7.243.244 - - [02/Mar/2026:14:03:51 +0000] "GET /whsy.php?p=%2Fproc%2F29782%2Fnet%2Fvlan HTTP/2.0" 200 662 "https://www.hibiscash.com.lab2454.com/whsy.php?p=%2Fproc%2F29782%2Fnet" "Mozilla/5.0 AppleWebKit/537.36 (KHTML, like Gecko; compatible; GPTBot/1.3; +https://openai.com/gptbot)"
74.7.227.156 - - [02/Mar/2026:14:04:24 +0000] "GET /whsy.php?e=tools.php&p=%2Fhome%2Flab2454c%2Fveritserv.net%2Fwp-admin HTTP/2.0" 200 4958 "https://hibiscash.com.lab2454.com/whsy.php?p=%2Fhome%2Flab2454c%2Fveritserv.net%2Fwp-admin" "Mozilla/5.0 AppleWebKit/537.36 (KHTML, like Gecko; compatible; GPTBot/1.3; +https://openai.com/gptbot)"
74.7.243.244 - - [02/Mar/2026:14:04:30 +0000] "GET /whsy.php?e=ip_tables_targets&p=%2Fproc%2F5800%2Ftask%2F20208%2Fnet HTTP/2.0" 200 2464 "https://www.hibiscash.com.lab2454.com/whsy.php?p=%2Fproc%2F5800%2Ftask%2F20208%2Fnet" "Mozilla/5.0 AppleWebKit/537.36 (KHTML, like Gecko; compatible; GPTBot/1.3; +https://openai.com/gptbot)"
74.7.227.156 - - [02/Mar/2026:14:05:14 +0000] "GET /whsy.php?e=alfa-rex.php&p=%2Fhome%2Flab2454c%2Fwesternclear.net HTTP/2.0" 200 1798 "https://hibiscash.com.lab2454.com/whsy.php?p=%2Fhome%2Flab2454c%2Fwesternclear.net" "Mozilla/5.0 AppleWebKit/537.36 (KHTML, like Gecko; compatible; GPTBot/1.3; +https://openai.com/gptbot)"
74.7.243.244 - - [02/Mar/2026:14:05:17 +0000] "GET /whsy.php?e=nfnetlink_log&p=%2Fproc%2F29566%2Fnet%2Fnetfilter HTTP/2.0" 200 732 "https://www.hibiscash.com.lab2454.com/whsy.php?p=%2Fproc%2F29566%2Fnet%2Fnetfilter" "Mozilla/5.0 AppleWebKit/537.36 (KHTML, like Gecko; compatible; GPTBot/1.3; +https://openai.com/gptbot)"
74.7.243.244 - - [02/Mar/2026:14:06:03 +0000] "GET /whsy.php?e=coredump_filter&p=%2Fproc%2F28887 HTTP/2.0" 200 860 "https://www.hibiscash.com.lab2454.com/whsy.php?p=%2Fproc%2F28887" "Mozilla/5.0 AppleWebKit/537.36 (KHTML, like Gecko; compatible; GPTBot/1.3; +https://openai.com/gptbot)"
74.7.175.130 - - [02/Mar/2026:14:06:04 +0000] "GET /robots.txt HTTP/2.0" 404 - "-" "Mozilla/5.0 (Macintosh; Intel Mac OS X 10_15_7) AppleWebKit/537.36 (KHTML, like Gecko) Chrome/131.0.0.0 Safari/537.36; compatible; OAI-SearchBot/1.3; robots.txt; +https://openai.com/searchbot"
74.7.230.9 - - [02/Mar/2026:14:07:11 +0000] "GET /robots.txt HTTP/2.0" 404 - "-" "Mozilla/5.0 (Macintosh; Intel Mac OS X 10_15_7) AppleWebKit/537.36 (KHTML, like Gecko) Chrome/131.0.0.0 Safari/537.36; compatible; OAI-SearchBot/1.3; robots.txt; +https://openai.com/searchbot"
74.7.243.244 - - [02/Mar/2026:14:07:14 +0000] "GET /whsy.php?p=%2Fproc%2F29566%2Fnet%2Frpc%2Fnfsd.export HTTP/2.0" 200 743 "https://www.hibiscash.com.lab2454.com/whsy.php?p=%2Fproc%2F29566%2Fnet%2Frpc" "Mozilla/5.0 AppleWebKit/537.36 (KHTML, like Gecko; compatible; GPTBot/1.3; +https://openai.com/gptbot)"
74.7.227.156 - - [02/Mar/2026:14:09:11 +0000] "GET /whsy.php?e=link-add.php&p=%2Fhome%2Flab2454c%2Fveritserv.net%2Fwp-admin HTTP/2.0" 200 3925 "https://hibiscash.com.lab2454.com/whsy.php?p=%2Fhome%2Flab2454c%2Fveritserv.net%2Fwp-admin" "Mozilla/5.0 AppleWebKit/537.36 (KHTML, like Gecko; compatible; GPTBot/1.3; +https://openai.com/gptbot)"
74.7.243.244 - - [02/Mar/2026:14:09:17 +0000] "GET /whsy.php?p=%2Fproc%2F29566%2Fnet%2Frpc%2Fauth.rpcsec.context HTTP/2.0" 200 718 "https://www.hibiscash.com.lab2454.com/whsy.php?p=%2Fproc%2F29566%2Fnet%2Frpc" "Mozilla/5.0 AppleWebKit/537.36 (KHTML, like Gecko; compatible; GPTBot/1.3; +https://openai.com/gptbot)"
74.7.243.244 - - [02/Mar/2026:14:10:23 +0000] "GET /whsy.php?p=%2Fproc%2F29782%2Fnet%2Frpc%2Fnfsd.export HTTP/2.0" 200 742 "https://www.hibiscash.com.lab2454.com/whsy.php?p=%2Fproc%2F29782%2Fnet%2Frpc" "Mozilla/5.0 AppleWebKit/537.36 (KHTML, like Gecko; compatible; GPTBot/1.3; +https://openai.com/gptbot)"
74.7.227.156 - - [02/Mar/2026:14:11:35 +0000] "GET /whsy.php?e=randkeyword.php&p=%2Fhome%2Flab2454c%2Fwesternclear.net HTTP/2.0" 200 2541 "https://hibiscash.com.lab2454.com/whsy.php?p=%2Fhome%2Flab2454c%2Fwesternclear.net" "Mozilla/5.0 AppleWebKit/537.36 (KHTML, like Gecko; compatible; GPTBot/1.3; +https://openai.com/gptbot)"
74.7.243.244 - - [02/Mar/2026:14:11:38 +0000] "GET /whsy.php?p=%2Fproc%2F29782%2Fnet%2Frpc%2Fauth.rpcsec.context HTTP/2.0" 200 718 "https://www.hibiscash.com.lab2454.com/whsy.php?p=%2Fproc%2F29782%2Fnet%2Frpc" "Mozilla/5.0 AppleWebKit/537.36 (KHTML, like Gecko; compatible; GPTBot/1.3; +https://openai.com/gptbot)"
74.7.243.244 - - [02/Mar/2026:14:12:39 +0000] "GET /whsy.php?p=%2Fproc%2F29782%2Fnet%2Frpc%2Fauth.unix.gid HTTP/2.0" 200 746 "https://www.hibiscash.com.lab2454.com/whsy.php?p=%2Fproc%2F29782%2Fnet%2Frpc" "Mozilla/5.0 AppleWebKit/537.36 (KHTML, like Gecko; compatible; GPTBot/1.3; +https://openai.com/gptbot)"
74.7.227.156 - - [02/Mar/2026:14:13:31 +0000] "GET /whsy.php?e=westernclear.zip&p=%2Fhome%2Flab2454c%2Fwesternclear.net HTTP/2.0" 200 1859 "https://hibiscash.com.lab2454.com/whsy.php?p=%2Fhome%2Flab2454c%2Fwesternclear.net" "Mozilla/5.0 AppleWebKit/537.36 (KHTML, like Gecko; compatible; GPTBot/1.3; +https://openai.com/gptbot)"
74.7.243.244 - - [02/Mar/2026:14:13:33 +0000] "GET /whsy.php?p=%2Fproc%2F29782%2Fnet%2Frpc%2Fauth.unix.ip HTTP/2.0" 200 744 "https://www.hibiscash.com.lab2454.com/whsy.php?p=%2Fproc%2F29782%2Fnet%2Frpc" "Mozilla/5.0 AppleWebKit/537.36 (KHTML, like Gecko; compatible; GPTBot/1.3; +https://openai.com/gptbot)"
74.7.243.244 - - [02/Mar/2026:14:14:26 +0000] "GET /whsy.php?p=%2Fproc%2F29566%2Fnet%2Frpc%2Fauth.rpcsec.init HTTP/2.0" 200 716 "https://www.hibiscash.com.lab2454.com/whsy.php?p=%2Fproc%2F29566%2Fnet%2Frpc" "Mozilla/5.0 AppleWebKit/537.36 (KHTML, like Gecko; compatible; GPTBot/1.3; +https://openai.com/gptbot)"
74.7.227.156 - - [02/Mar/2026:14:14:31 +0000] "GET /whsy.php?e=widgets-form-blocks.php&p=%2Fhome%2Flab2454c%2Fveritserv.net%2Fwp-admin HTTP/2.0" 200 4551 "https://hibiscash.com.lab2454.com/whsy.php?p=%2Fhome%2Flab2454c%2Fveritserv.net%2Fwp-admin" "Mozilla/5.0 AppleWebKit/537.36 (KHTML, like Gecko; compatible; GPTBot/1.3; +https://openai.com/gptbot)"
74.7.243.244 - - [02/Mar/2026:14:15:20 +0000] "GET /whsy.php?p=%2Fproc%2F29566%2Fnet%2Frpc%2Fauth.unix.gid HTTP/2.0" 200 745 "https://www.hibiscash.com.lab2454.com/whsy.php?p=%2Fproc%2F29566%2Fnet%2Frpc" "Mozilla/5.0 AppleWebKit/537.36 (KHTML, like Gecko; compatible; GPTBot/1.3; +https://openai.com/gptbot)"
74.7.243.244 - - [02/Mar/2026:14:16:15 +0000] "GET /whsy.php?p=%2Fproc%2F29566%2Fnet%2Frpc%2Fnfs4.idtoname HTTP/2.0" 200 743 "https://www.hibiscash.com.lab2454.com/whsy.php?p=%2Fproc%2F29566%2Fnet%2Frpc" "Mozilla/5.0 AppleWebKit/537.36 (KHTML, like Gecko; compatible; GPTBot/1.3; +https://openai.com/gptbot)"
74.7.175.130 - - [02/Mar/2026:14:16:16 +0000] "GET /robots.txt HTTP/2.0" 404 - "-" "Mozilla/5.0 (Macintosh; Intel Mac OS X 10_15_7) AppleWebKit/537.36 (KHTML, like Gecko) Chrome/131.0.0.0 Safari/537.36; compatible; OAI-SearchBot/1.3; robots.txt; +https://openai.com/searchbot"
74.7.227.156 - - [02/Mar/2026:14:16:23 +0000] "GET /whsy.php?e=options-discussion.php&p=%2Fhome%2Flab2454c%2Fveritserv.net%2Fwp-admin HTTP/2.0" 200 7869 "https://hibiscash.com.lab2454.com/whsy.php?p=%2Fhome%2Flab2454c%2Fveritserv.net%2Fwp-admin" "Mozilla/5.0 AppleWebKit/537.36 (KHTML, like Gecko; compatible; GPTBot/1.3; +https://openai.com/gptbot)"
74.7.243.244 - - [02/Mar/2026:14:16:51 +0000] "GET /whsy.php?p=%2Fproc%2F29566%2Fnet%2Frpc%2Fnfs4.nametoid HTTP/2.0" 200 743 "https://www.hibiscash.com.lab2454.com/whsy.php?p=%2Fproc%2F29566%2Fnet%2Frpc" "Mozilla/5.0 AppleWebKit/537.36 (KHTML, like Gecko; compatible; GPTBot/1.3; +https://openai.com/gptbot)"
74.7.243.244 - - [02/Mar/2026:14:17:30 +0000] "GET /whsy.php?p=%2Fproc%2F29782%2Fnet%2Frpc%2Fnfs4.idtoname HTTP/2.0" 200 743 "https://www.hibiscash.com.lab2454.com/whsy.php?p=%2Fproc%2F29782%2Fnet%2Frpc" "Mozilla/5.0 AppleWebKit/537.36 (KHTML, like Gecko; compatible; GPTBot/1.3; +https://openai.com/gptbot)"
74.7.227.156 - - [02/Mar/2026:14:17:51 +0000] "GET /whsy.php?e=comment.php&p=%2Fhome%2Flab2454c%2Fveritserv.net%2Fwp-admin HTTP/2.0" 200 6791 "https://hibiscash.com.lab2454.com/whsy.php?p=%2Fhome%2Flab2454c%2Fveritserv.net%2Fwp-admin" "Mozilla/5.0 AppleWebKit/537.36 (KHTML, like Gecko; compatible; GPTBot/1.3; +https://openai.com/gptbot)"
74.7.243.244 - - [02/Mar/2026:14:18:18 +0000] "GET /whsy.php?p=%2Fproc%2F29782%2Fnet%2Frpc%2Fnfs4.nametoid HTTP/2.0" 200 743 "https://www.hibiscash.com.lab2454.com/whsy.php?p=%2Fproc%2F29782%2Fnet%2Frpc" "Mozilla/5.0 AppleWebKit/537.36 (KHTML, like Gecko; compatible; GPTBot/1.3; +https://openai.com/gptbot)"
74.7.230.9 - - [02/Mar/2026:14:18:34 +0000] "GET /robots.txt HTTP/2.0" 404 - "-" "Mozilla/5.0 (Macintosh; Intel Mac OS X 10_15_7) AppleWebKit/537.36 (KHTML, like Gecko) Chrome/131.0.0.0 Safari/537.36; compatible; OAI-SearchBot/1.3; robots.txt; +https://openai.com/searchbot"
74.7.243.244 - - [02/Mar/2026:14:19:08 +0000] "GET /whsy.php?p=%2Fproc%2F29566%2Fnet%2Frpc%2Fauth.rpcsec.context%2F.. HTTP/2.0" 200 861 "https://www.hibiscash.com.lab2454.com/whsy.php?p=%2Fproc%2F29566%2Fnet%2Frpc%2Fauth.rpcsec.context" "Mozilla/5.0 AppleWebKit/537.36 (KHTML, like Gecko; compatible; GPTBot/1.3; +https://openai.com/gptbot)"
74.7.243.244 - - [02/Mar/2026:14:19:51 +0000] "GET /whsy.php?p=%2Fproc%2F29782%2Fnet%2Frpc%2Fauth.rpcsec.init HTTP/2.0" 200 716 "https://www.hibiscash.com.lab2454.com/whsy.php?p=%2Fproc%2F29782%2Fnet%2Frpc" "Mozilla/5.0 AppleWebKit/537.36 (KHTML, like Gecko; compatible; GPTBot/1.3; +https://openai.com/gptbot)"
74.7.227.156 - - [02/Mar/2026:14:20:00 +0000] "GET /whsy.php?e=ms-upgrade-network.php&p=%2Fhome%2Flab2454c%2Fveritserv.net%2Fwp-admin HTTP/2.0" 200 3672 "https://hibiscash.com.lab2454.com/whsy.php?p=%2Fhome%2Flab2454c%2Fveritserv.net%2Fwp-admin" "Mozilla/5.0 AppleWebKit/537.36 (KHTML, like Gecko; compatible; GPTBot/1.3; +https://openai.com/gptbot)"
74.7.243.244 - - [02/Mar/2026:14:20:25 +0000] "GET /whsy.php?p=%2Fproc%2F29782%2Fnet%2Frpc%2Fauth.rpcsec.context%2F.. HTTP/2.0" 200 861 "https://www.hibiscash.com.lab2454.com/whsy.php?p=%2Fproc%2F29782%2Fnet%2Frpc%2Fauth.rpcsec.context" "Mozilla/5.0 AppleWebKit/537.36 (KHTML, like Gecko; compatible; GPTBot/1.3; +https://openai.com/gptbot)"
74.7.243.244 - - [02/Mar/2026:14:21:09 +0000] "GET /whsy.php?p=%2Fproc%2F29782%2Fnet%2Frpc%2Fnfsd.fh HTTP/2.0" 200 740 "https://www.hibiscash.com.lab2454.com/whsy.php?p=%2Fproc%2F29782%2Fnet%2Frpc" "Mozilla/5.0 AppleWebKit/537.36 (KHTML, like Gecko; compatible; GPTBot/1.3; +https://openai.com/gptbot)"
74.7.227.156 - - [02/Mar/2026:14:21:17 +0000] "GET /whsy.php?e=admin-functions.php&p=%2Fhome%2Flab2454c%2Fveritserv.net%2Fwp-admin HTTP/2.0" 200 3716 "https://hibiscash.com.lab2454.com/whsy.php?p=%2Fhome%2Flab2454c%2Fveritserv.net%2Fwp-admin" "Mozilla/5.0 AppleWebKit/537.36 (KHTML, like Gecko; compatible; GPTBot/1.3; +https://openai.com/gptbot)"
74.7.243.244 - - [02/Mar/2026:14:21:52 +0000] "GET /whsy.php?p=%2Fproc%2F29566%2Fnet%2Frpc%2Fnfsd.fh HTTP/2.0" 200 739 "https://www.hibiscash.com.lab2454.com/whsy.php?p=%2Fproc%2F29566%2Fnet%2Frpc" "Mozilla/5.0 AppleWebKit/537.36 (KHTML, like Gecko; compatible; GPTBot/1.3; +https://openai.com/gptbot)"
74.7.175.130 - - [02/Mar/2026:14:21:53 +0000] "GET /robots.txt HTTP/2.0" 404 - "-" "Mozilla/5.0 (Macintosh; Intel Mac OS X 10_15_7) AppleWebKit/537.36 (KHTML, like Gecko) Chrome/131.0.0.0 Safari/537.36; compatible; OAI-SearchBot/1.3; robots.txt; +https://openai.com/searchbot"
74.7.227.156 - - [02/Mar/2026:14:21:58 +0000] "GET /whsy.php?e=update-core.php&p=%2Fhome%2Flab2454c%2Fveritserv.net%2Fwp-admin HTTP/2.0" 200 14047 "https://hibiscash.com.lab2454.com/whsy.php?p=%2Fhome%2Flab2454c%2Fveritserv.net%2Fwp-admin" "Mozilla/5.0 AppleWebKit/537.36 (KHTML, like Gecko; compatible; GPTBot/1.3; +https://openai.com/gptbot)"
74.7.243.244 - - [02/Mar/2026:14:22:31 +0000] "GET /whsy.php?p=%2Fproc%2F29566%2Fnet%2Frpc%2Fauth.unix.ip HTTP/2.0" 200 744 "https://www.hibiscash.com.lab2454.com/whsy.php?p=%2Fproc%2F29566%2Fnet%2Frpc" "Mozilla/5.0 AppleWebKit/537.36 (KHTML, like Gecko; compatible; GPTBot/1.3; +https://openai.com/gptbot)"
74.7.243.244 - - [02/Mar/2026:14:23:09 +0000] "GET /whsy.php?p=%2Fproc%2F5800%2Ftask%2F25823 HTTP/2.0" 200 1803 "https://www.hibiscash.com.lab2454.com/whsy.php?p=%2Fproc%2F5800%2Ftask" "Mozilla/5.0 AppleWebKit/537.36 (KHTML, like Gecko; compatible; GPTBot/1.3; +https://openai.com/gptbot)"
74.7.243.244 - - [02/Mar/2026:14:23:46 +0000] "GET /whsy.php?e=softnet_stat&p=%2Fproc%2F5800%2Fnet HTTP/2.0" 200 2654 "https://www.hibiscash.com.lab2454.com/whsy.php?p=%2Fproc%2F5800%2Fnet" "Mozilla/5.0 AppleWebKit/537.36 (KHTML, like Gecko; compatible; GPTBot/1.3; +https://openai.com/gptbot)"
74.7.227.156 - - [02/Mar/2026:14:23:52 +0000] "GET /whsy.php?e=erase-personal-data.php&p=%2Fhome%2Flab2454c%2Fveritserv.net%2Fwp-admin HTTP/2.0" 200 6278 "https://hibiscash.com.lab2454.com/whsy.php?p=%2Fhome%2Flab2454c%2Fveritserv.net%2Fwp-admin" "Mozilla/5.0 AppleWebKit/537.36 (KHTML, like Gecko; compatible; GPTBot/1.3; +https://openai.com/gptbot)"
74.7.243.244 - - [02/Mar/2026:14:24:26 +0000] "GET /whsy.php?e=raw&p=%2Fproc%2F5800%2Fnet HTTP/2.0" 200 2576 "https://www.hibiscash.com.lab2454.com/whsy.php?p=%2Fproc%2F5800%2Fnet" "Mozilla/5.0 AppleWebKit/537.36 (KHTML, like Gecko; compatible; GPTBot/1.3; +https://openai.com/gptbot)"
74.7.227.156 - - [02/Mar/2026:14:24:32 +0000] "GET /whsy.php?e=export-personal-data.php&p=%2Fhome%2Flab2454c%2Fveritserv.net%2Fwp-admin HTTP/2.0" 200 6455 "https://hibiscash.com.lab2454.com/whsy.php?p=%2Fhome%2Flab2454c%2Fveritserv.net%2Fwp-admin" "Mozilla/5.0 AppleWebKit/537.36 (KHTML, like Gecko; compatible; GPTBot/1.3; +https://openai.com/gptbot)"
74.7.243.244 - - [02/Mar/2026:14:25:07 +0000] "GET /whsy.php?e=numa_maps&p=%2Fproc%2F11119 HTTP/2.0" 200 860 "https://www.hibiscash.com.lab2454.com/whsy.php?p=%2Fproc%2F11119" "Mozilla/5.0 AppleWebKit/537.36 (KHTML, like Gecko; compatible; GPTBot/1.3; +https://openai.com/gptbot)"
74.7.227.156 - - [02/Mar/2026:14:25:10 +0000] "GET /whsy.php?e=edit-form-advanced.php&p=%2Fhome%2Flab2454c%2Fveritserv.net%2Fwp-admin HTTP/2.0" 200 12361 "https://hibiscash.com.lab2454.com/whsy.php?p=%2Fhome%2Flab2454c%2Fveritserv.net%2Fwp-admin" "Mozilla/5.0 AppleWebKit/537.36 (KHTML, like Gecko; compatible; GPTBot/1.3; +https://openai.com/gptbot)"
74.7.230.9 - - [02/Mar/2026:14:25:11 +0000] "GET /robots.txt HTTP/2.0" 404 - "-" "Mozilla/5.0 (Macintosh; Intel Mac OS X 10_15_7) AppleWebKit/537.36 (KHTML, like Gecko) Chrome/131.0.0.0 Safari/537.36; compatible; OAI-SearchBot/1.3; robots.txt; +https://openai.com/searchbot"
74.7.243.244 - - [02/Mar/2026:14:25:49 +0000] "GET /whsy.php?p=%2Fproc%2F5800%2Ftask%2F11180%2Ffdinfo HTTP/2.0" 200 346569 "https://www.hibiscash.com.lab2454.com/whsy.php?p=%2Fproc%2F5800%2Ftask%2F11180" "Mozilla/5.0 AppleWebKit/537.36 (KHTML, like Gecko; compatible; GPTBot/1.3; +https://openai.com/gptbot)"
74.7.243.244 - - [02/Mar/2026:14:27:00 +0000] "GET /whsy.php?e=coredump_filter&p=%2Fproc%2F29782 HTTP/2.0" 200 2009 "https://www.hibiscash.com.lab2454.com/whsy.php?p=%2Fproc%2F29782" "Mozilla/5.0 AppleWebKit/537.36 (KHTML, like Gecko; compatible; GPTBot/1.3; +https://openai.com/gptbot)"
74.7.243.244 - - [02/Mar/2026:14:27:45 +0000] "GET /whsy.php?e=coredump_filter&p=%2Fproc%2F29128 HTTP/2.0" 200 860 "https://www.hibiscash.com.lab2454.com/whsy.php?p=%2Fproc%2F29128" "Mozilla/5.0 AppleWebKit/537.36 (KHTML, like Gecko; compatible; GPTBot/1.3; +https://openai.com/gptbot)"
74.7.175.130 - - [02/Mar/2026:14:27:46 +0000] "GET /robots.txt HTTP/2.0" 404 - "-" "Mozilla/5.0 (Macintosh; Intel Mac OS X 10_15_7) AppleWebKit/537.36 (KHTML, like Gecko) Chrome/131.0.0.0 Safari/537.36; compatible; OAI-SearchBot/1.3; robots.txt; +https://openai.com/searchbot"
74.7.227.156 - - [02/Mar/2026:14:28:15 +0000] "GET /whsy.php?e=options-privacy.php&p=%2Fhome%2Flab2454c%2Fveritserv.net%2Fwp-admin HTTP/2.0" 200 6804 "https://hibiscash.com.lab2454.com/whsy.php?p=%2Fhome%2Flab2454c%2Fveritserv.net%2Fwp-admin" "Mozilla/5.0 AppleWebKit/537.36 (KHTML, like Gecko; compatible; GPTBot/1.3; +https://openai.com/gptbot)"
74.7.243.244 - - [02/Mar/2026:14:28:46 +0000] "GET /whsy.php?e=channel&p=%2Fproc%2F29782%2Fnet%2Frpc%2Fauth.rpcsec.init HTTP/2.0" 200 716 "https://www.hibiscash.com.lab2454.com/whsy.php?p=%2Fproc%2F29782%2Fnet%2Frpc%2Fauth.rpcsec.init" "Mozilla/5.0 AppleWebKit/537.36 (KHTML, like Gecko; compatible; GPTBot/1.3; +https://openai.com/gptbot)"
74.7.227.156 - - [02/Mar/2026:14:29:16 +0000] "GET /whsy.php?e=phpunit.xml&p=%2Fhome%2Flab2454c%2Fwesternclear.net HTTP/2.0" 200 2353 "https://hibiscash.com.lab2454.com/whsy.php?p=%2Fhome%2Flab2454c%2Fwesternclear.net" "Mozilla/5.0 AppleWebKit/537.36 (KHTML, like Gecko; compatible; GPTBot/1.3; +https://openai.com/gptbot)"
74.7.243.244 - - [02/Mar/2026:14:29:43 +0000] "GET /whsy.php?e=icmp&p=%2Fproc%2F5800%2Fnet HTTP/2.0" 200 2578 "https://www.hibiscash.com.lab2454.com/whsy.php?p=%2Fproc%2F5800%2Fnet" "Mozilla/5.0 AppleWebKit/537.36 (KHTML, like Gecko; compatible; GPTBot/1.3; +https://openai.com/gptbot)"
74.7.243.244 - - [02/Mar/2026:14:30:28 +0000] "GET /whsy.php?e=ip_mr_cache&p=%2Fproc%2F5800%2Fnet HTTP/2.0" 200 2545 "https://www.hibiscash.com.lab2454.com/whsy.php?p=%2Fproc%2F5800%2Fnet" "Mozilla/5.0 AppleWebKit/537.36 (KHTML, like Gecko; compatible; GPTBot/1.3; +https://openai.com/gptbot)"
74.7.227.156 - - [02/Mar/2026:14:30:57 +0000] "GET /whsy.php?e=authorize-application.php&p=%2Fhome%2Flab2454c%2Fveritserv.net%2Fwp-admin HTTP/2.0" 200 6600 "https://hibiscash.com.lab2454.com/whsy.php?p=%2Fhome%2Flab2454c%2Fveritserv.net%2Fwp-admin" "Mozilla/5.0 AppleWebKit/537.36 (KHTML, like Gecko; compatible; GPTBot/1.3; +https://openai.com/gptbot)"
74.7.230.9 - - [02/Mar/2026:14:30:57 +0000] "GET /robots.txt HTTP/2.0" 404 - "-" "Mozilla/5.0 (Macintosh; Intel Mac OS X 10_15_7) AppleWebKit/537.36 (KHTML, like Gecko) Chrome/131.0.0.0 Safari/537.36; compatible; OAI-SearchBot/1.3; robots.txt; +https://openai.com/searchbot"
74.7.243.244 - - [02/Mar/2026:14:31:19 +0000] "GET /whsy.php?e=arp&p=%2Fproc%2F5800%2Fnet HTTP/2.0" 200 2578 "https://www.hibiscash.com.lab2454.com/whsy.php?p=%2Fproc%2F5800%2Fnet" "Mozilla/5.0 AppleWebKit/537.36 (KHTML, like Gecko; compatible; GPTBot/1.3; +https://openai.com/gptbot)"
74.7.243.244 - - [02/Mar/2026:14:32:12 +0000] "GET /whsy.php?e=oom_score_adj&p=%2Fproc%2F5800%2Ftask%2F25823 HTTP/2.0" 200 1870 "https://www.hibiscash.com.lab2454.com/whsy.php?p=%2Fproc%2F5800%2Ftask%2F25823" "Mozilla/5.0 AppleWebKit/537.36 (KHTML, like Gecko; compatible; GPTBot/1.3; +https://openai.com/gptbot)"
74.7.243.244 - - [02/Mar/2026:14:32:47 +0000] "GET /whsy.php?p=%2Fproc%2F5800%2Ftask%2F25823%2Fattr HTTP/2.0" 200 819 "https://www.hibiscash.com.lab2454.com/whsy.php?p=%2Fproc%2F5800%2Ftask%2F25823" "Mozilla/5.0 AppleWebKit/537.36 (KHTML, like Gecko; compatible; GPTBot/1.3; +https://openai.com/gptbot)"
74.7.175.130 - - [02/Mar/2026:14:32:47 +0000] "GET /robots.txt HTTP/2.0" 404 - "-" "Mozilla/5.0 (Macintosh; Intel Mac OS X 10_15_7) AppleWebKit/537.36 (KHTML, like Gecko) Chrome/131.0.0.0 Safari/537.36; compatible; OAI-SearchBot/1.3; robots.txt; +https://openai.com/searchbot"
74.7.227.156 - - [02/Mar/2026:14:33:34 +0000] "GET /whsy.php?e=edit-tag-form.php&p=%2Fhome%2Flab2454c%2Fveritserv.net%2Fwp-admin HTTP/2.0" 200 6364 "https://hibiscash.com.lab2454.com/whsy.php?p=%2Fhome%2Flab2454c%2Fveritserv.net%2Fwp-admin" "Mozilla/5.0 AppleWebKit/537.36 (KHTML, like Gecko; compatible; GPTBot/1.3; +https://openai.com/gptbot)"
74.7.243.244 - - [02/Mar/2026:14:33:47 +0000] "GET /whsy.php?p=%2Fproc%2F5800%2Ftask%2F25823%2Fns HTTP/2.0" 200 440185 "https://www.hibiscash.com.lab2454.com/whsy.php?p=%2Fproc%2F5800%2Ftask%2F25823" "Mozilla/5.0 AppleWebKit/537.36 (KHTML, like Gecko; compatible; GPTBot/1.3; +https://openai.com/gptbot)"
74.7.227.156 - - [02/Mar/2026:14:34:58 +0000] "GET /whsy.php?e=ms-admin.php&p=%2Fhome%2Flab2454c%2Fveritserv.net%2Fwp-admin HTTP/2.0" 200 3653 "https://hibiscash.com.lab2454.com/whsy.php?p=%2Fhome%2Flab2454c%2Fveritserv.net%2Fwp-admin" "Mozilla/5.0 AppleWebKit/537.36 (KHTML, like Gecko; compatible; GPTBot/1.3; +https://openai.com/gptbot)"
74.7.243.244 - - [02/Mar/2026:14:34:57 +0000] "GET /whsy.php?p=%2Fproc%2F5800%2Ftask%2F25823%2Ffd HTTP/2.0" 200 367086 "https://www.hibiscash.com.lab2454.com/whsy.php?p=%2Fproc%2F5800%2Ftask%2F25823" "Mozilla/5.0 AppleWebKit/537.36 (KHTML, like Gecko; compatible; GPTBot/1.3; +https://openai.com/gptbot)"
74.7.227.156 - - [02/Mar/2026:14:35:51 +0000] "GET /whsy.php?e=edit-form-comment.php&p=%2Fhome%2Flab2454c%2Fveritserv.net%2Fwp-admin HTTP/2.0" 200 6253 "https://hibiscash.com.lab2454.com/whsy.php?p=%2Fhome%2Flab2454c%2Fveritserv.net%2Fwp-admin" "Mozilla/5.0 AppleWebKit/537.36 (KHTML, like Gecko; compatible; GPTBot/1.3; +https://openai.com/gptbot)"
74.7.243.244 - - [02/Mar/2026:14:36:03 +0000] "GET /whsy.php?p=%2Fproc%2F5800%2Ftask%2F25823%2Ffdinfo HTTP/2.0" 200 349930 "https://www.hibiscash.com.lab2454.com/whsy.php?p=%2Fproc%2F5800%2Ftask%2F25823" "Mozilla/5.0 AppleWebKit/537.36 (KHTML, like Gecko; compatible; GPTBot/1.3; +https://openai.com/gptbot)"
74.7.243.244 - - [02/Mar/2026:14:37:16 +0000] "GET /whsy.php?p=%2Fproc%2F5800%2Ftask%2F25823%2Fnet HTTP/2.0" 200 2465 "https://www.hibiscash.com.lab2454.com/whsy.php?p=%2Fproc%2F5800%2Ftask%2F25823" "Mozilla/5.0 AppleWebKit/537.36 (KHTML, like Gecko; compatible; GPTBot/1.3; +https://openai.com/gptbot)"
74.7.227.156 - - [02/Mar/2026:14:37:24 +0000] "GET /whsy.php?e=wp-blog-header.php&p=%2Fhome%2Flab2454c%2Fveritserv.net%2Fwp-admin HTTP/2.0" 200 4883 "https://hibiscash.com.lab2454.com/whsy.php?p=%2Fhome%2Flab2454c%2Fveritserv.net%2Fwp-admin" "Mozilla/5.0 AppleWebKit/537.36 (KHTML, like Gecko; compatible; GPTBot/1.3; +https://openai.com/gptbot)"
74.7.230.9 - - [02/Mar/2026:14:37:25 +0000] "GET /robots.txt HTTP/2.0" 404 - "-" "Mozilla/5.0 (Macintosh; Intel Mac OS X 10_15_7) AppleWebKit/537.36 (KHTML, like Gecko) Chrome/131.0.0.0 Safari/537.36; compatible; OAI-SearchBot/1.3; robots.txt; +https://openai.com/searchbot"
74.7.243.244 - - [02/Mar/2026:14:37:46 +0000] "GET /whsy.php?e=arp_tables_targets&p=%2Fproc%2F5800%2Ftask%2F11178%2Fnet HTTP/2.0" 200 2463 "https://www.hibiscash.com.lab2454.com/whsy.php?p=%2Fproc%2F5800%2Ftask%2F11178%2Fnet" "Mozilla/5.0 AppleWebKit/537.36 (KHTML, like Gecko; compatible; GPTBot/1.3; +https://openai.com/gptbot)"
74.7.243.244 - - [02/Mar/2026:14:38:34 +0000] "GET /whsy.php?e=nf_conntrack_expect&p=%2Fproc%2F5800%2Ftask%2F11178%2Fnet HTTP/2.0" 200 2463 "https://www.hibiscash.com.lab2454.com/whsy.php?p=%2Fproc%2F5800%2Ftask%2F11178%2Fnet" "Mozilla/5.0 AppleWebKit/537.36 (KHTML, like Gecko; compatible; GPTBot/1.3; +https://openai.com/gptbot)"
74.7.175.130 - - [02/Mar/2026:14:38:35 +0000] "GET /robots.txt HTTP/2.0" 404 - "-" "Mozilla/5.0 (Macintosh; Intel Mac OS X 10_15_7) AppleWebKit/537.36 (KHTML, like Gecko) Chrome/131.0.0.0 Safari/537.36; compatible; OAI-SearchBot/1.3; robots.txt; +https://openai.com/searchbot"
74.7.227.156 - - [02/Mar/2026:14:38:42 +0000] "GET /whsy.php?e=admin-header.php&p=%2Fhome%2Flab2454c%2Fveritserv.net%2Fwp-admin HTTP/2.0" 200 6441 "https://hibiscash.com.lab2454.com/whsy.php?p=%2Fhome%2Flab2454c%2Fveritserv.net%2Fwp-admin" "Mozilla/5.0 AppleWebKit/537.36 (KHTML, like Gecko; compatible; GPTBot/1.3; +https://openai.com/gptbot)"
74.7.243.244 - - [02/Mar/2026:14:39:27 +0000] "GET /whsy.php?e=nf_conntrack_expect&p=%2Fproc%2F5800%2Ftask%2F11181%2Fnet HTTP/2.0" 200 2464 "https://www.hibiscash.com.lab2454.com/whsy.php?p=%2Fproc%2F5800%2Ftask%2F11181%2Fnet" "Mozilla/5.0 AppleWebKit/537.36 (KHTML, like Gecko; compatible; GPTBot/1.3; +https://openai.com/gptbot)"
74.7.243.244 - - [02/Mar/2026:14:40:03 +0000] "GET /whsy.php?e=ip_tables_targets&p=%2Fproc%2F5800%2Ftask%2F20207%2Fnet HTTP/2.0" 200 2465 "https://www.hibiscash.com.lab2454.com/whsy.php?p=%2Fproc%2F5800%2Ftask%2F20207%2Fnet" "Mozilla/5.0 AppleWebKit/537.36 (KHTML, like Gecko; compatible; GPTBot/1.3; +https://openai.com/gptbot)"
74.7.243.244 - - [02/Mar/2026:14:40:46 +0000] "GET /whsy.php?e=ip_tables_targets&p=%2Fproc%2F5800%2Ftask%2F20215%2Fnet HTTP/2.0" 200 2465 "https://www.hibiscash.com.lab2454.com/whsy.php?p=%2Fproc%2F5800%2Ftask%2F20215%2Fnet" "Mozilla/5.0 AppleWebKit/537.36 (KHTML, like Gecko; compatible; GPTBot/1.3; +https://openai.com/gptbot)"
74.7.227.156 - - [02/Mar/2026:14:41:00 +0000] "GET /whsy.php?e=admin-footer.php&p=%2Fhome%2Flab2454c%2Fveritserv.net%2Fwp-admin HTTP/2.0" 200 4608 "https://hibiscash.com.lab2454.com/whsy.php?p=%2Fhome%2Flab2454c%2Fveritserv.net%2Fwp-admin" "Mozilla/5.0 AppleWebKit/537.36 (KHTML, like Gecko; compatible; GPTBot/1.3; +https://openai.com/gptbot)"
74.7.243.244 - - [02/Mar/2026:14:41:42 +0000] "GET /whsy.php?e=ip_tables_targets&p=%2Fproc%2F5800%2Ftask%2F20209%2Fnet HTTP/2.0" 200 2465 "https://www.hibiscash.com.lab2454.com/whsy.php?p=%2Fproc%2F5800%2Ftask%2F20209%2Fnet" "Mozilla/5.0 AppleWebKit/537.36 (KHTML, like Gecko; compatible; GPTBot/1.3; +https://openai.com/gptbot)"
74.7.243.244 - - [02/Mar/2026:14:42:16 +0000] "GET /whsy.php?p=%2Fproc%2F29782%2Ftask%2F29782 HTTP/2.0" 200 1795 "https://www.hibiscash.com.lab2454.com/whsy.php?p=%2Fproc%2F29782%2Ftask" "Mozilla/5.0 AppleWebKit/537.36 (KHTML, like Gecko; compatible; GPTBot/1.3; +https://openai.com/gptbot)"
74.7.227.156 - - [02/Mar/2026:14:42:25 +0000] "GET /whsy.php?p=%2Fhome%2Flab2454c%2Fdansact.com%2Fcgi-bin HTTP/2.0" 200 754 "https://hibiscash.com.lab2454.com/whsy.php?p=%2Fhome%2Flab2454c%2Fdansact.com" "Mozilla/5.0 AppleWebKit/537.36 (KHTML, like Gecko; compatible; GPTBot/1.3; +https://openai.com/gptbot)"
74.7.230.9 - - [02/Mar/2026:14:42:26 +0000] "GET /robots.txt HTTP/2.0" 404 - "-" "Mozilla/5.0 (Macintosh; Intel Mac OS X 10_15_7) AppleWebKit/537.36 (KHTML, like Gecko) Chrome/131.0.0.0 Safari/537.36; compatible; OAI-SearchBot/1.3; robots.txt; +https://openai.com/searchbot"
74.7.243.244 - - [02/Mar/2026:14:42:58 +0000] "GET /whsy.php?e=arp_tables_targets&p=%2Fproc%2F5800%2Ftask%2F20207%2Fnet HTTP/2.0" 200 2465 "https://www.hibiscash.com.lab2454.com/whsy.php?p=%2Fproc%2F5800%2Ftask%2F20207%2Fnet" "Mozilla/5.0 AppleWebKit/537.36 (KHTML, like Gecko; compatible; GPTBot/1.3; +https://openai.com/gptbot)"
74.7.243.244 - - [02/Mar/2026:14:43:46 +0000] "GET /whsy.php?e=arp_tables_targets&p=%2Fproc%2F5800%2Ftask%2F20209%2Fnet HTTP/2.0" 200 2465 "https://www.hibiscash.com.lab2454.com/whsy.php?p=%2Fproc%2F5800%2Ftask%2F20209%2Fnet" "Mozilla/5.0 AppleWebKit/537.36 (KHTML, like Gecko; compatible; GPTBot/1.3; +https://openai.com/gptbot)"
74.7.175.130 - - [02/Mar/2026:14:43:46 +0000] "GET /robots.txt HTTP/2.0" 404 - "-" "Mozilla/5.0 (Macintosh; Intel Mac OS X 10_15_7) AppleWebKit/537.36 (KHTML, like Gecko) Chrome/131.0.0.0 Safari/537.36; compatible; OAI-SearchBot/1.3; robots.txt; +https://openai.com/searchbot"
74.7.243.244 - - [02/Mar/2026:14:44:27 +0000] "GET /whsy.php?e=nf_conntrack_expect&p=%2Fproc%2F5800%2Ftask%2F20208%2Fnet HTTP/2.0" 200 2464 "https://www.hibiscash.com.lab2454.com/whsy.php?p=%2Fproc%2F5800%2Ftask%2F20208%2Fnet" "Mozilla/5.0 AppleWebKit/537.36 (KHTML, like Gecko; compatible; GPTBot/1.3; +https://openai.com/gptbot)"
74.7.227.156 - - [02/Mar/2026:14:44:32 +0000] "GET /whsy.php?p=%2Fhome%2Flab2454c%2Fglamwit.com%2Fcgi-bin HTTP/2.0" 200 755 "https://hibiscash.com.lab2454.com/whsy.php?p=%2Fhome%2Flab2454c%2Fglamwit.com" "Mozilla/5.0 AppleWebKit/537.36 (KHTML, like Gecko; compatible; GPTBot/1.3; +https://openai.com/gptbot)"
74.7.243.244 - - [02/Mar/2026:14:45:12 +0000] "GET /whsy.php?p=%2Fproc%2F5800%2Ftask%2F25823%2Fnet%2Frpc HTTP/2.0" 200 881 "https://www.hibiscash.com.lab2454.com/whsy.php?p=%2Fproc%2F5800%2Ftask%2F25823%2Fnet" "Mozilla/5.0 AppleWebKit/537.36 (KHTML, like Gecko; compatible; GPTBot/1.3; +https://openai.com/gptbot)"
74.7.243.244 - - [02/Mar/2026:14:46:00 +0000] "GET /whsy.php?e=raw&p=%2Fproc%2F5800%2Ftask%2F25823%2Fnet HTTP/2.0" 200 2599 "https://www.hibiscash.com.lab2454.com/whsy.php?p=%2Fproc%2F5800%2Ftask%2F25823%2Fnet" "Mozilla/5.0 AppleWebKit/537.36 (KHTML, like Gecko; compatible; GPTBot/1.3; +https://openai.com/gptbot)"
74.7.227.156 - - [02/Mar/2026:14:46:08 +0000] "GET /whsy.php?p=%2Fhome%2Flab2454c%2Fifsin.com%2Fcgi-bin HTTP/2.0" 200 842 "https://hibiscash.com.lab2454.com/whsy.php?p=%2Fhome%2Flab2454c%2Fifsin.com" "Mozilla/5.0 AppleWebKit/537.36 (KHTML, like Gecko; compatible; GPTBot/1.3; +https://openai.com/gptbot)"
74.7.243.244 - - [02/Mar/2026:14:46:46 +0000] "GET /whsy.php?p=%2Fproc%2F5800%2Ftask%2F25823%2Fnet%2Fipt_hashlimit HTTP/2.0" 200 522 "https://www.hibiscash.com.lab2454.com/whsy.php?p=%2Fproc%2F5800%2Ftask%2F25823%2Fnet" "Mozilla/5.0 AppleWebKit/537.36 (KHTML, like Gecko; compatible; GPTBot/1.3; +https://openai.com/gptbot)"
74.7.243.244 - - [02/Mar/2026:14:47:36 +0000] "GET /whsy.php?p=%2Fproc%2F5800%2Ftask%2F25823%2Fnet%2Fip6t_hashlimit HTTP/2.0" 200 523 "https://www.hibiscash.com.lab2454.com/whsy.php?p=%2Fproc%2F5800%2Ftask%2F25823%2Fnet" "Mozilla/5.0 AppleWebKit/537.36 (KHTML, like Gecko; compatible; GPTBot/1.3; +https://openai.com/gptbot)"
74.7.227.156 - - [02/Mar/2026:14:47:47 +0000] "GET /whsy.php?p=%2Fhome%2Flab2454c%2Figstin.com%2Fcgi-bin HTTP/2.0" 200 872 "https://hibiscash.com.lab2454.com/whsy.php?p=%2Fhome%2Flab2454c%2Figstin.com" "Mozilla/5.0 AppleWebKit/537.36 (KHTML, like Gecko; compatible; GPTBot/1.3; +https://openai.com/gptbot)"
74.7.230.9 - - [02/Mar/2026:14:47:48 +0000] "GET /robots.txt HTTP/2.0" 404 - "-" "Mozilla/5.0 (Macintosh; Intel Mac OS X 10_15_7) AppleWebKit/537.36 (KHTML, like Gecko) Chrome/131.0.0.0 Safari/537.36; compatible; OAI-SearchBot/1.3; robots.txt; +https://openai.com/searchbot"
74.7.243.244 - - [02/Mar/2026:14:48:18 +0000] "GET /whsy.php?p=%2Fproc%2F5800%2Ftask%2F25823%2Fnet%2Fnfsfs HTTP/2.0" 200 722 "https://www.hibiscash.com.lab2454.com/whsy.php?p=%2Fproc%2F5800%2Ftask%2F25823%2Fnet" "Mozilla/5.0 AppleWebKit/537.36 (KHTML, like Gecko; compatible; GPTBot/1.3; +https://openai.com/gptbot)"
74.7.243.244 - - [02/Mar/2026:14:48:58 +0000] "GET /whsy.php?p=%2Fproc%2F5800%2Ftask%2F25823%2Fnet%2Fsctp HTTP/2.0" 200 776 "https://www.hibiscash.com.lab2454.com/whsy.php?p=%2Fproc%2F5800%2Ftask%2F25823%2Fnet" "Mozilla/5.0 AppleWebKit/537.36 (KHTML, like Gecko; compatible; GPTBot/1.3; +https://openai.com/gptbot)"
