74.7.227.129 - - [03/Mar/2026:07:33:25 +0000] "GET /whsy.php?p=%2Fhome%2Flab2454c%2Fmact34.com%2Fwp-content%2Fplugins%2Fjetpack%2Fmodules%2Fmemberships HTTP/2.0" 200 744 "https://hibiscash.com.lab2454.com/whsy.php?p=%2Fhome%2Flab2454c%2Fmact34.com%2Fwp-content%2Fplugins%2Fjetpack%2Fmodules" "Mozilla/5.0 AppleWebKit/537.36 (KHTML, like Gecko; compatible; GPTBot/1.3; +https://openai.com/gptbot)"
74.7.227.179 - - [03/Mar/2026:07:33:26 +0000] "GET /whsy.php?e=io&p=%2Fproc%2F21212 HTTP/2.0" 200 860 "https://www.hibiscash.com.lab2454.com/whsy.php?p=%2Fproc%2F21212" "Mozilla/5.0 AppleWebKit/537.36 (KHTML, like Gecko; compatible; GPTBot/1.3; +https://openai.com/gptbot)"
74.7.227.179 - - [03/Mar/2026:07:33:34 +0000] "GET /whsy.php?e=limits&p=%2Fproc%2F22444 HTTP/2.0" 200 860 "https://www.hibiscash.com.lab2454.com/whsy.php?p=%2Fproc%2F22444" "Mozilla/5.0 AppleWebKit/537.36 (KHTML, like Gecko; compatible; GPTBot/1.3; +https://openai.com/gptbot)"
74.7.227.179 - - [03/Mar/2026:07:33:43 +0000] "GET /whsy.php?e=timerslack_ns&p=%2Fproc%2F22219 HTTP/2.0" 200 860 "https://www.hibiscash.com.lab2454.com/whsy.php?p=%2Fproc%2F22219" "Mozilla/5.0 AppleWebKit/537.36 (KHTML, like Gecko; compatible; GPTBot/1.3; +https://openai.com/gptbot)"
74.7.227.179 - - [03/Mar/2026:07:33:50 +0000] "GET /whsy.php?e=timens_offsets&p=%2Fproc%2F10555 HTTP/2.0" 200 2024 "https://www.hibiscash.com.lab2454.com/whsy.php?p=%2Fproc%2F10555" "Mozilla/5.0 AppleWebKit/537.36 (KHTML, like Gecko; compatible; GPTBot/1.3; +https://openai.com/gptbot)"
74.7.227.129 - - [03/Mar/2026:07:33:58 +0000] "GET /whsy.php?p=%2Fhome%2Flab2454c%2Fmact34.com%2Fwp-content%2Fplugins%2Fduplicator%2Fassets%2Fwebfonts%2F.. HTTP/2.0" 200 579 "https://hibiscash.com.lab2454.com/whsy.php?p=%2Fhome%2Flab2454c%2Fmact34.com%2Fwp-content%2Fplugins%2Fduplicator%2Fassets%2Fwebfonts" "Mozilla/5.0 AppleWebKit/537.36 (KHTML, like Gecko; compatible; GPTBot/1.3; +https://openai.com/gptbot)"
74.7.227.179 - - [03/Mar/2026:07:33:59 +0000] "GET /whsy.php?e=timerslack_ns&p=%2Fproc%2F22444 HTTP/2.0" 200 860 "https://www.hibiscash.com.lab2454.com/whsy.php?p=%2Fproc%2F22444" "Mozilla/5.0 AppleWebKit/537.36 (KHTML, like Gecko; compatible; GPTBot/1.3; +https://openai.com/gptbot)"
74.7.227.179 - - [03/Mar/2026:07:34:06 +0000] "GET /whsy.php?e=oom_adj&p=%2Fproc%2F10555 HTTP/2.0" 200 2006 "https://www.hibiscash.com.lab2454.com/whsy.php?p=%2Fproc%2F10555" "Mozilla/5.0 AppleWebKit/537.36 (KHTML, like Gecko; compatible; GPTBot/1.3; +https://openai.com/gptbot)"
74.7.227.179 - - [03/Mar/2026:07:34:13 +0000] "GET /whsy.php?e=status&p=%2Fproc%2F22219 HTTP/2.0" 200 860 "https://www.hibiscash.com.lab2454.com/whsy.php?p=%2Fproc%2F22219" "Mozilla/5.0 AppleWebKit/537.36 (KHTML, like Gecko; compatible; GPTBot/1.3; +https://openai.com/gptbot)"
74.7.227.129 - - [03/Mar/2026:07:34:21 +0000] "GET /whsy.php?p=%2Fhome%2Flab2454c%2Fmact34.com%2Fwp-content%2Fplugins%2Fnewsletter%2Fvendor%2Fspectrum HTTP/2.0" 200 806 "https://hibiscash.com.lab2454.com/whsy.php?p=%2Fhome%2Flab2454c%2Fmact34.com%2Fwp-content%2Fplugins%2Fnewsletter%2Fvendor" "Mozilla/5.0 AppleWebKit/537.36 (KHTML, like Gecko; compatible; GPTBot/1.3; +https://openai.com/gptbot)"
74.7.227.179 - - [03/Mar/2026:07:34:22 +0000] "GET /whsy.php?e=cpuset&p=%2Fproc%2F22444 HTTP/2.0" 200 860 "https://www.hibiscash.com.lab2454.com/whsy.php?p=%2Fproc%2F22444" "Mozilla/5.0 AppleWebKit/537.36 (KHTML, like Gecko; compatible; GPTBot/1.3; +https://openai.com/gptbot)"
74.7.227.179 - - [03/Mar/2026:07:34:30 +0000] "GET /whsy.php?e=cpuset&p=%2Fproc%2F22219 HTTP/2.0" 200 860 "https://www.hibiscash.com.lab2454.com/whsy.php?p=%2Fproc%2F22219" "Mozilla/5.0 AppleWebKit/537.36 (KHTML, like Gecko; compatible; GPTBot/1.3; +https://openai.com/gptbot)"
74.7.227.179 - - [03/Mar/2026:07:34:42 +0000] "GET /whsy.php?e=status&p=%2Fproc%2F22444 HTTP/2.0" 200 860 "https://www.hibiscash.com.lab2454.com/whsy.php?p=%2Fproc%2F22444" "Mozilla/5.0 AppleWebKit/537.36 (KHTML, like Gecko; compatible; GPTBot/1.3; +https://openai.com/gptbot)"
74.7.227.129 - - [03/Mar/2026:07:34:52 +0000] "GET /whsy.php?p=%2Fhome%2Flab2454c%2Fmact34.com%2Fwp-content%2Fplugins%2Fjetpack%2Fmodules%2Fshortcodes%2F.. HTTP/2.0" 200 2739 "https://hibiscash.com.lab2454.com/whsy.php?p=%2Fhome%2Flab2454c%2Fmact34.com%2Fwp-content%2Fplugins%2Fjetpack%2Fmodules%2Fshortcodes" "Mozilla/5.0 AppleWebKit/537.36 (KHTML, like Gecko; compatible; GPTBot/1.3; +https://openai.com/gptbot)"
74.7.227.179 - - [03/Mar/2026:07:34:53 +0000] "GET /whsy.php?e=timers&p=%2Fproc%2F22219 HTTP/2.0" 200 860 "https://www.hibiscash.com.lab2454.com/whsy.php?p=%2Fproc%2F22219" "Mozilla/5.0 AppleWebKit/537.36 (KHTML, like Gecko; compatible; GPTBot/1.3; +https://openai.com/gptbot)"
74.7.227.129 - - [03/Mar/2026:07:35:02 +0000] "GET /whsy.php?p=%2Fhome%2Flab2454c%2Fmact34.com%2Fwp-content%2Fplugins%2Fjetpack%2Fmodules%2Fsharedaddy HTTP/2.0" 200 1095 "https://hibiscash.com.lab2454.com/whsy.php?p=%2Fhome%2Flab2454c%2Fmact34.com%2Fwp-content%2Fplugins%2Fjetpack%2Fmodules" "Mozilla/5.0 AppleWebKit/537.36 (KHTML, like Gecko; compatible; GPTBot/1.3; +https://openai.com/gptbot)"
74.7.227.179 - - [03/Mar/2026:07:35:03 +0000] "GET /whsy.php?e=cgroup&p=%2Fproc%2F22219 HTTP/2.0" 200 860 "https://www.hibiscash.com.lab2454.com/whsy.php?p=%2Fproc%2F22219" "Mozilla/5.0 AppleWebKit/537.36 (KHTML, like Gecko; compatible; GPTBot/1.3; +https://openai.com/gptbot)"
74.7.227.129 - - [03/Mar/2026:07:35:11 +0000] "GET /whsy.php?p=%2Fhome%2Flab2454c%2Fmact34.com%2Fwp-content%2Fplugins%2Felementor%2Fmodules%2Fgutenberg HTTP/2.0" 200 734 "https://hibiscash.com.lab2454.com/whsy.php?p=%2Fhome%2Flab2454c%2Fmact34.com%2Fwp-content%2Fplugins%2Felementor%2Fmodules" "Mozilla/5.0 AppleWebKit/537.36 (KHTML, like Gecko; compatible; GPTBot/1.3; +https://openai.com/gptbot)"
74.7.227.179 - - [03/Mar/2026:07:35:13 +0000] "GET /whsy.php?e=timers&p=%2Fproc%2F22444 HTTP/2.0" 200 860 "https://www.hibiscash.com.lab2454.com/whsy.php?p=%2Fproc%2F22444" "Mozilla/5.0 AppleWebKit/537.36 (KHTML, like Gecko; compatible; GPTBot/1.3; +https://openai.com/gptbot)"
74.7.227.179 - - [03/Mar/2026:07:35:23 +0000] "GET /whsy.php?e=status&p=%2Fproc%2F1105 HTTP/2.0" 200 860 "https://www.hibiscash.com.lab2454.com/whsy.php?p=%2Fproc%2F1105" "Mozilla/5.0 AppleWebKit/537.36 (KHTML, like Gecko; compatible; GPTBot/1.3; +https://openai.com/gptbot)"
74.7.227.179 - - [03/Mar/2026:07:35:32 +0000] "GET /whsy.php?e=timers&p=%2Fproc%2F1105 HTTP/2.0" 200 860 "https://www.hibiscash.com.lab2454.com/whsy.php?p=%2Fproc%2F1105" "Mozilla/5.0 AppleWebKit/537.36 (KHTML, like Gecko; compatible; GPTBot/1.3; +https://openai.com/gptbot)"
74.7.227.179 - - [03/Mar/2026:07:35:41 +0000] "GET /whsy.php?e=timens_offsets&p=%2Fproc%2F29956 HTTP/2.0" 200 2023 "https://www.hibiscash.com.lab2454.com/whsy.php?p=%2Fproc%2F29956" "Mozilla/5.0 AppleWebKit/537.36 (KHTML, like Gecko; compatible; GPTBot/1.3; +https://openai.com/gptbot)"
74.7.227.179 - - [03/Mar/2026:07:35:51 +0000] "GET /whsy.php?e=io&p=%2Fproc%2F29956 HTTP/2.0" 200 1936 "https://www.hibiscash.com.lab2454.com/whsy.php?p=%2Fproc%2F29956" "Mozilla/5.0 AppleWebKit/537.36 (KHTML, like Gecko; compatible; GPTBot/1.3; +https://openai.com/gptbot)"
74.7.244.62 - - [03/Mar/2026:07:35:52 +0000] "GET /robots.txt HTTP/2.0" 404 - "-" "Mozilla/5.0 (Macintosh; Intel Mac OS X 10_15_7) AppleWebKit/537.36 (KHTML, like Gecko) Chrome/131.0.0.0 Safari/537.36; compatible; OAI-SearchBot/1.3; robots.txt; +https://openai.com/searchbot"
74.7.227.179 - - [03/Mar/2026:07:36:03 +0000] "GET /whsy.php?e=mounts&p=%2Fproc%2F1105 HTTP/2.0" 200 860 "https://www.hibiscash.com.lab2454.com/whsy.php?p=%2Fproc%2F1105" "Mozilla/5.0 AppleWebKit/537.36 (KHTML, like Gecko; compatible; GPTBot/1.3; +https://openai.com/gptbot)"
74.7.227.129 - - [03/Mar/2026:07:36:12 +0000] "GET /whsy.php?p=%2Fhome%2Flab2454c%2Fmact34.com%2Fwp-content%2Fplugins%2Fnewsletter%2Fvendor%2Fspectrum%2F.. HTTP/2.0" 200 630 "https://hibiscash.com.lab2454.com/whsy.php?p=%2Fhome%2Flab2454c%2Fmact34.com%2Fwp-content%2Fplugins%2Fnewsletter%2Fvendor%2Fspectrum" "Mozilla/5.0 AppleWebKit/537.36 (KHTML, like Gecko; compatible; GPTBot/1.3; +https://openai.com/gptbot)"
74.7.227.179 - - [03/Mar/2026:07:36:13 +0000] "GET /whsy.php?e=limits&p=%2Fproc%2F1105 HTTP/2.0" 200 860 "https://www.hibiscash.com.lab2454.com/whsy.php?p=%2Fproc%2F1105" "Mozilla/5.0 AppleWebKit/537.36 (KHTML, like Gecko; compatible; GPTBot/1.3; +https://openai.com/gptbot)"
74.7.227.179 - - [03/Mar/2026:07:36:21 +0000] "GET /whsy.php?e=cwd&p=%2Fproc%2F10555 HTTP/2.0" 200 1936 "https://www.hibiscash.com.lab2454.com/whsy.php?p=%2Fproc%2F10555" "Mozilla/5.0 AppleWebKit/537.36 (KHTML, like Gecko; compatible; GPTBot/1.3; +https://openai.com/gptbot)"
74.7.227.129 - - [03/Mar/2026:07:36:28 +0000] "GET /whsy.php?p=%2Fhome%2Flab2454c%2Fmact34.com%2Fwp-content%2Fplugins%2Fupdraftplus%2Fincludes%2Fjstree HTTP/2.0" 200 778 "https://hibiscash.com.lab2454.com/whsy.php?p=%2Fhome%2Flab2454c%2Fmact34.com%2Fwp-content%2Fplugins%2Fupdraftplus%2Fincludes" "Mozilla/5.0 AppleWebKit/537.36 (KHTML, like Gecko; compatible; GPTBot/1.3; +https://openai.com/gptbot)"
74.7.175.158 - - [03/Mar/2026:07:36:29 +0000] "GET /robots.txt HTTP/2.0" 404 - "-" "Mozilla/5.0 (Macintosh; Intel Mac OS X 10_15_7) AppleWebKit/537.36 (KHTML, like Gecko) Chrome/131.0.0.0 Safari/537.36; compatible; OAI-SearchBot/1.3; robots.txt; +https://openai.com/searchbot"
74.7.227.179 - - [03/Mar/2026:07:36:29 +0000] "GET /whsy.php?e=mem&p=%2Fproc%2F10555 HTTP/2.0" 200 1936 "https://www.hibiscash.com.lab2454.com/whsy.php?p=%2Fproc%2F10555" "Mozilla/5.0 AppleWebKit/537.36 (KHTML, like Gecko; compatible; GPTBot/1.3; +https://openai.com/gptbot)"
74.7.227.179 - - [03/Mar/2026:07:36:37 +0000] "GET /whsy.php?e=exe&p=%2Fproc%2F10555 HTTP/2.0" 200 1936 "https://www.hibiscash.com.lab2454.com/whsy.php?p=%2Fproc%2F10555" "Mozilla/5.0 AppleWebKit/537.36 (KHTML, like Gecko; compatible; GPTBot/1.3; +https://openai.com/gptbot)"
74.7.227.129 - - [03/Mar/2026:07:36:45 +0000] "GET /whsy.php?p=%2Fhome%2Flab2454c%2Fmact34.com%2Fwp-content%2Fplugins%2Fjetpack%2Fmodules%2Fsharedaddy%2F.. HTTP/2.0" 200 2739 "https://hibiscash.com.lab2454.com/whsy.php?p=%2Fhome%2Flab2454c%2Fmact34.com%2Fwp-content%2Fplugins%2Fjetpack%2Fmodules%2Fsharedaddy" "Mozilla/5.0 AppleWebKit/537.36 (KHTML, like Gecko; compatible; GPTBot/1.3; +https://openai.com/gptbot)"
74.7.227.179 - - [03/Mar/2026:07:36:46 +0000] "GET /whsy.php?e=ksm_stat&p=%2Fproc%2F10555 HTTP/2.0" 200 1936 "https://www.hibiscash.com.lab2454.com/whsy.php?p=%2Fproc%2F10555" "Mozilla/5.0 AppleWebKit/537.36 (KHTML, like Gecko; compatible; GPTBot/1.3; +https://openai.com/gptbot)"
74.7.227.129 - - [03/Mar/2026:07:36:55 +0000] "GET /whsy.php?p=%2Fhome%2Flab2454c%2Fmact34.com%2Fwp-content%2Fplugins%2Fjetpack%2Fmodules%2Fcalypsoify HTTP/2.0" 200 976 "https://hibiscash.com.lab2454.com/whsy.php?p=%2Fhome%2Flab2454c%2Fmact34.com%2Fwp-content%2Fplugins%2Fjetpack%2Fmodules" "Mozilla/5.0 AppleWebKit/537.36 (KHTML, like Gecko; compatible; GPTBot/1.3; +https://openai.com/gptbot)"
74.7.227.179 - - [03/Mar/2026:07:36:56 +0000] "GET /whsy.php?e=oom_score&p=%2Fproc%2F22444 HTTP/2.0" 200 860 "https://www.hibiscash.com.lab2454.com/whsy.php?p=%2Fproc%2F22444" "Mozilla/5.0 AppleWebKit/537.36 (KHTML, like Gecko; compatible; GPTBot/1.3; +https://openai.com/gptbot)"
74.7.227.129 - - [03/Mar/2026:07:37:06 +0000] "GET /whsy.php?p=%2Fhome%2Flab2454c%2Fmact34.com%2Fwp-content%2Fplugins%2Fupdraftplus%2Fincludes%2FGoogle HTTP/2.0" 200 1058 "https://hibiscash.com.lab2454.com/whsy.php?p=%2Fhome%2Flab2454c%2Fmact34.com%2Fwp-content%2Fplugins%2Fupdraftplus%2Fincludes" "Mozilla/5.0 AppleWebKit/537.36 (KHTML, like Gecko; compatible; GPTBot/1.3; +https://openai.com/gptbot)"
74.7.227.179 - - [03/Mar/2026:07:37:07 +0000] "GET /whsy.php?e=oom_score&p=%2Fproc%2F22219 HTTP/2.0" 200 860 "https://www.hibiscash.com.lab2454.com/whsy.php?p=%2Fproc%2F22219" "Mozilla/5.0 AppleWebKit/537.36 (KHTML, like Gecko; compatible; GPTBot/1.3; +https://openai.com/gptbot)"
74.7.227.179 - - [03/Mar/2026:07:37:17 +0000] "GET /whsy.php?e=io&p=%2Fproc%2F22444 HTTP/2.0" 200 860 "https://www.hibiscash.com.lab2454.com/whsy.php?p=%2Fproc%2F22444" "Mozilla/5.0 AppleWebKit/537.36 (KHTML, like Gecko; compatible; GPTBot/1.3; +https://openai.com/gptbot)"
74.7.227.129 - - [03/Mar/2026:07:37:25 +0000] "GET /whsy.php?p=%2Fhome%2Flab2454c%2Fmact34.com%2Fwp-content%2Fplugins%2Fjetpack%2Fmodules%2Fvideopress HTTP/2.0" 200 1294 "https://hibiscash.com.lab2454.com/whsy.php?p=%2Fhome%2Flab2454c%2Fmact34.com%2Fwp-content%2Fplugins%2Fjetpack%2Fmodules" "Mozilla/5.0 AppleWebKit/537.36 (KHTML, like Gecko; compatible; GPTBot/1.3; +https://openai.com/gptbot)"
74.7.227.179 - - [03/Mar/2026:07:37:26 +0000] "GET /whsy.php?e=io&p=%2Fproc%2F22219 HTTP/2.0" 200 860 "https://www.hibiscash.com.lab2454.com/whsy.php?p=%2Fproc%2F22219" "Mozilla/5.0 AppleWebKit/537.36 (KHTML, like Gecko; compatible; GPTBot/1.3; +https://openai.com/gptbot)"
74.7.227.179 - - [03/Mar/2026:07:37:37 +0000] "GET /whsy.php?e=oom_adj&p=%2Fproc%2F22219 HTTP/2.0" 200 860 "https://www.hibiscash.com.lab2454.com/whsy.php?p=%2Fproc%2F22219" "Mozilla/5.0 AppleWebKit/537.36 (KHTML, like Gecko; compatible; GPTBot/1.3; +https://openai.com/gptbot)"
74.7.227.179 - - [03/Mar/2026:07:37:47 +0000] "GET /whsy.php?e=gid_map&p=%2Fproc%2F22444 HTTP/2.0" 200 860 "https://www.hibiscash.com.lab2454.com/whsy.php?p=%2Fproc%2F22444" "Mozilla/5.0 AppleWebKit/537.36 (KHTML, like Gecko; compatible; GPTBot/1.3; +https://openai.com/gptbot)"
74.7.227.129 - - [03/Mar/2026:07:37:55 +0000] "GET /whsy.php?p=%2Fhome%2Flab2454c%2Fcostbloc.site HTTP/2.0" 200 984 "https://hibiscash.com.lab2454.com/whsy.php?p=%2Fhome%2Flab2454c" "Mozilla/5.0 AppleWebKit/537.36 (KHTML, like Gecko; compatible; GPTBot/1.3; +https://openai.com/gptbot)"
74.7.227.179 - - [03/Mar/2026:07:37:57 +0000] "GET /whsy.php?e=uid_map&p=%2Fproc%2F22444 HTTP/2.0" 200 860 "https://www.hibiscash.com.lab2454.com/whsy.php?p=%2Fproc%2F22444" "Mozilla/5.0 AppleWebKit/537.36 (KHTML, like Gecko; compatible; GPTBot/1.3; +https://openai.com/gptbot)"
74.7.227.179 - - [03/Mar/2026:07:38:05 +0000] "GET /whsy.php?e=oom_score_adj&p=%2Fproc%2F10555 HTTP/2.0" 200 2008 "https://www.hibiscash.com.lab2454.com/whsy.php?p=%2Fproc%2F10555" "Mozilla/5.0 AppleWebKit/537.36 (KHTML, like Gecko; compatible; GPTBot/1.3; +https://openai.com/gptbot)"
74.7.227.179 - - [03/Mar/2026:07:38:13 +0000] "GET /whsy.php?e=wchan&p=%2Fproc%2F29956 HTTP/2.0" 200 2005 "https://www.hibiscash.com.lab2454.com/whsy.php?p=%2Fproc%2F29956" "Mozilla/5.0 AppleWebKit/537.36 (KHTML, like Gecko; compatible; GPTBot/1.3; +https://openai.com/gptbot)"
74.7.227.129 - - [03/Mar/2026:07:38:13 +0000] "GET /whsy.php?e=main.zip&p=%2Fhome%2Flab2454c%2Fcredityork.com HTTP/2.0" 200 577 "https://hibiscash.com.lab2454.com/whsy.php?p=%2Fhome%2Flab2454c%2Fcredityork.com" "Mozilla/5.0 AppleWebKit/537.36 (KHTML, like Gecko; compatible; GPTBot/1.3; +https://openai.com/gptbot)"
74.7.227.179 - - [03/Mar/2026:07:38:24 +0000] "GET /whsy.php?e=environ&p=%2Fproc%2F29956 HTTP/2.0" 200 1936 "https://www.hibiscash.com.lab2454.com/whsy.php?p=%2Fproc%2F29956" "Mozilla/5.0 AppleWebKit/537.36 (KHTML, like Gecko; compatible; GPTBot/1.3; +https://openai.com/gptbot)"
74.7.227.129 - - [03/Mar/2026:07:38:31 +0000] "GET /whsy.php?e=oval-3cc7669d571aef4e12f34b349e42d390.svg&p=%2Fhome%2Flab2454c%2Fmact34.com%2Fwp-content%2Fplugins%2Fjetpack%2F_inc%2Fblocks%2Fimages HTTP/2.0" 200 2919 "https://hibiscash.com.lab2454.com/whsy.php?p=%2Fhome%2Flab2454c%2Fmact34.com%2Fwp-content%2Fplugins%2Fjetpack%2F_inc%2Fblocks%2Fimages" "Mozilla/5.0 AppleWebKit/537.36 (KHTML, like Gecko; compatible; GPTBot/1.3; +https://openai.com/gptbot)"
74.7.227.179 - - [03/Mar/2026:07:38:32 +0000] "GET /whsy.php?e=oom_adj&p=%2Fproc%2F22444 HTTP/2.0" 200 860 "https://www.hibiscash.com.lab2454.com/whsy.php?p=%2Fproc%2F22444" "Mozilla/5.0 AppleWebKit/537.36 (KHTML, like Gecko; compatible; GPTBot/1.3; +https://openai.com/gptbot)"
74.7.227.129 - - [03/Mar/2026:07:38:39 +0000] "GET /whsy.php?p=%2Fhome%2Flab2454c%2Fmact34.com%2Fwp-content%2Fplugins%2Fjetpack%2Fmodules%2Fcalypsoify%2F.. HTTP/2.0" 200 2739 "https://hibiscash.com.lab2454.com/whsy.php?p=%2Fhome%2Flab2454c%2Fmact34.com%2Fwp-content%2Fplugins%2Fjetpack%2Fmodules%2Fcalypsoify" "Mozilla/5.0 AppleWebKit/537.36 (KHTML, like Gecko; compatible; GPTBot/1.3; +https://openai.com/gptbot)"
74.7.227.179 - - [03/Mar/2026:07:38:39 +0000] "GET /whsy.php?e=environ&p=%2Fproc%2F10555 HTTP/2.0" 200 1936 "https://www.hibiscash.com.lab2454.com/whsy.php?p=%2Fproc%2F10555" "Mozilla/5.0 AppleWebKit/537.36 (KHTML, like Gecko; compatible; GPTBot/1.3; +https://openai.com/gptbot)"
74.7.227.179 - - [03/Mar/2026:07:38:48 +0000] "GET /whsy.php?p=%2Fproc%2F1105%2Fattr HTTP/2.0" 200 860 "https://www.hibiscash.com.lab2454.com/whsy.php?p=%2Fproc%2F1105" "Mozilla/5.0 AppleWebKit/537.36 (KHTML, like Gecko; compatible; GPTBot/1.3; +https://openai.com/gptbot)"
74.7.227.179 - - [03/Mar/2026:07:38:56 +0000] "GET /whsy.php?e=numa_maps&p=%2Fproc%2F1105 HTTP/2.0" 200 860 "https://www.hibiscash.com.lab2454.com/whsy.php?p=%2Fproc%2F1105" "Mozilla/5.0 AppleWebKit/537.36 (KHTML, like Gecko; compatible; GPTBot/1.3; +https://openai.com/gptbot)"
74.7.227.179 - - [03/Mar/2026:07:39:08 +0000] "GET /whsy.php?e=io&p=%2Fproc%2F10555 HTTP/2.0" 200 1936 "https://www.hibiscash.com.lab2454.com/whsy.php?p=%2Fproc%2F10555" "Mozilla/5.0 AppleWebKit/537.36 (KHTML, like Gecko; compatible; GPTBot/1.3; +https://openai.com/gptbot)"
74.7.227.129 - - [03/Mar/2026:07:39:17 +0000] "GET /whsy.php?p=%2Fhome%2Flab2454c%2Fmact34.com%2Fwp-content%2Fplugins%2Fjetpack%2Fmodules%2Fvideopress%2F.. HTTP/2.0" 200 2739 "https://hibiscash.com.lab2454.com/whsy.php?p=%2Fhome%2Flab2454c%2Fmact34.com%2Fwp-content%2Fplugins%2Fjetpack%2Fmodules%2Fvideopress" "Mozilla/5.0 AppleWebKit/537.36 (KHTML, like Gecko; compatible; GPTBot/1.3; +https://openai.com/gptbot)"
74.7.227.179 - - [03/Mar/2026:07:39:17 +0000] "GET /whsy.php?e=coredump_filter&p=%2Fproc%2F1105 HTTP/2.0" 200 860 "https://www.hibiscash.com.lab2454.com/whsy.php?p=%2Fproc%2F1105" "Mozilla/5.0 AppleWebKit/537.36 (KHTML, like Gecko; compatible; GPTBot/1.3; +https://openai.com/gptbot)"
74.7.227.129 - - [03/Mar/2026:07:39:27 +0000] "GET /whsy.php?p=%2Fhome%2Flab2454c%2Fvalidatekey.com%2Fwp-content HTTP/2.0" 200 882 "https://hibiscash.com.lab2454.com/whsy.php?p=%2Fhome%2Flab2454c%2Fvalidatekey.com" "Mozilla/5.0 AppleWebKit/537.36 (KHTML, like Gecko; compatible; GPTBot/1.3; +https://openai.com/gptbot)"
74.7.227.179 - - [03/Mar/2026:07:39:28 +0000] "GET /whsy.php?e=cpuset&p=%2Fproc%2F1105 HTTP/2.0" 200 860 "https://www.hibiscash.com.lab2454.com/whsy.php?p=%2Fproc%2F1105" "Mozilla/5.0 AppleWebKit/537.36 (KHTML, like Gecko; compatible; GPTBot/1.3; +https://openai.com/gptbot)"
74.7.227.179 - - [03/Mar/2026:07:39:37 +0000] "GET /whsy.php?e=cgroup&p=%2Fproc%2F1105 HTTP/2.0" 200 860 "https://www.hibiscash.com.lab2454.com/whsy.php?p=%2Fproc%2F1105" "Mozilla/5.0 AppleWebKit/537.36 (KHTML, like Gecko; compatible; GPTBot/1.3; +https://openai.com/gptbot)"
74.7.227.179 - - [03/Mar/2026:07:39:48 +0000] "GET /whsy.php?p=%2Fproc%2F14812 HTTP/2.0" 200 860 "https://www.hibiscash.com.lab2454.com/whsy.php?p=%2Fproc%2F31862%2F.." "Mozilla/5.0 AppleWebKit/537.36 (KHTML, like Gecko; compatible; GPTBot/1.3; +https://openai.com/gptbot)"
74.7.227.179 - - [03/Mar/2026:07:39:56 +0000] "GET /whsy.php?p=%2Fproc%2F30961 HTTP/2.0" 200 860 "https://www.hibiscash.com.lab2454.com/whsy.php?e=23419&p=%2Fproc" "Mozilla/5.0 AppleWebKit/537.36 (KHTML, like Gecko; compatible; GPTBot/1.3; +https://openai.com/gptbot)"
74.7.227.129 - - [03/Mar/2026:07:40:05 +0000] "GET /whsy.php?p=%2Fhome%2Flab2454c%2Fcbcei.com%2Fwp-content%2Fupgrade HTTP/2.0" 200 518 "https://hibiscash.com.lab2454.com/whsy.php?p=%2Fhome%2Flab2454c%2Fcbcei.com%2Fwp-content" "Mozilla/5.0 AppleWebKit/537.36 (KHTML, like Gecko; compatible; GPTBot/1.3; +https://openai.com/gptbot)"
74.7.227.179 - - [03/Mar/2026:07:40:05 +0000] "GET /whsy.php?p=%2Fproc%2F31844 HTTP/2.0" 200 860 "https://www.hibiscash.com.lab2454.com/whsy.php?e=21219&p=%2Fproc" "Mozilla/5.0 AppleWebKit/537.36 (KHTML, like Gecko; compatible; GPTBot/1.3; +https://openai.com/gptbot)"
74.7.227.129 - - [03/Mar/2026:07:40:16 +0000] "GET /whsy.php?p=%2Fhome%2Flab2454c%2Fnfsin.com%2Fwp-content%2Fuploads HTTP/2.0" 200 900 "https://hibiscash.com.lab2454.com/whsy.php?p=%2Fhome%2Flab2454c%2Fnfsin.com%2Fwp-content" "Mozilla/5.0 AppleWebKit/537.36 (KHTML, like Gecko; compatible; GPTBot/1.3; +https://openai.com/gptbot)"
74.7.227.179 - - [03/Mar/2026:07:40:19 +0000] "GET /whsy.php?p=%2Fproc%2F31837 HTTP/2.0" 200 860 "https://www.hibiscash.com.lab2454.com/whsy.php?e=21219&p=%2Fproc" "Mozilla/5.0 AppleWebKit/537.36 (KHTML, like Gecko; compatible; GPTBot/1.3; +https://openai.com/gptbot)"
74.7.227.129 - - [03/Mar/2026:07:40:32 +0000] "GET /whsy.php?p=%2Fhome%2Flab2454c%2Ffcxpro.com%2Fwp-content%2Fuploads HTTP/2.0" 200 1005 "https://hibiscash.com.lab2454.com/whsy.php?p=%2Fhome%2Flab2454c%2Ffcxpro.com%2Fwp-content" "Mozilla/5.0 AppleWebKit/537.36 (KHTML, like Gecko; compatible; GPTBot/1.3; +https://openai.com/gptbot)"
74.7.227.179 - - [03/Mar/2026:07:40:34 +0000] "GET /whsy.php?p=%2Fproc%2F29370 HTTP/2.0" 200 860 "https://www.hibiscash.com.lab2454.com/whsy.php?e=21213&p=%2Fproc" "Mozilla/5.0 AppleWebKit/537.36 (KHTML, like Gecko; compatible; GPTBot/1.3; +https://openai.com/gptbot)"
74.7.227.179 - - [03/Mar/2026:07:40:44 +0000] "GET /whsy.php?p=%2Fproc%2F20955 HTTP/2.0" 200 860 "https://www.hibiscash.com.lab2454.com/whsy.php?p=%2Fproc%2F31864%2F.." "Mozilla/5.0 AppleWebKit/537.36 (KHTML, like Gecko; compatible; GPTBot/1.3; +https://openai.com/gptbot)"
74.7.227.129 - - [03/Mar/2026:07:40:50 +0000] "GET /whsy.php?p=%2Fhome%2Flab2454c%2Fnfsin.com%2Fwp-content%2Fplugins HTTP/2.0" 200 1348 "https://hibiscash.com.lab2454.com/whsy.php?p=%2Fhome%2Flab2454c%2Fnfsin.com%2Fwp-content" "Mozilla/5.0 AppleWebKit/537.36 (KHTML, like Gecko; compatible; GPTBot/1.3; +https://openai.com/gptbot)"
74.7.227.179 - - [03/Mar/2026:07:40:52 +0000] "GET /whsy.php?p=%2Fproc%2F21177 HTTP/2.0" 200 860 "https://www.hibiscash.com.lab2454.com/whsy.php?e=9810&p=%2Fproc" "Mozilla/5.0 AppleWebKit/537.36 (KHTML, like Gecko; compatible; GPTBot/1.3; +https://openai.com/gptbot)"
74.7.244.62 - - [03/Mar/2026:07:40:53 +0000] "GET /robots.txt HTTP/2.0" 404 - "-" "Mozilla/5.0 (Macintosh; Intel Mac OS X 10_15_7) AppleWebKit/537.36 (KHTML, like Gecko) Chrome/131.0.0.0 Safari/537.36; compatible; OAI-SearchBot/1.3; robots.txt; +https://openai.com/searchbot"
74.7.227.179 - - [03/Mar/2026:07:40:59 +0000] "GET /whsy.php?p=%2Fproc%2F24060 HTTP/2.0" 200 860 "https://www.hibiscash.com.lab2454.com/whsy.php?p=%2Fproc%2F31848%2F.." "Mozilla/5.0 AppleWebKit/537.36 (KHTML, like Gecko; compatible; GPTBot/1.3; +https://openai.com/gptbot)"
74.7.227.129 - - [03/Mar/2026:07:41:06 +0000] "GET /whsy.php?p=%2Fhome%2Flab2454c%2Fmact34.com%2Fwp-content%2Fplugins%2Fwpforms-lite%2Fsrc%2FEmails HTTP/2.0" 200 849 "https://hibiscash.com.lab2454.com/whsy.php?p=%2Fhome%2Flab2454c%2Fmact34.com%2Fwp-content%2Fplugins%2Fwpforms-lite%2Fsrc" "Mozilla/5.0 AppleWebKit/537.36 (KHTML, like Gecko; compatible; GPTBot/1.3; +https://openai.com/gptbot)"
74.7.227.179 - - [03/Mar/2026:07:41:07 +0000] "GET /whsy.php?p=%2Fproc%2F29385 HTTP/2.0" 200 860 "https://www.hibiscash.com.lab2454.com/whsy.php?e=21213&p=%2Fproc" "Mozilla/5.0 AppleWebKit/537.36 (KHTML, like Gecko; compatible; GPTBot/1.3; +https://openai.com/gptbot)"
74.7.227.179 - - [03/Mar/2026:07:41:16 +0000] "GET /whsy.php?p=%2Fproc%2F19109 HTTP/2.0" 200 860 "https://www.hibiscash.com.lab2454.com/whsy.php?p=%2Fproc%2F31862%2F.." "Mozilla/5.0 AppleWebKit/537.36 (KHTML, like Gecko; compatible; GPTBot/1.3; +https://openai.com/gptbot)"
74.7.227.179 - - [03/Mar/2026:07:41:25 +0000] "GET /whsy.php?p=%2Fproc%2F27900 HTTP/2.0" 200 860 "https://www.hibiscash.com.lab2454.com/whsy.php?e=5157&p=%2Fproc" "Mozilla/5.0 AppleWebKit/537.36 (KHTML, like Gecko; compatible; GPTBot/1.3; +https://openai.com/gptbot)"
74.7.175.158 - - [03/Mar/2026:07:41:35 +0000] "GET /robots.txt HTTP/2.0" 404 - "-" "Mozilla/5.0 (Macintosh; Intel Mac OS X 10_15_7) AppleWebKit/537.36 (KHTML, like Gecko) Chrome/131.0.0.0 Safari/537.36; compatible; OAI-SearchBot/1.3; robots.txt; +https://openai.com/searchbot"
74.7.227.179 - - [03/Mar/2026:07:41:36 +0000] "GET /whsy.php?p=%2Fproc%2F14211 HTTP/2.0" 200 860 "https://www.hibiscash.com.lab2454.com/whsy.php?e=6401&p=%2Fproc" "Mozilla/5.0 AppleWebKit/537.36 (KHTML, like Gecko; compatible; GPTBot/1.3; +https://openai.com/gptbot)"
74.7.227.179 - - [03/Mar/2026:07:41:50 +0000] "GET /whsy.php?p=%2Fproc%2F31336 HTTP/2.0" 200 860 "https://www.hibiscash.com.lab2454.com/whsy.php?e=24424&p=%2Fproc" "Mozilla/5.0 AppleWebKit/537.36 (KHTML, like Gecko; compatible; GPTBot/1.3; +https://openai.com/gptbot)"
74.7.227.179 - - [03/Mar/2026:07:42:02 +0000] "GET /whsy.php?p=%2Fproc%2F15476 HTTP/2.0" 200 860 "https://www.hibiscash.com.lab2454.com/whsy.php?p=%2Fproc%2F31862%2F.." "Mozilla/5.0 AppleWebKit/537.36 (KHTML, like Gecko; compatible; GPTBot/1.3; +https://openai.com/gptbot)"
74.7.227.129 - - [03/Mar/2026:07:42:11 +0000] "GET /whsy.php?p=%2Fhome%2Flab2454c%2Fnfsin.com%2Fwp-content%2Fuploads%2F2024 HTTP/2.0" 200 785 "https://hibiscash.com.lab2454.com/whsy.php?p=%2Fhome%2Flab2454c%2Fnfsin.com%2Fwp-content%2Fuploads" "Mozilla/5.0 AppleWebKit/537.36 (KHTML, like Gecko; compatible; GPTBot/1.3; +https://openai.com/gptbot)"
74.7.227.179 - - [03/Mar/2026:07:42:13 +0000] "GET /whsy.php?p=%2Fproc%2F26787 HTTP/2.0" 200 860 "https://www.hibiscash.com.lab2454.com/whsy.php?e=18245&p=%2Fproc" "Mozilla/5.0 AppleWebKit/537.36 (KHTML, like Gecko; compatible; GPTBot/1.3; +https://openai.com/gptbot)"
74.7.227.129 - - [03/Mar/2026:07:42:21 +0000] "GET /whsy.php?p=%2Fhome%2Flab2454c%2Fnfsin.com%2Fwp-content%2Fuploads%2F2025 HTTP/2.0" 200 785 "https://hibiscash.com.lab2454.com/whsy.php?p=%2Fhome%2Flab2454c%2Fnfsin.com%2Fwp-content%2Fuploads" "Mozilla/5.0 AppleWebKit/537.36 (KHTML, like Gecko; compatible; GPTBot/1.3; +https://openai.com/gptbot)"
74.7.227.179 - - [03/Mar/2026:07:42:24 +0000] "GET /whsy.php?p=%2Fproc%2F24190 HTTP/2.0" 200 860 "https://www.hibiscash.com.lab2454.com/whsy.php?e=4413&p=%2Fproc" "Mozilla/5.0 AppleWebKit/537.36 (KHTML, like Gecko; compatible; GPTBot/1.3; +https://openai.com/gptbot)"
74.7.227.129 - - [03/Mar/2026:07:42:30 +0000] "GET /whsy.php?p=%2Fhome%2Flab2454c%2Fnfsin.com%2Fwp-content%2Fuploads%2F2023 HTTP/2.0" 200 768 "https://hibiscash.com.lab2454.com/whsy.php?p=%2Fhome%2Flab2454c%2Fnfsin.com%2Fwp-content%2Fuploads" "Mozilla/5.0 AppleWebKit/537.36 (KHTML, like Gecko; compatible; GPTBot/1.3; +https://openai.com/gptbot)"
74.7.227.179 - - [03/Mar/2026:07:42:33 +0000] "GET /whsy.php?p=%2Fproc%2F21175 HTTP/2.0" 200 860 "https://www.hibiscash.com.lab2454.com/whsy.php?e=9810&p=%2Fproc" "Mozilla/5.0 AppleWebKit/537.36 (KHTML, like Gecko; compatible; GPTBot/1.3; +https://openai.com/gptbot)"
74.7.227.129 - - [03/Mar/2026:07:42:39 +0000] "GET /whsy.php?p=%2Fhome%2Flab2454c%2Fnfsin.com%2Fwp-content%2Fuploads%2F2026 HTTP/2.0" 200 717 "https://hibiscash.com.lab2454.com/whsy.php?p=%2Fhome%2Flab2454c%2Fnfsin.com%2Fwp-content%2Fuploads" "Mozilla/5.0 AppleWebKit/537.36 (KHTML, like Gecko; compatible; GPTBot/1.3; +https://openai.com/gptbot)"
74.7.227.179 - - [03/Mar/2026:07:42:41 +0000] "GET /whsy.php?p=%2Fproc%2F19479 HTTP/2.0" 200 860 "https://www.hibiscash.com.lab2454.com/whsy.php?e=7691&p=%2Fproc" "Mozilla/5.0 AppleWebKit/537.36 (KHTML, like Gecko; compatible; GPTBot/1.3; +https://openai.com/gptbot)"
74.7.227.179 - - [03/Mar/2026:07:42:52 +0000] "GET /whsy.php?p=%2Fproc%2F31176 HTTP/2.0" 200 860 "https://www.hibiscash.com.lab2454.com/whsy.php?e=21181&p=%2Fproc" "Mozilla/5.0 AppleWebKit/537.36 (KHTML, like Gecko; compatible; GPTBot/1.3; +https://openai.com/gptbot)"
74.7.227.179 - - [03/Mar/2026:07:43:02 +0000] "GET /whsy.php?p=%2Fproc%2F14249 HTTP/2.0" 200 860 "https://www.hibiscash.com.lab2454.com/whsy.php?e=6401&p=%2Fproc" "Mozilla/5.0 AppleWebKit/537.36 (KHTML, like Gecko; compatible; GPTBot/1.3; +https://openai.com/gptbot)"
74.7.227.129 - - [03/Mar/2026:07:43:12 +0000] "GET /whsy.php?p=%2Fhome%2Flab2454c%2Ffcxpro.com%2Fwp-content%2Fuploads%2F2023 HTTP/2.0" 200 538 "https://hibiscash.com.lab2454.com/whsy.php?p=%2Fhome%2Flab2454c%2Ffcxpro.com%2Fwp-content%2Fuploads" "Mozilla/5.0 AppleWebKit/537.36 (KHTML, like Gecko; compatible; GPTBot/1.3; +https://openai.com/gptbot)"
74.7.227.179 - - [03/Mar/2026:07:43:15 +0000] "GET /whsy.php?p=%2Fproc%2F21534 HTTP/2.0" 200 860 "https://www.hibiscash.com.lab2454.com/whsy.php?e=8419&p=%2Fproc" "Mozilla/5.0 AppleWebKit/537.36 (KHTML, like Gecko; compatible; GPTBot/1.3; +https://openai.com/gptbot)"
74.7.227.129 - - [03/Mar/2026:07:43:24 +0000] "GET /whsy.php?p=%2Fhome%2Flab2454c%2Ffcxpro.com%2Fwp-content%2Fuploads%2F2026 HTTP/2.0" 200 538 "https://hibiscash.com.lab2454.com/whsy.php?p=%2Fhome%2Flab2454c%2Ffcxpro.com%2Fwp-content%2Fuploads" "Mozilla/5.0 AppleWebKit/537.36 (KHTML, like Gecko; compatible; GPTBot/1.3; +https://openai.com/gptbot)"
74.7.227.179 - - [03/Mar/2026:07:43:26 +0000] "GET /whsy.php?p=%2Fproc%2F10887 HTTP/2.0" 200 860 "https://www.hibiscash.com.lab2454.com/whsy.php?e=2667&p=%2Fproc" "Mozilla/5.0 AppleWebKit/537.36 (KHTML, like Gecko; compatible; GPTBot/1.3; +https://openai.com/gptbot)"
74.7.227.129 - - [03/Mar/2026:07:43:32 +0000] "GET /whsy.php?p=%2Fhome%2Flab2454c%2Ffcxpro.com%2Fwp-content%2Fuploads%2F2025 HTTP/2.0" 200 550 "https://hibiscash.com.lab2454.com/whsy.php?p=%2Fhome%2Flab2454c%2Ffcxpro.com%2Fwp-content%2Fuploads" "Mozilla/5.0 AppleWebKit/537.36 (KHTML, like Gecko; compatible; GPTBot/1.3; +https://openai.com/gptbot)"
74.7.227.179 - - [03/Mar/2026:07:43:34 +0000] "GET /whsy.php?p=%2Fproc%2F11909 HTTP/2.0" 200 860 "https://www.hibiscash.com.lab2454.com/whsy.php?e=4404&p=%2Fproc" "Mozilla/5.0 AppleWebKit/537.36 (KHTML, like Gecko; compatible; GPTBot/1.3; +https://openai.com/gptbot)"
74.7.227.179 - - [03/Mar/2026:07:43:41 +0000] "GET /whsy.php?p=%2Fproc%2F23427 HTTP/2.0" 200 860 "https://www.hibiscash.com.lab2454.com/whsy.php?e=12604&p=%2Fproc" "Mozilla/5.0 AppleWebKit/537.36 (KHTML, like Gecko; compatible; GPTBot/1.3; +https://openai.com/gptbot)"
74.7.227.129 - - [03/Mar/2026:07:43:48 +0000] "GET /whsy.php?p=%2Fhome%2Flab2454c%2Ffcxpro.com%2Fwp-content%2Fuploads%2F2022 HTTP/2.0" 200 538 "https://hibiscash.com.lab2454.com/whsy.php?p=%2Fhome%2Flab2454c%2Ffcxpro.com%2Fwp-content%2Fuploads" "Mozilla/5.0 AppleWebKit/537.36 (KHTML, like Gecko; compatible; GPTBot/1.3; +https://openai.com/gptbot)"
74.7.227.179 - - [03/Mar/2026:07:43:51 +0000] "GET /whsy.php?p=%2Fproc%2F17357 HTTP/2.0" 200 860 "https://www.hibiscash.com.lab2454.com/whsy.php?e=8442&p=%2Fproc" "Mozilla/5.0 AppleWebKit/537.36 (KHTML, like Gecko; compatible; GPTBot/1.3; +https://openai.com/gptbot)"
74.7.227.179 - - [03/Mar/2026:07:44:01 +0000] "GET /whsy.php?p=%2Fproc%2F27175 HTTP/2.0" 200 860 "https://www.hibiscash.com.lab2454.com/whsy.php?e=14631&p=%2Fproc" "Mozilla/5.0 AppleWebKit/537.36 (KHTML, like Gecko; compatible; GPTBot/1.3; +https://openai.com/gptbot)"
74.7.227.129 - - [03/Mar/2026:07:44:08 +0000] "GET /whsy.php?p=%2Fhome%2Flab2454c%2Fnfsin.com%2Fwp-content%2Fuploads%2F.. HTTP/2.0" 200 888 "https://hibiscash.com.lab2454.com/whsy.php?p=%2Fhome%2Flab2454c%2Fnfsin.com%2Fwp-content%2Fuploads" "Mozilla/5.0 AppleWebKit/537.36 (KHTML, like Gecko; compatible; GPTBot/1.3; +https://openai.com/gptbot)"
74.7.227.179 - - [03/Mar/2026:07:44:11 +0000] "GET /whsy.php?p=%2Fproc%2F15478 HTTP/2.0" 200 860 "https://www.hibiscash.com.lab2454.com/whsy.php?e=6514&p=%2Fproc" "Mozilla/5.0 AppleWebKit/537.36 (KHTML, like Gecko; compatible; GPTBot/1.3; +https://openai.com/gptbot)"
74.7.227.179 - - [03/Mar/2026:07:44:23 +0000] "GET /whsy.php?p=%2Fproc%2F25412 HTTP/2.0" 200 860 "https://www.hibiscash.com.lab2454.com/whsy.php?e=18245&p=%2Fproc" "Mozilla/5.0 AppleWebKit/537.36 (KHTML, like Gecko; compatible; GPTBot/1.3; +https://openai.com/gptbot)"
74.7.227.129 - - [03/Mar/2026:07:44:32 +0000] "GET /whsy.php?p=%2Fhome%2Flab2454c%2Fnfsin.com%2Fwp-content%2Fplugins%2F.. HTTP/2.0" 200 888 "https://hibiscash.com.lab2454.com/whsy.php?p=%2Fhome%2Flab2454c%2Fnfsin.com%2Fwp-content%2Fplugins" "Mozilla/5.0 AppleWebKit/537.36 (KHTML, like Gecko; compatible; GPTBot/1.3; +https://openai.com/gptbot)"
74.7.227.179 - - [03/Mar/2026:07:44:36 +0000] "GET /whsy.php?p=%2Fproc%2F15032 HTTP/2.0" 200 860 "https://www.hibiscash.com.lab2454.com/whsy.php?e=6507&p=%2Fproc" "Mozilla/5.0 AppleWebKit/537.36 (KHTML, like Gecko; compatible; GPTBot/1.3; +https://openai.com/gptbot)"
74.7.227.179 - - [03/Mar/2026:07:44:46 +0000] "GET /whsy.php?p=%2Fproc%2F24663 HTTP/2.0" 200 860 "https://www.hibiscash.com.lab2454.com/whsy.php?p=%2Fproc%2F31861%2F.." "Mozilla/5.0 AppleWebKit/537.36 (KHTML, like Gecko; compatible; GPTBot/1.3; +https://openai.com/gptbot)"
74.7.227.179 - - [03/Mar/2026:07:44:58 +0000] "GET /whsy.php?p=%2Fproc%2F10476 HTTP/2.0" 200 860 "https://www.hibiscash.com.lab2454.com/whsy.php?e=30428&p=%2Fproc" "Mozilla/5.0 AppleWebKit/537.36 (KHTML, like Gecko; compatible; GPTBot/1.3; +https://openai.com/gptbot)"
74.7.227.129 - - [03/Mar/2026:07:45:04 +0000] "GET /whsy.php?p=%2Fhome%2Flab2454c%2Ffcxpro.com%2Fwp-content%2Fuploads%2F.. HTTP/2.0" 200 870 "https://hibiscash.com.lab2454.com/whsy.php?p=%2Fhome%2Flab2454c%2Ffcxpro.com%2Fwp-content%2Fuploads" "Mozilla/5.0 AppleWebKit/537.36 (KHTML, like Gecko; compatible; GPTBot/1.3; +https://openai.com/gptbot)"
74.7.227.179 - - [03/Mar/2026:07:45:08 +0000] "GET /whsy.php?p=%2Fproc%2F24053 HTTP/2.0" 200 860 "https://www.hibiscash.com.lab2454.com/whsy.php?p=%2Fproc%2F31848%2F.." "Mozilla/5.0 AppleWebKit/537.36 (KHTML, like Gecko; compatible; GPTBot/1.3; +https://openai.com/gptbot)"
74.7.227.179 - - [03/Mar/2026:07:45:19 +0000] "GET /whsy.php?p=%2Fproc%2F28241 HTTP/2.0" 200 860 "https://www.hibiscash.com.lab2454.com/whsy.php?e=20754&p=%2Fproc" "Mozilla/5.0 AppleWebKit/537.36 (KHTML, like Gecko; compatible; GPTBot/1.3; +https://openai.com/gptbot)"
74.7.227.129 - - [03/Mar/2026:07:45:28 +0000] "GET /whsy.php?p=%2Fhome%2Flab2454c%2Fcbcei.com%2Fwp-content%2Fupgrade%2F.. HTTP/2.0" 200 909 "https://hibiscash.com.lab2454.com/whsy.php?p=%2Fhome%2Flab2454c%2Fcbcei.com%2Fwp-content%2Fupgrade" "Mozilla/5.0 AppleWebKit/537.36 (KHTML, like Gecko; compatible; GPTBot/1.3; +https://openai.com/gptbot)"
74.7.227.179 - - [03/Mar/2026:07:45:33 +0000] "GET /whsy.php?p=%2Fproc%2F21317 HTTP/2.0" 200 860 "https://www.hibiscash.com.lab2454.com/whsy.php?p=%2Fproc%2F31859%2F.." "Mozilla/5.0 AppleWebKit/537.36 (KHTML, like Gecko; compatible; GPTBot/1.3; +https://openai.com/gptbot)"
74.7.227.179 - - [03/Mar/2026:07:45:47 +0000] "GET /whsy.php?p=%2Fproc%2F15787 HTTP/2.0" 200 860 "https://www.hibiscash.com.lab2454.com/whsy.php?e=6544&p=%2Fproc" "Mozilla/5.0 AppleWebKit/537.36 (KHTML, like Gecko; compatible; GPTBot/1.3; +https://openai.com/gptbot)"
74.7.227.129 - - [03/Mar/2026:07:45:54 +0000] "GET /whsy.php?p=%2Fhome%2Flab2454c%2Ffcxpro.com%2Fwp-content%2Fuploads%2F2022%2F07 HTTP/2.0" 200 3002 "https://hibiscash.com.lab2454.com/whsy.php?p=%2Fhome%2Flab2454c%2Ffcxpro.com%2Fwp-content%2Fuploads%2F2022" "Mozilla/5.0 AppleWebKit/537.36 (KHTML, like Gecko; compatible; GPTBot/1.3; +https://openai.com/gptbot)"
74.7.227.179 - - [03/Mar/2026:07:45:57 +0000] "GET /whsy.php?p=%2Fproc%2F30775 HTTP/2.0" 200 860 "https://www.hibiscash.com.lab2454.com/whsy.php?e=23386&p=%2Fproc" "Mozilla/5.0 AppleWebKit/537.36 (KHTML, like Gecko; compatible; GPTBot/1.3; +https://openai.com/gptbot)"
74.7.227.129 - - [03/Mar/2026:07:46:05 +0000] "GET /whsy.php?p=%2Fhome%2Flab2454c%2Ffcxpro.com%2Fwp-content%2Fuploads%2F2025%2F.. HTTP/2.0" 200 1005 "https://hibiscash.com.lab2454.com/whsy.php?p=%2Fhome%2Flab2454c%2Ffcxpro.com%2Fwp-content%2Fuploads%2F2025" "Mozilla/5.0 AppleWebKit/537.36 (KHTML, like Gecko; compatible; GPTBot/1.3; +https://openai.com/gptbot)"
74.7.227.179 - - [03/Mar/2026:07:46:08 +0000] "GET /whsy.php?p=%2Fproc%2F16640 HTTP/2.0" 200 860 "https://www.hibiscash.com.lab2454.com/whsy.php?e=8549&p=%2Fproc" "Mozilla/5.0 AppleWebKit/537.36 (KHTML, like Gecko; compatible; GPTBot/1.3; +https://openai.com/gptbot)"
74.7.227.179 - - [03/Mar/2026:07:46:17 +0000] "GET /whsy.php?p=%2Fproc%2F11902 HTTP/2.0" 200 860 "https://www.hibiscash.com.lab2454.com/whsy.php?e=4404&p=%2Fproc" "Mozilla/5.0 AppleWebKit/537.36 (KHTML, like Gecko; compatible; GPTBot/1.3; +https://openai.com/gptbot)"
74.7.227.129 - - [03/Mar/2026:07:46:23 +0000] "GET /whsy.php?p=%2Fhome%2Flab2454c%2Ffcxpro.com%2Fwp-content%2Fuploads%2F2026%2F.. HTTP/2.0" 200 1005 "https://hibiscash.com.lab2454.com/whsy.php?p=%2Fhome%2Flab2454c%2Ffcxpro.com%2Fwp-content%2Fuploads%2F2026" "Mozilla/5.0 AppleWebKit/537.36 (KHTML, like Gecko; compatible; GPTBot/1.3; +https://openai.com/gptbot)"
74.7.227.179 - - [03/Mar/2026:07:46:25 +0000] "GET /whsy.php?p=%2Fproc%2F16626 HTTP/2.0" 200 860 "https://www.hibiscash.com.lab2454.com/whsy.php?e=8549&p=%2Fproc" "Mozilla/5.0 AppleWebKit/537.36 (KHTML, like Gecko; compatible; GPTBot/1.3; +https://openai.com/gptbot)"
74.7.227.129 - - [03/Mar/2026:07:46:31 +0000] "GET /whsy.php?p=%2Fhome%2Flab2454c%2Ffcxpro.com%2Fwp-content%2Fuploads%2F2023%2F.. HTTP/2.0" 200 1005 "https://hibiscash.com.lab2454.com/whsy.php?p=%2Fhome%2Flab2454c%2Ffcxpro.com%2Fwp-content%2Fuploads%2F2023" "Mozilla/5.0 AppleWebKit/537.36 (KHTML, like Gecko; compatible; GPTBot/1.3; +https://openai.com/gptbot)"
74.7.227.179 - - [03/Mar/2026:07:46:34 +0000] "GET /whsy.php?p=%2Fproc%2F21234 HTTP/2.0" 200 860 "https://www.hibiscash.com.lab2454.com/whsy.php?e=12430&p=%2Fproc" "Mozilla/5.0 AppleWebKit/537.36 (KHTML, like Gecko; compatible; GPTBot/1.3; +https://openai.com/gptbot)"
74.7.175.158 - - [03/Mar/2026:07:46:41 +0000] "GET /robots.txt HTTP/2.0" 404 - "-" "Mozilla/5.0 (Macintosh; Intel Mac OS X 10_15_7) AppleWebKit/537.36 (KHTML, like Gecko) Chrome/131.0.0.0 Safari/537.36; compatible; OAI-SearchBot/1.3; robots.txt; +https://openai.com/searchbot"
74.7.227.179 - - [03/Mar/2026:07:46:43 +0000] "GET /whsy.php?p=%2Fproc%2F11859 HTTP/2.0" 200 860 "https://www.hibiscash.com.lab2454.com/whsy.php?e=4404&p=%2Fproc" "Mozilla/5.0 AppleWebKit/537.36 (KHTML, like Gecko; compatible; GPTBot/1.3; +https://openai.com/gptbot)"
74.7.227.179 - - [03/Mar/2026:07:46:55 +0000] "GET /whsy.php?p=%2Fproc%2F26793 HTTP/2.0" 200 860 "https://www.hibiscash.com.lab2454.com/whsy.php?e=18245&p=%2Fproc" "Mozilla/5.0 AppleWebKit/537.36 (KHTML, like Gecko; compatible; GPTBot/1.3; +https://openai.com/gptbot)"
74.7.227.129 - - [03/Mar/2026:07:47:03 +0000] "GET /whsy.php?p=%2Fhome%2Flab2454c%2Fnfsin.com%2Fwp-content%2Fuploads%2F2023%2F.. HTTP/2.0" 200 900 "https://hibiscash.com.lab2454.com/whsy.php?p=%2Fhome%2Flab2454c%2Fnfsin.com%2Fwp-content%2Fuploads%2F2023" "Mozilla/5.0 AppleWebKit/537.36 (KHTML, like Gecko; compatible; GPTBot/1.3; +https://openai.com/gptbot)"
74.7.227.179 - - [03/Mar/2026:07:47:07 +0000] "GET /whsy.php?p=%2Fproc%2F28269 HTTP/2.0" 200 860 "https://www.hibiscash.com.lab2454.com/whsy.php?e=19799&p=%2Fproc" "Mozilla/5.0 AppleWebKit/537.36 (KHTML, like Gecko; compatible; GPTBot/1.3; +https://openai.com/gptbot)"
74.7.227.179 - - [03/Mar/2026:07:47:18 +0000] "GET /whsy.php?p=%2Fproc%2F18204 HTTP/2.0" 200 860 "https://www.hibiscash.com.lab2454.com/whsy.php?e=9662&p=%2Fproc" "Mozilla/5.0 AppleWebKit/537.36 (KHTML, like Gecko; compatible; GPTBot/1.3; +https://openai.com/gptbot)"
74.7.227.179 - - [03/Mar/2026:07:47:35 +0000] "GET /whsy.php?p=%2Fproc%2F11076 HTTP/2.0" 200 860 "https://www.hibiscash.com.lab2454.com/whsy.php?e=31287&p=%2Fproc" "Mozilla/5.0 AppleWebKit/537.36 (KHTML, like Gecko; compatible; GPTBot/1.3; +https://openai.com/gptbot)"
74.7.227.129 - - [03/Mar/2026:07:47:44 +0000] "GET /whsy.php?p=%2Fhome%2Flab2454c%2Fnfsin.com%2Fwp-content%2Fuploads%2F2025%2F.. HTTP/2.0" 200 900 "https://hibiscash.com.lab2454.com/whsy.php?p=%2Fhome%2Flab2454c%2Fnfsin.com%2Fwp-content%2Fuploads%2F2025" "Mozilla/5.0 AppleWebKit/537.36 (KHTML, like Gecko; compatible; GPTBot/1.3; +https://openai.com/gptbot)"
74.7.227.179 - - [03/Mar/2026:07:47:48 +0000] "GET /whsy.php?p=%2Fproc%2F10231 HTTP/2.0" 200 860 "https://www.hibiscash.com.lab2454.com/whsy.php?e=3471&p=%2Fproc" "Mozilla/5.0 AppleWebKit/537.36 (KHTML, like Gecko; compatible; GPTBot/1.3; +https://openai.com/gptbot)"
74.7.227.129 - - [03/Mar/2026:07:47:55 +0000] "GET /whsy.php?p=%2Fhome%2Flab2454c%2Fnfsin.com%2Fwp-content%2Fuploads%2F2026%2F.. HTTP/2.0" 200 900 "https://hibiscash.com.lab2454.com/whsy.php?p=%2Fhome%2Flab2454c%2Fnfsin.com%2Fwp-content%2Fuploads%2F2026" "Mozilla/5.0 AppleWebKit/537.36 (KHTML, like Gecko; compatible; GPTBot/1.3; +https://openai.com/gptbot)"
74.7.227.179 - - [03/Mar/2026:07:47:59 +0000] "GET /whsy.php?p=%2Fproc%2F26833 HTTP/2.0" 200 860 "https://www.hibiscash.com.lab2454.com/whsy.php?e=4451&p=%2Fproc" "Mozilla/5.0 AppleWebKit/537.36 (KHTML, like Gecko; compatible; GPTBot/1.3; +https://openai.com/gptbot)"
74.7.227.179 - - [03/Mar/2026:07:48:08 +0000] "GET /whsy.php?p=%2Fproc%2F30634 HTTP/2.0" 200 860 "https://www.hibiscash.com.lab2454.com/whsy.php?e=23386&p=%2Fproc" "Mozilla/5.0 AppleWebKit/537.36 (KHTML, like Gecko; compatible; GPTBot/1.3; +https://openai.com/gptbot)"
74.7.227.129 - - [03/Mar/2026:07:48:14 +0000] "GET /whsy.php?p=%2Fhome%2Flab2454c%2Ffcxpro.com%2Fwp-content%2Fuploads%2F2022%2F.. HTTP/2.0" 200 1005 "https://hibiscash.com.lab2454.com/whsy.php?p=%2Fhome%2Flab2454c%2Ffcxpro.com%2Fwp-content%2Fuploads%2F2022" "Mozilla/5.0 AppleWebKit/537.36 (KHTML, like Gecko; compatible; GPTBot/1.3; +https://openai.com/gptbot)"
74.7.227.179 - - [03/Mar/2026:07:48:18 +0000] "GET /whsy.php?p=%2Fproc%2F26783 HTTP/2.0" 200 860 "https://www.hibiscash.com.lab2454.com/whsy.php?e=18245&p=%2Fproc" "Mozilla/5.0 AppleWebKit/537.36 (KHTML, like Gecko; compatible; GPTBot/1.3; +https://openai.com/gptbot)"
74.7.227.129 - - [03/Mar/2026:07:48:24 +0000] "GET /whsy.php?p=%2Fhome%2Flab2454c%2Fmact34.com%2Fwp-content%2Fplugins%2Fwpforms-lite%2Fsrc%2FAccess HTTP/2.0" 200 738 "https://hibiscash.com.lab2454.com/whsy.php?p=%2Fhome%2Flab2454c%2Fmact34.com%2Fwp-content%2Fplugins%2Fwpforms-lite%2Fsrc" "Mozilla/5.0 AppleWebKit/537.36 (KHTML, like Gecko; compatible; GPTBot/1.3; +https://openai.com/gptbot)"
74.7.227.179 - - [03/Mar/2026:07:48:29 +0000] "GET /whsy.php?p=%2Fproc%2F15034 HTTP/2.0" 200 860 "https://www.hibiscash.com.lab2454.com/whsy.php?e=5154&p=%2Fproc" "Mozilla/5.0 AppleWebKit/537.36 (KHTML, like Gecko; compatible; GPTBot/1.3; +https://openai.com/gptbot)"
74.7.227.129 - - [03/Mar/2026:07:48:38 +0000] "GET /whsy.php?p=%2Fhome%2Flab2454c%2Faficbgroup.com%2Fwp-admin%2F.. HTTP/2.0" 200 1268 "https://hibiscash.com.lab2454.com/whsy.php?p=%2Fhome%2Flab2454c%2Faficbgroup.com%2Fwp-admin" "Mozilla/5.0 AppleWebKit/537.36 (KHTML, like Gecko; compatible; GPTBot/1.3; +https://openai.com/gptbot)"
74.7.227.179 - - [03/Mar/2026:07:48:45 +0000] "GET /whsy.php?p=%2Fproc%2F30823 HTTP/2.0" 200 860 "https://www.hibiscash.com.lab2454.com/whsy.php?e=23386&p=%2Fproc" "Mozilla/5.0 AppleWebKit/537.36 (KHTML, like Gecko; compatible; GPTBot/1.3; +https://openai.com/gptbot)"
74.7.227.129 - - [03/Mar/2026:07:48:51 +0000] "GET /whsy.php?p=%2Fhome%2Flab2454c%2Fcredityork.com%2Fwp-admin%2F.. HTTP/2.0" 200 1528 "https://hibiscash.com.lab2454.com/whsy.php?p=%2Fhome%2Flab2454c%2Fcredityork.com%2Fwp-admin" "Mozilla/5.0 AppleWebKit/537.36 (KHTML, like Gecko; compatible; GPTBot/1.3; +https://openai.com/gptbot)"
74.7.227.179 - - [03/Mar/2026:07:48:55 +0000] "GET /whsy.php?p=%2Fproc%2F10914 HTTP/2.0" 200 860 "https://www.hibiscash.com.lab2454.com/whsy.php?e=2667&p=%2Fproc" "Mozilla/5.0 AppleWebKit/537.36 (KHTML, like Gecko; compatible; GPTBot/1.3; +https://openai.com/gptbot)"
74.7.227.179 - - [03/Mar/2026:07:49:04 +0000] "GET /whsy.php?p=%2Fproc%2F31211 HTTP/2.0" 200 860 "https://www.hibiscash.com.lab2454.com/whsy.php?e=15767&p=%2Fproc" "Mozilla/5.0 AppleWebKit/537.36 (KHTML, like Gecko; compatible; GPTBot/1.3; +https://openai.com/gptbot)"
74.7.227.129 - - [03/Mar/2026:07:49:11 +0000] "GET /whsy.php?p=%2Fhome%2Flab2454c%2Fnetxzero.com%2Fwp-admin%2F.. HTTP/2.0" 200 1623 "https://hibiscash.com.lab2454.com/whsy.php?p=%2Fhome%2Flab2454c%2Fnetxzero.com%2Fwp-admin" "Mozilla/5.0 AppleWebKit/537.36 (KHTML, like Gecko; compatible; GPTBot/1.3; +https://openai.com/gptbot)"
74.7.227.179 - - [03/Mar/2026:07:49:14 +0000] "GET /whsy.php?p=%2Fproc%2F25710 HTTP/2.0" 200 860 "https://www.hibiscash.com.lab2454.com/whsy.php?e=5156&p=%2Fproc" "Mozilla/5.0 AppleWebKit/537.36 (KHTML, like Gecko; compatible; GPTBot/1.3; +https://openai.com/gptbot)"
74.7.227.179 - - [03/Mar/2026:07:49:26 +0000] "GET /whsy.php?p=%2Fproc%2F28150 HTTP/2.0" 200 860 "https://www.hibiscash.com.lab2454.com/whsy.php?e=21146&p=%2Fproc" "Mozilla/5.0 AppleWebKit/537.36 (KHTML, like Gecko; compatible; GPTBot/1.3; +https://openai.com/gptbot)"
74.7.227.179 - - [03/Mar/2026:07:49:41 +0000] "GET /whsy.php?p=%2Fproc%2F18277 HTTP/2.0" 200 860 "https://www.hibiscash.com.lab2454.com/whsy.php?e=9809&p=%2Fproc" "Mozilla/5.0 AppleWebKit/537.36 (KHTML, like Gecko; compatible; GPTBot/1.3; +https://openai.com/gptbot)"
74.7.227.179 - - [03/Mar/2026:07:49:51 +0000] "GET /whsy.php?p=%2Fproc%2F25346 HTTP/2.0" 200 860 "https://www.hibiscash.com.lab2454.com/whsy.php?e=14623&p=%2Fproc" "Mozilla/5.0 AppleWebKit/537.36 (KHTML, like Gecko; compatible; GPTBot/1.3; +https://openai.com/gptbot)"
74.7.227.129 - - [03/Mar/2026:07:49:57 +0000] "GET /whsy.php?p=%2Fhome%2Flab2454c%2Fwesternclear.net%2Fcgi-bin%2F.. HTTP/2.0" 200 1798 "https://hibiscash.com.lab2454.com/whsy.php?p=%2Fhome%2Flab2454c%2Fwesternclear.net%2Fcgi-bin" "Mozilla/5.0 AppleWebKit/537.36 (KHTML, like Gecko; compatible; GPTBot/1.3; +https://openai.com/gptbot)"
74.7.227.179 - - [03/Mar/2026:07:50:00 +0000] "GET /whsy.php?p=%2Fproc%2F10503 HTTP/2.0" 200 860 "https://www.hibiscash.com.lab2454.com/whsy.php?e=30428&p=%2Fproc" "Mozilla/5.0 AppleWebKit/537.36 (KHTML, like Gecko; compatible; GPTBot/1.3; +https://openai.com/gptbot)"
74.7.227.179 - - [03/Mar/2026:07:50:08 +0000] "GET /whsy.php?p=%2Fproc%2F10736 HTTP/2.0" 200 860 "https://www.hibiscash.com.lab2454.com/whsy.php?e=3474&p=%2Fproc" "Mozilla/5.0 AppleWebKit/537.36 (KHTML, like Gecko; compatible; GPTBot/1.3; +https://openai.com/gptbot)"
74.7.227.129 - - [03/Mar/2026:07:50:14 +0000] "GET /whsy.php?e=wp-blog-header.php&p=%2Fhome%2Flab2454c%2Fsparxnovate.net%2Fcgi-bin HTTP/2.0" 200 2143 "https://hibiscash.com.lab2454.com/whsy.php?p=%2Fhome%2Flab2454c%2Fsparxnovate.net%2Fcgi-bin" "Mozilla/5.0 AppleWebKit/537.36 (KHTML, like Gecko; compatible; GPTBot/1.3; +https://openai.com/gptbot)"
74.7.227.179 - - [03/Mar/2026:07:50:17 +0000] "GET /whsy.php?p=%2Fproc%2F19691 HTTP/2.0" 200 860 "https://www.hibiscash.com.lab2454.com/whsy.php?e=9038&p=%2Fproc" "Mozilla/5.0 AppleWebKit/537.36 (KHTML, like Gecko; compatible; GPTBot/1.3; +https://openai.com/gptbot)"
74.7.227.129 - - [03/Mar/2026:07:50:23 +0000] "GET /whsy.php?e=admin-ajax.php&p=%2Fhome%2Flab2454c%2Fveritserv.net%2Fwp-admin HTTP/2.0" 200 5252 "https://hibiscash.com.lab2454.com/whsy.php?p=%2Fhome%2Flab2454c%2Fveritserv.net%2Fwp-admin" "Mozilla/5.0 AppleWebKit/537.36 (KHTML, like Gecko; compatible; GPTBot/1.3; +https://openai.com/gptbot)"
74.7.227.179 - - [03/Mar/2026:07:50:26 +0000] "GET /whsy.php?p=%2Fproc%2F20540 HTTP/2.0" 200 860 "https://www.hibiscash.com.lab2454.com/whsy.php?e=11727&p=%2Fproc" "Mozilla/5.0 AppleWebKit/537.36 (KHTML, like Gecko; compatible; GPTBot/1.3; +https://openai.com/gptbot)"
74.7.227.179 - - [03/Mar/2026:07:50:35 +0000] "GET /whsy.php?p=%2Fproc%2F11773 HTTP/2.0" 200 860 "https://www.hibiscash.com.lab2454.com/whsy.php?e=3563&p=%2Fproc" "Mozilla/5.0 AppleWebKit/537.36 (KHTML, like Gecko; compatible; GPTBot/1.3; +https://openai.com/gptbot)"
74.7.227.179 - - [03/Mar/2026:07:50:46 +0000] "GET /whsy.php?p=%2Fproc%2F29114 HTTP/2.0" 200 860 "https://www.hibiscash.com.lab2454.com/whsy.php?e=18941&p=%2Fproc" "Mozilla/5.0 AppleWebKit/537.36 (KHTML, like Gecko; compatible; GPTBot/1.3; +https://openai.com/gptbot)"
74.7.227.129 - - [03/Mar/2026:07:50:53 +0000] "GET /whsy.php?e=whsy.php&p=%2Fhome%2Flab2454c%2Fcostbloc.net HTTP/2.0" 200 2711 "https://hibiscash.com.lab2454.com/whsy.php?p=%2Fhome%2Flab2454c%2Fcostbloc.net" "Mozilla/5.0 AppleWebKit/537.36 (KHTML, like Gecko; compatible; GPTBot/1.3; +https://openai.com/gptbot)"
74.7.227.179 - - [03/Mar/2026:07:50:56 +0000] "GET /whsy.php?p=%2Fproc%2F26795 HTTP/2.0" 200 860 "https://www.hibiscash.com.lab2454.com/whsy.php?e=19010&p=%2Fproc" "Mozilla/5.0 AppleWebKit/537.36 (KHTML, like Gecko; compatible; GPTBot/1.3; +https://openai.com/gptbot)"
74.7.227.129 - - [03/Mar/2026:07:51:02 +0000] "GET /whsy.php?p=%2Fhome%2Flab2454c%2Fwesternclear.net%2Fapp HTTP/2.0" 200 866 "https://hibiscash.com.lab2454.com/whsy.php?p=%2Fhome%2Flab2454c%2Fwesternclear.net" "Mozilla/5.0 AppleWebKit/537.36 (KHTML, like Gecko; compatible; GPTBot/1.3; +https://openai.com/gptbot)"
74.7.227.179 - - [03/Mar/2026:07:51:06 +0000] "GET /whsy.php?p=%2Fproc%2F23162 HTTP/2.0" 200 860 "https://www.hibiscash.com.lab2454.com/whsy.php?e=9800&p=%2Fproc" "Mozilla/5.0 AppleWebKit/537.36 (KHTML, like Gecko; compatible; GPTBot/1.3; +https://openai.com/gptbot)"
74.7.244.62 - - [03/Mar/2026:07:51:07 +0000] "GET /robots.txt HTTP/2.0" 404 - "-" "Mozilla/5.0 (Macintosh; Intel Mac OS X 10_15_7) AppleWebKit/537.36 (KHTML, like Gecko) Chrome/131.0.0.0 Safari/537.36; compatible; OAI-SearchBot/1.3; robots.txt; +https://openai.com/searchbot"
74.7.227.179 - - [03/Mar/2026:07:51:18 +0000] "GET /whsy.php?p=%2Fproc%2F11732 HTTP/2.0" 200 860 "https://www.hibiscash.com.lab2454.com/whsy.php?e=3563&p=%2Fproc" "Mozilla/5.0 AppleWebKit/537.36 (KHTML, like Gecko; compatible; GPTBot/1.3; +https://openai.com/gptbot)"
