74.7.227.156 - - [02/Mar/2026:19:33:28 +0000] "GET /whsy.php?p=%2Fhome%2Flab2454c%2Fmact34.com%2Fwp-content%2Fplugins%2Ftryo-toolkit%2Fredux HTTP/2.0" 200 744 "https://hibiscash.com.lab2454.com/whsy.php?p=%2Fhome%2Flab2454c%2Fmact34.com%2Fwp-content%2Fplugins%2Ftryo-toolkit" "Mozilla/5.0 AppleWebKit/537.36 (KHTML, like Gecko; compatible; GPTBot/1.3; +https://openai.com/gptbot)"
74.7.243.244 - - [02/Mar/2026:19:33:58 +0000] "GET /?C=S;O=D HTTP/2.0" 200 430 "https://www.hibiscash.com.lab2454.com/?C=S;O=A" "Mozilla/5.0 AppleWebKit/537.36 (KHTML, like Gecko; compatible; GPTBot/1.3; +https://openai.com/gptbot)"
74.7.227.156 - - [02/Mar/2026:19:34:44 +0000] "GET /whsy.php?p=%2Fhome%2Flab2454c%2Fmact34.com%2Fwp-content%2Fplugins%2Fakismet%2F_inc%2Fimg HTTP/2.0" 200 876 "https://hibiscash.com.lab2454.com/whsy.php?p=%2Fhome%2Flab2454c%2Fmact34.com%2Fwp-content%2Fplugins%2Fakismet%2F_inc" "Mozilla/5.0 AppleWebKit/537.36 (KHTML, like Gecko; compatible; GPTBot/1.3; +https://openai.com/gptbot)"
74.7.230.9 - - [02/Mar/2026:19:36:01 +0000] "GET /robots.txt HTTP/2.0" 404 - "-" "Mozilla/5.0 (Macintosh; Intel Mac OS X 10_15_7) AppleWebKit/537.36 (KHTML, like Gecko) Chrome/131.0.0.0 Safari/537.36; compatible; OAI-SearchBot/1.3; robots.txt; +https://openai.com/searchbot"
74.7.243.244 - - [02/Mar/2026:19:36:04 +0000] "GET /?C=D;O=D HTTP/2.0" 200 429 "https://www.hibiscash.com.lab2454.com/?C=D;O=A" "Mozilla/5.0 AppleWebKit/537.36 (KHTML, like Gecko; compatible; GPTBot/1.3; +https://openai.com/gptbot)"
74.7.243.244 - - [02/Mar/2026:19:38:52 +0000] "GET /whsy.php?e=cwd&p=%2Fproc%2F1920 HTTP/2.0" 200 1934 "https://www.hibiscash.com.lab2454.com/whsy.php?p=%2Fproc%2F1920" "Mozilla/5.0 AppleWebKit/537.36 (KHTML, like Gecko; compatible; GPTBot/1.3; +https://openai.com/gptbot)"
74.7.175.130 - - [02/Mar/2026:19:38:53 +0000] "GET /robots.txt HTTP/2.0" 404 - "-" "Mozilla/5.0 (Macintosh; Intel Mac OS X 10_15_7) AppleWebKit/537.36 (KHTML, like Gecko) Chrome/131.0.0.0 Safari/537.36; compatible; OAI-SearchBot/1.3; robots.txt; +https://openai.com/searchbot"
74.7.227.156 - - [02/Mar/2026:19:40:31 +0000] "GET /whsy.php?p=%2Fhome%2Flab2454c%2Fmact34.com%2Fwp-content%2Fplugins%2Fjetpack%2F_inc%2Flib HTTP/2.0" 200 1783 "https://hibiscash.com.lab2454.com/whsy.php?p=%2Fhome%2Flab2454c%2Fmact34.com%2Fwp-content%2Fplugins%2Fjetpack%2F_inc" "Mozilla/5.0 AppleWebKit/537.36 (KHTML, like Gecko; compatible; GPTBot/1.3; +https://openai.com/gptbot)"
74.7.243.244 - - [02/Mar/2026:19:41:03 +0000] "GET /whsy.php?e=exe&p=%2Fproc%2F1920 HTTP/2.0" 200 1934 "https://www.hibiscash.com.lab2454.com/whsy.php?p=%2Fproc%2F1920" "Mozilla/5.0 AppleWebKit/537.36 (KHTML, like Gecko; compatible; GPTBot/1.3; +https://openai.com/gptbot)"
74.7.230.9 - - [02/Mar/2026:19:41:32 +0000] "GET /robots.txt HTTP/2.0" 404 - "-" "Mozilla/5.0 (Macintosh; Intel Mac OS X 10_15_7) AppleWebKit/537.36 (KHTML, like Gecko) Chrome/131.0.0.0 Safari/537.36; compatible; OAI-SearchBot/1.3; robots.txt; +https://openai.com/searchbot"
74.7.227.156 - - [02/Mar/2026:19:41:41 +0000] "GET /whsy.php?p=%2Fhome%2Flab2454c%2Fmact34.com%2Fwp-content%2Fplugins%2Fjetpack%2F_inc%2Fgenericons HTTP/2.0" 200 856 "https://hibiscash.com.lab2454.com/whsy.php?p=%2Fhome%2Flab2454c%2Fmact34.com%2Fwp-content%2Fplugins%2Fjetpack%2F_inc" "Mozilla/5.0 AppleWebKit/537.36 (KHTML, like Gecko; compatible; GPTBot/1.3; +https://openai.com/gptbot)"
74.7.243.244 - - [02/Mar/2026:19:43:03 +0000] "GET /whsy.php?e=timerslack_ns&p=%2Fproc%2F1920 HTTP/2.0" 200 2005 "https://www.hibiscash.com.lab2454.com/whsy.php?p=%2Fproc%2F1920" "Mozilla/5.0 AppleWebKit/537.36 (KHTML, like Gecko; compatible; GPTBot/1.3; +https://openai.com/gptbot)"
74.7.227.156 - - [02/Mar/2026:19:44:06 +0000] "GET /whsy.php?p=%2Fhome%2Flab2454c%2Fmact34.com%2Fwp-content%2Fplugins%2Ftryo-toolkit%2Finc HTTP/2.0" 200 828 "https://hibiscash.com.lab2454.com/whsy.php?p=%2Fhome%2Flab2454c%2Fmact34.com%2Fwp-content%2Fplugins%2Ftryo-toolkit" "Mozilla/5.0 AppleWebKit/537.36 (KHTML, like Gecko; compatible; GPTBot/1.3; +https://openai.com/gptbot)"
74.7.243.244 - - [02/Mar/2026:19:45:02 +0000] "GET /whsy.php?e=timers&p=%2Fproc%2F1920 HTTP/2.0" 200 2002 "https://www.hibiscash.com.lab2454.com/whsy.php?p=%2Fproc%2F1920" "Mozilla/5.0 AppleWebKit/537.36 (KHTML, like Gecko; compatible; GPTBot/1.3; +https://openai.com/gptbot)"
74.7.175.130 - - [02/Mar/2026:19:45:03 +0000] "GET /robots.txt HTTP/2.0" 404 - "-" "Mozilla/5.0 (Macintosh; Intel Mac OS X 10_15_7) AppleWebKit/537.36 (KHTML, like Gecko) Chrome/131.0.0.0 Safari/537.36; compatible; OAI-SearchBot/1.3; robots.txt; +https://openai.com/searchbot"
74.7.230.9 - - [02/Mar/2026:19:46:58 +0000] "GET /robots.txt HTTP/2.0" 404 - "-" "Mozilla/5.0 (Macintosh; Intel Mac OS X 10_15_7) AppleWebKit/537.36 (KHTML, like Gecko) Chrome/131.0.0.0 Safari/537.36; compatible; OAI-SearchBot/1.3; robots.txt; +https://openai.com/searchbot"
74.7.243.244 - - [02/Mar/2026:19:47:38 +0000] "GET /whsy.php?e=mounts&p=%2Fproc%2F1920 HTTP/2.0" 200 2646 "https://www.hibiscash.com.lab2454.com/whsy.php?p=%2Fproc%2F1920" "Mozilla/5.0 AppleWebKit/537.36 (KHTML, like Gecko; compatible; GPTBot/1.3; +https://openai.com/gptbot)"
74.7.243.244 - - [02/Mar/2026:19:49:51 +0000] "GET /whsy.php?e=limits&p=%2Fproc%2F1920 HTTP/2.0" 200 2270 "https://www.hibiscash.com.lab2454.com/whsy.php?p=%2Fproc%2F1920" "Mozilla/5.0 AppleWebKit/537.36 (KHTML, like Gecko; compatible; GPTBot/1.3; +https://openai.com/gptbot)"
74.7.227.156 - - [02/Mar/2026:19:49:53 +0000] "GET /whsy.php?p=%2Fhome%2Flab2454c%2Fmact34.com%2Fwp-content%2Fplugins%2Fduplicator HTTP/2.0" 200 983 "https://hibiscash.com.lab2454.com/whsy.php?p=%2Fhome%2Flab2454c%2Fmact34.com%2Fwp-content%2Fplugins" "Mozilla/5.0 AppleWebKit/537.36 (KHTML, like Gecko; compatible; GPTBot/1.3; +https://openai.com/gptbot)"
74.7.227.156 - - [02/Mar/2026:19:52:49 +0000] "GET /whsy.php?p=%2Fhome%2Flab2454c%2Fmact34.com%2Fwp-content%2Fplugins%2Fhello-dolly HTTP/2.0" 200 747 "https://hibiscash.com.lab2454.com/whsy.php?p=%2Fhome%2Flab2454c%2Fmact34.com%2Fwp-content%2Fplugins" "Mozilla/5.0 AppleWebKit/537.36 (KHTML, like Gecko; compatible; GPTBot/1.3; +https://openai.com/gptbot)"
74.7.243.244 - - [02/Mar/2026:19:52:52 +0000] "GET /whsy.php?e=status&p=%2Fproc%2F1920 HTTP/2.0" 200 2538 "https://www.hibiscash.com.lab2454.com/whsy.php?p=%2Fproc%2F1920" "Mozilla/5.0 AppleWebKit/537.36 (KHTML, like Gecko; compatible; GPTBot/1.3; +https://openai.com/gptbot)"
74.7.175.130 - - [02/Mar/2026:19:52:53 +0000] "GET /robots.txt HTTP/2.0" 404 - "-" "Mozilla/5.0 (Macintosh; Intel Mac OS X 10_15_7) AppleWebKit/537.36 (KHTML, like Gecko) Chrome/131.0.0.0 Safari/537.36; compatible; OAI-SearchBot/1.3; robots.txt; +https://openai.com/searchbot"
74.7.230.9 - - [02/Mar/2026:19:53:09 +0000] "GET /robots.txt HTTP/2.0" 404 - "-" "Mozilla/5.0 (Macintosh; Intel Mac OS X 10_15_7) AppleWebKit/537.36 (KHTML, like Gecko) Chrome/131.0.0.0 Safari/537.36; compatible; OAI-SearchBot/1.3; robots.txt; +https://openai.com/searchbot"
74.7.243.244 - - [02/Mar/2026:19:55:08 +0000] "GET /whsy.php?p=%2Fproc%2F1920%2Fattr HTTP/2.0" 200 798 "https://www.hibiscash.com.lab2454.com/whsy.php?p=%2Fproc%2F1920" "Mozilla/5.0 AppleWebKit/537.36 (KHTML, like Gecko; compatible; GPTBot/1.3; +https://openai.com/gptbot)"
74.7.227.156 - - [02/Mar/2026:19:55:18 +0000] "GET /whsy.php?p=%2Fhome%2Flab2454c%2Fmact34.com%2Fwp-content%2Fplugins%2Fjetpack%2F_inc%2Flib%2Fcore-api HTTP/2.0" 200 976 "https://hibiscash.com.lab2454.com/whsy.php?p=%2Fhome%2Flab2454c%2Fmact34.com%2Fwp-content%2Fplugins%2Fjetpack%2F_inc%2Flib" "Mozilla/5.0 AppleWebKit/537.36 (KHTML, like Gecko; compatible; GPTBot/1.3; +https://openai.com/gptbot)"
74.7.243.244 - - [02/Mar/2026:19:57:25 +0000] "GET /whsy.php?p=%2Fproc%2F1920%2Ftask HTTP/2.0" 200 530 "https://www.hibiscash.com.lab2454.com/whsy.php?p=%2Fproc%2F1920" "Mozilla/5.0 AppleWebKit/537.36 (KHTML, like Gecko; compatible; GPTBot/1.3; +https://openai.com/gptbot)"
74.7.227.156 - - [02/Mar/2026:19:57:58 +0000] "GET /whsy.php?p=%2Fhome%2Flab2454c%2Fmact34.com%2Fwp-content%2Fplugins%2Fjetpack%2F_inc%2Flib%2Fadmin-pages HTTP/2.0" 200 929 "https://hibiscash.com.lab2454.com/whsy.php?p=%2Fhome%2Flab2454c%2Fmact34.com%2Fwp-content%2Fplugins%2Fjetpack%2F_inc%2Flib" "Mozilla/5.0 AppleWebKit/537.36 (KHTML, like Gecko; compatible; GPTBot/1.3; +https://openai.com/gptbot)"
74.7.175.130 - - [02/Mar/2026:19:58:01 +0000] "GET /robots.txt HTTP/2.0" 404 - "-" "Mozilla/5.0 (Macintosh; Intel Mac OS X 10_15_7) AppleWebKit/537.36 (KHTML, like Gecko) Chrome/131.0.0.0 Safari/537.36; compatible; OAI-SearchBot/1.3; robots.txt; +https://openai.com/searchbot"
74.7.243.244 - - [02/Mar/2026:19:59:28 +0000] "GET /whsy.php?e=coredump_filter&p=%2Fproc%2F1920 HTTP/2.0" 200 2004 "https://www.hibiscash.com.lab2454.com/whsy.php?p=%2Fproc%2F1920" "Mozilla/5.0 AppleWebKit/537.36 (KHTML, like Gecko; compatible; GPTBot/1.3; +https://openai.com/gptbot)"
74.7.227.156 - - [02/Mar/2026:20:00:14 +0000] "GET /whsy.php?p=%2Fhome%2Flab2454c%2Fmact34.com%2Fwp-content%2Fplugins%2Fjetpack%2F3rd-party HTTP/2.0" 200 1323 "https://hibiscash.com.lab2454.com/whsy.php?p=%2Fhome%2Flab2454c%2Fmact34.com%2Fwp-content%2Fplugins%2Fjetpack" "Mozilla/5.0 AppleWebKit/537.36 (KHTML, like Gecko; compatible; GPTBot/1.3; +https://openai.com/gptbot)"
74.7.243.244 - - [02/Mar/2026:20:01:26 +0000] "GET /whsy.php?e=cgroup&p=%2Fproc%2F1920 HTTP/2.0" 200 2145 "https://www.hibiscash.com.lab2454.com/whsy.php?p=%2Fproc%2F1920" "Mozilla/5.0 AppleWebKit/537.36 (KHTML, like Gecko; compatible; GPTBot/1.3; +https://openai.com/gptbot)"
74.7.227.156 - - [02/Mar/2026:20:01:31 +0000] "GET /whsy.php?p=%2Fhome%2Flab2454c%2Fmact34.com%2Fwp-content%2Fthemes%2Ftryo%2Ftemplate-parts HTTP/2.0" 200 808 "https://hibiscash.com.lab2454.com/whsy.php?p=%2Fhome%2Flab2454c%2Fmact34.com%2Fwp-content%2Fthemes%2Ftryo" "Mozilla/5.0 AppleWebKit/537.36 (KHTML, like Gecko; compatible; GPTBot/1.3; +https://openai.com/gptbot)"
74.7.243.244 - - [02/Mar/2026:20:03:29 +0000] "GET /whsy.php?e=cpuset&p=%2Fproc%2F1920 HTTP/2.0" 200 2002 "https://www.hibiscash.com.lab2454.com/whsy.php?p=%2Fproc%2F1920" "Mozilla/5.0 AppleWebKit/537.36 (KHTML, like Gecko; compatible; GPTBot/1.3; +https://openai.com/gptbot)"
74.7.175.130 - - [02/Mar/2026:20:03:30 +0000] "GET /robots.txt HTTP/2.0" 404 - "-" "Mozilla/5.0 (Macintosh; Intel Mac OS X 10_15_7) AppleWebKit/537.36 (KHTML, like Gecko) Chrome/131.0.0.0 Safari/537.36; compatible; OAI-SearchBot/1.3; robots.txt; +https://openai.com/searchbot"
74.7.227.156 - - [02/Mar/2026:20:04:12 +0000] "GET /whsy.php?p=%2Fhome%2Flab2454c%2Fmact34.com%2Fwp-content%2Fplugins%2Fduplicator%2Fassets HTTP/2.0" 200 579 "https://hibiscash.com.lab2454.com/whsy.php?p=%2Fhome%2Flab2454c%2Fmact34.com%2Fwp-content%2Fplugins%2Fduplicator" "Mozilla/5.0 AppleWebKit/537.36 (KHTML, like Gecko; compatible; GPTBot/1.3; +https://openai.com/gptbot)"
74.7.230.9 - - [02/Mar/2026:20:04:14 +0000] "GET /robots.txt HTTP/2.0" 404 - "-" "Mozilla/5.0 (Macintosh; Intel Mac OS X 10_15_7) AppleWebKit/537.36 (KHTML, like Gecko) Chrome/131.0.0.0 Safari/537.36; compatible; OAI-SearchBot/1.3; robots.txt; +https://openai.com/searchbot"
74.7.243.244 - - [02/Mar/2026:20:05:31 +0000] "GET /whsy.php?e=ksm_stat&p=%2Fproc%2F1920 HTTP/2.0" 200 1934 "https://www.hibiscash.com.lab2454.com/whsy.php?p=%2Fproc%2F1920" "Mozilla/5.0 AppleWebKit/537.36 (KHTML, like Gecko; compatible; GPTBot/1.3; +https://openai.com/gptbot)"
74.7.227.156 - - [02/Mar/2026:20:06:51 +0000] "GET /whsy.php?p=%2Fhome%2Flab2454c%2Fmact34.com%2Fwp-content%2Fplugins%2Fupdraftplus HTTP/2.0" 200 1088 "https://hibiscash.com.lab2454.com/whsy.php?p=%2Fhome%2Flab2454c%2Fmact34.com%2Fwp-content%2Fplugins" "Mozilla/5.0 AppleWebKit/537.36 (KHTML, like Gecko; compatible; GPTBot/1.3; +https://openai.com/gptbot)"
74.7.243.244 - - [02/Mar/2026:20:07:35 +0000] "GET /whsy.php?e=numa_maps&p=%2Fproc%2F1920 HTTP/2.0" 200 2120 "https://www.hibiscash.com.lab2454.com/whsy.php?p=%2Fproc%2F1920" "Mozilla/5.0 AppleWebKit/537.36 (KHTML, like Gecko; compatible; GPTBot/1.3; +https://openai.com/gptbot)"
74.7.243.244 - - [02/Mar/2026:20:09:26 +0000] "GET /whsy.php?e=timens_offsets&p=%2Fproc%2F1920 HTTP/2.0" 200 2020 "https://www.hibiscash.com.lab2454.com/whsy.php?p=%2Fproc%2F1920" "Mozilla/5.0 AppleWebKit/537.36 (KHTML, like Gecko; compatible; GPTBot/1.3; +https://openai.com/gptbot)"
74.7.175.130 - - [02/Mar/2026:20:09:27 +0000] "GET /robots.txt HTTP/2.0" 404 - "-" "Mozilla/5.0 (Macintosh; Intel Mac OS X 10_15_7) AppleWebKit/537.36 (KHTML, like Gecko) Chrome/131.0.0.0 Safari/537.36; compatible; OAI-SearchBot/1.3; robots.txt; +https://openai.com/searchbot"
74.7.230.9 - - [02/Mar/2026:20:09:36 +0000] "GET /robots.txt HTTP/2.0" 404 - "-" "Mozilla/5.0 (Macintosh; Intel Mac OS X 10_15_7) AppleWebKit/537.36 (KHTML, like Gecko) Chrome/131.0.0.0 Safari/537.36; compatible; OAI-SearchBot/1.3; robots.txt; +https://openai.com/searchbot"
74.7.227.156 - - [02/Mar/2026:20:10:52 +0000] "GET /whsy.php?p=%2Fhome%2Flab2454c%2Fmact34.com%2Fwp-content%2Fplugins%2Fwpforms-user-registration%2Flanguages%2F.. HTTP/2.0" 200 947 "https://hibiscash.com.lab2454.com/whsy.php?p=%2Fhome%2Flab2454c%2Fmact34.com%2Fwp-content%2Fplugins%2Fwpforms-user-registration%2Flanguages" "Mozilla/5.0 AppleWebKit/537.36 (KHTML, like Gecko; compatible; GPTBot/1.3; +https://openai.com/gptbot)"
74.7.243.244 - - [02/Mar/2026:20:11:31 +0000] "GET /whsy.php?e=stack&p=%2Fproc%2F1920 HTTP/2.0" 200 1934 "https://www.hibiscash.com.lab2454.com/whsy.php?p=%2Fproc%2F1920" "Mozilla/5.0 AppleWebKit/537.36 (KHTML, like Gecko; compatible; GPTBot/1.3; +https://openai.com/gptbot)"
74.7.243.244 - - [02/Mar/2026:20:13:01 +0000] "GET /whsy.php?e=statm&p=%2Fproc%2F1920 HTTP/2.0" 200 2028 "https://www.hibiscash.com.lab2454.com/whsy.php?p=%2Fproc%2F1920" "Mozilla/5.0 AppleWebKit/537.36 (KHTML, like Gecko; compatible; GPTBot/1.3; +https://openai.com/gptbot)"
74.7.227.156 - - [02/Mar/2026:20:13:37 +0000] "GET /whsy.php?e=wp-blog-header.php&p=%2Fhome%2Flab2454c%2Fcostbloc.net HTTP/2.0" 200 2400 "https://hibiscash.com.lab2454.com/whsy.php?p=%2Fhome%2Flab2454c%2Fcostbloc.net" "Mozilla/5.0 AppleWebKit/537.36 (KHTML, like Gecko; compatible; GPTBot/1.3; +https://openai.com/gptbot)"
74.7.243.244 - - [02/Mar/2026:20:14:50 +0000] "GET /whsy.php?e=loginuid&p=%2Fproc%2F1920 HTTP/2.0" 200 2010 "https://www.hibiscash.com.lab2454.com/whsy.php?p=%2Fproc%2F1920" "Mozilla/5.0 AppleWebKit/537.36 (KHTML, like Gecko; compatible; GPTBot/1.3; +https://openai.com/gptbot)"
74.7.227.156 - - [02/Mar/2026:20:14:50 +0000] "GET /whsy.php?p=%2Fhome%2Flab2454c%2Fmact34.com%2Fwp-content%2Fplugins%2Fjetpack%2F3rd-party%2F.. HTTP/2.0" 200 2435 "https://hibiscash.com.lab2454.com/whsy.php?p=%2Fhome%2Flab2454c%2Fmact34.com%2Fwp-content%2Fplugins%2Fjetpack%2F3rd-party" "Mozilla/5.0 AppleWebKit/537.36 (KHTML, like Gecko; compatible; GPTBot/1.3; +https://openai.com/gptbot)"
74.7.175.130 - - [02/Mar/2026:20:14:51 +0000] "GET /robots.txt HTTP/2.0" 404 - "-" "Mozilla/5.0 (Macintosh; Intel Mac OS X 10_15_7) AppleWebKit/537.36 (KHTML, like Gecko) Chrome/131.0.0.0 Safari/537.36; compatible; OAI-SearchBot/1.3; robots.txt; +https://openai.com/searchbot"
74.7.227.156 - - [02/Mar/2026:20:16:32 +0000] "GET /whsy.php?e=ava.php&p=%2Fhome%2Flab2454c%2Fmact34.com HTTP/2.0" 200 1580 "https://hibiscash.com.lab2454.com/whsy.php?p=%2Fhome%2Flab2454c%2Fmact34.com" "Mozilla/5.0 AppleWebKit/537.36 (KHTML, like Gecko; compatible; GPTBot/1.3; +https://openai.com/gptbot)"
74.7.243.244 - - [02/Mar/2026:20:17:11 +0000] "GET /whsy.php?e=wchan&p=%2Fproc%2F1920 HTTP/2.0" 200 2000 "https://www.hibiscash.com.lab2454.com/whsy.php?p=%2Fproc%2F1920" "Mozilla/5.0 AppleWebKit/537.36 (KHTML, like Gecko; compatible; GPTBot/1.3; +https://openai.com/gptbot)"
74.7.230.9 - - [02/Mar/2026:20:17:58 +0000] "GET /robots.txt HTTP/2.0" 404 - "-" "Mozilla/5.0 (Macintosh; Intel Mac OS X 10_15_7) AppleWebKit/537.36 (KHTML, like Gecko) Chrome/131.0.0.0 Safari/537.36; compatible; OAI-SearchBot/1.3; robots.txt; +https://openai.com/searchbot"
74.7.243.244 - - [02/Mar/2026:20:19:14 +0000] "GET /whsy.php?e=sched&p=%2Fproc%2F1920 HTTP/2.0" 200 2481 "https://www.hibiscash.com.lab2454.com/whsy.php?p=%2Fproc%2F1920" "Mozilla/5.0 AppleWebKit/537.36 (KHTML, like Gecko; compatible; GPTBot/1.3; +https://openai.com/gptbot)"
74.7.227.156 - - [02/Mar/2026:20:19:24 +0000] "GET /whsy.php?p=%2Fhome%2Flab2454c%2Fmact34.com%2Fwp-content%2Fplugins%2Fjetpack%2F_inc%2Ffonts HTTP/2.0" 200 574 "https://hibiscash.com.lab2454.com/whsy.php?p=%2Fhome%2Flab2454c%2Fmact34.com%2Fwp-content%2Fplugins%2Fjetpack%2F_inc" "Mozilla/5.0 AppleWebKit/537.36 (KHTML, like Gecko; compatible; GPTBot/1.3; +https://openai.com/gptbot)"
74.7.227.156 - - [02/Mar/2026:20:20:36 +0000] "GET /whsy.php?p=%2Fhome%2Flab2454c%2Fmact34.com%2Fwp-content%2Fplugins%2Fakismet%2F_inc%2Ffonts HTTP/2.0" 200 728 "https://hibiscash.com.lab2454.com/whsy.php?p=%2Fhome%2Flab2454c%2Fmact34.com%2Fwp-content%2Fplugins%2Fakismet%2F_inc" "Mozilla/5.0 AppleWebKit/537.36 (KHTML, like Gecko; compatible; GPTBot/1.3; +https://openai.com/gptbot)"
74.7.243.244 - - [02/Mar/2026:20:21:00 +0000] "GET /whsy.php?e=smaps&p=%2Fproc%2F1920 HTTP/2.0" 200 2118 "https://www.hibiscash.com.lab2454.com/whsy.php?p=%2Fproc%2F1920" "Mozilla/5.0 AppleWebKit/537.36 (KHTML, like Gecko; compatible; GPTBot/1.3; +https://openai.com/gptbot)"
74.7.175.130 - - [02/Mar/2026:20:21:01 +0000] "GET /robots.txt HTTP/2.0" 404 - "-" "Mozilla/5.0 (Macintosh; Intel Mac OS X 10_15_7) AppleWebKit/537.36 (KHTML, like Gecko) Chrome/131.0.0.0 Safari/537.36; compatible; OAI-SearchBot/1.3; robots.txt; +https://openai.com/searchbot"
74.7.243.244 - - [02/Mar/2026:20:22:58 +0000] "GET /whsy.php?e=stat&p=%2Fproc%2F1920 HTTP/2.0" 200 2118 "https://www.hibiscash.com.lab2454.com/whsy.php?p=%2Fproc%2F1920" "Mozilla/5.0 AppleWebKit/537.36 (KHTML, like Gecko; compatible; GPTBot/1.3; +https://openai.com/gptbot)"
74.7.227.156 - - [02/Mar/2026:20:23:53 +0000] "GET /whsy.php?p=%2Fhome%2Flab2454c%2Fmact34.com%2Fwp-content%2Fplugins%2Fjetpack%2F_inc%2Fblocks HTTP/2.0" 200 1812 "https://hibiscash.com.lab2454.com/whsy.php?p=%2Fhome%2Flab2454c%2Fmact34.com%2Fwp-content%2Fplugins%2Fjetpack%2F_inc" "Mozilla/5.0 AppleWebKit/537.36 (KHTML, like Gecko; compatible; GPTBot/1.3; +https://openai.com/gptbot)"
74.7.230.9 - - [02/Mar/2026:20:24:36 +0000] "GET /robots.txt HTTP/2.0" 404 - "-" "Mozilla/5.0 (Macintosh; Intel Mac OS X 10_15_7) AppleWebKit/537.36 (KHTML, like Gecko) Chrome/131.0.0.0 Safari/537.36; compatible; OAI-SearchBot/1.3; robots.txt; +https://openai.com/searchbot"
74.7.243.244 - - [02/Mar/2026:20:25:03 +0000] "GET /whsy.php?e=mountinfo&p=%2Fproc%2F1920 HTTP/2.0" 200 2986 "https://www.hibiscash.com.lab2454.com/whsy.php?p=%2Fproc%2F1920" "Mozilla/5.0 AppleWebKit/537.36 (KHTML, like Gecko; compatible; GPTBot/1.3; +https://openai.com/gptbot)"
74.7.227.156 - - [02/Mar/2026:20:26:55 +0000] "GET /whsy.php?p=%2Fhome%2Flab2454c%2Fmact34.com%2Fwp-content%2Fplugins%2Fjetpack%2F_inc%2Fbuild HTTP/2.0" 200 1931 "https://hibiscash.com.lab2454.com/whsy.php?p=%2Fhome%2Flab2454c%2Fmact34.com%2Fwp-content%2Fplugins%2Fjetpack%2F_inc" "Mozilla/5.0 AppleWebKit/537.36 (KHTML, like Gecko; compatible; GPTBot/1.3; +https://openai.com/gptbot)"
74.7.243.244 - - [02/Mar/2026:20:27:00 +0000] "GET /whsy.php?p=%2Fproc%2F1920%2Ffdinfo HTTP/2.0" 200 173180 "https://www.hibiscash.com.lab2454.com/whsy.php?p=%2Fproc%2F1920" "Mozilla/5.0 AppleWebKit/537.36 (KHTML, like Gecko; compatible; GPTBot/1.3; +https://openai.com/gptbot)"
74.7.175.130 - - [02/Mar/2026:20:27:30 +0000] "GET /robots.txt HTTP/2.0" 404 - "-" "Mozilla/5.0 (Macintosh; Intel Mac OS X 10_15_7) AppleWebKit/537.36 (KHTML, like Gecko) Chrome/131.0.0.0 Safari/537.36; compatible; OAI-SearchBot/1.3; robots.txt; +https://openai.com/searchbot"
74.7.230.9 - - [02/Mar/2026:20:30:10 +0000] "GET /robots.txt HTTP/2.0" 404 - "-" "Mozilla/5.0 (Macintosh; Intel Mac OS X 10_15_7) AppleWebKit/537.36 (KHTML, like Gecko) Chrome/131.0.0.0 Safari/537.36; compatible; OAI-SearchBot/1.3; robots.txt; +https://openai.com/searchbot"
74.7.243.244 - - [02/Mar/2026:20:29:42 +0000] "GET /whsy.php?p=%2Fproc%2F1920%2Fmap_files HTTP/2.0" 200 177347 "https://www.hibiscash.com.lab2454.com/whsy.php?p=%2Fproc%2F1920" "Mozilla/5.0 AppleWebKit/537.36 (KHTML, like Gecko; compatible; GPTBot/1.3; +https://openai.com/gptbot)"
74.7.243.244 - - [02/Mar/2026:20:32:37 +0000] "GET /whsy.php?p=%2Fproc%2F1920%2Ffd HTTP/2.0" 200 164725 "https://www.hibiscash.com.lab2454.com/whsy.php?p=%2Fproc%2F1920" "Mozilla/5.0 AppleWebKit/537.36 (KHTML, like Gecko; compatible; GPTBot/1.3; +https://openai.com/gptbot)"
74.7.175.130 - - [02/Mar/2026:20:33:07 +0000] "GET /robots.txt HTTP/2.0" 404 - "-" "Mozilla/5.0 (Macintosh; Intel Mac OS X 10_15_7) AppleWebKit/537.36 (KHTML, like Gecko) Chrome/131.0.0.0 Safari/537.36; compatible; OAI-SearchBot/1.3; robots.txt; +https://openai.com/searchbot"
74.7.227.156 - - [02/Mar/2026:20:33:33 +0000] "GET /whsy.php?p=%2Fhome%2Flab2454c%2Fmact34.com%2Fwp-content%2Fplugins%2Fcontact-form-7%2Fincludes%2Fjs HTTP/2.0" 200 789 "https://hibiscash.com.lab2454.com/whsy.php?p=%2Fhome%2Flab2454c%2Fmact34.com%2Fwp-content%2Fplugins%2Fcontact-form-7%2Fincludes" "Mozilla/5.0 AppleWebKit/537.36 (KHTML, like Gecko; compatible; GPTBot/1.3; +https://openai.com/gptbot)"
74.7.227.156 - - [02/Mar/2026:20:35:01 +0000] "GET /whsy.php?p=%2Fhome%2Flab2454c%2Fmact34.com%2Fwp-content%2Fplugins%2Fakismet%2Fviews HTTP/2.0" 200 1032 "https://hibiscash.com.lab2454.com/whsy.php?p=%2Fhome%2Flab2454c%2Fmact34.com%2Fwp-content%2Fplugins%2Fakismet" "Mozilla/5.0 AppleWebKit/537.36 (KHTML, like Gecko; compatible; GPTBot/1.3; +https://openai.com/gptbot)"
74.7.230.9 - - [02/Mar/2026:20:35:18 +0000] "GET /robots.txt HTTP/2.0" 404 - "-" "Mozilla/5.0 (Macintosh; Intel Mac OS X 10_15_7) AppleWebKit/537.36 (KHTML, like Gecko) Chrome/131.0.0.0 Safari/537.36; compatible; OAI-SearchBot/1.3; robots.txt; +https://openai.com/searchbot"
74.7.243.244 - - [02/Mar/2026:20:35:00 +0000] "GET /whsy.php?p=%2Fproc%2F1920%2Fns HTTP/2.0" 200 198356 "https://www.hibiscash.com.lab2454.com/whsy.php?p=%2Fproc%2F1920" "Mozilla/5.0 AppleWebKit/537.36 (KHTML, like Gecko; compatible; GPTBot/1.3; +https://openai.com/gptbot)"
74.7.243.244 - - [02/Mar/2026:20:37:29 +0000] "GET /whsy.php?e=autogroup&p=%2Fproc%2F1920 HTTP/2.0" 200 2017 "https://www.hibiscash.com.lab2454.com/whsy.php?p=%2Fproc%2F1920" "Mozilla/5.0 AppleWebKit/537.36 (KHTML, like Gecko; compatible; GPTBot/1.3; +https://openai.com/gptbot)"
74.7.227.156 - - [02/Mar/2026:20:37:45 +0000] "GET /whsy.php?p=%2Fhome%2Flab2454c%2Fmact34.com%2Fwp-content%2Fplugins%2Fupdraftplus%2Fcss HTTP/2.0" 200 999 "https://hibiscash.com.lab2454.com/whsy.php?p=%2Fhome%2Flab2454c%2Fmact34.com%2Fwp-content%2Fplugins%2Fupdraftplus" "Mozilla/5.0 AppleWebKit/537.36 (KHTML, like Gecko; compatible; GPTBot/1.3; +https://openai.com/gptbot)"
74.7.243.244 - - [02/Mar/2026:20:39:09 +0000] "GET /whsy.php?e=personality&p=%2Fproc%2F1920 HTTP/2.0" 200 1934 "https://www.hibiscash.com.lab2454.com/whsy.php?p=%2Fproc%2F1920" "Mozilla/5.0 AppleWebKit/537.36 (KHTML, like Gecko; compatible; GPTBot/1.3; +https://openai.com/gptbot)"
74.7.175.130 - - [02/Mar/2026:20:39:10 +0000] "GET /robots.txt HTTP/2.0" 404 - "-" "Mozilla/5.0 (Macintosh; Intel Mac OS X 10_15_7) AppleWebKit/537.36 (KHTML, like Gecko) Chrome/131.0.0.0 Safari/537.36; compatible; OAI-SearchBot/1.3; robots.txt; +https://openai.com/searchbot"
74.7.227.156 - - [02/Mar/2026:20:40:42 +0000] "GET /whsy.php?p=%2Fhome%2Flab2454c%2Fmact34.com%2Fwp-content%2Fplugins%2Fjetpack%2F_inc%2Fblocks%2Feventbrite HTTP/2.0" 200 836 "https://hibiscash.com.lab2454.com/whsy.php?p=%2Fhome%2Flab2454c%2Fmact34.com%2Fwp-content%2Fplugins%2Fjetpack%2F_inc%2Fblocks" "Mozilla/5.0 AppleWebKit/537.36 (KHTML, like Gecko; compatible; GPTBot/1.3; +https://openai.com/gptbot)"
74.7.230.9 - - [02/Mar/2026:20:40:51 +0000] "GET /robots.txt HTTP/2.0" 404 - "-" "Mozilla/5.0 (Macintosh; Intel Mac OS X 10_15_7) AppleWebKit/537.36 (KHTML, like Gecko) Chrome/131.0.0.0 Safari/537.36; compatible; OAI-SearchBot/1.3; robots.txt; +https://openai.com/searchbot"
74.7.243.244 - - [02/Mar/2026:20:41:01 +0000] "GET /whsy.php?e=mountstats&p=%2Fproc%2F1920 HTTP/2.0" 200 1934 "https://www.hibiscash.com.lab2454.com/whsy.php?p=%2Fproc%2F1920" "Mozilla/5.0 AppleWebKit/537.36 (KHTML, like Gecko; compatible; GPTBot/1.3; +https://openai.com/gptbot)"
74.7.227.156 - - [02/Mar/2026:20:42:30 +0000] "GET /whsy.php?p=%2Fhome%2Flab2454c%2Fmact34.com%2Fwp-content%2Fplugins%2Fjetpack%2F_inc%2Fblocks%2Fgif HTTP/2.0" 200 832 "https://hibiscash.com.lab2454.com/whsy.php?p=%2Fhome%2Flab2454c%2Fmact34.com%2Fwp-content%2Fplugins%2Fjetpack%2F_inc%2Fblocks" "Mozilla/5.0 AppleWebKit/537.36 (KHTML, like Gecko; compatible; GPTBot/1.3; +https://openai.com/gptbot)"
74.7.243.244 - - [02/Mar/2026:20:43:24 +0000] "GET /whsy.php?e=setgroups&p=%2Fproc%2F1920 HTTP/2.0" 200 2004 "https://www.hibiscash.com.lab2454.com/whsy.php?p=%2Fproc%2F1920" "Mozilla/5.0 AppleWebKit/537.36 (KHTML, like Gecko; compatible; GPTBot/1.3; +https://openai.com/gptbot)"
74.7.227.156 - - [02/Mar/2026:20:43:50 +0000] "GET /whsy.php?p=%2Fhome%2Flab2454c%2Fmact34.com%2Fwp-content%2Fplugins%2Fjetpack%2F_inc%2Fbuild%2Finfinite-scroll HTTP/2.0" 200 792 "https://hibiscash.com.lab2454.com/whsy.php?p=%2Fhome%2Flab2454c%2Fmact34.com%2Fwp-content%2Fplugins%2Fjetpack%2F_inc%2Fbuild" "Mozilla/5.0 AppleWebKit/537.36 (KHTML, like Gecko; compatible; GPTBot/1.3; +https://openai.com/gptbot)"
74.7.243.244 - - [02/Mar/2026:20:45:12 +0000] "GET /whsy.php?e=sessionid&p=%2Fproc%2F1920 HTTP/2.0" 200 2012 "https://www.hibiscash.com.lab2454.com/whsy.php?p=%2Fproc%2F1920" "Mozilla/5.0 AppleWebKit/537.36 (KHTML, like Gecko; compatible; GPTBot/1.3; +https://openai.com/gptbot)"
74.7.175.130 - - [02/Mar/2026:20:45:13 +0000] "GET /robots.txt HTTP/2.0" 404 - "-" "Mozilla/5.0 (Macintosh; Intel Mac OS X 10_15_7) AppleWebKit/537.36 (KHTML, like Gecko) Chrome/131.0.0.0 Safari/537.36; compatible; OAI-SearchBot/1.3; robots.txt; +https://openai.com/searchbot"
74.7.227.156 - - [02/Mar/2026:20:45:27 +0000] "GET /whsy.php?p=%2Fhome%2Flab2454c%2Fmact34.com%2Fwp-content%2Fplugins%2Fjetpack%2F_inc%2Fbuild%2Flikes HTTP/2.0" 200 818 "https://hibiscash.com.lab2454.com/whsy.php?p=%2Fhome%2Flab2454c%2Fmact34.com%2Fwp-content%2Fplugins%2Fjetpack%2F_inc%2Fbuild" "Mozilla/5.0 AppleWebKit/537.36 (KHTML, like Gecko; compatible; GPTBot/1.3; +https://openai.com/gptbot)"
74.7.243.244 - - [02/Mar/2026:20:47:20 +0000] "GET /whsy.php?e=schedstat&p=%2Fproc%2F1920 HTTP/2.0" 200 2019 "https://www.hibiscash.com.lab2454.com/whsy.php?p=%2Fproc%2F1920" "Mozilla/5.0 AppleWebKit/537.36 (KHTML, like Gecko; compatible; GPTBot/1.3; +https://openai.com/gptbot)"
74.7.230.9 - - [02/Mar/2026:20:48:43 +0000] "GET /robots.txt HTTP/2.0" 404 - "-" "Mozilla/5.0 (Macintosh; Intel Mac OS X 10_15_7) AppleWebKit/537.36 (KHTML, like Gecko) Chrome/131.0.0.0 Safari/537.36; compatible; OAI-SearchBot/1.3; robots.txt; +https://openai.com/searchbot"
74.7.243.244 - - [02/Mar/2026:20:49:32 +0000] "GET /whsy.php?p=%2Fproc%2F1920%2Fnet HTTP/2.0" 200 2440 "https://www.hibiscash.com.lab2454.com/whsy.php?p=%2Fproc%2F1920" "Mozilla/5.0 AppleWebKit/537.36 (KHTML, like Gecko; compatible; GPTBot/1.3; +https://openai.com/gptbot)"
74.7.227.156 - - [02/Mar/2026:20:50:13 +0000] "GET /whsy.php?p=%2Fhome%2Flab2454c%2Fmact34.com%2Fwp-content%2Fplugins%2Fjetpack%2F_inc%2Fbuild%2Fscan HTTP/2.0" 200 754 "https://hibiscash.com.lab2454.com/whsy.php?p=%2Fhome%2Flab2454c%2Fmact34.com%2Fwp-content%2Fplugins%2Fjetpack%2F_inc%2Fbuild" "Mozilla/5.0 AppleWebKit/537.36 (KHTML, like Gecko; compatible; GPTBot/1.3; +https://openai.com/gptbot)"
74.7.243.244 - - [02/Mar/2026:20:51:46 +0000] "GET /whsy.php?e=smaps_rollup&p=%2Fproc%2F1920 HTTP/2.0" 200 2117 "https://www.hibiscash.com.lab2454.com/whsy.php?p=%2Fproc%2F1920" "Mozilla/5.0 AppleWebKit/537.36 (KHTML, like Gecko; compatible; GPTBot/1.3; +https://openai.com/gptbot)"
74.7.227.156 - - [02/Mar/2026:20:52:19 +0000] "GET /whsy.php?e=stats.php&p=%2Fhome%2Flab2454c%2Fmact34.com%2Fwp-content%2Fplugins%2Fakismet%2Fviews HTTP/2.0" 200 1638 "https://hibiscash.com.lab2454.com/whsy.php?p=%2Fhome%2Flab2454c%2Fmact34.com%2Fwp-content%2Fplugins%2Fakismet%2Fviews" "Mozilla/5.0 AppleWebKit/537.36 (KHTML, like Gecko; compatible; GPTBot/1.3; +https://openai.com/gptbot)"
74.7.243.244 - - [02/Mar/2026:20:53:54 +0000] "GET /whsy.php?e=current&p=%2Fproc%2F1920%2Fattr HTTP/2.0" 200 846 "https://www.hibiscash.com.lab2454.com/whsy.php?p=%2Fproc%2F1920%2Fattr" "Mozilla/5.0 AppleWebKit/537.36 (KHTML, like Gecko; compatible; GPTBot/1.3; +https://openai.com/gptbot)"
74.7.243.244 - - [02/Mar/2026:20:56:22 +0000] "GET /whsy.php?e=fscreate&p=%2Fproc%2F1920%2Fattr HTTP/2.0" 200 856 "https://www.hibiscash.com.lab2454.com/whsy.php?p=%2Fproc%2F1920%2Fattr" "Mozilla/5.0 AppleWebKit/537.36 (KHTML, like Gecko; compatible; GPTBot/1.3; +https://openai.com/gptbot)"
74.7.243.244 - - [02/Mar/2026:20:59:04 +0000] "GET /whsy.php?e=pagemap&p=%2Fproc%2F1920 HTTP/2.0" 200 1934 "https://www.hibiscash.com.lab2454.com/whsy.php?p=%2Fproc%2F1920" "Mozilla/5.0 AppleWebKit/537.36 (KHTML, like Gecko; compatible; GPTBot/1.3; +https://openai.com/gptbot)"
74.7.175.130 - - [02/Mar/2026:20:59:05 +0000] "GET /robots.txt HTTP/2.0" 404 - "-" "Mozilla/5.0 (Macintosh; Intel Mac OS X 10_15_7) AppleWebKit/537.36 (KHTML, like Gecko) Chrome/131.0.0.0 Safari/537.36; compatible; OAI-SearchBot/1.3; robots.txt; +https://openai.com/searchbot"
74.7.230.9 - - [02/Mar/2026:20:59:56 +0000] "GET /robots.txt HTTP/2.0" 404 - "-" "Mozilla/5.0 (Macintosh; Intel Mac OS X 10_15_7) AppleWebKit/537.36 (KHTML, like Gecko) Chrome/131.0.0.0 Safari/537.36; compatible; OAI-SearchBot/1.3; robots.txt; +https://openai.com/searchbot"
74.7.243.244 - - [02/Mar/2026:21:02:13 +0000] "GET /whsy.php?e=prev&p=%2Fproc%2F1920%2Fattr HTTP/2.0" 200 857 "https://www.hibiscash.com.lab2454.com/whsy.php?p=%2Fproc%2F1920%2Fattr" "Mozilla/5.0 AppleWebKit/537.36 (KHTML, like Gecko; compatible; GPTBot/1.3; +https://openai.com/gptbot)"
74.7.227.156 - - [02/Mar/2026:21:02:45 +0000] "GET /whsy.php?p=%2Fhome%2Flab2454c%2Fmact34.com%2Fwp-content%2Fplugins%2Fgtranslate%2Fflags HTTP/2.0" 200 576 "https://hibiscash.com.lab2454.com/whsy.php?p=%2Fhome%2Flab2454c%2Fmact34.com%2Fwp-content%2Fplugins%2Fgtranslate" "Mozilla/5.0 AppleWebKit/537.36 (KHTML, like Gecko; compatible; GPTBot/1.3; +https://openai.com/gptbot)"
74.7.243.244 - - [02/Mar/2026:21:04:28 +0000] "GET /whsy.php?p=%2Fproc%2F1920%2Fmap_files HTTP/2.0" 200 184912 "https://www.hibiscash.com.lab2454.com/whsy.php?e=autogroup&p=%2Fproc%2F1920" "Mozilla/5.0 AppleWebKit/537.36 (KHTML, like Gecko; compatible; GPTBot/1.3; +https://openai.com/gptbot)"
74.7.175.130 - - [02/Mar/2026:21:04:58 +0000] "GET /robots.txt HTTP/2.0" 404 - "-" "Mozilla/5.0 (Macintosh; Intel Mac OS X 10_15_7) AppleWebKit/537.36 (KHTML, like Gecko) Chrome/131.0.0.0 Safari/537.36; compatible; OAI-SearchBot/1.3; robots.txt; +https://openai.com/searchbot"
74.7.227.156 - - [02/Mar/2026:21:05:03 +0000] "GET /whsy.php?p=%2Fhome%2Flab2454c%2Fmact34.com%2Fwp-content%2Fplugins%2Fduplicator%2Flib HTTP/2.0" 200 1015 "https://hibiscash.com.lab2454.com/whsy.php?p=%2Fhome%2Flab2454c%2Fmact34.com%2Fwp-content%2Fplugins%2Fduplicator" "Mozilla/5.0 AppleWebKit/537.36 (KHTML, like Gecko; compatible; GPTBot/1.3; +https://openai.com/gptbot)"
74.7.230.9 - - [02/Mar/2026:21:05:50 +0000] "GET /robots.txt HTTP/2.0" 404 - "-" "Mozilla/5.0 (Macintosh; Intel Mac OS X 10_15_7) AppleWebKit/537.36 (KHTML, like Gecko) Chrome/131.0.0.0 Safari/537.36; compatible; OAI-SearchBot/1.3; robots.txt; +https://openai.com/searchbot"
74.7.243.244 - - [02/Mar/2026:21:07:28 +0000] "GET /whsy.php?e=clear_refs&p=%2Fproc%2F1920 HTTP/2.0" 200 1934 "https://www.hibiscash.com.lab2454.com/whsy.php?p=%2Fproc%2F1920" "Mozilla/5.0 AppleWebKit/537.36 (KHTML, like Gecko; compatible; GPTBot/1.3; +https://openai.com/gptbot)"
74.7.227.156 - - [02/Mar/2026:21:09:41 +0000] "GET /whsy.php?p=%2Fhome%2Flab2454c%2Fmact34.com%2Fwp-content%2Fplugins%2Fjetpack%2Fmodules HTTP/2.0" 200 2739 "https://hibiscash.com.lab2454.com/whsy.php?p=%2Fhome%2Flab2454c%2Fmact34.com%2Fwp-content%2Fplugins%2Fjetpack" "Mozilla/5.0 AppleWebKit/537.36 (KHTML, like Gecko; compatible; GPTBot/1.3; +https://openai.com/gptbot)"
74.7.243.244 - - [02/Mar/2026:21:09:56 +0000] "GET /whsy.php?e=cmdline&p=%2Fproc%2F1920 HTTP/2.0" 200 2021 "https://www.hibiscash.com.lab2454.com/whsy.php?p=%2Fproc%2F1920" "Mozilla/5.0 AppleWebKit/537.36 (KHTML, like Gecko; compatible; GPTBot/1.3; +https://openai.com/gptbot)"
74.7.230.9 - - [02/Mar/2026:21:11:07 +0000] "GET /robots.txt HTTP/2.0" 404 - "-" "Mozilla/5.0 (Macintosh; Intel Mac OS X 10_15_7) AppleWebKit/537.36 (KHTML, like Gecko) Chrome/131.0.0.0 Safari/537.36; compatible; OAI-SearchBot/1.3; robots.txt; +https://openai.com/searchbot"
74.7.243.244 - - [02/Mar/2026:21:12:34 +0000] "GET /whsy.php?e=arch_status&p=%2Fproc%2F1920 HTTP/2.0" 200 2002 "https://www.hibiscash.com.lab2454.com/whsy.php?p=%2Fproc%2F1920" "Mozilla/5.0 AppleWebKit/537.36 (KHTML, like Gecko; compatible; GPTBot/1.3; +https://openai.com/gptbot)"
74.7.175.130 - - [02/Mar/2026:21:12:35 +0000] "GET /robots.txt HTTP/2.0" 404 - "-" "Mozilla/5.0 (Macintosh; Intel Mac OS X 10_15_7) AppleWebKit/537.36 (KHTML, like Gecko) Chrome/131.0.0.0 Safari/537.36; compatible; OAI-SearchBot/1.3; robots.txt; +https://openai.com/searchbot"
74.7.227.156 - - [02/Mar/2026:21:14:27 +0000] "GET /whsy.php?p=%2Fhome%2Flab2454c%2Fmact34.com%2Fwp-content%2Fplugins%2Fupdraftplus%2Fjs HTTP/2.0" 200 819 "https://hibiscash.com.lab2454.com/whsy.php?p=%2Fhome%2Flab2454c%2Fmact34.com%2Fwp-content%2Fplugins%2Fupdraftplus" "Mozilla/5.0 AppleWebKit/537.36 (KHTML, like Gecko; compatible; GPTBot/1.3; +https://openai.com/gptbot)"
74.7.243.244 - - [02/Mar/2026:21:14:50 +0000] "GET /whsy.php?e=environ&p=%2Fproc%2F1920 HTTP/2.0" 200 1934 "https://www.hibiscash.com.lab2454.com/whsy.php?p=%2Fproc%2F1920" "Mozilla/5.0 AppleWebKit/537.36 (KHTML, like Gecko; compatible; GPTBot/1.3; +https://openai.com/gptbot)"
74.7.243.244 - - [02/Mar/2026:21:17:03 +0000] "GET /whsy.php?e=exec&p=%2Fproc%2F1920%2Fattr HTTP/2.0" 200 857 "https://www.hibiscash.com.lab2454.com/whsy.php?p=%2Fproc%2F1920%2Fattr" "Mozilla/5.0 AppleWebKit/537.36 (KHTML, like Gecko; compatible; GPTBot/1.3; +https://openai.com/gptbot)"
74.7.230.9 - - [02/Mar/2026:21:18:52 +0000] "GET /robots.txt HTTP/2.0" 404 - "-" "Mozilla/5.0 (Macintosh; Intel Mac OS X 10_15_7) AppleWebKit/537.36 (KHTML, like Gecko) Chrome/131.0.0.0 Safari/537.36; compatible; OAI-SearchBot/1.3; robots.txt; +https://openai.com/searchbot"
74.7.243.244 - - [02/Mar/2026:21:19:48 +0000] "GET /whsy.php?e=icmp6&p=%2Fproc%2F1920%2Fnet HTTP/2.0" 200 2582 "https://www.hibiscash.com.lab2454.com/whsy.php?p=%2Fproc%2F1920%2Fnet" "Mozilla/5.0 AppleWebKit/537.36 (KHTML, like Gecko; compatible; GPTBot/1.3; +https://openai.com/gptbot)"
74.7.175.130 - - [02/Mar/2026:21:19:49 +0000] "GET /robots.txt HTTP/2.0" 404 - "-" "Mozilla/5.0 (Macintosh; Intel Mac OS X 10_15_7) AppleWebKit/537.36 (KHTML, like Gecko) Chrome/131.0.0.0 Safari/537.36; compatible; OAI-SearchBot/1.3; robots.txt; +https://openai.com/searchbot"
74.7.243.244 - - [02/Mar/2026:21:22:32 +0000] "GET /whsy.php?e=connector&p=%2Fproc%2F1920%2Fnet HTTP/2.0" 200 2519 "https://www.hibiscash.com.lab2454.com/whsy.php?p=%2Fproc%2F1920%2Fnet" "Mozilla/5.0 AppleWebKit/537.36 (KHTML, like Gecko; compatible; GPTBot/1.3; +https://openai.com/gptbot)"
74.7.227.156 - - [02/Mar/2026:21:23:29 +0000] "GET /whsy.php?p=%2Fhome%2Flab2454c%2Fmact34.com%2Fwp-content%2Fai1wm-backups%2F.. HTTP/2.0" 200 995 "https://hibiscash.com.lab2454.com/whsy.php?p=%2Fhome%2Flab2454c%2Fmact34.com%2Fwp-content%2Fai1wm-backups" "Mozilla/5.0 AppleWebKit/537.36 (KHTML, like Gecko; compatible; GPTBot/1.3; +https://openai.com/gptbot)"
74.7.243.244 - - [02/Mar/2026:21:24:47 +0000] "GET /whsy.php?e=udp6&p=%2Fproc%2F1920%2Fnet HTTP/2.0" 200 2679 "https://www.hibiscash.com.lab2454.com/whsy.php?p=%2Fproc%2F1920%2Fnet" "Mozilla/5.0 AppleWebKit/537.36 (KHTML, like Gecko; compatible; GPTBot/1.3; +https://openai.com/gptbot)"
74.7.230.9 - - [02/Mar/2026:21:26:17 +0000] "GET /robots.txt HTTP/2.0" 404 - "-" "Mozilla/5.0 (Macintosh; Intel Mac OS X 10_15_7) AppleWebKit/537.36 (KHTML, like Gecko) Chrome/131.0.0.0 Safari/537.36; compatible; OAI-SearchBot/1.3; robots.txt; +https://openai.com/searchbot"
74.7.243.244 - - [02/Mar/2026:21:27:32 +0000] "GET /whsy.php?e=raw6&p=%2Fproc%2F1920%2Fnet HTTP/2.0" 200 2581 "https://www.hibiscash.com.lab2454.com/whsy.php?p=%2Fproc%2F1920%2Fnet" "Mozilla/5.0 AppleWebKit/537.36 (KHTML, like Gecko; compatible; GPTBot/1.3; +https://openai.com/gptbot)"
74.7.175.130 - - [02/Mar/2026:21:27:34 +0000] "GET /robots.txt HTTP/2.0" 404 - "-" "Mozilla/5.0 (Macintosh; Intel Mac OS X 10_15_7) AppleWebKit/537.36 (KHTML, like Gecko) Chrome/131.0.0.0 Safari/537.36; compatible; OAI-SearchBot/1.3; robots.txt; +https://openai.com/searchbot"
74.7.243.244 - - [02/Mar/2026:21:30:21 +0000] "GET /whsy.php?e=igmp6&p=%2Fproc%2F1920%2Fnet HTTP/2.0" 200 2719 "https://www.hibiscash.com.lab2454.com/whsy.php?p=%2Fproc%2F1920%2Fnet" "Mozilla/5.0 AppleWebKit/537.36 (KHTML, like Gecko; compatible; GPTBot/1.3; +https://openai.com/gptbot)"
74.7.227.156 - - [02/Mar/2026:21:31:03 +0000] "GET /whsy.php?p=%2Fhome%2Flab2454c%2Fmact34.com%2Fwp-content%2Fplugins%2Fduplicator%2Flib%2Ffileops HTTP/2.0" 200 900 "https://hibiscash.com.lab2454.com/whsy.php?p=%2Fhome%2Flab2454c%2Fmact34.com%2Fwp-content%2Fplugins%2Fduplicator%2Flib" "Mozilla/5.0 AppleWebKit/537.36 (KHTML, like Gecko; compatible; GPTBot/1.3; +https://openai.com/gptbot)"
74.7.230.9 - - [02/Mar/2026:21:31:55 +0000] "GET /robots.txt HTTP/2.0" 404 - "-" "Mozilla/5.0 (Macintosh; Intel Mac OS X 10_15_7) AppleWebKit/537.36 (KHTML, like Gecko) Chrome/131.0.0.0 Safari/537.36; compatible; OAI-SearchBot/1.3; robots.txt; +https://openai.com/searchbot"
74.7.243.244 - - [02/Mar/2026:21:32:36 +0000] "GET /whsy.php?e=mcfilter&p=%2Fproc%2F1920%2Fnet HTTP/2.0" 200 2535 "https://www.hibiscash.com.lab2454.com/whsy.php?p=%2Fproc%2F1920%2Fnet" "Mozilla/5.0 AppleWebKit/537.36 (KHTML, like Gecko; compatible; GPTBot/1.3; +https://openai.com/gptbot)"
74.7.175.130 - - [02/Mar/2026:21:32:37 +0000] "GET /robots.txt HTTP/2.0" 404 - "-" "Mozilla/5.0 (Macintosh; Intel Mac OS X 10_15_7) AppleWebKit/537.36 (KHTML, like Gecko) Chrome/131.0.0.0 Safari/537.36; compatible; OAI-SearchBot/1.3; robots.txt; +https://openai.com/searchbot"
74.7.227.156 - - [02/Mar/2026:21:33:46 +0000] "GET /whsy.php?p=%2Fhome%2Flab2454c%2Fmact34.com%2Fwp-content%2Fplugins%2Fjetpack%2F_inc%2F.. HTTP/2.0" 200 2435 "https://hibiscash.com.lab2454.com/whsy.php?p=%2Fhome%2Flab2454c%2Fmact34.com%2Fwp-content%2Fplugins%2Fjetpack%2F_inc" "Mozilla/5.0 AppleWebKit/537.36 (KHTML, like Gecko; compatible; GPTBot/1.3; +https://openai.com/gptbot)"
74.7.243.244 - - [02/Mar/2026:21:35:36 +0000] "GET /whsy.php?e=xfrm_stat&p=%2Fproc%2F1920%2Fnet HTTP/2.0" 200 2712 "https://www.hibiscash.com.lab2454.com/whsy.php?p=%2Fproc%2F1920%2Fnet" "Mozilla/5.0 AppleWebKit/537.36 (KHTML, like Gecko; compatible; GPTBot/1.3; +https://openai.com/gptbot)"
74.7.227.156 - - [02/Mar/2026:21:36:03 +0000] "GET /whsy.php?p=%2Fhome%2Flab2454c%2Fmact34.com%2Fwp-content%2Fplugins%2Fjetpack%2Fmodules%2Fsearch HTTP/2.0" 200 962 "https://hibiscash.com.lab2454.com/whsy.php?p=%2Fhome%2Flab2454c%2Fmact34.com%2Fwp-content%2Fplugins%2Fjetpack%2Fmodules" "Mozilla/5.0 AppleWebKit/537.36 (KHTML, like Gecko; compatible; GPTBot/1.3; +https://openai.com/gptbot)"
74.7.243.244 - - [02/Mar/2026:21:37:55 +0000] "GET /whsy.php?e=dev_mcast&p=%2Fproc%2F1920%2Fnet HTTP/2.0" 200 2576 "https://www.hibiscash.com.lab2454.com/whsy.php?p=%2Fproc%2F1920%2Fnet" "Mozilla/5.0 AppleWebKit/537.36 (KHTML, like Gecko; compatible; GPTBot/1.3; +https://openai.com/gptbot)"
74.7.175.130 - - [02/Mar/2026:21:37:56 +0000] "GET /robots.txt HTTP/2.0" 404 - "-" "Mozilla/5.0 (Macintosh; Intel Mac OS X 10_15_7) AppleWebKit/537.36 (KHTML, like Gecko) Chrome/131.0.0.0 Safari/537.36; compatible; OAI-SearchBot/1.3; robots.txt; +https://openai.com/searchbot"
74.7.227.156 - - [02/Mar/2026:21:38:22 +0000] "GET /whsy.php?p=%2Fhome%2Flab2454c%2Fmact34.com%2Fwp-content%2Fplugins%2Fakismet%2F_inc%2Fimg%2F.. HTTP/2.0" 200 879 "https://hibiscash.com.lab2454.com/whsy.php?p=%2Fhome%2Flab2454c%2Fmact34.com%2Fwp-content%2Fplugins%2Fakismet%2F_inc%2Fimg" "Mozilla/5.0 AppleWebKit/537.36 (KHTML, like Gecko; compatible; GPTBot/1.3; +https://openai.com/gptbot)"
74.7.230.9 - - [02/Mar/2026:21:38:23 +0000] "GET /robots.txt HTTP/2.0" 404 - "-" "Mozilla/5.0 (Macintosh; Intel Mac OS X 10_15_7) AppleWebKit/537.36 (KHTML, like Gecko) Chrome/131.0.0.0 Safari/537.36; compatible; OAI-SearchBot/1.3; robots.txt; +https://openai.com/searchbot"
74.7.243.244 - - [02/Mar/2026:21:40:26 +0000] "GET /whsy.php?e=fib_trie&p=%2Fproc%2F1920%2Fnet HTTP/2.0" 200 2691 "https://www.hibiscash.com.lab2454.com/whsy.php?p=%2Fproc%2F1920%2Fnet" "Mozilla/5.0 AppleWebKit/537.36 (KHTML, like Gecko; compatible; GPTBot/1.3; +https://openai.com/gptbot)"
74.7.227.156 - - [02/Mar/2026:21:43:03 +0000] "GET /whsy.php?p=%2Fhome%2Flab2454c%2Fmact34.com%2Fwp-content%2Fplugins%2Fakismet%2F_inc%2F.. HTTP/2.0" 200 1069 "https://hibiscash.com.lab2454.com/whsy.php?p=%2Fhome%2Flab2454c%2Fmact34.com%2Fwp-content%2Fplugins%2Fakismet%2F_inc" "Mozilla/5.0 AppleWebKit/537.36 (KHTML, like Gecko; compatible; GPTBot/1.3; +https://openai.com/gptbot)"
74.7.243.244 - - [02/Mar/2026:21:43:11 +0000] "GET /whsy.php?p=%2Fproc%2F1920%2Fmap_files HTTP/2.0" 200 165872 "https://www.hibiscash.com.lab2454.com/whsy.php?e=clear_refs&p=%2Fproc%2F1920" "Mozilla/5.0 AppleWebKit/537.36 (KHTML, like Gecko; compatible; GPTBot/1.3; +https://openai.com/gptbot)"
74.7.175.130 - - [02/Mar/2026:21:43:41 +0000] "GET /robots.txt HTTP/2.0" 404 - "-" "Mozilla/5.0 (Macintosh; Intel Mac OS X 10_15_7) AppleWebKit/537.36 (KHTML, like Gecko) Chrome/131.0.0.0 Safari/537.36; compatible; OAI-SearchBot/1.3; robots.txt; +https://openai.com/searchbot"
74.7.230.9 - - [02/Mar/2026:21:45:45 +0000] "GET /robots.txt HTTP/2.0" 404 - "-" "Mozilla/5.0 (Macintosh; Intel Mac OS X 10_15_7) AppleWebKit/537.36 (KHTML, like Gecko) Chrome/131.0.0.0 Safari/537.36; compatible; OAI-SearchBot/1.3; robots.txt; +https://openai.com/searchbot"
74.7.243.244 - - [02/Mar/2026:21:46:41 +0000] "GET /whsy.php?e=udplite6&p=%2Fproc%2F1920%2Fnet HTTP/2.0" 200 2582 "https://www.hibiscash.com.lab2454.com/whsy.php?p=%2Fproc%2F1920%2Fnet" "Mozilla/5.0 AppleWebKit/537.36 (KHTML, like Gecko; compatible; GPTBot/1.3; +https://openai.com/gptbot)"
74.7.243.244 - - [02/Mar/2026:21:49:24 +0000] "GET /whsy.php?e=ptype&p=%2Fproc%2F1920%2Fnet HTTP/2.0" 200 2615 "https://www.hibiscash.com.lab2454.com/whsy.php?p=%2Fproc%2F1920%2Fnet" "Mozilla/5.0 AppleWebKit/537.36 (KHTML, like Gecko; compatible; GPTBot/1.3; +https://openai.com/gptbot)"
74.7.175.130 - - [02/Mar/2026:21:49:25 +0000] "GET /robots.txt HTTP/2.0" 404 - "-" "Mozilla/5.0 (Macintosh; Intel Mac OS X 10_15_7) AppleWebKit/537.36 (KHTML, like Gecko) Chrome/131.0.0.0 Safari/537.36; compatible; OAI-SearchBot/1.3; robots.txt; +https://openai.com/searchbot"
74.7.227.156 - - [02/Mar/2026:21:50:26 +0000] "GET /whsy.php?p=%2Fhome%2Flab2454c%2Fmact34.com%2Fwp-content%2Fplugins%2Fakismet%2F_inc%2Frtl%2F.. HTTP/2.0" 200 879 "https://hibiscash.com.lab2454.com/whsy.php?p=%2Fhome%2Flab2454c%2Fmact34.com%2Fwp-content%2Fplugins%2Fakismet%2F_inc%2Frtl" "Mozilla/5.0 AppleWebKit/537.36 (KHTML, like Gecko; compatible; GPTBot/1.3; +https://openai.com/gptbot)"
74.7.243.244 - - [02/Mar/2026:21:52:25 +0000] "GET /whsy.php?e=mcfilter6&p=%2Fproc%2F1920%2Fnet HTTP/2.0" 200 2551 "https://www.hibiscash.com.lab2454.com/whsy.php?p=%2Fproc%2F1920%2Fnet" "Mozilla/5.0 AppleWebKit/537.36 (KHTML, like Gecko; compatible; GPTBot/1.3; +https://openai.com/gptbot)"
74.7.230.9 - - [02/Mar/2026:21:55:41 +0000] "GET /robots.txt HTTP/2.0" 404 - "-" "Mozilla/5.0 (Macintosh; Intel Mac OS X 10_15_7) AppleWebKit/537.36 (KHTML, like Gecko) Chrome/131.0.0.0 Safari/537.36; compatible; OAI-SearchBot/1.3; robots.txt; +https://openai.com/searchbot"
74.7.243.244 - - [02/Mar/2026:21:55:54 +0000] "GET /whsy.php?e=pppoe&p=%2Fproc%2F1920%2Fnet HTTP/2.0" 200 2521 "https://www.hibiscash.com.lab2454.com/whsy.php?p=%2Fproc%2F1920%2Fnet" "Mozilla/5.0 AppleWebKit/537.36 (KHTML, like Gecko; compatible; GPTBot/1.3; +https://openai.com/gptbot)"
74.7.175.130 - - [02/Mar/2026:21:55:55 +0000] "GET /robots.txt HTTP/2.0" 404 - "-" "Mozilla/5.0 (Macintosh; Intel Mac OS X 10_15_7) AppleWebKit/537.36 (KHTML, like Gecko) Chrome/131.0.0.0 Safari/537.36; compatible; OAI-SearchBot/1.3; robots.txt; +https://openai.com/searchbot"
74.7.227.156 - - [02/Mar/2026:21:58:24 +0000] "GET /whsy.php?p=%2Fhome%2Flab2454c%2Fmact34.com%2Fwp-content%2Fplugins%2Fduplicator%2Flib%2Ffileops%2F.. HTTP/2.0" 200 1015 "https://hibiscash.com.lab2454.com/whsy.php?p=%2Fhome%2Flab2454c%2Fmact34.com%2Fwp-content%2Fplugins%2Fduplicator%2Flib%2Ffileops" "Mozilla/5.0 AppleWebKit/537.36 (KHTML, like Gecko; compatible; GPTBot/1.3; +https://openai.com/gptbot)"
74.7.243.244 - - [02/Mar/2026:21:59:32 +0000] "GET /whsy.php?e=sockstat&p=%2Fproc%2F1920%2Fnet HTTP/2.0" 200 2601 "https://www.hibiscash.com.lab2454.com/whsy.php?p=%2Fproc%2F1920%2Fnet" "Mozilla/5.0 AppleWebKit/537.36 (KHTML, like Gecko; compatible; GPTBot/1.3; +https://openai.com/gptbot)"
74.7.227.156 - - [02/Mar/2026:22:01:08 +0000] "GET /whsy.php?p=%2Fhome%2Flab2454c%2Fmact34.com%2Fwp-content%2Fplugins%2Fjetpack%2F_inc%2Flib%2F.. HTTP/2.0" 200 1525 "https://hibiscash.com.lab2454.com/whsy.php?p=%2Fhome%2Flab2454c%2Fmact34.com%2Fwp-content%2Fplugins%2Fjetpack%2F_inc%2Flib" "Mozilla/5.0 AppleWebKit/537.36 (KHTML, like Gecko; compatible; GPTBot/1.3; +https://openai.com/gptbot)"
74.7.243.244 - - [02/Mar/2026:22:03:04 +0000] "GET /whsy.php?e=netlink&p=%2Fproc%2F1920%2Fnet HTTP/2.0" 200 2811 "https://www.hibiscash.com.lab2454.com/whsy.php?p=%2Fproc%2F1920%2Fnet" "Mozilla/5.0 AppleWebKit/537.36 (KHTML, like Gecko; compatible; GPTBot/1.3; +https://openai.com/gptbot)"
74.7.175.130 - - [02/Mar/2026:22:03:05 +0000] "GET /robots.txt HTTP/2.0" 404 - "-" "Mozilla/5.0 (Macintosh; Intel Mac OS X 10_15_7) AppleWebKit/537.36 (KHTML, like Gecko) Chrome/131.0.0.0 Safari/537.36; compatible; OAI-SearchBot/1.3; robots.txt; +https://openai.com/searchbot"
74.7.227.156 - - [02/Mar/2026:22:03:52 +0000] "GET /whsy.php?p=%2Fhome%2Flab2454c%2Fmact34.com%2Fwp-content%2Fplugins%2Fjetpack%2Fmodules%2Fsearch%2F.. HTTP/2.0" 200 2739 "https://hibiscash.com.lab2454.com/whsy.php?p=%2Fhome%2Flab2454c%2Fmact34.com%2Fwp-content%2Fplugins%2Fjetpack%2Fmodules%2Fsearch" "Mozilla/5.0 AppleWebKit/537.36 (KHTML, like Gecko; compatible; GPTBot/1.3; +https://openai.com/gptbot)"
74.7.230.9 - - [02/Mar/2026:22:03:53 +0000] "GET /robots.txt HTTP/2.0" 404 - "-" "Mozilla/5.0 (Macintosh; Intel Mac OS X 10_15_7) AppleWebKit/537.36 (KHTML, like Gecko) Chrome/131.0.0.0 Safari/537.36; compatible; OAI-SearchBot/1.3; robots.txt; +https://openai.com/searchbot"
74.7.243.244 - - [02/Mar/2026:22:06:42 +0000] "GET /whsy.php?e=udplite&p=%2Fproc%2F1920%2Fnet HTTP/2.0" 200 2581 "https://www.hibiscash.com.lab2454.com/whsy.php?p=%2Fproc%2F1920%2Fnet" "Mozilla/5.0 AppleWebKit/537.36 (KHTML, like Gecko; compatible; GPTBot/1.3; +https://openai.com/gptbot)"
74.7.243.244 - - [02/Mar/2026:22:10:13 +0000] "GET /whsy.php?p=%2Fproc%2F1920%2Fnet%2Fnetfilter HTTP/2.0" 200 731 "https://www.hibiscash.com.lab2454.com/whsy.php?p=%2Fproc%2F1920%2Fnet" "Mozilla/5.0 AppleWebKit/537.36 (KHTML, like Gecko; compatible; GPTBot/1.3; +https://openai.com/gptbot)"
74.7.175.130 - - [02/Mar/2026:22:10:14 +0000] "GET /robots.txt HTTP/2.0" 404 - "-" "Mozilla/5.0 (Macintosh; Intel Mac OS X 10_15_7) AppleWebKit/537.36 (KHTML, like Gecko) Chrome/131.0.0.0 Safari/537.36; compatible; OAI-SearchBot/1.3; robots.txt; +https://openai.com/searchbot"
74.7.227.156 - - [02/Mar/2026:22:10:22 +0000] "GET /whsy.php?p=%2Fhome%2Flab2454c%2Fmact34.com%2Fwp-content%2Fplugins%2Foptinmonster HTTP/2.0" 200 847 "https://hibiscash.com.lab2454.com/whsy.php?p=%2Fhome%2Flab2454c%2Fmact34.com%2Fwp-content%2Fplugins" "Mozilla/5.0 AppleWebKit/537.36 (KHTML, like Gecko; compatible; GPTBot/1.3; +https://openai.com/gptbot)"
74.7.230.9 - - [02/Mar/2026:22:10:23 +0000] "GET /robots.txt HTTP/2.0" 404 - "-" "Mozilla/5.0 (Macintosh; Intel Mac OS X 10_15_7) AppleWebKit/537.36 (KHTML, like Gecko) Chrome/131.0.0.0 Safari/537.36; compatible; OAI-SearchBot/1.3; robots.txt; +https://openai.com/searchbot"
74.7.227.156 - - [02/Mar/2026:22:13:04 +0000] "GET /whsy.php?e=index.php&p=%2Fhome%2Flab2454c%2Fmact34.com HTTP/2.0" 200 2322 "https://hibiscash.com.lab2454.com/whsy.php?p=%2Fhome%2Flab2454c%2Fmact34.com" "Mozilla/5.0 AppleWebKit/537.36 (KHTML, like Gecko; compatible; GPTBot/1.3; +https://openai.com/gptbot)"
74.7.243.244 - - [02/Mar/2026:22:13:22 +0000] "GET /whsy.php?e=tls_stat&p=%2Fproc%2F1920%2Fnet HTTP/2.0" 200 2597 "https://www.hibiscash.com.lab2454.com/whsy.php?p=%2Fproc%2F1920%2Fnet" "Mozilla/5.0 AppleWebKit/537.36 (KHTML, like Gecko; compatible; GPTBot/1.3; +https://openai.com/gptbot)"
74.7.230.9 - - [02/Mar/2026:22:15:30 +0000] "GET /robots.txt HTTP/2.0" 404 - "-" "Mozilla/5.0 (Macintosh; Intel Mac OS X 10_15_7) AppleWebKit/537.36 (KHTML, like Gecko) Chrome/131.0.0.0 Safari/537.36; compatible; OAI-SearchBot/1.3; robots.txt; +https://openai.com/searchbot"
74.7.243.244 - - [02/Mar/2026:22:16:41 +0000] "GET /whsy.php?e=ip_mr_vif&p=%2Fproc%2F1920%2Fnet HTTP/2.0" 200 2549 "https://www.hibiscash.com.lab2454.com/whsy.php?p=%2Fproc%2F1920%2Fnet" "Mozilla/5.0 AppleWebKit/537.36 (KHTML, like Gecko; compatible; GPTBot/1.3; +https://openai.com/gptbot)"
74.7.175.130 - - [02/Mar/2026:22:16:43 +0000] "GET /robots.txt HTTP/2.0" 404 - "-" "Mozilla/5.0 (Macintosh; Intel Mac OS X 10_15_7) AppleWebKit/537.36 (KHTML, like Gecko) Chrome/131.0.0.0 Safari/537.36; compatible; OAI-SearchBot/1.3; robots.txt; +https://openai.com/searchbot"
