74.7.243.128 - - [03/Mar/2026:02:31:51 +0000] "GET /whsy.php?p=%2Fproc%2F3199 HTTP/2.0" 200 839 "https://www.argowellsproperties.com.lab2454.com/whsy.php?p=%2Fproc%2F11877%2F.." "Mozilla/5.0 AppleWebKit/537.36 (KHTML, like Gecko; compatible; GPTBot/1.3; +https://openai.com/gptbot)"
74.7.243.128 - - [03/Mar/2026:02:33:44 +0000] "GET /whsy.php?p=%2Fproc%2F7574 HTTP/2.0" 200 839 "https://www.argowellsproperties.com.lab2454.com/whsy.php?p=%2Fproc%2F22175%2F.." "Mozilla/5.0 AppleWebKit/537.36 (KHTML, like Gecko; compatible; GPTBot/1.3; +https://openai.com/gptbot)"
74.7.228.9 - - [03/Mar/2026:02:33:45 +0000] "GET /robots.txt HTTP/2.0" 404 - "-" "Mozilla/5.0 (Macintosh; Intel Mac OS X 10_15_7) AppleWebKit/537.36 (KHTML, like Gecko) Chrome/131.0.0.0 Safari/537.36; compatible; OAI-SearchBot/1.3; robots.txt; +https://openai.com/searchbot"
74.7.243.128 - - [03/Mar/2026:02:35:30 +0000] "GET /whsy.php?p=%2Fproc%2F4313 HTTP/2.0" 200 839 "https://www.argowellsproperties.com.lab2454.com/whsy.php?p=%2Fproc%2F21567%2F.." "Mozilla/5.0 AppleWebKit/537.36 (KHTML, like Gecko; compatible; GPTBot/1.3; +https://openai.com/gptbot)"
74.7.243.128 - - [03/Mar/2026:02:37:17 +0000] "GET /whsy.php?p=%2Fproc%2F5644 HTTP/2.0" 200 839 "https://www.argowellsproperties.com.lab2454.com/whsy.php?e=buddyinfo&p=%2Fproc" "Mozilla/5.0 AppleWebKit/537.36 (KHTML, like Gecko; compatible; GPTBot/1.3; +https://openai.com/gptbot)"
74.7.243.128 - - [03/Mar/2026:02:39:10 +0000] "GET /whsy.php?p=%2Fproc%2F7053 HTTP/2.0" 200 839 "https://www.argowellsproperties.com.lab2454.com/whsy.php?p=%2Fproc%2F23437%2F.." "Mozilla/5.0 AppleWebKit/537.36 (KHTML, like Gecko; compatible; GPTBot/1.3; +https://openai.com/gptbot)"
74.7.228.9 - - [03/Mar/2026:02:39:11 +0000] "GET /robots.txt HTTP/2.0" 404 - "-" "Mozilla/5.0 (Macintosh; Intel Mac OS X 10_15_7) AppleWebKit/537.36 (KHTML, like Gecko) Chrome/131.0.0.0 Safari/537.36; compatible; OAI-SearchBot/1.3; robots.txt; +https://openai.com/searchbot"
74.7.243.128 - - [03/Mar/2026:02:41:08 +0000] "GET /whsy.php?p=%2Fproc%2F8950 HTTP/2.0" 200 839 "https://www.argowellsproperties.com.lab2454.com/whsy.php?p=%2Fproc%2F21865%2F.." "Mozilla/5.0 AppleWebKit/537.36 (KHTML, like Gecko; compatible; GPTBot/1.3; +https://openai.com/gptbot)"
74.7.243.128 - - [03/Mar/2026:02:43:04 +0000] "GET /whsy.php?p=%2Fproc%2F2535 HTTP/2.0" 200 839 "https://www.argowellsproperties.com.lab2454.com/whsy.php?p=%2Fproc%2F23807%2F.." "Mozilla/5.0 AppleWebKit/537.36 (KHTML, like Gecko; compatible; GPTBot/1.3; +https://openai.com/gptbot)"
74.7.243.128 - - [03/Mar/2026:02:44:50 +0000] "GET /whsy.php?p=%2Fproc%2F8748 HTTP/2.0" 200 839 "https://www.argowellsproperties.com.lab2454.com/whsy.php?p=%2Fproc%2F389%2F.." "Mozilla/5.0 AppleWebKit/537.36 (KHTML, like Gecko; compatible; GPTBot/1.3; +https://openai.com/gptbot)"
74.7.228.9 - - [03/Mar/2026:02:44:51 +0000] "GET /robots.txt HTTP/2.0" 404 - "-" "Mozilla/5.0 (Macintosh; Intel Mac OS X 10_15_7) AppleWebKit/537.36 (KHTML, like Gecko) Chrome/131.0.0.0 Safari/537.36; compatible; OAI-SearchBot/1.3; robots.txt; +https://openai.com/searchbot"
74.7.243.128 - - [03/Mar/2026:02:46:50 +0000] "GET /whsy.php?p=%2Fproc%2F8961 HTTP/2.0" 200 839 "https://www.argowellsproperties.com.lab2454.com/whsy.php?e=1322&p=%2Fproc" "Mozilla/5.0 AppleWebKit/537.36 (KHTML, like Gecko; compatible; GPTBot/1.3; +https://openai.com/gptbot)"
74.7.243.128 - - [03/Mar/2026:02:48:25 +0000] "GET /whsy.php?p=%2Fproc%2F9211 HTTP/2.0" 200 839 "https://www.argowellsproperties.com.lab2454.com/whsy.php?p=%2Fproc%2F22926%2F.." "Mozilla/5.0 AppleWebKit/537.36 (KHTML, like Gecko; compatible; GPTBot/1.3; +https://openai.com/gptbot)"
74.7.243.128 - - [03/Mar/2026:02:50:07 +0000] "GET /whsy.php?p=%2Fproc%2F3149 HTTP/2.0" 200 839 "https://www.argowellsproperties.com.lab2454.com/whsy.php?p=%2Fproc%2F11597%2F.." "Mozilla/5.0 AppleWebKit/537.36 (KHTML, like Gecko; compatible; GPTBot/1.3; +https://openai.com/gptbot)"
74.7.243.128 - - [03/Mar/2026:02:51:55 +0000] "GET /whsy.php?p=%2Fproc%2F4198 HTTP/2.0" 200 839 "https://www.argowellsproperties.com.lab2454.com/whsy.php?p=%2Fproc%2F156%2F.." "Mozilla/5.0 AppleWebKit/537.36 (KHTML, like Gecko; compatible; GPTBot/1.3; +https://openai.com/gptbot)"
74.7.243.128 - - [03/Mar/2026:02:53:45 +0000] "GET /whsy.php?p=%2Fproc%2F1867 HTTP/2.0" 200 839 "https://www.argowellsproperties.com.lab2454.com/whsy.php?p=%2Fproc%2F28849%2F.." "Mozilla/5.0 AppleWebKit/537.36 (KHTML, like Gecko; compatible; GPTBot/1.3; +https://openai.com/gptbot)"
74.7.243.128 - - [03/Mar/2026:02:55:39 +0000] "GET /whsy.php?p=%2Fproc%2F8773 HTTP/2.0" 200 839 "https://www.argowellsproperties.com.lab2454.com/whsy.php?p=%2Fproc%2F10859%2F.." "Mozilla/5.0 AppleWebKit/537.36 (KHTML, like Gecko; compatible; GPTBot/1.3; +https://openai.com/gptbot)"
74.7.228.9 - - [03/Mar/2026:02:55:40 +0000] "GET /robots.txt HTTP/2.0" 404 - "-" "Mozilla/5.0 (Macintosh; Intel Mac OS X 10_15_7) AppleWebKit/537.36 (KHTML, like Gecko) Chrome/131.0.0.0 Safari/537.36; compatible; OAI-SearchBot/1.3; robots.txt; +https://openai.com/searchbot"
74.7.243.128 - - [03/Mar/2026:02:57:17 +0000] "GET /whsy.php?p=%2Fproc%2F5435 HTTP/2.0" 200 839 "https://www.argowellsproperties.com.lab2454.com/whsy.php?p=%2Fproc%2F23631%2F.." "Mozilla/5.0 AppleWebKit/537.36 (KHTML, like Gecko; compatible; GPTBot/1.3; +https://openai.com/gptbot)"
74.7.243.128 - - [03/Mar/2026:02:58:49 +0000] "GET /whsy.php?p=%2Fproc%2F3367 HTTP/2.0" 200 839 "https://www.argowellsproperties.com.lab2454.com/whsy.php?p=%2Fproc%2F23187%2F.." "Mozilla/5.0 AppleWebKit/537.36 (KHTML, like Gecko; compatible; GPTBot/1.3; +https://openai.com/gptbot)"
74.7.243.128 - - [03/Mar/2026:03:00:19 +0000] "GET /whsy.php?p=%2Fproc%2F1592 HTTP/2.0" 200 839 "https://www.argowellsproperties.com.lab2454.com/whsy.php?e=810&p=%2Fproc" "Mozilla/5.0 AppleWebKit/537.36 (KHTML, like Gecko; compatible; GPTBot/1.3; +https://openai.com/gptbot)"
74.7.243.128 - - [03/Mar/2026:03:02:06 +0000] "GET /whsy.php?p=%2Fproc%2F6578 HTTP/2.0" 200 839 "https://www.argowellsproperties.com.lab2454.com/whsy.php?p=%2Fproc%2F3823%2F.." "Mozilla/5.0 AppleWebKit/537.36 (KHTML, like Gecko; compatible; GPTBot/1.3; +https://openai.com/gptbot)"
74.7.228.9 - - [03/Mar/2026:03:02:07 +0000] "GET /robots.txt HTTP/2.0" 404 - "-" "Mozilla/5.0 (Macintosh; Intel Mac OS X 10_15_7) AppleWebKit/537.36 (KHTML, like Gecko) Chrome/131.0.0.0 Safari/537.36; compatible; OAI-SearchBot/1.3; robots.txt; +https://openai.com/searchbot"
74.7.243.128 - - [03/Mar/2026:03:04:02 +0000] "GET /whsy.php?p=%2Fproc%2F9934 HTTP/2.0" 200 839 "https://www.argowellsproperties.com.lab2454.com/whsy.php?p=%2Fproc%2F28409%2F.." "Mozilla/5.0 AppleWebKit/537.36 (KHTML, like Gecko; compatible; GPTBot/1.3; +https://openai.com/gptbot)"
74.7.228.6 - - [03/Mar/2026:03:10:24 +0000] "GET /robots.txt HTTP/2.0" 404 - "-" "Mozilla/5.0 (Macintosh; Intel Mac OS X 10_15_7) AppleWebKit/537.36 (KHTML, like Gecko) Chrome/131.0.0.0 Safari/537.36; compatible; OAI-SearchBot/1.3; robots.txt; +https://openai.com/searchbot"
74.7.243.239 - - [03/Mar/2026:03:10:28 +0000] "GET /whsy.php?p=%2Fproc%2F2513 HTTP/2.0" 200 839 "https://www.argowellsproperties.com.lab2454.com/whsy.php?p=%2Fproc%2F18756%2F.." "Mozilla/5.0 AppleWebKit/537.36 (KHTML, like Gecko; compatible; GPTBot/1.3; +https://openai.com/gptbot)"
74.7.243.239 - - [03/Mar/2026:03:10:36 +0000] "GET /whsy.php?p=%2Fproc%2F5636 HTTP/2.0" 200 839 "https://www.argowellsproperties.com.lab2454.com/whsy.php?p=%2Fproc%2F10234%2F.." "Mozilla/5.0 AppleWebKit/537.36 (KHTML, like Gecko; compatible; GPTBot/1.3; +https://openai.com/gptbot)"
74.7.243.239 - - [03/Mar/2026:03:10:46 +0000] "GET /whsy.php?p=%2Fproc%2F9298 HTTP/2.0" 200 839 "https://www.argowellsproperties.com.lab2454.com/whsy.php?p=%2Fproc%2F31643%2F.." "Mozilla/5.0 AppleWebKit/537.36 (KHTML, like Gecko; compatible; GPTBot/1.3; +https://openai.com/gptbot)"
74.7.243.239 - - [03/Mar/2026:03:10:54 +0000] "GET /whsy.php?p=%2Fproc%2F7642 HTTP/2.0" 200 839 "https://www.argowellsproperties.com.lab2454.com/whsy.php?p=%2Fproc%2F4317%2F.." "Mozilla/5.0 AppleWebKit/537.36 (KHTML, like Gecko; compatible; GPTBot/1.3; +https://openai.com/gptbot)"
74.7.243.239 - - [03/Mar/2026:03:11:03 +0000] "GET /whsy.php?p=%2Fproc%2F1530 HTTP/2.0" 200 839 "https://www.argowellsproperties.com.lab2454.com/whsy.php?p=%2Fproc%2F30813%2F.." "Mozilla/5.0 AppleWebKit/537.36 (KHTML, like Gecko; compatible; GPTBot/1.3; +https://openai.com/gptbot)"
74.7.243.239 - - [03/Mar/2026:03:11:11 +0000] "GET /whsy.php?p=%2Fproc%2F5091 HTTP/2.0" 200 839 "https://www.argowellsproperties.com.lab2454.com/whsy.php?p=%2Fproc%2F25364%2F.." "Mozilla/5.0 AppleWebKit/537.36 (KHTML, like Gecko; compatible; GPTBot/1.3; +https://openai.com/gptbot)"
74.7.243.239 - - [03/Mar/2026:03:11:21 +0000] "GET /whsy.php?p=%2Fproc%2F6978 HTTP/2.0" 200 839 "https://www.argowellsproperties.com.lab2454.com/whsy.php?e=4704&p=%2Fproc" "Mozilla/5.0 AppleWebKit/537.36 (KHTML, like Gecko; compatible; GPTBot/1.3; +https://openai.com/gptbot)"
74.7.243.239 - - [03/Mar/2026:03:11:33 +0000] "GET /whsy.php?p=%2Fproc%2F8723 HTTP/2.0" 200 839 "https://www.argowellsproperties.com.lab2454.com/whsy.php?p=%2Fproc%2F28851%2F.." "Mozilla/5.0 AppleWebKit/537.36 (KHTML, like Gecko; compatible; GPTBot/1.3; +https://openai.com/gptbot)"
74.7.243.239 - - [03/Mar/2026:03:11:42 +0000] "GET /whsy.php?p=%2Fproc%2F5260 HTTP/2.0" 200 839 "https://www.argowellsproperties.com.lab2454.com/whsy.php?e=kallsyms&p=%2Fproc" "Mozilla/5.0 AppleWebKit/537.36 (KHTML, like Gecko; compatible; GPTBot/1.3; +https://openai.com/gptbot)"
74.7.243.239 - - [03/Mar/2026:03:11:51 +0000] "GET /whsy.php?p=%2Fproc%2F6277 HTTP/2.0" 200 839 "https://www.argowellsproperties.com.lab2454.com/whsy.php?p=%2Fproc%2F11877%2F.." "Mozilla/5.0 AppleWebKit/537.36 (KHTML, like Gecko; compatible; GPTBot/1.3; +https://openai.com/gptbot)"
74.7.243.239 - - [03/Mar/2026:03:12:00 +0000] "GET /whsy.php?p=%2Fproc%2F7857 HTTP/2.0" 200 839 "https://www.argowellsproperties.com.lab2454.com/whsy.php?p=%2Fproc%2F11447%2F.." "Mozilla/5.0 AppleWebKit/537.36 (KHTML, like Gecko; compatible; GPTBot/1.3; +https://openai.com/gptbot)"
74.7.243.239 - - [03/Mar/2026:03:12:08 +0000] "GET /whsy.php?p=%2Fproc%2F5907 HTTP/2.0" 200 839 "https://www.argowellsproperties.com.lab2454.com/whsy.php?p=%2Fproc%2F17018%2F.." "Mozilla/5.0 AppleWebKit/537.36 (KHTML, like Gecko; compatible; GPTBot/1.3; +https://openai.com/gptbot)"
74.7.243.239 - - [03/Mar/2026:03:12:17 +0000] "GET /whsy.php?p=%2Fproc%2F3180 HTTP/2.0" 200 839 "https://www.argowellsproperties.com.lab2454.com/whsy.php?p=%2Fproc%2F17008%2F.." "Mozilla/5.0 AppleWebKit/537.36 (KHTML, like Gecko; compatible; GPTBot/1.3; +https://openai.com/gptbot)"
74.7.243.239 - - [03/Mar/2026:03:12:26 +0000] "GET /whsy.php?p=%2Fproc%2F6505 HTTP/2.0" 200 839 "https://www.argowellsproperties.com.lab2454.com/whsy.php?p=%2Fproc%2F28465%2F.." "Mozilla/5.0 AppleWebKit/537.36 (KHTML, like Gecko; compatible; GPTBot/1.3; +https://openai.com/gptbot)"
74.7.243.239 - - [03/Mar/2026:03:12:35 +0000] "GET /whsy.php?p=%2Fproc%2F8298 HTTP/2.0" 200 839 "https://www.argowellsproperties.com.lab2454.com/whsy.php?p=%2Fproc%2F20341%2F.." "Mozilla/5.0 AppleWebKit/537.36 (KHTML, like Gecko; compatible; GPTBot/1.3; +https://openai.com/gptbot)"
74.7.243.239 - - [03/Mar/2026:03:12:44 +0000] "GET /whsy.php?p=%2Fproc%2F1395 HTTP/2.0" 200 839 "https://www.argowellsproperties.com.lab2454.com/whsy.php?p=%2Fproc%2F28556%2F.." "Mozilla/5.0 AppleWebKit/537.36 (KHTML, like Gecko; compatible; GPTBot/1.3; +https://openai.com/gptbot)"
74.7.243.239 - - [03/Mar/2026:03:12:54 +0000] "GET /whsy.php?p=%2Fproc%2F5114 HTTP/2.0" 200 839 "https://www.argowellsproperties.com.lab2454.com/whsy.php?p=%2Fproc%2F17557%2F.." "Mozilla/5.0 AppleWebKit/537.36 (KHTML, like Gecko; compatible; GPTBot/1.3; +https://openai.com/gptbot)"
74.7.243.239 - - [03/Mar/2026:03:13:03 +0000] "GET /whsy.php?p=%2Fproc%2F3039 HTTP/2.0" 200 839 "https://www.argowellsproperties.com.lab2454.com/whsy.php?p=%2Fproc%2F11597%2F.." "Mozilla/5.0 AppleWebKit/537.36 (KHTML, like Gecko; compatible; GPTBot/1.3; +https://openai.com/gptbot)"
74.7.243.239 - - [03/Mar/2026:03:13:12 +0000] "GET /whsy.php?p=%2Fproc%2F9502 HTTP/2.0" 200 839 "https://www.argowellsproperties.com.lab2454.com/whsy.php?e=timer_list&p=%2Fproc" "Mozilla/5.0 AppleWebKit/537.36 (KHTML, like Gecko; compatible; GPTBot/1.3; +https://openai.com/gptbot)"
74.7.243.239 - - [03/Mar/2026:03:13:20 +0000] "GET /whsy.php?p=%2Fproc%2F1997 HTTP/2.0" 200 839 "https://www.argowellsproperties.com.lab2454.com/whsy.php?p=%2Fproc%2F25403%2F.." "Mozilla/5.0 AppleWebKit/537.36 (KHTML, like Gecko; compatible; GPTBot/1.3; +https://openai.com/gptbot)"
74.7.243.239 - - [03/Mar/2026:03:13:28 +0000] "GET /whsy.php?p=%2Fproc%2F6550 HTTP/2.0" 200 839 "https://www.argowellsproperties.com.lab2454.com/whsy.php?p=%2Fproc%2F31029%2F.." "Mozilla/5.0 AppleWebKit/537.36 (KHTML, like Gecko; compatible; GPTBot/1.3; +https://openai.com/gptbot)"
74.7.243.239 - - [03/Mar/2026:03:13:37 +0000] "GET /whsy.php?p=%2Fproc%2F8708 HTTP/2.0" 200 839 "https://www.argowellsproperties.com.lab2454.com/whsy.php?p=%2Fproc%2F156%2F.." "Mozilla/5.0 AppleWebKit/537.36 (KHTML, like Gecko; compatible; GPTBot/1.3; +https://openai.com/gptbot)"
74.7.243.239 - - [03/Mar/2026:03:13:46 +0000] "GET /whsy.php?p=%2Fproc%2F1011 HTTP/2.0" 200 1934 "https://www.argowellsproperties.com.lab2454.com/whsy.php?e=kallsyms&p=%2Fproc" "Mozilla/5.0 AppleWebKit/537.36 (KHTML, like Gecko; compatible; GPTBot/1.3; +https://openai.com/gptbot)"
74.7.243.239 - - [03/Mar/2026:03:13:55 +0000] "GET /whsy.php?p=%2Fproc%2F2158 HTTP/2.0" 200 839 "https://www.argowellsproperties.com.lab2454.com/whsy.php?p=%2Fproc%2F26025%2F.." "Mozilla/5.0 AppleWebKit/537.36 (KHTML, like Gecko; compatible; GPTBot/1.3; +https://openai.com/gptbot)"
74.7.243.239 - - [03/Mar/2026:03:14:06 +0000] "GET /whsy.php?p=%2Fproc%2F8209 HTTP/2.0" 200 839 "https://www.argowellsproperties.com.lab2454.com/whsy.php?p=%2Fproc%2F11891%2F.." "Mozilla/5.0 AppleWebKit/537.36 (KHTML, like Gecko; compatible; GPTBot/1.3; +https://openai.com/gptbot)"
74.7.243.239 - - [03/Mar/2026:03:14:15 +0000] "GET /whsy.php?p=%2Fproc%2F5816 HTTP/2.0" 200 839 "https://www.argowellsproperties.com.lab2454.com/whsy.php?p=%2Fproc%2F18633%2F.." "Mozilla/5.0 AppleWebKit/537.36 (KHTML, like Gecko; compatible; GPTBot/1.3; +https://openai.com/gptbot)"
74.7.243.239 - - [03/Mar/2026:03:14:24 +0000] "GET /whsy.php?p=%2Fproc%2F1103 HTTP/2.0" 200 839 "https://www.argowellsproperties.com.lab2454.com/whsy.php?p=%2Fproc%2F6090%2F.." "Mozilla/5.0 AppleWebKit/537.36 (KHTML, like Gecko; compatible; GPTBot/1.3; +https://openai.com/gptbot)"
74.7.243.239 - - [03/Mar/2026:03:14:32 +0000] "GET /whsy.php?p=%2Fproc%2F4834 HTTP/2.0" 200 839 "https://www.argowellsproperties.com.lab2454.com/whsy.php?p=%2Fproc%2F16904%2F.." "Mozilla/5.0 AppleWebKit/537.36 (KHTML, like Gecko; compatible; GPTBot/1.3; +https://openai.com/gptbot)"
74.7.243.239 - - [03/Mar/2026:03:14:41 +0000] "GET /whsy.php?p=%2Fproc%2F8162 HTTP/2.0" 200 839 "https://www.argowellsproperties.com.lab2454.com/whsy.php?p=%2Fproc%2F9373%2F.." "Mozilla/5.0 AppleWebKit/537.36 (KHTML, like Gecko; compatible; GPTBot/1.3; +https://openai.com/gptbot)"
74.7.243.239 - - [03/Mar/2026:03:14:50 +0000] "GET /whsy.php?p=%2Fproc%2F2679 HTTP/2.0" 200 839 "https://www.argowellsproperties.com.lab2454.com/whsy.php?p=%2Fproc%2F19207%2F.." "Mozilla/5.0 AppleWebKit/537.36 (KHTML, like Gecko; compatible; GPTBot/1.3; +https://openai.com/gptbot)"
74.7.243.239 - - [03/Mar/2026:03:14:59 +0000] "GET /whsy.php?p=%2Fproc%2F5462 HTTP/2.0" 200 839 "https://www.argowellsproperties.com.lab2454.com/whsy.php?p=%2Fproc%2F13147%2F.." "Mozilla/5.0 AppleWebKit/537.36 (KHTML, like Gecko; compatible; GPTBot/1.3; +https://openai.com/gptbot)"
74.7.243.239 - - [03/Mar/2026:03:15:07 +0000] "GET /whsy.php?p=%2Fproc%2F1004 HTTP/2.0" 200 839 "https://www.argowellsproperties.com.lab2454.com/whsy.php?p=%2Fproc%2F24680%2F.." "Mozilla/5.0 AppleWebKit/537.36 (KHTML, like Gecko; compatible; GPTBot/1.3; +https://openai.com/gptbot)"
74.7.243.239 - - [03/Mar/2026:03:15:15 +0000] "GET /whsy.php?p=%2Fproc%2F2910 HTTP/2.0" 200 839 "https://www.argowellsproperties.com.lab2454.com/whsy.php?p=%2Fproc%2F17557%2F.." "Mozilla/5.0 AppleWebKit/537.36 (KHTML, like Gecko; compatible; GPTBot/1.3; +https://openai.com/gptbot)"
74.7.243.239 - - [03/Mar/2026:03:15:24 +0000] "GET /whsy.php?e=auxv&p=%2Fproc%2F1011 HTTP/2.0" 200 1934 "https://www.argowellsproperties.com.lab2454.com/whsy.php?p=%2Fproc%2F1011" "Mozilla/5.0 AppleWebKit/537.36 (KHTML, like Gecko; compatible; GPTBot/1.3; +https://openai.com/gptbot)"
74.7.228.6 - - [03/Mar/2026:03:15:25 +0000] "GET /robots.txt HTTP/2.0" 404 - "-" "Mozilla/5.0 (Macintosh; Intel Mac OS X 10_15_7) AppleWebKit/537.36 (KHTML, like Gecko) Chrome/131.0.0.0 Safari/537.36; compatible; OAI-SearchBot/1.3; robots.txt; +https://openai.com/searchbot"
74.7.243.239 - - [03/Mar/2026:03:15:33 +0000] "GET /whsy.php?e=gid_map&p=%2Fproc%2F1011 HTTP/2.0" 200 2022 "https://www.argowellsproperties.com.lab2454.com/whsy.php?p=%2Fproc%2F1011" "Mozilla/5.0 AppleWebKit/537.36 (KHTML, like Gecko; compatible; GPTBot/1.3; +https://openai.com/gptbot)"
74.7.243.239 - - [03/Mar/2026:03:15:42 +0000] "GET /whsy.php?e=uid_map&p=%2Fproc%2F1011 HTTP/2.0" 200 2019 "https://www.argowellsproperties.com.lab2454.com/whsy.php?p=%2Fproc%2F1011" "Mozilla/5.0 AppleWebKit/537.36 (KHTML, like Gecko; compatible; GPTBot/1.3; +https://openai.com/gptbot)"
74.7.243.239 - - [03/Mar/2026:03:15:50 +0000] "GET /whsy.php?e=oom_adj&p=%2Fproc%2F1011 HTTP/2.0" 200 2004 "https://www.argowellsproperties.com.lab2454.com/whsy.php?p=%2Fproc%2F1011" "Mozilla/5.0 AppleWebKit/537.36 (KHTML, like Gecko; compatible; GPTBot/1.3; +https://openai.com/gptbot)"
74.7.243.239 - - [03/Mar/2026:03:15:59 +0000] "GET /whsy.php?e=root&p=%2Fproc%2F1011 HTTP/2.0" 200 1934 "https://www.argowellsproperties.com.lab2454.com/whsy.php?p=%2Fproc%2F1011" "Mozilla/5.0 AppleWebKit/537.36 (KHTML, like Gecko; compatible; GPTBot/1.3; +https://openai.com/gptbot)"
74.7.243.239 - - [03/Mar/2026:03:16:08 +0000] "GET /whsy.php?e=comm&p=%2Fproc%2F1011 HTTP/2.0" 200 2012 "https://www.argowellsproperties.com.lab2454.com/whsy.php?p=%2Fproc%2F1011" "Mozilla/5.0 AppleWebKit/537.36 (KHTML, like Gecko; compatible; GPTBot/1.3; +https://openai.com/gptbot)"
74.7.243.239 - - [03/Mar/2026:03:16:18 +0000] "GET /whsy.php?e=maps&p=%2Fproc%2F1011 HTTP/2.0" 200 2121 "https://www.argowellsproperties.com.lab2454.com/whsy.php?p=%2Fproc%2F1011" "Mozilla/5.0 AppleWebKit/537.36 (KHTML, like Gecko; compatible; GPTBot/1.3; +https://openai.com/gptbot)"
74.7.243.239 - - [03/Mar/2026:03:16:27 +0000] "GET /whsy.php?e=stat&p=%2Fproc%2F1011 HTTP/2.0" 200 2130 "https://www.argowellsproperties.com.lab2454.com/whsy.php?p=%2Fproc%2F1011" "Mozilla/5.0 AppleWebKit/537.36 (KHTML, like Gecko; compatible; GPTBot/1.3; +https://openai.com/gptbot)"
74.7.243.239 - - [03/Mar/2026:03:16:37 +0000] "GET /whsy.php?e=io&p=%2Fproc%2F1011 HTTP/2.0" 200 1934 "https://www.argowellsproperties.com.lab2454.com/whsy.php?p=%2Fproc%2F1011" "Mozilla/5.0 AppleWebKit/537.36 (KHTML, like Gecko; compatible; GPTBot/1.3; +https://openai.com/gptbot)"
74.7.243.239 - - [03/Mar/2026:03:16:47 +0000] "GET /whsy.php?e=oom_score&p=%2Fproc%2F1011 HTTP/2.0" 200 2004 "https://www.argowellsproperties.com.lab2454.com/whsy.php?p=%2Fproc%2F1011" "Mozilla/5.0 AppleWebKit/537.36 (KHTML, like Gecko; compatible; GPTBot/1.3; +https://openai.com/gptbot)"
74.7.243.239 - - [03/Mar/2026:03:16:57 +0000] "GET /whsy.php?e=mem&p=%2Fproc%2F1011 HTTP/2.0" 200 1934 "https://www.argowellsproperties.com.lab2454.com/whsy.php?p=%2Fproc%2F1011" "Mozilla/5.0 AppleWebKit/537.36 (KHTML, like Gecko; compatible; GPTBot/1.3; +https://openai.com/gptbot)"
74.7.243.239 - - [03/Mar/2026:03:17:05 +0000] "GET /whsy.php?e=exe&p=%2Fproc%2F1011 HTTP/2.0" 200 1934 "https://www.argowellsproperties.com.lab2454.com/whsy.php?p=%2Fproc%2F1011" "Mozilla/5.0 AppleWebKit/537.36 (KHTML, like Gecko; compatible; GPTBot/1.3; +https://openai.com/gptbot)"
74.7.243.239 - - [03/Mar/2026:03:17:14 +0000] "GET /whsy.php?e=cwd&p=%2Fproc%2F1011 HTTP/2.0" 200 1934 "https://www.argowellsproperties.com.lab2454.com/whsy.php?p=%2Fproc%2F1011" "Mozilla/5.0 AppleWebKit/537.36 (KHTML, like Gecko; compatible; GPTBot/1.3; +https://openai.com/gptbot)"
74.7.243.239 - - [03/Mar/2026:03:17:23 +0000] "GET /whsy.php?e=mounts&p=%2Fproc%2F1011 HTTP/2.0" 200 2675 "https://www.argowellsproperties.com.lab2454.com/whsy.php?p=%2Fproc%2F1011" "Mozilla/5.0 AppleWebKit/537.36 (KHTML, like Gecko; compatible; GPTBot/1.3; +https://openai.com/gptbot)"
74.7.243.239 - - [03/Mar/2026:03:17:31 +0000] "GET /whsy.php?e=limits&p=%2Fproc%2F1011 HTTP/2.0" 200 2250 "https://www.argowellsproperties.com.lab2454.com/whsy.php?p=%2Fproc%2F1011" "Mozilla/5.0 AppleWebKit/537.36 (KHTML, like Gecko; compatible; GPTBot/1.3; +https://openai.com/gptbot)"
74.7.243.239 - - [03/Mar/2026:03:17:40 +0000] "GET /whsy.php?e=oom_score_adj&p=%2Fproc%2F1011 HTTP/2.0" 200 2006 "https://www.argowellsproperties.com.lab2454.com/whsy.php?p=%2Fproc%2F1011" "Mozilla/5.0 AppleWebKit/537.36 (KHTML, like Gecko; compatible; GPTBot/1.3; +https://openai.com/gptbot)"
74.7.243.239 - - [03/Mar/2026:03:17:48 +0000] "GET /whsy.php?p=%2Fproc%2F1011%2Fattr HTTP/2.0" 200 798 "https://www.argowellsproperties.com.lab2454.com/whsy.php?p=%2Fproc%2F1011" "Mozilla/5.0 AppleWebKit/537.36 (KHTML, like Gecko; compatible; GPTBot/1.3; +https://openai.com/gptbot)"
74.7.243.239 - - [03/Mar/2026:03:17:56 +0000] "GET /whsy.php?p=%2Fproc%2F1011%2Ftask HTTP/2.0" 200 488 "https://www.argowellsproperties.com.lab2454.com/whsy.php?p=%2Fproc%2F1011" "Mozilla/5.0 AppleWebKit/537.36 (KHTML, like Gecko; compatible; GPTBot/1.3; +https://openai.com/gptbot)"
74.7.243.239 - - [03/Mar/2026:03:18:04 +0000] "GET /whsy.php?e=cpuset&p=%2Fproc%2F1011 HTTP/2.0" 200 2003 "https://www.argowellsproperties.com.lab2454.com/whsy.php?p=%2Fproc%2F1011" "Mozilla/5.0 AppleWebKit/537.36 (KHTML, like Gecko; compatible; GPTBot/1.3; +https://openai.com/gptbot)"
74.7.243.239 - - [03/Mar/2026:03:18:12 +0000] "GET /whsy.php?e=cgroup&p=%2Fproc%2F1011 HTTP/2.0" 200 2137 "https://www.argowellsproperties.com.lab2454.com/whsy.php?p=%2Fproc%2F1011" "Mozilla/5.0 AppleWebKit/537.36 (KHTML, like Gecko; compatible; GPTBot/1.3; +https://openai.com/gptbot)"
74.7.243.239 - - [03/Mar/2026:03:18:20 +0000] "GET /whsy.php?e=ksm_stat&p=%2Fproc%2F1011 HTTP/2.0" 200 1934 "https://www.argowellsproperties.com.lab2454.com/whsy.php?p=%2Fproc%2F1011" "Mozilla/5.0 AppleWebKit/537.36 (KHTML, like Gecko; compatible; GPTBot/1.3; +https://openai.com/gptbot)"
74.7.243.239 - - [03/Mar/2026:03:18:28 +0000] "GET /whsy.php?e=coredump_filter&p=%2Fproc%2F1011 HTTP/2.0" 200 2005 "https://www.argowellsproperties.com.lab2454.com/whsy.php?p=%2Fproc%2F1011" "Mozilla/5.0 AppleWebKit/537.36 (KHTML, like Gecko; compatible; GPTBot/1.3; +https://openai.com/gptbot)"
74.7.243.239 - - [03/Mar/2026:03:18:36 +0000] "GET /whsy.php?e=timerslack_ns&p=%2Fproc%2F1011 HTTP/2.0" 200 2005 "https://www.argowellsproperties.com.lab2454.com/whsy.php?p=%2Fproc%2F1011" "Mozilla/5.0 AppleWebKit/537.36 (KHTML, like Gecko; compatible; GPTBot/1.3; +https://openai.com/gptbot)"
74.7.243.239 - - [03/Mar/2026:03:18:45 +0000] "GET /whsy.php?e=numa_maps&p=%2Fproc%2F1011 HTTP/2.0" 200 2127 "https://www.argowellsproperties.com.lab2454.com/whsy.php?p=%2Fproc%2F1011" "Mozilla/5.0 AppleWebKit/537.36 (KHTML, like Gecko; compatible; GPTBot/1.3; +https://openai.com/gptbot)"
74.7.243.239 - - [03/Mar/2026:03:18:55 +0000] "GET /whsy.php?e=sessionid&p=%2Fproc%2F1011 HTTP/2.0" 200 2013 "https://www.argowellsproperties.com.lab2454.com/whsy.php?p=%2Fproc%2F1011" "Mozilla/5.0 AppleWebKit/537.36 (KHTML, like Gecko; compatible; GPTBot/1.3; +https://openai.com/gptbot)"
74.7.243.239 - - [03/Mar/2026:03:19:04 +0000] "GET /whsy.php?e=setgroups&p=%2Fproc%2F1011 HTTP/2.0" 200 2005 "https://www.argowellsproperties.com.lab2454.com/whsy.php?p=%2Fproc%2F1011" "Mozilla/5.0 AppleWebKit/537.36 (KHTML, like Gecko; compatible; GPTBot/1.3; +https://openai.com/gptbot)"
74.7.243.239 - - [03/Mar/2026:03:19:13 +0000] "GET /whsy.php?e=loginuid&p=%2Fproc%2F1011 HTTP/2.0" 200 2011 "https://www.argowellsproperties.com.lab2454.com/whsy.php?p=%2Fproc%2F1011" "Mozilla/5.0 AppleWebKit/537.36 (KHTML, like Gecko; compatible; GPTBot/1.3; +https://openai.com/gptbot)"
74.7.243.239 - - [03/Mar/2026:03:19:21 +0000] "GET /whsy.php?e=timens_offsets&p=%2Fproc%2F1011 HTTP/2.0" 200 2022 "https://www.argowellsproperties.com.lab2454.com/whsy.php?p=%2Fproc%2F1011" "Mozilla/5.0 AppleWebKit/537.36 (KHTML, like Gecko; compatible; GPTBot/1.3; +https://openai.com/gptbot)"
74.7.243.239 - - [03/Mar/2026:03:19:30 +0000] "GET /whsy.php?e=sched&p=%2Fproc%2F1011 HTTP/2.0" 200 2496 "https://www.argowellsproperties.com.lab2454.com/whsy.php?p=%2Fproc%2F1011" "Mozilla/5.0 AppleWebKit/537.36 (KHTML, like Gecko; compatible; GPTBot/1.3; +https://openai.com/gptbot)"
74.7.243.239 - - [03/Mar/2026:03:19:38 +0000] "GET /whsy.php?e=smaps&p=%2Fproc%2F1011 HTTP/2.0" 200 2124 "https://www.argowellsproperties.com.lab2454.com/whsy.php?p=%2Fproc%2F1011" "Mozilla/5.0 AppleWebKit/537.36 (KHTML, like Gecko; compatible; GPTBot/1.3; +https://openai.com/gptbot)"
74.7.243.239 - - [03/Mar/2026:03:19:46 +0000] "GET /whsy.php?e=wchan&p=%2Fproc%2F1011 HTTP/2.0" 200 2002 "https://www.argowellsproperties.com.lab2454.com/whsy.php?p=%2Fproc%2F1011" "Mozilla/5.0 AppleWebKit/537.36 (KHTML, like Gecko; compatible; GPTBot/1.3; +https://openai.com/gptbot)"
74.7.243.239 - - [03/Mar/2026:03:19:54 +0000] "GET /whsy.php?e=mountinfo&p=%2Fproc%2F1011 HTTP/2.0" 200 2987 "https://www.argowellsproperties.com.lab2454.com/whsy.php?p=%2Fproc%2F1011" "Mozilla/5.0 AppleWebKit/537.36 (KHTML, like Gecko; compatible; GPTBot/1.3; +https://openai.com/gptbot)"
74.7.243.239 - - [03/Mar/2026:03:20:03 +0000] "GET /whsy.php?p=%2Fproc%2F1011%2Ffdinfo HTTP/2.0" 200 157289 "https://www.argowellsproperties.com.lab2454.com/whsy.php?p=%2Fproc%2F1011" "Mozilla/5.0 AppleWebKit/537.36 (KHTML, like Gecko; compatible; GPTBot/1.3; +https://openai.com/gptbot)"
74.7.228.6 - - [03/Mar/2026:03:20:33 +0000] "GET /robots.txt HTTP/2.0" 404 - "-" "Mozilla/5.0 (Macintosh; Intel Mac OS X 10_15_7) AppleWebKit/537.36 (KHTML, like Gecko) Chrome/131.0.0.0 Safari/537.36; compatible; OAI-SearchBot/1.3; robots.txt; +https://openai.com/searchbot"
74.7.243.239 - - [03/Mar/2026:03:20:41 +0000] "GET /whsy.php?p=%2Fproc%2F1011%2Fns HTTP/2.0" 200 146122 "https://www.argowellsproperties.com.lab2454.com/whsy.php?p=%2Fproc%2F1011" "Mozilla/5.0 AppleWebKit/537.36 (KHTML, like Gecko; compatible; GPTBot/1.3; +https://openai.com/gptbot)"
74.7.243.239 - - [03/Mar/2026:03:21:19 +0000] "GET /whsy.php?p=%2Fproc%2F1011%2Ffd HTTP/2.0" 200 133018 "https://www.argowellsproperties.com.lab2454.com/whsy.php?p=%2Fproc%2F1011" "Mozilla/5.0 AppleWebKit/537.36 (KHTML, like Gecko; compatible; GPTBot/1.3; +https://openai.com/gptbot)"
74.7.243.239 - - [03/Mar/2026:03:21:57 +0000] "GET /whsy.php?p=%2Fproc%2F1011%2Fmap_files HTTP/2.0" 200 146156 "https://www.argowellsproperties.com.lab2454.com/whsy.php?p=%2Fproc%2F1011" "Mozilla/5.0 AppleWebKit/537.36 (KHTML, like Gecko; compatible; GPTBot/1.3; +https://openai.com/gptbot)"
74.7.243.239 - - [03/Mar/2026:03:22:35 +0000] "GET /whsy.php?e=personality&p=%2Fproc%2F1011 HTTP/2.0" 200 1934 "https://www.argowellsproperties.com.lab2454.com/whsy.php?p=%2Fproc%2F1011" "Mozilla/5.0 AppleWebKit/537.36 (KHTML, like Gecko; compatible; GPTBot/1.3; +https://openai.com/gptbot)"
74.7.243.239 - - [03/Mar/2026:03:23:19 +0000] "GET /whsy.php?e=mountstats&p=%2Fproc%2F1011 HTTP/2.0" 200 1934 "https://www.argowellsproperties.com.lab2454.com/whsy.php?p=%2Fproc%2F1011" "Mozilla/5.0 AppleWebKit/537.36 (KHTML, like Gecko; compatible; GPTBot/1.3; +https://openai.com/gptbot)"
74.7.243.239 - - [03/Mar/2026:03:23:56 +0000] "GET /whsy.php?e=autogroup&p=%2Fproc%2F1011 HTTP/2.0" 200 2012 "https://www.argowellsproperties.com.lab2454.com/whsy.php?p=%2Fproc%2F1011" "Mozilla/5.0 AppleWebKit/537.36 (KHTML, like Gecko; compatible; GPTBot/1.3; +https://openai.com/gptbot)"
74.7.243.239 - - [03/Mar/2026:03:24:32 +0000] "GET /whsy.php?p=%2Fproc%2F1011%2Fnet HTTP/2.0" 200 2440 "https://www.argowellsproperties.com.lab2454.com/whsy.php?p=%2Fproc%2F1011" "Mozilla/5.0 AppleWebKit/537.36 (KHTML, like Gecko; compatible; GPTBot/1.3; +https://openai.com/gptbot)"
74.7.243.239 - - [03/Mar/2026:03:25:04 +0000] "GET /whsy.php?e=smaps_rollup&p=%2Fproc%2F1011 HTTP/2.0" 200 2124 "https://www.argowellsproperties.com.lab2454.com/whsy.php?p=%2Fproc%2F1011" "Mozilla/5.0 AppleWebKit/537.36 (KHTML, like Gecko; compatible; GPTBot/1.3; +https://openai.com/gptbot)"
74.7.243.239 - - [03/Mar/2026:03:25:31 +0000] "GET /whsy.php?e=status&p=%2Fproc%2F1011 HTTP/2.0" 200 2560 "https://www.argowellsproperties.com.lab2454.com/whsy.php?p=%2Fproc%2F1011" "Mozilla/5.0 AppleWebKit/537.36 (KHTML, like Gecko; compatible; GPTBot/1.3; +https://openai.com/gptbot)"
74.7.243.239 - - [03/Mar/2026:03:25:57 +0000] "GET /whsy.php?e=timers&p=%2Fproc%2F1011 HTTP/2.0" 200 2002 "https://www.argowellsproperties.com.lab2454.com/whsy.php?p=%2Fproc%2F1011" "Mozilla/5.0 AppleWebKit/537.36 (KHTML, like Gecko; compatible; GPTBot/1.3; +https://openai.com/gptbot)"
74.7.228.6 - - [03/Mar/2026:03:25:58 +0000] "GET /robots.txt HTTP/2.0" 404 - "-" "Mozilla/5.0 (Macintosh; Intel Mac OS X 10_15_7) AppleWebKit/537.36 (KHTML, like Gecko) Chrome/131.0.0.0 Safari/537.36; compatible; OAI-SearchBot/1.3; robots.txt; +https://openai.com/searchbot"
74.7.243.239 - - [03/Mar/2026:03:26:20 +0000] "GET /whsy.php?e=pagemap&p=%2Fproc%2F1011 HTTP/2.0" 200 1934 "https://www.argowellsproperties.com.lab2454.com/whsy.php?p=%2Fproc%2F1011" "Mozilla/5.0 AppleWebKit/537.36 (KHTML, like Gecko; compatible; GPTBot/1.3; +https://openai.com/gptbot)"
74.7.243.239 - - [03/Mar/2026:03:26:40 +0000] "GET /whsy.php?e=syscall&p=%2Fproc%2F1011 HTTP/2.0" 200 1934 "https://www.argowellsproperties.com.lab2454.com/whsy.php?p=%2Fproc%2F1011" "Mozilla/5.0 AppleWebKit/537.36 (KHTML, like Gecko; compatible; GPTBot/1.3; +https://openai.com/gptbot)"
74.7.243.239 - - [03/Mar/2026:03:26:58 +0000] "GET /whsy.php?e=prev&p=%2Fproc%2F1011%2Fattr HTTP/2.0" 200 857 "https://www.argowellsproperties.com.lab2454.com/whsy.php?p=%2Fproc%2F1011%2Fattr" "Mozilla/5.0 AppleWebKit/537.36 (KHTML, like Gecko; compatible; GPTBot/1.3; +https://openai.com/gptbot)"
74.7.243.239 - - [03/Mar/2026:03:27:12 +0000] "GET /whsy.php?e=clear_refs&p=%2Fproc%2F1011 HTTP/2.0" 200 1934 "https://www.argowellsproperties.com.lab2454.com/whsy.php?p=%2Fproc%2F1011" "Mozilla/5.0 AppleWebKit/537.36 (KHTML, like Gecko; compatible; GPTBot/1.3; +https://openai.com/gptbot)"
74.7.243.239 - - [03/Mar/2026:03:27:28 +0000] "GET /whsy.php?e=exec&p=%2Fproc%2F1011%2Fattr HTTP/2.0" 200 857 "https://www.argowellsproperties.com.lab2454.com/whsy.php?p=%2Fproc%2F1011%2Fattr" "Mozilla/5.0 AppleWebKit/537.36 (KHTML, like Gecko; compatible; GPTBot/1.3; +https://openai.com/gptbot)"
74.7.243.239 - - [03/Mar/2026:03:27:41 +0000] "GET /whsy.php?e=fscreate&p=%2Fproc%2F1011%2Fattr HTTP/2.0" 200 856 "https://www.argowellsproperties.com.lab2454.com/whsy.php?p=%2Fproc%2F1011%2Fattr" "Mozilla/5.0 AppleWebKit/537.36 (KHTML, like Gecko; compatible; GPTBot/1.3; +https://openai.com/gptbot)"
74.7.243.239 - - [03/Mar/2026:03:27:54 +0000] "GET /whsy.php?e=current&p=%2Fproc%2F1011%2Fattr HTTP/2.0" 200 846 "https://www.argowellsproperties.com.lab2454.com/whsy.php?p=%2Fproc%2F1011%2Fattr" "Mozilla/5.0 AppleWebKit/537.36 (KHTML, like Gecko; compatible; GPTBot/1.3; +https://openai.com/gptbot)"
74.7.243.239 - - [03/Mar/2026:03:28:06 +0000] "GET /whsy.php?e=unix&p=%2Fproc%2F1011%2Fnet HTTP/2.0" 200 5099 "https://www.argowellsproperties.com.lab2454.com/whsy.php?p=%2Fproc%2F1011%2Fnet" "Mozilla/5.0 AppleWebKit/537.36 (KHTML, like Gecko; compatible; GPTBot/1.3; +https://openai.com/gptbot)"
74.7.243.239 - - [03/Mar/2026:03:28:16 +0000] "GET /whsy.php?e=packet&p=%2Fproc%2F1011%2Fnet HTTP/2.0" 200 2572 "https://www.argowellsproperties.com.lab2454.com/whsy.php?p=%2Fproc%2F1011%2Fnet" "Mozilla/5.0 AppleWebKit/537.36 (KHTML, like Gecko; compatible; GPTBot/1.3; +https://openai.com/gptbot)"
74.7.243.239 - - [03/Mar/2026:03:28:25 +0000] "GET /whsy.php?e=netstat&p=%2Fproc%2F1011%2Fnet HTTP/2.0" 200 4243 "https://www.argowellsproperties.com.lab2454.com/whsy.php?p=%2Fproc%2F1011%2Fnet" "Mozilla/5.0 AppleWebKit/537.36 (KHTML, like Gecko; compatible; GPTBot/1.3; +https://openai.com/gptbot)"
74.7.243.239 - - [03/Mar/2026:03:28:34 +0000] "GET /whsy.php?e=connector&p=%2Fproc%2F1011%2Fnet HTTP/2.0" 200 2521 "https://www.argowellsproperties.com.lab2454.com/whsy.php?p=%2Fproc%2F1011%2Fnet" "Mozilla/5.0 AppleWebKit/537.36 (KHTML, like Gecko; compatible; GPTBot/1.3; +https://openai.com/gptbot)"
74.7.243.239 - - [03/Mar/2026:03:28:42 +0000] "GET /whsy.php?e=protocols&p=%2Fproc%2F1011%2Fnet HTTP/2.0" 200 2956 "https://www.argowellsproperties.com.lab2454.com/whsy.php?p=%2Fproc%2F1011%2Fnet" "Mozilla/5.0 AppleWebKit/537.36 (KHTML, like Gecko; compatible; GPTBot/1.3; +https://openai.com/gptbot)"
74.7.243.239 - - [03/Mar/2026:03:28:50 +0000] "GET /whsy.php?e=icmp6&p=%2Fproc%2F1011%2Fnet HTTP/2.0" 200 2583 "https://www.argowellsproperties.com.lab2454.com/whsy.php?p=%2Fproc%2F1011%2Fnet" "Mozilla/5.0 AppleWebKit/537.36 (KHTML, like Gecko; compatible; GPTBot/1.3; +https://openai.com/gptbot)"
74.7.243.239 - - [03/Mar/2026:03:28:58 +0000] "GET /whsy.php?e=igmp6&p=%2Fproc%2F1011%2Fnet HTTP/2.0" 200 2720 "https://www.argowellsproperties.com.lab2454.com/whsy.php?p=%2Fproc%2F1011%2Fnet" "Mozilla/5.0 AppleWebKit/537.36 (KHTML, like Gecko; compatible; GPTBot/1.3; +https://openai.com/gptbot)"
74.7.243.239 - - [03/Mar/2026:03:29:07 +0000] "GET /whsy.php?e=dev_mcast&p=%2Fproc%2F1011%2Fnet HTTP/2.0" 200 2576 "https://www.argowellsproperties.com.lab2454.com/whsy.php?p=%2Fproc%2F1011%2Fnet" "Mozilla/5.0 AppleWebKit/537.36 (KHTML, like Gecko; compatible; GPTBot/1.3; +https://openai.com/gptbot)"
74.7.243.239 - - [03/Mar/2026:03:29:16 +0000] "GET /whsy.php?e=xfrm_stat&p=%2Fproc%2F1011%2Fnet HTTP/2.0" 200 2714 "https://www.argowellsproperties.com.lab2454.com/whsy.php?p=%2Fproc%2F1011%2Fnet" "Mozilla/5.0 AppleWebKit/537.36 (KHTML, like Gecko; compatible; GPTBot/1.3; +https://openai.com/gptbot)"
74.7.243.239 - - [03/Mar/2026:03:29:26 +0000] "GET /whsy.php?p=%2Fproc%2F1011%2Fnet%2Fnetfilter HTTP/2.0" 200 730 "https://www.argowellsproperties.com.lab2454.com/whsy.php?p=%2Fproc%2F1011%2Fnet" "Mozilla/5.0 AppleWebKit/537.36 (KHTML, like Gecko; compatible; GPTBot/1.3; +https://openai.com/gptbot)"
74.7.243.239 - - [03/Mar/2026:03:29:35 +0000] "GET /whsy.php?e=anycast6&p=%2Fproc%2F1011%2Fnet HTTP/2.0" 200 2504 "https://www.argowellsproperties.com.lab2454.com/whsy.php?p=%2Fproc%2F1011%2Fnet" "Mozilla/5.0 AppleWebKit/537.36 (KHTML, like Gecko; compatible; GPTBot/1.3; +https://openai.com/gptbot)"
74.7.243.239 - - [03/Mar/2026:03:29:47 +0000] "GET /whsy.php?e=ptype&p=%2Fproc%2F1011%2Fnet HTTP/2.0" 200 2616 "https://www.argowellsproperties.com.lab2454.com/whsy.php?p=%2Fproc%2F1011%2Fnet" "Mozilla/5.0 AppleWebKit/537.36 (KHTML, like Gecko; compatible; GPTBot/1.3; +https://openai.com/gptbot)"
74.7.243.239 - - [03/Mar/2026:03:29:58 +0000] "GET /whsy.php?p=%2Fproc%2F1011%2Fnet%2Fip6t_hashlimit HTTP/2.0" 200 499 "https://www.argowellsproperties.com.lab2454.com/whsy.php?p=%2Fproc%2F1011%2Fnet" "Mozilla/5.0 AppleWebKit/537.36 (KHTML, like Gecko; compatible; GPTBot/1.3; +https://openai.com/gptbot)"
74.7.243.239 - - [03/Mar/2026:03:30:09 +0000] "GET /whsy.php?e=mcfilter6&p=%2Fproc%2F1011%2Fnet HTTP/2.0" 200 2552 "https://www.argowellsproperties.com.lab2454.com/whsy.php?p=%2Fproc%2F1011%2Fnet" "Mozilla/5.0 AppleWebKit/537.36 (KHTML, like Gecko; compatible; GPTBot/1.3; +https://openai.com/gptbot)"
74.7.243.239 - - [03/Mar/2026:03:30:19 +0000] "GET /whsy.php?e=pppoe&p=%2Fproc%2F1011%2Fnet HTTP/2.0" 200 2522 "https://www.argowellsproperties.com.lab2454.com/whsy.php?p=%2Fproc%2F1011%2Fnet" "Mozilla/5.0 AppleWebKit/537.36 (KHTML, like Gecko; compatible; GPTBot/1.3; +https://openai.com/gptbot)"
74.7.243.239 - - [03/Mar/2026:03:30:30 +0000] "GET /whsy.php?e=netlink&p=%2Fproc%2F1011%2Fnet HTTP/2.0" 200 2811 "https://www.argowellsproperties.com.lab2454.com/whsy.php?p=%2Fproc%2F1011%2Fnet" "Mozilla/5.0 AppleWebKit/537.36 (KHTML, like Gecko; compatible; GPTBot/1.3; +https://openai.com/gptbot)"
74.7.243.239 - - [03/Mar/2026:03:30:39 +0000] "GET /whsy.php?e=rt6_stats&p=%2Fproc%2F1011%2Fnet HTTP/2.0" 200 2529 "https://www.argowellsproperties.com.lab2454.com/whsy.php?p=%2Fproc%2F1011%2Fnet" "Mozilla/5.0 AppleWebKit/537.36 (KHTML, like Gecko; compatible; GPTBot/1.3; +https://openai.com/gptbot)"
74.7.243.239 - - [03/Mar/2026:03:30:47 +0000] "GET /whsy.php?e=ip_mr_vif&p=%2Fproc%2F1011%2Fnet HTTP/2.0" 200 2550 "https://www.argowellsproperties.com.lab2454.com/whsy.php?p=%2Fproc%2F1011%2Fnet" "Mozilla/5.0 AppleWebKit/537.36 (KHTML, like Gecko; compatible; GPTBot/1.3; +https://openai.com/gptbot)"
74.7.243.239 - - [03/Mar/2026:03:30:57 +0000] "GET /whsy.php?e=udplite&p=%2Fproc%2F1011%2Fnet HTTP/2.0" 200 2583 "https://www.argowellsproperties.com.lab2454.com/whsy.php?p=%2Fproc%2F1011%2Fnet" "Mozilla/5.0 AppleWebKit/537.36 (KHTML, like Gecko; compatible; GPTBot/1.3; +https://openai.com/gptbot)"
74.7.243.239 - - [03/Mar/2026:03:31:07 +0000] "GET /whsy.php?e=mcfilter&p=%2Fproc%2F1011%2Fnet HTTP/2.0" 200 2536 "https://www.argowellsproperties.com.lab2454.com/whsy.php?p=%2Fproc%2F1011%2Fnet" "Mozilla/5.0 AppleWebKit/537.36 (KHTML, like Gecko; compatible; GPTBot/1.3; +https://openai.com/gptbot)"
74.7.228.6 - - [03/Mar/2026:03:31:08 +0000] "GET /robots.txt HTTP/2.0" 404 - "-" "Mozilla/5.0 (Macintosh; Intel Mac OS X 10_15_7) AppleWebKit/537.36 (KHTML, like Gecko) Chrome/131.0.0.0 Safari/537.36; compatible; OAI-SearchBot/1.3; robots.txt; +https://openai.com/searchbot"
74.7.243.239 - - [03/Mar/2026:03:31:16 +0000] "GET /whsy.php?e=psched&p=%2Fproc%2F1011%2Fnet HTTP/2.0" 200 2531 "https://www.argowellsproperties.com.lab2454.com/whsy.php?p=%2Fproc%2F1011%2Fnet" "Mozilla/5.0 AppleWebKit/537.36 (KHTML, like Gecko; compatible; GPTBot/1.3; +https://openai.com/gptbot)"
74.7.243.239 - - [03/Mar/2026:03:31:26 +0000] "GET /whsy.php?e=tcp6&p=%2Fproc%2F1011%2Fnet HTTP/2.0" 200 6411 "https://www.argowellsproperties.com.lab2454.com/whsy.php?p=%2Fproc%2F1011%2Fnet" "Mozilla/5.0 AppleWebKit/537.36 (KHTML, like Gecko; compatible; GPTBot/1.3; +https://openai.com/gptbot)"
74.7.243.239 - - [03/Mar/2026:03:31:35 +0000] "GET /whsy.php?e=tcp&p=%2Fproc%2F1011%2Fnet HTTP/2.0" 200 11440 "https://www.argowellsproperties.com.lab2454.com/whsy.php?p=%2Fproc%2F1011%2Fnet" "Mozilla/5.0 AppleWebKit/537.36 (KHTML, like Gecko; compatible; GPTBot/1.3; +https://openai.com/gptbot)"
74.7.243.239 - - [03/Mar/2026:03:31:44 +0000] "GET /whsy.php?e=fib_trie&p=%2Fproc%2F1011%2Fnet HTTP/2.0" 200 2692 "https://www.argowellsproperties.com.lab2454.com/whsy.php?p=%2Fproc%2F1011%2Fnet" "Mozilla/5.0 AppleWebKit/537.36 (KHTML, like Gecko; compatible; GPTBot/1.3; +https://openai.com/gptbot)"
74.7.243.239 - - [03/Mar/2026:03:31:52 +0000] "GET /whsy.php?p=%2Fproc%2F1011%2Fnet%2Frpc HTTP/2.0" 200 858 "https://www.argowellsproperties.com.lab2454.com/whsy.php?p=%2Fproc%2F1011%2Fnet" "Mozilla/5.0 AppleWebKit/537.36 (KHTML, like Gecko; compatible; GPTBot/1.3; +https://openai.com/gptbot)"
74.7.243.239 - - [03/Mar/2026:03:32:02 +0000] "GET /whsy.php?e=sockstat&p=%2Fproc%2F1011%2Fnet HTTP/2.0" 200 2602 "https://www.argowellsproperties.com.lab2454.com/whsy.php?p=%2Fproc%2F1011%2Fnet" "Mozilla/5.0 AppleWebKit/537.36 (KHTML, like Gecko; compatible; GPTBot/1.3; +https://openai.com/gptbot)"
74.7.243.239 - - [03/Mar/2026:03:32:10 +0000] "GET /whsy.php?e=tls_stat&p=%2Fproc%2F1011%2Fnet HTTP/2.0" 200 2599 "https://www.argowellsproperties.com.lab2454.com/whsy.php?p=%2Fproc%2F1011%2Fnet" "Mozilla/5.0 AppleWebKit/537.36 (KHTML, like Gecko; compatible; GPTBot/1.3; +https://openai.com/gptbot)"
74.7.243.239 - - [03/Mar/2026:03:32:19 +0000] "GET /whsy.php?e=udplite6&p=%2Fproc%2F1011%2Fnet HTTP/2.0" 200 2584 "https://www.argowellsproperties.com.lab2454.com/whsy.php?p=%2Fproc%2F1011%2Fnet" "Mozilla/5.0 AppleWebKit/537.36 (KHTML, like Gecko; compatible; GPTBot/1.3; +https://openai.com/gptbot)"
74.7.243.239 - - [03/Mar/2026:03:32:27 +0000] "GET /whsy.php?e=sockstat6&p=%2Fproc%2F1011%2Fnet HTTP/2.0" 200 2560 "https://www.argowellsproperties.com.lab2454.com/whsy.php?p=%2Fproc%2F1011%2Fnet" "Mozilla/5.0 AppleWebKit/537.36 (KHTML, like Gecko; compatible; GPTBot/1.3; +https://openai.com/gptbot)"
74.7.243.239 - - [03/Mar/2026:03:32:34 +0000] "GET /whsy.php?p=%2Fproc%2F1011%2Fnet%2Fipt_hashlimit HTTP/2.0" 200 499 "https://www.argowellsproperties.com.lab2454.com/whsy.php?p=%2Fproc%2F1011%2Fnet" "Mozilla/5.0 AppleWebKit/537.36 (KHTML, like Gecko; compatible; GPTBot/1.3; +https://openai.com/gptbot)"
74.7.243.239 - - [03/Mar/2026:03:32:42 +0000] "GET /whsy.php?e=rt_cache&p=%2Fproc%2F1011%2Fnet HTTP/2.0" 200 2597 "https://www.argowellsproperties.com.lab2454.com/whsy.php?p=%2Fproc%2F1011%2Fnet" "Mozilla/5.0 AppleWebKit/537.36 (KHTML, like Gecko; compatible; GPTBot/1.3; +https://openai.com/gptbot)"
74.7.243.239 - - [03/Mar/2026:03:32:50 +0000] "GET /whsy.php?e=route&p=%2Fproc%2F1011%2Fnet HTTP/2.0" 200 2635 "https://www.argowellsproperties.com.lab2454.com/whsy.php?p=%2Fproc%2F1011%2Fnet" "Mozilla/5.0 AppleWebKit/537.36 (KHTML, like Gecko; compatible; GPTBot/1.3; +https://openai.com/gptbot)"
74.7.243.239 - - [03/Mar/2026:03:32:57 +0000] "GET /whsy.php?e=raw&p=%2Fproc%2F1011%2Fnet HTTP/2.0" 200 2576 "https://www.argowellsproperties.com.lab2454.com/whsy.php?p=%2Fproc%2F1011%2Fnet" "Mozilla/5.0 AppleWebKit/537.36 (KHTML, like Gecko; compatible; GPTBot/1.3; +https://openai.com/gptbot)"
74.7.243.239 - - [03/Mar/2026:03:33:05 +0000] "GET /whsy.php?e=udp&p=%2Fproc%2F1011%2Fnet HTTP/2.0" 200 2774 "https://www.argowellsproperties.com.lab2454.com/whsy.php?p=%2Fproc%2F1011%2Fnet" "Mozilla/5.0 AppleWebKit/537.36 (KHTML, like Gecko; compatible; GPTBot/1.3; +https://openai.com/gptbot)"
74.7.243.239 - - [03/Mar/2026:03:33:12 +0000] "GET /whsy.php?e=arp&p=%2Fproc%2F1011%2Fnet HTTP/2.0" 200 2578 "https://www.argowellsproperties.com.lab2454.com/whsy.php?p=%2Fproc%2F1011%2Fnet" "Mozilla/5.0 AppleWebKit/537.36 (KHTML, like Gecko; compatible; GPTBot/1.3; +https://openai.com/gptbot)"
74.7.243.239 - - [03/Mar/2026:03:33:20 +0000] "GET /whsy.php?e=nfs&p=%2Fproc%2F1011%2Fnet%2Frpc HTTP/2.0" 200 951 "https://www.argowellsproperties.com.lab2454.com/whsy.php?p=%2Fproc%2F1011%2Fnet%2Frpc" "Mozilla/5.0 AppleWebKit/537.36 (KHTML, like Gecko; compatible; GPTBot/1.3; +https://openai.com/gptbot)"
74.7.243.239 - - [03/Mar/2026:03:33:28 +0000] "GET /whsy.php?p=%2Fproc%2F1011%2Fnet%2Frpc%2Fauth.unix.gid HTTP/2.0" 200 743 "https://www.argowellsproperties.com.lab2454.com/whsy.php?p=%2Fproc%2F1011%2Fnet%2Frpc" "Mozilla/5.0 AppleWebKit/537.36 (KHTML, like Gecko; compatible; GPTBot/1.3; +https://openai.com/gptbot)"
74.7.243.239 - - [03/Mar/2026:03:33:37 +0000] "GET /whsy.php?p=%2Fproc%2F1011%2Fnet%2Frpc%2Fauth.rpcsec.init HTTP/2.0" 200 714 "https://www.argowellsproperties.com.lab2454.com/whsy.php?p=%2Fproc%2F1011%2Fnet%2Frpc" "Mozilla/5.0 AppleWebKit/537.36 (KHTML, like Gecko; compatible; GPTBot/1.3; +https://openai.com/gptbot)"
74.7.243.239 - - [03/Mar/2026:03:33:46 +0000] "GET /whsy.php?e=if_inet6&p=%2Fproc%2F1011%2Fnet HTTP/2.0" 200 2568 "https://www.argowellsproperties.com.lab2454.com/whsy.php?p=%2Fproc%2F1011%2Fnet" "Mozilla/5.0 AppleWebKit/537.36 (KHTML, like Gecko; compatible; GPTBot/1.3; +https://openai.com/gptbot)"
74.7.243.239 - - [03/Mar/2026:03:33:55 +0000] "GET /whsy.php?p=%2Fproc%2F1011%2Fnet%2Frpc%2Fnfs4.idtoname HTTP/2.0" 200 742 "https://www.argowellsproperties.com.lab2454.com/whsy.php?p=%2Fproc%2F1011%2Fnet%2Frpc" "Mozilla/5.0 AppleWebKit/537.36 (KHTML, like Gecko; compatible; GPTBot/1.3; +https://openai.com/gptbot)"
74.7.243.239 - - [03/Mar/2026:03:34:04 +0000] "GET /whsy.php?p=%2Fproc%2F1011%2Fnet%2Fipt_hashlimit%2F.. HTTP/2.0" 200 2440 "https://www.argowellsproperties.com.lab2454.com/whsy.php?p=%2Fproc%2F1011%2Fnet%2Fipt_hashlimit" "Mozilla/5.0 AppleWebKit/537.36 (KHTML, like Gecko; compatible; GPTBot/1.3; +https://openai.com/gptbot)"
74.7.243.239 - - [03/Mar/2026:03:34:12 +0000] "GET /whsy.php?p=%2Fproc%2F1011%2Fnet%2Frpc%2Fnfs4.nametoid HTTP/2.0" 200 741 "https://www.argowellsproperties.com.lab2454.com/whsy.php?p=%2Fproc%2F1011%2Fnet%2Frpc" "Mozilla/5.0 AppleWebKit/537.36 (KHTML, like Gecko; compatible; GPTBot/1.3; +https://openai.com/gptbot)"
74.7.243.239 - - [03/Mar/2026:03:34:20 +0000] "GET /whsy.php?e=snmp6&p=%2Fproc%2F1011%2Fnet HTTP/2.0" 200 3359 "https://www.argowellsproperties.com.lab2454.com/whsy.php?p=%2Fproc%2F1011%2Fnet" "Mozilla/5.0 AppleWebKit/537.36 (KHTML, like Gecko; compatible; GPTBot/1.3; +https://openai.com/gptbot)"
74.7.243.239 - - [03/Mar/2026:03:34:27 +0000] "GET /whsy.php?p=%2Fproc%2F1011%2Fnet%2Fxt_recent HTTP/2.0" 200 496 "https://www.argowellsproperties.com.lab2454.com/whsy.php?p=%2Fproc%2F1011%2Fnet" "Mozilla/5.0 AppleWebKit/537.36 (KHTML, like Gecko; compatible; GPTBot/1.3; +https://openai.com/gptbot)"
74.7.243.239 - - [03/Mar/2026:03:34:36 +0000] "GET /whsy.php?e=raw6&p=%2Fproc%2F1011%2Fnet HTTP/2.0" 200 2581 "https://www.argowellsproperties.com.lab2454.com/whsy.php?p=%2Fproc%2F1011%2Fnet" "Mozilla/5.0 AppleWebKit/537.36 (KHTML, like Gecko; compatible; GPTBot/1.3; +https://openai.com/gptbot)"
74.7.243.239 - - [03/Mar/2026:03:34:44 +0000] "GET /whsy.php?e=udp6&p=%2Fproc%2F1011%2Fnet HTTP/2.0" 200 2680 "https://www.argowellsproperties.com.lab2454.com/whsy.php?p=%2Fproc%2F1011%2Fnet" "Mozilla/5.0 AppleWebKit/537.36 (KHTML, like Gecko; compatible; GPTBot/1.3; +https://openai.com/gptbot)"
74.7.243.239 - - [03/Mar/2026:03:34:53 +0000] "GET /whsy.php?p=%2Fproc%2F1011%2Fnet%2Frpc%2Fauth.rpcsec.context HTTP/2.0" 200 716 "https://www.argowellsproperties.com.lab2454.com/whsy.php?p=%2Fproc%2F1011%2Fnet%2Frpc" "Mozilla/5.0 AppleWebKit/537.36 (KHTML, like Gecko; compatible; GPTBot/1.3; +https://openai.com/gptbot)"
74.7.243.239 - - [03/Mar/2026:03:35:01 +0000] "GET /whsy.php?e=arch_status&p=%2Fproc%2F1011 HTTP/2.0" 200 2002 "https://www.argowellsproperties.com.lab2454.com/whsy.php?p=%2Fproc%2F1011" "Mozilla/5.0 AppleWebKit/537.36 (KHTML, like Gecko; compatible; GPTBot/1.3; +https://openai.com/gptbot)"
74.7.243.239 - - [03/Mar/2026:03:35:08 +0000] "GET /whsy.php?e=snmp&p=%2Fproc%2F1011%2Fnet HTTP/2.0" 200 3229 "https://www.argowellsproperties.com.lab2454.com/whsy.php?p=%2Fproc%2F1011%2Fnet" "Mozilla/5.0 AppleWebKit/537.36 (KHTML, like Gecko; compatible; GPTBot/1.3; +https://openai.com/gptbot)"
74.7.243.239 - - [03/Mar/2026:03:35:17 +0000] "GET /whsy.php?p=%2Fproc%2F1011%2Fnet%2Frpc%2Fauth.unix.ip HTTP/2.0" 200 743 "https://www.argowellsproperties.com.lab2454.com/whsy.php?p=%2Fproc%2F1011%2Fnet%2Frpc" "Mozilla/5.0 AppleWebKit/537.36 (KHTML, like Gecko; compatible; GPTBot/1.3; +https://openai.com/gptbot)"
74.7.243.239 - - [03/Mar/2026:03:35:25 +0000] "GET /whsy.php?e=statm&p=%2Fproc%2F1011 HTTP/2.0" 200 2027 "https://www.argowellsproperties.com.lab2454.com/whsy.php?p=%2Fproc%2F1011" "Mozilla/5.0 AppleWebKit/537.36 (KHTML, like Gecko; compatible; GPTBot/1.3; +https://openai.com/gptbot)"
74.7.243.239 - - [03/Mar/2026:03:35:33 +0000] "GET /whsy.php?e=stack&p=%2Fproc%2F1011 HTTP/2.0" 200 1934 "https://www.argowellsproperties.com.lab2454.com/whsy.php?p=%2Fproc%2F1011" "Mozilla/5.0 AppleWebKit/537.36 (KHTML, like Gecko; compatible; GPTBot/1.3; +https://openai.com/gptbot)"
74.7.243.239 - - [03/Mar/2026:03:35:41 +0000] "GET /whsy.php?p=%2Fproc%2F1011%2Fnet%2Frpc%2Fnfsd.export HTTP/2.0" 200 740 "https://www.argowellsproperties.com.lab2454.com/whsy.php?p=%2Fproc%2F1011%2Fnet%2Frpc" "Mozilla/5.0 AppleWebKit/537.36 (KHTML, like Gecko; compatible; GPTBot/1.3; +https://openai.com/gptbot)"
74.7.243.239 - - [03/Mar/2026:03:35:48 +0000] "GET /whsy.php?e=keycreate&p=%2Fproc%2F1011%2Fattr HTTP/2.0" 200 861 "https://www.argowellsproperties.com.lab2454.com/whsy.php?p=%2Fproc%2F1011%2Fattr" "Mozilla/5.0 AppleWebKit/537.36 (KHTML, like Gecko; compatible; GPTBot/1.3; +https://openai.com/gptbot)"
74.7.243.239 - - [03/Mar/2026:03:35:55 +0000] "GET /whsy.php?p=%2Fproc%2F1011%2Fnet%2Frpc%2Fnfsd.fh HTTP/2.0" 200 738 "https://www.argowellsproperties.com.lab2454.com/whsy.php?p=%2Fproc%2F1011%2Fnet%2Frpc" "Mozilla/5.0 AppleWebKit/537.36 (KHTML, like Gecko; compatible; GPTBot/1.3; +https://openai.com/gptbot)"
74.7.243.239 - - [03/Mar/2026:03:36:03 +0000] "GET /whsy.php?p=%2Fproc%2F1011%2Fnet%2Fnfsfs HTTP/2.0" 200 699 "https://www.argowellsproperties.com.lab2454.com/whsy.php?p=%2Fproc%2F1011%2Fnet" "Mozilla/5.0 AppleWebKit/537.36 (KHTML, like Gecko; compatible; GPTBot/1.3; +https://openai.com/gptbot)"
74.7.228.6 - - [03/Mar/2026:03:36:05 +0000] "GET /robots.txt HTTP/2.0" 404 - "-" "Mozilla/5.0 (Macintosh; Intel Mac OS X 10_15_7) AppleWebKit/537.36 (KHTML, like Gecko) Chrome/131.0.0.0 Safari/537.36; compatible; OAI-SearchBot/1.3; robots.txt; +https://openai.com/searchbot"
74.7.243.239 - - [03/Mar/2026:03:36:11 +0000] "GET /whsy.php?p=%2Fproc%2F1011%2Fnet%2Fsctp HTTP/2.0" 200 751 "https://www.argowellsproperties.com.lab2454.com/whsy.php?p=%2Fproc%2F1011%2Fnet" "Mozilla/5.0 AppleWebKit/537.36 (KHTML, like Gecko; compatible; GPTBot/1.3; +https://openai.com/gptbot)"
74.7.243.239 - - [03/Mar/2026:03:36:20 +0000] "GET /whsy.php?p=%2Fproc%2F1011%2Fnet%2Frpc%2Fauth.rpcsec.context%2F.. HTTP/2.0" 200 858 "https://www.argowellsproperties.com.lab2454.com/whsy.php?p=%2Fproc%2F1011%2Fnet%2Frpc%2Fauth.rpcsec.context" "Mozilla/5.0 AppleWebKit/537.36 (KHTML, like Gecko; compatible; GPTBot/1.3; +https://openai.com/gptbot)"
