74.7.241.51 - - [02/Mar/2026:17:53:27 +0000] "GET /whsy.php?p=%2Fproc%2F26963%2Fnet%2Frpc%2Fnfs4.idtoname HTTP/2.0" 200 743 "https://www.argowellsproperties.com.lab2454.com/whsy.php?p=%2Fproc%2F26963%2Fnet%2Frpc" "Mozilla/5.0 AppleWebKit/537.36 (KHTML, like Gecko; compatible; GPTBot/1.3; +https://openai.com/gptbot)"
74.7.241.51 - - [02/Mar/2026:17:54:56 +0000] "GET /whsy.php?p=%2Fproc%2F26963%2Fnet%2Frpc%2Fnfs4.nametoid HTTP/2.0" 200 743 "https://www.argowellsproperties.com.lab2454.com/whsy.php?p=%2Fproc%2F26963%2Fnet%2Frpc" "Mozilla/5.0 AppleWebKit/537.36 (KHTML, like Gecko; compatible; GPTBot/1.3; +https://openai.com/gptbot)"
74.7.175.169 - - [02/Mar/2026:17:54:57 +0000] "GET /robots.txt HTTP/2.0" 404 - "-" "Mozilla/5.0 (Macintosh; Intel Mac OS X 10_15_7) AppleWebKit/537.36 (KHTML, like Gecko) Chrome/131.0.0.0 Safari/537.36; compatible; OAI-SearchBot/1.3; robots.txt; +https://openai.com/searchbot"
74.7.241.51 - - [02/Mar/2026:17:56:13 +0000] "GET /whsy.php?p=%2Fproc%2F29782%2Fnet%2Frpc%2Fnfs4.idtoname HTTP/2.0" 200 743 "https://www.argowellsproperties.com.lab2454.com/whsy.php?p=%2Fproc%2F29782%2Fnet%2Frpc" "Mozilla/5.0 AppleWebKit/537.36 (KHTML, like Gecko; compatible; GPTBot/1.3; +https://openai.com/gptbot)"
74.7.241.51 - - [02/Mar/2026:17:57:46 +0000] "GET /whsy.php?p=%2Fproc%2F29782%2Fnet%2Frpc%2Fauth.rpcsec.context%2F.. HTTP/2.0" 200 861 "https://www.argowellsproperties.com.lab2454.com/whsy.php?p=%2Fproc%2F29782%2Fnet%2Frpc%2Fauth.rpcsec.context" "Mozilla/5.0 AppleWebKit/537.36 (KHTML, like Gecko; compatible; GPTBot/1.3; +https://openai.com/gptbot)"
74.7.241.51 - - [02/Mar/2026:17:58:54 +0000] "GET /whsy.php?p=%2Fproc%2F29782%2Fnet%2Frpc%2Fnfs4.nametoid HTTP/2.0" 200 743 "https://www.argowellsproperties.com.lab2454.com/whsy.php?p=%2Fproc%2F29782%2Fnet%2Frpc" "Mozilla/5.0 AppleWebKit/537.36 (KHTML, like Gecko; compatible; GPTBot/1.3; +https://openai.com/gptbot)"
74.7.241.51 - - [02/Mar/2026:18:00:03 +0000] "GET /whsy.php?p=%2Fproc%2F29782%2Fnet%2Frpc%2Fauth.rpcsec.init HTTP/2.0" 200 716 "https://www.argowellsproperties.com.lab2454.com/whsy.php?p=%2Fproc%2F29782%2Fnet%2Frpc" "Mozilla/5.0 AppleWebKit/537.36 (KHTML, like Gecko; compatible; GPTBot/1.3; +https://openai.com/gptbot)"
74.7.175.169 - - [02/Mar/2026:18:00:04 +0000] "GET /robots.txt HTTP/2.0" 404 - "-" "Mozilla/5.0 (Macintosh; Intel Mac OS X 10_15_7) AppleWebKit/537.36 (KHTML, like Gecko) Chrome/131.0.0.0 Safari/537.36; compatible; OAI-SearchBot/1.3; robots.txt; +https://openai.com/searchbot"
74.7.241.51 - - [02/Mar/2026:18:01:19 +0000] "GET /whsy.php?p=%2Fproc%2F26963%2Fnet%2Frpc%2Fauth.rpcsec.context%2F.. HTTP/2.0" 200 860 "https://www.argowellsproperties.com.lab2454.com/whsy.php?p=%2Fproc%2F26963%2Fnet%2Frpc%2Fauth.rpcsec.context" "Mozilla/5.0 AppleWebKit/537.36 (KHTML, like Gecko; compatible; GPTBot/1.3; +https://openai.com/gptbot)"
74.7.241.51 - - [02/Mar/2026:18:02:43 +0000] "GET /whsy.php?p=%2Fproc%2F26963%2Fnet%2Frpc%2Fnfsd.fh HTTP/2.0" 200 739 "https://www.argowellsproperties.com.lab2454.com/whsy.php?p=%2Fproc%2F26963%2Fnet%2Frpc" "Mozilla/5.0 AppleWebKit/537.36 (KHTML, like Gecko; compatible; GPTBot/1.3; +https://openai.com/gptbot)"
74.7.241.51 - - [02/Mar/2026:18:04:01 +0000] "GET /whsy.php?p=%2Fproc%2F29782%2Fnet%2Frpc%2Fnfsd.fh HTTP/2.0" 200 740 "https://www.argowellsproperties.com.lab2454.com/whsy.php?p=%2Fproc%2F29782%2Fnet%2Frpc" "Mozilla/5.0 AppleWebKit/537.36 (KHTML, like Gecko; compatible; GPTBot/1.3; +https://openai.com/gptbot)"
74.7.241.51 - - [02/Mar/2026:18:05:31 +0000] "GET /whsy.php?p=%2Fproc%2F26963%2Fnet%2Frpc%2Fauth.unix.ip HTTP/2.0" 200 744 "https://www.argowellsproperties.com.lab2454.com/whsy.php?p=%2Fproc%2F26963%2Fnet%2Frpc" "Mozilla/5.0 AppleWebKit/537.36 (KHTML, like Gecko; compatible; GPTBot/1.3; +https://openai.com/gptbot)"
74.7.175.169 - - [02/Mar/2026:18:05:33 +0000] "GET /robots.txt HTTP/2.0" 404 - "-" "Mozilla/5.0 (Macintosh; Intel Mac OS X 10_15_7) AppleWebKit/537.36 (KHTML, like Gecko) Chrome/131.0.0.0 Safari/537.36; compatible; OAI-SearchBot/1.3; robots.txt; +https://openai.com/searchbot"
74.7.241.51 - - [02/Mar/2026:18:06:49 +0000] "GET /whsy.php?e=numa_maps&p=%2Fproc%2F11119 HTTP/2.0" 200 839 "https://www.argowellsproperties.com.lab2454.com/whsy.php?p=%2Fproc%2F11119" "Mozilla/5.0 AppleWebKit/537.36 (KHTML, like Gecko; compatible; GPTBot/1.3; +https://openai.com/gptbot)"
74.7.241.51 - - [02/Mar/2026:18:07:48 +0000] "GET /whsy.php?e=coredump_filter&p=%2Fproc%2F29782 HTTP/2.0" 200 2009 "https://www.argowellsproperties.com.lab2454.com/whsy.php?p=%2Fproc%2F29782" "Mozilla/5.0 AppleWebKit/537.36 (KHTML, like Gecko; compatible; GPTBot/1.3; +https://openai.com/gptbot)"
74.7.241.51 - - [02/Mar/2026:18:09:05 +0000] "GET /whsy.php?e=coredump_filter&p=%2Fproc%2F29682 HTTP/2.0" 200 839 "https://www.argowellsproperties.com.lab2454.com/whsy.php?p=%2Fproc%2F29682" "Mozilla/5.0 AppleWebKit/537.36 (KHTML, like Gecko; compatible; GPTBot/1.3; +https://openai.com/gptbot)"
74.7.241.51 - - [02/Mar/2026:18:10:22 +0000] "GET /whsy.php?e=fscreate&p=%2Fproc%2F14827%2Fattr HTTP/2.0" 200 839 "https://www.argowellsproperties.com.lab2454.com/whsy.php?p=%2Fproc%2F14827%2Fattr" "Mozilla/5.0 AppleWebKit/537.36 (KHTML, like Gecko; compatible; GPTBot/1.3; +https://openai.com/gptbot)"
74.7.241.51 - - [02/Mar/2026:18:11:27 +0000] "GET /whsy.php?e=nfnetlink_log&p=%2Fproc%2F9887%2Ftask%2F9959%2Fnet%2Fnetfilter HTTP/2.0" 200 839 "https://www.argowellsproperties.com.lab2454.com/whsy.php?p=%2Fproc%2F9887%2Ftask%2F9959%2Fnet%2Fnetfilter" "Mozilla/5.0 AppleWebKit/537.36 (KHTML, like Gecko; compatible; GPTBot/1.3; +https://openai.com/gptbot)"
74.7.175.169 - - [02/Mar/2026:18:11:28 +0000] "GET /robots.txt HTTP/2.0" 404 - "-" "Mozilla/5.0 (Macintosh; Intel Mac OS X 10_15_7) AppleWebKit/537.36 (KHTML, like Gecko) Chrome/131.0.0.0 Safari/537.36; compatible; OAI-SearchBot/1.3; robots.txt; +https://openai.com/searchbot"
74.7.241.51 - - [02/Mar/2026:18:12:50 +0000] "GET /whsy.php?e=coredump_filter&p=%2Fproc%2F25855 HTTP/2.0" 200 839 "https://www.argowellsproperties.com.lab2454.com/whsy.php?p=%2Fproc%2F25855" "Mozilla/5.0 AppleWebKit/537.36 (KHTML, like Gecko; compatible; GPTBot/1.3; +https://openai.com/gptbot)"
74.7.241.51 - - [02/Mar/2026:18:14:02 +0000] "GET /whsy.php?e=channel&p=%2Fproc%2F29782%2Fnet%2Frpc%2Fauth.rpcsec.init HTTP/2.0" 200 716 "https://www.argowellsproperties.com.lab2454.com/whsy.php?p=%2Fproc%2F29782%2Fnet%2Frpc%2Fauth.rpcsec.init" "Mozilla/5.0 AppleWebKit/537.36 (KHTML, like Gecko; compatible; GPTBot/1.3; +https://openai.com/gptbot)"
74.7.241.51 - - [02/Mar/2026:18:15:35 +0000] "GET /whsy.php?p=%2Fproc%2F29782%2Ftask%2F29782 HTTP/2.0" 200 1795 "https://www.argowellsproperties.com.lab2454.com/whsy.php?p=%2Fproc%2F29782%2Ftask" "Mozilla/5.0 AppleWebKit/537.36 (KHTML, like Gecko; compatible; GPTBot/1.3; +https://openai.com/gptbot)"
74.7.241.51 - - [02/Mar/2026:18:16:49 +0000] "GET /whsy.php?p=%2Fproc%2F26963%2Ftask%2F26963 HTTP/2.0" 200 1794 "https://www.argowellsproperties.com.lab2454.com/whsy.php?p=%2Fproc%2F26963%2Ftask" "Mozilla/5.0 AppleWebKit/537.36 (KHTML, like Gecko; compatible; GPTBot/1.3; +https://openai.com/gptbot)"
74.7.241.51 - - [02/Mar/2026:18:18:05 +0000] "GET /whsy.php?e=ip6_tables_names&p=%2Fproc%2F9887%2Fnet HTTP/2.0" 200 839 "https://www.argowellsproperties.com.lab2454.com/whsy.php?p=%2Fproc%2F9887%2Fnet" "Mozilla/5.0 AppleWebKit/537.36 (KHTML, like Gecko; compatible; GPTBot/1.3; +https://openai.com/gptbot)"
74.7.241.51 - - [02/Mar/2026:18:19:21 +0000] "GET /whsy.php?e=icmp6&p=%2Fproc%2F26963%2Fnet HTTP/2.0" 200 2584 "https://www.argowellsproperties.com.lab2454.com/whsy.php?p=%2Fproc%2F26963%2Fnet" "Mozilla/5.0 AppleWebKit/537.36 (KHTML, like Gecko; compatible; GPTBot/1.3; +https://openai.com/gptbot)"
74.7.241.51 - - [02/Mar/2026:18:20:57 +0000] "GET /whsy.php?p=%2Fproc%2F14827%2Ftask%2F14827 HTTP/2.0" 200 839 "https://www.argowellsproperties.com.lab2454.com/whsy.php?p=%2Fproc%2F14827%2Ftask" "Mozilla/5.0 AppleWebKit/537.36 (KHTML, like Gecko; compatible; GPTBot/1.3; +https://openai.com/gptbot)"
74.7.241.51 - - [02/Mar/2026:18:22:22 +0000] "GET /whsy.php?p=%2Fproc%2F9887%2Ftask%2F14210 HTTP/2.0" 200 839 "https://www.argowellsproperties.com.lab2454.com/whsy.php?p=%2Fproc%2F9887%2Ftask" "Mozilla/5.0 AppleWebKit/537.36 (KHTML, like Gecko; compatible; GPTBot/1.3; +https://openai.com/gptbot)"
74.7.175.169 - - [02/Mar/2026:18:22:24 +0000] "GET /robots.txt HTTP/2.0" 404 - "-" "Mozilla/5.0 (Macintosh; Intel Mac OS X 10_15_7) AppleWebKit/537.36 (KHTML, like Gecko) Chrome/131.0.0.0 Safari/537.36; compatible; OAI-SearchBot/1.3; robots.txt; +https://openai.com/searchbot"
74.7.241.51 - - [02/Mar/2026:18:24:01 +0000] "GET /whsy.php?e=keycreate&p=%2Fproc%2F29782%2Fattr HTTP/2.0" 200 863 "https://www.argowellsproperties.com.lab2454.com/whsy.php?p=%2Fproc%2F29782%2Fattr" "Mozilla/5.0 AppleWebKit/537.36 (KHTML, like Gecko; compatible; GPTBot/1.3; +https://openai.com/gptbot)"
74.7.241.51 - - [02/Mar/2026:18:25:21 +0000] "GET /whsy.php?p=%2Fproc%2F9887%2Fnet%2Frpc%2Fnfs4.idtoname%2F.. HTTP/2.0" 200 839 "https://www.argowellsproperties.com.lab2454.com/whsy.php?p=%2Fproc%2F9887%2Fnet%2Frpc%2Fnfs4.idtoname" "Mozilla/5.0 AppleWebKit/537.36 (KHTML, like Gecko; compatible; GPTBot/1.3; +https://openai.com/gptbot)"
74.7.241.51 - - [02/Mar/2026:18:27:06 +0000] "GET /whsy.php?p=%2Fproc%2F9887%2Fnet%2Frpc%2Fnfs4.nametoid%2F.. HTTP/2.0" 200 839 "https://www.argowellsproperties.com.lab2454.com/whsy.php?p=%2Fproc%2F9887%2Fnet%2Frpc%2Fnfs4.nametoid" "Mozilla/5.0 AppleWebKit/537.36 (KHTML, like Gecko; compatible; GPTBot/1.3; +https://openai.com/gptbot)"
74.7.241.51 - - [02/Mar/2026:18:28:29 +0000] "GET /whsy.php?p=%2Fproc%2F8260 HTTP/2.0" 200 839 "https://www.argowellsproperties.com.lab2454.com/whsy.php?e=30131&p=%2Fproc" "Mozilla/5.0 AppleWebKit/537.36 (KHTML, like Gecko; compatible; GPTBot/1.3; +https://openai.com/gptbot)"
74.7.175.169 - - [02/Mar/2026:18:28:30 +0000] "GET /robots.txt HTTP/2.0" 404 - "-" "Mozilla/5.0 (Macintosh; Intel Mac OS X 10_15_7) AppleWebKit/537.36 (KHTML, like Gecko) Chrome/131.0.0.0 Safari/537.36; compatible; OAI-SearchBot/1.3; robots.txt; +https://openai.com/searchbot"
74.7.241.51 - - [02/Mar/2026:18:29:47 +0000] "GET /whsy.php?p=%2Fproc%2F8040 HTTP/2.0" 200 839 "https://www.argowellsproperties.com.lab2454.com/whsy.php?p=%2Fproc%2F9887%2F.." "Mozilla/5.0 AppleWebKit/537.36 (KHTML, like Gecko; compatible; GPTBot/1.3; +https://openai.com/gptbot)"
74.7.241.51 - - [02/Mar/2026:18:31:27 +0000] "GET /whsy.php?e=smaps_rollup&p=%2Fproc%2F29782%2Ftask%2F29782 HTTP/2.0" 200 1990 "https://www.argowellsproperties.com.lab2454.com/whsy.php?p=%2Fproc%2F29782%2Ftask%2F29782" "Mozilla/5.0 AppleWebKit/537.36 (KHTML, like Gecko; compatible; GPTBot/1.3; +https://openai.com/gptbot)"
74.7.241.51 - - [02/Mar/2026:18:32:49 +0000] "GET /whsy.php?p=%2Fproc%2F29782%2Ftask%2F29782%2Fattr HTTP/2.0" 200 811 "https://www.argowellsproperties.com.lab2454.com/whsy.php?p=%2Fproc%2F29782%2Ftask%2F29782" "Mozilla/5.0 AppleWebKit/537.36 (KHTML, like Gecko; compatible; GPTBot/1.3; +https://openai.com/gptbot)"
74.7.241.51 - - [02/Mar/2026:18:34:06 +0000] "GET /whsy.php?p=%2Fproc%2F1511 HTTP/2.0" 200 839 "https://www.argowellsproperties.com.lab2454.com/whsy.php?e=810&p=%2Fproc" "Mozilla/5.0 AppleWebKit/537.36 (KHTML, like Gecko; compatible; GPTBot/1.3; +https://openai.com/gptbot)"
74.7.175.169 - - [02/Mar/2026:18:34:07 +0000] "GET /robots.txt HTTP/2.0" 404 - "-" "Mozilla/5.0 (Macintosh; Intel Mac OS X 10_15_7) AppleWebKit/537.36 (KHTML, like Gecko) Chrome/131.0.0.0 Safari/537.36; compatible; OAI-SearchBot/1.3; robots.txt; +https://openai.com/searchbot"
74.7.241.51 - - [02/Mar/2026:18:35:40 +0000] "GET /whsy.php?p=%2Fproc%2F1647 HTTP/2.0" 200 839 "https://www.argowellsproperties.com.lab2454.com/whsy.php?e=810&p=%2Fproc" "Mozilla/5.0 AppleWebKit/537.36 (KHTML, like Gecko; compatible; GPTBot/1.3; +https://openai.com/gptbot)"
74.7.241.51 - - [02/Mar/2026:18:36:59 +0000] "GET /whsy.php?p=%2Fproc%2F6078 HTTP/2.0" 200 839 "https://www.argowellsproperties.com.lab2454.com/whsy.php?p=%2Fproc%2F9887%2F.." "Mozilla/5.0 AppleWebKit/537.36 (KHTML, like Gecko; compatible; GPTBot/1.3; +https://openai.com/gptbot)"
74.7.241.51 - - [02/Mar/2026:18:38:25 +0000] "GET /whsy.php?p=%2Fproc%2F1672 HTTP/2.0" 200 839 "https://www.argowellsproperties.com.lab2454.com/whsy.php?e=810&p=%2Fproc" "Mozilla/5.0 AppleWebKit/537.36 (KHTML, like Gecko; compatible; GPTBot/1.3; +https://openai.com/gptbot)"
74.7.241.51 - - [02/Mar/2026:18:39:48 +0000] "GET /whsy.php?p=%2Fproc%2F6284 HTTP/2.0" 200 839 "https://www.argowellsproperties.com.lab2454.com/whsy.php?p=%2Fproc%2F29782%2F.." "Mozilla/5.0 AppleWebKit/537.36 (KHTML, like Gecko; compatible; GPTBot/1.3; +https://openai.com/gptbot)"
74.7.175.169 - - [02/Mar/2026:18:39:49 +0000] "GET /robots.txt HTTP/2.0" 404 - "-" "Mozilla/5.0 (Macintosh; Intel Mac OS X 10_15_7) AppleWebKit/537.36 (KHTML, like Gecko) Chrome/131.0.0.0 Safari/537.36; compatible; OAI-SearchBot/1.3; robots.txt; +https://openai.com/searchbot"
74.7.241.51 - - [02/Mar/2026:18:40:57 +0000] "GET /whsy.php?p=%2Fproc%2F1663 HTTP/2.0" 200 839 "https://www.argowellsproperties.com.lab2454.com/whsy.php?e=810&p=%2Fproc" "Mozilla/5.0 AppleWebKit/537.36 (KHTML, like Gecko; compatible; GPTBot/1.3; +https://openai.com/gptbot)"
74.7.241.51 - - [02/Mar/2026:18:42:16 +0000] "GET /whsy.php?p=%2Fproc%2F1644 HTTP/2.0" 200 839 "https://www.argowellsproperties.com.lab2454.com/whsy.php?p=%2Fproc%2F29782%2F.." "Mozilla/5.0 AppleWebKit/537.36 (KHTML, like Gecko; compatible; GPTBot/1.3; +https://openai.com/gptbot)"
74.7.241.51 - - [02/Mar/2026:18:43:37 +0000] "GET /whsy.php?p=%2Fproc%2F6297 HTTP/2.0" 200 839 "https://www.argowellsproperties.com.lab2454.com/whsy.php?p=%2Fproc%2F29782%2F.." "Mozilla/5.0 AppleWebKit/537.36 (KHTML, like Gecko; compatible; GPTBot/1.3; +https://openai.com/gptbot)"
74.7.241.51 - - [02/Mar/2026:18:44:46 +0000] "GET /whsy.php?p=%2Fproc%2F1524 HTTP/2.0" 200 839 "https://www.argowellsproperties.com.lab2454.com/whsy.php?e=810&p=%2Fproc" "Mozilla/5.0 AppleWebKit/537.36 (KHTML, like Gecko; compatible; GPTBot/1.3; +https://openai.com/gptbot)"
74.7.241.51 - - [02/Mar/2026:18:46:10 +0000] "GET /whsy.php?p=%2Fproc%2F1155 HTTP/2.0" 200 839 "https://www.argowellsproperties.com.lab2454.com/whsy.php?e=30131&p=%2Fproc" "Mozilla/5.0 AppleWebKit/537.36 (KHTML, like Gecko; compatible; GPTBot/1.3; +https://openai.com/gptbot)"
74.7.175.169 - - [02/Mar/2026:18:46:11 +0000] "GET /robots.txt HTTP/2.0" 404 - "-" "Mozilla/5.0 (Macintosh; Intel Mac OS X 10_15_7) AppleWebKit/537.36 (KHTML, like Gecko) Chrome/131.0.0.0 Safari/537.36; compatible; OAI-SearchBot/1.3; robots.txt; +https://openai.com/searchbot"
74.7.241.51 - - [02/Mar/2026:18:47:26 +0000] "GET /whsy.php?p=%2Fproc%2F6898 HTTP/2.0" 200 839 "https://www.argowellsproperties.com.lab2454.com/whsy.php?p=%2Fproc%2F14473%2F.." "Mozilla/5.0 AppleWebKit/537.36 (KHTML, like Gecko; compatible; GPTBot/1.3; +https://openai.com/gptbot)"
74.7.241.51 - - [02/Mar/2026:18:48:44 +0000] "GET /whsy.php?p=%2Fproc%2F4783 HTTP/2.0" 200 839 "https://www.argowellsproperties.com.lab2454.com/whsy.php?p=%2Fproc%2F30350%2F.." "Mozilla/5.0 AppleWebKit/537.36 (KHTML, like Gecko; compatible; GPTBot/1.3; +https://openai.com/gptbot)"
74.7.241.51 - - [02/Mar/2026:18:50:08 +0000] "GET /whsy.php?p=%2Fproc%2F7728 HTTP/2.0" 200 839 "https://www.argowellsproperties.com.lab2454.com/whsy.php?p=%2Fproc%2F15700%2F.." "Mozilla/5.0 AppleWebKit/537.36 (KHTML, like Gecko; compatible; GPTBot/1.3; +https://openai.com/gptbot)"
74.7.241.51 - - [02/Mar/2026:18:51:33 +0000] "GET /whsy.php?p=%2Fproc%2F2559 HTTP/2.0" 200 839 "https://www.argowellsproperties.com.lab2454.com/whsy.php?p=%2Fproc%2F23807%2F.." "Mozilla/5.0 AppleWebKit/537.36 (KHTML, like Gecko; compatible; GPTBot/1.3; +https://openai.com/gptbot)"
74.7.175.169 - - [02/Mar/2026:18:51:34 +0000] "GET /robots.txt HTTP/2.0" 404 - "-" "Mozilla/5.0 (Macintosh; Intel Mac OS X 10_15_7) AppleWebKit/537.36 (KHTML, like Gecko) Chrome/131.0.0.0 Safari/537.36; compatible; OAI-SearchBot/1.3; robots.txt; +https://openai.com/searchbot"
74.7.241.51 - - [02/Mar/2026:18:53:29 +0000] "GET /whsy.php?p=%2Fproc%2F1752 HTTP/2.0" 200 839 "https://www.argowellsproperties.com.lab2454.com/whsy.php?p=%2Fproc%2F12841%2F.." "Mozilla/5.0 AppleWebKit/537.36 (KHTML, like Gecko; compatible; GPTBot/1.3; +https://openai.com/gptbot)"
74.7.241.51 - - [02/Mar/2026:18:55:03 +0000] "GET /whsy.php?p=%2Fproc%2F6493 HTTP/2.0" 200 839 "https://www.argowellsproperties.com.lab2454.com/whsy.php?p=%2Fproc%2F27565%2F.." "Mozilla/5.0 AppleWebKit/537.36 (KHTML, like Gecko; compatible; GPTBot/1.3; +https://openai.com/gptbot)"
74.7.241.51 - - [02/Mar/2026:18:57:05 +0000] "GET /whsy.php?p=%2Fproc%2F5750 HTTP/2.0" 200 839 "https://www.argowellsproperties.com.lab2454.com/whsy.php?p=%2Fproc%2F19817%2F.." "Mozilla/5.0 AppleWebKit/537.36 (KHTML, like Gecko; compatible; GPTBot/1.3; +https://openai.com/gptbot)"
74.7.175.169 - - [02/Mar/2026:18:57:06 +0000] "GET /robots.txt HTTP/2.0" 404 - "-" "Mozilla/5.0 (Macintosh; Intel Mac OS X 10_15_7) AppleWebKit/537.36 (KHTML, like Gecko) Chrome/131.0.0.0 Safari/537.36; compatible; OAI-SearchBot/1.3; robots.txt; +https://openai.com/searchbot"
74.7.241.51 - - [02/Mar/2026:18:58:51 +0000] "GET /whsy.php?p=%2Fproc%2F3985 HTTP/2.0" 200 839 "https://www.argowellsproperties.com.lab2454.com/whsy.php?p=%2Fproc%2F30093%2F.." "Mozilla/5.0 AppleWebKit/537.36 (KHTML, like Gecko; compatible; GPTBot/1.3; +https://openai.com/gptbot)"
74.7.241.51 - - [02/Mar/2026:19:00:44 +0000] "GET /whsy.php?p=%2Fproc%2F7550 HTTP/2.0" 200 839 "https://www.argowellsproperties.com.lab2454.com/whsy.php?p=%2Fproc%2Fpressure%2F.." "Mozilla/5.0 AppleWebKit/537.36 (KHTML, like Gecko; compatible; GPTBot/1.3; +https://openai.com/gptbot)"
74.7.241.51 - - [02/Mar/2026:19:02:14 +0000] "GET /whsy.php?p=%2Fproc%2F5173 HTTP/2.0" 200 839 "https://www.argowellsproperties.com.lab2454.com/whsy.php?p=%2Fproc%2F11624%2F.." "Mozilla/5.0 AppleWebKit/537.36 (KHTML, like Gecko; compatible; GPTBot/1.3; +https://openai.com/gptbot)"
74.7.175.169 - - [02/Mar/2026:19:02:15 +0000] "GET /robots.txt HTTP/2.0" 404 - "-" "Mozilla/5.0 (Macintosh; Intel Mac OS X 10_15_7) AppleWebKit/537.36 (KHTML, like Gecko) Chrome/131.0.0.0 Safari/537.36; compatible; OAI-SearchBot/1.3; robots.txt; +https://openai.com/searchbot"
74.7.241.51 - - [02/Mar/2026:19:03:50 +0000] "GET /whsy.php?p=%2Fproc%2F6682 HTTP/2.0" 200 839 "https://www.argowellsproperties.com.lab2454.com/whsy.php?p=%2Fproc%2F11361%2F.." "Mozilla/5.0 AppleWebKit/537.36 (KHTML, like Gecko; compatible; GPTBot/1.3; +https://openai.com/gptbot)"
74.7.241.51 - - [02/Mar/2026:19:05:35 +0000] "GET /whsy.php?p=%2Fproc%2F7670 HTTP/2.0" 200 839 "https://www.argowellsproperties.com.lab2454.com/whsy.php?p=%2Fproc%2F12314%2F.." "Mozilla/5.0 AppleWebKit/537.36 (KHTML, like Gecko; compatible; GPTBot/1.3; +https://openai.com/gptbot)"
74.7.241.51 - - [02/Mar/2026:19:06:51 +0000] "GET /whsy.php?p=%2Fproc%2F8534 HTTP/2.0" 200 839 "https://www.argowellsproperties.com.lab2454.com/whsy.php?e=sysrq-trigger&p=%2Fproc" "Mozilla/5.0 AppleWebKit/537.36 (KHTML, like Gecko; compatible; GPTBot/1.3; +https://openai.com/gptbot)"
74.7.241.51 - - [02/Mar/2026:19:08:24 +0000] "GET /whsy.php?p=%2Fproc%2F2355 HTTP/2.0" 200 839 "https://www.argowellsproperties.com.lab2454.com/whsy.php?p=%2Fproc%2F26025%2F.." "Mozilla/5.0 AppleWebKit/537.36 (KHTML, like Gecko; compatible; GPTBot/1.3; +https://openai.com/gptbot)"
74.7.175.169 - - [02/Mar/2026:19:08:25 +0000] "GET /robots.txt HTTP/2.0" 404 - "-" "Mozilla/5.0 (Macintosh; Intel Mac OS X 10_15_7) AppleWebKit/537.36 (KHTML, like Gecko) Chrome/131.0.0.0 Safari/537.36; compatible; OAI-SearchBot/1.3; robots.txt; +https://openai.com/searchbot"
74.7.241.51 - - [02/Mar/2026:19:09:53 +0000] "GET /whsy.php?p=%2Fproc%2F3703 HTTP/2.0" 200 839 "https://www.argowellsproperties.com.lab2454.com/whsy.php?p=%2Fproc%2F15146%2F.." "Mozilla/5.0 AppleWebKit/537.36 (KHTML, like Gecko; compatible; GPTBot/1.3; +https://openai.com/gptbot)"
74.7.241.51 - - [02/Mar/2026:19:11:17 +0000] "GET /whsy.php?p=%2Fproc%2F6144 HTTP/2.0" 200 839 "https://www.argowellsproperties.com.lab2454.com/whsy.php?p=%2Fproc%2F13667%2F.." "Mozilla/5.0 AppleWebKit/537.36 (KHTML, like Gecko; compatible; GPTBot/1.3; +https://openai.com/gptbot)"
74.7.241.51 - - [02/Mar/2026:19:12:53 +0000] "GET /whsy.php?p=%2Fproc%2F8342 HTTP/2.0" 200 839 "https://www.argowellsproperties.com.lab2454.com/whsy.php?p=%2Fproc%2F10469%2F.." "Mozilla/5.0 AppleWebKit/537.36 (KHTML, like Gecko; compatible; GPTBot/1.3; +https://openai.com/gptbot)"
74.7.241.51 - - [02/Mar/2026:19:14:34 +0000] "GET /whsy.php?p=%2Fproc%2F5710 HTTP/2.0" 200 839 "https://www.argowellsproperties.com.lab2454.com/whsy.php?p=%2Fproc%2F5207%2F.." "Mozilla/5.0 AppleWebKit/537.36 (KHTML, like Gecko; compatible; GPTBot/1.3; +https://openai.com/gptbot)"
74.7.175.169 - - [02/Mar/2026:19:14:35 +0000] "GET /robots.txt HTTP/2.0" 404 - "-" "Mozilla/5.0 (Macintosh; Intel Mac OS X 10_15_7) AppleWebKit/537.36 (KHTML, like Gecko) Chrome/131.0.0.0 Safari/537.36; compatible; OAI-SearchBot/1.3; robots.txt; +https://openai.com/searchbot"
74.7.241.51 - - [02/Mar/2026:19:16:01 +0000] "GET /whsy.php?p=%2Fproc%2F4402 HTTP/2.0" 200 839 "https://www.argowellsproperties.com.lab2454.com/whsy.php?p=%2Fproc%2F15700%2F.." "Mozilla/5.0 AppleWebKit/537.36 (KHTML, like Gecko; compatible; GPTBot/1.3; +https://openai.com/gptbot)"
74.7.241.51 - - [02/Mar/2026:19:17:27 +0000] "GET /whsy.php?p=%2Fproc%2F6027 HTTP/2.0" 200 839 "https://www.argowellsproperties.com.lab2454.com/whsy.php?p=%2Fproc%2F18279%2F.." "Mozilla/5.0 AppleWebKit/537.36 (KHTML, like Gecko; compatible; GPTBot/1.3; +https://openai.com/gptbot)"
74.7.241.51 - - [02/Mar/2026:19:19:06 +0000] "GET /whsy.php?p=%2Fproc%2F1828 HTTP/2.0" 200 839 "https://www.argowellsproperties.com.lab2454.com/whsy.php?p=%2Fproc%2F28492%2F.." "Mozilla/5.0 AppleWebKit/537.36 (KHTML, like Gecko; compatible; GPTBot/1.3; +https://openai.com/gptbot)"
74.7.241.51 - - [02/Mar/2026:19:20:36 +0000] "GET /whsy.php?p=%2Fproc%2F1726 HTTP/2.0" 200 839 "https://www.argowellsproperties.com.lab2454.com/whsy.php?p=%2Fproc%2F26027%2F.." "Mozilla/5.0 AppleWebKit/537.36 (KHTML, like Gecko; compatible; GPTBot/1.3; +https://openai.com/gptbot)"
74.7.241.51 - - [02/Mar/2026:19:21:48 +0000] "GET /whsy.php?p=%2Fproc%2F9249 HTTP/2.0" 200 839 "https://www.argowellsproperties.com.lab2454.com/whsy.php?p=%2Fproc%2F10457%2F.." "Mozilla/5.0 AppleWebKit/537.36 (KHTML, like Gecko; compatible; GPTBot/1.3; +https://openai.com/gptbot)"
74.7.241.51 - - [02/Mar/2026:19:23:01 +0000] "GET /whsy.php?p=%2Fproc%2F1421 HTTP/2.0" 200 839 "https://www.argowellsproperties.com.lab2454.com/whsy.php?p=%2Fproc%2F13077%2F.." "Mozilla/5.0 AppleWebKit/537.36 (KHTML, like Gecko; compatible; GPTBot/1.3; +https://openai.com/gptbot)"
74.7.241.51 - - [02/Mar/2026:19:24:39 +0000] "GET /whsy.php?p=%2Fproc%2F4084 HTTP/2.0" 200 839 "https://www.argowellsproperties.com.lab2454.com/whsy.php?p=%2Fproc%2F25791%2F.." "Mozilla/5.0 AppleWebKit/537.36 (KHTML, like Gecko; compatible; GPTBot/1.3; +https://openai.com/gptbot)"
74.7.241.51 - - [02/Mar/2026:19:26:09 +0000] "GET /whsy.php?p=%2Fproc%2F4098 HTTP/2.0" 200 839 "https://www.argowellsproperties.com.lab2454.com/whsy.php?p=%2Fproc%2F16769%2F.." "Mozilla/5.0 AppleWebKit/537.36 (KHTML, like Gecko; compatible; GPTBot/1.3; +https://openai.com/gptbot)"
74.7.175.169 - - [02/Mar/2026:19:26:11 +0000] "GET /robots.txt HTTP/2.0" 404 - "-" "Mozilla/5.0 (Macintosh; Intel Mac OS X 10_15_7) AppleWebKit/537.36 (KHTML, like Gecko) Chrome/131.0.0.0 Safari/537.36; compatible; OAI-SearchBot/1.3; robots.txt; +https://openai.com/searchbot"
74.7.241.51 - - [02/Mar/2026:19:27:39 +0000] "GET /whsy.php?p=%2Fproc%2F8461 HTTP/2.0" 200 839 "https://www.argowellsproperties.com.lab2454.com/whsy.php?p=%2Fproc%2F29782%2F.." "Mozilla/5.0 AppleWebKit/537.36 (KHTML, like Gecko; compatible; GPTBot/1.3; +https://openai.com/gptbot)"
74.7.241.51 - - [02/Mar/2026:19:29:13 +0000] "GET /whsy.php?p=%2Fproc%2F4567 HTTP/2.0" 200 839 "https://www.argowellsproperties.com.lab2454.com/whsy.php?p=%2Fproc%2F19817%2F.." "Mozilla/5.0 AppleWebKit/537.36 (KHTML, like Gecko; compatible; GPTBot/1.3; +https://openai.com/gptbot)"
74.7.241.51 - - [02/Mar/2026:19:30:35 +0000] "GET /whsy.php?p=%2Fproc%2F8155 HTTP/2.0" 200 839 "https://www.argowellsproperties.com.lab2454.com/whsy.php?p=%2Fproc%2F13648%2F.." "Mozilla/5.0 AppleWebKit/537.36 (KHTML, like Gecko; compatible; GPTBot/1.3; +https://openai.com/gptbot)"
74.7.241.51 - - [02/Mar/2026:19:31:55 +0000] "GET /whsy.php?p=%2Fproc%2F8749 HTTP/2.0" 200 839 "https://www.argowellsproperties.com.lab2454.com/whsy.php?p=%2Fproc%2F9373%2F.." "Mozilla/5.0 AppleWebKit/537.36 (KHTML, like Gecko; compatible; GPTBot/1.3; +https://openai.com/gptbot)"
74.7.175.169 - - [02/Mar/2026:19:31:57 +0000] "GET /robots.txt HTTP/2.0" 404 - "-" "Mozilla/5.0 (Macintosh; Intel Mac OS X 10_15_7) AppleWebKit/537.36 (KHTML, like Gecko) Chrome/131.0.0.0 Safari/537.36; compatible; OAI-SearchBot/1.3; robots.txt; +https://openai.com/searchbot"
74.7.241.51 - - [02/Mar/2026:19:33:08 +0000] "GET /whsy.php?p=%2Fproc%2F1050 HTTP/2.0" 200 839 "https://www.argowellsproperties.com.lab2454.com/whsy.php?p=%2Fproc%2F11891%2F.." "Mozilla/5.0 AppleWebKit/537.36 (KHTML, like Gecko; compatible; GPTBot/1.3; +https://openai.com/gptbot)"
74.7.241.51 - - [02/Mar/2026:19:34:35 +0000] "GET /whsy.php?p=%2Fproc%2F8785 HTTP/2.0" 200 839 "https://www.argowellsproperties.com.lab2454.com/whsy.php?p=%2Fproc%2F26834%2F.." "Mozilla/5.0 AppleWebKit/537.36 (KHTML, like Gecko; compatible; GPTBot/1.3; +https://openai.com/gptbot)"
74.7.241.51 - - [02/Mar/2026:19:35:58 +0000] "GET /whsy.php?p=%2Fproc%2F2456 HTTP/2.0" 200 839 "https://www.argowellsproperties.com.lab2454.com/whsy.php?p=%2Fproc%2F24130%2F.." "Mozilla/5.0 AppleWebKit/537.36 (KHTML, like Gecko; compatible; GPTBot/1.3; +https://openai.com/gptbot)"
74.7.241.51 - - [02/Mar/2026:19:37:15 +0000] "GET /whsy.php?p=%2Fproc%2F5343 HTTP/2.0" 200 839 "https://www.argowellsproperties.com.lab2454.com/whsy.php?p=%2Fproc%2F28849%2F.." "Mozilla/5.0 AppleWebKit/537.36 (KHTML, like Gecko; compatible; GPTBot/1.3; +https://openai.com/gptbot)"
74.7.175.169 - - [02/Mar/2026:19:37:16 +0000] "GET /robots.txt HTTP/2.0" 404 - "-" "Mozilla/5.0 (Macintosh; Intel Mac OS X 10_15_7) AppleWebKit/537.36 (KHTML, like Gecko) Chrome/131.0.0.0 Safari/537.36; compatible; OAI-SearchBot/1.3; robots.txt; +https://openai.com/searchbot"
74.7.241.51 - - [02/Mar/2026:19:38:36 +0000] "GET /whsy.php?p=%2Fproc%2F8755 HTTP/2.0" 200 839 "https://www.argowellsproperties.com.lab2454.com/whsy.php?p=%2Fproc%2Fpressure%2F.." "Mozilla/5.0 AppleWebKit/537.36 (KHTML, like Gecko; compatible; GPTBot/1.3; +https://openai.com/gptbot)"
74.7.241.51 - - [02/Mar/2026:19:39:42 +0000] "GET /whsy.php?p=%2Fproc%2F8421 HTTP/2.0" 200 839 "https://www.argowellsproperties.com.lab2454.com/whsy.php?p=%2Fproc%2F30533%2F.." "Mozilla/5.0 AppleWebKit/537.36 (KHTML, like Gecko; compatible; GPTBot/1.3; +https://openai.com/gptbot)"
74.7.241.51 - - [02/Mar/2026:19:41:02 +0000] "GET /whsy.php?p=%2Fproc%2F9286 HTTP/2.0" 200 839 "https://www.argowellsproperties.com.lab2454.com/whsy.php?e=interrupts&p=%2Fproc" "Mozilla/5.0 AppleWebKit/537.36 (KHTML, like Gecko; compatible; GPTBot/1.3; +https://openai.com/gptbot)"
74.7.241.51 - - [02/Mar/2026:19:41:56 +0000] "GET /whsy.php?p=%2Fproc%2F8449 HTTP/2.0" 200 839 "https://www.argowellsproperties.com.lab2454.com/whsy.php?p=%2Fproc%2F6923%2F.." "Mozilla/5.0 AppleWebKit/537.36 (KHTML, like Gecko; compatible; GPTBot/1.3; +https://openai.com/gptbot)"
74.7.241.51 - - [02/Mar/2026:19:43:11 +0000] "GET /whsy.php?p=%2Fproc%2F1753 HTTP/2.0" 200 839 "https://www.argowellsproperties.com.lab2454.com/whsy.php?p=%2Fproc%2F29415%2F.." "Mozilla/5.0 AppleWebKit/537.36 (KHTML, like Gecko; compatible; GPTBot/1.3; +https://openai.com/gptbot)"
74.7.175.169 - - [02/Mar/2026:19:43:12 +0000] "GET /robots.txt HTTP/2.0" 404 - "-" "Mozilla/5.0 (Macintosh; Intel Mac OS X 10_15_7) AppleWebKit/537.36 (KHTML, like Gecko) Chrome/131.0.0.0 Safari/537.36; compatible; OAI-SearchBot/1.3; robots.txt; +https://openai.com/searchbot"
74.7.241.51 - - [02/Mar/2026:19:44:30 +0000] "GET /whsy.php?p=%2Fproc%2F8979 HTTP/2.0" 200 839 "https://www.argowellsproperties.com.lab2454.com/whsy.php?p=%2Fproc%2F23770%2F.." "Mozilla/5.0 AppleWebKit/537.36 (KHTML, like Gecko; compatible; GPTBot/1.3; +https://openai.com/gptbot)"
74.7.241.51 - - [02/Mar/2026:19:46:01 +0000] "GET /whsy.php?p=%2Fproc%2F1747 HTTP/2.0" 200 839 "https://www.argowellsproperties.com.lab2454.com/whsy.php?p=%2Fproc%2F10054%2F.." "Mozilla/5.0 AppleWebKit/537.36 (KHTML, like Gecko; compatible; GPTBot/1.3; +https://openai.com/gptbot)"
74.7.241.51 - - [02/Mar/2026:19:47:04 +0000] "GET /whsy.php?p=%2Fproc%2F3930 HTTP/2.0" 200 839 "https://www.argowellsproperties.com.lab2454.com/whsy.php?p=%2Fproc%2F24680%2F.." "Mozilla/5.0 AppleWebKit/537.36 (KHTML, like Gecko; compatible; GPTBot/1.3; +https://openai.com/gptbot)"
74.7.241.51 - - [02/Mar/2026:19:48:30 +0000] "GET /whsy.php?p=%2Fproc%2F5015 HTTP/2.0" 200 839 "https://www.argowellsproperties.com.lab2454.com/whsy.php?p=%2Fproc%2F23437%2F.." "Mozilla/5.0 AppleWebKit/537.36 (KHTML, like Gecko; compatible; GPTBot/1.3; +https://openai.com/gptbot)"
74.7.175.169 - - [02/Mar/2026:19:48:31 +0000] "GET /robots.txt HTTP/2.0" 404 - "-" "Mozilla/5.0 (Macintosh; Intel Mac OS X 10_15_7) AppleWebKit/537.36 (KHTML, like Gecko) Chrome/131.0.0.0 Safari/537.36; compatible; OAI-SearchBot/1.3; robots.txt; +https://openai.com/searchbot"
74.7.241.51 - - [02/Mar/2026:19:49:54 +0000] "GET /whsy.php?p=%2Fproc%2F4109 HTTP/2.0" 200 839 "https://www.argowellsproperties.com.lab2454.com/whsy.php?e=vmallocinfo&p=%2Fproc" "Mozilla/5.0 AppleWebKit/537.36 (KHTML, like Gecko; compatible; GPTBot/1.3; +https://openai.com/gptbot)"
74.7.241.51 - - [02/Mar/2026:19:51:31 +0000] "GET /whsy.php?p=%2Fproc%2F8531 HTTP/2.0" 200 839 "https://www.argowellsproperties.com.lab2454.com/whsy.php?p=%2Fproc%2F14099%2F.." "Mozilla/5.0 AppleWebKit/537.36 (KHTML, like Gecko; compatible; GPTBot/1.3; +https://openai.com/gptbot)"
74.7.241.51 - - [02/Mar/2026:19:52:48 +0000] "GET /whsy.php?p=%2Fproc%2F6127 HTTP/2.0" 200 839 "https://www.argowellsproperties.com.lab2454.com/whsy.php?p=%2Fproc%2F11361%2F.." "Mozilla/5.0 AppleWebKit/537.36 (KHTML, like Gecko; compatible; GPTBot/1.3; +https://openai.com/gptbot)"
74.7.241.51 - - [02/Mar/2026:19:54:13 +0000] "GET /whsy.php?p=%2Fproc%2F3664 HTTP/2.0" 200 839 "https://www.argowellsproperties.com.lab2454.com/whsy.php?p=%2Fproc%2F21902%2F.." "Mozilla/5.0 AppleWebKit/537.36 (KHTML, like Gecko; compatible; GPTBot/1.3; +https://openai.com/gptbot)"
74.7.175.169 - - [02/Mar/2026:19:54:14 +0000] "GET /robots.txt HTTP/2.0" 404 - "-" "Mozilla/5.0 (Macintosh; Intel Mac OS X 10_15_7) AppleWebKit/537.36 (KHTML, like Gecko) Chrome/131.0.0.0 Safari/537.36; compatible; OAI-SearchBot/1.3; robots.txt; +https://openai.com/searchbot"
74.7.241.51 - - [02/Mar/2026:19:55:17 +0000] "GET /whsy.php?p=%2Fproc%2F3054 HTTP/2.0" 200 839 "https://www.argowellsproperties.com.lab2454.com/whsy.php?p=%2Fproc%2F20864%2F.." "Mozilla/5.0 AppleWebKit/537.36 (KHTML, like Gecko; compatible; GPTBot/1.3; +https://openai.com/gptbot)"
74.7.241.51 - - [02/Mar/2026:19:56:38 +0000] "GET /whsy.php?p=%2Fproc%2F6186 HTTP/2.0" 200 839 "https://www.argowellsproperties.com.lab2454.com/whsy.php?p=%2Fproc%2F19734%2F.." "Mozilla/5.0 AppleWebKit/537.36 (KHTML, like Gecko; compatible; GPTBot/1.3; +https://openai.com/gptbot)"
74.7.241.51 - - [02/Mar/2026:19:57:53 +0000] "GET /whsy.php?p=%2Fproc%2F1120 HTTP/2.0" 200 839 "https://www.argowellsproperties.com.lab2454.com/whsy.php?p=%2Fproc%2F28570%2F.." "Mozilla/5.0 AppleWebKit/537.36 (KHTML, like Gecko; compatible; GPTBot/1.3; +https://openai.com/gptbot)"
74.7.241.51 - - [02/Mar/2026:19:58:54 +0000] "GET /whsy.php?p=%2Fproc%2F7193 HTTP/2.0" 200 839 "https://www.argowellsproperties.com.lab2454.com/whsy.php?e=4704&p=%2Fproc" "Mozilla/5.0 AppleWebKit/537.36 (KHTML, like Gecko; compatible; GPTBot/1.3; +https://openai.com/gptbot)"
74.7.241.51 - - [02/Mar/2026:20:00:12 +0000] "GET /whsy.php?p=%2Fproc%2F2915 HTTP/2.0" 200 839 "https://www.argowellsproperties.com.lab2454.com/whsy.php?p=%2Fproc%2F30533%2F.." "Mozilla/5.0 AppleWebKit/537.36 (KHTML, like Gecko; compatible; GPTBot/1.3; +https://openai.com/gptbot)"
74.7.175.169 - - [02/Mar/2026:20:00:13 +0000] "GET /robots.txt HTTP/2.0" 404 - "-" "Mozilla/5.0 (Macintosh; Intel Mac OS X 10_15_7) AppleWebKit/537.36 (KHTML, like Gecko) Chrome/131.0.0.0 Safari/537.36; compatible; OAI-SearchBot/1.3; robots.txt; +https://openai.com/searchbot"
74.7.241.51 - - [02/Mar/2026:20:01:21 +0000] "GET /whsy.php?p=%2Fproc%2F1096 HTTP/2.0" 200 839 "https://www.argowellsproperties.com.lab2454.com/whsy.php?p=%2Fproc%2F10859%2F.." "Mozilla/5.0 AppleWebKit/537.36 (KHTML, like Gecko; compatible; GPTBot/1.3; +https://openai.com/gptbot)"
74.7.241.51 - - [02/Mar/2026:20:02:45 +0000] "GET /whsy.php?p=%2Fproc%2F2553 HTTP/2.0" 200 839 "https://www.argowellsproperties.com.lab2454.com/whsy.php?p=%2Fproc%2F23807%2F.." "Mozilla/5.0 AppleWebKit/537.36 (KHTML, like Gecko; compatible; GPTBot/1.3; +https://openai.com/gptbot)"
74.7.241.51 - - [02/Mar/2026:20:04:07 +0000] "GET /whsy.php?p=%2Fproc%2F4631 HTTP/2.0" 200 839 "https://www.argowellsproperties.com.lab2454.com/whsy.php?e=vmstat&p=%2Fproc" "Mozilla/5.0 AppleWebKit/537.36 (KHTML, like Gecko; compatible; GPTBot/1.3; +https://openai.com/gptbot)"
74.7.241.51 - - [02/Mar/2026:20:05:25 +0000] "GET /whsy.php?p=%2Fproc%2F5399 HTTP/2.0" 200 839 "https://www.argowellsproperties.com.lab2454.com/whsy.php?p=%2Fproc%2F30533%2F.." "Mozilla/5.0 AppleWebKit/537.36 (KHTML, like Gecko; compatible; GPTBot/1.3; +https://openai.com/gptbot)"
74.7.175.169 - - [02/Mar/2026:20:05:26 +0000] "GET /robots.txt HTTP/2.0" 404 - "-" "Mozilla/5.0 (Macintosh; Intel Mac OS X 10_15_7) AppleWebKit/537.36 (KHTML, like Gecko) Chrome/131.0.0.0 Safari/537.36; compatible; OAI-SearchBot/1.3; robots.txt; +https://openai.com/searchbot"
74.7.241.51 - - [02/Mar/2026:20:06:49 +0000] "GET /whsy.php?p=%2Fproc%2F1633 HTTP/2.0" 200 839 "https://www.argowellsproperties.com.lab2454.com/whsy.php?e=810&p=%2Fproc" "Mozilla/5.0 AppleWebKit/537.36 (KHTML, like Gecko; compatible; GPTBot/1.3; +https://openai.com/gptbot)"
74.7.241.51 - - [02/Mar/2026:20:08:08 +0000] "GET /whsy.php?p=%2Fproc%2F5447 HTTP/2.0" 200 839 "https://www.argowellsproperties.com.lab2454.com/whsy.php?p=%2Fproc%2F13501%2F.." "Mozilla/5.0 AppleWebKit/537.36 (KHTML, like Gecko; compatible; GPTBot/1.3; +https://openai.com/gptbot)"
74.7.241.51 - - [02/Mar/2026:20:09:35 +0000] "GET /whsy.php?p=%2Fproc%2F7300 HTTP/2.0" 200 839 "https://www.argowellsproperties.com.lab2454.com/whsy.php?p=%2Fproc%2F30370%2F.." "Mozilla/5.0 AppleWebKit/537.36 (KHTML, like Gecko; compatible; GPTBot/1.3; +https://openai.com/gptbot)"
74.7.241.51 - - [02/Mar/2026:20:10:55 +0000] "GET /whsy.php?p=%2Fproc%2F8130 HTTP/2.0" 200 839 "https://www.argowellsproperties.com.lab2454.com/whsy.php?p=%2Fproc%2F9972%2F.." "Mozilla/5.0 AppleWebKit/537.36 (KHTML, like Gecko; compatible; GPTBot/1.3; +https://openai.com/gptbot)"
74.7.175.169 - - [02/Mar/2026:20:10:56 +0000] "GET /robots.txt HTTP/2.0" 404 - "-" "Mozilla/5.0 (Macintosh; Intel Mac OS X 10_15_7) AppleWebKit/537.36 (KHTML, like Gecko) Chrome/131.0.0.0 Safari/537.36; compatible; OAI-SearchBot/1.3; robots.txt; +https://openai.com/searchbot"
74.7.241.51 - - [02/Mar/2026:20:11:58 +0000] "GET /whsy.php?p=%2Fproc%2F8863 HTTP/2.0" 200 839 "https://www.argowellsproperties.com.lab2454.com/whsy.php?p=%2Fproc%2F13536%2F.." "Mozilla/5.0 AppleWebKit/537.36 (KHTML, like Gecko; compatible; GPTBot/1.3; +https://openai.com/gptbot)"
74.7.241.51 - - [02/Mar/2026:20:13:28 +0000] "GET /whsy.php?p=%2Fproc%2F5130 HTTP/2.0" 200 839 "https://www.argowellsproperties.com.lab2454.com/whsy.php?e=kmsg&p=%2Fproc" "Mozilla/5.0 AppleWebKit/537.36 (KHTML, like Gecko; compatible; GPTBot/1.3; +https://openai.com/gptbot)"
74.7.241.51 - - [02/Mar/2026:20:14:40 +0000] "GET /whsy.php?p=%2Fproc%2F9648 HTTP/2.0" 200 839 "https://www.argowellsproperties.com.lab2454.com/whsy.php?p=%2Fproc%2F23609%2F.." "Mozilla/5.0 AppleWebKit/537.36 (KHTML, like Gecko; compatible; GPTBot/1.3; +https://openai.com/gptbot)"
74.7.241.51 - - [02/Mar/2026:20:16:17 +0000] "GET /whsy.php?p=%2Fproc%2F7480 HTTP/2.0" 200 839 "https://www.argowellsproperties.com.lab2454.com/whsy.php?p=%2Fproc%2F30621%2F.." "Mozilla/5.0 AppleWebKit/537.36 (KHTML, like Gecko; compatible; GPTBot/1.3; +https://openai.com/gptbot)"
74.7.175.169 - - [02/Mar/2026:20:16:18 +0000] "GET /robots.txt HTTP/2.0" 404 - "-" "Mozilla/5.0 (Macintosh; Intel Mac OS X 10_15_7) AppleWebKit/537.36 (KHTML, like Gecko) Chrome/131.0.0.0 Safari/537.36; compatible; OAI-SearchBot/1.3; robots.txt; +https://openai.com/searchbot"
74.7.241.51 - - [02/Mar/2026:20:17:38 +0000] "GET /whsy.php?p=%2Fproc%2F3841 HTTP/2.0" 200 839 "https://www.argowellsproperties.com.lab2454.com/whsy.php?p=%2Fproc%2F27966%2F.." "Mozilla/5.0 AppleWebKit/537.36 (KHTML, like Gecko; compatible; GPTBot/1.3; +https://openai.com/gptbot)"
74.7.241.51 - - [02/Mar/2026:20:18:55 +0000] "GET /whsy.php?p=%2Fproc%2F7765 HTTP/2.0" 200 839 "https://www.argowellsproperties.com.lab2454.com/whsy.php?p=%2Fproc%2F22175%2F.." "Mozilla/5.0 AppleWebKit/537.36 (KHTML, like Gecko; compatible; GPTBot/1.3; +https://openai.com/gptbot)"
74.7.241.51 - - [02/Mar/2026:20:20:09 +0000] "GET /whsy.php?p=%2Fproc%2F2566 HTTP/2.0" 200 839 "https://www.argowellsproperties.com.lab2454.com/whsy.php?p=%2Fproc%2F6929%2F.." "Mozilla/5.0 AppleWebKit/537.36 (KHTML, like Gecko; compatible; GPTBot/1.3; +https://openai.com/gptbot)"
74.7.241.51 - - [02/Mar/2026:20:21:43 +0000] "GET /whsy.php?p=%2Fproc%2F9167 HTTP/2.0" 200 839 "https://www.argowellsproperties.com.lab2454.com/whsy.php?e=kmsg&p=%2Fproc" "Mozilla/5.0 AppleWebKit/537.36 (KHTML, like Gecko; compatible; GPTBot/1.3; +https://openai.com/gptbot)"
74.7.241.51 - - [02/Mar/2026:20:23:18 +0000] "GET /whsy.php?p=%2Fproc%2F6564 HTTP/2.0" 200 839 "https://www.argowellsproperties.com.lab2454.com/whsy.php?p=%2Fproc%2F26978%2F.." "Mozilla/5.0 AppleWebKit/537.36 (KHTML, like Gecko; compatible; GPTBot/1.3; +https://openai.com/gptbot)"
74.7.241.51 - - [02/Mar/2026:20:24:50 +0000] "GET /whsy.php?p=%2Fproc%2F9123 HTTP/2.0" 200 839 "https://www.argowellsproperties.com.lab2454.com/whsy.php?p=%2Fproc%2F17550%2F.." "Mozilla/5.0 AppleWebKit/537.36 (KHTML, like Gecko; compatible; GPTBot/1.3; +https://openai.com/gptbot)"
74.7.241.51 - - [02/Mar/2026:20:26:27 +0000] "GET /whsy.php?p=%2Fproc%2F3743 HTTP/2.0" 200 839 "https://www.argowellsproperties.com.lab2454.com/whsy.php?p=%2Fproc%2F389%2F.." "Mozilla/5.0 AppleWebKit/537.36 (KHTML, like Gecko; compatible; GPTBot/1.3; +https://openai.com/gptbot)"
74.7.241.51 - - [02/Mar/2026:20:28:09 +0000] "GET /whsy.php?p=%2Fproc%2F7914 HTTP/2.0" 200 839 "https://www.argowellsproperties.com.lab2454.com/whsy.php?p=%2Fproc%2F28508%2F.." "Mozilla/5.0 AppleWebKit/537.36 (KHTML, like Gecko; compatible; GPTBot/1.3; +https://openai.com/gptbot)"
74.7.175.169 - - [02/Mar/2026:20:28:10 +0000] "GET /robots.txt HTTP/2.0" 404 - "-" "Mozilla/5.0 (Macintosh; Intel Mac OS X 10_15_7) AppleWebKit/537.36 (KHTML, like Gecko) Chrome/131.0.0.0 Safari/537.36; compatible; OAI-SearchBot/1.3; robots.txt; +https://openai.com/searchbot"
74.7.241.51 - - [02/Mar/2026:20:30:05 +0000] "GET /whsy.php?p=%2Fproc%2F1158 HTTP/2.0" 200 839 "https://www.argowellsproperties.com.lab2454.com/whsy.php?p=%2Fproc%2F23187%2F.." "Mozilla/5.0 AppleWebKit/537.36 (KHTML, like Gecko; compatible; GPTBot/1.3; +https://openai.com/gptbot)"
74.7.241.51 - - [02/Mar/2026:20:31:54 +0000] "GET /whsy.php?p=%2Fproc%2F9124 HTTP/2.0" 200 839 "https://www.argowellsproperties.com.lab2454.com/whsy.php?p=%2Fproc%2F28849%2F.." "Mozilla/5.0 AppleWebKit/537.36 (KHTML, like Gecko; compatible; GPTBot/1.3; +https://openai.com/gptbot)"
74.7.241.51 - - [02/Mar/2026:20:33:29 +0000] "GET /whsy.php?p=%2Fproc%2F9771 HTTP/2.0" 200 839 "https://www.argowellsproperties.com.lab2454.com/whsy.php?p=%2Fproc%2F17550%2F.." "Mozilla/5.0 AppleWebKit/537.36 (KHTML, like Gecko; compatible; GPTBot/1.3; +https://openai.com/gptbot)"
74.7.175.169 - - [02/Mar/2026:20:33:30 +0000] "GET /robots.txt HTTP/2.0" 404 - "-" "Mozilla/5.0 (Macintosh; Intel Mac OS X 10_15_7) AppleWebKit/537.36 (KHTML, like Gecko) Chrome/131.0.0.0 Safari/537.36; compatible; OAI-SearchBot/1.3; robots.txt; +https://openai.com/searchbot"
74.7.241.51 - - [02/Mar/2026:20:34:55 +0000] "GET /whsy.php?p=%2Fproc%2F5542 HTTP/2.0" 200 839 "https://www.argowellsproperties.com.lab2454.com/whsy.php?p=%2Fproc%2F28431%2F.." "Mozilla/5.0 AppleWebKit/537.36 (KHTML, like Gecko; compatible; GPTBot/1.3; +https://openai.com/gptbot)"
74.7.241.51 - - [02/Mar/2026:20:36:26 +0000] "GET /whsy.php?p=%2Fproc%2F8085 HTTP/2.0" 200 839 "https://www.argowellsproperties.com.lab2454.com/whsy.php?e=execdomains&p=%2Fproc" "Mozilla/5.0 AppleWebKit/537.36 (KHTML, like Gecko; compatible; GPTBot/1.3; +https://openai.com/gptbot)"
74.7.241.51 - - [02/Mar/2026:20:37:43 +0000] "GET /whsy.php?p=%2Fproc%2F4701 HTTP/2.0" 200 839 "https://www.argowellsproperties.com.lab2454.com/whsy.php?p=%2Fproc%2F21567%2F.." "Mozilla/5.0 AppleWebKit/537.36 (KHTML, like Gecko; compatible; GPTBot/1.3; +https://openai.com/gptbot)"
74.7.241.51 - - [02/Mar/2026:20:39:23 +0000] "GET /whsy.php?p=%2Fproc%2F2498 HTTP/2.0" 200 839 "https://www.argowellsproperties.com.lab2454.com/whsy.php?p=%2Fproc%2F29415%2F.." "Mozilla/5.0 AppleWebKit/537.36 (KHTML, like Gecko; compatible; GPTBot/1.3; +https://openai.com/gptbot)"
74.7.175.169 - - [02/Mar/2026:20:39:24 +0000] "GET /robots.txt HTTP/2.0" 404 - "-" "Mozilla/5.0 (Macintosh; Intel Mac OS X 10_15_7) AppleWebKit/537.36 (KHTML, like Gecko) Chrome/131.0.0.0 Safari/537.36; compatible; OAI-SearchBot/1.3; robots.txt; +https://openai.com/searchbot"
74.7.241.51 - - [02/Mar/2026:20:40:54 +0000] "GET /whsy.php?p=%2Fproc%2F5191 HTTP/2.0" 200 839 "https://www.argowellsproperties.com.lab2454.com/whsy.php?p=%2Fproc%2F22926%2F.." "Mozilla/5.0 AppleWebKit/537.36 (KHTML, like Gecko; compatible; GPTBot/1.3; +https://openai.com/gptbot)"
74.7.241.51 - - [02/Mar/2026:20:42:40 +0000] "GET /whsy.php?p=%2Fproc%2F5031 HTTP/2.0" 200 839 "https://www.argowellsproperties.com.lab2454.com/whsy.php?e=kmsg&p=%2Fproc" "Mozilla/5.0 AppleWebKit/537.36 (KHTML, like Gecko; compatible; GPTBot/1.3; +https://openai.com/gptbot)"
74.7.241.51 - - [02/Mar/2026:20:44:11 +0000] "GET /whsy.php?p=%2Fproc%2F5489 HTTP/2.0" 200 839 "https://www.argowellsproperties.com.lab2454.com/whsy.php?p=%2Fproc%2F22925%2F.." "Mozilla/5.0 AppleWebKit/537.36 (KHTML, like Gecko; compatible; GPTBot/1.3; +https://openai.com/gptbot)"
74.7.241.51 - - [02/Mar/2026:20:46:06 +0000] "GET /whsy.php?p=%2Fproc%2F8967 HTTP/2.0" 200 839 "https://www.argowellsproperties.com.lab2454.com/whsy.php?p=%2Fproc%2F24680%2F.." "Mozilla/5.0 AppleWebKit/537.36 (KHTML, like Gecko; compatible; GPTBot/1.3; +https://openai.com/gptbot)"
74.7.175.169 - - [02/Mar/2026:20:46:07 +0000] "GET /robots.txt HTTP/2.0" 404 - "-" "Mozilla/5.0 (Macintosh; Intel Mac OS X 10_15_7) AppleWebKit/537.36 (KHTML, like Gecko) Chrome/131.0.0.0 Safari/537.36; compatible; OAI-SearchBot/1.3; robots.txt; +https://openai.com/searchbot"
74.7.241.51 - - [02/Mar/2026:20:47:40 +0000] "GET /whsy.php?p=%2Fproc%2F1831 HTTP/2.0" 200 839 "https://www.argowellsproperties.com.lab2454.com/whsy.php?p=%2Fproc%2F10054%2F.." "Mozilla/5.0 AppleWebKit/537.36 (KHTML, like Gecko; compatible; GPTBot/1.3; +https://openai.com/gptbot)"
74.7.241.51 - - [02/Mar/2026:20:49:26 +0000] "GET /whsy.php?p=%2Fproc%2F2484 HTTP/2.0" 200 839 "https://www.argowellsproperties.com.lab2454.com/whsy.php?p=%2Fproc%2F17982%2F.." "Mozilla/5.0 AppleWebKit/537.36 (KHTML, like Gecko; compatible; GPTBot/1.3; +https://openai.com/gptbot)"
74.7.241.51 - - [02/Mar/2026:20:50:52 +0000] "GET /whsy.php?p=%2Fproc%2F5052 HTTP/2.0" 200 839 "https://www.argowellsproperties.com.lab2454.com/whsy.php?p=%2Fproc%2F28431%2F.." "Mozilla/5.0 AppleWebKit/537.36 (KHTML, like Gecko; compatible; GPTBot/1.3; +https://openai.com/gptbot)"
74.7.241.51 - - [02/Mar/2026:20:52:48 +0000] "GET /whsy.php?p=%2Fproc%2F1475 HTTP/2.0" 200 839 "https://www.argowellsproperties.com.lab2454.com/whsy.php?p=%2Fproc%2F4317%2F.." "Mozilla/5.0 AppleWebKit/537.36 (KHTML, like Gecko; compatible; GPTBot/1.3; +https://openai.com/gptbot)"
74.7.175.169 - - [02/Mar/2026:20:52:49 +0000] "GET /robots.txt HTTP/2.0" 404 - "-" "Mozilla/5.0 (Macintosh; Intel Mac OS X 10_15_7) AppleWebKit/537.36 (KHTML, like Gecko) Chrome/131.0.0.0 Safari/537.36; compatible; OAI-SearchBot/1.3; robots.txt; +https://openai.com/searchbot"
74.7.241.51 - - [02/Mar/2026:20:54:52 +0000] "GET /whsy.php?p=%2Fproc%2F2737 HTTP/2.0" 200 839 "https://www.argowellsproperties.com.lab2454.com/whsy.php?p=%2Fproc%2F24680%2F.." "Mozilla/5.0 AppleWebKit/537.36 (KHTML, like Gecko; compatible; GPTBot/1.3; +https://openai.com/gptbot)"
74.7.241.51 - - [02/Mar/2026:20:56:55 +0000] "GET /whsy.php?p=%2Fproc%2F4740 HTTP/2.0" 200 839 "https://www.argowellsproperties.com.lab2454.com/whsy.php?p=%2Fproc%2F31022%2F.." "Mozilla/5.0 AppleWebKit/537.36 (KHTML, like Gecko; compatible; GPTBot/1.3; +https://openai.com/gptbot)"
74.7.241.51 - - [02/Mar/2026:20:59:54 +0000] "GET /whsy.php?p=%2Fproc%2F9195 HTTP/2.0" 200 839 "https://www.argowellsproperties.com.lab2454.com/whsy.php?p=%2Fproc%2F28409%2F.." "Mozilla/5.0 AppleWebKit/537.36 (KHTML, like Gecko; compatible; GPTBot/1.3; +https://openai.com/gptbot)"
74.7.175.169 - - [02/Mar/2026:21:00:03 +0000] "GET /robots.txt HTTP/2.0" 404 - "-" "Mozilla/5.0 (Macintosh; Intel Mac OS X 10_15_7) AppleWebKit/537.36 (KHTML, like Gecko) Chrome/131.0.0.0 Safari/537.36; compatible; OAI-SearchBot/1.3; robots.txt; +https://openai.com/searchbot"
74.7.241.51 - - [02/Mar/2026:21:02:35 +0000] "GET /whsy.php?p=%2Fproc%2F3417 HTTP/2.0" 200 839 "https://www.argowellsproperties.com.lab2454.com/whsy.php?p=%2Fproc%2F30249%2F.." "Mozilla/5.0 AppleWebKit/537.36 (KHTML, like Gecko; compatible; GPTBot/1.3; +https://openai.com/gptbot)"
74.7.241.51 - - [02/Mar/2026:21:05:20 +0000] "GET /whsy.php?p=%2Fproc%2F8738 HTTP/2.0" 200 839 "https://www.argowellsproperties.com.lab2454.com/whsy.php?p=%2Fproc%2F22134%2F.." "Mozilla/5.0 AppleWebKit/537.36 (KHTML, like Gecko; compatible; GPTBot/1.3; +https://openai.com/gptbot)"
74.7.175.169 - - [02/Mar/2026:21:05:29 +0000] "GET /robots.txt HTTP/2.0" 404 - "-" "Mozilla/5.0 (Macintosh; Intel Mac OS X 10_15_7) AppleWebKit/537.36 (KHTML, like Gecko) Chrome/131.0.0.0 Safari/537.36; compatible; OAI-SearchBot/1.3; robots.txt; +https://openai.com/searchbot"
74.7.241.51 - - [02/Mar/2026:21:08:04 +0000] "GET /whsy.php?p=%2Fproc%2F6944 HTTP/2.0" 200 839 "https://www.argowellsproperties.com.lab2454.com/whsy.php?p=%2Fproc%2F13196%2F.." "Mozilla/5.0 AppleWebKit/537.36 (KHTML, like Gecko; compatible; GPTBot/1.3; +https://openai.com/gptbot)"
74.7.241.51 - - [02/Mar/2026:21:10:20 +0000] "GET /whsy.php?p=%2Fproc%2F8443 HTTP/2.0" 200 839 "https://www.argowellsproperties.com.lab2454.com/whsy.php?p=%2Fproc%2F18769%2F.." "Mozilla/5.0 AppleWebKit/537.36 (KHTML, like Gecko; compatible; GPTBot/1.3; +https://openai.com/gptbot)"
74.7.241.51 - - [02/Mar/2026:21:12:40 +0000] "GET /whsy.php?p=%2Fproc%2F5338 HTTP/2.0" 200 839 "https://www.argowellsproperties.com.lab2454.com/whsy.php?p=%2Fproc%2F30370%2F.." "Mozilla/5.0 AppleWebKit/537.36 (KHTML, like Gecko; compatible; GPTBot/1.3; +https://openai.com/gptbot)"
74.7.175.169 - - [02/Mar/2026:21:12:41 +0000] "GET /robots.txt HTTP/2.0" 404 - "-" "Mozilla/5.0 (Macintosh; Intel Mac OS X 10_15_7) AppleWebKit/537.36 (KHTML, like Gecko) Chrome/131.0.0.0 Safari/537.36; compatible; OAI-SearchBot/1.3; robots.txt; +https://openai.com/searchbot"
74.7.241.51 - - [02/Mar/2026:21:14:54 +0000] "GET /whsy.php?p=%2Fproc%2F6235 HTTP/2.0" 200 839 "https://www.argowellsproperties.com.lab2454.com/whsy.php?p=%2F%2Fproc" "Mozilla/5.0 AppleWebKit/537.36 (KHTML, like Gecko; compatible; GPTBot/1.3; +https://openai.com/gptbot)"
74.7.241.51 - - [02/Mar/2026:21:17:00 +0000] "GET /whsy.php?p=%2Fproc%2F4140 HTTP/2.0" 200 1934 "https://www.argowellsproperties.com.lab2454.com/whsy.php?p=%2Fproc%2Fpressure%2F.." "Mozilla/5.0 AppleWebKit/537.36 (KHTML, like Gecko; compatible; GPTBot/1.3; +https://openai.com/gptbot)"
74.7.175.169 - - [02/Mar/2026:21:18:20 +0000] "GET /robots.txt HTTP/2.0" 404 - "-" "Mozilla/5.0 (Macintosh; Intel Mac OS X 10_15_7) AppleWebKit/537.36 (KHTML, like Gecko) Chrome/131.0.0.0 Safari/537.36; compatible; OAI-SearchBot/1.3; robots.txt; +https://openai.com/searchbot"
74.7.241.51 - - [02/Mar/2026:21:19:53 +0000] "GET /whsy.php?p=%2Fproc%2F3427 HTTP/2.0" 200 839 "https://www.argowellsproperties.com.lab2454.com/whsy.php?p=%2Fproc%2F18790%2F.." "Mozilla/5.0 AppleWebKit/537.36 (KHTML, like Gecko; compatible; GPTBot/1.3; +https://openai.com/gptbot)"
74.7.241.51 - - [02/Mar/2026:21:22:24 +0000] "GET /whsy.php?p=%2Fproc%2F9010 HTTP/2.0" 200 839 "https://www.argowellsproperties.com.lab2454.com/whsy.php?p=%2Fproc%2F20864%2F.." "Mozilla/5.0 AppleWebKit/537.36 (KHTML, like Gecko; compatible; GPTBot/1.3; +https://openai.com/gptbot)"
74.7.241.51 - - [02/Mar/2026:21:24:37 +0000] "GET /whsy.php?p=%2Fproc%2F1903 HTTP/2.0" 200 839 "https://www.argowellsproperties.com.lab2454.com/whsy.php?p=%2Fproc%2F19817%2F.." "Mozilla/5.0 AppleWebKit/537.36 (KHTML, like Gecko; compatible; GPTBot/1.3; +https://openai.com/gptbot)"
74.7.175.169 - - [02/Mar/2026:21:24:38 +0000] "GET /robots.txt HTTP/2.0" 404 - "-" "Mozilla/5.0 (Macintosh; Intel Mac OS X 10_15_7) AppleWebKit/537.36 (KHTML, like Gecko) Chrome/131.0.0.0 Safari/537.36; compatible; OAI-SearchBot/1.3; robots.txt; +https://openai.com/searchbot"
