PATH:
var
/
log
/
apache2
/
domlogs
/
lab2454c
74.7.241.51 - - [02/Mar/2026:12:14:08 +0000] "GET /whsy.php?e=environ&p=%2Fproc%2F14827 HTTP/2.0" 200 1936 "https://www.argowellsproperties.com.lab2454.com/whsy.php?p=%2Fproc%2F14827" "Mozilla/5.0 AppleWebKit/537.36 (KHTML, like Gecko; compatible; GPTBot/1.3; +https://openai.com/gptbot)"
74.7.175.169 - - [02/Mar/2026:12:14:09 +0000] "GET /robots.txt HTTP/2.0" 404 - "-" "Mozilla/5.0 (Macintosh; Intel Mac OS X 10_15_7) AppleWebKit/537.36 (KHTML, like Gecko) Chrome/131.0.0.0 Safari/537.36; compatible; OAI-SearchBot/1.3; robots.txt; +https://openai.com/searchbot"
74.7.241.51 - - [02/Mar/2026:12:14:45 +0000] "GET /whsy.php?e=cmdline&p=%2Fproc%2F25855 HTTP/2.0" 200 839 "https://www.argowellsproperties.com.lab2454.com/whsy.php?p=%2Fproc%2F25855" "Mozilla/5.0 AppleWebKit/537.36 (KHTML, like Gecko; compatible; GPTBot/1.3; +https://openai.com/gptbot)"
74.7.241.51 - - [02/Mar/2026:12:15:52 +0000] "GET /whsy.php?p=%2Fproc%2F30140 HTTP/2.0" 200 839 "https://www.argowellsproperties.com.lab2454.com/whsy.php?p=%2Fproc%2F29782%2F.." "Mozilla/5.0 AppleWebKit/537.36 (KHTML, like Gecko; compatible; GPTBot/1.3; +https://openai.com/gptbot)"
74.7.241.51 - - [02/Mar/2026:12:16:40 +0000] "GET /whsy.php?p=%2Fproc%2F30135 HTTP/2.0" 200 839 "https://www.argowellsproperties.com.lab2454.com/whsy.php?p=%2Fproc%2F29782%2F.." "Mozilla/5.0 AppleWebKit/537.36 (KHTML, like Gecko; compatible; GPTBot/1.3; +https://openai.com/gptbot)"
74.7.241.51 - - [02/Mar/2026:12:17:42 +0000] "GET /whsy.php?p=%2Fproc%2F26545 HTTP/2.0" 200 839 "https://www.argowellsproperties.com.lab2454.com/whsy.php?e=811&p=%2Fproc" "Mozilla/5.0 AppleWebKit/537.36 (KHTML, like Gecko; compatible; GPTBot/1.3; +https://openai.com/gptbot)"
74.7.241.51 - - [02/Mar/2026:12:18:35 +0000] "GET /whsy.php?p=%2Fproc%2F30527 HTTP/2.0" 200 839 "https://www.argowellsproperties.com.lab2454.com/whsy.php?p=%2Fproc%2F26963%2F.." "Mozilla/5.0 AppleWebKit/537.36 (KHTML, like Gecko; compatible; GPTBot/1.3; +https://openai.com/gptbot)"
74.7.241.51 - - [02/Mar/2026:12:19:21 +0000] "GET /whsy.php?p=%2Fproc%2F17314 HTTP/2.0" 200 839 "https://www.argowellsproperties.com.lab2454.com/whsy.php?e=30131&p=%2Fproc" "Mozilla/5.0 AppleWebKit/537.36 (KHTML, like Gecko; compatible; GPTBot/1.3; +https://openai.com/gptbot)"
74.7.175.169 - - [02/Mar/2026:12:19:22 +0000] "GET /robots.txt HTTP/2.0" 404 - "-" "Mozilla/5.0 (Macintosh; Intel Mac OS X 10_15_7) AppleWebKit/537.36 (KHTML, like Gecko) Chrome/131.0.0.0 Safari/537.36; compatible; OAI-SearchBot/1.3; robots.txt; +https://openai.com/searchbot"
74.7.241.51 - - [02/Mar/2026:12:20:25 +0000] "GET /whsy.php?p=%2Fproc%2F30125 HTTP/2.0" 200 839 "https://www.argowellsproperties.com.lab2454.com/whsy.php?p=%2Fproc%2F29782%2F.." "Mozilla/5.0 AppleWebKit/537.36 (KHTML, like Gecko; compatible; GPTBot/1.3; +https://openai.com/gptbot)"
74.7.241.51 - - [02/Mar/2026:12:21:24 +0000] "GET /whsy.php?p=%2Fproc%2F25321 HTTP/2.0" 200 839 "https://www.argowellsproperties.com.lab2454.com/whsy.php?e=30131&p=%2Fproc" "Mozilla/5.0 AppleWebKit/537.36 (KHTML, like Gecko; compatible; GPTBot/1.3; +https://openai.com/gptbot)"
74.7.241.51 - - [02/Mar/2026:12:22:28 +0000] "GET /whsy.php?p=%2Fproc%2F32698 HTTP/2.0" 200 839 "https://www.argowellsproperties.com.lab2454.com/whsy.php?e=810&p=%2Fproc" "Mozilla/5.0 AppleWebKit/537.36 (KHTML, like Gecko; compatible; GPTBot/1.3; +https://openai.com/gptbot)"
74.7.241.51 - - [02/Mar/2026:12:23:27 +0000] "GET /whsy.php?p=%2Fproc%2F23586 HTTP/2.0" 200 839 "https://www.argowellsproperties.com.lab2454.com/whsy.php?e=30131&p=%2Fproc" "Mozilla/5.0 AppleWebKit/537.36 (KHTML, like Gecko; compatible; GPTBot/1.3; +https://openai.com/gptbot)"
74.7.241.51 - - [02/Mar/2026:12:24:13 +0000] "GET /whsy.php?p=%2Fproc%2F30145 HTTP/2.0" 200 839 "https://www.argowellsproperties.com.lab2454.com/whsy.php?p=%2Fproc%2F29782%2F.." "Mozilla/5.0 AppleWebKit/537.36 (KHTML, like Gecko; compatible; GPTBot/1.3; +https://openai.com/gptbot)"
74.7.241.51 - - [02/Mar/2026:12:25:24 +0000] "GET /whsy.php?p=%2Fproc%2F30139 HTTP/2.0" 200 839 "https://www.argowellsproperties.com.lab2454.com/whsy.php?p=%2Fproc%2F29782%2F.." "Mozilla/5.0 AppleWebKit/537.36 (KHTML, like Gecko; compatible; GPTBot/1.3; +https://openai.com/gptbot)"
74.7.175.169 - - [02/Mar/2026:12:25:25 +0000] "GET /robots.txt HTTP/2.0" 404 - "-" "Mozilla/5.0 (Macintosh; Intel Mac OS X 10_15_7) AppleWebKit/537.36 (KHTML, like Gecko) Chrome/131.0.0.0 Safari/537.36; compatible; OAI-SearchBot/1.3; robots.txt; +https://openai.com/searchbot"
74.7.241.51 - - [02/Mar/2026:12:26:06 +0000] "GET /whsy.php?p=%2Fproc%2F21960 HTTP/2.0" 200 839 "https://www.argowellsproperties.com.lab2454.com/whsy.php?e=30131&p=%2Fproc" "Mozilla/5.0 AppleWebKit/537.36 (KHTML, like Gecko; compatible; GPTBot/1.3; +https://openai.com/gptbot)"
74.7.241.51 - - [02/Mar/2026:12:26:59 +0000] "GET /whsy.php?p=%2Fproc%2F19039 HTTP/2.0" 200 839 "https://www.argowellsproperties.com.lab2454.com/whsy.php?p=%2Fproc%2F29782%2F.." "Mozilla/5.0 AppleWebKit/537.36 (KHTML, like Gecko; compatible; GPTBot/1.3; +https://openai.com/gptbot)"
74.7.241.51 - - [02/Mar/2026:12:27:52 +0000] "GET /whsy.php?p=%2Fproc%2F32257 HTTP/2.0" 200 839 "https://www.argowellsproperties.com.lab2454.com/whsy.php?p=%2Fproc%2F29782%2F.." "Mozilla/5.0 AppleWebKit/537.36 (KHTML, like Gecko; compatible; GPTBot/1.3; +https://openai.com/gptbot)"
74.7.241.51 - - [02/Mar/2026:12:28:46 +0000] "GET /whsy.php?p=%2Fproc%2F10767 HTTP/2.0" 200 839 "https://www.argowellsproperties.com.lab2454.com/whsy.php?p=%2Fproc%2F29782%2F.." "Mozilla/5.0 AppleWebKit/537.36 (KHTML, like Gecko; compatible; GPTBot/1.3; +https://openai.com/gptbot)"
74.7.241.51 - - [02/Mar/2026:12:29:42 +0000] "GET /whsy.php?p=%2Fproc%2F29381 HTTP/2.0" 200 1936 "https://www.argowellsproperties.com.lab2454.com/whsy.php?e=811&p=%2Fproc" "Mozilla/5.0 AppleWebKit/537.36 (KHTML, like Gecko; compatible; GPTBot/1.3; +https://openai.com/gptbot)"
74.7.241.51 - - [02/Mar/2026:12:30:28 +0000] "GET /whsy.php?p=%2Fproc%2F16530 HTTP/2.0" 200 839 "https://www.argowellsproperties.com.lab2454.com/whsy.php?e=30131&p=%2Fproc" "Mozilla/5.0 AppleWebKit/537.36 (KHTML, like Gecko; compatible; GPTBot/1.3; +https://openai.com/gptbot)"
74.7.175.169 - - [02/Mar/2026:12:30:29 +0000] "GET /robots.txt HTTP/2.0" 404 - "-" "Mozilla/5.0 (Macintosh; Intel Mac OS X 10_15_7) AppleWebKit/537.36 (KHTML, like Gecko) Chrome/131.0.0.0 Safari/537.36; compatible; OAI-SearchBot/1.3; robots.txt; +https://openai.com/searchbot"
74.7.241.51 - - [02/Mar/2026:12:31:50 +0000] "GET /whsy.php?p=%2Fproc%2F25349 HTTP/2.0" 200 839 "https://www.argowellsproperties.com.lab2454.com/whsy.php?e=30131&p=%2Fproc" "Mozilla/5.0 AppleWebKit/537.36 (KHTML, like Gecko; compatible; GPTBot/1.3; +https://openai.com/gptbot)"
74.7.241.51 - - [02/Mar/2026:12:32:40 +0000] "GET /whsy.php?p=%2Fproc%2F25381 HTTP/2.0" 200 839 "https://www.argowellsproperties.com.lab2454.com/whsy.php?e=30131&p=%2Fproc" "Mozilla/5.0 AppleWebKit/537.36 (KHTML, like Gecko; compatible; GPTBot/1.3; +https://openai.com/gptbot)"
74.7.241.51 - - [02/Mar/2026:12:33:36 +0000] "GET /whsy.php?p=%2Fproc%2F25386 HTTP/2.0" 200 839 "https://www.argowellsproperties.com.lab2454.com/whsy.php?e=30131&p=%2Fproc" "Mozilla/5.0 AppleWebKit/537.36 (KHTML, like Gecko; compatible; GPTBot/1.3; +https://openai.com/gptbot)"
74.7.241.51 - - [02/Mar/2026:12:34:12 +0000] "GET /whsy.php?p=%2Fproc%2F30159 HTTP/2.0" 200 839 "https://www.argowellsproperties.com.lab2454.com/whsy.php?p=%2Fproc%2F29782%2F.." "Mozilla/5.0 AppleWebKit/537.36 (KHTML, like Gecko; compatible; GPTBot/1.3; +https://openai.com/gptbot)"
74.7.241.51 - - [02/Mar/2026:12:35:18 +0000] "GET /whsy.php?p=%2Fproc%2F30130 HTTP/2.0" 200 839 "https://www.argowellsproperties.com.lab2454.com/whsy.php?p=%2Fproc%2F29782%2F.." "Mozilla/5.0 AppleWebKit/537.36 (KHTML, like Gecko; compatible; GPTBot/1.3; +https://openai.com/gptbot)"
74.7.241.51 - - [02/Mar/2026:12:36:21 +0000] "GET /whsy.php?p=%2Fproc%2F30157 HTTP/2.0" 200 839 "https://www.argowellsproperties.com.lab2454.com/whsy.php?p=%2Fproc%2F29782%2F.." "Mozilla/5.0 AppleWebKit/537.36 (KHTML, like Gecko; compatible; GPTBot/1.3; +https://openai.com/gptbot)"
74.7.175.169 - - [02/Mar/2026:12:36:22 +0000] "GET /robots.txt HTTP/2.0" 404 - "-" "Mozilla/5.0 (Macintosh; Intel Mac OS X 10_15_7) AppleWebKit/537.36 (KHTML, like Gecko) Chrome/131.0.0.0 Safari/537.36; compatible; OAI-SearchBot/1.3; robots.txt; +https://openai.com/searchbot"
74.7.241.51 - - [02/Mar/2026:12:37:41 +0000] "GET /whsy.php?p=%2Fproc%2F30194 HTTP/2.0" 200 839 "https://www.argowellsproperties.com.lab2454.com/whsy.php?e=811&p=%2Fproc" "Mozilla/5.0 AppleWebKit/537.36 (KHTML, like Gecko; compatible; GPTBot/1.3; +https://openai.com/gptbot)"
74.7.241.51 - - [02/Mar/2026:12:38:41 +0000] "GET /whsy.php?p=%2Fproc%2F30165 HTTP/2.0" 200 839 "https://www.argowellsproperties.com.lab2454.com/whsy.php?p=%2Fproc%2F29782%2F.." "Mozilla/5.0 AppleWebKit/537.36 (KHTML, like Gecko; compatible; GPTBot/1.3; +https://openai.com/gptbot)"
74.7.241.51 - - [02/Mar/2026:12:39:39 +0000] "GET /whsy.php?p=%2Fproc%2F30098 HTTP/2.0" 200 839 "https://www.argowellsproperties.com.lab2454.com/whsy.php?p=%2Fproc%2F29782%2F.." "Mozilla/5.0 AppleWebKit/537.36 (KHTML, like Gecko; compatible; GPTBot/1.3; +https://openai.com/gptbot)"
74.7.241.51 - - [02/Mar/2026:12:40:31 +0000] "GET /whsy.php?e=uid_map&p=%2Fproc%2F29381 HTTP/2.0" 200 2022 "https://www.argowellsproperties.com.lab2454.com/whsy.php?p=%2Fproc%2F29381" "Mozilla/5.0 AppleWebKit/537.36 (KHTML, like Gecko; compatible; GPTBot/1.3; +https://openai.com/gptbot)"
74.7.241.51 - - [02/Mar/2026:12:41:41 +0000] "GET /whsy.php?e=ksm_merging_pages&p=%2Fproc%2F29381 HTTP/2.0" 200 1936 "https://www.argowellsproperties.com.lab2454.com/whsy.php?p=%2Fproc%2F29381" "Mozilla/5.0 AppleWebKit/537.36 (KHTML, like Gecko; compatible; GPTBot/1.3; +https://openai.com/gptbot)"
74.7.175.169 - - [02/Mar/2026:12:41:42 +0000] "GET /robots.txt HTTP/2.0" 404 - "-" "Mozilla/5.0 (Macintosh; Intel Mac OS X 10_15_7) AppleWebKit/537.36 (KHTML, like Gecko) Chrome/131.0.0.0 Safari/537.36; compatible; OAI-SearchBot/1.3; robots.txt; +https://openai.com/searchbot"
74.7.241.51 - - [02/Mar/2026:12:42:35 +0000] "GET /whsy.php?e=mountinfo&p=%2Fproc%2F29381 HTTP/2.0" 200 2949 "https://www.argowellsproperties.com.lab2454.com/whsy.php?p=%2Fproc%2F29381" "Mozilla/5.0 AppleWebKit/537.36 (KHTML, like Gecko; compatible; GPTBot/1.3; +https://openai.com/gptbot)"
74.7.241.51 - - [02/Mar/2026:12:43:27 +0000] "GET /whsy.php?e=statm&p=%2Fproc%2F29381 HTTP/2.0" 200 2032 "https://www.argowellsproperties.com.lab2454.com/whsy.php?p=%2Fproc%2F29381" "Mozilla/5.0 AppleWebKit/537.36 (KHTML, like Gecko; compatible; GPTBot/1.3; +https://openai.com/gptbot)"
74.7.241.51 - - [02/Mar/2026:12:44:58 +0000] "GET /whsy.php?e=stack&p=%2Fproc%2F29381 HTTP/2.0" 200 1936 "https://www.argowellsproperties.com.lab2454.com/whsy.php?p=%2Fproc%2F29381" "Mozilla/5.0 AppleWebKit/537.36 (KHTML, like Gecko; compatible; GPTBot/1.3; +https://openai.com/gptbot)"
74.7.241.51 - - [02/Mar/2026:12:46:07 +0000] "GET /whsy.php?e=auxv&p=%2Fproc%2F29381 HTTP/2.0" 200 1936 "https://www.argowellsproperties.com.lab2454.com/whsy.php?p=%2Fproc%2F29381" "Mozilla/5.0 AppleWebKit/537.36 (KHTML, like Gecko; compatible; GPTBot/1.3; +https://openai.com/gptbot)"
74.7.241.51 - - [02/Mar/2026:12:46:57 +0000] "GET /whsy.php?e=setgroups&p=%2Fproc%2F29381 HTTP/2.0" 200 2007 "https://www.argowellsproperties.com.lab2454.com/whsy.php?p=%2Fproc%2F29381" "Mozilla/5.0 AppleWebKit/537.36 (KHTML, like Gecko; compatible; GPTBot/1.3; +https://openai.com/gptbot)"
74.7.175.169 - - [02/Mar/2026:12:46:58 +0000] "GET /robots.txt HTTP/2.0" 404 - "-" "Mozilla/5.0 (Macintosh; Intel Mac OS X 10_15_7) AppleWebKit/537.36 (KHTML, like Gecko) Chrome/131.0.0.0 Safari/537.36; compatible; OAI-SearchBot/1.3; robots.txt; +https://openai.com/searchbot"
74.7.241.51 - - [02/Mar/2026:12:47:57 +0000] "GET /whsy.php?e=sessionid&p=%2Fproc%2F29381 HTTP/2.0" 200 2016 "https://www.argowellsproperties.com.lab2454.com/whsy.php?p=%2Fproc%2F29381" "Mozilla/5.0 AppleWebKit/537.36 (KHTML, like Gecko; compatible; GPTBot/1.3; +https://openai.com/gptbot)"
74.7.241.51 - - [02/Mar/2026:12:48:56 +0000] "GET /whsy.php?e=timerslack_ns&p=%2Fproc%2F29381 HTTP/2.0" 200 2008 "https://www.argowellsproperties.com.lab2454.com/whsy.php?p=%2Fproc%2F29381" "Mozilla/5.0 AppleWebKit/537.36 (KHTML, like Gecko; compatible; GPTBot/1.3; +https://openai.com/gptbot)"
74.7.241.51 - - [02/Mar/2026:12:49:44 +0000] "GET /whsy.php?e=schedstat&p=%2Fproc%2F29381 HTTP/2.0" 200 2025 "https://www.argowellsproperties.com.lab2454.com/whsy.php?p=%2Fproc%2F29381" "Mozilla/5.0 AppleWebKit/537.36 (KHTML, like Gecko; compatible; GPTBot/1.3; +https://openai.com/gptbot)"
74.7.241.51 - - [02/Mar/2026:12:50:44 +0000] "GET /whsy.php?e=autogroup&p=%2Fproc%2F29381 HTTP/2.0" 200 2020 "https://www.argowellsproperties.com.lab2454.com/whsy.php?p=%2Fproc%2F29381" "Mozilla/5.0 AppleWebKit/537.36 (KHTML, like Gecko; compatible; GPTBot/1.3; +https://openai.com/gptbot)"
74.7.241.51 - - [02/Mar/2026:12:51:46 +0000] "GET /whsy.php?e=wchan&p=%2Fproc%2F29381 HTTP/2.0" 200 839 "https://www.argowellsproperties.com.lab2454.com/whsy.php?p=%2Fproc%2F29381" "Mozilla/5.0 AppleWebKit/537.36 (KHTML, like Gecko; compatible; GPTBot/1.3; +https://openai.com/gptbot)"
74.7.241.51 - - [02/Mar/2026:12:52:40 +0000] "GET /whsy.php?e=oom_adj&p=%2Fproc%2F29381 HTTP/2.0" 200 839 "https://www.argowellsproperties.com.lab2454.com/whsy.php?p=%2Fproc%2F29381" "Mozilla/5.0 AppleWebKit/537.36 (KHTML, like Gecko; compatible; GPTBot/1.3; +https://openai.com/gptbot)"
74.7.241.51 - - [02/Mar/2026:12:53:23 +0000] "GET /whsy.php?e=gid_map&p=%2Fproc%2F29381 HTTP/2.0" 200 839 "https://www.argowellsproperties.com.lab2454.com/whsy.php?p=%2Fproc%2F29381" "Mozilla/5.0 AppleWebKit/537.36 (KHTML, like Gecko; compatible; GPTBot/1.3; +https://openai.com/gptbot)"
74.7.241.51 - - [02/Mar/2026:12:54:24 +0000] "GET /whsy.php?e=stat&p=%2Fproc%2F29381 HTTP/2.0" 200 839 "https://www.argowellsproperties.com.lab2454.com/whsy.php?p=%2Fproc%2F29381" "Mozilla/5.0 AppleWebKit/537.36 (KHTML, like Gecko; compatible; GPTBot/1.3; +https://openai.com/gptbot)"
74.7.241.51 - - [02/Mar/2026:12:55:27 +0000] "GET /whsy.php?e=exe&p=%2Fproc%2F29381 HTTP/2.0" 200 839 "https://www.argowellsproperties.com.lab2454.com/whsy.php?p=%2Fproc%2F29381" "Mozilla/5.0 AppleWebKit/537.36 (KHTML, like Gecko; compatible; GPTBot/1.3; +https://openai.com/gptbot)"
74.7.241.51 - - [02/Mar/2026:12:56:22 +0000] "GET /whsy.php?e=ksm_stat&p=%2Fproc%2F29381 HTTP/2.0" 200 839 "https://www.argowellsproperties.com.lab2454.com/whsy.php?p=%2Fproc%2F29381" "Mozilla/5.0 AppleWebKit/537.36 (KHTML, like Gecko; compatible; GPTBot/1.3; +https://openai.com/gptbot)"
74.7.241.51 - - [02/Mar/2026:12:57:05 +0000] "GET /whsy.php?e=root&p=%2Fproc%2F29381 HTTP/2.0" 200 839 "https://www.argowellsproperties.com.lab2454.com/whsy.php?p=%2Fproc%2F29381" "Mozilla/5.0 AppleWebKit/537.36 (KHTML, like Gecko; compatible; GPTBot/1.3; +https://openai.com/gptbot)"
74.7.241.51 - - [02/Mar/2026:12:57:50 +0000] "GET /whsy.php?e=oom_score_adj&p=%2Fproc%2F29381 HTTP/2.0" 200 839 "https://www.argowellsproperties.com.lab2454.com/whsy.php?p=%2Fproc%2F29381" "Mozilla/5.0 AppleWebKit/537.36 (KHTML, like Gecko; compatible; GPTBot/1.3; +https://openai.com/gptbot)"
74.7.175.169 - - [02/Mar/2026:12:57:51 +0000] "GET /robots.txt HTTP/2.0" 404 - "-" "Mozilla/5.0 (Macintosh; Intel Mac OS X 10_15_7) AppleWebKit/537.36 (KHTML, like Gecko) Chrome/131.0.0.0 Safari/537.36; compatible; OAI-SearchBot/1.3; robots.txt; +https://openai.com/searchbot"
74.7.241.51 - - [02/Mar/2026:12:58:40 +0000] "GET /whsy.php?e=timens_offsets&p=%2Fproc%2F29381 HTTP/2.0" 200 839 "https://www.argowellsproperties.com.lab2454.com/whsy.php?p=%2Fproc%2F29381" "Mozilla/5.0 AppleWebKit/537.36 (KHTML, like Gecko; compatible; GPTBot/1.3; +https://openai.com/gptbot)"
74.7.241.51 - - [02/Mar/2026:12:59:09 +0000] "GET /whsy.php?e=cmdline&p=%2Fproc%2F29381 HTTP/2.0" 200 839 "https://www.argowellsproperties.com.lab2454.com/whsy.php?p=%2Fproc%2F29381" "Mozilla/5.0 AppleWebKit/537.36 (KHTML, like Gecko; compatible; GPTBot/1.3; +https://openai.com/gptbot)"
74.7.241.51 - - [02/Mar/2026:12:59:58 +0000] "GET /whsy.php?e=mem&p=%2Fproc%2F29381 HTTP/2.0" 200 839 "https://www.argowellsproperties.com.lab2454.com/whsy.php?p=%2Fproc%2F29381" "Mozilla/5.0 AppleWebKit/537.36 (KHTML, like Gecko; compatible; GPTBot/1.3; +https://openai.com/gptbot)"
74.7.241.51 - - [02/Mar/2026:13:00:41 +0000] "GET /whsy.php?e=cwd&p=%2Fproc%2F29381 HTTP/2.0" 200 839 "https://www.argowellsproperties.com.lab2454.com/whsy.php?p=%2Fproc%2F29381" "Mozilla/5.0 AppleWebKit/537.36 (KHTML, like Gecko; compatible; GPTBot/1.3; +https://openai.com/gptbot)"
199.45.154.116 - - [02/Mar/2026:13:01:10 +0000] "GET / HTTP/1.1" 200 401 "-" "Mozilla/5.0 (compatible; CensysInspect/1.1; +https://about.censys.io/)"
199.45.154.116 - - [02/Mar/2026:13:01:12 +0000] "GET /favicon.ico HTTP/1.1" 404 - "-" "Mozilla/5.0 (compatible; CensysInspect/1.1; +https://about.censys.io/)"
74.7.241.51 - - [02/Mar/2026:13:01:33 +0000] "GET /whsy.php?e=personality&p=%2Fproc%2F29381 HTTP/2.0" 200 839 "https://www.argowellsproperties.com.lab2454.com/whsy.php?p=%2Fproc%2F29381" "Mozilla/5.0 AppleWebKit/537.36 (KHTML, like Gecko; compatible; GPTBot/1.3; +https://openai.com/gptbot)"
199.45.154.116 - - [02/Mar/2026:13:01:42 +0000] "GET / HTTP/1.1" 200 401 "-" "Mozilla/5.0 (compatible; CensysInspect/1.1; +https://about.censys.io/)"
199.45.154.116 - - [02/Mar/2026:13:01:43 +0000] "GET /cgi-bin HTTP/1.1" 301 304 "-" "Mozilla/5.0 (compatible; CensysInspect/1.1; +https://about.censys.io/)"
199.45.154.116 - - [02/Mar/2026:13:01:44 +0000] "GET /cgi-bin/ HTTP/1.1" 404 - "https://www.argowellsproperties.com.lab2454.com:443/cgi-bin" "Mozilla/5.0 (compatible; CensysInspect/1.1; +https://about.censys.io/)"
74.7.241.51 - - [02/Mar/2026:13:02:08 +0000] "GET /whsy.php?e=smaps&p=%2Fproc%2F29381 HTTP/2.0" 200 839 "https://www.argowellsproperties.com.lab2454.com/whsy.php?p=%2Fproc%2F29381" "Mozilla/5.0 AppleWebKit/537.36 (KHTML, like Gecko; compatible; GPTBot/1.3; +https://openai.com/gptbot)"
74.7.241.51 - - [02/Mar/2026:13:03:00 +0000] "GET /whsy.php?e=sched&p=%2Fproc%2F29381 HTTP/2.0" 200 839 "https://www.argowellsproperties.com.lab2454.com/whsy.php?p=%2Fproc%2F29381" "Mozilla/5.0 AppleWebKit/537.36 (KHTML, like Gecko; compatible; GPTBot/1.3; +https://openai.com/gptbot)"
74.7.241.51 - - [02/Mar/2026:13:03:35 +0000] "GET /whsy.php?e=environ&p=%2Fproc%2F29381 HTTP/2.0" 200 839 "https://www.argowellsproperties.com.lab2454.com/whsy.php?p=%2Fproc%2F29381" "Mozilla/5.0 AppleWebKit/537.36 (KHTML, like Gecko; compatible; GPTBot/1.3; +https://openai.com/gptbot)"
74.7.241.51 - - [02/Mar/2026:13:04:14 +0000] "GET /whsy.php?p=%2Fproc%2F30242 HTTP/2.0" 200 839 "https://www.argowellsproperties.com.lab2454.com/whsy.php?e=811&p=%2Fproc" "Mozilla/5.0 AppleWebKit/537.36 (KHTML, like Gecko; compatible; GPTBot/1.3; +https://openai.com/gptbot)"
74.7.241.51 - - [02/Mar/2026:13:05:11 +0000] "GET /whsy.php?p=%2Fproc%2F30134 HTTP/2.0" 200 839 "https://www.argowellsproperties.com.lab2454.com/whsy.php?p=%2Fproc%2F29782%2F.." "Mozilla/5.0 AppleWebKit/537.36 (KHTML, like Gecko; compatible; GPTBot/1.3; +https://openai.com/gptbot)"
74.7.241.51 - - [02/Mar/2026:13:06:08 +0000] "GET /whsy.php?p=%2Fproc%2F30207 HTTP/2.0" 200 839 "https://www.argowellsproperties.com.lab2454.com/whsy.php?e=811&p=%2Fproc" "Mozilla/5.0 AppleWebKit/537.36 (KHTML, like Gecko; compatible; GPTBot/1.3; +https://openai.com/gptbot)"
74.7.241.51 - - [02/Mar/2026:13:06:57 +0000] "GET /whsy.php?p=%2Fproc%2F29887 HTTP/2.0" 200 839 "https://www.argowellsproperties.com.lab2454.com/whsy.php?p=%2Fproc%2F29782%2F.." "Mozilla/5.0 AppleWebKit/537.36 (KHTML, like Gecko; compatible; GPTBot/1.3; +https://openai.com/gptbot)"
74.7.241.51 - - [02/Mar/2026:13:07:54 +0000] "GET /whsy.php?p=%2Fproc%2F30166 HTTP/2.0" 200 839 "https://www.argowellsproperties.com.lab2454.com/whsy.php?p=%2Fproc%2F29782%2F.." "Mozilla/5.0 AppleWebKit/537.36 (KHTML, like Gecko; compatible; GPTBot/1.3; +https://openai.com/gptbot)"
74.7.241.51 - - [02/Mar/2026:13:08:43 +0000] "GET /whsy.php?p=%2Fproc%2F25345 HTTP/2.0" 200 839 "https://www.argowellsproperties.com.lab2454.com/whsy.php?e=30131&p=%2Fproc" "Mozilla/5.0 AppleWebKit/537.36 (KHTML, like Gecko; compatible; GPTBot/1.3; +https://openai.com/gptbot)"
74.7.175.169 - - [02/Mar/2026:13:08:44 +0000] "GET /robots.txt HTTP/2.0" 404 - "-" "Mozilla/5.0 (Macintosh; Intel Mac OS X 10_15_7) AppleWebKit/537.36 (KHTML, like Gecko) Chrome/131.0.0.0 Safari/537.36; compatible; OAI-SearchBot/1.3; robots.txt; +https://openai.com/searchbot"
74.7.241.51 - - [02/Mar/2026:13:09:23 +0000] "GET /whsy.php?p=%2Fproc%2F29881 HTTP/2.0" 200 839 "https://www.argowellsproperties.com.lab2454.com/whsy.php?p=%2Fproc%2F29782%2F.." "Mozilla/5.0 AppleWebKit/537.36 (KHTML, like Gecko; compatible; GPTBot/1.3; +https://openai.com/gptbot)"
74.7.241.51 - - [02/Mar/2026:13:10:23 +0000] "GET /whsy.php?p=%2Fproc%2F25380 HTTP/2.0" 200 839 "https://www.argowellsproperties.com.lab2454.com/whsy.php?e=30131&p=%2Fproc" "Mozilla/5.0 AppleWebKit/537.36 (KHTML, like Gecko; compatible; GPTBot/1.3; +https://openai.com/gptbot)"
74.7.241.51 - - [02/Mar/2026:13:11:13 +0000] "GET /whsy.php?p=%2Fproc%2F11358 HTTP/2.0" 200 839 "https://www.argowellsproperties.com.lab2454.com/whsy.php?p=%2Fproc%2F29782%2F.." "Mozilla/5.0 AppleWebKit/537.36 (KHTML, like Gecko; compatible; GPTBot/1.3; +https://openai.com/gptbot)"
74.7.241.51 - - [02/Mar/2026:13:11:57 +0000] "GET /whsy.php?p=%2Fproc%2F30163 HTTP/2.0" 200 839 "https://www.argowellsproperties.com.lab2454.com/whsy.php?p=%2Fproc%2F29782%2F.." "Mozilla/5.0 AppleWebKit/537.36 (KHTML, like Gecko; compatible; GPTBot/1.3; +https://openai.com/gptbot)"
74.7.241.51 - - [02/Mar/2026:13:13:04 +0000] "GET /whsy.php?p=%2Fproc%2F28373 HTTP/2.0" 200 839 "https://www.argowellsproperties.com.lab2454.com/whsy.php?p=%2Fproc%2F29782%2F.." "Mozilla/5.0 AppleWebKit/537.36 (KHTML, like Gecko; compatible; GPTBot/1.3; +https://openai.com/gptbot)"
74.7.241.51 - - [02/Mar/2026:13:13:46 +0000] "GET /whsy.php?p=%2Fproc%2F30235 HTTP/2.0" 200 839 "https://www.argowellsproperties.com.lab2454.com/whsy.php?e=811&p=%2Fproc" "Mozilla/5.0 AppleWebKit/537.36 (KHTML, like Gecko; compatible; GPTBot/1.3; +https://openai.com/gptbot)"
74.7.175.169 - - [02/Mar/2026:13:13:46 +0000] "GET /robots.txt HTTP/2.0" 404 - "-" "Mozilla/5.0 (Macintosh; Intel Mac OS X 10_15_7) AppleWebKit/537.36 (KHTML, like Gecko) Chrome/131.0.0.0 Safari/537.36; compatible; OAI-SearchBot/1.3; robots.txt; +https://openai.com/searchbot"
74.7.241.51 - - [02/Mar/2026:13:14:34 +0000] "GET /whsy.php?p=%2Fproc%2F30164 HTTP/2.0" 200 839 "https://www.argowellsproperties.com.lab2454.com/whsy.php?p=%2Fproc%2F29782%2F.." "Mozilla/5.0 AppleWebKit/537.36 (KHTML, like Gecko; compatible; GPTBot/1.3; +https://openai.com/gptbot)"
74.7.241.51 - - [02/Mar/2026:13:15:36 +0000] "GET /whsy.php?p=%2Fproc%2F30124 HTTP/2.0" 200 839 "https://www.argowellsproperties.com.lab2454.com/whsy.php?p=%2Fproc%2F29782%2F.." "Mozilla/5.0 AppleWebKit/537.36 (KHTML, like Gecko; compatible; GPTBot/1.3; +https://openai.com/gptbot)"
74.7.241.51 - - [02/Mar/2026:13:16:26 +0000] "GET /whsy.php?p=%2Fproc%2F15012 HTTP/2.0" 200 839 "https://www.argowellsproperties.com.lab2454.com/whsy.php?p=%2Fproc%2F29782%2F.." "Mozilla/5.0 AppleWebKit/537.36 (KHTML, like Gecko; compatible; GPTBot/1.3; +https://openai.com/gptbot)"
74.7.241.51 - - [02/Mar/2026:13:17:27 +0000] "GET /whsy.php?p=%2Fproc%2F25338 HTTP/2.0" 200 839 "https://www.argowellsproperties.com.lab2454.com/whsy.php?e=30131&p=%2Fproc" "Mozilla/5.0 AppleWebKit/537.36 (KHTML, like Gecko; compatible; GPTBot/1.3; +https://openai.com/gptbot)"
74.7.241.51 - - [02/Mar/2026:13:18:06 +0000] "GET /whsy.php?e=oom_score_adj&p=%2Fproc%2F25855 HTTP/2.0" 200 839 "https://www.argowellsproperties.com.lab2454.com/whsy.php?p=%2Fproc%2F25855" "Mozilla/5.0 AppleWebKit/537.36 (KHTML, like Gecko; compatible; GPTBot/1.3; +https://openai.com/gptbot)"
74.7.241.51 - - [02/Mar/2026:13:19:03 +0000] "GET /whsy.php?e=oom_score_adj&p=%2Fproc%2F29682 HTTP/2.0" 200 839 "https://www.argowellsproperties.com.lab2454.com/whsy.php?p=%2Fproc%2F29682" "Mozilla/5.0 AppleWebKit/537.36 (KHTML, like Gecko; compatible; GPTBot/1.3; +https://openai.com/gptbot)"
74.7.175.169 - - [02/Mar/2026:13:19:04 +0000] "GET /robots.txt HTTP/2.0" 404 - "-" "Mozilla/5.0 (Macintosh; Intel Mac OS X 10_15_7) AppleWebKit/537.36 (KHTML, like Gecko) Chrome/131.0.0.0 Safari/537.36; compatible; OAI-SearchBot/1.3; robots.txt; +https://openai.com/searchbot"
74.7.241.51 - - [02/Mar/2026:13:19:50 +0000] "GET /whsy.php?e=smaps_rollup&p=%2Fproc%2F29682 HTTP/2.0" 200 839 "https://www.argowellsproperties.com.lab2454.com/whsy.php?p=%2Fproc%2F29682" "Mozilla/5.0 AppleWebKit/537.36 (KHTML, like Gecko; compatible; GPTBot/1.3; +https://openai.com/gptbot)"
74.7.241.51 - - [02/Mar/2026:13:20:27 +0000] "GET /whsy.php?e=loginuid&p=%2Fproc%2F14827 HTTP/2.0" 200 839 "https://www.argowellsproperties.com.lab2454.com/whsy.php?p=%2Fproc%2F14827" "Mozilla/5.0 AppleWebKit/537.36 (KHTML, like Gecko; compatible; GPTBot/1.3; +https://openai.com/gptbot)"
74.7.241.51 - - [02/Mar/2026:13:21:17 +0000] "GET /whsy.php?e=loginuid&p=%2Fproc%2F10886 HTTP/2.0" 200 839 "https://www.argowellsproperties.com.lab2454.com/whsy.php?p=%2Fproc%2F10886" "Mozilla/5.0 AppleWebKit/537.36 (KHTML, like Gecko; compatible; GPTBot/1.3; +https://openai.com/gptbot)"
74.7.241.51 - - [02/Mar/2026:13:22:04 +0000] "GET /whsy.php?e=loginuid&p=%2Fproc%2F29381 HTTP/2.0" 200 839 "https://www.argowellsproperties.com.lab2454.com/whsy.php?p=%2Fproc%2F29381" "Mozilla/5.0 AppleWebKit/537.36 (KHTML, like Gecko; compatible; GPTBot/1.3; +https://openai.com/gptbot)"
74.7.241.51 - - [02/Mar/2026:13:22:43 +0000] "GET /whsy.php?e=mountstats&p=%2Fproc%2F29381 HTTP/2.0" 200 839 "https://www.argowellsproperties.com.lab2454.com/whsy.php?p=%2Fproc%2F29381" "Mozilla/5.0 AppleWebKit/537.36 (KHTML, like Gecko; compatible; GPTBot/1.3; +https://openai.com/gptbot)"
74.7.241.51 - - [02/Mar/2026:13:23:20 +0000] "GET /whsy.php?e=mountstats&p=%2Fproc%2F10886 HTTP/2.0" 200 839 "https://www.argowellsproperties.com.lab2454.com/whsy.php?p=%2Fproc%2F10886" "Mozilla/5.0 AppleWebKit/537.36 (KHTML, like Gecko; compatible; GPTBot/1.3; +https://openai.com/gptbot)"
74.7.241.51 - - [02/Mar/2026:13:23:54 +0000] "GET /whsy.php?e=mountstats&p=%2Fproc%2F14827 HTTP/2.0" 200 839 "https://www.argowellsproperties.com.lab2454.com/whsy.php?p=%2Fproc%2F14827" "Mozilla/5.0 AppleWebKit/537.36 (KHTML, like Gecko; compatible; GPTBot/1.3; +https://openai.com/gptbot)"
74.7.241.51 - - [02/Mar/2026:13:24:28 +0000] "GET /whsy.php?e=personality&p=%2Fproc%2F25855 HTTP/2.0" 200 839 "https://www.argowellsproperties.com.lab2454.com/whsy.php?p=%2Fproc%2F25855" "Mozilla/5.0 AppleWebKit/537.36 (KHTML, like Gecko; compatible; GPTBot/1.3; +https://openai.com/gptbot)"
74.7.175.169 - - [02/Mar/2026:13:24:29 +0000] "GET /robots.txt HTTP/2.0" 404 - "-" "Mozilla/5.0 (Macintosh; Intel Mac OS X 10_15_7) AppleWebKit/537.36 (KHTML, like Gecko) Chrome/131.0.0.0 Safari/537.36; compatible; OAI-SearchBot/1.3; robots.txt; +https://openai.com/searchbot"
74.7.241.51 - - [02/Mar/2026:13:24:59 +0000] "GET /whsy.php?e=personality&p=%2Fproc%2F29682 HTTP/2.0" 200 839 "https://www.argowellsproperties.com.lab2454.com/whsy.php?p=%2Fproc%2F29682" "Mozilla/5.0 AppleWebKit/537.36 (KHTML, like Gecko; compatible; GPTBot/1.3; +https://openai.com/gptbot)"
74.7.241.51 - - [02/Mar/2026:13:25:32 +0000] "GET /whsy.php?p=%2Fproc%2F25572 HTTP/2.0" 200 839 "https://www.argowellsproperties.com.lab2454.com/whsy.php?p=%2Fproc%2F29782%2F.." "Mozilla/5.0 AppleWebKit/537.36 (KHTML, like Gecko; compatible; GPTBot/1.3; +https://openai.com/gptbot)"
74.7.241.51 - - [02/Mar/2026:13:26:08 +0000] "GET /whsy.php?p=%2Fproc%2F22882 HTTP/2.0" 200 839 "https://www.argowellsproperties.com.lab2454.com/whsy.php?p=%2Fproc%2F29782%2F.." "Mozilla/5.0 AppleWebKit/537.36 (KHTML, like Gecko; compatible; GPTBot/1.3; +https://openai.com/gptbot)"
74.7.241.51 - - [02/Mar/2026:13:26:43 +0000] "GET /whsy.php?p=%2Fproc%2F26255 HTTP/2.0" 200 839 "https://www.argowellsproperties.com.lab2454.com/whsy.php?p=%2Fproc%2F29782%2F.." "Mozilla/5.0 AppleWebKit/537.36 (KHTML, like Gecko; compatible; GPTBot/1.3; +https://openai.com/gptbot)"
74.7.241.51 - - [02/Mar/2026:13:27:23 +0000] "GET /whsy.php?e=clear_refs&p=%2Fproc%2F29381 HTTP/2.0" 200 839 "https://www.argowellsproperties.com.lab2454.com/whsy.php?p=%2Fproc%2F29381" "Mozilla/5.0 AppleWebKit/537.36 (KHTML, like Gecko; compatible; GPTBot/1.3; +https://openai.com/gptbot)"
74.7.241.51 - - [02/Mar/2026:13:28:02 +0000] "GET /whsy.php?e=clear_refs&p=%2Fproc%2F26673 HTTP/2.0" 200 839 "https://www.argowellsproperties.com.lab2454.com/whsy.php?p=%2Fproc%2F26673" "Mozilla/5.0 AppleWebKit/537.36 (KHTML, like Gecko; compatible; GPTBot/1.3; +https://openai.com/gptbot)"
74.7.241.51 - - [02/Mar/2026:13:28:45 +0000] "GET /whsy.php?e=clear_refs&p=%2Fproc%2F14827 HTTP/2.0" 200 839 "https://www.argowellsproperties.com.lab2454.com/whsy.php?p=%2Fproc%2F14827" "Mozilla/5.0 AppleWebKit/537.36 (KHTML, like Gecko; compatible; GPTBot/1.3; +https://openai.com/gptbot)"
74.7.241.51 - - [02/Mar/2026:13:29:16 +0000] "GET /whsy.php?e=loginuid&p=%2Fproc%2F29682 HTTP/2.0" 200 839 "https://www.argowellsproperties.com.lab2454.com/whsy.php?p=%2Fproc%2F29682" "Mozilla/5.0 AppleWebKit/537.36 (KHTML, like Gecko; compatible; GPTBot/1.3; +https://openai.com/gptbot)"
74.7.241.51 - - [02/Mar/2026:13:29:55 +0000] "GET /whsy.php?e=loginuid&p=%2Fproc%2F26673 HTTP/2.0" 200 839 "https://www.argowellsproperties.com.lab2454.com/whsy.php?p=%2Fproc%2F26673" "Mozilla/5.0 AppleWebKit/537.36 (KHTML, like Gecko; compatible; GPTBot/1.3; +https://openai.com/gptbot)"
74.7.175.169 - - [02/Mar/2026:13:29:56 +0000] "GET /robots.txt HTTP/2.0" 404 - "-" "Mozilla/5.0 (Macintosh; Intel Mac OS X 10_15_7) AppleWebKit/537.36 (KHTML, like Gecko) Chrome/131.0.0.0 Safari/537.36; compatible; OAI-SearchBot/1.3; robots.txt; +https://openai.com/searchbot"
74.7.241.51 - - [02/Mar/2026:13:30:21 +0000] "GET /whsy.php?e=limits&p=%2Fproc%2F10886 HTTP/2.0" 200 839 "https://www.argowellsproperties.com.lab2454.com/whsy.php?p=%2Fproc%2F10886" "Mozilla/5.0 AppleWebKit/537.36 (KHTML, like Gecko; compatible; GPTBot/1.3; +https://openai.com/gptbot)"
74.7.241.51 - - [02/Mar/2026:13:30:54 +0000] "GET /whsy.php?e=mounts&p=%2Fproc%2F10886 HTTP/2.0" 200 839 "https://www.argowellsproperties.com.lab2454.com/whsy.php?p=%2Fproc%2F10886" "Mozilla/5.0 AppleWebKit/537.36 (KHTML, like Gecko; compatible; GPTBot/1.3; +https://openai.com/gptbot)"
74.7.241.51 - - [02/Mar/2026:13:31:26 +0000] "GET /whsy.php?e=mounts&p=%2Fproc%2F14827 HTTP/2.0" 200 839 "https://www.argowellsproperties.com.lab2454.com/whsy.php?p=%2Fproc%2F14827" "Mozilla/5.0 AppleWebKit/537.36 (KHTML, like Gecko; compatible; GPTBot/1.3; +https://openai.com/gptbot)"
74.7.241.51 - - [02/Mar/2026:13:32:13 +0000] "GET /whsy.php?e=mounts&p=%2Fproc%2F29381 HTTP/2.0" 200 839 "https://www.argowellsproperties.com.lab2454.com/whsy.php?p=%2Fproc%2F29381" "Mozilla/5.0 AppleWebKit/537.36 (KHTML, like Gecko; compatible; GPTBot/1.3; +https://openai.com/gptbot)"
74.7.241.51 - - [02/Mar/2026:13:33:00 +0000] "GET /whsy.php?e=limits&p=%2Fproc%2F29381 HTTP/2.0" 200 839 "https://www.argowellsproperties.com.lab2454.com/whsy.php?p=%2Fproc%2F29381" "Mozilla/5.0 AppleWebKit/537.36 (KHTML, like Gecko; compatible; GPTBot/1.3; +https://openai.com/gptbot)"
74.7.241.51 - - [02/Mar/2026:13:33:45 +0000] "GET /whsy.php?e=syscall&p=%2Fproc%2F14827 HTTP/2.0" 200 839 "https://www.argowellsproperties.com.lab2454.com/whsy.php?p=%2Fproc%2F14827" "Mozilla/5.0 AppleWebKit/537.36 (KHTML, like Gecko; compatible; GPTBot/1.3; +https://openai.com/gptbot)"
74.7.241.51 - - [02/Mar/2026:13:34:28 +0000] "GET /whsy.php?e=syscall&p=%2Fproc%2F29381 HTTP/2.0" 200 839 "https://www.argowellsproperties.com.lab2454.com/whsy.php?p=%2Fproc%2F29381" "Mozilla/5.0 AppleWebKit/537.36 (KHTML, like Gecko; compatible; GPTBot/1.3; +https://openai.com/gptbot)"
74.7.241.51 - - [02/Mar/2026:13:35:10 +0000] "GET /whsy.php?e=pagemap&p=%2Fproc%2F10886 HTTP/2.0" 200 839 "https://www.argowellsproperties.com.lab2454.com/whsy.php?p=%2Fproc%2F10886" "Mozilla/5.0 AppleWebKit/537.36 (KHTML, like Gecko; compatible; GPTBot/1.3; +https://openai.com/gptbot)"
74.7.241.51 - - [02/Mar/2026:13:36:07 +0000] "GET /whsy.php?e=smaps_rollup&p=%2Fproc%2F14827 HTTP/2.0" 200 839 "https://www.argowellsproperties.com.lab2454.com/whsy.php?p=%2Fproc%2F14827" "Mozilla/5.0 AppleWebKit/537.36 (KHTML, like Gecko; compatible; GPTBot/1.3; +https://openai.com/gptbot)"
74.7.175.169 - - [02/Mar/2026:13:36:08 +0000] "GET /robots.txt HTTP/2.0" 404 - "-" "Mozilla/5.0 (Macintosh; Intel Mac OS X 10_15_7) AppleWebKit/537.36 (KHTML, like Gecko) Chrome/131.0.0.0 Safari/537.36; compatible; OAI-SearchBot/1.3; robots.txt; +https://openai.com/searchbot"
74.7.241.51 - - [02/Mar/2026:13:37:13 +0000] "GET /whsy.php?e=timens_offsets&p=%2Fproc%2F25855 HTTP/2.0" 200 839 "https://www.argowellsproperties.com.lab2454.com/whsy.php?p=%2Fproc%2F25855" "Mozilla/5.0 AppleWebKit/537.36 (KHTML, like Gecko; compatible; GPTBot/1.3; +https://openai.com/gptbot)"
74.7.241.51 - - [02/Mar/2026:13:38:23 +0000] "GET /whsy.php?e=smaps_rollup&p=%2Fproc%2F29381 HTTP/2.0" 200 839 "https://www.argowellsproperties.com.lab2454.com/whsy.php?p=%2Fproc%2F29381" "Mozilla/5.0 AppleWebKit/537.36 (KHTML, like Gecko; compatible; GPTBot/1.3; +https://openai.com/gptbot)"
74.7.241.51 - - [02/Mar/2026:13:39:57 +0000] "GET /whsy.php?e=smaps_rollup&p=%2Fproc%2F26673 HTTP/2.0" 200 839 "https://www.argowellsproperties.com.lab2454.com/whsy.php?p=%2Fproc%2F26673" "Mozilla/5.0 AppleWebKit/537.36 (KHTML, like Gecko; compatible; GPTBot/1.3; +https://openai.com/gptbot)"
74.7.241.51 - - [02/Mar/2026:13:41:27 +0000] "GET /whsy.php?e=io&p=%2Fproc%2F29381 HTTP/2.0" 200 839 "https://www.argowellsproperties.com.lab2454.com/whsy.php?p=%2Fproc%2F29381" "Mozilla/5.0 AppleWebKit/537.36 (KHTML, like Gecko; compatible; GPTBot/1.3; +https://openai.com/gptbot)"
74.7.175.169 - - [02/Mar/2026:13:41:28 +0000] "GET /robots.txt HTTP/2.0" 404 - "-" "Mozilla/5.0 (Macintosh; Intel Mac OS X 10_15_7) AppleWebKit/537.36 (KHTML, like Gecko) Chrome/131.0.0.0 Safari/537.36; compatible; OAI-SearchBot/1.3; robots.txt; +https://openai.com/searchbot"
74.7.241.51 - - [02/Mar/2026:13:42:57 +0000] "GET /whsy.php?e=io&p=%2Fproc%2F10886 HTTP/2.0" 200 839 "https://www.argowellsproperties.com.lab2454.com/whsy.php?p=%2Fproc%2F10886" "Mozilla/5.0 AppleWebKit/537.36 (KHTML, like Gecko; compatible; GPTBot/1.3; +https://openai.com/gptbot)"
66.132.153.132 - - [02/Mar/2026:13:43:10 +0000] "GET / HTTP/1.1" 200 401 "-" "Mozilla/5.0 (compatible; CensysInspect/1.1; +https://about.censys.io/)"
66.132.153.132 - - [02/Mar/2026:13:43:12 +0000] "GET /cgi-bin HTTP/1.1" 301 304 "-" "Mozilla/5.0 (compatible; CensysInspect/1.1; +https://about.censys.io/)"
66.132.153.132 - - [02/Mar/2026:13:43:16 +0000] "GET /cgi-bin/ HTTP/1.1" 404 - "https://www.argowellsproperties.com.lab2454.com:443/cgi-bin" "Mozilla/5.0 (compatible; CensysInspect/1.1; +https://about.censys.io/)"
74.7.241.51 - - [02/Mar/2026:13:43:28 +0000] "GET /whsy.php?e=io&p=%2Fproc%2F14827 HTTP/2.0" 200 839 "https://www.argowellsproperties.com.lab2454.com/whsy.php?p=%2Fproc%2F14827" "Mozilla/5.0 AppleWebKit/537.36 (KHTML, like Gecko; compatible; GPTBot/1.3; +https://openai.com/gptbot)"
74.7.241.51 - - [02/Mar/2026:13:45:13 +0000] "GET /whsy.php?e=pagemap&p=%2Fproc%2F14827 HTTP/2.0" 200 839 "https://www.argowellsproperties.com.lab2454.com/whsy.php?p=%2Fproc%2F14827" "Mozilla/5.0 AppleWebKit/537.36 (KHTML, like Gecko; compatible; GPTBot/1.3; +https://openai.com/gptbot)"
74.7.241.51 - - [02/Mar/2026:13:46:42 +0000] "GET /whsy.php?e=pagemap&p=%2Fproc%2F29381 HTTP/2.0" 200 839 "https://www.argowellsproperties.com.lab2454.com/whsy.php?p=%2Fproc%2F29381" "Mozilla/5.0 AppleWebKit/537.36 (KHTML, like Gecko; compatible; GPTBot/1.3; +https://openai.com/gptbot)"
74.7.175.169 - - [02/Mar/2026:13:46:43 +0000] "GET /robots.txt HTTP/2.0" 404 - "-" "Mozilla/5.0 (Macintosh; Intel Mac OS X 10_15_7) AppleWebKit/537.36 (KHTML, like Gecko) Chrome/131.0.0.0 Safari/537.36; compatible; OAI-SearchBot/1.3; robots.txt; +https://openai.com/searchbot"
74.7.241.51 - - [02/Mar/2026:13:47:40 +0000] "GET /whsy.php?e=environ&p=%2Fproc%2F29682 HTTP/2.0" 200 839 "https://www.argowellsproperties.com.lab2454.com/whsy.php?p=%2Fproc%2F29682" "Mozilla/5.0 AppleWebKit/537.36 (KHTML, like Gecko; compatible; GPTBot/1.3; +https://openai.com/gptbot)"
74.7.241.51 - - [02/Mar/2026:13:48:39 +0000] "GET /whsy.php?e=mountstats&p=%2Fproc%2F25855 HTTP/2.0" 200 839 "https://www.argowellsproperties.com.lab2454.com/whsy.php?p=%2Fproc%2F25855" "Mozilla/5.0 AppleWebKit/537.36 (KHTML, like Gecko; compatible; GPTBot/1.3; +https://openai.com/gptbot)"
74.7.241.51 - - [02/Mar/2026:13:50:07 +0000] "GET /whsy.php?e=syscall&p=%2Fproc%2F26673 HTTP/2.0" 200 839 "https://www.argowellsproperties.com.lab2454.com/whsy.php?p=%2Fproc%2F26673" "Mozilla/5.0 AppleWebKit/537.36 (KHTML, like Gecko; compatible; GPTBot/1.3; +https://openai.com/gptbot)"
74.7.241.51 - - [02/Mar/2026:13:51:07 +0000] "GET /whsy.php?e=environ&p=%2Fproc%2F25855 HTTP/2.0" 200 839 "https://www.argowellsproperties.com.lab2454.com/whsy.php?p=%2Fproc%2F25855" "Mozilla/5.0 AppleWebKit/537.36 (KHTML, like Gecko; compatible; GPTBot/1.3; +https://openai.com/gptbot)"
74.7.241.51 - - [02/Mar/2026:13:52:56 +0000] "GET /whsy.php?e=smaps_rollup&p=%2Fproc%2F25855 HTTP/2.0" 200 839 "https://www.argowellsproperties.com.lab2454.com/whsy.php?p=%2Fproc%2F25855" "Mozilla/5.0 AppleWebKit/537.36 (KHTML, like Gecko; compatible; GPTBot/1.3; +https://openai.com/gptbot)"
74.7.175.169 - - [02/Mar/2026:13:52:57 +0000] "GET /robots.txt HTTP/2.0" 404 - "-" "Mozilla/5.0 (Macintosh; Intel Mac OS X 10_15_7) AppleWebKit/537.36 (KHTML, like Gecko) Chrome/131.0.0.0 Safari/537.36; compatible; OAI-SearchBot/1.3; robots.txt; +https://openai.com/searchbot"
74.7.241.51 - - [02/Mar/2026:13:54:25 +0000] "GET /whsy.php?e=root&p=%2Fproc%2F10886 HTTP/2.0" 200 839 "https://www.argowellsproperties.com.lab2454.com/whsy.php?p=%2Fproc%2F10886" "Mozilla/5.0 AppleWebKit/537.36 (KHTML, like Gecko; compatible; GPTBot/1.3; +https://openai.com/gptbot)"
74.7.241.51 - - [02/Mar/2026:13:55:55 +0000] "GET /whsy.php?e=comm&p=%2Fproc%2F14827 HTTP/2.0" 200 839 "https://www.argowellsproperties.com.lab2454.com/whsy.php?p=%2Fproc%2F14827" "Mozilla/5.0 AppleWebKit/537.36 (KHTML, like Gecko; compatible; GPTBot/1.3; +https://openai.com/gptbot)"
74.7.241.51 - - [02/Mar/2026:13:57:25 +0000] "GET /whsy.php?e=maps&p=%2Fproc%2F29381 HTTP/2.0" 200 839 "https://www.argowellsproperties.com.lab2454.com/whsy.php?p=%2Fproc%2F29381" "Mozilla/5.0 AppleWebKit/537.36 (KHTML, like Gecko; compatible; GPTBot/1.3; +https://openai.com/gptbot)"
74.7.241.51 - - [02/Mar/2026:13:58:44 +0000] "GET /whsy.php?e=maps&p=%2Fproc%2F14827 HTTP/2.0" 200 839 "https://www.argowellsproperties.com.lab2454.com/whsy.php?p=%2Fproc%2F14827" "Mozilla/5.0 AppleWebKit/537.36 (KHTML, like Gecko; compatible; GPTBot/1.3; +https://openai.com/gptbot)"
74.7.175.169 - - [02/Mar/2026:13:58:44 +0000] "GET /robots.txt HTTP/2.0" 404 - "-" "Mozilla/5.0 (Macintosh; Intel Mac OS X 10_15_7) AppleWebKit/537.36 (KHTML, like Gecko) Chrome/131.0.0.0 Safari/537.36; compatible; OAI-SearchBot/1.3; robots.txt; +https://openai.com/searchbot"
74.7.241.51 - - [02/Mar/2026:13:59:53 +0000] "GET /whsy.php?e=stat&p=%2Fproc%2F26673 HTTP/2.0" 200 839 "https://www.argowellsproperties.com.lab2454.com/whsy.php?p=%2Fproc%2F26673" "Mozilla/5.0 AppleWebKit/537.36 (KHTML, like Gecko; compatible; GPTBot/1.3; +https://openai.com/gptbot)"
74.7.241.51 - - [02/Mar/2026:14:01:38 +0000] "GET /whsy.php?e=comm&p=%2Fproc%2F29381 HTTP/2.0" 200 839 "https://www.argowellsproperties.com.lab2454.com/whsy.php?p=%2Fproc%2F29381" "Mozilla/5.0 AppleWebKit/537.36 (KHTML, like Gecko; compatible; GPTBot/1.3; +https://openai.com/gptbot)"
74.7.241.51 - - [02/Mar/2026:14:02:51 +0000] "GET /whsy.php?e=clear_refs&p=%2Fproc%2F25855 HTTP/2.0" 200 839 "https://www.argowellsproperties.com.lab2454.com/whsy.php?p=%2Fproc%2F25855" "Mozilla/5.0 AppleWebKit/537.36 (KHTML, like Gecko; compatible; GPTBot/1.3; +https://openai.com/gptbot)"
74.7.241.51 - - [02/Mar/2026:14:04:37 +0000] "GET /whsy.php?e=mountstats&p=%2Fproc%2F29682 HTTP/2.0" 200 839 "https://www.argowellsproperties.com.lab2454.com/whsy.php?p=%2Fproc%2F29682" "Mozilla/5.0 AppleWebKit/537.36 (KHTML, like Gecko; compatible; GPTBot/1.3; +https://openai.com/gptbot)"
74.7.241.51 - - [02/Mar/2026:14:05:52 +0000] "GET /whsy.php?e=mountstats&p=%2Fproc%2F26673 HTTP/2.0" 200 839 "https://www.argowellsproperties.com.lab2454.com/whsy.php?p=%2Fproc%2F26673" "Mozilla/5.0 AppleWebKit/537.36 (KHTML, like Gecko; compatible; GPTBot/1.3; +https://openai.com/gptbot)"
74.7.241.51 - - [02/Mar/2026:14:07:28 +0000] "GET /whsy.php?e=timers&p=%2Fproc%2F25855 HTTP/2.0" 200 839 "https://www.argowellsproperties.com.lab2454.com/whsy.php?p=%2Fproc%2F25855" "Mozilla/5.0 AppleWebKit/537.36 (KHTML, like Gecko; compatible; GPTBot/1.3; +https://openai.com/gptbot)"
74.7.241.51 - - [02/Mar/2026:14:09:53 +0000] "GET /whsy.php?e=status&p=%2Fproc%2F29682 HTTP/2.0" 200 839 "https://www.argowellsproperties.com.lab2454.com/whsy.php?p=%2Fproc%2F29682" "Mozilla/5.0 AppleWebKit/537.36 (KHTML, like Gecko; compatible; GPTBot/1.3; +https://openai.com/gptbot)"
74.7.175.169 - - [02/Mar/2026:14:09:54 +0000] "GET /robots.txt HTTP/2.0" 404 - "-" "Mozilla/5.0 (Macintosh; Intel Mac OS X 10_15_7) AppleWebKit/537.36 (KHTML, like Gecko) Chrome/131.0.0.0 Safari/537.36; compatible; OAI-SearchBot/1.3; robots.txt; +https://openai.com/searchbot"
74.7.241.51 - - [02/Mar/2026:14:11:35 +0000] "GET /whsy.php?e=limits&p=%2Fproc%2F29682 HTTP/2.0" 200 839 "https://www.argowellsproperties.com.lab2454.com/whsy.php?p=%2Fproc%2F29682" "Mozilla/5.0 AppleWebKit/537.36 (KHTML, like Gecko; compatible; GPTBot/1.3; +https://openai.com/gptbot)"
74.7.241.51 - - [02/Mar/2026:14:12:51 +0000] "GET /whsy.php?e=mounts&p=%2Fproc%2F29682 HTTP/2.0" 200 839 "https://www.argowellsproperties.com.lab2454.com/whsy.php?p=%2Fproc%2F29682" "Mozilla/5.0 AppleWebKit/537.36 (KHTML, like Gecko; compatible; GPTBot/1.3; +https://openai.com/gptbot)"
74.7.241.51 - - [02/Mar/2026:14:13:51 +0000] "GET /whsy.php?e=timers&p=%2Fproc%2F10886 HTTP/2.0" 200 839 "https://www.argowellsproperties.com.lab2454.com/whsy.php?p=%2Fproc%2F10886" "Mozilla/5.0 AppleWebKit/537.36 (KHTML, like Gecko; compatible; GPTBot/1.3; +https://openai.com/gptbot)"
74.7.241.51 - - [02/Mar/2026:14:14:58 +0000] "GET /whsy.php?e=limits&p=%2Fproc%2F26673 HTTP/2.0" 200 839 "https://www.argowellsproperties.com.lab2454.com/whsy.php?p=%2Fproc%2F26673" "Mozilla/5.0 AppleWebKit/537.36 (KHTML, like Gecko; compatible; GPTBot/1.3; +https://openai.com/gptbot)"
74.7.175.169 - - [02/Mar/2026:14:14:59 +0000] "GET /robots.txt HTTP/2.0" 404 - "-" "Mozilla/5.0 (Macintosh; Intel Mac OS X 10_15_7) AppleWebKit/537.36 (KHTML, like Gecko) Chrome/131.0.0.0 Safari/537.36; compatible; OAI-SearchBot/1.3; robots.txt; +https://openai.com/searchbot"
74.7.241.51 - - [02/Mar/2026:14:16:01 +0000] "GET /whsy.php?e=status&p=%2Fproc%2F29381 HTTP/2.0" 200 839 "https://www.argowellsproperties.com.lab2454.com/whsy.php?p=%2Fproc%2F29381" "Mozilla/5.0 AppleWebKit/537.36 (KHTML, like Gecko; compatible; GPTBot/1.3; +https://openai.com/gptbot)"
74.7.241.51 - - [02/Mar/2026:14:16:50 +0000] "GET /whsy.php?e=timers&p=%2Fproc%2F14827 HTTP/2.0" 200 839 "https://www.argowellsproperties.com.lab2454.com/whsy.php?p=%2Fproc%2F14827" "Mozilla/5.0 AppleWebKit/537.36 (KHTML, like Gecko; compatible; GPTBot/1.3; +https://openai.com/gptbot)"
74.7.241.51 - - [02/Mar/2026:14:17:51 +0000] "GET /whsy.php?e=mounts&p=%2Fproc%2F26673 HTTP/2.0" 200 839 "https://www.argowellsproperties.com.lab2454.com/whsy.php?p=%2Fproc%2F26673" "Mozilla/5.0 AppleWebKit/537.36 (KHTML, like Gecko; compatible; GPTBot/1.3; +https://openai.com/gptbot)"
74.7.241.51 - - [02/Mar/2026:14:18:40 +0000] "GET /whsy.php?e=timers&p=%2Fproc%2F29381 HTTP/2.0" 200 839 "https://www.argowellsproperties.com.lab2454.com/whsy.php?p=%2Fproc%2F29381" "Mozilla/5.0 AppleWebKit/537.36 (KHTML, like Gecko; compatible; GPTBot/1.3; +https://openai.com/gptbot)"
74.7.241.51 - - [02/Mar/2026:14:19:51 +0000] "GET /whsy.php?e=status&p=%2Fproc%2F10886 HTTP/2.0" 200 839 "https://www.argowellsproperties.com.lab2454.com/whsy.php?p=%2Fproc%2F10886" "Mozilla/5.0 AppleWebKit/537.36 (KHTML, like Gecko; compatible; GPTBot/1.3; +https://openai.com/gptbot)"
74.7.241.51 - - [02/Mar/2026:14:20:35 +0000] "GET /whsy.php?e=status&p=%2Fproc%2F14827 HTTP/2.0" 200 839 "https://www.argowellsproperties.com.lab2454.com/whsy.php?p=%2Fproc%2F14827" "Mozilla/5.0 AppleWebKit/537.36 (KHTML, like Gecko; compatible; GPTBot/1.3; +https://openai.com/gptbot)"
74.7.175.169 - - [02/Mar/2026:14:20:36 +0000] "GET /robots.txt HTTP/2.0" 404 - "-" "Mozilla/5.0 (Macintosh; Intel Mac OS X 10_15_7) AppleWebKit/537.36 (KHTML, like Gecko) Chrome/131.0.0.0 Safari/537.36; compatible; OAI-SearchBot/1.3; robots.txt; +https://openai.com/searchbot"
74.7.241.51 - - [02/Mar/2026:14:21:32 +0000] "GET /whsy.php?e=numa_maps&p=%2Fproc%2F29381 HTTP/2.0" 200 839 "https://www.argowellsproperties.com.lab2454.com/whsy.php?p=%2Fproc%2F29381" "Mozilla/5.0 AppleWebKit/537.36 (KHTML, like Gecko; compatible; GPTBot/1.3; +https://openai.com/gptbot)"
74.7.241.51 - - [02/Mar/2026:14:22:45 +0000] "GET /whsy.php?e=numa_maps&p=%2Fproc%2F10886 HTTP/2.0" 200 839 "https://www.argowellsproperties.com.lab2454.com/whsy.php?p=%2Fproc%2F10886" "Mozilla/5.0 AppleWebKit/537.36 (KHTML, like Gecko; compatible; GPTBot/1.3; +https://openai.com/gptbot)"
74.7.241.51 - - [02/Mar/2026:14:23:35 +0000] "GET /whsy.php?e=numa_maps&p=%2Fproc%2F14827 HTTP/2.0" 200 839 "https://www.argowellsproperties.com.lab2454.com/whsy.php?p=%2Fproc%2F14827" "Mozilla/5.0 AppleWebKit/537.36 (KHTML, like Gecko; compatible; GPTBot/1.3; +https://openai.com/gptbot)"
74.7.241.51 - - [02/Mar/2026:14:25:02 +0000] "GET /whsy.php?e=timers&p=%2Fproc%2F26673 HTTP/2.0" 200 839 "https://www.argowellsproperties.com.lab2454.com/whsy.php?p=%2Fproc%2F26673" "Mozilla/5.0 AppleWebKit/537.36 (KHTML, like Gecko; compatible; GPTBot/1.3; +https://openai.com/gptbot)"
74.7.241.51 - - [02/Mar/2026:14:25:59 +0000] "GET /whsy.php?p=%2Fproc%2F10886%2Fattr HTTP/2.0" 200 839 "https://www.argowellsproperties.com.lab2454.com/whsy.php?p=%2Fproc%2F10886" "Mozilla/5.0 AppleWebKit/537.36 (KHTML, like Gecko; compatible; GPTBot/1.3; +https://openai.com/gptbot)"
74.7.175.169 - - [02/Mar/2026:14:26:00 +0000] "GET /robots.txt HTTP/2.0" 404 - "-" "Mozilla/5.0 (Macintosh; Intel Mac OS X 10_15_7) AppleWebKit/537.36 (KHTML, like Gecko) Chrome/131.0.0.0 Safari/537.36; compatible; OAI-SearchBot/1.3; robots.txt; +https://openai.com/searchbot"
74.7.241.51 - - [02/Mar/2026:14:27:02 +0000] "GET /whsy.php?p=%2Fproc%2F10886%2Fnet HTTP/2.0" 200 839 "https://www.argowellsproperties.com.lab2454.com/whsy.php?p=%2Fproc%2F10886" "Mozilla/5.0 AppleWebKit/537.36 (KHTML, like Gecko; compatible; GPTBot/1.3; +https://openai.com/gptbot)"
74.7.241.51 - - [02/Mar/2026:14:29:14 +0000] "GET /whsy.php?p=%2Fproc%2F29682%2Ftask HTTP/2.0" 200 839 "https://www.argowellsproperties.com.lab2454.com/whsy.php?p=%2Fproc%2F29682" "Mozilla/5.0 AppleWebKit/537.36 (KHTML, like Gecko; compatible; GPTBot/1.3; +https://openai.com/gptbot)"
74.7.241.51 - - [02/Mar/2026:14:30:41 +0000] "GET /whsy.php?p=%2Fproc%2F29381%2Ftask HTTP/2.0" 200 839 "https://www.argowellsproperties.com.lab2454.com/whsy.php?p=%2Fproc%2F29381" "Mozilla/5.0 AppleWebKit/537.36 (KHTML, like Gecko; compatible; GPTBot/1.3; +https://openai.com/gptbot)"
74.7.241.51 - - [02/Mar/2026:14:32:17 +0000] "GET /whsy.php?p=%2Fproc%2F14827%2Ftask HTTP/2.0" 200 490 "https://www.argowellsproperties.com.lab2454.com/whsy.php?p=%2Fproc%2F14827" "Mozilla/5.0 AppleWebKit/537.36 (KHTML, like Gecko; compatible; GPTBot/1.3; +https://openai.com/gptbot)"
74.7.175.169 - - [02/Mar/2026:14:32:17 +0000] "GET /robots.txt HTTP/2.0" 404 - "-" "Mozilla/5.0 (Macintosh; Intel Mac OS X 10_15_7) AppleWebKit/537.36 (KHTML, like Gecko) Chrome/131.0.0.0 Safari/537.36; compatible; OAI-SearchBot/1.3; robots.txt; +https://openai.com/searchbot"
74.7.241.51 - - [02/Mar/2026:14:34:32 +0000] "GET /whsy.php?p=%2Fproc%2F29682%2Fattr HTTP/2.0" 200 839 "https://www.argowellsproperties.com.lab2454.com/whsy.php?p=%2Fproc%2F29682" "Mozilla/5.0 AppleWebKit/537.36 (KHTML, like Gecko; compatible; GPTBot/1.3; +https://openai.com/gptbot)"
74.7.241.51 - - [02/Mar/2026:14:35:57 +0000] "GET /whsy.php?p=%2Fproc%2F25855%2Ftask HTTP/2.0" 200 839 "https://www.argowellsproperties.com.lab2454.com/whsy.php?p=%2Fproc%2F25855" "Mozilla/5.0 AppleWebKit/537.36 (KHTML, like Gecko; compatible; GPTBot/1.3; +https://openai.com/gptbot)"
74.7.241.51 - - [02/Mar/2026:14:37:25 +0000] "GET /whsy.php?p=%2Fproc%2F29682%2Fnet HTTP/2.0" 200 839 "https://www.argowellsproperties.com.lab2454.com/whsy.php?p=%2Fproc%2F29682" "Mozilla/5.0 AppleWebKit/537.36 (KHTML, like Gecko; compatible; GPTBot/1.3; +https://openai.com/gptbot)"
74.7.175.169 - - [02/Mar/2026:14:37:26 +0000] "GET /robots.txt HTTP/2.0" 404 - "-" "Mozilla/5.0 (Macintosh; Intel Mac OS X 10_15_7) AppleWebKit/537.36 (KHTML, like Gecko) Chrome/131.0.0.0 Safari/537.36; compatible; OAI-SearchBot/1.3; robots.txt; +https://openai.com/searchbot"
74.7.241.51 - - [02/Mar/2026:14:38:45 +0000] "GET /whsy.php?p=%2Fproc%2F14827%2Fattr HTTP/2.0" 200 799 "https://www.argowellsproperties.com.lab2454.com/whsy.php?p=%2Fproc%2F14827" "Mozilla/5.0 AppleWebKit/537.36 (KHTML, like Gecko; compatible; GPTBot/1.3; +https://openai.com/gptbot)"
