74.7.241.51 - - [02/Mar/2026:14:40:04 +0000] "GET /whsy.php?p=%2Fproc%2F14827%2Fnet HTTP/2.0" 200 839 "https://www.argowellsproperties.com.lab2454.com/whsy.php?p=%2Fproc%2F14827" "Mozilla/5.0 AppleWebKit/537.36 (KHTML, like Gecko; compatible; GPTBot/1.3; +https://openai.com/gptbot)"
74.7.241.51 - - [02/Mar/2026:14:41:26 +0000] "GET /whsy.php?p=%2Fproc%2F25855%2Fattr HTTP/2.0" 200 839 "https://www.argowellsproperties.com.lab2454.com/whsy.php?p=%2Fproc%2F25855" "Mozilla/5.0 AppleWebKit/537.36 (KHTML, like Gecko; compatible; GPTBot/1.3; +https://openai.com/gptbot)"
74.7.241.51 - - [02/Mar/2026:14:42:26 +0000] "GET /whsy.php?p=%2Fproc%2F10886%2Ftask HTTP/2.0" 200 839 "https://www.argowellsproperties.com.lab2454.com/whsy.php?p=%2Fproc%2F10886" "Mozilla/5.0 AppleWebKit/537.36 (KHTML, like Gecko; compatible; GPTBot/1.3; +https://openai.com/gptbot)"
74.7.175.169 - - [02/Mar/2026:14:42:27 +0000] "GET /robots.txt HTTP/2.0" 404 - "-" "Mozilla/5.0 (Macintosh; Intel Mac OS X 10_15_7) AppleWebKit/537.36 (KHTML, like Gecko) Chrome/131.0.0.0 Safari/537.36; compatible; OAI-SearchBot/1.3; robots.txt; +https://openai.com/searchbot"
74.7.241.51 - - [02/Mar/2026:14:43:16 +0000] "GET /whsy.php?p=%2Fproc%2F26673%2Fattr HTTP/2.0" 200 839 "https://www.argowellsproperties.com.lab2454.com/whsy.php?p=%2Fproc%2F26673" "Mozilla/5.0 AppleWebKit/537.36 (KHTML, like Gecko; compatible; GPTBot/1.3; +https://openai.com/gptbot)"
74.7.241.51 - - [02/Mar/2026:14:44:16 +0000] "GET /whsy.php?p=%2Fproc%2F25855%2Fnet HTTP/2.0" 200 839 "https://www.argowellsproperties.com.lab2454.com/whsy.php?p=%2Fproc%2F25855" "Mozilla/5.0 AppleWebKit/537.36 (KHTML, like Gecko; compatible; GPTBot/1.3; +https://openai.com/gptbot)"
74.7.241.51 - - [02/Mar/2026:14:45:18 +0000] "GET /whsy.php?p=%2Fproc%2F26673%2Fnet HTTP/2.0" 200 839 "https://www.argowellsproperties.com.lab2454.com/whsy.php?p=%2Fproc%2F26673" "Mozilla/5.0 AppleWebKit/537.36 (KHTML, like Gecko; compatible; GPTBot/1.3; +https://openai.com/gptbot)"
74.7.241.51 - - [02/Mar/2026:14:46:24 +0000] "GET /whsy.php?p=%2Fproc%2F29381%2Fattr HTTP/2.0" 200 839 "https://www.argowellsproperties.com.lab2454.com/whsy.php?p=%2Fproc%2F29381" "Mozilla/5.0 AppleWebKit/537.36 (KHTML, like Gecko; compatible; GPTBot/1.3; +https://openai.com/gptbot)"
74.7.241.51 - - [02/Mar/2026:14:47:38 +0000] "GET /whsy.php?p=%2Fproc%2F29381%2Fnet HTTP/2.0" 200 839 "https://www.argowellsproperties.com.lab2454.com/whsy.php?p=%2Fproc%2F29381" "Mozilla/5.0 AppleWebKit/537.36 (KHTML, like Gecko; compatible; GPTBot/1.3; +https://openai.com/gptbot)"
74.7.175.169 - - [02/Mar/2026:14:47:39 +0000] "GET /robots.txt HTTP/2.0" 404 - "-" "Mozilla/5.0 (Macintosh; Intel Mac OS X 10_15_7) AppleWebKit/537.36 (KHTML, like Gecko) Chrome/131.0.0.0 Safari/537.36; compatible; OAI-SearchBot/1.3; robots.txt; +https://openai.com/searchbot"
74.7.241.51 - - [02/Mar/2026:14:48:35 +0000] "GET /whsy.php?p=%2Fproc%2F26673%2Ftask HTTP/2.0" 200 839 "https://www.argowellsproperties.com.lab2454.com/whsy.php?p=%2Fproc%2F26673" "Mozilla/5.0 AppleWebKit/537.36 (KHTML, like Gecko; compatible; GPTBot/1.3; +https://openai.com/gptbot)"
74.7.241.51 - - [02/Mar/2026:14:49:26 +0000] "GET /whsy.php?e=arch_status&p=%2Fproc%2F29381 HTTP/2.0" 200 839 "https://www.argowellsproperties.com.lab2454.com/whsy.php?p=%2Fproc%2F29381" "Mozilla/5.0 AppleWebKit/537.36 (KHTML, like Gecko; compatible; GPTBot/1.3; +https://openai.com/gptbot)"
74.7.241.51 - - [02/Mar/2026:14:50:16 +0000] "GET /whsy.php?e=arch_status&p=%2Fproc%2F10886 HTTP/2.0" 200 839 "https://www.argowellsproperties.com.lab2454.com/whsy.php?p=%2Fproc%2F10886" "Mozilla/5.0 AppleWebKit/537.36 (KHTML, like Gecko; compatible; GPTBot/1.3; +https://openai.com/gptbot)"
74.7.241.51 - - [02/Mar/2026:14:51:14 +0000] "GET /whsy.php?e=exec&p=%2Fproc%2F14827%2Fattr HTTP/2.0" 200 839 "https://www.argowellsproperties.com.lab2454.com/whsy.php?p=%2Fproc%2F14827%2Fattr" "Mozilla/5.0 AppleWebKit/537.36 (KHTML, like Gecko; compatible; GPTBot/1.3; +https://openai.com/gptbot)"
74.7.241.51 - - [02/Mar/2026:14:51:59 +0000] "GET /whsy.php?e=timers&p=%2Fproc%2F29682 HTTP/2.0" 200 839 "https://www.argowellsproperties.com.lab2454.com/whsy.php?p=%2Fproc%2F29682" "Mozilla/5.0 AppleWebKit/537.36 (KHTML, like Gecko; compatible; GPTBot/1.3; +https://openai.com/gptbot)"
74.7.241.51 - - [02/Mar/2026:14:52:52 +0000] "GET /whsy.php?e=cgroup&p=%2Fproc%2F10886 HTTP/2.0" 200 839 "https://www.argowellsproperties.com.lab2454.com/whsy.php?p=%2Fproc%2F10886" "Mozilla/5.0 AppleWebKit/537.36 (KHTML, like Gecko; compatible; GPTBot/1.3; +https://openai.com/gptbot)"
74.7.241.51 - - [02/Mar/2026:14:53:46 +0000] "GET /whsy.php?e=cpuset&p=%2Fproc%2F14827 HTTP/2.0" 200 839 "https://www.argowellsproperties.com.lab2454.com/whsy.php?p=%2Fproc%2F14827" "Mozilla/5.0 AppleWebKit/537.36 (KHTML, like Gecko; compatible; GPTBot/1.3; +https://openai.com/gptbot)"
74.7.241.51 - - [02/Mar/2026:14:54:39 +0000] "GET /whsy.php?e=cpuset&p=%2Fproc%2F10886 HTTP/2.0" 200 839 "https://www.argowellsproperties.com.lab2454.com/whsy.php?p=%2Fproc%2F10886" "Mozilla/5.0 AppleWebKit/537.36 (KHTML, like Gecko; compatible; GPTBot/1.3; +https://openai.com/gptbot)"
74.7.241.51 - - [02/Mar/2026:14:55:19 +0000] "GET /whsy.php?e=status&p=%2Fproc%2F26673 HTTP/2.0" 200 839 "https://www.argowellsproperties.com.lab2454.com/whsy.php?p=%2Fproc%2F26673" "Mozilla/5.0 AppleWebKit/537.36 (KHTML, like Gecko; compatible; GPTBot/1.3; +https://openai.com/gptbot)"
74.7.241.51 - - [02/Mar/2026:14:56:15 +0000] "GET /whsy.php?e=cpuset&p=%2Fproc%2F29381 HTTP/2.0" 200 839 "https://www.argowellsproperties.com.lab2454.com/whsy.php?p=%2Fproc%2F29381" "Mozilla/5.0 AppleWebKit/537.36 (KHTML, like Gecko; compatible; GPTBot/1.3; +https://openai.com/gptbot)"
74.7.241.51 - - [02/Mar/2026:14:57:14 +0000] "GET /whsy.php?e=cgroup&p=%2Fproc%2F14827 HTTP/2.0" 200 839 "https://www.argowellsproperties.com.lab2454.com/whsy.php?p=%2Fproc%2F14827" "Mozilla/5.0 AppleWebKit/537.36 (KHTML, like Gecko; compatible; GPTBot/1.3; +https://openai.com/gptbot)"
74.7.241.51 - - [02/Mar/2026:14:58:10 +0000] "GET /whsy.php?e=mounts&p=%2Fproc%2F25855 HTTP/2.0" 200 839 "https://www.argowellsproperties.com.lab2454.com/whsy.php?p=%2Fproc%2F25855" "Mozilla/5.0 AppleWebKit/537.36 (KHTML, like Gecko; compatible; GPTBot/1.3; +https://openai.com/gptbot)"
74.7.175.169 - - [02/Mar/2026:14:58:11 +0000] "GET /robots.txt HTTP/2.0" 404 - "-" "Mozilla/5.0 (Macintosh; Intel Mac OS X 10_15_7) AppleWebKit/537.36 (KHTML, like Gecko) Chrome/131.0.0.0 Safari/537.36; compatible; OAI-SearchBot/1.3; robots.txt; +https://openai.com/searchbot"
74.7.241.51 - - [02/Mar/2026:14:59:14 +0000] "GET /whsy.php?e=limits&p=%2Fproc%2F25855 HTTP/2.0" 200 839 "https://www.argowellsproperties.com.lab2454.com/whsy.php?p=%2Fproc%2F25855" "Mozilla/5.0 AppleWebKit/537.36 (KHTML, like Gecko; compatible; GPTBot/1.3; +https://openai.com/gptbot)"
74.7.241.51 - - [02/Mar/2026:15:00:12 +0000] "GET /whsy.php?e=cgroup&p=%2Fproc%2F29381 HTTP/2.0" 200 839 "https://www.argowellsproperties.com.lab2454.com/whsy.php?p=%2Fproc%2F29381" "Mozilla/5.0 AppleWebKit/537.36 (KHTML, like Gecko; compatible; GPTBot/1.3; +https://openai.com/gptbot)"
74.7.241.51 - - [02/Mar/2026:15:01:09 +0000] "GET /whsy.php?e=numa_maps&p=%2Fproc%2F25855 HTTP/2.0" 200 839 "https://www.argowellsproperties.com.lab2454.com/whsy.php?p=%2Fproc%2F25855" "Mozilla/5.0 AppleWebKit/537.36 (KHTML, like Gecko; compatible; GPTBot/1.3; +https://openai.com/gptbot)"
74.7.241.51 - - [02/Mar/2026:15:02:03 +0000] "GET /whsy.php?e=numa_maps&p=%2Fproc%2F29682 HTTP/2.0" 200 839 "https://www.argowellsproperties.com.lab2454.com/whsy.php?p=%2Fproc%2F29682" "Mozilla/5.0 AppleWebKit/537.36 (KHTML, like Gecko; compatible; GPTBot/1.3; +https://openai.com/gptbot)"
74.7.241.51 - - [02/Mar/2026:15:03:15 +0000] "GET /whsy.php?e=numa_maps&p=%2Fproc%2F26673 HTTP/2.0" 200 839 "https://www.argowellsproperties.com.lab2454.com/whsy.php?p=%2Fproc%2F26673" "Mozilla/5.0 AppleWebKit/537.36 (KHTML, like Gecko; compatible; GPTBot/1.3; +https://openai.com/gptbot)"
74.7.175.169 - - [02/Mar/2026:15:03:16 +0000] "GET /robots.txt HTTP/2.0" 404 - "-" "Mozilla/5.0 (Macintosh; Intel Mac OS X 10_15_7) AppleWebKit/537.36 (KHTML, like Gecko) Chrome/131.0.0.0 Safari/537.36; compatible; OAI-SearchBot/1.3; robots.txt; +https://openai.com/searchbot"
74.7.241.51 - - [02/Mar/2026:15:04:28 +0000] "GET /whsy.php?e=oom_score&p=%2Fproc%2F10886 HTTP/2.0" 200 839 "https://www.argowellsproperties.com.lab2454.com/whsy.php?p=%2Fproc%2F10886" "Mozilla/5.0 AppleWebKit/537.36 (KHTML, like Gecko; compatible; GPTBot/1.3; +https://openai.com/gptbot)"
74.7.241.51 - - [02/Mar/2026:15:05:44 +0000] "GET /whsy.php?e=arch_status&p=%2Fproc%2F29682 HTTP/2.0" 200 839 "https://www.argowellsproperties.com.lab2454.com/whsy.php?p=%2Fproc%2F29682" "Mozilla/5.0 AppleWebKit/537.36 (KHTML, like Gecko; compatible; GPTBot/1.3; +https://openai.com/gptbot)"
74.7.241.51 - - [02/Mar/2026:15:06:56 +0000] "GET /whsy.php?e=oom_score&p=%2Fproc%2F14827 HTTP/2.0" 200 839 "https://www.argowellsproperties.com.lab2454.com/whsy.php?p=%2Fproc%2F14827" "Mozilla/5.0 AppleWebKit/537.36 (KHTML, like Gecko; compatible; GPTBot/1.3; +https://openai.com/gptbot)"
74.7.241.51 - - [02/Mar/2026:15:08:33 +0000] "GET /whsy.php?e=oom_score&p=%2Fproc%2F29381 HTTP/2.0" 200 839 "https://www.argowellsproperties.com.lab2454.com/whsy.php?p=%2Fproc%2F29381" "Mozilla/5.0 AppleWebKit/537.36 (KHTML, like Gecko; compatible; GPTBot/1.3; +https://openai.com/gptbot)"
74.7.241.51 - - [02/Mar/2026:15:09:30 +0000] "GET /whsy.php?e=arch_status&p=%2Fproc%2F26673 HTTP/2.0" 200 839 "https://www.argowellsproperties.com.lab2454.com/whsy.php?p=%2Fproc%2F26673" "Mozilla/5.0 AppleWebKit/537.36 (KHTML, like Gecko; compatible; GPTBot/1.3; +https://openai.com/gptbot)"
74.7.241.51 - - [02/Mar/2026:15:10:40 +0000] "GET /whsy.php?e=arch_status&p=%2Fproc%2F25855 HTTP/2.0" 200 839 "https://www.argowellsproperties.com.lab2454.com/whsy.php?p=%2Fproc%2F25855" "Mozilla/5.0 AppleWebKit/537.36 (KHTML, like Gecko; compatible; GPTBot/1.3; +https://openai.com/gptbot)"
74.7.241.51 - - [02/Mar/2026:15:11:48 +0000] "GET /whsy.php?e=oom_score&p=%2Fproc%2F26673 HTTP/2.0" 200 839 "https://www.argowellsproperties.com.lab2454.com/whsy.php?p=%2Fproc%2F26673" "Mozilla/5.0 AppleWebKit/537.36 (KHTML, like Gecko; compatible; GPTBot/1.3; +https://openai.com/gptbot)"
74.7.241.51 - - [02/Mar/2026:15:12:48 +0000] "GET /whsy.php?e=prev&p=%2Fproc%2F14827%2Fattr HTTP/2.0" 200 839 "https://www.argowellsproperties.com.lab2454.com/whsy.php?p=%2Fproc%2F14827%2Fattr" "Mozilla/5.0 AppleWebKit/537.36 (KHTML, like Gecko; compatible; GPTBot/1.3; +https://openai.com/gptbot)"
74.7.241.51 - - [02/Mar/2026:15:14:12 +0000] "GET /whsy.php?p=%2Fproc%2F25855%2Ffdinfo HTTP/2.0" 200 839 "https://www.argowellsproperties.com.lab2454.com/whsy.php?p=%2Fproc%2F25855" "Mozilla/5.0 AppleWebKit/537.36 (KHTML, like Gecko; compatible; GPTBot/1.3; +https://openai.com/gptbot)"
74.7.175.169 - - [02/Mar/2026:15:14:13 +0000] "GET /robots.txt HTTP/2.0" 404 - "-" "Mozilla/5.0 (Macintosh; Intel Mac OS X 10_15_7) AppleWebKit/537.36 (KHTML, like Gecko) Chrome/131.0.0.0 Safari/537.36; compatible; OAI-SearchBot/1.3; robots.txt; +https://openai.com/searchbot"
74.7.241.51 - - [02/Mar/2026:15:15:11 +0000] "GET /whsy.php?p=%2Fproc%2F29682%2Ffdinfo HTTP/2.0" 200 839 "https://www.argowellsproperties.com.lab2454.com/whsy.php?p=%2Fproc%2F29682" "Mozilla/5.0 AppleWebKit/537.36 (KHTML, like Gecko; compatible; GPTBot/1.3; +https://openai.com/gptbot)"
74.7.241.51 - - [02/Mar/2026:15:16:22 +0000] "GET /whsy.php?p=%2Fproc%2F26673%2Ffdinfo HTTP/2.0" 200 839 "https://www.argowellsproperties.com.lab2454.com/whsy.php?p=%2Fproc%2F26673" "Mozilla/5.0 AppleWebKit/537.36 (KHTML, like Gecko; compatible; GPTBot/1.3; +https://openai.com/gptbot)"
74.7.241.51 - - [02/Mar/2026:15:17:46 +0000] "GET /whsy.php?e=current&p=%2Fproc%2F14827%2Fattr HTTP/2.0" 200 839 "https://www.argowellsproperties.com.lab2454.com/whsy.php?p=%2Fproc%2F14827%2Fattr" "Mozilla/5.0 AppleWebKit/537.36 (KHTML, like Gecko; compatible; GPTBot/1.3; +https://openai.com/gptbot)"
74.7.241.51 - - [02/Mar/2026:15:19:25 +0000] "GET /whsy.php?p=%2Fproc%2F29381%2Ffd HTTP/2.0" 200 839 "https://www.argowellsproperties.com.lab2454.com/whsy.php?p=%2Fproc%2F29381" "Mozilla/5.0 AppleWebKit/537.36 (KHTML, like Gecko; compatible; GPTBot/1.3; +https://openai.com/gptbot)"
74.7.175.169 - - [02/Mar/2026:15:19:26 +0000] "GET /robots.txt HTTP/2.0" 404 - "-" "Mozilla/5.0 (Macintosh; Intel Mac OS X 10_15_7) AppleWebKit/537.36 (KHTML, like Gecko) Chrome/131.0.0.0 Safari/537.36; compatible; OAI-SearchBot/1.3; robots.txt; +https://openai.com/searchbot"
74.7.241.51 - - [02/Mar/2026:15:20:53 +0000] "GET /whsy.php?p=%2Fproc%2F25855%2Fns HTTP/2.0" 200 839 "https://www.argowellsproperties.com.lab2454.com/whsy.php?p=%2Fproc%2F25855" "Mozilla/5.0 AppleWebKit/537.36 (KHTML, like Gecko; compatible; GPTBot/1.3; +https://openai.com/gptbot)"
74.7.241.51 - - [02/Mar/2026:15:22:10 +0000] "GET /whsy.php?p=%2Fproc%2F14827%2Ffd HTTP/2.0" 200 839 "https://www.argowellsproperties.com.lab2454.com/whsy.php?p=%2Fproc%2F14827" "Mozilla/5.0 AppleWebKit/537.36 (KHTML, like Gecko; compatible; GPTBot/1.3; +https://openai.com/gptbot)"
74.7.241.51 - - [02/Mar/2026:15:23:33 +0000] "GET /whsy.php?p=%2Fproc%2F26673%2Ffd HTTP/2.0" 200 839 "https://www.argowellsproperties.com.lab2454.com/whsy.php?p=%2Fproc%2F26673" "Mozilla/5.0 AppleWebKit/537.36 (KHTML, like Gecko; compatible; GPTBot/1.3; +https://openai.com/gptbot)"
104.152.52.129 - - [02/Mar/2026:15:24:52 +0000] "GET / HTTP/1.1" 200 1199 "-" "curl/7.61.1"
104.152.52.129 - - [02/Mar/2026:15:24:52 +0000] "GET /favicon.ico HTTP/1.1" 404 - "-" "curl/7.61.1"
74.7.241.51 - - [02/Mar/2026:15:24:57 +0000] "GET /whsy.php?p=%2Fproc%2F10886%2Ffd HTTP/2.0" 200 839 "https://www.argowellsproperties.com.lab2454.com/whsy.php?p=%2Fproc%2F10886" "Mozilla/5.0 AppleWebKit/537.36 (KHTML, like Gecko; compatible; GPTBot/1.3; +https://openai.com/gptbot)"
74.7.175.169 - - [02/Mar/2026:15:24:58 +0000] "GET /robots.txt HTTP/2.0" 404 - "-" "Mozilla/5.0 (Macintosh; Intel Mac OS X 10_15_7) AppleWebKit/537.36 (KHTML, like Gecko) Chrome/131.0.0.0 Safari/537.36; compatible; OAI-SearchBot/1.3; robots.txt; +https://openai.com/searchbot"
74.7.241.51 - - [02/Mar/2026:15:26:17 +0000] "GET /whsy.php?p=%2Fproc%2F29682%2Fns HTTP/2.0" 200 839 "https://www.argowellsproperties.com.lab2454.com/whsy.php?p=%2Fproc%2F29682" "Mozilla/5.0 AppleWebKit/537.36 (KHTML, like Gecko; compatible; GPTBot/1.3; +https://openai.com/gptbot)"
74.7.241.51 - - [02/Mar/2026:15:27:20 +0000] "GET /whsy.php?p=%2Fproc%2F10886%2Fns HTTP/2.0" 200 839 "https://www.argowellsproperties.com.lab2454.com/whsy.php?p=%2Fproc%2F10886" "Mozilla/5.0 AppleWebKit/537.36 (KHTML, like Gecko; compatible; GPTBot/1.3; +https://openai.com/gptbot)"
74.7.241.51 - - [02/Mar/2026:15:28:28 +0000] "GET /whsy.php?p=%2Fproc%2F14827%2Fns HTTP/2.0" 200 839 "https://www.argowellsproperties.com.lab2454.com/whsy.php?p=%2Fproc%2F14827" "Mozilla/5.0 AppleWebKit/537.36 (KHTML, like Gecko; compatible; GPTBot/1.3; +https://openai.com/gptbot)"
74.7.241.51 - - [02/Mar/2026:15:29:47 +0000] "GET /whsy.php?p=%2Fproc%2F29381%2Fns HTTP/2.0" 200 839 "https://www.argowellsproperties.com.lab2454.com/whsy.php?p=%2Fproc%2F29381" "Mozilla/5.0 AppleWebKit/537.36 (KHTML, like Gecko; compatible; GPTBot/1.3; +https://openai.com/gptbot)"
74.7.241.51 - - [02/Mar/2026:15:31:01 +0000] "GET /whsy.php?p=%2Fproc%2F29682%2Ffd HTTP/2.0" 200 839 "https://www.argowellsproperties.com.lab2454.com/whsy.php?p=%2Fproc%2F29682" "Mozilla/5.0 AppleWebKit/537.36 (KHTML, like Gecko; compatible; GPTBot/1.3; +https://openai.com/gptbot)"
74.7.175.169 - - [02/Mar/2026:15:31:02 +0000] "GET /robots.txt HTTP/2.0" 404 - "-" "Mozilla/5.0 (Macintosh; Intel Mac OS X 10_15_7) AppleWebKit/537.36 (KHTML, like Gecko) Chrome/131.0.0.0 Safari/537.36; compatible; OAI-SearchBot/1.3; robots.txt; +https://openai.com/searchbot"
74.7.241.51 - - [02/Mar/2026:15:32:12 +0000] "GET /whsy.php?p=%2Fproc%2F26673%2Fns HTTP/2.0" 200 839 "https://www.argowellsproperties.com.lab2454.com/whsy.php?p=%2Fproc%2F26673" "Mozilla/5.0 AppleWebKit/537.36 (KHTML, like Gecko; compatible; GPTBot/1.3; +https://openai.com/gptbot)"
74.7.241.51 - - [02/Mar/2026:15:33:30 +0000] "GET /whsy.php?p=%2Fproc%2F25855%2Ffd HTTP/2.0" 200 839 "https://www.argowellsproperties.com.lab2454.com/whsy.php?p=%2Fproc%2F25855" "Mozilla/5.0 AppleWebKit/537.36 (KHTML, like Gecko; compatible; GPTBot/1.3; +https://openai.com/gptbot)"
74.7.241.51 - - [02/Mar/2026:15:34:53 +0000] "GET /whsy.php?p=%2Fproc%2F29381%2Ffdinfo HTTP/2.0" 200 839 "https://www.argowellsproperties.com.lab2454.com/whsy.php?p=%2Fproc%2F29381" "Mozilla/5.0 AppleWebKit/537.36 (KHTML, like Gecko; compatible; GPTBot/1.3; +https://openai.com/gptbot)"
74.7.241.51 - - [02/Mar/2026:15:36:14 +0000] "GET /whsy.php?p=%2Fproc%2F14827%2Ffdinfo HTTP/2.0" 200 839 "https://www.argowellsproperties.com.lab2454.com/whsy.php?p=%2Fproc%2F14827" "Mozilla/5.0 AppleWebKit/537.36 (KHTML, like Gecko; compatible; GPTBot/1.3; +https://openai.com/gptbot)"
74.7.175.169 - - [02/Mar/2026:15:36:15 +0000] "GET /robots.txt HTTP/2.0" 404 - "-" "Mozilla/5.0 (Macintosh; Intel Mac OS X 10_15_7) AppleWebKit/537.36 (KHTML, like Gecko) Chrome/131.0.0.0 Safari/537.36; compatible; OAI-SearchBot/1.3; robots.txt; +https://openai.com/searchbot"
74.7.241.51 - - [02/Mar/2026:15:37:38 +0000] "GET /whsy.php?p=%2Fproc%2F26673%2Fmap_files HTTP/2.0" 200 839 "https://www.argowellsproperties.com.lab2454.com/whsy.php?p=%2Fproc%2F26673" "Mozilla/5.0 AppleWebKit/537.36 (KHTML, like Gecko; compatible; GPTBot/1.3; +https://openai.com/gptbot)"
74.7.241.51 - - [02/Mar/2026:15:38:55 +0000] "GET /whsy.php?p=%2Fproc%2F29682%2Fmap_files HTTP/2.0" 200 839 "https://www.argowellsproperties.com.lab2454.com/whsy.php?p=%2Fproc%2F29682" "Mozilla/5.0 AppleWebKit/537.36 (KHTML, like Gecko; compatible; GPTBot/1.3; +https://openai.com/gptbot)"
74.7.241.51 - - [02/Mar/2026:15:40:30 +0000] "GET /whsy.php?e=projid_map&p=%2Fproc%2F10886 HTTP/2.0" 200 839 "https://www.argowellsproperties.com.lab2454.com/whsy.php?p=%2Fproc%2F10886" "Mozilla/5.0 AppleWebKit/537.36 (KHTML, like Gecko; compatible; GPTBot/1.3; +https://openai.com/gptbot)"
74.7.241.51 - - [02/Mar/2026:15:42:08 +0000] "GET /whsy.php?e=projid_map&p=%2Fproc%2F14827 HTTP/2.0" 200 839 "https://www.argowellsproperties.com.lab2454.com/whsy.php?p=%2Fproc%2F14827" "Mozilla/5.0 AppleWebKit/537.36 (KHTML, like Gecko; compatible; GPTBot/1.3; +https://openai.com/gptbot)"
74.7.175.169 - - [02/Mar/2026:15:42:09 +0000] "GET /robots.txt HTTP/2.0" 404 - "-" "Mozilla/5.0 (Macintosh; Intel Mac OS X 10_15_7) AppleWebKit/537.36 (KHTML, like Gecko) Chrome/131.0.0.0 Safari/537.36; compatible; OAI-SearchBot/1.3; robots.txt; +https://openai.com/searchbot"
74.7.241.51 - - [02/Mar/2026:15:43:43 +0000] "GET /whsy.php?e=projid_map&p=%2Fproc%2F29381 HTTP/2.0" 200 839 "https://www.argowellsproperties.com.lab2454.com/whsy.php?p=%2Fproc%2F29381" "Mozilla/5.0 AppleWebKit/537.36 (KHTML, like Gecko; compatible; GPTBot/1.3; +https://openai.com/gptbot)"
74.7.241.51 - - [02/Mar/2026:15:44:53 +0000] "GET /whsy.php?p=%2Fproc%2F10886%2Fmap_files HTTP/2.0" 200 839 "https://www.argowellsproperties.com.lab2454.com/whsy.php?p=%2Fproc%2F10886" "Mozilla/5.0 AppleWebKit/537.36 (KHTML, like Gecko; compatible; GPTBot/1.3; +https://openai.com/gptbot)"
74.7.241.51 - - [02/Mar/2026:15:46:09 +0000] "GET /whsy.php?p=%2Fproc%2F25855%2Fmap_files HTTP/2.0" 200 839 "https://www.argowellsproperties.com.lab2454.com/whsy.php?p=%2Fproc%2F25855" "Mozilla/5.0 AppleWebKit/537.36 (KHTML, like Gecko; compatible; GPTBot/1.3; +https://openai.com/gptbot)"
74.7.241.51 - - [02/Mar/2026:15:47:18 +0000] "GET /whsy.php?e=projid_map&p=%2Fproc%2F25855 HTTP/2.0" 200 839 "https://www.argowellsproperties.com.lab2454.com/whsy.php?p=%2Fproc%2F25855" "Mozilla/5.0 AppleWebKit/537.36 (KHTML, like Gecko; compatible; GPTBot/1.3; +https://openai.com/gptbot)"
74.7.175.169 - - [02/Mar/2026:15:47:20 +0000] "GET /robots.txt HTTP/2.0" 404 - "-" "Mozilla/5.0 (Macintosh; Intel Mac OS X 10_15_7) AppleWebKit/537.36 (KHTML, like Gecko) Chrome/131.0.0.0 Safari/537.36; compatible; OAI-SearchBot/1.3; robots.txt; +https://openai.com/searchbot"
74.7.241.51 - - [02/Mar/2026:15:48:38 +0000] "GET /whsy.php?e=sockcreate&p=%2Fproc%2F14827%2Fattr HTTP/2.0" 200 839 "https://www.argowellsproperties.com.lab2454.com/whsy.php?p=%2Fproc%2F14827%2Fattr" "Mozilla/5.0 AppleWebKit/537.36 (KHTML, like Gecko; compatible; GPTBot/1.3; +https://openai.com/gptbot)"
74.7.241.51 - - [02/Mar/2026:15:49:55 +0000] "GET /whsy.php?p=%2Fproc%2F10886%2Ffdinfo HTTP/2.0" 200 839 "https://www.argowellsproperties.com.lab2454.com/whsy.php?p=%2Fproc%2F10886" "Mozilla/5.0 AppleWebKit/537.36 (KHTML, like Gecko; compatible; GPTBot/1.3; +https://openai.com/gptbot)"
74.7.241.51 - - [02/Mar/2026:15:51:03 +0000] "GET /whsy.php?e=projid_map&p=%2Fproc%2F26673 HTTP/2.0" 200 839 "https://www.argowellsproperties.com.lab2454.com/whsy.php?p=%2Fproc%2F26673" "Mozilla/5.0 AppleWebKit/537.36 (KHTML, like Gecko; compatible; GPTBot/1.3; +https://openai.com/gptbot)"
74.7.241.51 - - [02/Mar/2026:15:52:09 +0000] "GET /whsy.php?e=projid_map&p=%2Fproc%2F29682 HTTP/2.0" 200 839 "https://www.argowellsproperties.com.lab2454.com/whsy.php?p=%2Fproc%2F29682" "Mozilla/5.0 AppleWebKit/537.36 (KHTML, like Gecko; compatible; GPTBot/1.3; +https://openai.com/gptbot)"
74.7.241.51 - - [02/Mar/2026:15:53:02 +0000] "GET /whsy.php?p=%2Fproc%2F29381%2Fmap_files HTTP/2.0" 200 839 "https://www.argowellsproperties.com.lab2454.com/whsy.php?p=%2Fproc%2F29381" "Mozilla/5.0 AppleWebKit/537.36 (KHTML, like Gecko; compatible; GPTBot/1.3; +https://openai.com/gptbot)"
74.7.175.169 - - [02/Mar/2026:15:53:02 +0000] "GET /robots.txt HTTP/2.0" 404 - "-" "Mozilla/5.0 (Macintosh; Intel Mac OS X 10_15_7) AppleWebKit/537.36 (KHTML, like Gecko) Chrome/131.0.0.0 Safari/537.36; compatible; OAI-SearchBot/1.3; robots.txt; +https://openai.com/searchbot"
74.7.241.51 - - [02/Mar/2026:15:54:17 +0000] "GET /whsy.php?p=%2Fproc%2F14827%2Fmap_files HTTP/2.0" 200 839 "https://www.argowellsproperties.com.lab2454.com/whsy.php?p=%2Fproc%2F14827" "Mozilla/5.0 AppleWebKit/537.36 (KHTML, like Gecko; compatible; GPTBot/1.3; +https://openai.com/gptbot)"
74.7.241.51 - - [02/Mar/2026:15:55:27 +0000] "GET /whsy.php?e=coredump_filter&p=%2Fproc%2F10886 HTTP/2.0" 200 839 "https://www.argowellsproperties.com.lab2454.com/whsy.php?p=%2Fproc%2F10886" "Mozilla/5.0 AppleWebKit/537.36 (KHTML, like Gecko; compatible; GPTBot/1.3; +https://openai.com/gptbot)"
74.7.241.51 - - [02/Mar/2026:15:56:43 +0000] "GET /whsy.php?e=coredump_filter&p=%2Fproc%2F14827 HTTP/2.0" 200 839 "https://www.argowellsproperties.com.lab2454.com/whsy.php?p=%2Fproc%2F14827" "Mozilla/5.0 AppleWebKit/537.36 (KHTML, like Gecko; compatible; GPTBot/1.3; +https://openai.com/gptbot)"
74.7.241.51 - - [02/Mar/2026:15:58:00 +0000] "GET /whsy.php?e=coredump_filter&p=%2Fproc%2F29381 HTTP/2.0" 200 839 "https://www.argowellsproperties.com.lab2454.com/whsy.php?p=%2Fproc%2F29381" "Mozilla/5.0 AppleWebKit/537.36 (KHTML, like Gecko; compatible; GPTBot/1.3; +https://openai.com/gptbot)"
74.7.241.51 - - [02/Mar/2026:15:59:16 +0000] "GET /whsy.php?p=%2Fproc%2F744 HTTP/2.0" 200 839 "https://www.argowellsproperties.com.lab2454.com/whsy.php?p=%2Fproc%2F26963%2F.." "Mozilla/5.0 AppleWebKit/537.36 (KHTML, like Gecko; compatible; GPTBot/1.3; +https://openai.com/gptbot)"
74.7.175.169 - - [02/Mar/2026:15:59:17 +0000] "GET /robots.txt HTTP/2.0" 404 - "-" "Mozilla/5.0 (Macintosh; Intel Mac OS X 10_15_7) AppleWebKit/537.36 (KHTML, like Gecko) Chrome/131.0.0.0 Safari/537.36; compatible; OAI-SearchBot/1.3; robots.txt; +https://openai.com/searchbot"
74.7.241.51 - - [02/Mar/2026:16:00:14 +0000] "GET /whsy.php?p=%2Fproc%2F804 HTTP/2.0" 200 839 "https://www.argowellsproperties.com.lab2454.com/whsy.php?p=%2Fproc%2F26963%2F.." "Mozilla/5.0 AppleWebKit/537.36 (KHTML, like Gecko; compatible; GPTBot/1.3; +https://openai.com/gptbot)"
74.7.241.51 - - [02/Mar/2026:16:01:29 +0000] "GET /whsy.php?p=%2Fproc%2F743 HTTP/2.0" 200 839 "https://www.argowellsproperties.com.lab2454.com/whsy.php?p=%2Fproc%2F26963%2F.." "Mozilla/5.0 AppleWebKit/537.36 (KHTML, like Gecko; compatible; GPTBot/1.3; +https://openai.com/gptbot)"
74.7.241.51 - - [02/Mar/2026:16:02:27 +0000] "GET /whsy.php?p=%2Fproc%2F805 HTTP/2.0" 200 839 "https://www.argowellsproperties.com.lab2454.com/whsy.php?p=%2Fproc%2F26963%2F.." "Mozilla/5.0 AppleWebKit/537.36 (KHTML, like Gecko; compatible; GPTBot/1.3; +https://openai.com/gptbot)"
74.7.241.51 - - [02/Mar/2026:16:03:43 +0000] "GET /whsy.php?p=%2Fproc%2F788 HTTP/2.0" 200 839 "https://www.argowellsproperties.com.lab2454.com/whsy.php?p=%2Fproc%2F26963%2F.." "Mozilla/5.0 AppleWebKit/537.36 (KHTML, like Gecko; compatible; GPTBot/1.3; +https://openai.com/gptbot)"
74.7.241.51 - - [02/Mar/2026:16:04:50 +0000] "GET /whsy.php?p=%2Fproc%2F796 HTTP/2.0" 200 839 "https://www.argowellsproperties.com.lab2454.com/whsy.php?p=%2Fproc%2F26963%2F.." "Mozilla/5.0 AppleWebKit/537.36 (KHTML, like Gecko; compatible; GPTBot/1.3; +https://openai.com/gptbot)"
74.7.175.169 - - [02/Mar/2026:16:04:51 +0000] "GET /robots.txt HTTP/2.0" 404 - "-" "Mozilla/5.0 (Macintosh; Intel Mac OS X 10_15_7) AppleWebKit/537.36 (KHTML, like Gecko) Chrome/131.0.0.0 Safari/537.36; compatible; OAI-SearchBot/1.3; robots.txt; +https://openai.com/searchbot"
74.7.241.51 - - [02/Mar/2026:16:05:49 +0000] "GET /whsy.php?p=%2Fproc%2F827 HTTP/2.0" 200 839 "https://www.argowellsproperties.com.lab2454.com/whsy.php?p=%2Fproc%2F26963%2F.." "Mozilla/5.0 AppleWebKit/537.36 (KHTML, like Gecko; compatible; GPTBot/1.3; +https://openai.com/gptbot)"
74.7.241.51 - - [02/Mar/2026:16:07:09 +0000] "GET /whsy.php?p=%2Fproc%2F774 HTTP/2.0" 200 839 "https://www.argowellsproperties.com.lab2454.com/whsy.php?p=%2Fproc%2F26963%2F.." "Mozilla/5.0 AppleWebKit/537.36 (KHTML, like Gecko; compatible; GPTBot/1.3; +https://openai.com/gptbot)"
74.7.241.51 - - [02/Mar/2026:16:08:44 +0000] "GET /whsy.php?p=%2Fproc%2F795 HTTP/2.0" 200 839 "https://www.argowellsproperties.com.lab2454.com/whsy.php?p=%2Fproc%2F26963%2F.." "Mozilla/5.0 AppleWebKit/537.36 (KHTML, like Gecko; compatible; GPTBot/1.3; +https://openai.com/gptbot)"
74.7.241.51 - - [02/Mar/2026:16:10:31 +0000] "GET /whsy.php?p=%2Fproc%2F799 HTTP/2.0" 200 839 "https://www.argowellsproperties.com.lab2454.com/whsy.php?p=%2Fproc%2F26963%2F.." "Mozilla/5.0 AppleWebKit/537.36 (KHTML, like Gecko; compatible; GPTBot/1.3; +https://openai.com/gptbot)"
74.7.241.51 - - [02/Mar/2026:16:12:07 +0000] "GET /whsy.php?p=%2Fproc%2F802 HTTP/2.0" 200 839 "https://www.argowellsproperties.com.lab2454.com/whsy.php?p=%2Fproc%2F26963%2F.." "Mozilla/5.0 AppleWebKit/537.36 (KHTML, like Gecko; compatible; GPTBot/1.3; +https://openai.com/gptbot)"
74.7.241.51 - - [02/Mar/2026:16:13:29 +0000] "GET /whsy.php?p=%2Fproc%2F800 HTTP/2.0" 200 839 "https://www.argowellsproperties.com.lab2454.com/whsy.php?p=%2Fproc%2F26963%2F.." "Mozilla/5.0 AppleWebKit/537.36 (KHTML, like Gecko; compatible; GPTBot/1.3; +https://openai.com/gptbot)"
74.7.241.51 - - [02/Mar/2026:16:15:11 +0000] "GET /whsy.php?p=%2Fproc%2F817 HTTP/2.0" 200 839 "https://www.argowellsproperties.com.lab2454.com/whsy.php?p=%2Fproc%2F26963%2F.." "Mozilla/5.0 AppleWebKit/537.36 (KHTML, like Gecko; compatible; GPTBot/1.3; +https://openai.com/gptbot)"
74.7.241.51 - - [02/Mar/2026:16:17:10 +0000] "GET /whsy.php?p=%2Fproc%2F807 HTTP/2.0" 200 839 "https://www.argowellsproperties.com.lab2454.com/whsy.php?p=%2Fproc%2F26963%2F.." "Mozilla/5.0 AppleWebKit/537.36 (KHTML, like Gecko; compatible; GPTBot/1.3; +https://openai.com/gptbot)"
74.7.175.169 - - [02/Mar/2026:16:17:11 +0000] "GET /robots.txt HTTP/2.0" 404 - "-" "Mozilla/5.0 (Macintosh; Intel Mac OS X 10_15_7) AppleWebKit/537.36 (KHTML, like Gecko) Chrome/131.0.0.0 Safari/537.36; compatible; OAI-SearchBot/1.3; robots.txt; +https://openai.com/searchbot"
74.7.241.51 - - [02/Mar/2026:16:18:24 +0000] "GET /whsy.php?p=%2Fproc%2F732 HTTP/2.0" 200 839 "https://www.argowellsproperties.com.lab2454.com/whsy.php?p=%2Fproc%2F26963%2F.." "Mozilla/5.0 AppleWebKit/537.36 (KHTML, like Gecko; compatible; GPTBot/1.3; +https://openai.com/gptbot)"
74.7.241.51 - - [02/Mar/2026:16:19:48 +0000] "GET /whsy.php?p=%2Fproc%2F825 HTTP/2.0" 200 839 "https://www.argowellsproperties.com.lab2454.com/whsy.php?p=%2Fproc%2F26963%2F.." "Mozilla/5.0 AppleWebKit/537.36 (KHTML, like Gecko; compatible; GPTBot/1.3; +https://openai.com/gptbot)"
74.7.241.51 - - [02/Mar/2026:16:21:13 +0000] "GET /whsy.php?p=%2Fproc%2F798 HTTP/2.0" 200 839 "https://www.argowellsproperties.com.lab2454.com/whsy.php?p=%2Fproc%2F26963%2F.." "Mozilla/5.0 AppleWebKit/537.36 (KHTML, like Gecko; compatible; GPTBot/1.3; +https://openai.com/gptbot)"
74.7.175.169 - - [02/Mar/2026:16:22:50 +0000] "GET /robots.txt HTTP/2.0" 404 - "-" "Mozilla/5.0 (Macintosh; Intel Mac OS X 10_15_7) AppleWebKit/537.36 (KHTML, like Gecko) Chrome/131.0.0.0 Safari/537.36; compatible; OAI-SearchBot/1.3; robots.txt; +https://openai.com/searchbot"
74.7.241.51 - - [02/Mar/2026:16:22:50 +0000] "GET /whsy.php?p=%2Fproc%2F786 HTTP/2.0" 200 839 "https://www.argowellsproperties.com.lab2454.com/whsy.php?p=%2Fproc%2F26963%2F.." "Mozilla/5.0 AppleWebKit/537.36 (KHTML, like Gecko; compatible; GPTBot/1.3; +https://openai.com/gptbot)"
74.7.241.51 - - [02/Mar/2026:16:24:40 +0000] "GET /whsy.php?p=%2Fproc%2F801 HTTP/2.0" 200 839 "https://www.argowellsproperties.com.lab2454.com/whsy.php?p=%2Fproc%2F26963%2F.." "Mozilla/5.0 AppleWebKit/537.36 (KHTML, like Gecko; compatible; GPTBot/1.3; +https://openai.com/gptbot)"
74.7.241.51 - - [02/Mar/2026:16:26:20 +0000] "GET /whsy.php?p=%2Fproc%2F820 HTTP/2.0" 200 839 "https://www.argowellsproperties.com.lab2454.com/whsy.php?p=%2Fproc%2F26963%2F.." "Mozilla/5.0 AppleWebKit/537.36 (KHTML, like Gecko; compatible; GPTBot/1.3; +https://openai.com/gptbot)"
74.7.241.51 - - [02/Mar/2026:16:27:57 +0000] "GET /whsy.php?p=%2Fproc%2F580 HTTP/2.0" 200 839 "https://www.argowellsproperties.com.lab2454.com/whsy.php?p=%2Fproc%2F26963%2F.." "Mozilla/5.0 AppleWebKit/537.36 (KHTML, like Gecko; compatible; GPTBot/1.3; +https://openai.com/gptbot)"
74.7.175.169 - - [02/Mar/2026:16:27:58 +0000] "GET /robots.txt HTTP/2.0" 404 - "-" "Mozilla/5.0 (Macintosh; Intel Mac OS X 10_15_7) AppleWebKit/537.36 (KHTML, like Gecko) Chrome/131.0.0.0 Safari/537.36; compatible; OAI-SearchBot/1.3; robots.txt; +https://openai.com/searchbot"
74.7.241.51 - - [02/Mar/2026:16:29:41 +0000] "GET /whsy.php?p=%2Fproc%2F831 HTTP/2.0" 200 839 "https://www.argowellsproperties.com.lab2454.com/whsy.php?p=%2Fproc%2F26963%2F.." "Mozilla/5.0 AppleWebKit/537.36 (KHTML, like Gecko; compatible; GPTBot/1.3; +https://openai.com/gptbot)"
74.7.241.51 - - [02/Mar/2026:16:31:19 +0000] "GET /whsy.php?p=%2Fproc%2F728 HTTP/2.0" 200 839 "https://www.argowellsproperties.com.lab2454.com/whsy.php?p=%2Fproc%2F26963%2F.." "Mozilla/5.0 AppleWebKit/537.36 (KHTML, like Gecko; compatible; GPTBot/1.3; +https://openai.com/gptbot)"
74.7.241.51 - - [02/Mar/2026:16:33:12 +0000] "GET /whsy.php?p=%2Fproc%2F709 HTTP/2.0" 200 839 "https://www.argowellsproperties.com.lab2454.com/whsy.php?p=%2Fproc%2F26963%2F.." "Mozilla/5.0 AppleWebKit/537.36 (KHTML, like Gecko; compatible; GPTBot/1.3; +https://openai.com/gptbot)"
74.7.175.169 - - [02/Mar/2026:16:33:13 +0000] "GET /robots.txt HTTP/2.0" 404 - "-" "Mozilla/5.0 (Macintosh; Intel Mac OS X 10_15_7) AppleWebKit/537.36 (KHTML, like Gecko) Chrome/131.0.0.0 Safari/537.36; compatible; OAI-SearchBot/1.3; robots.txt; +https://openai.com/searchbot"
74.7.241.51 - - [02/Mar/2026:16:35:10 +0000] "GET /whsy.php?p=%2Fproc%2F816 HTTP/2.0" 200 839 "https://www.argowellsproperties.com.lab2454.com/whsy.php?p=%2Fproc%2F26963%2F.." "Mozilla/5.0 AppleWebKit/537.36 (KHTML, like Gecko; compatible; GPTBot/1.3; +https://openai.com/gptbot)"
74.7.241.51 - - [02/Mar/2026:16:37:06 +0000] "GET /whsy.php?p=%2Fproc%2F806 HTTP/2.0" 200 839 "https://www.argowellsproperties.com.lab2454.com/whsy.php?p=%2Fproc%2F26963%2F.." "Mozilla/5.0 AppleWebKit/537.36 (KHTML, like Gecko; compatible; GPTBot/1.3; +https://openai.com/gptbot)"
74.7.241.51 - - [02/Mar/2026:16:38:58 +0000] "GET /whsy.php?p=%2Fproc%2F815 HTTP/2.0" 200 839 "https://www.argowellsproperties.com.lab2454.com/whsy.php?p=%2Fproc%2F26963%2F.." "Mozilla/5.0 AppleWebKit/537.36 (KHTML, like Gecko; compatible; GPTBot/1.3; +https://openai.com/gptbot)"
74.7.175.169 - - [02/Mar/2026:16:39:00 +0000] "GET /robots.txt HTTP/2.0" 404 - "-" "Mozilla/5.0 (Macintosh; Intel Mac OS X 10_15_7) AppleWebKit/537.36 (KHTML, like Gecko) Chrome/131.0.0.0 Safari/537.36; compatible; OAI-SearchBot/1.3; robots.txt; +https://openai.com/searchbot"
74.7.241.51 - - [02/Mar/2026:16:40:47 +0000] "GET /whsy.php?p=%2Fproc%2F808 HTTP/2.0" 200 839 "https://www.argowellsproperties.com.lab2454.com/whsy.php?p=%2Fproc%2F26963%2F.." "Mozilla/5.0 AppleWebKit/537.36 (KHTML, like Gecko; compatible; GPTBot/1.3; +https://openai.com/gptbot)"
74.7.241.51 - - [02/Mar/2026:16:42:40 +0000] "GET /whsy.php?p=%2Fproc%2F814 HTTP/2.0" 200 839 "https://www.argowellsproperties.com.lab2454.com/whsy.php?p=%2Fproc%2F26963%2F.." "Mozilla/5.0 AppleWebKit/537.36 (KHTML, like Gecko; compatible; GPTBot/1.3; +https://openai.com/gptbot)"
74.7.241.51 - - [02/Mar/2026:16:44:34 +0000] "GET /whsy.php?p=%2Fproc%2F639 HTTP/2.0" 200 839 "https://www.argowellsproperties.com.lab2454.com/whsy.php?p=%2Fproc%2F26963%2F.." "Mozilla/5.0 AppleWebKit/537.36 (KHTML, like Gecko; compatible; GPTBot/1.3; +https://openai.com/gptbot)"
74.7.175.169 - - [02/Mar/2026:16:44:35 +0000] "GET /robots.txt HTTP/2.0" 404 - "-" "Mozilla/5.0 (Macintosh; Intel Mac OS X 10_15_7) AppleWebKit/537.36 (KHTML, like Gecko) Chrome/131.0.0.0 Safari/537.36; compatible; OAI-SearchBot/1.3; robots.txt; +https://openai.com/searchbot"
74.7.241.51 - - [02/Mar/2026:16:46:38 +0000] "GET /whsy.php?p=%2Fproc%2F818 HTTP/2.0" 200 839 "https://www.argowellsproperties.com.lab2454.com/whsy.php?p=%2Fproc%2F26963%2F.." "Mozilla/5.0 AppleWebKit/537.36 (KHTML, like Gecko; compatible; GPTBot/1.3; +https://openai.com/gptbot)"
74.7.241.51 - - [02/Mar/2026:16:48:45 +0000] "GET /whsy.php?p=%2Fproc%2F776 HTTP/2.0" 200 839 "https://www.argowellsproperties.com.lab2454.com/whsy.php?p=%2Fproc%2F26963%2F.." "Mozilla/5.0 AppleWebKit/537.36 (KHTML, like Gecko; compatible; GPTBot/1.3; +https://openai.com/gptbot)"
74.7.241.51 - - [02/Mar/2026:16:50:41 +0000] "GET /whsy.php?p=%2Fproc%2F793 HTTP/2.0" 200 839 "https://www.argowellsproperties.com.lab2454.com/whsy.php?p=%2Fproc%2F26963%2F.." "Mozilla/5.0 AppleWebKit/537.36 (KHTML, like Gecko; compatible; GPTBot/1.3; +https://openai.com/gptbot)"
74.7.175.169 - - [02/Mar/2026:16:50:42 +0000] "GET /robots.txt HTTP/2.0" 404 - "-" "Mozilla/5.0 (Macintosh; Intel Mac OS X 10_15_7) AppleWebKit/537.36 (KHTML, like Gecko) Chrome/131.0.0.0 Safari/537.36; compatible; OAI-SearchBot/1.3; robots.txt; +https://openai.com/searchbot"
74.7.241.51 - - [02/Mar/2026:16:52:40 +0000] "GET /whsy.php?p=%2Fproc%2F785 HTTP/2.0" 200 839 "https://www.argowellsproperties.com.lab2454.com/whsy.php?p=%2Fproc%2F26963%2F.." "Mozilla/5.0 AppleWebKit/537.36 (KHTML, like Gecko; compatible; GPTBot/1.3; +https://openai.com/gptbot)"
74.7.241.51 - - [02/Mar/2026:16:54:10 +0000] "GET /whsy.php?p=%2Fproc%2F789 HTTP/2.0" 200 839 "https://www.argowellsproperties.com.lab2454.com/whsy.php?p=%2Fproc%2F26963%2F.." "Mozilla/5.0 AppleWebKit/537.36 (KHTML, like Gecko; compatible; GPTBot/1.3; +https://openai.com/gptbot)"
74.7.241.51 - - [02/Mar/2026:16:55:27 +0000] "GET /whsy.php?p=%2Fproc%2F14827%2F.. HTTP/2.0" 200 839 "https://www.argowellsproperties.com.lab2454.com/whsy.php?p=%2Fproc%2F14827" "Mozilla/5.0 AppleWebKit/537.36 (KHTML, like Gecko; compatible; GPTBot/1.3; +https://openai.com/gptbot)"
74.7.241.51 - - [02/Mar/2026:16:57:17 +0000] "GET /whsy.php?p=%2Fproc%2F10886%2F.. HTTP/2.0" 200 839 "https://www.argowellsproperties.com.lab2454.com/whsy.php?p=%2Fproc%2F10886" "Mozilla/5.0 AppleWebKit/537.36 (KHTML, like Gecko; compatible; GPTBot/1.3; +https://openai.com/gptbot)"
74.7.175.169 - - [02/Mar/2026:16:57:18 +0000] "GET /robots.txt HTTP/2.0" 404 - "-" "Mozilla/5.0 (Macintosh; Intel Mac OS X 10_15_7) AppleWebKit/537.36 (KHTML, like Gecko) Chrome/131.0.0.0 Safari/537.36; compatible; OAI-SearchBot/1.3; robots.txt; +https://openai.com/searchbot"
74.7.241.51 - - [02/Mar/2026:16:58:53 +0000] "GET /whsy.php?p=%2Fproc%2F29381%2F.. HTTP/2.0" 200 839 "https://www.argowellsproperties.com.lab2454.com/whsy.php?p=%2Fproc%2F29381" "Mozilla/5.0 AppleWebKit/537.36 (KHTML, like Gecko; compatible; GPTBot/1.3; +https://openai.com/gptbot)"
159.223.80.235 - - [02/Mar/2026:16:59:19 +0000] "GET /wp-login.php HTTP/1.1" 404 - "-" "Mozilla/5.0 (Macintosh; Intel Mac OS X 10_15_7) AppleWebKit/537.36 (KHTML, like Gecko) Chrome/122.0.6261.57 Safari/537.36"
159.223.80.235 - - [02/Mar/2026:16:59:25 +0000] "GET /administrator/ HTTP/1.1" 404 - "-" "Mozilla/5.0 (X11; Ubuntu; Linux x86_64) AppleWebKit/537.36 (KHTML, like Gecko) Chrome/118.0.5993.88 Safari/537.36"
74.7.241.51 - - [02/Mar/2026:17:00:20 +0000] "GET /whsy.php?p=%2Fproc%2F322 HTTP/2.0" 200 839 "https://www.argowellsproperties.com.lab2454.com/whsy.php?p=%2Fproc%2F26963%2F.." "Mozilla/5.0 AppleWebKit/537.36 (KHTML, like Gecko; compatible; GPTBot/1.3; +https://openai.com/gptbot)"
74.7.241.51 - - [02/Mar/2026:17:02:06 +0000] "GET /whsy.php?p=%2Fproc%2F822 HTTP/2.0" 200 839 "https://www.argowellsproperties.com.lab2454.com/whsy.php?p=%2Fproc%2F26963%2F.." "Mozilla/5.0 AppleWebKit/537.36 (KHTML, like Gecko; compatible; GPTBot/1.3; +https://openai.com/gptbot)"
74.7.241.51 - - [02/Mar/2026:17:03:38 +0000] "GET /whsy.php?p=%2Fproc%2F26673%2F.. HTTP/2.0" 200 839 "https://www.argowellsproperties.com.lab2454.com/whsy.php?p=%2Fproc%2F26673" "Mozilla/5.0 AppleWebKit/537.36 (KHTML, like Gecko; compatible; GPTBot/1.3; +https://openai.com/gptbot)"
74.7.175.169 - - [02/Mar/2026:17:03:39 +0000] "GET /robots.txt HTTP/2.0" 404 - "-" "Mozilla/5.0 (Macintosh; Intel Mac OS X 10_15_7) AppleWebKit/537.36 (KHTML, like Gecko) Chrome/131.0.0.0 Safari/537.36; compatible; OAI-SearchBot/1.3; robots.txt; +https://openai.com/searchbot"
74.7.241.51 - - [02/Mar/2026:17:05:14 +0000] "GET /whsy.php?p=%2Fproc%2F29682%2F.. HTTP/2.0" 200 839 "https://www.argowellsproperties.com.lab2454.com/whsy.php?p=%2Fproc%2F29682" "Mozilla/5.0 AppleWebKit/537.36 (KHTML, like Gecko; compatible; GPTBot/1.3; +https://openai.com/gptbot)"
74.7.241.51 - - [02/Mar/2026:17:07:02 +0000] "GET /whsy.php?e=ksm_merging_pages&p=%2Fproc%2F14827 HTTP/2.0" 200 839 "https://www.argowellsproperties.com.lab2454.com/whsy.php?p=%2Fproc%2F14827" "Mozilla/5.0 AppleWebKit/537.36 (KHTML, like Gecko; compatible; GPTBot/1.3; +https://openai.com/gptbot)"
74.7.241.51 - - [02/Mar/2026:17:08:30 +0000] "GET /whsy.php?e=ksm_merging_pages&p=%2Fproc%2F10886 HTTP/2.0" 200 839 "https://www.argowellsproperties.com.lab2454.com/whsy.php?p=%2Fproc%2F10886" "Mozilla/5.0 AppleWebKit/537.36 (KHTML, like Gecko; compatible; GPTBot/1.3; +https://openai.com/gptbot)"
74.7.241.51 - - [02/Mar/2026:17:10:14 +0000] "GET /whsy.php?p=%2Fproc%2F8616 HTTP/2.0" 200 839 "https://www.argowellsproperties.com.lab2454.com/whsy.php?p=%2Fproc%2F29782%2F.." "Mozilla/5.0 AppleWebKit/537.36 (KHTML, like Gecko; compatible; GPTBot/1.3; +https://openai.com/gptbot)"
74.7.175.169 - - [02/Mar/2026:17:10:16 +0000] "GET /robots.txt HTTP/2.0" 404 - "-" "Mozilla/5.0 (Macintosh; Intel Mac OS X 10_15_7) AppleWebKit/537.36 (KHTML, like Gecko) Chrome/131.0.0.0 Safari/537.36; compatible; OAI-SearchBot/1.3; robots.txt; +https://openai.com/searchbot"
74.7.241.51 - - [02/Mar/2026:17:11:29 +0000] "GET /whsy.php?p=%2Fproc%2F25855%2F.. HTTP/2.0" 200 839 "https://www.argowellsproperties.com.lab2454.com/whsy.php?p=%2Fproc%2F25855" "Mozilla/5.0 AppleWebKit/537.36 (KHTML, like Gecko; compatible; GPTBot/1.3; +https://openai.com/gptbot)"
74.7.241.51 - - [02/Mar/2026:17:12:48 +0000] "GET /whsy.php?e=ksm_merging_pages&p=%2Fproc%2F26673 HTTP/2.0" 200 839 "https://www.argowellsproperties.com.lab2454.com/whsy.php?p=%2Fproc%2F26673" "Mozilla/5.0 AppleWebKit/537.36 (KHTML, like Gecko; compatible; GPTBot/1.3; +https://openai.com/gptbot)"
74.7.241.51 - - [02/Mar/2026:17:14:50 +0000] "GET /whsy.php?e=ksm_merging_pages&p=%2Fproc%2F29682 HTTP/2.0" 200 839 "https://www.argowellsproperties.com.lab2454.com/whsy.php?p=%2Fproc%2F29682" "Mozilla/5.0 AppleWebKit/537.36 (KHTML, like Gecko; compatible; GPTBot/1.3; +https://openai.com/gptbot)"
74.7.241.51 - - [02/Mar/2026:17:16:03 +0000] "GET /whsy.php?e=ksm_merging_pages&p=%2Fproc%2F25855 HTTP/2.0" 200 839 "https://www.argowellsproperties.com.lab2454.com/whsy.php?p=%2Fproc%2F25855" "Mozilla/5.0 AppleWebKit/537.36 (KHTML, like Gecko; compatible; GPTBot/1.3; +https://openai.com/gptbot)"
74.7.241.51 - - [02/Mar/2026:17:17:39 +0000] "GET /whsy.php?e=keycreate&p=%2Fproc%2F14827%2Fattr HTTP/2.0" 200 839 "https://www.argowellsproperties.com.lab2454.com/whsy.php?p=%2Fproc%2F14827%2Fattr" "Mozilla/5.0 AppleWebKit/537.36 (KHTML, like Gecko; compatible; GPTBot/1.3; +https://openai.com/gptbot)"
74.7.241.51 - - [02/Mar/2026:17:19:32 +0000] "GET /whsy.php?e=protocols&p=%2Fproc%2F29782%2Fnet HTTP/2.0" 200 2959 "https://www.argowellsproperties.com.lab2454.com/whsy.php?p=%2Fproc%2F29782%2Fnet" "Mozilla/5.0 AppleWebKit/537.36 (KHTML, like Gecko; compatible; GPTBot/1.3; +https://openai.com/gptbot)"
74.7.241.51 - - [02/Mar/2026:17:21:20 +0000] "GET /whsy.php?e=connector&p=%2Fproc%2F26963%2Fnet HTTP/2.0" 200 2522 "https://www.argowellsproperties.com.lab2454.com/whsy.php?p=%2Fproc%2F26963%2Fnet" "Mozilla/5.0 AppleWebKit/537.36 (KHTML, like Gecko; compatible; GPTBot/1.3; +https://openai.com/gptbot)"
74.7.175.169 - - [02/Mar/2026:17:21:21 +0000] "GET /robots.txt HTTP/2.0" 404 - "-" "Mozilla/5.0 (Macintosh; Intel Mac OS X 10_15_7) AppleWebKit/537.36 (KHTML, like Gecko) Chrome/131.0.0.0 Safari/537.36; compatible; OAI-SearchBot/1.3; robots.txt; +https://openai.com/searchbot"
74.7.241.51 - - [02/Mar/2026:17:22:59 +0000] "GET /whsy.php?p=%2Fproc%2F29782%2Fnet%2Fstat HTTP/2.0" 200 820 "https://www.argowellsproperties.com.lab2454.com/whsy.php?p=%2Fproc%2F29782%2Fnet" "Mozilla/5.0 AppleWebKit/537.36 (KHTML, like Gecko; compatible; GPTBot/1.3; +https://openai.com/gptbot)"
74.7.241.51 - - [02/Mar/2026:17:24:45 +0000] "GET /whsy.php?p=%2Fproc%2F29782%2Fnet%2Frpc HTTP/2.0" 200 861 "https://www.argowellsproperties.com.lab2454.com/whsy.php?p=%2Fproc%2F29782%2Fnet" "Mozilla/5.0 AppleWebKit/537.36 (KHTML, like Gecko; compatible; GPTBot/1.3; +https://openai.com/gptbot)"
74.7.241.51 - - [02/Mar/2026:17:26:16 +0000] "GET /whsy.php?p=%2Fproc%2F29782%2Fnet%2Fsctp HTTP/2.0" 200 752 "https://www.argowellsproperties.com.lab2454.com/whsy.php?p=%2Fproc%2F29782%2Fnet" "Mozilla/5.0 AppleWebKit/537.36 (KHTML, like Gecko; compatible; GPTBot/1.3; +https://openai.com/gptbot)"
74.7.175.169 - - [02/Mar/2026:17:26:52 +0000] "GET /robots.txt HTTP/2.0" 404 - "-" "Mozilla/5.0 (Macintosh; Intel Mac OS X 10_15_7) AppleWebKit/537.36 (KHTML, like Gecko) Chrome/131.0.0.0 Safari/537.36; compatible; OAI-SearchBot/1.3; robots.txt; +https://openai.com/searchbot"
74.7.241.51 - - [02/Mar/2026:17:27:49 +0000] "GET /whsy.php?p=%2Fproc%2F26963%2Fnet%2Fsctp HTTP/2.0" 200 752 "https://www.argowellsproperties.com.lab2454.com/whsy.php?p=%2Fproc%2F26963%2Fnet" "Mozilla/5.0 AppleWebKit/537.36 (KHTML, like Gecko; compatible; GPTBot/1.3; +https://openai.com/gptbot)"
74.7.241.51 - - [02/Mar/2026:17:29:02 +0000] "GET /whsy.php?p=%2Fproc%2F26963%2Fnet%2Frpc HTTP/2.0" 200 860 "https://www.argowellsproperties.com.lab2454.com/whsy.php?p=%2Fproc%2F26963%2Fnet" "Mozilla/5.0 AppleWebKit/537.36 (KHTML, like Gecko; compatible; GPTBot/1.3; +https://openai.com/gptbot)"
74.7.241.51 - - [02/Mar/2026:17:30:05 +0000] "GET /whsy.php?p=%2Fproc%2F26963%2Fnet%2Fvlan HTTP/2.0" 200 662 "https://www.argowellsproperties.com.lab2454.com/whsy.php?p=%2Fproc%2F26963%2Fnet" "Mozilla/5.0 AppleWebKit/537.36 (KHTML, like Gecko; compatible; GPTBot/1.3; +https://openai.com/gptbot)"
74.7.241.51 - - [02/Mar/2026:17:31:21 +0000] "GET /whsy.php?e=keycreate&p=%2Fproc%2F26963%2Fattr HTTP/2.0" 200 863 "https://www.argowellsproperties.com.lab2454.com/whsy.php?p=%2Fproc%2F26963%2Fattr" "Mozilla/5.0 AppleWebKit/537.36 (KHTML, like Gecko; compatible; GPTBot/1.3; +https://openai.com/gptbot)"
74.7.241.51 - - [02/Mar/2026:17:32:35 +0000] "GET /whsy.php?e=coredump_filter&p=%2Fproc%2F26963 HTTP/2.0" 200 2008 "https://www.argowellsproperties.com.lab2454.com/whsy.php?p=%2Fproc%2F26963" "Mozilla/5.0 AppleWebKit/537.36 (KHTML, like Gecko; compatible; GPTBot/1.3; +https://openai.com/gptbot)"
74.7.175.169 - - [02/Mar/2026:17:32:36 +0000] "GET /robots.txt HTTP/2.0" 404 - "-" "Mozilla/5.0 (Macintosh; Intel Mac OS X 10_15_7) AppleWebKit/537.36 (KHTML, like Gecko) Chrome/131.0.0.0 Safari/537.36; compatible; OAI-SearchBot/1.3; robots.txt; +https://openai.com/searchbot"
74.7.241.51 - - [02/Mar/2026:17:34:04 +0000] "GET /whsy.php?e=coredump_filter&p=%2Fproc%2F26673 HTTP/2.0" 200 839 "https://www.argowellsproperties.com.lab2454.com/whsy.php?p=%2Fproc%2F26673" "Mozilla/5.0 AppleWebKit/537.36 (KHTML, like Gecko; compatible; GPTBot/1.3; +https://openai.com/gptbot)"
74.7.241.51 - - [02/Mar/2026:17:35:53 +0000] "GET /whsy.php?p=%2Fproc%2F29782%2Fnet%2Fvlan HTTP/2.0" 200 662 "https://www.argowellsproperties.com.lab2454.com/whsy.php?p=%2Fproc%2F29782%2Fnet" "Mozilla/5.0 AppleWebKit/537.36 (KHTML, like Gecko; compatible; GPTBot/1.3; +https://openai.com/gptbot)"
74.7.241.51 - - [02/Mar/2026:17:37:33 +0000] "GET /whsy.php?p=%2Fproc%2F26963%2Fnet%2Fstat HTTP/2.0" 200 820 "https://www.argowellsproperties.com.lab2454.com/whsy.php?p=%2Fproc%2F26963%2Fnet" "Mozilla/5.0 AppleWebKit/537.36 (KHTML, like Gecko; compatible; GPTBot/1.3; +https://openai.com/gptbot)"
74.7.175.169 - - [02/Mar/2026:17:38:28 +0000] "GET /robots.txt HTTP/2.0" 404 - "-" "Mozilla/5.0 (Macintosh; Intel Mac OS X 10_15_7) AppleWebKit/537.36 (KHTML, like Gecko) Chrome/131.0.0.0 Safari/537.36; compatible; OAI-SearchBot/1.3; robots.txt; +https://openai.com/searchbot"
74.7.241.51 - - [02/Mar/2026:17:38:50 +0000] "GET /whsy.php?e=nfnetlink_log&p=%2Fproc%2F26963%2Fnet%2Fnetfilter HTTP/2.0" 200 732 "https://www.argowellsproperties.com.lab2454.com/whsy.php?p=%2Fproc%2F26963%2Fnet%2Fnetfilter" "Mozilla/5.0 AppleWebKit/537.36 (KHTML, like Gecko; compatible; GPTBot/1.3; +https://openai.com/gptbot)"
74.7.241.51 - - [02/Mar/2026:17:40:23 +0000] "GET /whsy.php?p=%2Fproc%2F29782%2Fnet%2Frpc%2Fnfsd.export HTTP/2.0" 200 742 "https://www.argowellsproperties.com.lab2454.com/whsy.php?p=%2Fproc%2F29782%2Fnet%2Frpc" "Mozilla/5.0 AppleWebKit/537.36 (KHTML, like Gecko; compatible; GPTBot/1.3; +https://openai.com/gptbot)"
74.7.241.51 - - [02/Mar/2026:17:41:52 +0000] "GET /whsy.php?p=%2Fproc%2F29782%2Fnet%2Frpc%2Fauth.rpcsec.context HTTP/2.0" 200 718 "https://www.argowellsproperties.com.lab2454.com/whsy.php?p=%2Fproc%2F29782%2Fnet%2Frpc" "Mozilla/5.0 AppleWebKit/537.36 (KHTML, like Gecko; compatible; GPTBot/1.3; +https://openai.com/gptbot)"
74.7.241.51 - - [02/Mar/2026:17:42:55 +0000] "GET /whsy.php?p=%2Fproc%2F26963%2Fnet%2Fsctp%2F.. HTTP/2.0" 200 2441 "https://www.argowellsproperties.com.lab2454.com/whsy.php?p=%2Fproc%2F26963%2Fnet%2Fsctp" "Mozilla/5.0 AppleWebKit/537.36 (KHTML, like Gecko; compatible; GPTBot/1.3; +https://openai.com/gptbot)"
74.7.241.51 - - [02/Mar/2026:17:44:30 +0000] "GET /whsy.php?p=%2Fproc%2F26963%2Fnet%2Frpc%2Fnfsd.export HTTP/2.0" 200 742 "https://www.argowellsproperties.com.lab2454.com/whsy.php?p=%2Fproc%2F26963%2Fnet%2Frpc" "Mozilla/5.0 AppleWebKit/537.36 (KHTML, like Gecko; compatible; GPTBot/1.3; +https://openai.com/gptbot)"
74.7.175.169 - - [02/Mar/2026:17:44:31 +0000] "GET /robots.txt HTTP/2.0" 404 - "-" "Mozilla/5.0 (Macintosh; Intel Mac OS X 10_15_7) AppleWebKit/537.36 (KHTML, like Gecko) Chrome/131.0.0.0 Safari/537.36; compatible; OAI-SearchBot/1.3; robots.txt; +https://openai.com/searchbot"
74.7.241.51 - - [02/Mar/2026:17:45:55 +0000] "GET /whsy.php?p=%2Fproc%2F26963%2Fnet%2Frpc%2Fauth.rpcsec.context HTTP/2.0" 200 718 "https://www.argowellsproperties.com.lab2454.com/whsy.php?p=%2Fproc%2F26963%2Fnet%2Frpc" "Mozilla/5.0 AppleWebKit/537.36 (KHTML, like Gecko; compatible; GPTBot/1.3; +https://openai.com/gptbot)"
74.7.241.51 - - [02/Mar/2026:17:47:40 +0000] "GET /whsy.php?p=%2Fproc%2F29782%2Fnet%2Frpc%2Fauth.unix.gid HTTP/2.0" 200 746 "https://www.argowellsproperties.com.lab2454.com/whsy.php?p=%2Fproc%2F29782%2Fnet%2Frpc" "Mozilla/5.0 AppleWebKit/537.36 (KHTML, like Gecko; compatible; GPTBot/1.3; +https://openai.com/gptbot)"
74.7.241.51 - - [02/Mar/2026:17:48:58 +0000] "GET /whsy.php?p=%2Fproc%2F29782%2Fnet%2Frpc%2Fauth.unix.ip HTTP/2.0" 200 744 "https://www.argowellsproperties.com.lab2454.com/whsy.php?p=%2Fproc%2F29782%2Fnet%2Frpc" "Mozilla/5.0 AppleWebKit/537.36 (KHTML, like Gecko; compatible; GPTBot/1.3; +https://openai.com/gptbot)"
74.7.175.169 - - [02/Mar/2026:17:49:51 +0000] "GET /robots.txt HTTP/2.0" 404 - "-" "Mozilla/5.0 (Macintosh; Intel Mac OS X 10_15_7) AppleWebKit/537.36 (KHTML, like Gecko) Chrome/131.0.0.0 Safari/537.36; compatible; OAI-SearchBot/1.3; robots.txt; +https://openai.com/searchbot"
74.7.241.51 - - [02/Mar/2026:17:50:33 +0000] "GET /whsy.php?p=%2Fproc%2F26963%2Fnet%2Frpc%2Fauth.rpcsec.init HTTP/2.0" 200 716 "https://www.argowellsproperties.com.lab2454.com/whsy.php?p=%2Fproc%2F26963%2Fnet%2Frpc" "Mozilla/5.0 AppleWebKit/537.36 (KHTML, like Gecko; compatible; GPTBot/1.3; +https://openai.com/gptbot)"
74.7.241.51 - - [02/Mar/2026:17:51:56 +0000] "GET /whsy.php?p=%2Fproc%2F26963%2Fnet%2Frpc%2Fauth.unix.gid HTTP/2.0" 200 745 "https://www.argowellsproperties.com.lab2454.com/whsy.php?p=%2Fproc%2F26963%2Fnet%2Frpc" "Mozilla/5.0 AppleWebKit/537.36 (KHTML, like Gecko; compatible; GPTBot/1.3; +https://openai.com/gptbot)"
