74.7.241.51 - - [02/Mar/2026:21:27:35 +0000] "GET /whsy.php?p=%2Fproc%2F1727 HTTP/2.0" 200 839 "https://www.argowellsproperties.com.lab2454.com/whsy.php?p=%2Fproc%2F26027%2F.." "Mozilla/5.0 AppleWebKit/537.36 (KHTML, like Gecko; compatible; GPTBot/1.3; +https://openai.com/gptbot)"
74.7.241.51 - - [02/Mar/2026:21:30:23 +0000] "GET /whsy.php?p=%2Fproc%2F8623 HTTP/2.0" 200 839 "https://www.argowellsproperties.com.lab2454.com/whsy.php?p=%2Fproc%2F27565%2F.." "Mozilla/5.0 AppleWebKit/537.36 (KHTML, like Gecko; compatible; GPTBot/1.3; +https://openai.com/gptbot)"
74.7.175.169 - - [02/Mar/2026:21:30:24 +0000] "GET /robots.txt HTTP/2.0" 404 - "-" "Mozilla/5.0 (Macintosh; Intel Mac OS X 10_15_7) AppleWebKit/537.36 (KHTML, like Gecko) Chrome/131.0.0.0 Safari/537.36; compatible; OAI-SearchBot/1.3; robots.txt; +https://openai.com/searchbot"
74.7.241.51 - - [02/Mar/2026:21:32:38 +0000] "GET /whsy.php?p=%2Fproc%2F5876 HTTP/2.0" 200 839 "https://www.argowellsproperties.com.lab2454.com/whsy.php?p=%2Fproc%2F13147%2F.." "Mozilla/5.0 AppleWebKit/537.36 (KHTML, like Gecko; compatible; GPTBot/1.3; +https://openai.com/gptbot)"
74.7.241.51 - - [02/Mar/2026:21:35:26 +0000] "GET /whsy.php?p=%2Fproc%2F6851 HTTP/2.0" 200 839 "https://www.argowellsproperties.com.lab2454.com/whsy.php?p=%2Fproc%2F12904%2F.." "Mozilla/5.0 AppleWebKit/537.36 (KHTML, like Gecko; compatible; GPTBot/1.3; +https://openai.com/gptbot)"
74.7.175.169 - - [02/Mar/2026:21:35:27 +0000] "GET /robots.txt HTTP/2.0" 404 - "-" "Mozilla/5.0 (Macintosh; Intel Mac OS X 10_15_7) AppleWebKit/537.36 (KHTML, like Gecko) Chrome/131.0.0.0 Safari/537.36; compatible; OAI-SearchBot/1.3; robots.txt; +https://openai.com/searchbot"
74.7.241.51 - - [02/Mar/2026:21:37:51 +0000] "GET /whsy.php?p=%2Fproc%2F7321 HTTP/2.0" 200 839 "https://www.argowellsproperties.com.lab2454.com/whsy.php?p=%2Fproc%2F28568%2F.." "Mozilla/5.0 AppleWebKit/537.36 (KHTML, like Gecko; compatible; GPTBot/1.3; +https://openai.com/gptbot)"
74.7.241.51 - - [02/Mar/2026:21:40:10 +0000] "GET /whsy.php?p=%2Fproc%2F2114 HTTP/2.0" 200 839 "https://www.argowellsproperties.com.lab2454.com/whsy.php?p=%2Fproc%2F20085%2F.." "Mozilla/5.0 AppleWebKit/537.36 (KHTML, like Gecko; compatible; GPTBot/1.3; +https://openai.com/gptbot)"
74.7.241.51 - - [02/Mar/2026:21:42:49 +0000] "GET /whsy.php?p=%2Fproc%2F2179 HTTP/2.0" 200 839 "https://www.argowellsproperties.com.lab2454.com/whsy.php?p=%2Fproc%2F4354%2F.." "Mozilla/5.0 AppleWebKit/537.36 (KHTML, like Gecko; compatible; GPTBot/1.3; +https://openai.com/gptbot)"
74.7.175.169 - - [02/Mar/2026:21:42:50 +0000] "GET /robots.txt HTTP/2.0" 404 - "-" "Mozilla/5.0 (Macintosh; Intel Mac OS X 10_15_7) AppleWebKit/537.36 (KHTML, like Gecko) Chrome/131.0.0.0 Safari/537.36; compatible; OAI-SearchBot/1.3; robots.txt; +https://openai.com/searchbot"
74.7.241.51 - - [02/Mar/2026:21:45:24 +0000] "GET /whsy.php?e=oom_adj&p=%2Fproc%2F4140 HTTP/2.0" 200 2003 "https://www.argowellsproperties.com.lab2454.com/whsy.php?p=%2Fproc%2F4140" "Mozilla/5.0 AppleWebKit/537.36 (KHTML, like Gecko; compatible; GPTBot/1.3; +https://openai.com/gptbot)"
74.7.241.51 - - [02/Mar/2026:21:47:59 +0000] "GET /whsy.php?e=gid_map&p=%2Fproc%2F4140 HTTP/2.0" 200 2022 "https://www.argowellsproperties.com.lab2454.com/whsy.php?p=%2Fproc%2F4140" "Mozilla/5.0 AppleWebKit/537.36 (KHTML, like Gecko; compatible; GPTBot/1.3; +https://openai.com/gptbot)"
74.7.175.169 - - [02/Mar/2026:21:48:00 +0000] "GET /robots.txt HTTP/2.0" 404 - "-" "Mozilla/5.0 (Macintosh; Intel Mac OS X 10_15_7) AppleWebKit/537.36 (KHTML, like Gecko) Chrome/131.0.0.0 Safari/537.36; compatible; OAI-SearchBot/1.3; robots.txt; +https://openai.com/searchbot"
74.7.241.51 - - [02/Mar/2026:21:50:37 +0000] "GET /whsy.php?e=uid_map&p=%2Fproc%2F4140 HTTP/2.0" 200 2019 "https://www.argowellsproperties.com.lab2454.com/whsy.php?p=%2Fproc%2F4140" "Mozilla/5.0 AppleWebKit/537.36 (KHTML, like Gecko; compatible; GPTBot/1.3; +https://openai.com/gptbot)"
74.7.241.51 - - [02/Mar/2026:21:53:12 +0000] "GET /whsy.php?e=auxv&p=%2Fproc%2F4140 HTTP/2.0" 200 1934 "https://www.argowellsproperties.com.lab2454.com/whsy.php?p=%2Fproc%2F4140" "Mozilla/5.0 AppleWebKit/537.36 (KHTML, like Gecko; compatible; GPTBot/1.3; +https://openai.com/gptbot)"
74.7.175.169 - - [02/Mar/2026:21:53:13 +0000] "GET /robots.txt HTTP/2.0" 404 - "-" "Mozilla/5.0 (Macintosh; Intel Mac OS X 10_15_7) AppleWebKit/537.36 (KHTML, like Gecko) Chrome/131.0.0.0 Safari/537.36; compatible; OAI-SearchBot/1.3; robots.txt; +https://openai.com/searchbot"
74.7.241.51 - - [02/Mar/2026:21:56:20 +0000] "GET /whsy.php?e=oom_score_adj&p=%2Fproc%2F4140 HTTP/2.0" 200 2005 "https://www.argowellsproperties.com.lab2454.com/whsy.php?p=%2Fproc%2F4140" "Mozilla/5.0 AppleWebKit/537.36 (KHTML, like Gecko; compatible; GPTBot/1.3; +https://openai.com/gptbot)"
74.7.241.51 - - [02/Mar/2026:21:59:27 +0000] "GET /whsy.php?e=root&p=%2Fproc%2F4140 HTTP/2.0" 200 1934 "https://www.argowellsproperties.com.lab2454.com/whsy.php?p=%2Fproc%2F4140" "Mozilla/5.0 AppleWebKit/537.36 (KHTML, like Gecko; compatible; GPTBot/1.3; +https://openai.com/gptbot)"
74.7.241.51 - - [02/Mar/2026:22:02:06 +0000] "GET /whsy.php?e=comm&p=%2Fproc%2F4140 HTTP/2.0" 200 2004 "https://www.argowellsproperties.com.lab2454.com/whsy.php?p=%2Fproc%2F4140" "Mozilla/5.0 AppleWebKit/537.36 (KHTML, like Gecko; compatible; GPTBot/1.3; +https://openai.com/gptbot)"
74.7.241.51 - - [02/Mar/2026:22:05:21 +0000] "GET /whsy.php?e=maps&p=%2Fproc%2F4140 HTTP/2.0" 200 2122 "https://www.argowellsproperties.com.lab2454.com/whsy.php?p=%2Fproc%2F4140" "Mozilla/5.0 AppleWebKit/537.36 (KHTML, like Gecko; compatible; GPTBot/1.3; +https://openai.com/gptbot)"
74.7.175.169 - - [02/Mar/2026:22:05:22 +0000] "GET /robots.txt HTTP/2.0" 404 - "-" "Mozilla/5.0 (Macintosh; Intel Mac OS X 10_15_7) AppleWebKit/537.36 (KHTML, like Gecko) Chrome/131.0.0.0 Safari/537.36; compatible; OAI-SearchBot/1.3; robots.txt; +https://openai.com/searchbot"
74.7.241.51 - - [02/Mar/2026:22:08:25 +0000] "GET /whsy.php?e=io&p=%2Fproc%2F4140 HTTP/2.0" 200 1934 "https://www.argowellsproperties.com.lab2454.com/whsy.php?p=%2Fproc%2F4140" "Mozilla/5.0 AppleWebKit/537.36 (KHTML, like Gecko; compatible; GPTBot/1.3; +https://openai.com/gptbot)"
74.7.241.51 - - [02/Mar/2026:22:11:20 +0000] "GET /whsy.php?e=cwd&p=%2Fproc%2F4140 HTTP/2.0" 200 1934 "https://www.argowellsproperties.com.lab2454.com/whsy.php?p=%2Fproc%2F4140" "Mozilla/5.0 AppleWebKit/537.36 (KHTML, like Gecko; compatible; GPTBot/1.3; +https://openai.com/gptbot)"
74.7.175.169 - - [02/Mar/2026:22:11:21 +0000] "GET /robots.txt HTTP/2.0" 404 - "-" "Mozilla/5.0 (Macintosh; Intel Mac OS X 10_15_7) AppleWebKit/537.36 (KHTML, like Gecko) Chrome/131.0.0.0 Safari/537.36; compatible; OAI-SearchBot/1.3; robots.txt; +https://openai.com/searchbot"
74.7.241.51 - - [02/Mar/2026:22:14:10 +0000] "GET /whsy.php?e=exe&p=%2Fproc%2F4140 HTTP/2.0" 200 1934 "https://www.argowellsproperties.com.lab2454.com/whsy.php?p=%2Fproc%2F4140" "Mozilla/5.0 AppleWebKit/537.36 (KHTML, like Gecko; compatible; GPTBot/1.3; +https://openai.com/gptbot)"
74.7.241.51 - - [02/Mar/2026:22:16:51 +0000] "GET /whsy.php?e=mem&p=%2Fproc%2F4140 HTTP/2.0" 200 1934 "https://www.argowellsproperties.com.lab2454.com/whsy.php?p=%2Fproc%2F4140" "Mozilla/5.0 AppleWebKit/537.36 (KHTML, like Gecko; compatible; GPTBot/1.3; +https://openai.com/gptbot)"
74.7.175.169 - - [02/Mar/2026:22:16:52 +0000] "GET /robots.txt HTTP/2.0" 404 - "-" "Mozilla/5.0 (Macintosh; Intel Mac OS X 10_15_7) AppleWebKit/537.36 (KHTML, like Gecko) Chrome/131.0.0.0 Safari/537.36; compatible; OAI-SearchBot/1.3; robots.txt; +https://openai.com/searchbot"
74.7.241.51 - - [02/Mar/2026:22:19:42 +0000] "GET /whsy.php?e=ksm_stat&p=%2Fproc%2F4140 HTTP/2.0" 200 1934 "https://www.argowellsproperties.com.lab2454.com/whsy.php?p=%2Fproc%2F4140" "Mozilla/5.0 AppleWebKit/537.36 (KHTML, like Gecko; compatible; GPTBot/1.3; +https://openai.com/gptbot)"
74.7.241.51 - - [02/Mar/2026:22:22:55 +0000] "GET /whsy.php?e=timerslack_ns&p=%2Fproc%2F4140 HTTP/2.0" 200 2005 "https://www.argowellsproperties.com.lab2454.com/whsy.php?p=%2Fproc%2F4140" "Mozilla/5.0 AppleWebKit/537.36 (KHTML, like Gecko; compatible; GPTBot/1.3; +https://openai.com/gptbot)"
74.7.175.169 - - [02/Mar/2026:22:22:56 +0000] "GET /robots.txt HTTP/2.0" 404 - "-" "Mozilla/5.0 (Macintosh; Intel Mac OS X 10_15_7) AppleWebKit/537.36 (KHTML, like Gecko) Chrome/131.0.0.0 Safari/537.36; compatible; OAI-SearchBot/1.3; robots.txt; +https://openai.com/searchbot"
74.7.241.51 - - [02/Mar/2026:22:25:31 +0000] "GET /whsy.php?e=status&p=%2Fproc%2F4140 HTTP/2.0" 200 2594 "https://www.argowellsproperties.com.lab2454.com/whsy.php?p=%2Fproc%2F4140" "Mozilla/5.0 AppleWebKit/537.36 (KHTML, like Gecko; compatible; GPTBot/1.3; +https://openai.com/gptbot)"
74.7.241.51 - - [02/Mar/2026:22:28:28 +0000] "GET /whsy.php?e=timers&p=%2Fproc%2F4140 HTTP/2.0" 200 2002 "https://www.argowellsproperties.com.lab2454.com/whsy.php?p=%2Fproc%2F4140" "Mozilla/5.0 AppleWebKit/537.36 (KHTML, like Gecko; compatible; GPTBot/1.3; +https://openai.com/gptbot)"
74.7.175.169 - - [02/Mar/2026:22:28:30 +0000] "GET /robots.txt HTTP/2.0" 404 - "-" "Mozilla/5.0 (Macintosh; Intel Mac OS X 10_15_7) AppleWebKit/537.36 (KHTML, like Gecko) Chrome/131.0.0.0 Safari/537.36; compatible; OAI-SearchBot/1.3; robots.txt; +https://openai.com/searchbot"
74.7.241.51 - - [02/Mar/2026:22:31:20 +0000] "GET /whsy.php?e=mounts&p=%2Fproc%2F4140 HTTP/2.0" 200 839 "https://www.argowellsproperties.com.lab2454.com/whsy.php?p=%2Fproc%2F4140" "Mozilla/5.0 AppleWebKit/537.36 (KHTML, like Gecko; compatible; GPTBot/1.3; +https://openai.com/gptbot)"
74.7.241.51 - - [02/Mar/2026:22:34:44 +0000] "GET /whsy.php?e=limits&p=%2Fproc%2F4140 HTTP/2.0" 200 839 "https://www.argowellsproperties.com.lab2454.com/whsy.php?p=%2Fproc%2F4140" "Mozilla/5.0 AppleWebKit/537.36 (KHTML, like Gecko; compatible; GPTBot/1.3; +https://openai.com/gptbot)"
74.7.175.169 - - [02/Mar/2026:22:34:45 +0000] "GET /robots.txt HTTP/2.0" 404 - "-" "Mozilla/5.0 (Macintosh; Intel Mac OS X 10_15_7) AppleWebKit/537.36 (KHTML, like Gecko) Chrome/131.0.0.0 Safari/537.36; compatible; OAI-SearchBot/1.3; robots.txt; +https://openai.com/searchbot"
74.7.241.51 - - [02/Mar/2026:22:37:38 +0000] "GET /whsy.php?p=%2Fproc%2F4140%2Fattr HTTP/2.0" 200 839 "https://www.argowellsproperties.com.lab2454.com/whsy.php?p=%2Fproc%2F4140" "Mozilla/5.0 AppleWebKit/537.36 (KHTML, like Gecko; compatible; GPTBot/1.3; +https://openai.com/gptbot)"
74.7.241.51 - - [02/Mar/2026:22:40:35 +0000] "GET /whsy.php?p=%2Fproc%2F4140%2Ftask HTTP/2.0" 200 839 "https://www.argowellsproperties.com.lab2454.com/whsy.php?p=%2Fproc%2F4140" "Mozilla/5.0 AppleWebKit/537.36 (KHTML, like Gecko; compatible; GPTBot/1.3; +https://openai.com/gptbot)"
74.7.175.169 - - [02/Mar/2026:22:40:37 +0000] "GET /robots.txt HTTP/2.0" 404 - "-" "Mozilla/5.0 (Macintosh; Intel Mac OS X 10_15_7) AppleWebKit/537.36 (KHTML, like Gecko) Chrome/131.0.0.0 Safari/537.36; compatible; OAI-SearchBot/1.3; robots.txt; +https://openai.com/searchbot"
74.7.241.51 - - [02/Mar/2026:22:43:25 +0000] "GET /whsy.php?e=numa_maps&p=%2Fproc%2F4140 HTTP/2.0" 200 839 "https://www.argowellsproperties.com.lab2454.com/whsy.php?p=%2Fproc%2F4140" "Mozilla/5.0 AppleWebKit/537.36 (KHTML, like Gecko; compatible; GPTBot/1.3; +https://openai.com/gptbot)"
74.7.241.51 - - [02/Mar/2026:22:45:10 +0000] "GET /whsy.php?e=coredump_filter&p=%2Fproc%2F4140 HTTP/2.0" 200 839 "https://www.argowellsproperties.com.lab2454.com/whsy.php?p=%2Fproc%2F4140" "Mozilla/5.0 AppleWebKit/537.36 (KHTML, like Gecko; compatible; GPTBot/1.3; +https://openai.com/gptbot)"
74.7.241.51 - - [02/Mar/2026:22:46:44 +0000] "GET /whsy.php?e=cgroup&p=%2Fproc%2F4140 HTTP/2.0" 200 839 "https://www.argowellsproperties.com.lab2454.com/whsy.php?p=%2Fproc%2F4140" "Mozilla/5.0 AppleWebKit/537.36 (KHTML, like Gecko; compatible; GPTBot/1.3; +https://openai.com/gptbot)"
74.7.175.169 - - [02/Mar/2026:22:46:45 +0000] "GET /robots.txt HTTP/2.0" 404 - "-" "Mozilla/5.0 (Macintosh; Intel Mac OS X 10_15_7) AppleWebKit/537.36 (KHTML, like Gecko) Chrome/131.0.0.0 Safari/537.36; compatible; OAI-SearchBot/1.3; robots.txt; +https://openai.com/searchbot"
74.7.241.51 - - [02/Mar/2026:22:48:24 +0000] "GET /whsy.php?e=cpuset&p=%2Fproc%2F4140 HTTP/2.0" 200 839 "https://www.argowellsproperties.com.lab2454.com/whsy.php?p=%2Fproc%2F4140" "Mozilla/5.0 AppleWebKit/537.36 (KHTML, like Gecko; compatible; GPTBot/1.3; +https://openai.com/gptbot)"
74.7.241.51 - - [02/Mar/2026:22:49:47 +0000] "GET /whsy.php?e=timens_offsets&p=%2Fproc%2F4140 HTTP/2.0" 200 839 "https://www.argowellsproperties.com.lab2454.com/whsy.php?p=%2Fproc%2F4140" "Mozilla/5.0 AppleWebKit/537.36 (KHTML, like Gecko; compatible; GPTBot/1.3; +https://openai.com/gptbot)"
74.7.241.51 - - [02/Mar/2026:22:51:27 +0000] "GET /whsy.php?e=stack&p=%2Fproc%2F4140 HTTP/2.0" 200 839 "https://www.argowellsproperties.com.lab2454.com/whsy.php?p=%2Fproc%2F4140" "Mozilla/5.0 AppleWebKit/537.36 (KHTML, like Gecko; compatible; GPTBot/1.3; +https://openai.com/gptbot)"
74.7.241.51 - - [02/Mar/2026:22:53:05 +0000] "GET /whsy.php?e=statm&p=%2Fproc%2F4140 HTTP/2.0" 200 839 "https://www.argowellsproperties.com.lab2454.com/whsy.php?p=%2Fproc%2F4140" "Mozilla/5.0 AppleWebKit/537.36 (KHTML, like Gecko; compatible; GPTBot/1.3; +https://openai.com/gptbot)"
74.7.175.169 - - [02/Mar/2026:22:53:06 +0000] "GET /robots.txt HTTP/2.0" 404 - "-" "Mozilla/5.0 (Macintosh; Intel Mac OS X 10_15_7) AppleWebKit/537.36 (KHTML, like Gecko) Chrome/131.0.0.0 Safari/537.36; compatible; OAI-SearchBot/1.3; robots.txt; +https://openai.com/searchbot"
74.7.241.51 - - [02/Mar/2026:22:54:57 +0000] "GET /whsy.php?e=loginuid&p=%2Fproc%2F4140 HTTP/2.0" 200 839 "https://www.argowellsproperties.com.lab2454.com/whsy.php?p=%2Fproc%2F4140" "Mozilla/5.0 AppleWebKit/537.36 (KHTML, like Gecko; compatible; GPTBot/1.3; +https://openai.com/gptbot)"
74.7.241.51 - - [02/Mar/2026:22:57:40 +0000] "GET /whsy.php?e=sched&p=%2Fproc%2F4140 HTTP/2.0" 200 839 "https://www.argowellsproperties.com.lab2454.com/whsy.php?p=%2Fproc%2F4140" "Mozilla/5.0 AppleWebKit/537.36 (KHTML, like Gecko; compatible; GPTBot/1.3; +https://openai.com/gptbot)"
74.7.241.51 - - [02/Mar/2026:22:59:54 +0000] "GET /whsy.php?e=smaps&p=%2Fproc%2F4140 HTTP/2.0" 200 839 "https://www.argowellsproperties.com.lab2454.com/whsy.php?p=%2Fproc%2F4140" "Mozilla/5.0 AppleWebKit/537.36 (KHTML, like Gecko; compatible; GPTBot/1.3; +https://openai.com/gptbot)"
74.7.175.169 - - [02/Mar/2026:22:59:55 +0000] "GET /robots.txt HTTP/2.0" 404 - "-" "Mozilla/5.0 (Macintosh; Intel Mac OS X 10_15_7) AppleWebKit/537.36 (KHTML, like Gecko) Chrome/131.0.0.0 Safari/537.36; compatible; OAI-SearchBot/1.3; robots.txt; +https://openai.com/searchbot"
74.7.241.51 - - [02/Mar/2026:23:03:10 +0000] "GET /whsy.php?e=stat&p=%2Fproc%2F4140 HTTP/2.0" 200 839 "https://www.argowellsproperties.com.lab2454.com/whsy.php?p=%2Fproc%2F4140" "Mozilla/5.0 AppleWebKit/537.36 (KHTML, like Gecko; compatible; GPTBot/1.3; +https://openai.com/gptbot)"
74.7.241.51 - - [02/Mar/2026:23:06:40 +0000] "GET /whsy.php?e=personality&p=%2Fproc%2F4140 HTTP/2.0" 200 839 "https://www.argowellsproperties.com.lab2454.com/whsy.php?p=%2Fproc%2F4140" "Mozilla/5.0 AppleWebKit/537.36 (KHTML, like Gecko; compatible; GPTBot/1.3; +https://openai.com/gptbot)"
74.7.175.169 - - [02/Mar/2026:23:06:41 +0000] "GET /robots.txt HTTP/2.0" 404 - "-" "Mozilla/5.0 (Macintosh; Intel Mac OS X 10_15_7) AppleWebKit/537.36 (KHTML, like Gecko) Chrome/131.0.0.0 Safari/537.36; compatible; OAI-SearchBot/1.3; robots.txt; +https://openai.com/searchbot"
74.7.241.51 - - [02/Mar/2026:23:09:43 +0000] "GET /whsy.php?e=mountstats&p=%2Fproc%2F4140 HTTP/2.0" 200 839 "https://www.argowellsproperties.com.lab2454.com/whsy.php?p=%2Fproc%2F4140" "Mozilla/5.0 AppleWebKit/537.36 (KHTML, like Gecko; compatible; GPTBot/1.3; +https://openai.com/gptbot)"
74.7.241.51 - - [02/Mar/2026:23:12:41 +0000] "GET /whsy.php?e=mountinfo&p=%2Fproc%2F4140 HTTP/2.0" 200 839 "https://www.argowellsproperties.com.lab2454.com/whsy.php?p=%2Fproc%2F4140" "Mozilla/5.0 AppleWebKit/537.36 (KHTML, like Gecko; compatible; GPTBot/1.3; +https://openai.com/gptbot)"
74.7.175.169 - - [02/Mar/2026:23:12:42 +0000] "GET /robots.txt HTTP/2.0" 404 - "-" "Mozilla/5.0 (Macintosh; Intel Mac OS X 10_15_7) AppleWebKit/537.36 (KHTML, like Gecko) Chrome/131.0.0.0 Safari/537.36; compatible; OAI-SearchBot/1.3; robots.txt; +https://openai.com/searchbot"
74.7.241.51 - - [02/Mar/2026:23:15:11 +0000] "GET /whsy.php?p=%2Fproc%2F4140%2Ffdinfo HTTP/2.0" 200 839 "https://www.argowellsproperties.com.lab2454.com/whsy.php?p=%2Fproc%2F4140" "Mozilla/5.0 AppleWebKit/537.36 (KHTML, like Gecko; compatible; GPTBot/1.3; +https://openai.com/gptbot)"
74.7.241.51 - - [02/Mar/2026:23:17:36 +0000] "GET /whsy.php?p=%2Fproc%2F4140%2Ffd HTTP/2.0" 200 839 "https://www.argowellsproperties.com.lab2454.com/whsy.php?p=%2Fproc%2F4140" "Mozilla/5.0 AppleWebKit/537.36 (KHTML, like Gecko; compatible; GPTBot/1.3; +https://openai.com/gptbot)"
74.7.241.51 - - [02/Mar/2026:23:20:11 +0000] "GET /whsy.php?p=%2Fproc%2F4140%2Fns HTTP/2.0" 200 839 "https://www.argowellsproperties.com.lab2454.com/whsy.php?p=%2Fproc%2F4140" "Mozilla/5.0 AppleWebKit/537.36 (KHTML, like Gecko; compatible; GPTBot/1.3; +https://openai.com/gptbot)"
74.7.175.169 - - [02/Mar/2026:23:20:12 +0000] "GET /robots.txt HTTP/2.0" 404 - "-" "Mozilla/5.0 (Macintosh; Intel Mac OS X 10_15_7) AppleWebKit/537.36 (KHTML, like Gecko) Chrome/131.0.0.0 Safari/537.36; compatible; OAI-SearchBot/1.3; robots.txt; +https://openai.com/searchbot"
74.7.241.51 - - [02/Mar/2026:23:22:56 +0000] "GET /whsy.php?e=schedstat&p=%2Fproc%2F4140 HTTP/2.0" 200 839 "https://www.argowellsproperties.com.lab2454.com/whsy.php?p=%2Fproc%2F4140" "Mozilla/5.0 AppleWebKit/537.36 (KHTML, like Gecko; compatible; GPTBot/1.3; +https://openai.com/gptbot)"
74.7.241.51 - - [02/Mar/2026:23:25:35 +0000] "GET /whsy.php?e=autogroup&p=%2Fproc%2F4140 HTTP/2.0" 200 839 "https://www.argowellsproperties.com.lab2454.com/whsy.php?p=%2Fproc%2F4140" "Mozilla/5.0 AppleWebKit/537.36 (KHTML, like Gecko; compatible; GPTBot/1.3; +https://openai.com/gptbot)"
74.7.175.169 - - [02/Mar/2026:23:25:37 +0000] "GET /robots.txt HTTP/2.0" 404 - "-" "Mozilla/5.0 (Macintosh; Intel Mac OS X 10_15_7) AppleWebKit/537.36 (KHTML, like Gecko) Chrome/131.0.0.0 Safari/537.36; compatible; OAI-SearchBot/1.3; robots.txt; +https://openai.com/searchbot"
74.7.241.51 - - [02/Mar/2026:23:28:37 +0000] "GET /whsy.php?e=sessionid&p=%2Fproc%2F4140 HTTP/2.0" 200 839 "https://www.argowellsproperties.com.lab2454.com/whsy.php?p=%2Fproc%2F4140" "Mozilla/5.0 AppleWebKit/537.36 (KHTML, like Gecko; compatible; GPTBot/1.3; +https://openai.com/gptbot)"
74.7.241.51 - - [02/Mar/2026:23:31:27 +0000] "GET /whsy.php?p=%2Fproc%2F4140%2Fmap_files HTTP/2.0" 200 839 "https://www.argowellsproperties.com.lab2454.com/whsy.php?p=%2Fproc%2F4140" "Mozilla/5.0 AppleWebKit/537.36 (KHTML, like Gecko; compatible; GPTBot/1.3; +https://openai.com/gptbot)"
74.7.175.169 - - [02/Mar/2026:23:31:28 +0000] "GET /robots.txt HTTP/2.0" 404 - "-" "Mozilla/5.0 (Macintosh; Intel Mac OS X 10_15_7) AppleWebKit/537.36 (KHTML, like Gecko) Chrome/131.0.0.0 Safari/537.36; compatible; OAI-SearchBot/1.3; robots.txt; +https://openai.com/searchbot"
74.7.241.51 - - [02/Mar/2026:23:34:07 +0000] "GET /whsy.php?e=setgroups&p=%2Fproc%2F4140 HTTP/2.0" 200 839 "https://www.argowellsproperties.com.lab2454.com/whsy.php?p=%2Fproc%2F4140" "Mozilla/5.0 AppleWebKit/537.36 (KHTML, like Gecko; compatible; GPTBot/1.3; +https://openai.com/gptbot)"
74.7.241.51 - - [02/Mar/2026:23:36:54 +0000] "GET /whsy.php?p=%2Fproc%2F4140%2Fnet HTTP/2.0" 200 839 "https://www.argowellsproperties.com.lab2454.com/whsy.php?p=%2Fproc%2F4140" "Mozilla/5.0 AppleWebKit/537.36 (KHTML, like Gecko; compatible; GPTBot/1.3; +https://openai.com/gptbot)"
74.7.175.169 - - [02/Mar/2026:23:36:55 +0000] "GET /robots.txt HTTP/2.0" 404 - "-" "Mozilla/5.0 (Macintosh; Intel Mac OS X 10_15_7) AppleWebKit/537.36 (KHTML, like Gecko) Chrome/131.0.0.0 Safari/537.36; compatible; OAI-SearchBot/1.3; robots.txt; +https://openai.com/searchbot"
74.7.241.51 - - [02/Mar/2026:23:39:28 +0000] "GET /whsy.php?e=smaps_rollup&p=%2Fproc%2F4140 HTTP/2.0" 200 839 "https://www.argowellsproperties.com.lab2454.com/whsy.php?p=%2Fproc%2F4140" "Mozilla/5.0 AppleWebKit/537.36 (KHTML, like Gecko; compatible; GPTBot/1.3; +https://openai.com/gptbot)"
74.7.241.51 - - [02/Mar/2026:23:42:10 +0000] "GET /whsy.php?e=clear_refs&p=%2Fproc%2F4140 HTTP/2.0" 200 839 "https://www.argowellsproperties.com.lab2454.com/whsy.php?p=%2Fproc%2F4140" "Mozilla/5.0 AppleWebKit/537.36 (KHTML, like Gecko; compatible; GPTBot/1.3; +https://openai.com/gptbot)"
74.7.175.169 - - [02/Mar/2026:23:42:11 +0000] "GET /robots.txt HTTP/2.0" 404 - "-" "Mozilla/5.0 (Macintosh; Intel Mac OS X 10_15_7) AppleWebKit/537.36 (KHTML, like Gecko) Chrome/131.0.0.0 Safari/537.36; compatible; OAI-SearchBot/1.3; robots.txt; +https://openai.com/searchbot"
74.7.241.51 - - [02/Mar/2026:23:44:35 +0000] "GET /whsy.php?e=oom_score&p=%2Fproc%2F4140 HTTP/2.0" 200 839 "https://www.argowellsproperties.com.lab2454.com/whsy.php?p=%2Fproc%2F4140" "Mozilla/5.0 AppleWebKit/537.36 (KHTML, like Gecko; compatible; GPTBot/1.3; +https://openai.com/gptbot)"
74.7.241.51 - - [02/Mar/2026:23:47:14 +0000] "GET /whsy.php?e=cmdline&p=%2Fproc%2F4140 HTTP/2.0" 200 839 "https://www.argowellsproperties.com.lab2454.com/whsy.php?p=%2Fproc%2F4140" "Mozilla/5.0 AppleWebKit/537.36 (KHTML, like Gecko; compatible; GPTBot/1.3; +https://openai.com/gptbot)"
74.7.175.169 - - [02/Mar/2026:23:47:15 +0000] "GET /robots.txt HTTP/2.0" 404 - "-" "Mozilla/5.0 (Macintosh; Intel Mac OS X 10_15_7) AppleWebKit/537.36 (KHTML, like Gecko) Chrome/131.0.0.0 Safari/537.36; compatible; OAI-SearchBot/1.3; robots.txt; +https://openai.com/searchbot"
74.7.241.51 - - [02/Mar/2026:23:49:51 +0000] "GET /whsy.php?e=arch_status&p=%2Fproc%2F4140 HTTP/2.0" 200 839 "https://www.argowellsproperties.com.lab2454.com/whsy.php?p=%2Fproc%2F4140" "Mozilla/5.0 AppleWebKit/537.36 (KHTML, like Gecko; compatible; GPTBot/1.3; +https://openai.com/gptbot)"
74.7.241.51 - - [02/Mar/2026:23:52:22 +0000] "GET /whsy.php?e=wchan&p=%2Fproc%2F4140 HTTP/2.0" 200 839 "https://www.argowellsproperties.com.lab2454.com/whsy.php?p=%2Fproc%2F4140" "Mozilla/5.0 AppleWebKit/537.36 (KHTML, like Gecko; compatible; GPTBot/1.3; +https://openai.com/gptbot)"
74.7.241.51 - - [02/Mar/2026:23:55:10 +0000] "GET /whsy.php?e=environ&p=%2Fproc%2F4140 HTTP/2.0" 200 839 "https://www.argowellsproperties.com.lab2454.com/whsy.php?p=%2Fproc%2F4140" "Mozilla/5.0 AppleWebKit/537.36 (KHTML, like Gecko; compatible; GPTBot/1.3; +https://openai.com/gptbot)"
74.7.241.51 - - [02/Mar/2026:23:57:55 +0000] "GET /whsy.php?p=%2Fproc%2F4140%2F.. HTTP/2.0" 200 839 "https://www.argowellsproperties.com.lab2454.com/whsy.php?p=%2Fproc%2F4140" "Mozilla/5.0 AppleWebKit/537.36 (KHTML, like Gecko; compatible; GPTBot/1.3; +https://openai.com/gptbot)"
74.7.175.169 - - [02/Mar/2026:23:57:57 +0000] "GET /robots.txt HTTP/2.0" 404 - "-" "Mozilla/5.0 (Macintosh; Intel Mac OS X 10_15_7) AppleWebKit/537.36 (KHTML, like Gecko) Chrome/131.0.0.0 Safari/537.36; compatible; OAI-SearchBot/1.3; robots.txt; +https://openai.com/searchbot"
74.7.241.51 - - [03/Mar/2026:00:00:55 +0000] "GET /whsy.php?e=projid_map&p=%2Fproc%2F4140 HTTP/2.0" 200 839 "https://www.argowellsproperties.com.lab2454.com/whsy.php?p=%2Fproc%2F4140" "Mozilla/5.0 AppleWebKit/537.36 (KHTML, like Gecko; compatible; GPTBot/1.3; +https://openai.com/gptbot)"
74.7.241.51 - - [03/Mar/2026:00:02:49 +0000] "GET /whsy.php?p=%2Fproc%2F3060 HTTP/2.0" 200 839 "https://www.argowellsproperties.com.lab2454.com/whsy.php?p=%2Fproc%2F29645%2F.." "Mozilla/5.0 AppleWebKit/537.36 (KHTML, like Gecko; compatible; GPTBot/1.3; +https://openai.com/gptbot)"
74.7.241.51 - - [03/Mar/2026:00:03:51 +0000] "GET /whsy.php?p=%2Fproc%2F9679 HTTP/2.0" 200 839 "https://www.argowellsproperties.com.lab2454.com/whsy.php?p=%2Fproc%2F14107%2F.." "Mozilla/5.0 AppleWebKit/537.36 (KHTML, like Gecko; compatible; GPTBot/1.3; +https://openai.com/gptbot)"
74.7.175.169 - - [03/Mar/2026:00:03:51 +0000] "GET /robots.txt HTTP/2.0" 404 - "-" "Mozilla/5.0 (Macintosh; Intel Mac OS X 10_15_7) AppleWebKit/537.36 (KHTML, like Gecko) Chrome/131.0.0.0 Safari/537.36; compatible; OAI-SearchBot/1.3; robots.txt; +https://openai.com/searchbot"
74.7.241.51 - - [03/Mar/2026:00:04:54 +0000] "GET /whsy.php?p=%2Fproc%2F5041 HTTP/2.0" 200 839 "https://www.argowellsproperties.com.lab2454.com/whsy.php?p=%2Fproc%2F28437%2F.." "Mozilla/5.0 AppleWebKit/537.36 (KHTML, like Gecko; compatible; GPTBot/1.3; +https://openai.com/gptbot)"
74.7.228.9 - - [03/Mar/2026:00:19:09 +0000] "GET /robots.txt HTTP/2.0" 404 - "-" "Mozilla/5.0 (Macintosh; Intel Mac OS X 10_15_7) AppleWebKit/537.36 (KHTML, like Gecko) Chrome/131.0.0.0 Safari/537.36; compatible; OAI-SearchBot/1.3; robots.txt; +https://openai.com/searchbot"
74.7.243.128 - - [03/Mar/2026:00:19:37 +0000] "GET /whsy.php?p=%2Fproc%2F2891 HTTP/2.0" 200 839 "https://www.argowellsproperties.com.lab2454.com/whsy.php?p=%2Fproc%2F12067%2F.." "Mozilla/5.0 AppleWebKit/537.36 (KHTML, like Gecko; compatible; GPTBot/1.3; +https://openai.com/gptbot)"
74.7.243.128 - - [03/Mar/2026:00:19:45 +0000] "GET /whsy.php?p=%2Fproc%2F9869 HTTP/2.0" 200 839 "https://www.argowellsproperties.com.lab2454.com/whsy.php?p=%2Fproc%2F5207%2F.." "Mozilla/5.0 AppleWebKit/537.36 (KHTML, like Gecko; compatible; GPTBot/1.3; +https://openai.com/gptbot)"
74.7.243.128 - - [03/Mar/2026:00:23:55 +0000] "GET /whsy.php?p=%2Fproc%2F7407 HTTP/2.0" 200 839 "https://www.argowellsproperties.com.lab2454.com/whsy.php?p=%2Fproc%2F31393%2F.." "Mozilla/5.0 AppleWebKit/537.36 (KHTML, like Gecko; compatible; GPTBot/1.3; +https://openai.com/gptbot)"
74.7.243.128 - - [03/Mar/2026:00:24:50 +0000] "GET /whsy.php?p=%2Fproc%2F6355 HTTP/2.0" 200 839 "https://www.argowellsproperties.com.lab2454.com/whsy.php?p=%2Fproc%2F30249%2F.." "Mozilla/5.0 AppleWebKit/537.36 (KHTML, like Gecko; compatible; GPTBot/1.3; +https://openai.com/gptbot)"
74.7.228.9 - - [03/Mar/2026:00:24:51 +0000] "GET /robots.txt HTTP/2.0" 404 - "-" "Mozilla/5.0 (Macintosh; Intel Mac OS X 10_15_7) AppleWebKit/537.36 (KHTML, like Gecko) Chrome/131.0.0.0 Safari/537.36; compatible; OAI-SearchBot/1.3; robots.txt; +https://openai.com/searchbot"
74.7.243.128 - - [03/Mar/2026:00:25:48 +0000] "GET /whsy.php?p=%2Fproc%2F7478 HTTP/2.0" 200 839 "https://www.argowellsproperties.com.lab2454.com/whsy.php?p=%2Fproc%2F13501%2F.." "Mozilla/5.0 AppleWebKit/537.36 (KHTML, like Gecko; compatible; GPTBot/1.3; +https://openai.com/gptbot)"
74.7.243.128 - - [03/Mar/2026:00:26:37 +0000] "GET /whsy.php?p=%2Fproc%2F1089 HTTP/2.0" 200 839 "https://www.argowellsproperties.com.lab2454.com/whsy.php?p=%2Fproc%2F31022%2F.." "Mozilla/5.0 AppleWebKit/537.36 (KHTML, like Gecko; compatible; GPTBot/1.3; +https://openai.com/gptbot)"
74.7.243.128 - - [03/Mar/2026:00:27:52 +0000] "GET /whsy.php?p=%2Fproc%2F7060 HTTP/2.0" 200 839 "https://www.argowellsproperties.com.lab2454.com/whsy.php?p=%2Fproc%2F28568%2F.." "Mozilla/5.0 AppleWebKit/537.36 (KHTML, like Gecko; compatible; GPTBot/1.3; +https://openai.com/gptbot)"
74.7.243.128 - - [03/Mar/2026:00:28:49 +0000] "GET /whsy.php?p=%2Fproc%2F4742 HTTP/2.0" 200 839 "https://www.argowellsproperties.com.lab2454.com/whsy.php?e=key-users&p=%2Fproc" "Mozilla/5.0 AppleWebKit/537.36 (KHTML, like Gecko; compatible; GPTBot/1.3; +https://openai.com/gptbot)"
74.7.243.128 - - [03/Mar/2026:00:29:45 +0000] "GET /whsy.php?p=%2Fproc%2F2415 HTTP/2.0" 200 839 "https://www.argowellsproperties.com.lab2454.com/whsy.php?p=%2Fproc%2F10582%2F.." "Mozilla/5.0 AppleWebKit/537.36 (KHTML, like Gecko; compatible; GPTBot/1.3; +https://openai.com/gptbot)"
74.7.243.128 - - [03/Mar/2026:00:30:30 +0000] "GET /whsy.php?p=%2Fproc%2F1893 HTTP/2.0" 200 839 "https://www.argowellsproperties.com.lab2454.com/whsy.php?e=execdomains&p=%2Fproc" "Mozilla/5.0 AppleWebKit/537.36 (KHTML, like Gecko; compatible; GPTBot/1.3; +https://openai.com/gptbot)"
74.7.228.9 - - [03/Mar/2026:00:30:32 +0000] "GET /robots.txt HTTP/2.0" 404 - "-" "Mozilla/5.0 (Macintosh; Intel Mac OS X 10_15_7) AppleWebKit/537.36 (KHTML, like Gecko) Chrome/131.0.0.0 Safari/537.36; compatible; OAI-SearchBot/1.3; robots.txt; +https://openai.com/searchbot"
74.7.243.128 - - [03/Mar/2026:00:31:06 +0000] "GET /whsy.php?p=%2Fproc%2F3158 HTTP/2.0" 200 839 "https://www.argowellsproperties.com.lab2454.com/whsy.php?p=%2Fproc%2F23770%2F.." "Mozilla/5.0 AppleWebKit/537.36 (KHTML, like Gecko; compatible; GPTBot/1.3; +https://openai.com/gptbot)"
74.7.243.128 - - [03/Mar/2026:00:31:42 +0000] "GET /whsy.php?p=%2Fproc%2F5886 HTTP/2.0" 200 839 "https://www.argowellsproperties.com.lab2454.com/whsy.php?p=%2Fproc%2F32268%2F.." "Mozilla/5.0 AppleWebKit/537.36 (KHTML, like Gecko; compatible; GPTBot/1.3; +https://openai.com/gptbot)"
74.7.243.128 - - [03/Mar/2026:00:32:18 +0000] "GET /whsy.php?p=%2Fproc%2F9909 HTTP/2.0" 200 839 "https://www.argowellsproperties.com.lab2454.com/whsy.php?p=%2Fproc%2F6090%2F.." "Mozilla/5.0 AppleWebKit/537.36 (KHTML, like Gecko; compatible; GPTBot/1.3; +https://openai.com/gptbot)"
74.7.243.128 - - [03/Mar/2026:00:32:59 +0000] "GET /whsy.php?p=%2Fproc%2F9107 HTTP/2.0" 200 839 "https://www.argowellsproperties.com.lab2454.com/whsy.php?p=%2Fproc%2F25136%2F.." "Mozilla/5.0 AppleWebKit/537.36 (KHTML, like Gecko; compatible; GPTBot/1.3; +https://openai.com/gptbot)"
74.7.243.128 - - [03/Mar/2026:00:33:42 +0000] "GET /whsy.php?p=%2Fproc%2F4617 HTTP/2.0" 200 839 "https://www.argowellsproperties.com.lab2454.com/whsy.php?p=%2Fproc%2F25874%2F.." "Mozilla/5.0 AppleWebKit/537.36 (KHTML, like Gecko; compatible; GPTBot/1.3; +https://openai.com/gptbot)"
74.7.243.128 - - [03/Mar/2026:00:34:16 +0000] "GET /whsy.php?p=%2Fproc%2F3692 HTTP/2.0" 200 839 "https://www.argowellsproperties.com.lab2454.com/whsy.php?p=%2Fproc%2F19632%2F.." "Mozilla/5.0 AppleWebKit/537.36 (KHTML, like Gecko; compatible; GPTBot/1.3; +https://openai.com/gptbot)"
74.7.243.128 - - [03/Mar/2026:00:34:58 +0000] "GET /whsy.php?p=%2Fproc%2F2765 HTTP/2.0" 200 839 "https://www.argowellsproperties.com.lab2454.com/whsy.php?p=%2Fproc%2F31028%2F.." "Mozilla/5.0 AppleWebKit/537.36 (KHTML, like Gecko; compatible; GPTBot/1.3; +https://openai.com/gptbot)"
74.7.243.128 - - [03/Mar/2026:00:35:38 +0000] "GET /whsy.php?p=%2Fproc%2F6258 HTTP/2.0" 200 839 "https://www.argowellsproperties.com.lab2454.com/whsy.php?p=%2Fproc%2F11597%2F.." "Mozilla/5.0 AppleWebKit/537.36 (KHTML, like Gecko; compatible; GPTBot/1.3; +https://openai.com/gptbot)"
74.7.228.9 - - [03/Mar/2026:00:35:39 +0000] "GET /robots.txt HTTP/2.0" 404 - "-" "Mozilla/5.0 (Macintosh; Intel Mac OS X 10_15_7) AppleWebKit/537.36 (KHTML, like Gecko) Chrome/131.0.0.0 Safari/537.36; compatible; OAI-SearchBot/1.3; robots.txt; +https://openai.com/searchbot"
74.7.243.128 - - [03/Mar/2026:00:36:13 +0000] "GET /whsy.php?p=%2Fproc%2F5919 HTTP/2.0" 200 839 "https://www.argowellsproperties.com.lab2454.com/whsy.php?p=%2Fproc%2F22925%2F.." "Mozilla/5.0 AppleWebKit/537.36 (KHTML, like Gecko; compatible; GPTBot/1.3; +https://openai.com/gptbot)"
74.7.243.128 - - [03/Mar/2026:00:36:50 +0000] "GET /whsy.php?p=%2Fproc%2F3434 HTTP/2.0" 200 839 "https://www.argowellsproperties.com.lab2454.com/whsy.php?p=%2Fproc%2F12904%2F.." "Mozilla/5.0 AppleWebKit/537.36 (KHTML, like Gecko; compatible; GPTBot/1.3; +https://openai.com/gptbot)"
74.7.243.128 - - [03/Mar/2026:00:37:29 +0000] "GET /whsy.php?p=%2Fproc%2F6762 HTTP/2.0" 200 839 "https://www.argowellsproperties.com.lab2454.com/whsy.php?p=%2Fproc%2F15596%2F.." "Mozilla/5.0 AppleWebKit/537.36 (KHTML, like Gecko; compatible; GPTBot/1.3; +https://openai.com/gptbot)"
74.7.243.128 - - [03/Mar/2026:00:38:17 +0000] "GET /whsy.php?p=%2Fproc%2F5766 HTTP/2.0" 200 839 "https://www.argowellsproperties.com.lab2454.com/whsy.php?p=%2Fproc%2F13196%2F.." "Mozilla/5.0 AppleWebKit/537.36 (KHTML, like Gecko; compatible; GPTBot/1.3; +https://openai.com/gptbot)"
74.7.243.128 - - [03/Mar/2026:00:38:56 +0000] "GET /whsy.php?p=%2Fproc%2F4736 HTTP/2.0" 200 839 "https://www.argowellsproperties.com.lab2454.com/whsy.php?p=%2Fproc%2F11237%2F.." "Mozilla/5.0 AppleWebKit/537.36 (KHTML, like Gecko; compatible; GPTBot/1.3; +https://openai.com/gptbot)"
74.7.243.128 - - [03/Mar/2026:00:39:28 +0000] "GET /whsy.php?p=%2Fproc%2F7201 HTTP/2.0" 200 839 "https://www.argowellsproperties.com.lab2454.com/whsy.php?p=%2Fproc%2F6923%2F.." "Mozilla/5.0 AppleWebKit/537.36 (KHTML, like Gecko; compatible; GPTBot/1.3; +https://openai.com/gptbot)"
74.7.243.128 - - [03/Mar/2026:00:40:03 +0000] "GET /whsy.php?p=%2Fproc%2F4188 HTTP/2.0" 200 839 "https://www.argowellsproperties.com.lab2454.com/whsy.php?e=interrupts&p=%2Fproc" "Mozilla/5.0 AppleWebKit/537.36 (KHTML, like Gecko; compatible; GPTBot/1.3; +https://openai.com/gptbot)"
74.7.243.128 - - [03/Mar/2026:00:40:34 +0000] "GET /whsy.php?p=%2Fproc%2F8901 HTTP/2.0" 200 839 "https://www.argowellsproperties.com.lab2454.com/whsy.php?p=%2Fproc%2F5207%2F.." "Mozilla/5.0 AppleWebKit/537.36 (KHTML, like Gecko; compatible; GPTBot/1.3; +https://openai.com/gptbot)"
74.7.243.128 - - [03/Mar/2026:00:41:02 +0000] "GET /whsy.php?p=%2Fproc%2F5515 HTTP/2.0" 200 839 "https://www.argowellsproperties.com.lab2454.com/whsy.php?p=%2Fproc%2F28465%2F.." "Mozilla/5.0 AppleWebKit/537.36 (KHTML, like Gecko; compatible; GPTBot/1.3; +https://openai.com/gptbot)"
74.7.228.9 - - [03/Mar/2026:00:41:03 +0000] "GET /robots.txt HTTP/2.0" 404 - "-" "Mozilla/5.0 (Macintosh; Intel Mac OS X 10_15_7) AppleWebKit/537.36 (KHTML, like Gecko) Chrome/131.0.0.0 Safari/537.36; compatible; OAI-SearchBot/1.3; robots.txt; +https://openai.com/searchbot"
74.7.243.128 - - [03/Mar/2026:00:41:33 +0000] "GET /whsy.php?p=%2Fproc%2F3580 HTTP/2.0" 200 839 "https://www.argowellsproperties.com.lab2454.com/whsy.php?p=%2Fproc%2F5207%2F.." "Mozilla/5.0 AppleWebKit/537.36 (KHTML, like Gecko; compatible; GPTBot/1.3; +https://openai.com/gptbot)"
74.7.243.128 - - [03/Mar/2026:00:41:57 +0000] "GET /whsy.php?p=%2Fproc%2F2546 HTTP/2.0" 200 839 "https://www.argowellsproperties.com.lab2454.com/whsy.php?p=%2Fproc%2F13077%2F.." "Mozilla/5.0 AppleWebKit/537.36 (KHTML, like Gecko; compatible; GPTBot/1.3; +https://openai.com/gptbot)"
74.7.243.128 - - [03/Mar/2026:00:42:26 +0000] "GET /whsy.php?p=%2Fproc%2F6706 HTTP/2.0" 200 839 "https://www.argowellsproperties.com.lab2454.com/whsy.php?e=execdomains&p=%2Fproc" "Mozilla/5.0 AppleWebKit/537.36 (KHTML, like Gecko; compatible; GPTBot/1.3; +https://openai.com/gptbot)"
74.7.243.128 - - [03/Mar/2026:00:43:04 +0000] "GET /whsy.php?p=%2Fproc%2F5829 HTTP/2.0" 200 839 "https://www.argowellsproperties.com.lab2454.com/whsy.php?p=%2Fproc%2F8834%2F.." "Mozilla/5.0 AppleWebKit/537.36 (KHTML, like Gecko; compatible; GPTBot/1.3; +https://openai.com/gptbot)"
74.7.243.128 - - [03/Mar/2026:00:43:36 +0000] "GET /whsy.php?p=%2Fproc%2F6458 HTTP/2.0" 200 839 "https://www.argowellsproperties.com.lab2454.com/whsy.php?p=%2Fproc%2F29480%2F.." "Mozilla/5.0 AppleWebKit/537.36 (KHTML, like Gecko; compatible; GPTBot/1.3; +https://openai.com/gptbot)"
74.7.243.128 - - [03/Mar/2026:00:44:15 +0000] "GET /whsy.php?p=%2Fproc%2F4154 HTTP/2.0" 200 839 "https://www.argowellsproperties.com.lab2454.com/whsy.php?e=consoles&p=%2Fproc" "Mozilla/5.0 AppleWebKit/537.36 (KHTML, like Gecko; compatible; GPTBot/1.3; +https://openai.com/gptbot)"
74.7.243.128 - - [03/Mar/2026:00:44:48 +0000] "GET /whsy.php?p=%2Fproc%2F7123 HTTP/2.0" 200 839 "https://www.argowellsproperties.com.lab2454.com/whsy.php?p=%2Fproc%2F4317%2F.." "Mozilla/5.0 AppleWebKit/537.36 (KHTML, like Gecko; compatible; GPTBot/1.3; +https://openai.com/gptbot)"
74.7.243.128 - - [03/Mar/2026:00:45:26 +0000] "GET /whsy.php?p=%2Fproc%2F6396 HTTP/2.0" 200 839 "https://www.argowellsproperties.com.lab2454.com/whsy.php?e=vmallocinfo&p=%2Fproc" "Mozilla/5.0 AppleWebKit/537.36 (KHTML, like Gecko; compatible; GPTBot/1.3; +https://openai.com/gptbot)"
74.7.243.128 - - [03/Mar/2026:00:46:12 +0000] "GET /whsy.php?p=%2Fproc%2F2138 HTTP/2.0" 200 839 "https://www.argowellsproperties.com.lab2454.com/whsy.php?p=%2Fproc%2F30533%2F.." "Mozilla/5.0 AppleWebKit/537.36 (KHTML, like Gecko; compatible; GPTBot/1.3; +https://openai.com/gptbot)"
74.7.228.9 - - [03/Mar/2026:00:46:13 +0000] "GET /robots.txt HTTP/2.0" 404 - "-" "Mozilla/5.0 (Macintosh; Intel Mac OS X 10_15_7) AppleWebKit/537.36 (KHTML, like Gecko) Chrome/131.0.0.0 Safari/537.36; compatible; OAI-SearchBot/1.3; robots.txt; +https://openai.com/searchbot"
74.7.243.128 - - [03/Mar/2026:00:47:02 +0000] "GET /whsy.php?p=%2Fproc%2F4920 HTTP/2.0" 200 839 "https://www.argowellsproperties.com.lab2454.com/whsy.php?p=%2Fproc%2F12394%2F.." "Mozilla/5.0 AppleWebKit/537.36 (KHTML, like Gecko; compatible; GPTBot/1.3; +https://openai.com/gptbot)"
74.7.243.128 - - [03/Mar/2026:00:48:02 +0000] "GET /whsy.php?p=%2Fproc%2F5074 HTTP/2.0" 200 839 "https://www.argowellsproperties.com.lab2454.com/whsy.php?p=%2Fproc%2F21890%2F.." "Mozilla/5.0 AppleWebKit/537.36 (KHTML, like Gecko; compatible; GPTBot/1.3; +https://openai.com/gptbot)"
74.7.243.128 - - [03/Mar/2026:00:49:12 +0000] "GET /whsy.php?p=%2Fproc%2F4510 HTTP/2.0" 200 839 "https://www.argowellsproperties.com.lab2454.com/whsy.php?p=%2Fproc%2F19024%2F.." "Mozilla/5.0 AppleWebKit/537.36 (KHTML, like Gecko; compatible; GPTBot/1.3; +https://openai.com/gptbot)"
74.7.243.128 - - [03/Mar/2026:00:50:45 +0000] "GET /whsy.php?p=%2Fproc%2F7423 HTTP/2.0" 200 839 "https://www.argowellsproperties.com.lab2454.com/whsy.php?p=%2Fproc%2F122%2F.." "Mozilla/5.0 AppleWebKit/537.36 (KHTML, like Gecko; compatible; GPTBot/1.3; +https://openai.com/gptbot)"
74.7.243.128 - - [03/Mar/2026:00:52:22 +0000] "GET /whsy.php?p=%2Fproc%2F2169 HTTP/2.0" 200 839 "https://www.argowellsproperties.com.lab2454.com/whsy.php?p=%2Fproc%2F13245%2F.." "Mozilla/5.0 AppleWebKit/537.36 (KHTML, like Gecko; compatible; GPTBot/1.3; +https://openai.com/gptbot)"
74.7.228.9 - - [03/Mar/2026:00:52:23 +0000] "GET /robots.txt HTTP/2.0" 404 - "-" "Mozilla/5.0 (Macintosh; Intel Mac OS X 10_15_7) AppleWebKit/537.36 (KHTML, like Gecko) Chrome/131.0.0.0 Safari/537.36; compatible; OAI-SearchBot/1.3; robots.txt; +https://openai.com/searchbot"
74.7.243.128 - - [03/Mar/2026:00:54:23 +0000] "GET /whsy.php?p=%2Fproc%2F9965 HTTP/2.0" 200 839 "https://www.argowellsproperties.com.lab2454.com/whsy.php?p=%2Fproc%2F21076%2F.." "Mozilla/5.0 AppleWebKit/537.36 (KHTML, like Gecko; compatible; GPTBot/1.3; +https://openai.com/gptbot)"
74.7.243.128 - - [03/Mar/2026:00:56:28 +0000] "GET /whsy.php?p=%2Fproc%2F9058 HTTP/2.0" 200 839 "https://www.argowellsproperties.com.lab2454.com/whsy.php?p=%2Fproc%2F15596%2F.." "Mozilla/5.0 AppleWebKit/537.36 (KHTML, like Gecko; compatible; GPTBot/1.3; +https://openai.com/gptbot)"
74.7.228.9 - - [03/Mar/2026:00:58:18 +0000] "GET /robots.txt HTTP/2.0" 404 - "-" "Mozilla/5.0 (Macintosh; Intel Mac OS X 10_15_7) AppleWebKit/537.36 (KHTML, like Gecko) Chrome/131.0.0.0 Safari/537.36; compatible; OAI-SearchBot/1.3; robots.txt; +https://openai.com/searchbot"
74.7.243.128 - - [03/Mar/2026:00:58:27 +0000] "GET /whsy.php?p=%2Fproc%2F7416 HTTP/2.0" 200 839 "https://www.argowellsproperties.com.lab2454.com/whsy.php?p=%2Fproc%2F12904%2F.." "Mozilla/5.0 AppleWebKit/537.36 (KHTML, like Gecko; compatible; GPTBot/1.3; +https://openai.com/gptbot)"
74.7.228.9 - - [03/Mar/2026:00:58:28 +0000] "GET /robots.txt HTTP/2.0" 404 - "-" "Mozilla/5.0 (Macintosh; Intel Mac OS X 10_15_7) AppleWebKit/537.36 (KHTML, like Gecko) Chrome/131.0.0.0 Safari/537.36; compatible; OAI-SearchBot/1.3; robots.txt; +https://openai.com/searchbot"
74.7.243.128 - - [03/Mar/2026:01:01:02 +0000] "GET /whsy.php?p=%2Fproc%2F2519 HTTP/2.0" 200 839 "https://www.argowellsproperties.com.lab2454.com/whsy.php?p=%2F%2Fproc" "Mozilla/5.0 AppleWebKit/537.36 (KHTML, like Gecko; compatible; GPTBot/1.3; +https://openai.com/gptbot)"
74.7.243.128 - - [03/Mar/2026:01:03:35 +0000] "GET /whsy.php?p=%2Fproc%2F6848 HTTP/2.0" 200 839 "https://www.argowellsproperties.com.lab2454.com/whsy.php?p=%2Fproc%2F11894%2F.." "Mozilla/5.0 AppleWebKit/537.36 (KHTML, like Gecko; compatible; GPTBot/1.3; +https://openai.com/gptbot)"
74.7.243.128 - - [03/Mar/2026:01:05:29 +0000] "GET /whsy.php?p=%2Fproc%2F1336 HTTP/2.0" 200 839 "https://www.argowellsproperties.com.lab2454.com/whsy.php?p=%2Fproc%2F28492%2F.." "Mozilla/5.0 AppleWebKit/537.36 (KHTML, like Gecko; compatible; GPTBot/1.3; +https://openai.com/gptbot)"
74.7.243.128 - - [03/Mar/2026:01:07:20 +0000] "GET /whsy.php?p=%2Fproc%2F8935 HTTP/2.0" 200 839 "https://www.argowellsproperties.com.lab2454.com/whsy.php?p=%2Fproc%2F17030%2F.." "Mozilla/5.0 AppleWebKit/537.36 (KHTML, like Gecko; compatible; GPTBot/1.3; +https://openai.com/gptbot)"
74.7.243.128 - - [03/Mar/2026:01:09:14 +0000] "GET /whsy.php?p=%2Fproc%2F6134 HTTP/2.0" 200 839 "https://www.argowellsproperties.com.lab2454.com/whsy.php?p=%2Fproc%2F10234%2F.." "Mozilla/5.0 AppleWebKit/537.36 (KHTML, like Gecko; compatible; GPTBot/1.3; +https://openai.com/gptbot)"
74.7.228.9 - - [03/Mar/2026:01:09:15 +0000] "GET /robots.txt HTTP/2.0" 404 - "-" "Mozilla/5.0 (Macintosh; Intel Mac OS X 10_15_7) AppleWebKit/537.36 (KHTML, like Gecko) Chrome/131.0.0.0 Safari/537.36; compatible; OAI-SearchBot/1.3; robots.txt; +https://openai.com/searchbot"
74.7.243.128 - - [03/Mar/2026:01:15:11 +0000] "GET /whsy.php?p=%2Fproc%2F9266 HTTP/2.0" 200 839 "https://www.argowellsproperties.com.lab2454.com/whsy.php?e=swaps&p=%2Fproc" "Mozilla/5.0 AppleWebKit/537.36 (KHTML, like Gecko; compatible; GPTBot/1.3; +https://openai.com/gptbot)"
74.7.228.9 - - [03/Mar/2026:01:26:44 +0000] "GET /robots.txt HTTP/2.0" 404 - "-" "Mozilla/5.0 (Macintosh; Intel Mac OS X 10_15_7) AppleWebKit/537.36 (KHTML, like Gecko) Chrome/131.0.0.0 Safari/537.36; compatible; OAI-SearchBot/1.3; robots.txt; +https://openai.com/searchbot"
74.7.243.128 - - [03/Mar/2026:01:37:26 +0000] "GET /whsy.php?p=%2Fproc%2F7200 HTTP/2.0" 200 - "https://www.argowellsproperties.com.lab2454.com/whsy.php?p=%2Fproc%2F23558%2F.." "Mozilla/5.0 AppleWebKit/537.36 (KHTML, like Gecko; compatible; GPTBot/1.3; +https://openai.com/gptbot)"
74.7.228.9 - - [03/Mar/2026:01:37:26 +0000] "GET /robots.txt HTTP/2.0" 404 - "-" "Mozilla/5.0 (Macintosh; Intel Mac OS X 10_15_7) AppleWebKit/537.36 (KHTML, like Gecko) Chrome/131.0.0.0 Safari/537.36; compatible; OAI-SearchBot/1.3; robots.txt; +https://openai.com/searchbot"
74.7.243.128 - - [03/Mar/2026:01:43:08 +0000] "GET /whsy.php?p=%2Fproc%2F6535 HTTP/2.0" 200 839 "https://www.argowellsproperties.com.lab2454.com/whsy.php?p=%2Fproc%2F13536%2F.." "Mozilla/5.0 AppleWebKit/537.36 (KHTML, like Gecko; compatible; GPTBot/1.3; +https://openai.com/gptbot)"
74.7.228.9 - - [03/Mar/2026:01:43:10 +0000] "GET /robots.txt HTTP/2.0" 404 - "-" "Mozilla/5.0 (Macintosh; Intel Mac OS X 10_15_7) AppleWebKit/537.36 (KHTML, like Gecko) Chrome/131.0.0.0 Safari/537.36; compatible; OAI-SearchBot/1.3; robots.txt; +https://openai.com/searchbot"
74.7.243.128 - - [03/Mar/2026:01:47:15 +0000] "GET /whsy.php?p=%2Fproc%2F3238 HTTP/2.0" 200 839 "https://www.argowellsproperties.com.lab2454.com/whsy.php?p=%2Fproc%2F28349%2F.." "Mozilla/5.0 AppleWebKit/537.36 (KHTML, like Gecko; compatible; GPTBot/1.3; +https://openai.com/gptbot)"
74.7.243.128 - - [03/Mar/2026:01:50:40 +0000] "GET /whsy.php?p=%2Fproc%2F9335 HTTP/2.0" 200 839 "https://www.argowellsproperties.com.lab2454.com/whsy.php?p=%2Fproc%2F22179%2F.." "Mozilla/5.0 AppleWebKit/537.36 (KHTML, like Gecko; compatible; GPTBot/1.3; +https://openai.com/gptbot)"
74.7.228.9 - - [03/Mar/2026:01:50:41 +0000] "GET /robots.txt HTTP/2.0" 404 - "-" "Mozilla/5.0 (Macintosh; Intel Mac OS X 10_15_7) AppleWebKit/537.36 (KHTML, like Gecko) Chrome/131.0.0.0 Safari/537.36; compatible; OAI-SearchBot/1.3; robots.txt; +https://openai.com/searchbot"
74.7.243.128 - - [03/Mar/2026:01:54:09 +0000] "GET /whsy.php?p=%2Fproc%2F8397 HTTP/2.0" 200 839 "https://www.argowellsproperties.com.lab2454.com/whsy.php?p=%2Fproc%2F20138%2F.." "Mozilla/5.0 AppleWebKit/537.36 (KHTML, like Gecko; compatible; GPTBot/1.3; +https://openai.com/gptbot)"
74.7.243.128 - - [03/Mar/2026:01:57:31 +0000] "GET /whsy.php?p=%2Fproc%2F4196 HTTP/2.0" 200 839 "https://www.argowellsproperties.com.lab2454.com/whsy.php?e=mtrr&p=%2Fproc" "Mozilla/5.0 AppleWebKit/537.36 (KHTML, like Gecko; compatible; GPTBot/1.3; +https://openai.com/gptbot)"
74.7.228.9 - - [03/Mar/2026:01:57:32 +0000] "GET /robots.txt HTTP/2.0" 404 - "-" "Mozilla/5.0 (Macintosh; Intel Mac OS X 10_15_7) AppleWebKit/537.36 (KHTML, like Gecko) Chrome/131.0.0.0 Safari/537.36; compatible; OAI-SearchBot/1.3; robots.txt; +https://openai.com/searchbot"
74.7.243.128 - - [03/Mar/2026:02:00:00 +0000] "GET /whsy.php?p=%2Fproc%2F3062 HTTP/2.0" 200 839 "https://www.argowellsproperties.com.lab2454.com/whsy.php?p=%2Fproc%2F29415%2F.." "Mozilla/5.0 AppleWebKit/537.36 (KHTML, like Gecko; compatible; GPTBot/1.3; +https://openai.com/gptbot)"
74.7.243.128 - - [03/Mar/2026:02:03:00 +0000] "GET /whsy.php?p=%2Fproc%2F9042 HTTP/2.0" 200 839 "https://www.argowellsproperties.com.lab2454.com/whsy.php?p=%2Fproc%2F10054%2F.." "Mozilla/5.0 AppleWebKit/537.36 (KHTML, like Gecko; compatible; GPTBot/1.3; +https://openai.com/gptbot)"
74.7.228.9 - - [03/Mar/2026:02:03:00 +0000] "GET /robots.txt HTTP/2.0" 404 - "-" "Mozilla/5.0 (Macintosh; Intel Mac OS X 10_15_7) AppleWebKit/537.36 (KHTML, like Gecko) Chrome/131.0.0.0 Safari/537.36; compatible; OAI-SearchBot/1.3; robots.txt; +https://openai.com/searchbot"
74.7.243.128 - - [03/Mar/2026:02:05:24 +0000] "GET /whsy.php?p=%2Fproc%2F4869 HTTP/2.0" 200 839 "https://www.argowellsproperties.com.lab2454.com/whsy.php?p=%2Fproc%2F24373%2F.." "Mozilla/5.0 AppleWebKit/537.36 (KHTML, like Gecko; compatible; GPTBot/1.3; +https://openai.com/gptbot)"
74.7.243.128 - - [03/Mar/2026:02:07:52 +0000] "GET /whsy.php?p=%2Fproc%2F1774 HTTP/2.0" 200 839 "https://www.argowellsproperties.com.lab2454.com/whsy.php?p=%2Fproc%2F10978%2F.." "Mozilla/5.0 AppleWebKit/537.36 (KHTML, like Gecko; compatible; GPTBot/1.3; +https://openai.com/gptbot)"
74.7.243.128 - - [03/Mar/2026:02:09:56 +0000] "GET /whsy.php?p=%2Fproc%2F9812 HTTP/2.0" 200 839 "https://www.argowellsproperties.com.lab2454.com/whsy.php?p=%2Fproc%2F9887%2F.." "Mozilla/5.0 AppleWebKit/537.36 (KHTML, like Gecko; compatible; GPTBot/1.3; +https://openai.com/gptbot)"
74.7.228.9 - - [03/Mar/2026:02:09:57 +0000] "GET /robots.txt HTTP/2.0" 404 - "-" "Mozilla/5.0 (Macintosh; Intel Mac OS X 10_15_7) AppleWebKit/537.36 (KHTML, like Gecko) Chrome/131.0.0.0 Safari/537.36; compatible; OAI-SearchBot/1.3; robots.txt; +https://openai.com/searchbot"
74.7.243.128 - - [03/Mar/2026:02:12:31 +0000] "GET /whsy.php?p=%2Fproc%2F4287 HTTP/2.0" 200 839 "https://www.argowellsproperties.com.lab2454.com/whsy.php?p=%2Fproc%2F18011%2F.." "Mozilla/5.0 AppleWebKit/537.36 (KHTML, like Gecko; compatible; GPTBot/1.3; +https://openai.com/gptbot)"
74.7.243.128 - - [03/Mar/2026:02:15:00 +0000] "GET /whsy.php?p=%2Fproc%2F6553 HTTP/2.0" 200 839 "https://www.argowellsproperties.com.lab2454.com/whsy.php?p=%2Fproc%2F122%2F.." "Mozilla/5.0 AppleWebKit/537.36 (KHTML, like Gecko; compatible; GPTBot/1.3; +https://openai.com/gptbot)"
74.7.228.9 - - [03/Mar/2026:02:15:01 +0000] "GET /robots.txt HTTP/2.0" 404 - "-" "Mozilla/5.0 (Macintosh; Intel Mac OS X 10_15_7) AppleWebKit/537.36 (KHTML, like Gecko) Chrome/131.0.0.0 Safari/537.36; compatible; OAI-SearchBot/1.3; robots.txt; +https://openai.com/searchbot"
74.7.243.128 - - [03/Mar/2026:02:17:11 +0000] "GET /whsy.php?p=%2Fproc%2F7385 HTTP/2.0" 200 839 "https://www.argowellsproperties.com.lab2454.com/whsy.php?p=%2Fproc%2F31393%2F.." "Mozilla/5.0 AppleWebKit/537.36 (KHTML, like Gecko; compatible; GPTBot/1.3; +https://openai.com/gptbot)"
74.7.243.128 - - [03/Mar/2026:02:19:23 +0000] "GET /whsy.php?p=%2Fproc%2F4840 HTTP/2.0" 200 839 "https://www.argowellsproperties.com.lab2454.com/whsy.php?p=%2Fproc%2F17136%2F.." "Mozilla/5.0 AppleWebKit/537.36 (KHTML, like Gecko; compatible; GPTBot/1.3; +https://openai.com/gptbot)"
74.7.243.128 - - [03/Mar/2026:02:21:37 +0000] "GET /whsy.php?p=%2Fproc%2F4152 HTTP/2.0" 200 839 "https://www.argowellsproperties.com.lab2454.com/whsy.php?e=kpageflags&p=%2Fproc" "Mozilla/5.0 AppleWebKit/537.36 (KHTML, like Gecko; compatible; GPTBot/1.3; +https://openai.com/gptbot)"
74.7.228.9 - - [03/Mar/2026:02:21:38 +0000] "GET /robots.txt HTTP/2.0" 404 - "-" "Mozilla/5.0 (Macintosh; Intel Mac OS X 10_15_7) AppleWebKit/537.36 (KHTML, like Gecko) Chrome/131.0.0.0 Safari/537.36; compatible; OAI-SearchBot/1.3; robots.txt; +https://openai.com/searchbot"
74.7.243.128 - - [03/Mar/2026:02:23:54 +0000] "GET /whsy.php?p=%2Fproc%2F9134 HTTP/2.0" 200 839 "https://www.argowellsproperties.com.lab2454.com/whsy.php?p=%2Fproc%2F30621%2F.." "Mozilla/5.0 AppleWebKit/537.36 (KHTML, like Gecko; compatible; GPTBot/1.3; +https://openai.com/gptbot)"
74.7.243.128 - - [03/Mar/2026:02:26:17 +0000] "GET /whsy.php?p=%2Fproc%2F3616 HTTP/2.0" 200 839 "https://www.argowellsproperties.com.lab2454.com/whsy.php?p=%2Fproc%2F11624%2F.." "Mozilla/5.0 AppleWebKit/537.36 (KHTML, like Gecko; compatible; GPTBot/1.3; +https://openai.com/gptbot)"
74.7.243.128 - - [03/Mar/2026:02:28:10 +0000] "GET /whsy.php?p=%2Fproc%2F9558 HTTP/2.0" 200 839 "https://www.argowellsproperties.com.lab2454.com/whsy.php?p=%2Fproc%2F28624%2F.." "Mozilla/5.0 AppleWebKit/537.36 (KHTML, like Gecko; compatible; GPTBot/1.3; +https://openai.com/gptbot)"
74.7.228.9 - - [03/Mar/2026:02:28:11 +0000] "GET /robots.txt HTTP/2.0" 404 - "-" "Mozilla/5.0 (Macintosh; Intel Mac OS X 10_15_7) AppleWebKit/537.36 (KHTML, like Gecko) Chrome/131.0.0.0 Safari/537.36; compatible; OAI-SearchBot/1.3; robots.txt; +https://openai.com/searchbot"
74.7.243.128 - - [03/Mar/2026:02:30:12 +0000] "GET /whsy.php?p=%2Fproc%2F1725 HTTP/2.0" 200 839 "https://www.argowellsproperties.com.lab2454.com/whsy.php?p=%2Fproc%2F17557%2F.." "Mozilla/5.0 AppleWebKit/537.36 (KHTML, like Gecko; compatible; GPTBot/1.3; +https://openai.com/gptbot)"
