74.7.227.159 - - [03/Mar/2026:04:14:49 +0000] "GET /whsy.php?p=%2Fhome%2Flab2454c%2Fcrypto.keyreum.com%2Fvendor%2Fdompdf%2Fdompdf%2Flib%2Fres%2F.. HTTP/2.0" 200 744 "https://shakcoin.com/whsy.php?p=%2Fhome%2Flab2454c%2Fcrypto.keyreum.com%2Fvendor%2Fdompdf%2Fdompdf%2Flib%2Fres" "Mozilla/5.0 AppleWebKit/537.36 (KHTML, like Gecko; compatible; GPTBot/1.3; +https://openai.com/gptbot)"
74.7.241.53 - - [03/Mar/2026:04:14:55 +0000] "GET /whsy.php?e=smaps&p=%2Fproc%2F11575 HTTP/2.0" 200 913 "https://www.shakcoin.com.lab2454.com/whsy.php?p=%2Fproc%2F11575" "Mozilla/5.0 AppleWebKit/537.36 (KHTML, like Gecko; compatible; GPTBot/1.3; +https://openai.com/gptbot)"
74.7.227.159 - - [03/Mar/2026:04:14:58 +0000] "GET /whsy.php?p=%2Fhome%2Flab2454c%2Fcrypto.keyreum.com%2Fvendor%2Fdompdf%2Fdompdf%2Fsrc%2FCss%2F.. HTTP/2.0" 200 1223 "https://shakcoin.com/whsy.php?p=%2Fhome%2Flab2454c%2Fcrypto.keyreum.com%2Fvendor%2Fdompdf%2Fdompdf%2Fsrc%2FCss" "Mozilla/5.0 AppleWebKit/537.36 (KHTML, like Gecko; compatible; GPTBot/1.3; +https://openai.com/gptbot)"
74.7.241.53 - - [03/Mar/2026:04:15:03 +0000] "GET /whsy.php?e=sched&p=%2Fproc%2F11575 HTTP/2.0" 200 913 "https://www.shakcoin.com.lab2454.com/whsy.php?p=%2Fproc%2F11575" "Mozilla/5.0 AppleWebKit/537.36 (KHTML, like Gecko; compatible; GPTBot/1.3; +https://openai.com/gptbot)"
74.7.227.159 - - [03/Mar/2026:04:15:06 +0000] "GET /whsy.php?p=%2Fhome%2Flab2454c%2Fsothebankuab.com%2Fwp-content%2Fplugins%2Fsendgrid-email-delivery-simplified HTTP/2.0" 200 813 "https://shakcoin.com/whsy.php?p=%2Fhome%2Flab2454c%2Fsothebankuab.com%2Fwp-content%2Fplugins" "Mozilla/5.0 AppleWebKit/537.36 (KHTML, like Gecko; compatible; GPTBot/1.3; +https://openai.com/gptbot)"
74.7.241.53 - - [03/Mar/2026:04:15:11 +0000] "GET /whsy.php?e=smaps&p=%2Fproc%2F31866 HTTP/2.0" 200 5088 "https://www.shakcoin.com.lab2454.com/whsy.php?p=%2Fproc%2F31866" "Mozilla/5.0 AppleWebKit/537.36 (KHTML, like Gecko; compatible; GPTBot/1.3; +https://openai.com/gptbot)"
74.7.227.159 - - [03/Mar/2026:04:15:14 +0000] "GET /whsy.php?e=page-sidebar-blog-posts.php&p=%2Fhome%2Flab2454c%2Fchristianitybank.com%2Fwp-content%2Fthemes%2Ftwentytwentytwo%2Finc%2Fpatterns HTTP/2.0" 200 4203 "https://shakcoin.com/whsy.php?p=%2Fhome%2Flab2454c%2Fchristianitybank.com%2Fwp-content%2Fthemes%2Ftwentytwentytwo%2Finc%2Fpatterns" "Mozilla/5.0 AppleWebKit/537.36 (KHTML, like Gecko; compatible; GPTBot/1.3; +https://openai.com/gptbot)"
74.7.241.53 - - [03/Mar/2026:04:15:20 +0000] "GET /whsy.php?e=uid_map&p=%2Fproc%2F11575 HTTP/2.0" 200 913 "https://www.shakcoin.com.lab2454.com/whsy.php?p=%2Fproc%2F11575" "Mozilla/5.0 AppleWebKit/537.36 (KHTML, like Gecko; compatible; GPTBot/1.3; +https://openai.com/gptbot)"
74.7.227.159 - - [03/Mar/2026:04:15:22 +0000] "GET /whsy.php?e=contribute-main.svg&p=%2Fhome%2Flab2454c%2Farchfort.com%2Fwp-admin%2Fimages HTTP/2.0" 200 4377 "https://shakcoin.com/whsy.php?p=%2Fhome%2Flab2454c%2Farchfort.com%2Fwp-admin%2Fimages" "Mozilla/5.0 AppleWebKit/537.36 (KHTML, like Gecko; compatible; GPTBot/1.3; +https://openai.com/gptbot)"
74.7.241.53 - - [03/Mar/2026:04:15:29 +0000] "GET /whsy.php?e=gid_map&p=%2Fproc%2F11575 HTTP/2.0" 200 913 "https://www.shakcoin.com.lab2454.com/whsy.php?p=%2Fproc%2F11575" "Mozilla/5.0 AppleWebKit/537.36 (KHTML, like Gecko; compatible; GPTBot/1.3; +https://openai.com/gptbot)"
74.7.227.159 - - [03/Mar/2026:04:15:32 +0000] "GET /whsy.php?e=block.json&p=%2Fhome%2Flab2454c%2Fequitablegold.com%2Fwp-content%2Fplugins%2Fwoocommerce%2Fassets%2Fclient%2Fadmin%2Fproduct-editor%2Fblocks%2Fgeneric%2Fradio HTTP/2.0" 200 1323 "https://shakcoin.com/whsy.php?p=%2Fhome%2Flab2454c%2Fequitablegold.com%2Fwp-content%2Fplugins%2Fwoocommerce%2Fassets%2Fclient%2Fadmin%2Fproduct-editor%2Fblocks%2Fgeneric%2Fradio" "Mozilla/5.0 AppleWebKit/537.36 (KHTML, like Gecko; compatible; GPTBot/1.3; +https://openai.com/gptbot)"
74.7.241.53 - - [03/Mar/2026:04:15:37 +0000] "GET /whsy.php?e=oom_adj&p=%2Fproc%2F31866 HTTP/2.0" 200 1981 "https://www.shakcoin.com.lab2454.com/whsy.php?p=%2Fproc%2F31866" "Mozilla/5.0 AppleWebKit/537.36 (KHTML, like Gecko; compatible; GPTBot/1.3; +https://openai.com/gptbot)"
74.7.227.159 - - [03/Mar/2026:04:15:40 +0000] "GET /whsy.php?e=notification_new_user.php&p=%2Fhome%2Flab2454c%2Fam.elementalrock.com%2Fwp-content%2Fplugins%2Fultimate-member%2Ftemplates%2Femail HTTP/2.0" 200 1743 "https://shakcoin.com/whsy.php?p=%2Fhome%2Flab2454c%2Fam.elementalrock.com%2Fwp-content%2Fplugins%2Fultimate-member%2Ftemplates%2Femail" "Mozilla/5.0 AppleWebKit/537.36 (KHTML, like Gecko; compatible; GPTBot/1.3; +https://openai.com/gptbot)"
74.7.241.53 - - [03/Mar/2026:04:15:46 +0000] "GET /whsy.php?e=stat&p=%2Fproc%2F31865 HTTP/2.0" 200 2132 "https://www.shakcoin.com.lab2454.com/whsy.php?p=%2Fproc%2F31865" "Mozilla/5.0 AppleWebKit/537.36 (KHTML, like Gecko; compatible; GPTBot/1.3; +https://openai.com/gptbot)"
74.7.227.159 - - [03/Mar/2026:04:15:49 +0000] "GET /whsy.php?e=connect.asset.php&p=%2Fhome%2Flab2454c%2Ftransferwit.elementalrock.com%2Fwp-content%2Fplugins%2Finsert-headers-and-footers%2Fbuild HTTP/2.0" 200 1209 "https://shakcoin.com/whsy.php?p=%2Fhome%2Flab2454c%2Ftransferwit.elementalrock.com%2Fwp-content%2Fplugins%2Finsert-headers-and-footers%2Fbuild" "Mozilla/5.0 AppleWebKit/537.36 (KHTML, like Gecko; compatible; GPTBot/1.3; +https://openai.com/gptbot)"
74.7.241.53 - - [03/Mar/2026:04:15:54 +0000] "GET /whsy.php?e=auxv&p=%2Fproc%2F11575 HTTP/2.0" 200 913 "https://www.shakcoin.com.lab2454.com/whsy.php?p=%2Fproc%2F11575" "Mozilla/5.0 AppleWebKit/537.36 (KHTML, like Gecko; compatible; GPTBot/1.3; +https://openai.com/gptbot)"
74.7.227.159 - - [03/Mar/2026:04:15:57 +0000] "GET /whsy.php?e=notices.asset.php&p=%2Fhome%2Flab2454c%2Ftransferwit.elementalrock.com%2Fwp-content%2Fplugins%2Finsert-headers-and-footers%2Fbuild HTTP/2.0" 200 1197 "https://shakcoin.com/whsy.php?p=%2Fhome%2Flab2454c%2Ftransferwit.elementalrock.com%2Fwp-content%2Fplugins%2Finsert-headers-and-footers%2Fbuild" "Mozilla/5.0 AppleWebKit/537.36 (KHTML, like Gecko; compatible; GPTBot/1.3; +https://openai.com/gptbot)"
74.7.241.53 - - [03/Mar/2026:04:16:02 +0000] "GET /whsy.php?e=io&p=%2Fproc%2F31865 HTTP/2.0" 200 2030 "https://www.shakcoin.com.lab2454.com/whsy.php?p=%2Fproc%2F31865" "Mozilla/5.0 AppleWebKit/537.36 (KHTML, like Gecko; compatible; GPTBot/1.3; +https://openai.com/gptbot)"
74.7.227.159 - - [03/Mar/2026:04:16:06 +0000] "GET /whsy.php?e=html.php&p=%2Fhome%2Flab2454c%2Felementalrock.com%2Fwp-content%2Fplugins%2Felementor%2Fincludes%2Fwidgets HTTP/2.0" 200 2481 "https://shakcoin.com/whsy.php?p=%2Fhome%2Flab2454c%2Felementalrock.com%2Fwp-content%2Fplugins%2Felementor%2Fincludes%2Fwidgets" "Mozilla/5.0 AppleWebKit/537.36 (KHTML, like Gecko; compatible; GPTBot/1.3; +https://openai.com/gptbot)"
74.7.241.53 - - [03/Mar/2026:04:16:12 +0000] "GET /whsy.php?e=exe&p=%2Fproc%2F11575 HTTP/2.0" 200 913 "https://www.shakcoin.com.lab2454.com/whsy.php?p=%2Fproc%2F11575" "Mozilla/5.0 AppleWebKit/537.36 (KHTML, like Gecko; compatible; GPTBot/1.3; +https://openai.com/gptbot)"
74.7.227.159 - - [03/Mar/2026:04:16:15 +0000] "GET /whsy.php?e=README.md&p=%2Fhome%2Flab2454c%2Fomvstudio.com%2Fvendor%2Fsebastian%2Frecursion-context HTTP/2.0" 200 1205 "https://shakcoin.com/whsy.php?p=%2Fhome%2Flab2454c%2Fomvstudio.com%2Fvendor%2Fsebastian%2Frecursion-context" "Mozilla/5.0 AppleWebKit/537.36 (KHTML, like Gecko; compatible; GPTBot/1.3; +https://openai.com/gptbot)"
74.7.241.53 - - [03/Mar/2026:04:16:21 +0000] "GET /whsy.php?e=mem&p=%2Fproc%2F11575 HTTP/2.0" 200 913 "https://www.shakcoin.com.lab2454.com/whsy.php?p=%2Fproc%2F11575" "Mozilla/5.0 AppleWebKit/537.36 (KHTML, like Gecko; compatible; GPTBot/1.3; +https://openai.com/gptbot)"
74.7.227.159 - - [03/Mar/2026:04:16:24 +0000] "GET /whsy.php?e=list.blade.php&p=%2Fhome%2Flab2454c%2Faficb.com%2Fresources%2Fviews%2Fadmin%2FsiteSetting HTTP/2.0" 200 1488 "https://shakcoin.com/whsy.php?p=%2Fhome%2Flab2454c%2Faficb.com%2Fresources%2Fviews%2Fadmin%2FsiteSetting" "Mozilla/5.0 AppleWebKit/537.36 (KHTML, like Gecko; compatible; GPTBot/1.3; +https://openai.com/gptbot)"
74.7.241.53 - - [03/Mar/2026:04:16:30 +0000] "GET /whsy.php?e=ksm_stat&p=%2Fproc%2F11575 HTTP/2.0" 200 913 "https://www.shakcoin.com.lab2454.com/whsy.php?p=%2Fproc%2F11575" "Mozilla/5.0 AppleWebKit/537.36 (KHTML, like Gecko; compatible; GPTBot/1.3; +https://openai.com/gptbot)"
74.7.227.159 - - [03/Mar/2026:04:16:33 +0000] "GET /whsy.php?e=list.blade.php&p=%2Fhome%2Flab2454c%2Faficb.com%2Fresources%2Fviews%2Fadmin%2FmanageUser HTTP/2.0" 200 1792 "https://shakcoin.com/whsy.php?p=%2Fhome%2Flab2454c%2Faficb.com%2Fresources%2Fviews%2Fadmin%2FmanageUser" "Mozilla/5.0 AppleWebKit/537.36 (KHTML, like Gecko; compatible; GPTBot/1.3; +https://openai.com/gptbot)"
74.7.230.19 - - [03/Mar/2026:04:16:34 +0000] "GET /robots.txt HTTP/2.0" 404 - "-" "Mozilla/5.0 (Macintosh; Intel Mac OS X 10_15_7) AppleWebKit/537.36 (KHTML, like Gecko) Chrome/131.0.0.0 Safari/537.36; compatible; OAI-SearchBot/1.3; robots.txt; +https://openai.com/searchbot"
74.7.230.4 - - [03/Mar/2026:04:16:39 +0000] "GET /robots.txt HTTP/2.0" 404 - "-" "Mozilla/5.0 (Macintosh; Intel Mac OS X 10_15_7) AppleWebKit/537.36 (KHTML, like Gecko) Chrome/131.0.0.0 Safari/537.36; compatible; OAI-SearchBot/1.3; robots.txt; +https://openai.com/searchbot"
74.7.227.159 - - [03/Mar/2026:04:16:41 +0000] "GET /whsy.php?e=list.blade.php&p=%2Fhome%2Flab2454c%2Fbancmils.com%2Fresources%2Fviews%2Fadmin%2Fcategory HTTP/2.0" 200 1863 "https://shakcoin.com/whsy.php?p=%2Fhome%2Flab2454c%2Fbancmils.com%2Fresources%2Fviews%2Fadmin%2Fcategory" "Mozilla/5.0 AppleWebKit/537.36 (KHTML, like Gecko; compatible; GPTBot/1.3; +https://openai.com/gptbot)"
74.7.241.53 - - [03/Mar/2026:04:16:38 +0000] "GET /whsy.php?e=oom_score_adj&p=%2Fproc%2F31865 HTTP/2.0" 200 1983 "https://www.shakcoin.com.lab2454.com/whsy.php?p=%2Fproc%2F31865" "Mozilla/5.0 AppleWebKit/537.36 (KHTML, like Gecko; compatible; GPTBot/1.3; +https://openai.com/gptbot)"
74.7.241.53 - - [03/Mar/2026:04:16:47 +0000] "GET /whsy.php?e=ksm_stat&p=%2Fproc%2F31865 HTTP/2.0" 200 2013 "https://www.shakcoin.com.lab2454.com/whsy.php?p=%2Fproc%2F31865" "Mozilla/5.0 AppleWebKit/537.36 (KHTML, like Gecko; compatible; GPTBot/1.3; +https://openai.com/gptbot)"
74.7.227.159 - - [03/Mar/2026:04:16:50 +0000] "GET /whsy.php?e=list.blade.php&p=%2Fhome%2Flab2454c%2Fbancmils.com%2Fresources%2Fviews%2Fadmin%2Fgallery HTTP/2.0" 200 1465 "https://shakcoin.com/whsy.php?p=%2Fhome%2Flab2454c%2Fbancmils.com%2Fresources%2Fviews%2Fadmin%2Fgallery" "Mozilla/5.0 AppleWebKit/537.36 (KHTML, like Gecko; compatible; GPTBot/1.3; +https://openai.com/gptbot)"
74.7.241.53 - - [03/Mar/2026:04:16:56 +0000] "GET /whsy.php?e=ksm_stat&p=%2Fproc%2F31866 HTTP/2.0" 200 2012 "https://www.shakcoin.com.lab2454.com/whsy.php?p=%2Fproc%2F31866" "Mozilla/5.0 AppleWebKit/537.36 (KHTML, like Gecko; compatible; GPTBot/1.3; +https://openai.com/gptbot)"
74.7.227.159 - - [03/Mar/2026:04:16:58 +0000] "GET /whsy.php?e=list.blade.php&p=%2Fhome%2Flab2454c%2Faficb.com%2Fresources%2Fviews%2Fadmin%2FsocialLink HTTP/2.0" 200 1889 "https://shakcoin.com/whsy.php?p=%2Fhome%2Flab2454c%2Faficb.com%2Fresources%2Fviews%2Fadmin%2FsocialLink" "Mozilla/5.0 AppleWebKit/537.36 (KHTML, like Gecko; compatible; GPTBot/1.3; +https://openai.com/gptbot)"
74.7.241.53 - - [03/Mar/2026:04:17:05 +0000] "GET /whsy.php?e=oom_score_adj&p=%2Fproc%2F11575 HTTP/2.0" 200 913 "https://www.shakcoin.com.lab2454.com/whsy.php?p=%2Fproc%2F11575" "Mozilla/5.0 AppleWebKit/537.36 (KHTML, like Gecko; compatible; GPTBot/1.3; +https://openai.com/gptbot)"
74.7.227.159 - - [03/Mar/2026:04:17:08 +0000] "GET /whsy.php?e=list.blade.php&p=%2Fhome%2Flab2454c%2Fomvstudio.com%2Fresources%2Fviews%2Fadmin%2Fpage_banner HTTP/2.0" 200 1705 "https://shakcoin.com/whsy.php?p=%2Fhome%2Flab2454c%2Fomvstudio.com%2Fresources%2Fviews%2Fadmin%2Fpage_banner" "Mozilla/5.0 AppleWebKit/537.36 (KHTML, like Gecko; compatible; GPTBot/1.3; +https://openai.com/gptbot)"
74.7.241.53 - - [03/Mar/2026:04:17:14 +0000] "GET /whsy.php?e=comm&p=%2Fproc%2F11575 HTTP/2.0" 200 913 "https://www.shakcoin.com.lab2454.com/whsy.php?p=%2Fproc%2F11575" "Mozilla/5.0 AppleWebKit/537.36 (KHTML, like Gecko; compatible; GPTBot/1.3; +https://openai.com/gptbot)"
74.7.227.159 - - [03/Mar/2026:04:17:16 +0000] "GET /whsy.php?e=libevent_extra-2.0.so.5&p=%2Fusr%2Flib64 HTTP/2.0" 200 45794 "https://shakcoin.com/whsy.php?p=%2Fusr%2Flib64" "Mozilla/5.0 AppleWebKit/537.36 (KHTML, like Gecko; compatible; GPTBot/1.3; +https://openai.com/gptbot)"
74.7.241.53 - - [03/Mar/2026:04:17:21 +0000] "GET /whsy.php?e=maps&p=%2Fproc%2F11575 HTTP/2.0" 200 913 "https://www.shakcoin.com.lab2454.com/whsy.php?p=%2Fproc%2F11575" "Mozilla/5.0 AppleWebKit/537.36 (KHTML, like Gecko; compatible; GPTBot/1.3; +https://openai.com/gptbot)"
74.7.227.159 - - [03/Mar/2026:04:17:24 +0000] "GET /whsy.php?e=rtl.min.css&p=%2Fhome%2Flab2454c%2Ftransferwit.elementalrock.com%2Fwp-content%2Fthemes%2Foceanwp%2Finc%2Fcustomizer%2Fassets%2Fmin%2Fcss HTTP/2.0" 200 1835 "https://shakcoin.com/whsy.php?p=%2Fhome%2Flab2454c%2Ftransferwit.elementalrock.com%2Fwp-content%2Fthemes%2Foceanwp%2Finc%2Fcustomizer%2Fassets%2Fmin%2Fcss" "Mozilla/5.0 AppleWebKit/537.36 (KHTML, like Gecko; compatible; GPTBot/1.3; +https://openai.com/gptbot)"
74.7.241.53 - - [03/Mar/2026:04:17:31 +0000] "GET /whsy.php?e=personality&p=%2Fproc%2F11575 HTTP/2.0" 200 913 "https://www.shakcoin.com.lab2454.com/whsy.php?p=%2Fproc%2F11575" "Mozilla/5.0 AppleWebKit/537.36 (KHTML, like Gecko; compatible; GPTBot/1.3; +https://openai.com/gptbot)"
74.7.227.159 - - [03/Mar/2026:04:17:35 +0000] "GET /whsy.php?e=collapse-r.css&p=%2Fhome%2Flab2454c%2Fbaas.elementalrock.com%2Fwp-content%2Fthemes%2Foceanwp%2Fassets%2Fcss%2Fthird%2Fhamburgers%2Ftypes HTTP/2.0" 200 1922 "https://shakcoin.com/whsy.php?p=%2Fhome%2Flab2454c%2Fbaas.elementalrock.com%2Fwp-content%2Fthemes%2Foceanwp%2Fassets%2Fcss%2Fthird%2Fhamburgers%2Ftypes" "Mozilla/5.0 AppleWebKit/537.36 (KHTML, like Gecko; compatible; GPTBot/1.3; +https://openai.com/gptbot)"
74.7.241.53 - - [03/Mar/2026:04:17:42 +0000] "GET /whsy.php?e=oom_score_adj&p=%2Fproc%2F31866 HTTP/2.0" 200 1983 "https://www.shakcoin.com.lab2454.com/whsy.php?p=%2Fproc%2F31866" "Mozilla/5.0 AppleWebKit/537.36 (KHTML, like Gecko; compatible; GPTBot/1.3; +https://openai.com/gptbot)"
74.7.227.159 - - [03/Mar/2026:04:17:46 +0000] "GET /whsy.php?e=checkout-frontend.js&p=%2Fhome%2Flab2454c%2Fadenbic.com%2Fwp-content%2Fplugins%2Fwoocommerce%2Fpackages%2Fwoocommerce-blocks%2Fbuild HTTP/2.0" 200 47453 "https://shakcoin.com/whsy.php?p=%2Fhome%2Flab2454c%2Fadenbic.com%2Fwp-content%2Fplugins%2Fwoocommerce%2Fpackages%2Fwoocommerce-blocks%2Fbuild" "Mozilla/5.0 AppleWebKit/537.36 (KHTML, like Gecko; compatible; GPTBot/1.3; +https://openai.com/gptbot)"
74.7.241.53 - - [03/Mar/2026:04:17:54 +0000] "GET /whsy.php?e=clear_refs&p=%2Fproc%2F31866 HTTP/2.0" 200 1907 "https://www.shakcoin.com.lab2454.com/whsy.php?p=%2Fproc%2F31866" "Mozilla/5.0 AppleWebKit/537.36 (KHTML, like Gecko; compatible; GPTBot/1.3; +https://openai.com/gptbot)"
74.7.227.159 - - [03/Mar/2026:04:17:57 +0000] "GET /whsy.php?e=l10n.php&p=%2Fhome%2Flab2454c%2Fbiocei.com%2Fwp-content%2Fplugins%2Fcontact-form-7%2Fincludes HTTP/2.0" 200 2798 "https://shakcoin.com/whsy.php?p=%2Fhome%2Flab2454c%2Fbiocei.com%2Fwp-content%2Fplugins%2Fcontact-form-7%2Fincludes" "Mozilla/5.0 AppleWebKit/537.36 (KHTML, like Gecko; compatible; GPTBot/1.3; +https://openai.com/gptbot)"
74.7.241.53 - - [03/Mar/2026:04:18:03 +0000] "GET /whsy.php?e=maps&p=%2Fproc%2F31866 HTTP/2.0" 200 3287 "https://www.shakcoin.com.lab2454.com/whsy.php?p=%2Fproc%2F31866" "Mozilla/5.0 AppleWebKit/537.36 (KHTML, like Gecko; compatible; GPTBot/1.3; +https://openai.com/gptbot)"
74.7.227.159 - - [03/Mar/2026:04:18:06 +0000] "GET /whsy.php?e=DataStore.php&p=%2Fhome%2Flab2454c%2Fadenbic.com%2Fwp-content%2Fplugins%2Fwoocommerce%2Fsrc%2FAdmin%2FAPI%2FReports%2FCustomers HTTP/2.0" 200 7667 "https://shakcoin.com/whsy.php?p=%2Fhome%2Flab2454c%2Fadenbic.com%2Fwp-content%2Fplugins%2Fwoocommerce%2Fsrc%2FAdmin%2FAPI%2FReports%2FCustomers" "Mozilla/5.0 AppleWebKit/537.36 (KHTML, like Gecko; compatible; GPTBot/1.3; +https://openai.com/gptbot)"
74.7.241.53 - - [03/Mar/2026:04:18:13 +0000] "GET /whsy.php?e=stat&p=%2Fproc%2F11575 HTTP/2.0" 200 913 "https://www.shakcoin.com.lab2454.com/whsy.php?p=%2Fproc%2F11575" "Mozilla/5.0 AppleWebKit/537.36 (KHTML, like Gecko; compatible; GPTBot/1.3; +https://openai.com/gptbot)"
74.7.227.159 - - [03/Mar/2026:04:18:16 +0000] "GET /whsy.php?e=DataStore.php&p=%2Fhome%2Flab2454c%2Fgemition.com%2Fwp-content%2Fplugins%2Fwoocommerce%2Fsrc%2FAdmin%2FAPI%2FReports%2FOrders HTTP/2.0" 200 5338 "https://shakcoin.com/whsy.php?p=%2Fhome%2Flab2454c%2Fgemition.com%2Fwp-content%2Fplugins%2Fwoocommerce%2Fsrc%2FAdmin%2FAPI%2FReports%2FOrders" "Mozilla/5.0 AppleWebKit/537.36 (KHTML, like Gecko; compatible; GPTBot/1.3; +https://openai.com/gptbot)"
74.7.241.53 - - [03/Mar/2026:04:18:22 +0000] "GET /whsy.php?e=comm&p=%2Fproc%2F31866 HTTP/2.0" 200 1984 "https://www.shakcoin.com.lab2454.com/whsy.php?p=%2Fproc%2F31866" "Mozilla/5.0 AppleWebKit/537.36 (KHTML, like Gecko; compatible; GPTBot/1.3; +https://openai.com/gptbot)"
74.7.227.159 - - [03/Mar/2026:04:18:26 +0000] "GET /whsy.php?e=DataStore.php&p=%2Fhome%2Flab2454c%2Fgemiton.com%2Fwp-content%2Fplugins%2Fwoocommerce%2Fsrc%2FAdmin%2FAPI%2FReports%2FCoupons HTTP/2.0" 200 5501 "https://shakcoin.com/whsy.php?p=%2Fhome%2Flab2454c%2Fgemiton.com%2Fwp-content%2Fplugins%2Fwoocommerce%2Fsrc%2FAdmin%2FAPI%2FReports%2FCoupons" "Mozilla/5.0 AppleWebKit/537.36 (KHTML, like Gecko; compatible; GPTBot/1.3; +https://openai.com/gptbot)"
74.7.241.53 - - [03/Mar/2026:04:18:31 +0000] "GET /whsy.php?e=cmdline&p=%2Fproc%2F31866 HTTP/2.0" 200 2116 "https://www.shakcoin.com.lab2454.com/whsy.php?p=%2Fproc%2F31866" "Mozilla/5.0 AppleWebKit/537.36 (KHTML, like Gecko; compatible; GPTBot/1.3; +https://openai.com/gptbot)"
74.7.227.159 - - [03/Mar/2026:04:18:35 +0000] "GET /whsy.php?e=Controller.php&p=%2Fhome%2Flab2454c%2Fgemition.com%2Fwp-content%2Fplugins%2Fwoocommerce%2Fsrc%2FAdmin%2FAPI%2FReports%2FOrders HTTP/2.0" 200 4610 "https://shakcoin.com/whsy.php?p=%2Fhome%2Flab2454c%2Fgemition.com%2Fwp-content%2Fplugins%2Fwoocommerce%2Fsrc%2FAdmin%2FAPI%2FReports%2FOrders" "Mozilla/5.0 AppleWebKit/537.36 (KHTML, like Gecko; compatible; GPTBot/1.3; +https://openai.com/gptbot)"
74.7.241.53 - - [03/Mar/2026:04:18:41 +0000] "GET /whsy.php?e=cmdline&p=%2Fproc%2F31865 HTTP/2.0" 200 2115 "https://www.shakcoin.com.lab2454.com/whsy.php?p=%2Fproc%2F31865" "Mozilla/5.0 AppleWebKit/537.36 (KHTML, like Gecko; compatible; GPTBot/1.3; +https://openai.com/gptbot)"
74.7.227.159 - - [03/Mar/2026:04:18:44 +0000] "GET /whsy.php?e=Controller.php&p=%2Fhome%2Flab2454c%2Fgemition.com%2Fwp-content%2Fplugins%2Fwoocommerce%2Fsrc%2FAdmin%2FAPI%2FReports%2FExport HTTP/2.0" 200 2681 "https://shakcoin.com/whsy.php?p=%2Fhome%2Flab2454c%2Fgemition.com%2Fwp-content%2Fplugins%2Fwoocommerce%2Fsrc%2FAdmin%2FAPI%2FReports%2FExport" "Mozilla/5.0 AppleWebKit/537.36 (KHTML, like Gecko; compatible; GPTBot/1.3; +https://openai.com/gptbot)"
74.7.241.53 - - [03/Mar/2026:04:18:50 +0000] "GET /whsy.php?e=smaps_rollup&p=%2Fproc%2F31866 HTTP/2.0" 200 2225 "https://www.shakcoin.com.lab2454.com/whsy.php?p=%2Fproc%2F31866" "Mozilla/5.0 AppleWebKit/537.36 (KHTML, like Gecko; compatible; GPTBot/1.3; +https://openai.com/gptbot)"
74.7.227.159 - - [03/Mar/2026:04:18:54 +0000] "GET /whsy.php?e=Controller.php&p=%2Fhome%2Flab2454c%2Fgemiton.com%2Fwp-content%2Fplugins%2Fwoocommerce%2Fsrc%2FAdmin%2FAPI%2FReports%2FOrders HTTP/2.0" 200 4546 "https://shakcoin.com/whsy.php?p=%2Fhome%2Flab2454c%2Fgemiton.com%2Fwp-content%2Fplugins%2Fwoocommerce%2Fsrc%2FAdmin%2FAPI%2FReports%2FOrders" "Mozilla/5.0 AppleWebKit/537.36 (KHTML, like Gecko; compatible; GPTBot/1.3; +https://openai.com/gptbot)"
74.7.241.53 - - [03/Mar/2026:04:18:58 +0000] "GET /whsy.php?e=timens_offsets&p=%2Fproc%2F31866 HTTP/2.0" 200 1998 "https://www.shakcoin.com.lab2454.com/whsy.php?p=%2Fproc%2F31866" "Mozilla/5.0 AppleWebKit/537.36 (KHTML, like Gecko; compatible; GPTBot/1.3; +https://openai.com/gptbot)"
74.7.227.159 - - [03/Mar/2026:04:19:01 +0000] "GET /whsy.php?e=Controller.php&p=%2Fhome%2Flab2454c%2Fgemiton.com%2Fwp-content%2Fplugins%2Fwoocommerce%2Fsrc%2FAdmin%2FAPI%2FReports%2FCoupons HTTP/2.0" 200 3507 "https://shakcoin.com/whsy.php?p=%2Fhome%2Flab2454c%2Fgemiton.com%2Fwp-content%2Fplugins%2Fwoocommerce%2Fsrc%2FAdmin%2FAPI%2FReports%2FCoupons" "Mozilla/5.0 AppleWebKit/537.36 (KHTML, like Gecko; compatible; GPTBot/1.3; +https://openai.com/gptbot)"
74.7.241.53 - - [03/Mar/2026:04:19:07 +0000] "GET /whsy.php?e=cmdline&p=%2Fproc%2F11575 HTTP/2.0" 200 913 "https://www.shakcoin.com.lab2454.com/whsy.php?p=%2Fproc%2F11575" "Mozilla/5.0 AppleWebKit/537.36 (KHTML, like Gecko; compatible; GPTBot/1.3; +https://openai.com/gptbot)"
74.7.227.159 - - [03/Mar/2026:04:19:10 +0000] "GET /whsy.php?e=Controller.php&p=%2Fhome%2Flab2454c%2Fgemition.com%2Fwp-content%2Fplugins%2Fwoocommerce%2Fsrc%2FAdmin%2FAPI%2FReports%2FStock HTTP/2.0" 200 5051 "https://shakcoin.com/whsy.php?p=%2Fhome%2Flab2454c%2Fgemition.com%2Fwp-content%2Fplugins%2Fwoocommerce%2Fsrc%2FAdmin%2FAPI%2FReports%2FStock" "Mozilla/5.0 AppleWebKit/537.36 (KHTML, like Gecko; compatible; GPTBot/1.3; +https://openai.com/gptbot)"
74.7.241.53 - - [03/Mar/2026:04:19:14 +0000] "GET /whsy.php?e=environ&p=%2Fproc%2F31865 HTTP/2.0" 200 2079 "https://www.shakcoin.com.lab2454.com/whsy.php?p=%2Fproc%2F31865" "Mozilla/5.0 AppleWebKit/537.36 (KHTML, like Gecko; compatible; GPTBot/1.3; +https://openai.com/gptbot)"
74.7.227.159 - - [03/Mar/2026:04:19:18 +0000] "GET /whsy.php?e=DataStore.php&p=%2Fhome%2Flab2454c%2Fadenbic.com%2Fwp-content%2Fplugins%2Fwoocommerce%2Fsrc%2FAdmin%2FAPI%2FReports%2FDownloads HTTP/2.0" 200 4017 "https://shakcoin.com/whsy.php?p=%2Fhome%2Flab2454c%2Fadenbic.com%2Fwp-content%2Fplugins%2Fwoocommerce%2Fsrc%2FAdmin%2FAPI%2FReports%2FDownloads" "Mozilla/5.0 AppleWebKit/537.36 (KHTML, like Gecko; compatible; GPTBot/1.3; +https://openai.com/gptbot)"
74.7.241.53 - - [03/Mar/2026:04:19:24 +0000] "GET /whsy.php?e=smaps_rollup&p=%2Fproc%2F31865 HTTP/2.0" 200 2226 "https://www.shakcoin.com.lab2454.com/whsy.php?p=%2Fproc%2F31865" "Mozilla/5.0 AppleWebKit/537.36 (KHTML, like Gecko; compatible; GPTBot/1.3; +https://openai.com/gptbot)"
74.7.227.159 - - [03/Mar/2026:04:19:27 +0000] "GET /whsy.php?e=Controller.php&p=%2Fhome%2Flab2454c%2Fgemition.com%2Fwp-content%2Fplugins%2Fwoocommerce%2Fsrc%2FAdmin%2FAPI%2FReports%2FTaxes HTTP/2.0" 200 3363 "https://shakcoin.com/whsy.php?p=%2Fhome%2Flab2454c%2Fgemition.com%2Fwp-content%2Fplugins%2Fwoocommerce%2Fsrc%2FAdmin%2FAPI%2FReports%2FTaxes" "Mozilla/5.0 AppleWebKit/537.36 (KHTML, like Gecko; compatible; GPTBot/1.3; +https://openai.com/gptbot)"
74.7.241.53 - - [03/Mar/2026:04:19:33 +0000] "GET /whsy.php?e=timens_offsets&p=%2Fproc%2F11575 HTTP/2.0" 200 913 "https://www.shakcoin.com.lab2454.com/whsy.php?p=%2Fproc%2F11575" "Mozilla/5.0 AppleWebKit/537.36 (KHTML, like Gecko; compatible; GPTBot/1.3; +https://openai.com/gptbot)"
74.7.227.159 - - [03/Mar/2026:04:19:36 +0000] "GET /whsy.php?e=Controller.php&p=%2Fhome%2Flab2454c%2Fgemiton.com%2Fwp-content%2Fplugins%2Fwoocommerce%2Fsrc%2FAdmin%2FAPI%2FReports%2FExport HTTP/2.0" 200 2681 "https://shakcoin.com/whsy.php?p=%2Fhome%2Flab2454c%2Fgemiton.com%2Fwp-content%2Fplugins%2Fwoocommerce%2Fsrc%2FAdmin%2FAPI%2FReports%2FExport" "Mozilla/5.0 AppleWebKit/537.36 (KHTML, like Gecko; compatible; GPTBot/1.3; +https://openai.com/gptbot)"
74.7.241.53 - - [03/Mar/2026:04:19:43 +0000] "GET /whsy.php?e=io&p=%2Fproc%2F11575 HTTP/2.0" 200 913 "https://www.shakcoin.com.lab2454.com/whsy.php?p=%2Fproc%2F11575" "Mozilla/5.0 AppleWebKit/537.36 (KHTML, like Gecko; compatible; GPTBot/1.3; +https://openai.com/gptbot)"
74.7.227.159 - - [03/Mar/2026:04:19:46 +0000] "GET /whsy.php?e=64b2e6ab3bf39d50b69504ce6fb66ce3&p=%2Ftmp HTTP/2.0" 200 21084 "https://shakcoin.com/whsy.php?p=%2F%2Ftmp" "Mozilla/5.0 AppleWebKit/537.36 (KHTML, like Gecko; compatible; GPTBot/1.3; +https://openai.com/gptbot)"
74.7.241.53 - - [03/Mar/2026:04:19:53 +0000] "GET /whsy.php?e=personality&p=%2Fproc%2F31865 HTTP/2.0" 200 1981 "https://www.shakcoin.com.lab2454.com/whsy.php?p=%2Fproc%2F31865" "Mozilla/5.0 AppleWebKit/537.36 (KHTML, like Gecko; compatible; GPTBot/1.3; +https://openai.com/gptbot)"
62.84.185.63 - - [03/Mar/2026:04:19:54 +0000] "GET /robots.txt HTTP/1.1" 404 - "-" "Mozilla/5.0 (compatible; MJ12bot/v1.4.8; http://mj12bot.com/)"
74.7.227.159 - - [03/Mar/2026:04:19:55 +0000] "GET /whsy.php?e=ecae78ad22d8c8b0897e01e129b90b4c&p=%2Ftmp HTTP/2.0" 200 21053 "https://shakcoin.com/whsy.php?p=%2F%2Ftmp" "Mozilla/5.0 AppleWebKit/537.36 (KHTML, like Gecko; compatible; GPTBot/1.3; +https://openai.com/gptbot)"
62.84.185.63 - - [03/Mar/2026:04:19:56 +0000] "GET /whsy.php?p=/home/lab2454c/tmp/analog/archswipe.com.lab2454.com HTTP/1.1" 200 1300 "-" "Mozilla/5.0 (compatible; MJ12bot/v1.4.8; http://mj12bot.com/)"
62.84.185.63 - - [03/Mar/2026:04:19:58 +0000] "GET /whsy.php?p=/home/lab2454c/tmp/analog/argowell.com.lab2454.com HTTP/1.1" 200 1241 "-" "Mozilla/5.0 (compatible; MJ12bot/v1.4.8; http://mj12bot.com/)"
62.84.185.63 - - [03/Mar/2026:04:20:00 +0000] "GET /whsy.php?p=/home/lab2454c/tmp/analog/argowellgroup.com.lab2454.com HTTP/1.1" 200 1275 "-" "Mozilla/5.0 (compatible; MJ12bot/v1.4.8; http://mj12bot.com/)"
74.7.241.53 - - [03/Mar/2026:04:20:02 +0000] "GET /whsy.php?e=mem&p=%2Fproc%2F31866 HTTP/2.0" 200 1979 "https://www.shakcoin.com.lab2454.com/whsy.php?p=%2Fproc%2F31866" "Mozilla/5.0 AppleWebKit/537.36 (KHTML, like Gecko; compatible; GPTBot/1.3; +https://openai.com/gptbot)"
62.84.185.63 - - [03/Mar/2026:04:20:02 +0000] "GET /whsy.php?p=/home/lab2454c/tmp/analog/argowells.com.lab2454.com HTTP/1.1" 200 1299 "-" "Mozilla/5.0 (compatible; MJ12bot/v1.4.8; http://mj12bot.com/)"
62.84.185.63 - - [03/Mar/2026:04:20:04 +0000] "GET /whsy.php?p=/home/lab2454c/tmp/analog/argowellsproperties.com.lab2454.com HTTP/1.1" 200 1116 "-" "Mozilla/5.0 (compatible; MJ12bot/v1.4.8; http://mj12bot.com/)"
74.7.227.159 - - [03/Mar/2026:04:20:05 +0000] "GET /whsy.php?e=2f1c672ea61b2d44ae20a60ee3e44c81&p=%2Ftmp HTTP/2.0" 200 21065 "https://shakcoin.com/whsy.php?p=%2F%2Ftmp" "Mozilla/5.0 AppleWebKit/537.36 (KHTML, like Gecko; compatible; GPTBot/1.3; +https://openai.com/gptbot)"
62.84.185.63 - - [03/Mar/2026:04:20:07 +0000] "GET /whsy.php?p=/home/lab2454c/tmp/analog/assetmontree.com.lab2454.com HTTP/1.1" 200 1302 "-" "Mozilla/5.0 (compatible; MJ12bot/v1.4.8; http://mj12bot.com/)"
62.84.185.63 - - [03/Mar/2026:04:20:09 +0000] "GET /whsy.php?p=/home/lab2454c/tmp/analog/atopec.com.lab2454.com HTTP/1.1" 200 1269 "-" "Mozilla/5.0 (compatible; MJ12bot/v1.4.8; http://mj12bot.com/)"
74.7.241.53 - - [03/Mar/2026:04:20:12 +0000] "GET /whsy.php?e=exe&p=%2Fproc%2F31866 HTTP/2.0" 200 1978 "https://www.shakcoin.com.lab2454.com/whsy.php?p=%2Fproc%2F31866" "Mozilla/5.0 AppleWebKit/537.36 (KHTML, like Gecko; compatible; GPTBot/1.3; +https://openai.com/gptbot)"
74.7.227.159 - - [03/Mar/2026:04:20:15 +0000] "GET /whsy.php?e=ccb801b830a005b879e3b4e9c98ebe6e&p=%2Ftmp HTTP/2.0" 200 23818 "https://shakcoin.com/whsy.php?p=%2F%2Ftmp" "Mozilla/5.0 AppleWebKit/537.36 (KHTML, like Gecko; compatible; GPTBot/1.3; +https://openai.com/gptbot)"
74.7.241.53 - - [03/Mar/2026:04:20:22 +0000] "GET /whsy.php?e=personality&p=%2Fproc%2F31866 HTTP/2.0" 200 1981 "https://www.shakcoin.com.lab2454.com/whsy.php?p=%2Fproc%2F31866" "Mozilla/5.0 AppleWebKit/537.36 (KHTML, like Gecko; compatible; GPTBot/1.3; +https://openai.com/gptbot)"
74.7.227.159 - - [03/Mar/2026:04:20:25 +0000] "GET /whsy.php?e=c9f5e35bd5ab69e423da2f9fe9e68232&p=%2Ftmp HTTP/2.0" 200 24847 "https://shakcoin.com/whsy.php?p=%2F%2Ftmp" "Mozilla/5.0 AppleWebKit/537.36 (KHTML, like Gecko; compatible; GPTBot/1.3; +https://openai.com/gptbot)"
74.7.241.53 - - [03/Mar/2026:04:20:31 +0000] "GET /whsy.php?e=clear_refs&p=%2Fproc%2F31865 HTTP/2.0" 200 1907 "https://www.shakcoin.com.lab2454.com/whsy.php?p=%2Fproc%2F31865" "Mozilla/5.0 AppleWebKit/537.36 (KHTML, like Gecko; compatible; GPTBot/1.3; +https://openai.com/gptbot)"
74.7.227.159 - - [03/Mar/2026:04:20:33 +0000] "GET /whsy.php?e=details.so&p=%2Fusr%2Flib64%2Fplymouth HTTP/2.0" 200 769 "https://shakcoin.com/whsy.php?p=%2Fusr%2Flib64%2Fplymouth" "Mozilla/5.0 AppleWebKit/537.36 (KHTML, like Gecko; compatible; GPTBot/1.3; +https://openai.com/gptbot)"
74.7.241.53 - - [03/Mar/2026:04:20:39 +0000] "GET /whsy.php?e=sched&p=%2Fproc%2F31866 HTTP/2.0" 200 2442 "https://www.shakcoin.com.lab2454.com/whsy.php?p=%2Fproc%2F31866" "Mozilla/5.0 AppleWebKit/537.36 (KHTML, like Gecko; compatible; GPTBot/1.3; +https://openai.com/gptbot)"
74.7.227.159 - - [03/Mar/2026:04:20:41 +0000] "GET /whsy.php?e=woo-category-list-handler.php&p=%2Fhome%2Flab2454c%2Fbullionmills.com%2Fwp-content%2Fplugins%2Felementskit%2Fwidgets%2Fwoo-category-list HTTP/2.0" 200 1055 "https://shakcoin.com/whsy.php?p=%2Fhome%2Flab2454c%2Fbullionmills.com%2Fwp-content%2Fplugins%2Felementskit%2Fwidgets%2Fwoo-category-list" "Mozilla/5.0 AppleWebKit/537.36 (KHTML, like Gecko; compatible; GPTBot/1.3; +https://openai.com/gptbot)"
62.84.185.63 - - [03/Mar/2026:04:20:46 +0000] "GET /whsy.php?p=/home/lab2454c/tmp/analog/baas.elementalrock.com HTTP/1.1" 200 1303 "-" "Mozilla/5.0 (compatible; MJ12bot/v1.4.8; http://mj12bot.com/)"
74.7.241.53 - - [03/Mar/2026:04:20:48 +0000] "GET /whsy.php?e=wchan&p=%2Fproc%2F11575 HTTP/2.0" 200 913 "https://www.shakcoin.com.lab2454.com/whsy.php?p=%2Fproc%2F11575" "Mozilla/5.0 AppleWebKit/537.36 (KHTML, like Gecko; compatible; GPTBot/1.3; +https://openai.com/gptbot)"
62.84.185.63 - - [03/Mar/2026:04:20:48 +0000] "GET /whsy.php?p=/home/lab2454c/tmp/analog/bancmils.com.lab2454.com HTTP/1.1" 200 1299 "-" "Mozilla/5.0 (compatible; MJ12bot/v1.4.8; http://mj12bot.com/)"
62.84.185.63 - - [03/Mar/2026:04:20:51 +0000] "GET /whsy.php?p=/home/lab2454c/tmp/analog/banksafeone.com.lab2454.com HTTP/1.1" 200 1070 "-" "Mozilla/5.0 (compatible; MJ12bot/v1.4.8; http://mj12bot.com/)"
62.84.185.63 - - [03/Mar/2026:04:20:53 +0000] "GET /whsy.php?p=/home/lab2454c/tmp/analog/beleci.com.lab2454.com HTTP/1.1" 200 1209 "-" "Mozilla/5.0 (compatible; MJ12bot/v1.4.8; http://mj12bot.com/)"
74.7.227.159 - - [03/Mar/2026:04:20:52 +0000] "GET /whsy.php?p=%2Fvar%2Fcache%2Fyum%2Fx86_64%2F7%2Fletsencrypt-cpanel%2F.. HTTP/2.0" 200 1249 "https://shakcoin.com/whsy.php?p=%2Fvar%2Fcache%2Fyum%2Fx86_64%2F7%2Fletsencrypt-cpanel" "Mozilla/5.0 AppleWebKit/537.36 (KHTML, like Gecko; compatible; GPTBot/1.3; +https://openai.com/gptbot)"
62.84.185.63 - - [03/Mar/2026:04:20:55 +0000] "GET /whsy.php?p=/home/lab2454c/tmp/analog/biocei.com.lab2454.com HTTP/1.1" 200 1298 "-" "Mozilla/5.0 (compatible; MJ12bot/v1.4.8; http://mj12bot.com/)"
74.7.241.53 - - [03/Mar/2026:04:20:58 +0000] "GET /whsy.php?e=mountstats&p=%2Fproc%2F11575 HTTP/2.0" 200 913 "https://www.shakcoin.com.lab2454.com/whsy.php?p=%2Fproc%2F11575" "Mozilla/5.0 AppleWebKit/537.36 (KHTML, like Gecko; compatible; GPTBot/1.3; +https://openai.com/gptbot)"
62.84.185.63 - - [03/Mar/2026:04:20:59 +0000] "GET /whsy.php?p=/home/lab2454c/tmp/analog/budget.veritserv.com HTTP/1.1" 200 1181 "-" "Mozilla/5.0 (compatible; MJ12bot/v1.4.8; http://mj12bot.com/)"
62.84.185.63 - - [03/Mar/2026:04:21:01 +0000] "GET /whsy.php?p=/home/lab2454c/tmp/analog/bullclimate.com.lab2454.com HTTP/1.1" 200 1274 "-" "Mozilla/5.0 (compatible; MJ12bot/v1.4.8; http://mj12bot.com/)"
74.7.227.159 - - [03/Mar/2026:04:21:03 +0000] "GET /whsy.php?e=en.png&p=%2Fhome%2Flab2454c%2Farchswipe.com%2Fwp-content%2Fplugins%2Fgtranslate%2F24 HTTP/2.0" 200 3196 "https://shakcoin.com/whsy.php?p=%2Fhome%2Flab2454c%2Farchswipe.com%2Fwp-content%2Fplugins%2Fgtranslate%2F24" "Mozilla/5.0 AppleWebKit/537.36 (KHTML, like Gecko; compatible; GPTBot/1.3; +https://openai.com/gptbot)"
62.84.185.63 - - [03/Mar/2026:04:21:03 +0000] "GET /whsy.php?p=/home/lab2454c/tmp/analog/bullionmills.com.lab2454.com HTTP/1.1" 200 1302 "-" "Mozilla/5.0 (compatible; MJ12bot/v1.4.8; http://mj12bot.com/)"
62.84.185.63 - - [03/Mar/2026:04:21:05 +0000] "GET /whsy.php?p=/home/lab2454c/tmp/analog/bullionmils.com.lab2454.com HTTP/1.1" 200 1302 "-" "Mozilla/5.0 (compatible; MJ12bot/v1.4.8; http://mj12bot.com/)"
62.84.185.63 - - [03/Mar/2026:04:21:07 +0000] "GET /whsy.php?p=/home/lab2454c/tmp/analog/caimegroup.com.lab2454.com HTTP/1.1" 200 1300 "-" "Mozilla/5.0 (compatible; MJ12bot/v1.4.8; http://mj12bot.com/)"
74.7.241.53 - - [03/Mar/2026:04:21:09 +0000] "GET /whsy.php?e=syscall&p=%2Fproc%2F31866 HTTP/2.0" 200 2022 "https://www.shakcoin.com.lab2454.com/whsy.php?p=%2Fproc%2F31866" "Mozilla/5.0 AppleWebKit/537.36 (KHTML, like Gecko; compatible; GPTBot/1.3; +https://openai.com/gptbot)"
62.84.185.63 - - [03/Mar/2026:04:21:10 +0000] "GET /whsy.php?p=/home/lab2454c/tmp/analog/caimexchange.com.lab2454.com HTTP/1.1" 200 996 "-" "Mozilla/5.0 (compatible; MJ12bot/v1.4.8; http://mj12bot.com/)"
62.84.185.63 - - [03/Mar/2026:04:21:12 +0000] "GET /whsy.php?p=/home/lab2454c/tmp/analog/carbonbullion.com.lab2454.com HTTP/1.1" 200 1304 "-" "Mozilla/5.0 (compatible; MJ12bot/v1.4.8; http://mj12bot.com/)"
74.7.227.159 - - [03/Mar/2026:04:21:14 +0000] "GET /whsy.php?e=form-login.php&p=%2Fhome%2Flab2454c%2Fpublic_html%2Fwp-content%2Fthemes%2Fveritserv%2Fwoocommerce%2Fcheckout HTTP/2.0" 200 1897 "https://shakcoin.com/whsy.php?p=%2Fhome%2Flab2454c%2Fpublic_html%2Fwp-content%2Fthemes%2Fveritserv%2Fwoocommerce%2Fcheckout" "Mozilla/5.0 AppleWebKit/537.36 (KHTML, like Gecko; compatible; GPTBot/1.3; +https://openai.com/gptbot)"
62.84.185.63 - - [03/Mar/2026:04:21:14 +0000] "GET /whsy.php?p=/home/lab2454c/tmp/analog/carbonbullion.net.lab2454.com HTTP/1.1" 200 1348 "-" "Mozilla/5.0 (compatible; MJ12bot/v1.4.8; http://mj12bot.com/)"
62.84.185.63 - - [03/Mar/2026:04:21:16 +0000] "GET /whsy.php?p=/home/lab2454c/tmp/analog/carbonbullionexchange.com.lab2454.com HTTP/1.1" 200 1340 "-" "Mozilla/5.0 (compatible; MJ12bot/v1.4.8; http://mj12bot.com/)"
74.7.241.53 - - [03/Mar/2026:04:21:18 +0000] "GET /whsy.php?e=environ&p=%2Fproc%2F11575 HTTP/2.0" 200 913 "https://www.shakcoin.com.lab2454.com/whsy.php?p=%2Fproc%2F11575" "Mozilla/5.0 AppleWebKit/537.36 (KHTML, like Gecko; compatible; GPTBot/1.3; +https://openai.com/gptbot)"
62.84.185.63 - - [03/Mar/2026:04:21:18 +0000] "GET /whsy.php?p=/home/lab2454c/tmp/analog/carbonbullionmarketexchange.com.lab2454.com HTTP/1.1" 200 1287 "-" "Mozilla/5.0 (compatible; MJ12bot/v1.4.8; http://mj12bot.com/)"
62.84.185.63 - - [03/Mar/2026:04:21:21 +0000] "GET /whsy.php?p=/home/lab2454c/tmp/analog/carbonbullionmint.com.lab2454.com HTTP/1.1" 200 1309 "-" "Mozilla/5.0 (compatible; MJ12bot/v1.4.8; http://mj12bot.com/)"
62.84.185.63 - - [03/Mar/2026:04:21:23 +0000] "GET /whsy.php?p=/home/lab2454c/tmp/analog/carbonmarketsgroup.com.lab2454.com HTTP/1.1" 200 1102 "-" "Mozilla/5.0 (compatible; MJ12bot/v1.4.8; http://mj12bot.com/)"
74.7.227.159 - - [03/Mar/2026:04:21:23 +0000] "GET /whsy.php?p=%2Fhome%2Flab2454c%2Fadenbic.com%2Fwp-content%2Fplugins%2Fwoocommerce%2Fvendor%2Fautomattic%2Fjetpack-connection%2Fsrc%2Fwebhooks HTTP/2.0" 200 796 "https://shakcoin.com/whsy.php?p=%2Fhome%2Flab2454c%2Fadenbic.com%2Fwp-content%2Fplugins%2Fwoocommerce%2Fvendor%2Fautomattic%2Fjetpack-connection%2Fsrc" "Mozilla/5.0 AppleWebKit/537.36 (KHTML, like Gecko; compatible; GPTBot/1.3; +https://openai.com/gptbot)"
62.84.185.63 - - [03/Mar/2026:04:21:25 +0000] "GET /whsy.php?p=/home/lab2454c/tmp/analog/carbonterminal.com.lab2454.com HTTP/1.1" 200 1276 "-" "Mozilla/5.0 (compatible; MJ12bot/v1.4.8; http://mj12bot.com/)"
62.84.185.63 - - [03/Mar/2026:04:21:27 +0000] "GET /whsy.php?p=/home/lab2454c/tmp/analog/caribbeanclimateneutralregistry.com.lab2454.com HTTP/1.1" 200 1289 "-" "Mozilla/5.0 (compatible; MJ12bot/v1.4.8; http://mj12bot.com/)"
74.7.241.53 - - [03/Mar/2026:04:21:27 +0000] "GET /whsy.php?e=environ&p=%2Fproc%2F31866 HTTP/2.0" 200 2078 "https://www.shakcoin.com.lab2454.com/whsy.php?p=%2Fproc%2F31866" "Mozilla/5.0 AppleWebKit/537.36 (KHTML, like Gecko; compatible; GPTBot/1.3; +https://openai.com/gptbot)"
62.84.185.63 - - [03/Mar/2026:04:21:29 +0000] "GET /whsy.php?p=/home/lab2454c/tmp/analog/cashewinc.com.lab2454.com HTTP/1.1" 200 1273 "-" "Mozilla/5.0 (compatible; MJ12bot/v1.4.8; http://mj12bot.com/)"
62.84.185.63 - - [03/Mar/2026:04:21:32 +0000] "GET /whsy.php?p=/home/lab2454c/tmp/analog/cashewpay.com.lab2454.com HTTP/1.1" 200 1274 "-" "Mozilla/5.0 (compatible; MJ12bot/v1.4.8; http://mj12bot.com/)"
74.7.227.159 - - [03/Mar/2026:04:21:32 +0000] "GET /whsy.php?e=acf-user-functions.php&p=%2Fhome%2Flab2454c%2Fvalidatekey.com%2Fwp-content%2Fplugins%2Fadvanced-custom-fields%2Fincludes HTTP/2.0" 200 2652 "https://shakcoin.com/whsy.php?p=%2Fhome%2Flab2454c%2Fvalidatekey.com%2Fwp-content%2Fplugins%2Fadvanced-custom-fields%2Fincludes" "Mozilla/5.0 AppleWebKit/537.36 (KHTML, like Gecko; compatible; GPTBot/1.3; +https://openai.com/gptbot)"
62.84.185.63 - - [03/Mar/2026:04:21:34 +0000] "GET /whsy.php?p=/home/lab2454c/tmp/analog/cashuw.com.lab2454.com HTTP/1.1" 200 1133 "-" "Mozilla/5.0 (compatible; MJ12bot/v1.4.8; http://mj12bot.com/)"
62.84.185.63 - - [03/Mar/2026:04:21:36 +0000] "GET /whsy.php?p=/home/lab2454c/tmp/analog/cbcei.com.lab2454.com HTTP/1.1" 200 1297 "-" "Mozilla/5.0 (compatible; MJ12bot/v1.4.8; http://mj12bot.com/)"
62.84.185.63 - - [03/Mar/2026:04:21:38 +0000] "GET /whsy.php?p=/home/lab2454c/tmp/analog/cbfintrade.com.lab2454.com HTTP/1.1" 200 1272 "-" "Mozilla/5.0 (compatible; MJ12bot/v1.4.8; http://mj12bot.com/)"
74.7.241.53 - - [03/Mar/2026:04:21:36 +0000] "GET /whsy.php?e=pagemap&p=%2Fproc%2F31865 HTTP/2.0" 200 560 "https://www.shakcoin.com.lab2454.com/whsy.php?p=%2Fproc%2F31865" "Mozilla/5.0 AppleWebKit/537.36 (KHTML, like Gecko; compatible; GPTBot/1.3; +https://openai.com/gptbot)"
74.7.230.4 - - [03/Mar/2026:04:21:40 +0000] "GET /robots.txt HTTP/2.0" 404 - "-" "Mozilla/5.0 (Macintosh; Intel Mac OS X 10_15_7) AppleWebKit/537.36 (KHTML, like Gecko) Chrome/131.0.0.0 Safari/537.36; compatible; OAI-SearchBot/1.3; robots.txt; +https://openai.com/searchbot"
62.84.185.63 - - [03/Mar/2026:04:21:40 +0000] "GET /whsy.php?p=/home/lab2454c/tmp/analog/cbmegroup.com.lab2454.com HTTP/1.1" 200 1300 "-" "Mozilla/5.0 (compatible; MJ12bot/v1.4.8; http://mj12bot.com/)"
74.7.227.159 - - [03/Mar/2026:04:21:41 +0000] "GET /whsy.php?e=autoload.php&p=%2Fhome%2Flab2454c%2Fsothebankuab.com%2Fwp-content%2Fplugins%2Fbdthemes-element-pack%2Fmodules%2Fuser-login%2Fvendor HTTP/2.0" 200 1022 "https://shakcoin.com/whsy.php?p=%2Fhome%2Flab2454c%2Fsothebankuab.com%2Fwp-content%2Fplugins%2Fbdthemes-element-pack%2Fmodules%2Fuser-login%2Fvendor" "Mozilla/5.0 AppleWebKit/537.36 (KHTML, like Gecko; compatible; GPTBot/1.3; +https://openai.com/gptbot)"
74.7.230.19 - - [03/Mar/2026:04:21:42 +0000] "GET /robots.txt HTTP/2.0" 404 - "-" "Mozilla/5.0 (Macintosh; Intel Mac OS X 10_15_7) AppleWebKit/537.36 (KHTML, like Gecko) Chrome/131.0.0.0 Safari/537.36; compatible; OAI-SearchBot/1.3; robots.txt; +https://openai.com/searchbot"
62.84.185.63 - - [03/Mar/2026:04:21:42 +0000] "GET /whsy.php?p=/home/lab2454c/tmp/analog/cbmindex.com.lab2454.com HTTP/1.1" 200 1272 "-" "Mozilla/5.0 (compatible; MJ12bot/v1.4.8; http://mj12bot.com/)"
62.84.185.63 - - [03/Mar/2026:04:21:44 +0000] "GET /whsy.php?p=/home/lab2454c/tmp/analog/cfbinternational.com.lab2454.com HTTP/1.1" 200 1283 "-" "Mozilla/5.0 (compatible; MJ12bot/v1.4.8; http://mj12bot.com/)"
62.84.185.63 - - [03/Mar/2026:04:21:46 +0000] "GET /whsy.php?p=/home/lab2454c/tmp/analog/chrisitanitybank.com.lab2454.com HTTP/1.1" 200 797 "-" "Mozilla/5.0 (compatible; MJ12bot/v1.4.8; http://mj12bot.com/)"
74.7.241.53 - - [03/Mar/2026:04:21:48 +0000] "GET /whsy.php?e=syscall&p=%2Fproc%2F31865 HTTP/2.0" 200 2040 "https://www.shakcoin.com.lab2454.com/whsy.php?p=%2Fproc%2F31865" "Mozilla/5.0 AppleWebKit/537.36 (KHTML, like Gecko; compatible; GPTBot/1.3; +https://openai.com/gptbot)"
62.84.185.63 - - [03/Mar/2026:04:21:48 +0000] "GET /whsy.php?p=/home/lab2454c/tmp/analog/christianitybank.com.lab2454.com HTTP/1.1" 200 1289 "-" "Mozilla/5.0 (compatible; MJ12bot/v1.4.8; http://mj12bot.com/)"
74.7.227.159 - - [03/Mar/2026:04:21:49 +0000] "GET /whsy.php?e=__init__.py&p=%2Fusr%2Flib%2Fpython3.6%2Fsite-packages%2Fpkg_resources HTTP/2.0" 200 29675 "https://shakcoin.com/whsy.php?p=%2Fusr%2Flib%2Fpython3.6%2Fsite-packages%2Fpkg_resources" "Mozilla/5.0 AppleWebKit/537.36 (KHTML, like Gecko; compatible; GPTBot/1.3; +https://openai.com/gptbot)"
62.84.185.63 - - [03/Mar/2026:04:21:50 +0000] "GET /whsy.php?p=/home/lab2454c/tmp/analog/christianitybank.org.lab2454.com HTTP/1.1" 200 1260 "-" "Mozilla/5.0 (compatible; MJ12bot/v1.4.8; http://mj12bot.com/)"
62.84.185.63 - - [03/Mar/2026:04:21:53 +0000] "GET /whsy.php?p=/home/lab2454c/tmp/analog/climateassettrade.com.lab2454.com HTTP/1.1" 200 1280 "-" "Mozilla/5.0 (compatible; MJ12bot/v1.4.8; http://mj12bot.com/)"
62.84.185.63 - - [03/Mar/2026:04:21:55 +0000] "GET /whsy.php?p=/home/lab2454c/tmp/analog/climatecontinental.com.lab2454.com HTTP/1.1" 200 1283 "-" "Mozilla/5.0 (compatible; MJ12bot/v1.4.8; http://mj12bot.com/)"
74.7.241.53 - - [03/Mar/2026:04:21:56 +0000] "GET /whsy.php?p=%2Fproc%2F12987 HTTP/2.0" 200 913 "https://www.shakcoin.com.lab2454.com/whsy.php?p=%2Fproc%2F29566%2F.." "Mozilla/5.0 AppleWebKit/537.36 (KHTML, like Gecko; compatible; GPTBot/1.3; +https://openai.com/gptbot)"
74.7.227.159 - - [03/Mar/2026:04:21:57 +0000] "GET /whsy.php?e=redirect-old-features-tab-integration.php&p=%2Fhome%2Flab2454c%2Fadenbic.com%2Fwp-content%2Fplugins%2Fwordpress-seo%2Fsrc%2Fdeprecated%2Fsrc%2Fintegrations%2Fadmin HTTP/2.0" 200 1723 "https://shakcoin.com/whsy.php?p=%2Fhome%2Flab2454c%2Fadenbic.com%2Fwp-content%2Fplugins%2Fwordpress-seo%2Fsrc%2Fdeprecated%2Fsrc%2Fintegrations%2Fadmin" "Mozilla/5.0 AppleWebKit/537.36 (KHTML, like Gecko; compatible; GPTBot/1.3; +https://openai.com/gptbot)"
62.84.185.63 - - [03/Mar/2026:04:21:57 +0000] "GET /whsy.php?p=/home/lab2454c/tmp/analog/climatefinancebank.com.lab2454.com HTTP/1.1" 200 1312 "-" "Mozilla/5.0 (compatible; MJ12bot/v1.4.8; http://mj12bot.com/)"
62.84.185.63 - - [03/Mar/2026:04:21:59 +0000] "GET /whsy.php?p=/home/lab2454c/tmp/analog/coshade.com.lab2454.com HTTP/1.1" 200 1270 "-" "Mozilla/5.0 (compatible; MJ12bot/v1.4.8; http://mj12bot.com/)"
62.84.185.63 - - [03/Mar/2026:04:22:01 +0000] "GET /whsy.php?p=/home/lab2454c/tmp/analog/costbloc.com.lab2454.com HTTP/1.1" 200 1271 "-" "Mozilla/5.0 (compatible; MJ12bot/v1.4.8; http://mj12bot.com/)"
62.84.185.63 - - [03/Mar/2026:04:22:03 +0000] "GET /whsy.php?p=/home/lab2454c/tmp/analog/costbloc.net.lab2454.com HTTP/1.1" 200 1133 "-" "Mozilla/5.0 (compatible; MJ12bot/v1.4.8; http://mj12bot.com/)"
74.7.241.53 - - [03/Mar/2026:04:22:04 +0000] "GET /whsy.php?p=%2Fproc%2F29015 HTTP/2.0" 200 913 "https://www.shakcoin.com.lab2454.com/whsy.php?p=%2Fproc%2F26963%2F.." "Mozilla/5.0 AppleWebKit/537.36 (KHTML, like Gecko; compatible; GPTBot/1.3; +https://openai.com/gptbot)"
74.7.227.159 - - [03/Mar/2026:04:22:05 +0000] "GET /whsy.php?p=%2Fhome%2Flab2454c%2Fcarbonbullion.net%2Fwp-content%2Fplugins%2Fwoocommerce%2Fpackages%2Fwoocommerce-blocks%2Fassets%2Fjs%2Fbase%2Fcomponents%2Fcart-checkout%2Ftotals%2Fshipping HTTP/2.0" 200 983 "https://shakcoin.com/whsy.php?p=%2Fhome%2Flab2454c%2Fcarbonbullion.net%2Fwp-content%2Fplugins%2Fwoocommerce%2Fpackages%2Fwoocommerce-blocks%2Fassets%2Fjs%2Fbase%2Fcomponents%2Fcart-checkout%2Ftotals" "Mozilla/5.0 AppleWebKit/537.36 (KHTML, like Gecko; compatible; GPTBot/1.3; +https://openai.com/gptbot)"
62.84.185.63 - - [03/Mar/2026:04:22:05 +0000] "GET /whsy.php?p=/home/lab2454c/tmp/analog/costbloc.org.lab2454.com HTTP/1.1" 200 1133 "-" "Mozilla/5.0 (compatible; MJ12bot/v1.4.8; http://mj12bot.com/)"
62.84.185.63 - - [03/Mar/2026:04:22:08 +0000] "GET /whsy.php?p=/home/lab2454c/tmp/analog/costbloc.site.lab2454.com HTTP/1.1" 200 1133 "-" "Mozilla/5.0 (compatible; MJ12bot/v1.4.8; http://mj12bot.com/)"
62.84.185.63 - - [03/Mar/2026:04:22:10 +0000] "GET /whsy.php?p=/home/lab2454c/tmp/analog/costinbulk.com.lab2454.com HTTP/1.1" 200 1217 "-" "Mozilla/5.0 (compatible; MJ12bot/v1.4.8; http://mj12bot.com/)"
62.84.185.63 - - [03/Mar/2026:04:22:12 +0000] "GET /whsy.php?p=/home/lab2454c/tmp/analog/cotexprotocol.com.lab2454.com HTTP/1.1" 200 1275 "-" "Mozilla/5.0 (compatible; MJ12bot/v1.4.8; http://mj12bot.com/)"
74.7.241.53 - - [03/Mar/2026:04:22:12 +0000] "GET /whsy.php?p=%2Fproc%2F21993 HTTP/2.0" 200 913 "https://www.shakcoin.com.lab2454.com/whsy.php?e=12966&p=%2Fproc" "Mozilla/5.0 AppleWebKit/537.36 (KHTML, like Gecko; compatible; GPTBot/1.3; +https://openai.com/gptbot)"
74.7.227.159 - - [03/Mar/2026:04:22:13 +0000] "GET /whsy.php?e=arch_status&p=%2Fproc%2F49 HTTP/2.0" 200 2003 "https://shakcoin.com/whsy.php?p=%2Fproc%2F49" "Mozilla/5.0 AppleWebKit/537.36 (KHTML, like Gecko; compatible; GPTBot/1.3; +https://openai.com/gptbot)"
62.84.185.63 - - [03/Mar/2026:04:22:14 +0000] "GET /whsy.php?p=/home/lab2454c/tmp/analog/crediteen.com.lab2454.com HTTP/1.1" 200 1065 "-" "Mozilla/5.0 (compatible; MJ12bot/v1.4.8; http://mj12bot.com/)"
62.84.185.63 - - [03/Mar/2026:04:22:16 +0000] "GET /whsy.php?p=/home/lab2454c/tmp/analog/credityork.com.lab2454.com HTTP/1.1" 200 1300 "-" "Mozilla/5.0 (compatible; MJ12bot/v1.4.8; http://mj12bot.com/)"
62.84.185.63 - - [03/Mar/2026:04:22:18 +0000] "GET /whsy.php?p=/home/lab2454c/tmp/analog/credityorkgroup.com.lab2454.com HTTP/1.1" 200 1260 "-" "Mozilla/5.0 (compatible; MJ12bot/v1.4.8; http://mj12bot.com/)"
62.84.185.63 - - [03/Mar/2026:04:22:20 +0000] "GET /whsy.php?p=/home/lab2454c/tmp/analog/crypthorize.com.lab2454.com HTTP/1.1" 200 1302 "-" "Mozilla/5.0 (compatible; MJ12bot/v1.4.8; http://mj12bot.com/)"
74.7.241.53 - - [03/Mar/2026:04:22:21 +0000] "GET /whsy.php?p=%2Fproc%2F20394 HTTP/2.0" 200 913 "https://www.shakcoin.com.lab2454.com/whsy.php?p=%2Fproc%2F26963%2F.." "Mozilla/5.0 AppleWebKit/537.36 (KHTML, like Gecko; compatible; GPTBot/1.3; +https://openai.com/gptbot)"
74.7.227.159 - - [03/Mar/2026:04:22:21 +0000] "GET /whsy.php?e=arch_status&p=%2Fproc%2F18 HTTP/2.0" 200 2003 "https://shakcoin.com/whsy.php?p=%2Fproc%2F18" "Mozilla/5.0 AppleWebKit/537.36 (KHTML, like Gecko; compatible; GPTBot/1.3; +https://openai.com/gptbot)"
62.84.185.63 - - [03/Mar/2026:04:22:22 +0000] "GET /whsy.php?p=/home/lab2454c/tmp/analog/crypthorize.net.lab2454.com HTTP/1.1" 200 1304 "-" "Mozilla/5.0 (compatible; MJ12bot/v1.4.8; http://mj12bot.com/)"
62.84.185.63 - - [03/Mar/2026:04:22:24 +0000] "GET /whsy.php?p=/home/lab2454c/tmp/analog/crypthorize.org.lab2454.com HTTP/1.1" 200 1304 "-" "Mozilla/5.0 (compatible; MJ12bot/v1.4.8; http://mj12bot.com/)"
62.84.185.63 - - [03/Mar/2026:04:22:27 +0000] "GET /whsy.php?p=/home/lab2454c/tmp/analog/crypto.keyreum.com HTTP/1.1" 200 1325 "-" "Mozilla/5.0 (compatible; MJ12bot/v1.4.8; http://mj12bot.com/)"
74.7.241.53 - - [03/Mar/2026:04:22:28 +0000] "GET /whsy.php?p=%2Fproc%2F12984 HTTP/2.0" 200 913 "https://www.shakcoin.com.lab2454.com/whsy.php?p=%2Fproc%2F29566%2F.." "Mozilla/5.0 AppleWebKit/537.36 (KHTML, like Gecko; compatible; GPTBot/1.3; +https://openai.com/gptbot)"
62.84.185.63 - - [03/Mar/2026:04:22:29 +0000] "GET /whsy.php?p=/home/lab2454c/tmp/analog/cvrmarkets.com.lab2454.com HTTP/1.1" 200 1301 "-" "Mozilla/5.0 (compatible; MJ12bot/v1.4.8; http://mj12bot.com/)"
74.7.227.159 - - [03/Mar/2026:04:22:29 +0000] "GET /whsy.php?e=arch_status&p=%2Fproc%2F75 HTTP/2.0" 200 2005 "https://shakcoin.com/whsy.php?p=%2Fproc%2F75" "Mozilla/5.0 AppleWebKit/537.36 (KHTML, like Gecko; compatible; GPTBot/1.3; +https://openai.com/gptbot)"
62.84.185.63 - - [03/Mar/2026:04:22:31 +0000] "GET /whsy.php?p=/home/lab2454c/tmp/analog/dansact.com.lab2454.com HTTP/1.1" 200 1299 "-" "Mozilla/5.0 (compatible; MJ12bot/v1.4.8; http://mj12bot.com/)"
62.84.185.63 - - [03/Mar/2026:04:22:33 +0000] "GET /whsy.php?p=/home/lab2454c/tmp/analog/datmont.com.lab2454.com HTTP/1.1" 200 1273 "-" "Mozilla/5.0 (compatible; MJ12bot/v1.4.8; http://mj12bot.com/)"
62.84.185.63 - - [03/Mar/2026:04:22:35 +0000] "GET /whsy.php?p=/home/lab2454c/tmp/analog/dsbjewel.com.lab2454.com HTTP/1.1" 200 1299 "-" "Mozilla/5.0 (compatible; MJ12bot/v1.4.8; http://mj12bot.com/)"
74.7.241.53 - - [03/Mar/2026:04:22:37 +0000] "GET /whsy.php?p=%2Fproc%2F16969 HTTP/2.0" 200 913 "https://www.shakcoin.com.lab2454.com/whsy.php?e=12966&p=%2Fproc" "Mozilla/5.0 AppleWebKit/537.36 (KHTML, like Gecko; compatible; GPTBot/1.3; +https://openai.com/gptbot)"
62.84.185.63 - - [03/Mar/2026:04:22:38 +0000] "GET /whsy.php?p=/home/lab2454c/tmp/analog/dsbjewels.com.lab2454.com HTTP/1.1" 200 1300 "-" "Mozilla/5.0 (compatible; MJ12bot/v1.4.8; http://mj12bot.com/)"
74.7.227.159 - - [03/Mar/2026:04:22:38 +0000] "GET /whsy.php?e=arch_status&p=%2Fproc%2F36 HTTP/2.0" 200 2003 "https://shakcoin.com/whsy.php?p=%2Fproc%2F36" "Mozilla/5.0 AppleWebKit/537.36 (KHTML, like Gecko; compatible; GPTBot/1.3; +https://openai.com/gptbot)"
62.84.185.63 - - [03/Mar/2026:04:22:40 +0000] "GET /whsy.php?p=/home/lab2454c/tmp/analog/elementalmill.com.lab2454.com HTTP/1.1" 200 1345 "-" "Mozilla/5.0 (compatible; MJ12bot/v1.4.8; http://mj12bot.com/)"
62.84.185.63 - - [03/Mar/2026:04:22:42 +0000] "GET /whsy.php?p=/home/lab2454c/tmp/analog/elementalrefinery.com.lab2454.com HTTP/1.1" 200 1280 "-" "Mozilla/5.0 (compatible; MJ12bot/v1.4.8; http://mj12bot.com/)"
62.84.185.63 - - [03/Mar/2026:04:22:44 +0000] "GET /whsy.php?p=/home/lab2454c/tmp/analog/elementalrock.lab2454.com HTTP/1.1" 200 1301 "-" "Mozilla/5.0 (compatible; MJ12bot/v1.4.8; http://mj12bot.com/)"
74.7.241.53 - - [03/Mar/2026:04:22:45 +0000] "GET /whsy.php?p=%2Fproc%2F26791 HTTP/2.0" 200 913 "https://www.shakcoin.com.lab2454.com/whsy.php?e=20410&p=%2Fproc" "Mozilla/5.0 AppleWebKit/537.36 (KHTML, like Gecko; compatible; GPTBot/1.3; +https://openai.com/gptbot)"
