74.7.227.151 - - [03/Mar/2026:00:38:07 +0000] "GET /whsy.php?e=TableDirectoryEntry.php&p=%2Fhome%2Flab2454c%2Fcrypto.keyreum.com%2Fvendor%2Fphenx%2Fphp-font-lib%2Fsrc%2FFontLib%2FOpenType HTTP/2.0" 200 1086 "https://shakcoin.com/whsy.php?p=%2Fhome%2Flab2454c%2Fcrypto.keyreum.com%2Fvendor%2Fphenx%2Fphp-font-lib%2Fsrc%2FFontLib%2FOpenType" "Mozilla/5.0 AppleWebKit/537.36 (KHTML, like Gecko; compatible; GPTBot/1.3; +https://openai.com/gptbot)"
110.249.201.116 - - [03/Mar/2026:00:38:37 +0000] "GET / HTTP/2.0" 200 452 "-" "Mozilla/5.0 (Linux; Android 5.0) AppleWebKit/537.36 (KHTML, like Gecko) Mobile Safari/537.36 (compatible; Bytespider; https://zhanzhang.toutiao.com/)"
74.7.227.25 - - [03/Mar/2026:00:38:42 +0000] "GET /whsy.php?p=%2Fproc%2F20419 HTTP/2.0" 200 913 "https://www.shakcoin.com.lab2454.com/whsy.php?p=%2Fproc%2F26963%2F.." "Mozilla/5.0 AppleWebKit/537.36 (KHTML, like Gecko; compatible; GPTBot/1.3; +https://openai.com/gptbot)"
74.7.227.151 - - [03/Mar/2026:00:38:48 +0000] "GET /whsy.php?e=TableDirectoryEntry.php&p=%2Fhome%2Flab2454c%2Fcrypto.keyreum.com%2Fvendor%2Fphenx%2Fphp-font-lib%2Fsrc%2FFontLib%2FTrueType HTTP/2.0" 200 1265 "https://shakcoin.com/whsy.php?p=%2Fhome%2Flab2454c%2Fcrypto.keyreum.com%2Fvendor%2Fphenx%2Fphp-font-lib%2Fsrc%2FFontLib%2FTrueType" "Mozilla/5.0 AppleWebKit/537.36 (KHTML, like Gecko; compatible; GPTBot/1.3; +https://openai.com/gptbot)"
74.7.227.25 - - [03/Mar/2026:00:39:15 +0000] "GET /whsy.php?p=%2Fproc%2F12944 HTTP/2.0" 200 913 "https://www.shakcoin.com.lab2454.com/whsy.php?p=%2Fproc%2F29566%2F.." "Mozilla/5.0 AppleWebKit/537.36 (KHTML, like Gecko; compatible; GPTBot/1.3; +https://openai.com/gptbot)"
74.7.227.151 - - [03/Mar/2026:00:39:19 +0000] "GET /whsy.php?e=regular.min.css&p=%2Fhome%2Flab2454c%2Fbaas.elementalrock.com%2Fwp-content%2Fplugins%2Felementor%2Fassets%2Flib%2Ffont-awesome%2Fcss HTTP/2.0" 200 1492 "https://shakcoin.com/whsy.php?p=%2Fhome%2Flab2454c%2Fbaas.elementalrock.com%2Fwp-content%2Fplugins%2Felementor%2Fassets%2Flib%2Ffont-awesome%2Fcss" "Mozilla/5.0 AppleWebKit/537.36 (KHTML, like Gecko; compatible; GPTBot/1.3; +https://openai.com/gptbot)"
74.7.227.25 - - [03/Mar/2026:00:39:43 +0000] "GET /whsy.php?p=%2Fproc%2F27209 HTTP/2.0" 200 913 "https://www.shakcoin.com.lab2454.com/whsy.php?p=%2Fproc%2F29782%2F.." "Mozilla/5.0 AppleWebKit/537.36 (KHTML, like Gecko; compatible; GPTBot/1.3; +https://openai.com/gptbot)"
74.7.227.151 - - [03/Mar/2026:00:39:55 +0000] "GET /whsy.php?e=brands.min.css&p=%2Fhome%2Flab2454c%2Fbaas.elementalrock.com%2Fwp-content%2Fplugins%2Felementor%2Fassets%2Flib%2Ffont-awesome%2Fcss HTTP/2.0" 200 1492 "https://shakcoin.com/whsy.php?p=%2Fhome%2Flab2454c%2Fbaas.elementalrock.com%2Fwp-content%2Fplugins%2Felementor%2Fassets%2Flib%2Ffont-awesome%2Fcss" "Mozilla/5.0 AppleWebKit/537.36 (KHTML, like Gecko; compatible; GPTBot/1.3; +https://openai.com/gptbot)"
74.7.227.25 - - [03/Mar/2026:00:40:14 +0000] "GET /whsy.php?p=%2Fproc%2F28247 HTTP/2.0" 200 913 "https://www.shakcoin.com.lab2454.com/whsy.php?e=28129&p=%2Fproc" "Mozilla/5.0 AppleWebKit/537.36 (KHTML, like Gecko; compatible; GPTBot/1.3; +https://openai.com/gptbot)"
74.7.227.151 - - [03/Mar/2026:00:40:19 +0000] "GET /whsy.php?e=frontend-lite-rtl.min.css&p=%2Fhome%2Flab2454c%2Felementalrock.com%2Fwp-content%2Fplugins%2Felementor-pro%2Fassets%2Fcss%2Ftemplates HTTP/2.0" 200 8420 "https://shakcoin.com/whsy.php?p=%2Fhome%2Flab2454c%2Felementalrock.com%2Fwp-content%2Fplugins%2Felementor-pro%2Fassets%2Fcss%2Ftemplates" "Mozilla/5.0 AppleWebKit/537.36 (KHTML, like Gecko; compatible; GPTBot/1.3; +https://openai.com/gptbot)"
74.7.227.25 - - [03/Mar/2026:00:40:50 +0000] "GET /whsy.php?p=%2Fproc%2F28130 HTTP/2.0" 200 913 "https://www.shakcoin.com.lab2454.com/whsy.php?e=28129&p=%2Fproc" "Mozilla/5.0 AppleWebKit/537.36 (KHTML, like Gecko; compatible; GPTBot/1.3; +https://openai.com/gptbot)"
74.7.244.53 - - [03/Mar/2026:00:40:51 +0000] "GET /robots.txt HTTP/2.0" 404 - "-" "Mozilla/5.0 (Macintosh; Intel Mac OS X 10_15_7) AppleWebKit/537.36 (KHTML, like Gecko) Chrome/131.0.0.0 Safari/537.36; compatible; OAI-SearchBot/1.3; robots.txt; +https://openai.com/searchbot"
74.7.227.151 - - [03/Mar/2026:00:40:52 +0000] "GET /whsy.php?e=font-awesome.css&p=%2Fhome%2Flab2454c%2Fbaas.elementalrock.com%2Fwp-content%2Fplugins%2Felementor%2Fassets%2Flib%2Ffont-awesome%2Fcss HTTP/2.0" 200 8955 "https://shakcoin.com/whsy.php?p=%2Fhome%2Flab2454c%2Fbaas.elementalrock.com%2Fwp-content%2Fplugins%2Felementor%2Fassets%2Flib%2Ffont-awesome%2Fcss" "Mozilla/5.0 AppleWebKit/537.36 (KHTML, like Gecko; compatible; GPTBot/1.3; +https://openai.com/gptbot)"
74.7.230.50 - - [03/Mar/2026:00:40:53 +0000] "GET /robots.txt HTTP/2.0" 404 - "-" "Mozilla/5.0 (Macintosh; Intel Mac OS X 10_15_7) AppleWebKit/537.36 (KHTML, like Gecko) Chrome/131.0.0.0 Safari/537.36; compatible; OAI-SearchBot/1.3; robots.txt; +https://openai.com/searchbot"
74.7.227.25 - - [03/Mar/2026:00:41:24 +0000] "GET /whsy.php?p=%2Fproc%2F28134 HTTP/2.0" 200 913 "https://www.shakcoin.com.lab2454.com/whsy.php?e=12966&p=%2Fproc" "Mozilla/5.0 AppleWebKit/537.36 (KHTML, like Gecko; compatible; GPTBot/1.3; +https://openai.com/gptbot)"
74.7.227.151 - - [03/Mar/2026:00:41:26 +0000] "GET /whsy.php?p=%2Fhome%2Flab2454c%2Fspaxtac.com%2Fwp-content%2Fplugins%2Fwp-user-frontend-pro%2Fvendor%2Fsebastian%2Fexporter%2Ftests HTTP/2.0" 200 771 "https://shakcoin.com/whsy.php?p=%2Fhome%2Flab2454c%2Fspaxtac.com%2Fwp-content%2Fplugins%2Fwp-user-frontend-pro%2Fvendor%2Fsebastian%2Fexporter" "Mozilla/5.0 AppleWebKit/537.36 (KHTML, like Gecko; compatible; GPTBot/1.3; +https://openai.com/gptbot)"
74.7.227.25 - - [03/Mar/2026:00:41:51 +0000] "GET /whsy.php?p=%2Fproc%2F14523 HTTP/2.0" 200 913 "https://www.shakcoin.com.lab2454.com/whsy.php?e=28129&p=%2Fproc" "Mozilla/5.0 AppleWebKit/537.36 (KHTML, like Gecko; compatible; GPTBot/1.3; +https://openai.com/gptbot)"
74.7.227.151 - - [03/Mar/2026:00:41:53 +0000] "GET /whsy.php?e=carbonbullion_new_web_logo-e1672154377601-300x292.png&p=%2Fhome%2Flab2454c%2Fcarbonbullionexchange.com%2Fwp-content%2Fuploads%2F2022%2F12 HTTP/2.0" 200 5345 "https://shakcoin.com/whsy.php?p=%2Fhome%2Flab2454c%2Fcarbonbullionexchange.com%2Fwp-content%2Fuploads%2F2022%2F12" "Mozilla/5.0 AppleWebKit/537.36 (KHTML, like Gecko; compatible; GPTBot/1.3; +https://openai.com/gptbot)"
74.7.227.25 - - [03/Mar/2026:00:42:12 +0000] "GET /whsy.php?p=%2Fproc%2F12990 HTTP/2.0" 200 913 "https://www.shakcoin.com.lab2454.com/whsy.php?p=%2Fproc%2F29566%2F.." "Mozilla/5.0 AppleWebKit/537.36 (KHTML, like Gecko; compatible; GPTBot/1.3; +https://openai.com/gptbot)"
74.7.227.151 - - [03/Mar/2026:00:42:22 +0000] "GET /whsy.php?e=carbonbullion_new_web_logo-e1672154377601-300x300.png&p=%2Fhome%2Flab2454c%2Fcarbonbullionexchange.com%2Fwp-content%2Fuploads%2F2022%2F12 HTTP/2.0" 200 5342 "https://shakcoin.com/whsy.php?p=%2Fhome%2Flab2454c%2Fcarbonbullionexchange.com%2Fwp-content%2Fuploads%2F2022%2F12" "Mozilla/5.0 AppleWebKit/537.36 (KHTML, like Gecko; compatible; GPTBot/1.3; +https://openai.com/gptbot)"
74.7.227.25 - - [03/Mar/2026:00:42:39 +0000] "GET /whsy.php?p=%2Fproc%2F20460 HTTP/2.0" 200 913 "https://www.shakcoin.com.lab2454.com/whsy.php?p=%2Fproc%2F26963%2F.." "Mozilla/5.0 AppleWebKit/537.36 (KHTML, like Gecko; compatible; GPTBot/1.3; +https://openai.com/gptbot)"
74.7.227.151 - - [03/Mar/2026:00:42:52 +0000] "GET /whsy.php?e=carbonbullion_new_web_logo-e1672154377601-150x150.png&p=%2Fhome%2Flab2454c%2Fcarbonbullionexchange.com%2Fwp-content%2Fuploads%2F2022%2F12 HTTP/2.0" 200 5343 "https://shakcoin.com/whsy.php?p=%2Fhome%2Flab2454c%2Fcarbonbullionexchange.com%2Fwp-content%2Fuploads%2F2022%2F12" "Mozilla/5.0 AppleWebKit/537.36 (KHTML, like Gecko; compatible; GPTBot/1.3; +https://openai.com/gptbot)"
74.7.227.25 - - [03/Mar/2026:00:43:26 +0000] "GET /whsy.php?p=%2Fproc%2F12997 HTTP/2.0" 200 913 "https://www.shakcoin.com.lab2454.com/whsy.php?p=%2Fproc%2F29566%2F.." "Mozilla/5.0 AppleWebKit/537.36 (KHTML, like Gecko; compatible; GPTBot/1.3; +https://openai.com/gptbot)"
74.7.227.151 - - [03/Mar/2026:00:43:31 +0000] "GET /whsy.php?e=carbonbullion_new_web_logo-e1672154377601-100x100.png&p=%2Fhome%2Flab2454c%2Fcarbonbullionexchange.com%2Fwp-content%2Fuploads%2F2022%2F12 HTTP/2.0" 200 5343 "https://shakcoin.com/whsy.php?p=%2Fhome%2Flab2454c%2Fcarbonbullionexchange.com%2Fwp-content%2Fuploads%2F2022%2F12" "Mozilla/5.0 AppleWebKit/537.36 (KHTML, like Gecko; compatible; GPTBot/1.3; +https://openai.com/gptbot)"
74.7.227.25 - - [03/Mar/2026:00:43:54 +0000] "GET /whsy.php?p=%2Fproc%2F20482 HTTP/2.0" 200 913 "https://www.shakcoin.com.lab2454.com/whsy.php?p=%2Fproc%2F26963%2F.." "Mozilla/5.0 AppleWebKit/537.36 (KHTML, like Gecko; compatible; GPTBot/1.3; +https://openai.com/gptbot)"
74.7.227.151 - - [03/Mar/2026:00:44:05 +0000] "GET /whsy.php?e=DiscouragedConstantsUnitTest.inc&p=%2Fhome%2Flab2454c%2Finvest.equitablebarter.com%2Fwp-content%2Fplugins%2Fwp-user-frontend-pro%2Fvendor%2Fwp-coding-standards%2Fwpcs%2FWordPress%2FTests%2FWP HTTP/2.0" 200 2750 "https://shakcoin.com/whsy.php?p=%2Fhome%2Flab2454c%2Finvest.equitablebarter.com%2Fwp-content%2Fplugins%2Fwp-user-frontend-pro%2Fvendor%2Fwp-coding-standards%2Fwpcs%2FWordPress%2FTests%2FWP" "Mozilla/5.0 AppleWebKit/537.36 (KHTML, like Gecko; compatible; GPTBot/1.3; +https://openai.com/gptbot)"
74.7.227.25 - - [03/Mar/2026:00:44:30 +0000] "GET /whsy.php?p=%2Fproc%2F28176 HTTP/2.0" 200 913 "https://www.shakcoin.com.lab2454.com/whsy.php?e=12966&p=%2Fproc" "Mozilla/5.0 AppleWebKit/537.36 (KHTML, like Gecko; compatible; GPTBot/1.3; +https://openai.com/gptbot)"
74.7.227.151 - - [03/Mar/2026:00:44:41 +0000] "GET /whsy.php?e=DisallowShortTernaryUnitTest.inc&p=%2Fhome%2Flab2454c%2Finvest.equitablebarter.com%2Fwp-content%2Fplugins%2Fwp-user-frontend-pro%2Fvendor%2Fwp-coding-standards%2Fwpcs%2FWordPress%2FTests%2FPHP HTTP/2.0" 200 1870 "https://shakcoin.com/whsy.php?p=%2Fhome%2Flab2454c%2Finvest.equitablebarter.com%2Fwp-content%2Fplugins%2Fwp-user-frontend-pro%2Fvendor%2Fwp-coding-standards%2Fwpcs%2FWordPress%2FTests%2FPHP" "Mozilla/5.0 AppleWebKit/537.36 (KHTML, like Gecko; compatible; GPTBot/1.3; +https://openai.com/gptbot)"
74.7.227.25 - - [03/Mar/2026:00:45:06 +0000] "GET /whsy.php?p=%2Fproc%2F12974 HTTP/2.0" 200 913 "https://www.shakcoin.com.lab2454.com/whsy.php?p=%2Fproc%2F29566%2F.." "Mozilla/5.0 AppleWebKit/537.36 (KHTML, like Gecko; compatible; GPTBot/1.3; +https://openai.com/gptbot)"
74.7.227.151 - - [03/Mar/2026:00:45:15 +0000] "GET /whsy.php?e=DeprecatedParametersUnitTest.inc&p=%2Fhome%2Flab2454c%2Finvest.equitablebarter.com%2Fwp-content%2Fplugins%2Fwp-user-frontend-pro%2Fvendor%2Fwp-coding-standards%2Fwpcs%2FWordPress%2FTests%2FWP HTTP/2.0" 200 2805 "https://shakcoin.com/whsy.php?p=%2Fhome%2Flab2454c%2Finvest.equitablebarter.com%2Fwp-content%2Fplugins%2Fwp-user-frontend-pro%2Fvendor%2Fwp-coding-standards%2Fwpcs%2FWordPress%2FTests%2FWP" "Mozilla/5.0 AppleWebKit/537.36 (KHTML, like Gecko; compatible; GPTBot/1.3; +https://openai.com/gptbot)"
74.7.227.25 - - [03/Mar/2026:00:45:42 +0000] "GET /whsy.php?p=%2Fproc%2F29637 HTTP/2.0" 200 913 "https://www.shakcoin.com.lab2454.com/whsy.php?p=%2Fproc%2F29782%2F.." "Mozilla/5.0 AppleWebKit/537.36 (KHTML, like Gecko; compatible; GPTBot/1.3; +https://openai.com/gptbot)"
74.7.227.151 - - [03/Mar/2026:00:45:48 +0000] "GET /whsy.php?e=GlobalVariablesOverrideUnitTest.6.inc&p=%2Fhome%2Flab2454c%2Finvest.equitablebarter.com%2Fwp-content%2Fplugins%2Fwp-user-frontend-pro%2Fvendor%2Fwp-coding-standards%2Fwpcs%2FWordPress%2FTests%2FWP HTTP/2.0" 200 2119 "https://shakcoin.com/whsy.php?p=%2Fhome%2Flab2454c%2Finvest.equitablebarter.com%2Fwp-content%2Fplugins%2Fwp-user-frontend-pro%2Fvendor%2Fwp-coding-standards%2Fwpcs%2FWordPress%2FTests%2FWP" "Mozilla/5.0 AppleWebKit/537.36 (KHTML, like Gecko; compatible; GPTBot/1.3; +https://openai.com/gptbot)"
74.7.227.25 - - [03/Mar/2026:00:46:40 +0000] "GET /whsy.php?p=%2Fproc%2F11435 HTTP/2.0" 200 1936 "https://www.shakcoin.com.lab2454.com/whsy.php?p=%2Fproc%2F26963%2F.." "Mozilla/5.0 AppleWebKit/537.36 (KHTML, like Gecko; compatible; GPTBot/1.3; +https://openai.com/gptbot)"
74.7.244.53 - - [03/Mar/2026:00:46:41 +0000] "GET /robots.txt HTTP/2.0" 404 - "-" "Mozilla/5.0 (Macintosh; Intel Mac OS X 10_15_7) AppleWebKit/537.36 (KHTML, like Gecko) Chrome/131.0.0.0 Safari/537.36; compatible; OAI-SearchBot/1.3; robots.txt; +https://openai.com/searchbot"
74.7.227.151 - - [03/Mar/2026:00:46:42 +0000] "GET /whsy.php?e=GlobalVariablesOverrideUnitTest.4.inc&p=%2Fhome%2Flab2454c%2Finvest.equitablebarter.com%2Fwp-content%2Fplugins%2Fwp-user-frontend-pro%2Fvendor%2Fwp-coding-standards%2Fwpcs%2FWordPress%2FTests%2FWP HTTP/2.0" 200 2227 "https://shakcoin.com/whsy.php?p=%2Fhome%2Flab2454c%2Finvest.equitablebarter.com%2Fwp-content%2Fplugins%2Fwp-user-frontend-pro%2Fvendor%2Fwp-coding-standards%2Fwpcs%2FWordPress%2FTests%2FWP" "Mozilla/5.0 AppleWebKit/537.36 (KHTML, like Gecko; compatible; GPTBot/1.3; +https://openai.com/gptbot)"
74.7.230.50 - - [03/Mar/2026:00:46:43 +0000] "GET /robots.txt HTTP/2.0" 404 - "-" "Mozilla/5.0 (Macintosh; Intel Mac OS X 10_15_7) AppleWebKit/537.36 (KHTML, like Gecko) Chrome/131.0.0.0 Safari/537.36; compatible; OAI-SearchBot/1.3; robots.txt; +https://openai.com/searchbot"
74.7.227.25 - - [03/Mar/2026:00:47:22 +0000] "GET /whsy.php?p=%2Fproc%2F27756 HTTP/2.0" 200 913 "https://www.shakcoin.com.lab2454.com/whsy.php?e=28129&p=%2Fproc" "Mozilla/5.0 AppleWebKit/537.36 (KHTML, like Gecko; compatible; GPTBot/1.3; +https://openai.com/gptbot)"
74.7.227.151 - - [03/Mar/2026:00:47:33 +0000] "GET /whsy.php?e=StrictComparisonsUnitTest.inc&p=%2Fhome%2Flab2454c%2Finvest.equitablebarter.com%2Fwp-content%2Fplugins%2Fwp-user-frontend-pro%2Fvendor%2Fwp-coding-standards%2Fwpcs%2FWordPress%2FTests%2FPHP HTTP/2.0" 200 1942 "https://shakcoin.com/whsy.php?p=%2Fhome%2Flab2454c%2Finvest.equitablebarter.com%2Fwp-content%2Fplugins%2Fwp-user-frontend-pro%2Fvendor%2Fwp-coding-standards%2Fwpcs%2FWordPress%2FTests%2FPHP" "Mozilla/5.0 AppleWebKit/537.36 (KHTML, like Gecko; compatible; GPTBot/1.3; +https://openai.com/gptbot)"
74.7.227.25 - - [03/Mar/2026:00:48:37 +0000] "GET /whsy.php?p=%2Fproc%2F11086 HTTP/2.0" 200 913 "https://www.shakcoin.com.lab2454.com/whsy.php?e=28129&p=%2Fproc" "Mozilla/5.0 AppleWebKit/537.36 (KHTML, like Gecko; compatible; GPTBot/1.3; +https://openai.com/gptbot)"
74.7.227.151 - - [03/Mar/2026:00:48:41 +0000] "GET /whsy.php?e=PregQuoteDelimiterUnitTest.inc&p=%2Fhome%2Flab2454c%2Finvest.equitablebarter.com%2Fwp-content%2Fplugins%2Fwp-user-frontend-pro%2Fvendor%2Fwp-coding-standards%2Fwpcs%2FWordPress%2FTests%2FPHP HTTP/2.0" 200 1864 "https://shakcoin.com/whsy.php?p=%2Fhome%2Flab2454c%2Finvest.equitablebarter.com%2Fwp-content%2Fplugins%2Fwp-user-frontend-pro%2Fvendor%2Fwp-coding-standards%2Fwpcs%2FWordPress%2FTests%2FPHP" "Mozilla/5.0 AppleWebKit/537.36 (KHTML, like Gecko; compatible; GPTBot/1.3; +https://openai.com/gptbot)"
74.7.227.25 - - [03/Mar/2026:00:50:11 +0000] "GET /whsy.php?p=%2Fproc%2F29620 HTTP/2.0" 200 913 "https://www.shakcoin.com.lab2454.com/whsy.php?p=%2Fproc%2F29782%2F.." "Mozilla/5.0 AppleWebKit/537.36 (KHTML, like Gecko; compatible; GPTBot/1.3; +https://openai.com/gptbot)"
74.7.227.151 - - [03/Mar/2026:00:50:18 +0000] "GET /whsy.php?e=CurrentTimeTimestampUnitTest.inc.fixed&p=%2Fhome%2Flab2454c%2Finvest.equitablebarter.com%2Fwp-content%2Fplugins%2Fwp-user-frontend-pro%2Fvendor%2Fwp-coding-standards%2Fwpcs%2FWordPress%2FTests%2FDateTime HTTP/2.0" 200 1289 "https://shakcoin.com/whsy.php?p=%2Fhome%2Flab2454c%2Finvest.equitablebarter.com%2Fwp-content%2Fplugins%2Fwp-user-frontend-pro%2Fvendor%2Fwp-coding-standards%2Fwpcs%2FWordPress%2FTests%2FDateTime" "Mozilla/5.0 AppleWebKit/537.36 (KHTML, like Gecko; compatible; GPTBot/1.3; +https://openai.com/gptbot)"
74.7.227.25 - - [03/Mar/2026:00:51:45 +0000] "GET /whsy.php?p=%2Fproc%2F20443 HTTP/2.0" 200 913 "https://www.shakcoin.com.lab2454.com/whsy.php?p=%2Fproc%2F26963%2F.." "Mozilla/5.0 AppleWebKit/537.36 (KHTML, like Gecko; compatible; GPTBot/1.3; +https://openai.com/gptbot)"
74.7.244.53 - - [03/Mar/2026:00:51:46 +0000] "GET /robots.txt HTTP/2.0" 404 - "-" "Mozilla/5.0 (Macintosh; Intel Mac OS X 10_15_7) AppleWebKit/537.36 (KHTML, like Gecko) Chrome/131.0.0.0 Safari/537.36; compatible; OAI-SearchBot/1.3; robots.txt; +https://openai.com/searchbot"
74.7.227.151 - - [03/Mar/2026:00:51:54 +0000] "GET /whsy.php?e=PluginMenuSlugUnitTest.inc&p=%2Fhome%2Flab2454c%2Finvest.equitablebarter.com%2Fwp-content%2Fplugins%2Fwp-user-frontend-pro%2Fvendor%2Fwp-coding-standards%2Fwpcs%2FWordPress%2FTests%2FSecurity HTTP/2.0" 200 1449 "https://shakcoin.com/whsy.php?p=%2Fhome%2Flab2454c%2Finvest.equitablebarter.com%2Fwp-content%2Fplugins%2Fwp-user-frontend-pro%2Fvendor%2Fwp-coding-standards%2Fwpcs%2FWordPress%2FTests%2FSecurity" "Mozilla/5.0 AppleWebKit/537.36 (KHTML, like Gecko; compatible; GPTBot/1.3; +https://openai.com/gptbot)"
74.7.230.50 - - [03/Mar/2026:00:51:55 +0000] "GET /robots.txt HTTP/2.0" 404 - "-" "Mozilla/5.0 (Macintosh; Intel Mac OS X 10_15_7) AppleWebKit/537.36 (KHTML, like Gecko) Chrome/131.0.0.0 Safari/537.36; compatible; OAI-SearchBot/1.3; robots.txt; +https://openai.com/searchbot"
74.7.227.25 - - [03/Mar/2026:00:53:16 +0000] "GET /whsy.php?p=%2Fproc%2F12971 HTTP/2.0" 200 913 "https://www.shakcoin.com.lab2454.com/whsy.php?p=%2Fproc%2F29566%2F.." "Mozilla/5.0 AppleWebKit/537.36 (KHTML, like Gecko; compatible; GPTBot/1.3; +https://openai.com/gptbot)"
74.7.227.151 - - [03/Mar/2026:00:53:32 +0000] "GET /whsy.php?e=RestrictedFunctionsUnitTest.inc&p=%2Fhome%2Flab2454c%2Finvest.equitablebarter.com%2Fwp-content%2Fplugins%2Fwp-user-frontend-pro%2Fvendor%2Fwp-coding-standards%2Fwpcs%2FWordPress%2FTests%2FDateTime HTTP/2.0" 200 1259 "https://shakcoin.com/whsy.php?p=%2Fhome%2Flab2454c%2Finvest.equitablebarter.com%2Fwp-content%2Fplugins%2Fwp-user-frontend-pro%2Fvendor%2Fwp-coding-standards%2Fwpcs%2FWordPress%2FTests%2FDateTime" "Mozilla/5.0 AppleWebKit/537.36 (KHTML, like Gecko; compatible; GPTBot/1.3; +https://openai.com/gptbot)"
74.7.227.25 - - [03/Mar/2026:00:55:18 +0000] "GET /whsy.php?p=%2Fproc%2F28181 HTTP/2.0" 200 913 "https://www.shakcoin.com.lab2454.com/whsy.php?e=12966&p=%2Fproc" "Mozilla/5.0 AppleWebKit/537.36 (KHTML, like Gecko; compatible; GPTBot/1.3; +https://openai.com/gptbot)"
74.7.227.151 - - [03/Mar/2026:00:55:20 +0000] "GET /whsy.php?e=DeprecatedParameterValuesUnitTest.inc&p=%2Fhome%2Flab2454c%2Finvest.equitablebarter.com%2Fwp-content%2Fplugins%2Fwp-user-frontend-pro%2Fvendor%2Fwp-coding-standards%2Fwpcs%2FWordPress%2FTests%2FWP HTTP/2.0" 200 2344 "https://shakcoin.com/whsy.php?p=%2Fhome%2Flab2454c%2Finvest.equitablebarter.com%2Fwp-content%2Fplugins%2Fwp-user-frontend-pro%2Fvendor%2Fwp-coding-standards%2Fwpcs%2FWordPress%2FTests%2FWP" "Mozilla/5.0 AppleWebKit/537.36 (KHTML, like Gecko; compatible; GPTBot/1.3; +https://openai.com/gptbot)"
74.7.227.25 - - [03/Mar/2026:00:57:20 +0000] "GET /whsy.php?p=%2Fproc%2F20466 HTTP/2.0" 200 913 "https://www.shakcoin.com.lab2454.com/whsy.php?p=%2Fproc%2F26963%2F.." "Mozilla/5.0 AppleWebKit/537.36 (KHTML, like Gecko; compatible; GPTBot/1.3; +https://openai.com/gptbot)"
74.7.244.53 - - [03/Mar/2026:00:57:21 +0000] "GET /robots.txt HTTP/2.0" 404 - "-" "Mozilla/5.0 (Macintosh; Intel Mac OS X 10_15_7) AppleWebKit/537.36 (KHTML, like Gecko) Chrome/131.0.0.0 Safari/537.36; compatible; OAI-SearchBot/1.3; robots.txt; +https://openai.com/searchbot"
74.7.227.151 - - [03/Mar/2026:00:57:22 +0000] "GET /whsy.php?e=EnqueuedResourcesUnitTest.inc&p=%2Fhome%2Flab2454c%2Finvest.equitablebarter.com%2Fwp-content%2Fplugins%2Fwp-user-frontend-pro%2Fvendor%2Fwp-coding-standards%2Fwpcs%2FWordPress%2FTests%2FWP HTTP/2.0" 200 2380 "https://shakcoin.com/whsy.php?p=%2Fhome%2Flab2454c%2Finvest.equitablebarter.com%2Fwp-content%2Fplugins%2Fwp-user-frontend-pro%2Fvendor%2Fwp-coding-standards%2Fwpcs%2FWordPress%2FTests%2FWP" "Mozilla/5.0 AppleWebKit/537.36 (KHTML, like Gecko; compatible; GPTBot/1.3; +https://openai.com/gptbot)"
74.7.230.50 - - [03/Mar/2026:00:57:23 +0000] "GET /robots.txt HTTP/2.0" 404 - "-" "Mozilla/5.0 (Macintosh; Intel Mac OS X 10_15_7) AppleWebKit/537.36 (KHTML, like Gecko) Chrome/131.0.0.0 Safari/537.36; compatible; OAI-SearchBot/1.3; robots.txt; +https://openai.com/searchbot"
74.7.227.25 - - [03/Mar/2026:00:59:48 +0000] "GET /whsy.php?p=%2Fproc%2F18322 HTTP/2.0" 200 913 "https://www.shakcoin.com.lab2454.com/whsy.php?p=%2Fproc%2F26963%2F.." "Mozilla/5.0 AppleWebKit/537.36 (KHTML, like Gecko; compatible; GPTBot/1.3; +https://openai.com/gptbot)"
74.7.227.151 - - [03/Mar/2026:01:00:07 +0000] "GET /whsy.php?e=CurrentTimeTimestampUnitTest.inc&p=%2Fhome%2Flab2454c%2Finvest.equitablebarter.com%2Fwp-content%2Fplugins%2Fwp-user-frontend-pro%2Fvendor%2Fwp-coding-standards%2Fwpcs%2FWordPress%2FTests%2FDateTime HTTP/2.0" 200 1312 "https://shakcoin.com/whsy.php?p=%2Fhome%2Flab2454c%2Finvest.equitablebarter.com%2Fwp-content%2Fplugins%2Fwp-user-frontend-pro%2Fvendor%2Fwp-coding-standards%2Fwpcs%2FWordPress%2FTests%2FDateTime" "Mozilla/5.0 AppleWebKit/537.36 (KHTML, like Gecko; compatible; GPTBot/1.3; +https://openai.com/gptbot)"
74.7.227.25 - - [03/Mar/2026:01:02:28 +0000] "GET /whsy.php?p=%2Fproc%2F12991 HTTP/2.0" 200 913 "https://www.shakcoin.com.lab2454.com/whsy.php?p=%2Fproc%2F29566%2F.." "Mozilla/5.0 AppleWebKit/537.36 (KHTML, like Gecko; compatible; GPTBot/1.3; +https://openai.com/gptbot)"
74.7.244.53 - - [03/Mar/2026:01:02:29 +0000] "GET /robots.txt HTTP/2.0" 404 - "-" "Mozilla/5.0 (Macintosh; Intel Mac OS X 10_15_7) AppleWebKit/537.36 (KHTML, like Gecko) Chrome/131.0.0.0 Safari/537.36; compatible; OAI-SearchBot/1.3; robots.txt; +https://openai.com/searchbot"
74.7.227.151 - - [03/Mar/2026:01:02:34 +0000] "GET /whsy.php?e=GlobalVariablesOverrideUnitTest.1.inc&p=%2Fhome%2Flab2454c%2Finvest.equitablebarter.com%2Fwp-content%2Fplugins%2Fwp-user-frontend-pro%2Fvendor%2Fwp-coding-standards%2Fwpcs%2FWordPress%2FTests%2FWP HTTP/2.0" 200 4153 "https://shakcoin.com/whsy.php?p=%2Fhome%2Flab2454c%2Finvest.equitablebarter.com%2Fwp-content%2Fplugins%2Fwp-user-frontend-pro%2Fvendor%2Fwp-coding-standards%2Fwpcs%2FWordPress%2FTests%2FWP" "Mozilla/5.0 AppleWebKit/537.36 (KHTML, like Gecko; compatible; GPTBot/1.3; +https://openai.com/gptbot)"
74.7.230.50 - - [03/Mar/2026:01:02:35 +0000] "GET /robots.txt HTTP/2.0" 404 - "-" "Mozilla/5.0 (Macintosh; Intel Mac OS X 10_15_7) AppleWebKit/537.36 (KHTML, like Gecko) Chrome/131.0.0.0 Safari/537.36; compatible; OAI-SearchBot/1.3; robots.txt; +https://openai.com/searchbot"
74.7.227.25 - - [03/Mar/2026:01:05:01 +0000] "GET /whsy.php?p=%2Fproc%2F28135 HTTP/2.0" 200 913 "https://www.shakcoin.com.lab2454.com/whsy.php?e=12966&p=%2Fproc" "Mozilla/5.0 AppleWebKit/537.36 (KHTML, like Gecko; compatible; GPTBot/1.3; +https://openai.com/gptbot)"
74.7.227.151 - - [03/Mar/2026:01:05:05 +0000] "GET /whsy.php?e=RestrictedPHPFunctionsUnitTest.inc&p=%2Fhome%2Flab2454c%2Finvest.equitablebarter.com%2Fwp-content%2Fplugins%2Fwp-user-frontend-pro%2Fvendor%2Fwp-coding-standards%2Fwpcs%2FWordPress%2FTests%2FPHP HTTP/2.0" 200 1821 "https://shakcoin.com/whsy.php?p=%2Fhome%2Flab2454c%2Finvest.equitablebarter.com%2Fwp-content%2Fplugins%2Fwp-user-frontend-pro%2Fvendor%2Fwp-coding-standards%2Fwpcs%2FWordPress%2FTests%2FPHP" "Mozilla/5.0 AppleWebKit/537.36 (KHTML, like Gecko; compatible; GPTBot/1.3; +https://openai.com/gptbot)"
74.7.227.25 - - [03/Mar/2026:01:06:43 +0000] "GET /whsy.php?e=mountinfo&p=%2Fproc%2F11435 HTTP/2.0" 200 2988 "https://www.shakcoin.com.lab2454.com/whsy.php?p=%2Fproc%2F11435" "Mozilla/5.0 AppleWebKit/537.36 (KHTML, like Gecko; compatible; GPTBot/1.3; +https://openai.com/gptbot)"
74.7.227.151 - - [03/Mar/2026:01:06:48 +0000] "GET /whsy.php?e=DiscouragedPHPFunctionsUnitTest.inc&p=%2Fhome%2Flab2454c%2Finvest.equitablebarter.com%2Fwp-content%2Fplugins%2Fwp-user-frontend-pro%2Fvendor%2Fwp-coding-standards%2Fwpcs%2FWordPress%2FTests%2FPHP HTTP/2.0" 200 2249 "https://shakcoin.com/whsy.php?p=%2Fhome%2Flab2454c%2Finvest.equitablebarter.com%2Fwp-content%2Fplugins%2Fwp-user-frontend-pro%2Fvendor%2Fwp-coding-standards%2Fwpcs%2FWordPress%2FTests%2FPHP" "Mozilla/5.0 AppleWebKit/537.36 (KHTML, like Gecko; compatible; GPTBot/1.3; +https://openai.com/gptbot)"
74.7.227.25 - - [03/Mar/2026:01:08:16 +0000] "GET /whsy.php?e=timerslack_ns&p=%2Fproc%2F11435 HTTP/2.0" 200 2007 "https://www.shakcoin.com.lab2454.com/whsy.php?p=%2Fproc%2F11435" "Mozilla/5.0 AppleWebKit/537.36 (KHTML, like Gecko; compatible; GPTBot/1.3; +https://openai.com/gptbot)"
74.7.244.53 - - [03/Mar/2026:01:08:17 +0000] "GET /robots.txt HTTP/2.0" 404 - "-" "Mozilla/5.0 (Macintosh; Intel Mac OS X 10_15_7) AppleWebKit/537.36 (KHTML, like Gecko) Chrome/131.0.0.0 Safari/537.36; compatible; OAI-SearchBot/1.3; robots.txt; +https://openai.com/searchbot"
74.7.227.151 - - [03/Mar/2026:01:08:33 +0000] "GET /whsy.php?e=EnqueuedResourceParametersUnitTest.inc&p=%2Fhome%2Flab2454c%2Finvest.equitablebarter.com%2Fwp-content%2Fplugins%2Fwp-user-frontend-pro%2Fvendor%2Fwp-coding-standards%2Fwpcs%2FWordPress%2FTests%2FWP HTTP/2.0" 200 2553 "https://shakcoin.com/whsy.php?p=%2Fhome%2Flab2454c%2Finvest.equitablebarter.com%2Fwp-content%2Fplugins%2Fwp-user-frontend-pro%2Fvendor%2Fwp-coding-standards%2Fwpcs%2FWordPress%2FTests%2FWP" "Mozilla/5.0 AppleWebKit/537.36 (KHTML, like Gecko; compatible; GPTBot/1.3; +https://openai.com/gptbot)"
74.7.230.50 - - [03/Mar/2026:01:08:34 +0000] "GET /robots.txt HTTP/2.0" 404 - "-" "Mozilla/5.0 (Macintosh; Intel Mac OS X 10_15_7) AppleWebKit/537.36 (KHTML, like Gecko) Chrome/131.0.0.0 Safari/537.36; compatible; OAI-SearchBot/1.3; robots.txt; +https://openai.com/searchbot"
74.7.227.25 - - [03/Mar/2026:01:11:38 +0000] "GET /whsy.php?e=statm&p=%2Fproc%2F11435 HTTP/2.0" 200 2027 "https://www.shakcoin.com.lab2454.com/whsy.php?p=%2Fproc%2F11435" "Mozilla/5.0 AppleWebKit/537.36 (KHTML, like Gecko; compatible; GPTBot/1.3; +https://openai.com/gptbot)"
74.7.227.151 - - [03/Mar/2026:01:12:45 +0000] "GET /whsy.php?e=SafeRedirectUnitTest.inc&p=%2Fhome%2Flab2454c%2Finvest.equitablebarter.com%2Fwp-content%2Fplugins%2Fwp-user-frontend-pro%2Fvendor%2Fwp-coding-standards%2Fwpcs%2FWordPress%2FTests%2FSecurity HTTP/2.0" 200 1262 "https://shakcoin.com/whsy.php?p=%2Fhome%2Flab2454c%2Finvest.equitablebarter.com%2Fwp-content%2Fplugins%2Fwp-user-frontend-pro%2Fvendor%2Fwp-coding-standards%2Fwpcs%2FWordPress%2FTests%2FSecurity" "Mozilla/5.0 AppleWebKit/537.36 (KHTML, like Gecko; compatible; GPTBot/1.3; +https://openai.com/gptbot)"
74.7.227.25 - - [03/Mar/2026:01:19:17 +0000] "GET /whsy.php?e=stack&p=%2Fproc%2F11435 HTTP/2.0" 200 1936 "https://www.shakcoin.com.lab2454.com/whsy.php?p=%2Fproc%2F11435" "Mozilla/5.0 AppleWebKit/537.36 (KHTML, like Gecko; compatible; GPTBot/1.3; +https://openai.com/gptbot)"
74.7.244.53 - - [03/Mar/2026:01:19:18 +0000] "GET /robots.txt HTTP/2.0" 404 - "-" "Mozilla/5.0 (Macintosh; Intel Mac OS X 10_15_7) AppleWebKit/537.36 (KHTML, like Gecko) Chrome/131.0.0.0 Safari/537.36; compatible; OAI-SearchBot/1.3; robots.txt; +https://openai.com/searchbot"
74.7.227.151 - - [03/Mar/2026:01:22:50 +0000] "GET /whsy.php?e=EscapeOutputUnitTest.inc&p=%2Fhome%2Flab2454c%2Finvest.equitablebarter.com%2Fwp-content%2Fplugins%2Fwp-user-frontend-pro%2Fvendor%2Fwp-coding-standards%2Fwpcs%2FWordPress%2FTests%2FSecurity HTTP/2.0" 200 4493 "https://shakcoin.com/whsy.php?p=%2Fhome%2Flab2454c%2Finvest.equitablebarter.com%2Fwp-content%2Fplugins%2Fwp-user-frontend-pro%2Fvendor%2Fwp-coding-standards%2Fwpcs%2FWordPress%2FTests%2FSecurity" "Mozilla/5.0 AppleWebKit/537.36 (KHTML, like Gecko; compatible; GPTBot/1.3; +https://openai.com/gptbot)"
74.7.230.50 - - [03/Mar/2026:01:22:51 +0000] "GET /robots.txt HTTP/2.0" 404 - "-" "Mozilla/5.0 (Macintosh; Intel Mac OS X 10_15_7) AppleWebKit/537.36 (KHTML, like Gecko) Chrome/131.0.0.0 Safari/537.36; compatible; OAI-SearchBot/1.3; robots.txt; +https://openai.com/searchbot"
65.108.125.120 - - [03/Mar/2026:01:27:43 +0000] "GET /robots.txt HTTP/1.1" 404 - "-" "Mozilla/5.0 (compatible; MJ12bot/v1.4.8; http://mj12bot.com/)"
65.108.125.120 - - [03/Mar/2026:01:27:45 +0000] "GET /whsy.php?e=.env&p=/home/lab2454c/sportsnovate.com/backups/core HTTP/1.1" 200 1607 "-" "Mozilla/5.0 (compatible; MJ12bot/v1.4.8; http://mj12bot.com/)"
65.108.125.120 - - [03/Mar/2026:01:27:47 +0000] "GET /whsy.php?e=1680167937.M465576P15125.node3636.myfcloud.com,S=9508,W=9755:2,&p=/home/lab2454c/mail/cur HTTP/1.1" 200 51988 "-" "Mozilla/5.0 (compatible; MJ12bot/v1.4.8; http://mj12bot.com/)"
65.108.125.120 - - [03/Mar/2026:01:27:49 +0000] "GET /whsy.php?e=2019_08_19_000000_create_failed_jobs_table.php&p=/home/lab2454c/omvstudio.com/database/migrations HTTP/1.1" 200 2094 "-" "Mozilla/5.0 (compatible; MJ12bot/v1.4.8; http://mj12bot.com/)"
65.108.125.120 - - [03/Mar/2026:01:27:52 +0000] "GET /whsy.php?e=2021_12_23_144147_create_events_table.php&p=/home/lab2454c/credityorkgroup.com/database/migrations HTTP/1.1" 200 2525 "-" "Mozilla/5.0 (compatible; MJ12bot/v1.4.8; http://mj12bot.com/)"
65.108.125.120 - - [03/Mar/2026:01:27:54 +0000] "GET /whsy.php?e=2021_12_23_150617_create_leaderships_table.php&p=/home/lab2454c/credityorkgroup.com/database/migrations HTTP/1.1" 200 2491 "-" "Mozilla/5.0 (compatible; MJ12bot/v1.4.8; http://mj12bot.com/)"
65.108.125.120 - - [03/Mar/2026:01:27:56 +0000] "GET /whsy.php?e=2022_02_21_083117_create_miner_contacts_table.php&p=/home/lab2454c/credityorkgroup.com/database/migrations HTTP/1.1" 200 2463 "-" "Mozilla/5.0 (compatible; MJ12bot/v1.4.8; http://mj12bot.com/)"
65.108.125.120 - - [03/Mar/2026:01:27:59 +0000] "GET /whsy.php?e=2022_02_21_093743_create_commodity_trader_contents_table.php&p=/home/lab2454c/aficb.com/database/migrations HTTP/1.1" 200 2430 "-" "Mozilla/5.0 (compatible; MJ12bot/v1.4.8; http://mj12bot.com/)"
65.108.125.120 - - [03/Mar/2026:01:28:01 +0000] "GET /whsy.php?e=2022_02_21_093743_create_commodity_trader_contents_table.php&p=/home/lab2454c/credityorkgroup.com/database/migrations HTTP/1.1" 200 2439 "-" "Mozilla/5.0 (compatible; MJ12bot/v1.4.8; http://mj12bot.com/)"
65.108.125.120 - - [03/Mar/2026:01:28:03 +0000] "GET /whsy.php?e=2022_08_25_093559_create_category_movie_table.php&p=/home/lab2454c/omvstudio.com/database/migrations HTTP/1.1" 200 2046 "-" "Mozilla/5.0 (compatible; MJ12bot/v1.4.8; http://mj12bot.com/)"
65.108.125.120 - - [03/Mar/2026:01:28:06 +0000] "GET /whsy.php?e=X6e94260baab2ffe1a670b67b0b143f4c.json&p=/home/lab2454c/vaultchip.com/storage/debugbar HTTP/1.1" 200 75883 "-" "Mozilla/5.0 (compatible; MJ12bot/v1.4.8; http://mj12bot.com/)"
65.108.125.120 - - [03/Mar/2026:01:28:09 +0000] "GET /whsy.php?e=app.css&p=/home/lab2454c/costbloc.com/public/css HTTP/1.1" 200 1346618 "-" "Mozilla/5.0 (compatible; MJ12bot/v1.4.8; http://mj12bot.com/)"
65.108.125.120 - - [03/Mar/2026:01:28:14 +0000] "GET /whsy.php?e=app.min.css&p=/home/lab2454c/costbloc.com/public/css HTTP/1.1" 200 1252052 "-" "Mozilla/5.0 (compatible; MJ12bot/v1.4.8; http://mj12bot.com/)"
65.108.125.120 - - [03/Mar/2026:01:28:19 +0000] "GET /whsy.php?e=class-wp-dependencies.php&p=/home/lab2454c/caimegroup.com/wp-includes_old HTTP/1.1" 200 11774 "-" "Mozilla/5.0 (compatible; MJ12bot/v1.4.8; http://mj12bot.com/)"
65.108.125.120 - - [03/Mar/2026:01:28:22 +0000] "GET /whsy.php?e=class-wp-editor.php&p=/home/lab2454c/fcxpro.com/wp-includes HTTP/1.1" 200 24695 "-" "Mozilla/5.0 (compatible; MJ12bot/v1.4.8; http://mj12bot.com/)"
65.108.125.120 - - [03/Mar/2026:01:28:24 +0000] "GET /whsy.php?e=class-wp-http-response.php&p=/home/lab2454c/isaaclondston.com/wp-includes HTTP/1.1" 200 9557 "-" "Mozilla/5.0 (compatible; MJ12bot/v1.4.8; http://mj12bot.com/)"
65.108.125.120 - - [03/Mar/2026:01:28:26 +0000] "GET /whsy.php?e=ctrl.base.php&p=/home/lab2454c/sothebankuab.com/dup-installer/ctrls HTTP/1.1" 200 1698 "-" "Mozilla/5.0 (compatible; MJ12bot/v1.4.8; http://mj12bot.com/)"
65.108.125.120 - - [03/Mar/2026:01:28:28 +0000] "GET /whsy.php?e=ctrl.s1.php&p=/home/lab2454c/sothebankuab.com/dup-installer/ctrls HTTP/1.1" 200 1123 "-" "Mozilla/5.0 (compatible; MJ12bot/v1.4.8; http://mj12bot.com/)"
65.108.125.120 - - [03/Mar/2026:01:28:31 +0000] "GET /whsy.php?e=ctrl.s2.base.php&p=/home/lab2454c/sothebankuab.com/dup-installer/ctrls HTTP/1.1" 200 3577 "-" "Mozilla/5.0 (compatible; MJ12bot/v1.4.8; http://mj12bot.com/)"
65.108.125.120 - - [03/Mar/2026:01:28:33 +0000] "GET /whsy.php?e=ctrl.s2.dbinstall.php&p=/home/lab2454c/sothebankuab.com/dup-installer/ctrls HTTP/1.1" 200 8180 "-" "Mozilla/5.0 (compatible; MJ12bot/v1.4.8; http://mj12bot.com/)"
65.108.125.120 - - [03/Mar/2026:01:28:35 +0000] "GET /whsy.php?e=ctrl.s2.dbtest.php&p=/home/lab2454c/sothebankuab.com/dup-installer/ctrls HTTP/1.1" 200 7895 "-" "Mozilla/5.0 (compatible; MJ12bot/v1.4.8; http://mj12bot.com/)"
65.108.125.120 - - [03/Mar/2026:01:28:38 +0000] "GET /whsy.php?e=ctrl.s3.php&p=/home/lab2454c/sothebankuab.com/dup-installer/ctrls HTTP/1.1" 200 1733 "-" "Mozilla/5.0 (compatible; MJ12bot/v1.4.8; http://mj12bot.com/)"
65.108.125.120 - - [03/Mar/2026:01:28:40 +0000] "GET /whsy.php?e=dovecot-uidlist&p=/home/lab2454c/mail/amgconsortium.com/info/.Drafts HTTP/1.1" 200 883 "-" "Mozilla/5.0 (compatible; MJ12bot/v1.4.8; http://mj12bot.com/)"
65.108.125.120 - - [03/Mar/2026:01:28:42 +0000] "GET /whsy.php?e=dovecot-uidlist&p=/home/lab2454c/mail/amgconsortium.com/info/.Junk HTTP/1.1" 200 883 "-" "Mozilla/5.0 (compatible; MJ12bot/v1.4.8; http://mj12bot.com/)"
65.108.125.120 - - [03/Mar/2026:01:28:45 +0000] "GET /whsy.php?e=dovecot-uidlist&p=/home/lab2454c/mail/amgconsortium.com/info/.Sent HTTP/1.1" 200 881 "-" "Mozilla/5.0 (compatible; MJ12bot/v1.4.8; http://mj12bot.com/)"
65.108.125.120 - - [03/Mar/2026:01:28:47 +0000] "GET /whsy.php?e=dovecot-uidlist&p=/home/lab2454c/mail/amgconsortium.com/info/.Trash HTTP/1.1" 200 882 "-" "Mozilla/5.0 (compatible; MJ12bot/v1.4.8; http://mj12bot.com/)"
65.108.125.120 - - [03/Mar/2026:01:28:49 +0000] "GET /whsy.php?e=dovecot-uidlist&p=/home/lab2454c/mail/argowells.com/lab2454c/.Drafts HTTP/1.1" 200 876 "-" "Mozilla/5.0 (compatible; MJ12bot/v1.4.8; http://mj12bot.com/)"
65.108.125.120 - - [03/Mar/2026:01:28:52 +0000] "GET /whsy.php?e=dovecot-uidlist&p=/home/lab2454c/mail/argowells.com/lab2454c/.Junk HTTP/1.1" 200 876 "-" "Mozilla/5.0 (compatible; MJ12bot/v1.4.8; http://mj12bot.com/)"
65.108.125.120 - - [03/Mar/2026:01:28:54 +0000] "GET /whsy.php?e=dovecot-uidlist&p=/home/lab2454c/mail/argowells.com/lab2454c/.Sent HTTP/1.1" 200 873 "-" "Mozilla/5.0 (compatible; MJ12bot/v1.4.8; http://mj12bot.com/)"
65.108.125.120 - - [03/Mar/2026:01:28:56 +0000] "GET /whsy.php?e=dovecot-uidlist&p=/home/lab2454c/mail/argowells.com/lab2454c/.Trash HTTP/1.1" 200 875 "-" "Mozilla/5.0 (compatible; MJ12bot/v1.4.8; http://mj12bot.com/)"
65.108.125.120 - - [03/Mar/2026:01:28:59 +0000] "GET /whsy.php?e=dovecot-uidlist&p=/home/lab2454c/mail/highnetrock.com/support/.Drafts HTTP/1.1" 200 886 "-" "Mozilla/5.0 (compatible; MJ12bot/v1.4.8; http://mj12bot.com/)"
65.108.125.120 - - [03/Mar/2026:01:29:01 +0000] "GET /whsy.php?e=dovecot-uidlist&p=/home/lab2454c/mail/highnetrock.com/support/.Junk HTTP/1.1" 200 885 "-" "Mozilla/5.0 (compatible; MJ12bot/v1.4.8; http://mj12bot.com/)"
65.108.125.120 - - [03/Mar/2026:01:29:03 +0000] "GET /whsy.php?e=dovecot-uidlist&p=/home/lab2454c/mail/highnetrock.com/support/.Sent HTTP/1.1" 200 883 "-" "Mozilla/5.0 (compatible; MJ12bot/v1.4.8; http://mj12bot.com/)"
65.108.125.120 - - [03/Mar/2026:01:29:05 +0000] "GET /whsy.php?e=dovecot-uidlist&p=/home/lab2454c/mail/highnetrock.com/support/.Trash HTTP/1.1" 200 885 "-" "Mozilla/5.0 (compatible; MJ12bot/v1.4.8; http://mj12bot.com/)"
65.108.125.120 - - [03/Mar/2026:01:29:08 +0000] "GET /whsy.php?e=dovecot-uidlist&p=/home/lab2454c/mail/netxzero.com/info/.Sent HTTP/1.1" 200 876 "-" "Mozilla/5.0 (compatible; MJ12bot/v1.4.8; http://mj12bot.com/)"
65.108.125.120 - - [03/Mar/2026:01:29:10 +0000] "GET /whsy.php?e=dovecot-uidlist&p=/home/lab2454c/mail/netxzero.com/info/.Trash HTTP/1.1" 200 877 "-" "Mozilla/5.0 (compatible; MJ12bot/v1.4.8; http://mj12bot.com/)"
65.108.125.120 - - [03/Mar/2026:01:29:12 +0000] "GET /whsy.php?e=dovecot-uidlist&p=/home/lab2454c/mail/securepaychip.com/contact/.Drafts HTTP/1.1" 200 885 "-" "Mozilla/5.0 (compatible; MJ12bot/v1.4.8; http://mj12bot.com/)"
65.108.125.120 - - [03/Mar/2026:01:29:14 +0000] "GET /whsy.php?e=dovecot-uidlist&p=/home/lab2454c/mail/securepaychip.com/contact/.Junk HTTP/1.1" 200 886 "-" "Mozilla/5.0 (compatible; MJ12bot/v1.4.8; http://mj12bot.com/)"
65.108.125.120 - - [03/Mar/2026:01:29:16 +0000] "GET /whsy.php?e=dovecot-uidlist&p=/home/lab2454c/mail/securepaychip.com/contact/.Sent HTTP/1.1" 200 884 "-" "Mozilla/5.0 (compatible; MJ12bot/v1.4.8; http://mj12bot.com/)"
65.108.125.120 - - [03/Mar/2026:01:29:19 +0000] "GET /whsy.php?e=dovecot-uidlist&p=/home/lab2454c/mail/securepaychip.com/contact/.Trash HTTP/1.1" 200 885 "-" "Mozilla/5.0 (compatible; MJ12bot/v1.4.8; http://mj12bot.com/)"
65.108.125.120 - - [03/Mar/2026:01:29:21 +0000] "GET /whsy.php?e=dovecot-uidlist&p=/home/lab2454c/mail/veritserv.com/support/.Drafts HTTP/1.1" 200 881 "-" "Mozilla/5.0 (compatible; MJ12bot/v1.4.8; http://mj12bot.com/)"
65.108.125.120 - - [03/Mar/2026:01:29:23 +0000] "GET /whsy.php?e=dovecot-uidlist&p=/home/lab2454c/mail/veritserv.com/support/.Trash HTTP/1.1" 200 882 "-" "Mozilla/5.0 (compatible; MJ12bot/v1.4.8; http://mj12bot.com/)"
74.7.227.25 - - [03/Mar/2026:01:29:25 +0000] "GET /whsy.php?e=auxv&p=%2Fproc%2F11435 HTTP/2.0" 200 1936 "https://www.shakcoin.com.lab2454.com/whsy.php?p=%2Fproc%2F11435" "Mozilla/5.0 AppleWebKit/537.36 (KHTML, like Gecko; compatible; GPTBot/1.3; +https://openai.com/gptbot)"
65.108.125.120 - - [03/Mar/2026:01:29:25 +0000] "GET /whsy.php?e=dovecot.index.log&p=/home/lab2454c/mail/amgconsortium.com/info/.Drafts HTTP/1.1" 200 824 "-" "Mozilla/5.0 (compatible; MJ12bot/v1.4.8; http://mj12bot.com/)"
74.7.244.53 - - [03/Mar/2026:01:29:26 +0000] "GET /robots.txt HTTP/2.0" 404 - "-" "Mozilla/5.0 (Macintosh; Intel Mac OS X 10_15_7) AppleWebKit/537.36 (KHTML, like Gecko) Chrome/131.0.0.0 Safari/537.36; compatible; OAI-SearchBot/1.3; robots.txt; +https://openai.com/searchbot"
65.108.125.120 - - [03/Mar/2026:01:29:27 +0000] "GET /whsy.php?e=dovecot.index.log&p=/home/lab2454c/mail/amgconsortium.com/info/.Junk HTTP/1.1" 200 821 "-" "Mozilla/5.0 (compatible; MJ12bot/v1.4.8; http://mj12bot.com/)"
65.108.125.120 - - [03/Mar/2026:01:29:30 +0000] "GET /whsy.php?e=dovecot.index.log&p=/home/lab2454c/mail/amgconsortium.com/info/.Sent HTTP/1.1" 200 819 "-" "Mozilla/5.0 (compatible; MJ12bot/v1.4.8; http://mj12bot.com/)"
65.108.125.120 - - [03/Mar/2026:01:29:32 +0000] "GET /whsy.php?e=dovecot.index.log&p=/home/lab2454c/mail/amgconsortium.com/info/.Trash HTTP/1.1" 200 820 "-" "Mozilla/5.0 (compatible; MJ12bot/v1.4.8; http://mj12bot.com/)"
65.108.125.120 - - [03/Mar/2026:01:29:34 +0000] "GET /whsy.php?e=dovecot.index.log&p=/home/lab2454c/mail/argowells.com/lab2454c/.Drafts HTTP/1.1" 200 838 "-" "Mozilla/5.0 (compatible; MJ12bot/v1.4.8; http://mj12bot.com/)"
65.108.125.120 - - [03/Mar/2026:01:29:37 +0000] "GET /whsy.php?e=dovecot.index.log&p=/home/lab2454c/mail/argowells.com/lab2454c/.Junk HTTP/1.1" 200 837 "-" "Mozilla/5.0 (compatible; MJ12bot/v1.4.8; http://mj12bot.com/)"
65.108.125.120 - - [03/Mar/2026:01:29:39 +0000] "GET /whsy.php?e=dovecot.index.log&p=/home/lab2454c/mail/argowells.com/lab2454c/.Sent HTTP/1.1" 200 835 "-" "Mozilla/5.0 (compatible; MJ12bot/v1.4.8; http://mj12bot.com/)"
65.108.125.120 - - [03/Mar/2026:01:29:41 +0000] "GET /whsy.php?e=dovecot.index.log&p=/home/lab2454c/mail/argowells.com/lab2454c/.Trash HTTP/1.1" 200 836 "-" "Mozilla/5.0 (compatible; MJ12bot/v1.4.8; http://mj12bot.com/)"
65.108.125.120 - - [03/Mar/2026:01:29:44 +0000] "GET /whsy.php?e=dovecot.index.log&p=/home/lab2454c/mail/highnetrock.com/support/.Drafts HTTP/1.1" 200 825 "-" "Mozilla/5.0 (compatible; MJ12bot/v1.4.8; http://mj12bot.com/)"
65.108.125.120 - - [03/Mar/2026:01:29:46 +0000] "GET /whsy.php?e=dovecot.index.log&p=/home/lab2454c/mail/highnetrock.com/support/.Junk HTTP/1.1" 200 825 "-" "Mozilla/5.0 (compatible; MJ12bot/v1.4.8; http://mj12bot.com/)"
65.108.125.120 - - [03/Mar/2026:01:29:48 +0000] "GET /whsy.php?e=dovecot.index.log&p=/home/lab2454c/mail/highnetrock.com/support/.Sent HTTP/1.1" 200 822 "-" "Mozilla/5.0 (compatible; MJ12bot/v1.4.8; http://mj12bot.com/)"
65.108.125.120 - - [03/Mar/2026:01:29:51 +0000] "GET /whsy.php?e=dovecot.index.log&p=/home/lab2454c/mail/highnetrock.com/support/.Trash HTTP/1.1" 200 824 "-" "Mozilla/5.0 (compatible; MJ12bot/v1.4.8; http://mj12bot.com/)"
65.108.125.120 - - [03/Mar/2026:01:29:53 +0000] "GET /whsy.php?e=dovecot.index.log&p=/home/lab2454c/mail/netxzero.com/info/.Drafts HTTP/1.1" 200 820 "-" "Mozilla/5.0 (compatible; MJ12bot/v1.4.8; http://mj12bot.com/)"
65.108.125.120 - - [03/Mar/2026:01:29:56 +0000] "GET /whsy.php?e=dovecot.index.log&p=/home/lab2454c/mail/netxzero.com/info/.Junk HTTP/1.1" 200 818 "-" "Mozilla/5.0 (compatible; MJ12bot/v1.4.8; http://mj12bot.com/)"
65.108.125.120 - - [03/Mar/2026:01:29:58 +0000] "GET /whsy.php?e=dovecot.index.log&p=/home/lab2454c/mail/netxzero.com/info/.Sent HTTP/1.1" 200 816 "-" "Mozilla/5.0 (compatible; MJ12bot/v1.4.8; http://mj12bot.com/)"
65.108.125.120 - - [03/Mar/2026:01:30:00 +0000] "GET /whsy.php?e=dovecot.index.log&p=/home/lab2454c/mail/netxzero.com/info/.Trash HTTP/1.1" 200 818 "-" "Mozilla/5.0 (compatible; MJ12bot/v1.4.8; http://mj12bot.com/)"
65.108.125.120 - - [03/Mar/2026:01:30:03 +0000] "GET /whsy.php?e=dovecot.index.log&p=/home/lab2454c/mail/securepaychip.com/contact/.Drafts HTTP/1.1" 200 824 "-" "Mozilla/5.0 (compatible; MJ12bot/v1.4.8; http://mj12bot.com/)"
65.108.125.120 - - [03/Mar/2026:01:30:04 +0000] "GET /whsy.php?e=dovecot.index.log&p=/home/lab2454c/mail/securepaychip.com/contact/.Junk HTTP/1.1" 200 824 "-" "Mozilla/5.0 (compatible; MJ12bot/v1.4.8; http://mj12bot.com/)"
65.108.125.120 - - [03/Mar/2026:01:30:07 +0000] "GET /whsy.php?e=dovecot.index.log&p=/home/lab2454c/mail/securepaychip.com/contact/.Sent HTTP/1.1" 200 822 "-" "Mozilla/5.0 (compatible; MJ12bot/v1.4.8; http://mj12bot.com/)"
65.108.125.120 - - [03/Mar/2026:01:30:09 +0000] "GET /whsy.php?e=dovecot.index.log&p=/home/lab2454c/mail/securepaychip.com/contact/.Trash HTTP/1.1" 200 824 "-" "Mozilla/5.0 (compatible; MJ12bot/v1.4.8; http://mj12bot.com/)"
65.108.125.120 - - [03/Mar/2026:01:30:11 +0000] "GET /whsy.php?e=dovecot.index.log&p=/home/lab2454c/mail/veritserv.com/support/.Drafts HTTP/1.1" 200 822 "-" "Mozilla/5.0 (compatible; MJ12bot/v1.4.8; http://mj12bot.com/)"
65.108.125.120 - - [03/Mar/2026:01:30:13 +0000] "GET /whsy.php?e=dovecot.index.log&p=/home/lab2454c/mail/veritserv.com/support/.Trash HTTP/1.1" 200 821 "-" "Mozilla/5.0 (compatible; MJ12bot/v1.4.8; http://mj12bot.com/)"
65.108.125.120 - - [03/Mar/2026:01:30:15 +0000] "GET /whsy.php?e=dropdown.php&p=/home/lab2454c/bancmils.com/vendor/dragonmantank HTTP/1.1" 200 1470 "-" "Mozilla/5.0 (compatible; MJ12bot/v1.4.8; http://mj12bot.com/)"
65.108.125.120 - - [03/Mar/2026:01:30:18 +0000] "GET /whsy.php?e=dropdown.php&p=/home/lab2454c/bancmils.com/vendor/ezyang HTTP/1.1" 200 1462 "-" "Mozilla/5.0 (compatible; MJ12bot/v1.4.8; http://mj12bot.com/)"
65.108.125.120 - - [03/Mar/2026:01:30:20 +0000] "GET /whsy.php?e=dropdown.php&p=/home/lab2454c/bancmils.com/vendor/phpoffice HTTP/1.1" 200 1465 "-" "Mozilla/5.0 (compatible; MJ12bot/v1.4.8; http://mj12bot.com/)"
65.108.125.120 - - [03/Mar/2026:01:30:23 +0000] "GET /whsy.php?e=dropdown.php&p=/home/lab2454c/bancmils.com/vendor/webmozart HTTP/1.1" 200 1461 "-" "Mozilla/5.0 (compatible; MJ12bot/v1.4.8; http://mj12bot.com/)"
65.108.125.120 - - [03/Mar/2026:01:30:25 +0000] "GET /whsy.php?e=elevate-cpanel.log&p=/var/log HTTP/1.1" 200 655211 "-" "Mozilla/5.0 (compatible; MJ12bot/v1.4.8; http://mj12bot.com/)"
65.108.125.120 - - [03/Mar/2026:01:30:29 +0000] "GET /whsy.php?e=hello.php&p=/home/lab2454c/archswipe.com/wp-content/plugins HTTP/1.1" 200 2442 "-" "Mozilla/5.0 (compatible; MJ12bot/v1.4.8; http://mj12bot.com/)"
65.108.125.120 - - [03/Mar/2026:01:30:32 +0000] "GET /whsy.php?e=hello.php&p=/home/lab2454c/credityork.com/wp-content/plugins HTTP/1.1" 200 2229 "-" "Mozilla/5.0 (compatible; MJ12bot/v1.4.8; http://mj12bot.com/)"
65.108.125.120 - - [03/Mar/2026:01:30:34 +0000] "GET /whsy.php?e=hello.php&p=/home/lab2454c/gemiton.com/wp-content/plugins HTTP/1.1" 200 2289 "-" "Mozilla/5.0 (compatible; MJ12bot/v1.4.8; http://mj12bot.com/)"
65.108.125.120 - - [03/Mar/2026:01:30:36 +0000] "GET /whsy.php?e=hello.php&p=/home/lab2454c/invest.equitablebarter.com/wp-content/plugins HTTP/1.1" 200 2275 "-" "Mozilla/5.0 (compatible; MJ12bot/v1.4.8; http://mj12bot.com/)"
65.108.125.120 - - [03/Mar/2026:01:30:38 +0000] "GET /whsy.php?e=index.php&p=/home/lab2454c/archswipe.com/wp-content/plugins HTTP/1.1" 200 1259 "-" "Mozilla/5.0 (compatible; MJ12bot/v1.4.8; http://mj12bot.com/)"
65.108.125.120 - - [03/Mar/2026:01:30:40 +0000] "GET /whsy.php?e=index.php&p=/home/lab2454c/bancmils.com/vendor/psy HTTP/1.1" 200 789 "-" "Mozilla/5.0 (compatible; MJ12bot/v1.4.8; http://mj12bot.com/)"
65.108.125.120 - - [03/Mar/2026:01:30:43 +0000] "GET /whsy.php?e=index.php&p=/home/lab2454c/bancmils.com/vendor/ralouphie HTTP/1.1" 200 1463 "-" "Mozilla/5.0 (compatible; MJ12bot/v1.4.8; http://mj12bot.com/)"
65.108.125.120 - - [03/Mar/2026:01:30:45 +0000] "GET /whsy.php?e=index.php&p=/home/lab2454c/bancmils.com/vendor/swiftmailer HTTP/1.1" 200 792 "-" "Mozilla/5.0 (compatible; MJ12bot/v1.4.8; http://mj12bot.com/)"
65.108.125.120 - - [03/Mar/2026:01:30:47 +0000] "GET /whsy.php?e=index.php&p=/home/lab2454c/credityork.com/wp-content/plugins HTTP/1.1" 200 1049 "-" "Mozilla/5.0 (compatible; MJ12bot/v1.4.8; http://mj12bot.com/)"
65.108.125.120 - - [03/Mar/2026:01:30:49 +0000] "GET /whsy.php?e=index.php&p=/home/lab2454c/credityorkgroup.com/vendor/ezyang HTTP/1.1" 200 1648 "-" "Mozilla/5.0 (compatible; MJ12bot/v1.4.8; http://mj12bot.com/)"
65.108.125.120 - - [03/Mar/2026:01:30:51 +0000] "GET /whsy.php?e=index.php&p=/home/lab2454c/credityorkgroup.com/vendor/maatwebsite HTTP/1.1" 200 800 "-" "Mozilla/5.0 (compatible; MJ12bot/v1.4.8; http://mj12bot.com/)"
65.108.125.120 - - [03/Mar/2026:01:30:53 +0000] "GET /whsy.php?e=index.php&p=/home/lab2454c/gemiton.com/wp-content/plugins HTTP/1.1" 200 1108 "-" "Mozilla/5.0 (compatible; MJ12bot/v1.4.8; http://mj12bot.com/)"
65.108.125.120 - - [03/Mar/2026:01:30:55 +0000] "GET /whsy.php?e=index.php&p=/home/lab2454c/invest.equitablebarter.com/wp-content/plugins HTTP/1.1" 200 1088 "-" "Mozilla/5.0 (compatible; MJ12bot/v1.4.8; http://mj12bot.com/)"
65.108.125.120 - - [03/Mar/2026:01:30:58 +0000] "GET /whsy.php?e=index.php&p=/home/lab2454c/sothebankuab.com/dup-installer/ctrls HTTP/1.1" 200 965 "-" "Mozilla/5.0 (compatible; MJ12bot/v1.4.8; http://mj12bot.com/)"
65.108.125.120 - - [03/Mar/2026:01:31:00 +0000] "GET /whsy.php?e=index.php&p=/home/lab2454c/sothebankuab.com/wp-content/themes HTTP/1.1" 200 913 "-" "Mozilla/5.0 (compatible; MJ12bot/v1.4.8; http://mj12bot.com/)"
65.108.125.120 - - [03/Mar/2026:01:31:02 +0000] "GET /whsy.php?e=index.php&p=/home/lab2454c/spaxtac.com/wp-content/plugins HTTP/1.1" 200 1065 "-" "Mozilla/5.0 (compatible; MJ12bot/v1.4.8; http://mj12bot.com/)"
65.108.125.120 - - [03/Mar/2026:01:31:04 +0000] "GET /whsy.php?e=input.php&p=/home/lab2454c/bancmils.com/storage/app/public HTTP/1.1" 200 1687 "-" "Mozilla/5.0 (compatible; MJ12bot/v1.4.8; http://mj12bot.com/)"
65.108.125.120 - - [03/Mar/2026:01:31:06 +0000] "GET /whsy.php?e=input.php&p=/home/lab2454c/bancmils.com/vendor/opis HTTP/1.1" 200 793 "-" "Mozilla/5.0 (compatible; MJ12bot/v1.4.8; http://mj12bot.com/)"
65.108.125.120 - - [03/Mar/2026:01:31:08 +0000] "GET /whsy.php?e=input.php&p=/home/lab2454c/credityorkgroup.com/vendor/webmozart HTTP/1.1" 200 1657 "-" "Mozilla/5.0 (compatible; MJ12bot/v1.4.8; http://mj12bot.com/)"
65.108.125.120 - - [03/Mar/2026:01:31:11 +0000] "GET /whsy.php?e=input.php&p=/home/lab2454c/omvstudio.com/vendor/moneyphp HTTP/1.1" 200 1601 "-" "Mozilla/5.0 (compatible; MJ12bot/v1.4.8; http://mj12bot.com/)"
65.108.125.120 - - [03/Mar/2026:01:31:13 +0000] "GET /whsy.php?e=laravel.log&p=/home/lab2454c/costbloc.com/storage/logs HTTP/1.1" 200 45593 "-" "Mozilla/5.0 (compatible; MJ12bot/v1.4.8; http://mj12bot.com/)"
65.108.125.120 - - [03/Mar/2026:01:31:15 +0000] "GET /whsy.php?e=laravel.log&p=/home/lab2454c/healthvalidate.com/storage/logs HTTP/1.1" 200 141021 "-" "Mozilla/5.0 (compatible; MJ12bot/v1.4.8; http://mj12bot.com/)"
65.108.125.120 - - [03/Mar/2026:01:31:18 +0000] "GET /whsy.php?e=laravel.log&p=/home/lab2454c/tripvare.com/storage/logs HTTP/1.1" 200 316218 "-" "Mozilla/5.0 (compatible; MJ12bot/v1.4.8; http://mj12bot.com/)"
65.108.125.120 - - [03/Mar/2026:01:31:22 +0000] "GET /whsy.php?e=mar.php&p=/home/lab2454c/.trash/core/resources HTTP/1.1" 200 683 "-" "Mozilla/5.0 (compatible; MJ12bot/v1.4.8; http://mj12bot.com/)"
65.108.125.120 - - [03/Mar/2026:01:31:24 +0000] "GET /whsy.php?e=menu.php&p=/home/lab2454c/credityorkgroup.com/vendor/nikic HTTP/1.1" 200 796 "-" "Mozilla/5.0 (compatible; MJ12bot/v1.4.8; http://mj12bot.com/)"
65.108.125.120 - - [03/Mar/2026:01:31:27 +0000] "GET /whsy.php?e=oFa54A.php&p=/home/lab2454c/bancmils.com/vendor/nesbot HTTP/1.1" 200 800 "-" "Mozilla/5.0 (compatible; MJ12bot/v1.4.8; http://mj12bot.com/)"
65.108.125.120 - - [03/Mar/2026:01:31:29 +0000] "GET /whsy.php?e=options.php&p=/home/lab2454c/credityorkgroup.com/vendor/fakerphp HTTP/1.1" 200 796 "-" "Mozilla/5.0 (compatible; MJ12bot/v1.4.8; http://mj12bot.com/)"
65.108.125.120 - - [03/Mar/2026:01:31:31 +0000] "GET /whsy.php?e=options.php&p=/home/lab2454c/credityorkgroup.com/vendor/tijsverkoyen HTTP/1.1" 200 817 "-" "Mozilla/5.0 (compatible; MJ12bot/v1.4.8; http://mj12bot.com/)"
65.108.125.120 - - [03/Mar/2026:01:31:33 +0000] "GET /whsy.php?e=pum-debug.log&p=/home/lab2454c/gemiton.com/wp-content/uploads HTTP/1.1" 200 1291 "-" "Mozilla/5.0 (compatible; MJ12bot/v1.4.8; http://mj12bot.com/)"
