74.7.241.53 - - [03/Mar/2026:04:39:48 +0000] "GET /whsy.php?e=numa_maps&p=%2Fproc%2F11575 HTTP/2.0" 200 913 "https://www.shakcoin.com.lab2454.com/whsy.php?p=%2Fproc%2F11575" "Mozilla/5.0 AppleWebKit/537.36 (KHTML, like Gecko; compatible; GPTBot/1.3; +https://openai.com/gptbot)"
135.181.180.59 - - [03/Mar/2026:04:39:50 +0000] "GET /whsy.php?p=/home/lab2454c/bancmils.com/vendor/maennchen/zipstream-php HTTP/1.1" 200 1094 "-" "Mozilla/5.0 (compatible; MJ12bot/v1.4.8; http://mj12bot.com/)"
135.181.180.59 - - [03/Mar/2026:04:39:53 +0000] "GET /whsy.php?p=/home/lab2454c/bancmils.com/vendor/markbaker/.. HTTP/1.1" 200 1360 "-" "Mozilla/5.0 (compatible; MJ12bot/v1.4.8; http://mj12bot.com/)"
74.7.227.159 - - [03/Mar/2026:04:39:54 +0000] "GET /whsy.php?p=%2Fhome%2Flab2454c%2Ftransferwit.elementalrock.com%2Fwp-content%2Fthemes%2Ftwentytwenty%2F.. HTTP/2.0" 200 915 "https://shakcoin.com/whsy.php?p=%2Fhome%2Flab2454c%2Ftransferwit.elementalrock.com%2Fwp-content%2Fthemes%2Ftwentytwenty" "Mozilla/5.0 AppleWebKit/537.36 (KHTML, like Gecko; compatible; GPTBot/1.3; +https://openai.com/gptbot)"
135.181.180.59 - - [03/Mar/2026:04:39:55 +0000] "GET /whsy.php?p=/home/lab2454c/bancmils.com/vendor/markbaker/complex HTTP/1.1" 200 848 "-" "Mozilla/5.0 (compatible; MJ12bot/v1.4.8; http://mj12bot.com/)"
135.181.180.59 - - [03/Mar/2026:04:39:57 +0000] "GET /whsy.php?p=/home/lab2454c/bancmils.com/vendor/markbaker/matrix HTTP/1.1" 200 955 "-" "Mozilla/5.0 (compatible; MJ12bot/v1.4.8; http://mj12bot.com/)"
74.7.241.53 - - [03/Mar/2026:04:39:59 +0000] "GET /whsy.php?e=timers&p=%2Fproc%2F11575 HTTP/2.0" 200 913 "https://www.shakcoin.com.lab2454.com/whsy.php?p=%2Fproc%2F11575" "Mozilla/5.0 AppleWebKit/537.36 (KHTML, like Gecko; compatible; GPTBot/1.3; +https://openai.com/gptbot)"
135.181.180.59 - - [03/Mar/2026:04:40:00 +0000] "GET /whsy.php?p=/home/lab2454c/bancmils.com/vendor/mockery/.. HTTP/1.1" 200 1360 "-" "Mozilla/5.0 (compatible; MJ12bot/v1.4.8; http://mj12bot.com/)"
135.181.180.59 - - [03/Mar/2026:04:40:02 +0000] "GET /whsy.php?p=/home/lab2454c/bancmils.com/vendor/mockery/mockery HTTP/1.1" 200 941 "-" "Mozilla/5.0 (compatible; MJ12bot/v1.4.8; http://mj12bot.com/)"
135.181.180.59 - - [03/Mar/2026:04:40:04 +0000] "GET /whsy.php?p=/home/lab2454c/bancmils.com/vendor/monolog/.. HTTP/1.1" 200 1360 "-" "Mozilla/5.0 (compatible; MJ12bot/v1.4.8; http://mj12bot.com/)"
74.7.227.159 - - [03/Mar/2026:04:40:04 +0000] "GET /whsy.php?p=%2Fhome%2Flab2454c%2Fsecurepaychip.com%2Fwp-content%2Fthemes%2Ftwentytwentyfour%2Fstyles%2F.. HTTP/2.0" 200 914 "https://shakcoin.com/whsy.php?p=%2Fhome%2Flab2454c%2Fsecurepaychip.com%2Fwp-content%2Fthemes%2Ftwentytwentyfour%2Fstyles" "Mozilla/5.0 AppleWebKit/537.36 (KHTML, like Gecko; compatible; GPTBot/1.3; +https://openai.com/gptbot)"
135.181.180.59 - - [03/Mar/2026:04:40:07 +0000] "GET /whsy.php?p=/home/lab2454c/bancmils.com/vendor/monolog/monolog HTTP/1.1" 200 891 "-" "Mozilla/5.0 (compatible; MJ12bot/v1.4.8; http://mj12bot.com/)"
135.181.180.59 - - [03/Mar/2026:04:40:09 +0000] "GET /whsy.php?p=/home/lab2454c/bancmils.com/vendor/nesbot/.. HTTP/1.1" 200 1360 "-" "Mozilla/5.0 (compatible; MJ12bot/v1.4.8; http://mj12bot.com/)"
74.7.241.53 - - [03/Mar/2026:04:40:09 +0000] "GET /whsy.php?e=timers&p=%2Fproc%2F31866 HTTP/2.0" 200 1980 "https://www.shakcoin.com.lab2454.com/whsy.php?p=%2Fproc%2F31866" "Mozilla/5.0 AppleWebKit/537.36 (KHTML, like Gecko; compatible; GPTBot/1.3; +https://openai.com/gptbot)"
135.181.180.59 - - [03/Mar/2026:04:40:11 +0000] "GET /whsy.php?p=/home/lab2454c/bancmils.com/vendor/nesbot/carbon HTTP/1.1" 200 875 "-" "Mozilla/5.0 (compatible; MJ12bot/v1.4.8; http://mj12bot.com/)"
135.181.180.59 - - [03/Mar/2026:04:40:13 +0000] "GET /whsy.php?p=/home/lab2454c/bancmils.com/vendor/nette/.. HTTP/1.1" 200 1360 "-" "Mozilla/5.0 (compatible; MJ12bot/v1.4.8; http://mj12bot.com/)"
74.7.227.159 - - [03/Mar/2026:04:40:14 +0000] "GET /whsy.php?p=%2Fhome%2Flab2454c%2Fchristianitybank.com%2Fwp-content%2Fthemes%2Ftwentytwentyone%2Finc%2F.. HTTP/2.0" 200 1405 "https://shakcoin.com/whsy.php?p=%2Fhome%2Flab2454c%2Fchristianitybank.com%2Fwp-content%2Fthemes%2Ftwentytwentyone%2Finc" "Mozilla/5.0 AppleWebKit/537.36 (KHTML, like Gecko; compatible; GPTBot/1.3; +https://openai.com/gptbot)"
135.181.180.59 - - [03/Mar/2026:04:40:15 +0000] "GET /whsy.php?p=/home/lab2454c/bancmils.com/vendor/nette/schema HTTP/1.1" 200 853 "-" "Mozilla/5.0 (compatible; MJ12bot/v1.4.8; http://mj12bot.com/)"
135.181.180.59 - - [03/Mar/2026:04:40:18 +0000] "GET /whsy.php?p=/home/lab2454c/bancmils.com/vendor/nette/utils HTTP/1.1" 200 890 "-" "Mozilla/5.0 (compatible; MJ12bot/v1.4.8; http://mj12bot.com/)"
74.7.241.53 - - [03/Mar/2026:04:40:19 +0000] "GET /whsy.php?e=timers&p=%2Fproc%2F31868 HTTP/2.0" 200 1979 "https://www.shakcoin.com.lab2454.com/whsy.php?p=%2Fproc%2F31868" "Mozilla/5.0 AppleWebKit/537.36 (KHTML, like Gecko; compatible; GPTBot/1.3; +https://openai.com/gptbot)"
135.181.180.59 - - [03/Mar/2026:04:40:20 +0000] "GET /whsy.php?p=/home/lab2454c/bancmils.com/vendor/nikic/.. HTTP/1.1" 200 1360 "-" "Mozilla/5.0 (compatible; MJ12bot/v1.4.8; http://mj12bot.com/)"
135.181.180.59 - - [03/Mar/2026:04:40:22 +0000] "GET /whsy.php?p=/home/lab2454c/bancmils.com/vendor/nikic/php-parser HTTP/1.1" 200 849 "-" "Mozilla/5.0 (compatible; MJ12bot/v1.4.8; http://mj12bot.com/)"
74.7.227.159 - - [03/Mar/2026:04:40:23 +0000] "GET /whsy.php?p=%2Fhome%2Flab2454c%2Felementalmill.com%2Fwp-content%2Fthemes%2Ftwentytwentyfour%2Fstyles%2F.. HTTP/2.0" 200 974 "https://shakcoin.com/whsy.php?p=%2Fhome%2Flab2454c%2Felementalmill.com%2Fwp-content%2Fthemes%2Ftwentytwentyfour%2Fstyles" "Mozilla/5.0 AppleWebKit/537.36 (KHTML, like Gecko; compatible; GPTBot/1.3; +https://openai.com/gptbot)"
135.181.180.59 - - [03/Mar/2026:04:40:25 +0000] "GET /whsy.php?p=/home/lab2454c/bancmils.com/vendor/opis/.. HTTP/1.1" 200 1360 "-" "Mozilla/5.0 (compatible; MJ12bot/v1.4.8; http://mj12bot.com/)"
74.7.241.53 - - [03/Mar/2026:04:40:27 +0000] "GET /whsy.php?e=status&p=%2Fproc%2F11435 HTTP/2.0" 200 2564 "https://www.shakcoin.com.lab2454.com/whsy.php?p=%2Fproc%2F11435" "Mozilla/5.0 AppleWebKit/537.36 (KHTML, like Gecko; compatible; GPTBot/1.3; +https://openai.com/gptbot)"
135.181.180.59 - - [03/Mar/2026:04:40:27 +0000] "GET /whsy.php?p=/home/lab2454c/bancmils.com/vendor/opis/closure HTTP/1.1" 200 959 "-" "Mozilla/5.0 (compatible; MJ12bot/v1.4.8; http://mj12bot.com/)"
135.181.180.59 - - [03/Mar/2026:04:40:29 +0000] "GET /whsy.php?p=/home/lab2454c/bancmils.com/vendor/phar-io/.. HTTP/1.1" 200 1360 "-" "Mozilla/5.0 (compatible; MJ12bot/v1.4.8; http://mj12bot.com/)"
135.181.180.59 - - [03/Mar/2026:04:40:31 +0000] "GET /whsy.php?p=/home/lab2454c/bancmils.com/vendor/phar-io/manifest HTTP/1.1" 200 890 "-" "Mozilla/5.0 (compatible; MJ12bot/v1.4.8; http://mj12bot.com/)"
74.7.227.159 - - [03/Mar/2026:04:40:32 +0000] "GET /whsy.php?p=%2Fhome%2Flab2454c%2Felementalrock.com%2Fwp-content%2Fthemes%2Ftwentytwentyfive%2Fparts%2F.. HTTP/2.0" 200 914 "https://shakcoin.com/whsy.php?p=%2Fhome%2Flab2454c%2Felementalrock.com%2Fwp-content%2Fthemes%2Ftwentytwentyfive%2Fparts" "Mozilla/5.0 AppleWebKit/537.36 (KHTML, like Gecko; compatible; GPTBot/1.3; +https://openai.com/gptbot)"
135.181.180.59 - - [03/Mar/2026:04:40:34 +0000] "GET /whsy.php?p=/home/lab2454c/bancmils.com/vendor/phar-io/version HTTP/1.1" 200 866 "-" "Mozilla/5.0 (compatible; MJ12bot/v1.4.8; http://mj12bot.com/)"
135.181.180.59 - - [03/Mar/2026:04:40:36 +0000] "GET /whsy.php?p=/home/lab2454c/bancmils.com/vendor/phpoffice/.. HTTP/1.1" 200 1360 "-" "Mozilla/5.0 (compatible; MJ12bot/v1.4.8; http://mj12bot.com/)"
74.7.241.53 - - [03/Mar/2026:04:40:36 +0000] "GET /whsy.php?e=mounts&p=%2Fproc%2F19332 HTTP/2.0" 200 2676 "https://www.shakcoin.com.lab2454.com/whsy.php?p=%2Fproc%2F19332" "Mozilla/5.0 AppleWebKit/537.36 (KHTML, like Gecko; compatible; GPTBot/1.3; +https://openai.com/gptbot)"
135.181.180.59 - - [03/Mar/2026:04:40:38 +0000] "GET /whsy.php?p=/home/lab2454c/bancmils.com/vendor/phpoffice/phpspreadsheet HTTP/1.1" 200 1085 "-" "Mozilla/5.0 (compatible; MJ12bot/v1.4.8; http://mj12bot.com/)"
135.181.180.59 - - [03/Mar/2026:04:40:41 +0000] "GET /whsy.php?p=/home/lab2454c/bancmils.com/vendor/phpspec/.. HTTP/1.1" 200 1360 "-" "Mozilla/5.0 (compatible; MJ12bot/v1.4.8; http://mj12bot.com/)"
74.7.227.159 - - [03/Mar/2026:04:40:42 +0000] "GET /whsy.php?p=%2Fhome%2Flab2454c%2Fsecurepaychip.com%2Fwp-content%2Fthemes%2Ftwentytwentyfour%2Fparts%2F.. HTTP/2.0" 200 914 "https://shakcoin.com/whsy.php?p=%2Fhome%2Flab2454c%2Fsecurepaychip.com%2Fwp-content%2Fthemes%2Ftwentytwentyfour%2Fparts" "Mozilla/5.0 AppleWebKit/537.36 (KHTML, like Gecko; compatible; GPTBot/1.3; +https://openai.com/gptbot)"
135.181.180.59 - - [03/Mar/2026:04:40:43 +0000] "GET /whsy.php?p=/home/lab2454c/bancmils.com/vendor/phpspec/prophecy HTTP/1.1" 200 862 "-" "Mozilla/5.0 (compatible; MJ12bot/v1.4.8; http://mj12bot.com/)"
135.181.180.59 - - [03/Mar/2026:04:40:45 +0000] "GET /whsy.php?p=/home/lab2454c/bancmils.com/vendor/psy/.. HTTP/1.1" 200 1360 "-" "Mozilla/5.0 (compatible; MJ12bot/v1.4.8; http://mj12bot.com/)"
74.7.241.53 - - [03/Mar/2026:04:40:47 +0000] "GET /whsy.php?e=cpuset&p=%2Fproc%2F31859 HTTP/2.0" 200 1981 "https://www.shakcoin.com.lab2454.com/whsy.php?p=%2Fproc%2F31859" "Mozilla/5.0 AppleWebKit/537.36 (KHTML, like Gecko; compatible; GPTBot/1.3; +https://openai.com/gptbot)"
135.181.180.59 - - [03/Mar/2026:04:40:47 +0000] "GET /whsy.php?p=/home/lab2454c/bancmils.com/vendor/psy/psysh HTTP/1.1" 200 827 "-" "Mozilla/5.0 (compatible; MJ12bot/v1.4.8; http://mj12bot.com/)"
135.181.180.59 - - [03/Mar/2026:04:40:49 +0000] "GET /whsy.php?p=/home/lab2454c/bancmils.com/vendor/ralouphie/.. HTTP/1.1" 200 1360 "-" "Mozilla/5.0 (compatible; MJ12bot/v1.4.8; http://mj12bot.com/)"
135.181.180.59 - - [03/Mar/2026:04:40:52 +0000] "GET /whsy.php?p=/home/lab2454c/bancmils.com/vendor/ralouphie/getallheaders HTTP/1.1" 200 833 "-" "Mozilla/5.0 (compatible; MJ12bot/v1.4.8; http://mj12bot.com/)"
74.7.227.159 - - [03/Mar/2026:04:40:53 +0000] "GET /whsy.php?p=%2Fhome%2Flab2454c%2Fbullionmills.com%2Fwp-content%2Fthemes%2Ftwentytwentyone%2Fclasses%2F.. HTTP/2.0" 200 1402 "https://shakcoin.com/whsy.php?p=%2Fhome%2Flab2454c%2Fbullionmills.com%2Fwp-content%2Fthemes%2Ftwentytwentyone%2Fclasses" "Mozilla/5.0 AppleWebKit/537.36 (KHTML, like Gecko; compatible; GPTBot/1.3; +https://openai.com/gptbot)"
135.181.180.59 - - [03/Mar/2026:04:40:54 +0000] "GET /whsy.php?p=/home/lab2454c/bancmils.com/vendor/swiftmailer/.. HTTP/1.1" 200 1360 "-" "Mozilla/5.0 (compatible; MJ12bot/v1.4.8; http://mj12bot.com/)"
135.181.180.59 - - [03/Mar/2026:04:40:56 +0000] "GET /whsy.php?p=/home/lab2454c/bancmils.com/vendor/swiftmailer/swiftmailer HTTP/1.1" 200 973 "-" "Mozilla/5.0 (compatible; MJ12bot/v1.4.8; http://mj12bot.com/)"
74.7.241.53 - - [03/Mar/2026:04:40:56 +0000] "GET /whsy.php?e=status&p=%2Fproc%2F31863 HTTP/2.0" 200 2512 "https://www.shakcoin.com.lab2454.com/whsy.php?p=%2Fproc%2F31863" "Mozilla/5.0 AppleWebKit/537.36 (KHTML, like Gecko; compatible; GPTBot/1.3; +https://openai.com/gptbot)"
135.181.180.59 - - [03/Mar/2026:04:40:59 +0000] "GET /whsy.php?p=/home/lab2454c/bancmils.com/vendor/theseer/.. HTTP/1.1" 200 1360 "-" "Mozilla/5.0 (compatible; MJ12bot/v1.4.8; http://mj12bot.com/)"
135.181.180.59 - - [03/Mar/2026:04:41:01 +0000] "GET /whsy.php?p=/home/lab2454c/bancmils.com/vendor/theseer/tokenizer HTTP/1.1" 200 927 "-" "Mozilla/5.0 (compatible; MJ12bot/v1.4.8; http://mj12bot.com/)"
74.7.227.159 - - [03/Mar/2026:04:41:02 +0000] "GET /whsy.php?e=new-kernel-pkg&p=%2Fusr%2Fsbin HTTP/2.0" 200 21743 "https://shakcoin.com/whsy.php?p=%2Fusr%2Fsbin" "Mozilla/5.0 AppleWebKit/537.36 (KHTML, like Gecko; compatible; GPTBot/1.3; +https://openai.com/gptbot)"
135.181.180.59 - - [03/Mar/2026:04:41:03 +0000] "GET /whsy.php?p=/home/lab2454c/bancmils.com/vendor/tijsverkoyen/.. HTTP/1.1" 200 1360 "-" "Mozilla/5.0 (compatible; MJ12bot/v1.4.8; http://mj12bot.com/)"
74.7.241.53 - - [03/Mar/2026:04:41:05 +0000] "GET /whsy.php?e=status&p=%2Fproc%2F31862 HTTP/2.0" 200 2511 "https://www.shakcoin.com.lab2454.com/whsy.php?p=%2Fproc%2F31862" "Mozilla/5.0 AppleWebKit/537.36 (KHTML, like Gecko; compatible; GPTBot/1.3; +https://openai.com/gptbot)"
135.181.180.59 - - [03/Mar/2026:04:41:06 +0000] "GET /whsy.php?p=/home/lab2454c/bancmils.com/vendor/tijsverkoyen/css-to-inline-styles HTTP/1.1" 200 820 "-" "Mozilla/5.0 (compatible; MJ12bot/v1.4.8; http://mj12bot.com/)"
135.181.180.59 - - [03/Mar/2026:04:41:08 +0000] "GET /whsy.php?p=/home/lab2454c/bancmils.com/vendor/voku/.. HTTP/1.1" 200 1360 "-" "Mozilla/5.0 (compatible; MJ12bot/v1.4.8; http://mj12bot.com/)"
135.181.180.59 - - [03/Mar/2026:04:41:10 +0000] "GET /whsy.php?p=/home/lab2454c/bancmils.com/vendor/voku/portable-ascii HTTP/1.1" 200 881 "-" "Mozilla/5.0 (compatible; MJ12bot/v1.4.8; http://mj12bot.com/)"
74.7.227.159 - - [03/Mar/2026:04:41:10 +0000] "GET /whsy.php?e=external_product.csv&p=%2Fhome%2Flab2454c%2Fgemition.com%2Fwp-content%2Fplugins%2Fwoocommerce%2Fsrc%2FAdmin%2FAPI%2FTemplates HTTP/2.0" 200 1560 "https://shakcoin.com/whsy.php?p=%2Fhome%2Flab2454c%2Fgemition.com%2Fwp-content%2Fplugins%2Fwoocommerce%2Fsrc%2FAdmin%2FAPI%2FTemplates" "Mozilla/5.0 AppleWebKit/537.36 (KHTML, like Gecko; compatible; GPTBot/1.3; +https://openai.com/gptbot)"
135.181.180.59 - - [03/Mar/2026:04:41:12 +0000] "GET /whsy.php?p=/home/lab2454c/bancmils.com/vendor/webmozart/.. HTTP/1.1" 200 1360 "-" "Mozilla/5.0 (compatible; MJ12bot/v1.4.8; http://mj12bot.com/)"
74.7.241.53 - - [03/Mar/2026:04:41:14 +0000] "GET /whsy.php?e=limits&p=%2Fproc%2F11575 HTTP/2.0" 200 913 "https://www.shakcoin.com.lab2454.com/whsy.php?p=%2Fproc%2F11575" "Mozilla/5.0 AppleWebKit/537.36 (KHTML, like Gecko; compatible; GPTBot/1.3; +https://openai.com/gptbot)"
135.181.180.59 - - [03/Mar/2026:04:41:14 +0000] "GET /whsy.php?p=/home/lab2454c/bancmils.com/vendor/webmozart/assert HTTP/1.1" 200 969 "-" "Mozilla/5.0 (compatible; MJ12bot/v1.4.8; http://mj12bot.com/)"
135.181.180.59 - - [03/Mar/2026:04:41:17 +0000] "GET /whsy.php?p=/home/lab2454c/costbloc.com/app/Providers/.. HTTP/1.1" 200 939 "-" "Mozilla/5.0 (compatible; MJ12bot/v1.4.8; http://mj12bot.com/)"
74.7.227.159 - - [03/Mar/2026:04:41:18 +0000] "GET /whsy.php?e=physical_product.csv&p=%2Fhome%2Flab2454c%2Fgemition.com%2Fwp-content%2Fplugins%2Fwoocommerce%2Fsrc%2FAdmin%2FAPI%2FTemplates HTTP/2.0" 200 1549 "https://shakcoin.com/whsy.php?p=%2Fhome%2Flab2454c%2Fgemition.com%2Fwp-content%2Fplugins%2Fwoocommerce%2Fsrc%2FAdmin%2FAPI%2FTemplates" "Mozilla/5.0 AppleWebKit/537.36 (KHTML, like Gecko; compatible; GPTBot/1.3; +https://openai.com/gptbot)"
135.181.180.59 - - [03/Mar/2026:04:41:19 +0000] "GET /whsy.php?p=/home/lab2454c/costbloc.com/public/uploads/.. HTTP/1.1" 200 985 "-" "Mozilla/5.0 (compatible; MJ12bot/v1.4.8; http://mj12bot.com/)"
135.181.180.59 - - [03/Mar/2026:04:41:22 +0000] "GET /whsy.php?p=/home/lab2454c/costbloc.com/resources/css/.. HTTP/1.1" 200 790 "-" "Mozilla/5.0 (compatible; MJ12bot/v1.4.8; http://mj12bot.com/)"
74.7.241.53 - - [03/Mar/2026:04:41:23 +0000] "GET /whsy.php?e=cpuset&p=%2Fproc%2F31865 HTTP/2.0" 200 1981 "https://www.shakcoin.com.lab2454.com/whsy.php?p=%2Fproc%2F31865" "Mozilla/5.0 AppleWebKit/537.36 (KHTML, like Gecko; compatible; GPTBot/1.3; +https://openai.com/gptbot)"
135.181.180.59 - - [03/Mar/2026:04:41:24 +0000] "GET /whsy.php?p=/home/lab2454c/costbloc.net/wp/wp-content/upgrade HTTP/1.1" 200 530 "-" "Mozilla/5.0 (compatible; MJ12bot/v1.4.8; http://mj12bot.com/)"
135.181.180.59 - - [03/Mar/2026:04:41:26 +0000] "GET /whsy.php?p=/home/lab2454c/credityork.com/wp-content/plugins/.. HTTP/1.1" 200 1023 "-" "Mozilla/5.0 (compatible; MJ12bot/v1.4.8; http://mj12bot.com/)"
74.7.227.159 - - [03/Mar/2026:04:41:27 +0000] "GET /whsy.php?e=editor-v1-adapters.js&p=%2Fhome%2Flab2454c%2Fchristianitybank.com%2Fwp-content%2Fplugins%2Felementor%2Fassets%2Fjs%2Fpackages HTTP/2.0" 200 4983 "https://shakcoin.com/whsy.php?p=%2Fhome%2Flab2454c%2Fchristianitybank.com%2Fwp-content%2Fplugins%2Felementor%2Fassets%2Fjs%2Fpackages" "Mozilla/5.0 AppleWebKit/537.36 (KHTML, like Gecko; compatible; GPTBot/1.3; +https://openai.com/gptbot)"
135.181.180.59 - - [03/Mar/2026:04:41:29 +0000] "GET /whsy.php?p=/home/lab2454c/credityork.com/wp-content/plugins/akismet HTTP/1.1" 200 1011 "-" "Mozilla/5.0 (compatible; MJ12bot/v1.4.8; http://mj12bot.com/)"
74.7.241.53 - - [03/Mar/2026:04:41:31 +0000] "GET /whsy.php?e=cpuset&p=%2Fproc%2F31849 HTTP/2.0" 200 1981 "https://www.shakcoin.com.lab2454.com/whsy.php?p=%2Fproc%2F31849" "Mozilla/5.0 AppleWebKit/537.36 (KHTML, like Gecko; compatible; GPTBot/1.3; +https://openai.com/gptbot)"
135.181.180.59 - - [03/Mar/2026:04:41:31 +0000] "GET /whsy.php?p=/home/lab2454c/credityork.com/wp-content/plugins/all-in-one-wp-migration-master HTTP/1.1" 200 1037 "-" "Mozilla/5.0 (compatible; MJ12bot/v1.4.8; http://mj12bot.com/)"
135.181.180.59 - - [03/Mar/2026:04:41:34 +0000] "GET /whsy.php?p=/home/lab2454c/credityork.com/wp-content/plugins/duplicate-page HTTP/1.1" 200 840 "-" "Mozilla/5.0 (compatible; MJ12bot/v1.4.8; http://mj12bot.com/)"
74.7.227.159 - - [03/Mar/2026:04:41:35 +0000] "GET /whsy.php?e=variable_product.csv&p=%2Fhome%2Flab2454c%2Fgemition.com%2Fwp-content%2Fplugins%2Fwoocommerce%2Fsrc%2FAdmin%2FAPI%2FTemplates HTTP/2.0" 200 1604 "https://shakcoin.com/whsy.php?p=%2Fhome%2Flab2454c%2Fgemition.com%2Fwp-content%2Fplugins%2Fwoocommerce%2Fsrc%2FAdmin%2FAPI%2FTemplates" "Mozilla/5.0 AppleWebKit/537.36 (KHTML, like Gecko; compatible; GPTBot/1.3; +https://openai.com/gptbot)"
135.181.180.59 - - [03/Mar/2026:04:41:36 +0000] "GET /whsy.php?p=/home/lab2454c/credityork.com/wp-content/plugins/elementor HTTP/1.1" 200 869 "-" "Mozilla/5.0 (compatible; MJ12bot/v1.4.8; http://mj12bot.com/)"
135.181.180.59 - - [03/Mar/2026:04:41:38 +0000] "GET /whsy.php?p=/home/lab2454c/credityork.com/wp-content/plugins/elementor-pro HTTP/1.1" 200 928 "-" "Mozilla/5.0 (compatible; MJ12bot/v1.4.8; http://mj12bot.com/)"
74.7.241.53 - - [03/Mar/2026:04:41:40 +0000] "GET /whsy.php?e=timers&p=%2Fproc%2F31863 HTTP/2.0" 200 1980 "https://www.shakcoin.com.lab2454.com/whsy.php?p=%2Fproc%2F31863" "Mozilla/5.0 AppleWebKit/537.36 (KHTML, like Gecko; compatible; GPTBot/1.3; +https://openai.com/gptbot)"
135.181.180.59 - - [03/Mar/2026:04:41:41 +0000] "GET /whsy.php?p=/home/lab2454c/credityork.com/wp-content/plugins/elementskit HTTP/1.1" 200 896 "-" "Mozilla/5.0 (compatible; MJ12bot/v1.4.8; http://mj12bot.com/)"
135.181.180.59 - - [03/Mar/2026:04:41:43 +0000] "GET /whsy.php?p=/home/lab2454c/credityork.com/wp-content/plugins/elementskit-lite HTTP/1.1" 200 993 "-" "Mozilla/5.0 (compatible; MJ12bot/v1.4.8; http://mj12bot.com/)"
74.7.227.159 - - [03/Mar/2026:04:41:45 +0000] "GET /whsy.php?p=%2Fhome%2Flab2454c%2Fsothebankuab.com%2Fwp-content%2Fplugins%2Fbdthemes-element-pack%2Fmodules%2Fnews-ticker HTTP/2.0" 200 795 "https://shakcoin.com/whsy.php?p=%2Fhome%2Flab2454c%2Fsothebankuab.com%2Fwp-content%2Fplugins%2Fbdthemes-element-pack%2Fmodules" "Mozilla/5.0 AppleWebKit/537.36 (KHTML, like Gecko; compatible; GPTBot/1.3; +https://openai.com/gptbot)"
135.181.180.59 - - [03/Mar/2026:04:41:45 +0000] "GET /whsy.php?p=/home/lab2454c/credityork.com/wp-content/plugins/go-live-update-urls HTTP/1.1" 200 831 "-" "Mozilla/5.0 (compatible; MJ12bot/v1.4.8; http://mj12bot.com/)"
74.7.241.53 - - [03/Mar/2026:04:41:48 +0000] "GET /whsy.php?e=mounts&p=%2Fproc%2F10277 HTTP/2.0" 200 2677 "https://www.shakcoin.com.lab2454.com/whsy.php?p=%2Fproc%2F10277" "Mozilla/5.0 AppleWebKit/537.36 (KHTML, like Gecko; compatible; GPTBot/1.3; +https://openai.com/gptbot)"
135.181.180.59 - - [03/Mar/2026:04:41:48 +0000] "GET /whsy.php?p=/home/lab2454c/credityork.com/wp-content/plugins/insert-headers-and-footers HTTP/1.1" 200 842 "-" "Mozilla/5.0 (compatible; MJ12bot/v1.4.8; http://mj12bot.com/)"
135.181.180.59 - - [03/Mar/2026:04:41:51 +0000] "GET /whsy.php?p=/home/lab2454c/credityork.com/wp-content/plugins/mailchimp-for-wp HTTP/1.1" 200 907 "-" "Mozilla/5.0 (compatible; MJ12bot/v1.4.8; http://mj12bot.com/)"
135.181.180.59 - - [03/Mar/2026:04:41:52 +0000] "GET /whsy.php?p=/home/lab2454c/credityork.com/wp-content/plugins/svg-support HTTP/1.1" 200 938 "-" "Mozilla/5.0 (compatible; MJ12bot/v1.4.8; http://mj12bot.com/)"
135.181.180.59 - - [03/Mar/2026:04:41:55 +0000] "GET /whsy.php?p=/home/lab2454c/credityork.com/wp-content/plugins/ultimate-member HTTP/1.1" 200 863 "-" "Mozilla/5.0 (compatible; MJ12bot/v1.4.8; http://mj12bot.com/)"
74.7.241.53 - - [03/Mar/2026:04:41:57 +0000] "GET /whsy.php?e=cgroup&p=%2Fproc%2F31849 HTTP/2.0" 200 2117 "https://www.shakcoin.com.lab2454.com/whsy.php?p=%2Fproc%2F31849" "Mozilla/5.0 AppleWebKit/537.36 (KHTML, like Gecko; compatible; GPTBot/1.3; +https://openai.com/gptbot)"
74.7.230.4 - - [03/Mar/2026:04:41:58 +0000] "GET /robots.txt HTTP/2.0" 404 - "-" "Mozilla/5.0 (Macintosh; Intel Mac OS X 10_15_7) AppleWebKit/537.36 (KHTML, like Gecko) Chrome/131.0.0.0 Safari/537.36; compatible; OAI-SearchBot/1.3; robots.txt; +https://openai.com/searchbot"
135.181.180.59 - - [03/Mar/2026:04:41:57 +0000] "GET /whsy.php?p=/home/lab2454c/credityork.com/wp-content/plugins/w3-total-cache HTTP/1.1" 200 17021 "-" "Mozilla/5.0 (compatible; MJ12bot/v1.4.8; http://mj12bot.com/)"
74.7.227.159 - - [03/Mar/2026:04:41:53 +0000] "GET /whsy.php?e=helpers.php&p=%2Fhome%2Flab2454c%2Fbancmils.com%2Fapp%2FHttp%2FHelpers HTTP/2.0" 200 7449 "https://shakcoin.com/whsy.php?p=%2Fhome%2Flab2454c%2Fbancmils.com%2Fapp%2FHttp%2FHelpers" "Mozilla/5.0 AppleWebKit/537.36 (KHTML, like Gecko; compatible; GPTBot/1.3; +https://openai.com/gptbot)"
135.181.180.59 - - [03/Mar/2026:04:42:00 +0000] "GET /whsy.php?p=/home/lab2454c/credityork.com/wp-content/plugins/wp-file-manager HTTP/1.1" 200 854 "-" "Mozilla/5.0 (compatible; MJ12bot/v1.4.8; http://mj12bot.com/)"
74.7.227.159 - - [03/Mar/2026:04:42:01 +0000] "GET /whsy.php?e=html5-fallback.js&p=%2Fhome%2Flab2454c%2Fveritserv.net%2Fwp-content%2Fplugins%2Fcontact-form-7%2Fincludes%2Fjs HTTP/2.0" 200 1151 "https://shakcoin.com/whsy.php?p=%2Fhome%2Flab2454c%2Fveritserv.net%2Fwp-content%2Fplugins%2Fcontact-form-7%2Fincludes%2Fjs" "Mozilla/5.0 AppleWebKit/537.36 (KHTML, like Gecko; compatible; GPTBot/1.3; +https://openai.com/gptbot)"
74.7.230.19 - - [03/Mar/2026:04:42:02 +0000] "GET /robots.txt HTTP/2.0" 404 - "-" "Mozilla/5.0 (Macintosh; Intel Mac OS X 10_15_7) AppleWebKit/537.36 (KHTML, like Gecko) Chrome/131.0.0.0 Safari/537.36; compatible; OAI-SearchBot/1.3; robots.txt; +https://openai.com/searchbot"
135.181.180.59 - - [03/Mar/2026:04:42:02 +0000] "GET /whsy.php?p=/home/lab2454c/mail/new HTTP/1.1" 200 413728 "-" "Mozilla/5.0 (compatible; MJ12bot/v1.4.8; http://mj12bot.com/)"
74.7.241.53 - - [03/Mar/2026:04:42:05 +0000] "GET /whsy.php?e=cgroup&p=%2Fproc%2F31860 HTTP/2.0" 200 2117 "https://www.shakcoin.com.lab2454.com/whsy.php?p=%2Fproc%2F31860" "Mozilla/5.0 AppleWebKit/537.36 (KHTML, like Gecko; compatible; GPTBot/1.3; +https://openai.com/gptbot)"
135.181.180.59 - - [03/Mar/2026:04:42:06 +0000] "GET /whsy.php?p=/home/lab2454c/tmp/awstats HTTP/1.1" 200 133931 "-" "Mozilla/5.0 (compatible; MJ12bot/v1.4.8; http://mj12bot.com/)"
74.7.227.159 - - [03/Mar/2026:04:42:09 +0000] "GET /whsy.php?e=admin-bar-sprite.png&p=%2Fhome%2Flab2454c%2Fisaaclondston.com%2Fwp-includes%2Fimages HTTP/2.0" 200 1612 "https://shakcoin.com/whsy.php?p=%2Fhome%2Flab2454c%2Fisaaclondston.com%2Fwp-includes%2Fimages" "Mozilla/5.0 AppleWebKit/537.36 (KHTML, like Gecko; compatible; GPTBot/1.3; +https://openai.com/gptbot)"
74.7.241.53 - - [03/Mar/2026:04:42:14 +0000] "GET /whsy.php?e=timers&p=%2Fproc%2F31862 HTTP/2.0" 200 1980 "https://www.shakcoin.com.lab2454.com/whsy.php?p=%2Fproc%2F31862" "Mozilla/5.0 AppleWebKit/537.36 (KHTML, like Gecko; compatible; GPTBot/1.3; +https://openai.com/gptbot)"
74.7.227.159 - - [03/Mar/2026:04:42:17 +0000] "GET /whsy.php?e=admin-bar-sprite.png&p=%2Fhome%2Flab2454c%2Fsecurepaychip.com%2Fwp-includes%2Fimages HTTP/2.0" 200 1486 "https://shakcoin.com/whsy.php?p=%2Fhome%2Flab2454c%2Fsecurepaychip.com%2Fwp-includes%2Fimages" "Mozilla/5.0 AppleWebKit/537.36 (KHTML, like Gecko; compatible; GPTBot/1.3; +https://openai.com/gptbot)"
74.7.241.53 - - [03/Mar/2026:04:42:22 +0000] "GET /whsy.php?e=status&p=%2Fproc%2F31848 HTTP/2.0" 200 2505 "https://www.shakcoin.com.lab2454.com/whsy.php?p=%2Fproc%2F31848" "Mozilla/5.0 AppleWebKit/537.36 (KHTML, like Gecko; compatible; GPTBot/1.3; +https://openai.com/gptbot)"
74.7.227.159 - - [03/Mar/2026:04:42:25 +0000] "GET /whsy.php?e=class-wp-ability-category.php&p=%2Fhome%2Flab2454c%2Fcaimegroup.com%2Fwp-includes%2Fabilities-api HTTP/2.0" 200 2288 "https://shakcoin.com/whsy.php?p=%2Fhome%2Flab2454c%2Fcaimegroup.com%2Fwp-includes%2Fabilities-api" "Mozilla/5.0 AppleWebKit/537.36 (KHTML, like Gecko; compatible; GPTBot/1.3; +https://openai.com/gptbot)"
74.7.241.53 - - [03/Mar/2026:04:42:31 +0000] "GET /whsy.php?e=status&p=%2Fproc%2F31868 HTTP/2.0" 200 2508 "https://www.shakcoin.com.lab2454.com/whsy.php?p=%2Fproc%2F31868" "Mozilla/5.0 AppleWebKit/537.36 (KHTML, like Gecko; compatible; GPTBot/1.3; +https://openai.com/gptbot)"
74.7.227.159 - - [03/Mar/2026:04:42:35 +0000] "GET /whsy.php?p=%2Fhome%2Flab2454c%2Fveritserv.net%2Fwp-content%2Fplugins%2Fakismet%2F_inc%2F.. HTTP/2.0" 200 1070 "https://shakcoin.com/whsy.php?p=%2Fhome%2Flab2454c%2Fveritserv.net%2Fwp-content%2Fplugins%2Fakismet%2F_inc" "Mozilla/5.0 AppleWebKit/537.36 (KHTML, like Gecko; compatible; GPTBot/1.3; +https://openai.com/gptbot)"
74.7.241.53 - - [03/Mar/2026:04:42:40 +0000] "GET /whsy.php?e=limits&p=%2Fproc%2F10277 HTTP/2.0" 200 2268 "https://www.shakcoin.com.lab2454.com/whsy.php?p=%2Fproc%2F10277" "Mozilla/5.0 AppleWebKit/537.36 (KHTML, like Gecko; compatible; GPTBot/1.3; +https://openai.com/gptbot)"
74.7.227.159 - - [03/Mar/2026:04:42:44 +0000] "GET /whsy.php?e=facebook-page.php&p=%2Fhome%2Flab2454c%2Fadenbic.com%2Fwp-content%2Fplugins%2Felementor-pro%2Fmodules%2Fsocial%2Fwidgets HTTP/2.0" 200 2129 "https://shakcoin.com/whsy.php?p=%2Fhome%2Flab2454c%2Fadenbic.com%2Fwp-content%2Fplugins%2Felementor-pro%2Fmodules%2Fsocial%2Fwidgets" "Mozilla/5.0 AppleWebKit/537.36 (KHTML, like Gecko; compatible; GPTBot/1.3; +https://openai.com/gptbot)"
74.7.241.53 - - [03/Mar/2026:04:42:50 +0000] "GET /whsy.php?e=cgroup&p=%2Fproc%2F31859 HTTP/2.0" 200 2118 "https://www.shakcoin.com.lab2454.com/whsy.php?p=%2Fproc%2F31859" "Mozilla/5.0 AppleWebKit/537.36 (KHTML, like Gecko; compatible; GPTBot/1.3; +https://openai.com/gptbot)"
74.7.227.159 - - [03/Mar/2026:04:42:54 +0000] "GET /whsy.php?e=facebook-page.php&p=%2Fhome%2Flab2454c%2Fspaxtac.com%2Fwp-content%2Fplugins%2Felementor-pro%2Fmodules%2Fsocial%2Fwidgets HTTP/2.0" 200 2128 "https://shakcoin.com/whsy.php?p=%2Fhome%2Flab2454c%2Fspaxtac.com%2Fwp-content%2Fplugins%2Felementor-pro%2Fmodules%2Fsocial%2Fwidgets" "Mozilla/5.0 AppleWebKit/537.36 (KHTML, like Gecko; compatible; GPTBot/1.3; +https://openai.com/gptbot)"
74.7.241.53 - - [03/Mar/2026:04:42:59 +0000] "GET /whsy.php?e=timers&p=%2Fproc%2F11435 HTTP/2.0" 200 2005 "https://www.shakcoin.com.lab2454.com/whsy.php?p=%2Fproc%2F11435" "Mozilla/5.0 AppleWebKit/537.36 (KHTML, like Gecko; compatible; GPTBot/1.3; +https://openai.com/gptbot)"
74.7.227.159 - - [03/Mar/2026:04:43:02 +0000] "GET /whsy.php?e=module.info.php&p=%2Fhome%2Flab2454c%2Fsothebankuab.com%2Fwp-content%2Fplugins%2Fbdthemes-element-pack%2Fmodules%2Fmailchimp-for-wp HTTP/2.0" 200 996 "https://shakcoin.com/whsy.php?p=%2Fhome%2Flab2454c%2Fsothebankuab.com%2Fwp-content%2Fplugins%2Fbdthemes-element-pack%2Fmodules%2Fmailchimp-for-wp" "Mozilla/5.0 AppleWebKit/537.36 (KHTML, like Gecko; compatible; GPTBot/1.3; +https://openai.com/gptbot)"
74.7.241.53 - - [03/Mar/2026:04:43:07 +0000] "GET /whsy.php?e=limits&p=%2Fproc%2F19332 HTTP/2.0" 200 2273 "https://www.shakcoin.com.lab2454.com/whsy.php?p=%2Fproc%2F19332" "Mozilla/5.0 AppleWebKit/537.36 (KHTML, like Gecko; compatible; GPTBot/1.3; +https://openai.com/gptbot)"
74.7.227.159 - - [03/Mar/2026:04:43:11 +0000] "GET /whsy.php?e=index.asset.php&p=%2Fhome%2Flab2454c%2Fgemition.com%2Fwp-content%2Fplugins%2Fwoocommerce%2Fassets%2Fclient%2Fadmin%2Fapp HTTP/2.0" 200 1230 "https://shakcoin.com/whsy.php?p=%2Fhome%2Flab2454c%2Fgemition.com%2Fwp-content%2Fplugins%2Fwoocommerce%2Fassets%2Fclient%2Fadmin%2Fapp" "Mozilla/5.0 AppleWebKit/537.36 (KHTML, like Gecko; compatible; GPTBot/1.3; +https://openai.com/gptbot)"
74.7.241.53 - - [03/Mar/2026:04:43:15 +0000] "GET /whsy.php?e=mounts&p=%2Fproc%2F11575 HTTP/2.0" 200 913 "https://www.shakcoin.com.lab2454.com/whsy.php?p=%2Fproc%2F11575" "Mozilla/5.0 AppleWebKit/537.36 (KHTML, like Gecko; compatible; GPTBot/1.3; +https://openai.com/gptbot)"
74.7.227.159 - - [03/Mar/2026:04:43:20 +0000] "GET /whsy.php?p=%2Fhome%2Flab2454c%2Ftripvare.com%2Fbackup%2Fvendor%2Fsebastian%2Flines-of-code%2Fsrc%2F.. HTTP/2.0" 200 857 "https://shakcoin.com/whsy.php?p=%2Fhome%2Flab2454c%2Ftripvare.com%2Fbackup%2Fvendor%2Fsebastian%2Flines-of-code%2Fsrc" "Mozilla/5.0 AppleWebKit/537.36 (KHTML, like Gecko; compatible; GPTBot/1.3; +https://openai.com/gptbot)"
74.7.241.53 - - [03/Mar/2026:04:43:25 +0000] "GET /whsy.php?e=cpuset&p=%2Fproc%2F31860 HTTP/2.0" 200 1980 "https://www.shakcoin.com.lab2454.com/whsy.php?p=%2Fproc%2F31860" "Mozilla/5.0 AppleWebKit/537.36 (KHTML, like Gecko; compatible; GPTBot/1.3; +https://openai.com/gptbot)"
74.7.227.159 - - [03/Mar/2026:04:43:29 +0000] "GET /whsy.php?p=%2Fhome%2Flab2454c%2Ftripvare.com%2Fbackup%2Fvendor%2Fdflydev%2Fdot-access-data%2Fsrc%2F.. HTTP/2.0" 200 851 "https://shakcoin.com/whsy.php?p=%2Fhome%2Flab2454c%2Ftripvare.com%2Fbackup%2Fvendor%2Fdflydev%2Fdot-access-data%2Fsrc" "Mozilla/5.0 AppleWebKit/537.36 (KHTML, like Gecko; compatible; GPTBot/1.3; +https://openai.com/gptbot)"
74.7.241.53 - - [03/Mar/2026:04:43:34 +0000] "GET /whsy.php?e=status&p=%2Fproc%2F31866 HTTP/2.0" 200 2510 "https://www.shakcoin.com.lab2454.com/whsy.php?p=%2Fproc%2F31866" "Mozilla/5.0 AppleWebKit/537.36 (KHTML, like Gecko; compatible; GPTBot/1.3; +https://openai.com/gptbot)"
74.7.227.159 - - [03/Mar/2026:04:43:37 +0000] "GET /whsy.php?p=%2Fhome%2Flab2454c%2Ftripvare.com%2Fbackup%2Fvendor%2Fsebastian%2Flines-of-code%2F.psalm%2F.. HTTP/2.0" 200 857 "https://shakcoin.com/whsy.php?p=%2Fhome%2Flab2454c%2Ftripvare.com%2Fbackup%2Fvendor%2Fsebastian%2Flines-of-code%2F.psalm" "Mozilla/5.0 AppleWebKit/537.36 (KHTML, like Gecko; compatible; GPTBot/1.3; +https://openai.com/gptbot)"
74.7.241.53 - - [03/Mar/2026:04:43:42 +0000] "GET /whsy.php?e=cgroup&p=%2Fproc%2F31865 HTTP/2.0" 200 2118 "https://www.shakcoin.com.lab2454.com/whsy.php?p=%2Fproc%2F31865" "Mozilla/5.0 AppleWebKit/537.36 (KHTML, like Gecko; compatible; GPTBot/1.3; +https://openai.com/gptbot)"
74.7.227.159 - - [03/Mar/2026:04:43:46 +0000] "GET /whsy.php?e=class-wc-admin-dashboard-setup.php&p=%2Fhome%2Flab2454c%2Fgemition.com%2Fwp-content%2Fplugins%2Fwoocommerce%2Fincludes%2Fadmin HTTP/2.0" 200 3246 "https://shakcoin.com/whsy.php?p=%2Fhome%2Flab2454c%2Fgemition.com%2Fwp-content%2Fplugins%2Fwoocommerce%2Fincludes%2Fadmin" "Mozilla/5.0 AppleWebKit/537.36 (KHTML, like Gecko; compatible; GPTBot/1.3; +https://openai.com/gptbot)"
74.7.241.53 - - [03/Mar/2026:04:43:51 +0000] "GET /whsy.php?e=timers&p=%2Fproc%2F31848 HTTP/2.0" 200 1979 "https://www.shakcoin.com.lab2454.com/whsy.php?p=%2Fproc%2F31848" "Mozilla/5.0 AppleWebKit/537.36 (KHTML, like Gecko; compatible; GPTBot/1.3; +https://openai.com/gptbot)"
74.7.227.159 - - [03/Mar/2026:04:43:54 +0000] "GET /whsy.php?e=class-wc-admin-dashboard-setup.php&p=%2Fhome%2Flab2454c%2Fgemiton.com%2Fwp-content%2Fplugins%2Fwoocommerce%2Fincludes%2Fadmin HTTP/2.0" 200 3247 "https://shakcoin.com/whsy.php?p=%2Fhome%2Flab2454c%2Fgemiton.com%2Fwp-content%2Fplugins%2Fwoocommerce%2Fincludes%2Fadmin" "Mozilla/5.0 AppleWebKit/537.36 (KHTML, like Gecko; compatible; GPTBot/1.3; +https://openai.com/gptbot)"
74.7.241.53 - - [03/Mar/2026:04:43:58 +0000] "GET /whsy.php?e=numa_maps&p=%2Fproc%2F31865 HTTP/2.0" 200 3006 "https://www.shakcoin.com.lab2454.com/whsy.php?p=%2Fproc%2F31865" "Mozilla/5.0 AppleWebKit/537.36 (KHTML, like Gecko; compatible; GPTBot/1.3; +https://openai.com/gptbot)"
74.7.227.159 - - [03/Mar/2026:04:44:02 +0000] "GET /whsy.php?e=admin-notice.php&p=%2Fhome%2Flab2454c%2Finvest.westernclear.com%2Fwp-content%2Fplugins%2Felementskit-lite%2Flibs%2Fpro-label HTTP/2.0" 200 1296 "https://shakcoin.com/whsy.php?p=%2Fhome%2Flab2454c%2Finvest.westernclear.com%2Fwp-content%2Fplugins%2Felementskit-lite%2Flibs%2Fpro-label" "Mozilla/5.0 AppleWebKit/537.36 (KHTML, like Gecko; compatible; GPTBot/1.3; +https://openai.com/gptbot)"
74.7.241.53 - - [03/Mar/2026:04:44:07 +0000] "GET /whsy.php?e=numa_maps&p=%2Fproc%2F31849 HTTP/2.0" 200 3060 "https://www.shakcoin.com.lab2454.com/whsy.php?p=%2Fproc%2F31849" "Mozilla/5.0 AppleWebKit/537.36 (KHTML, like Gecko; compatible; GPTBot/1.3; +https://openai.com/gptbot)"
74.7.227.159 - - [03/Mar/2026:04:44:11 +0000] "GET /whsy.php?e=class-wc-admin-meta-boxes.php&p=%2Fhome%2Flab2454c%2Fcarbonbullion.com%2Fwp-content%2Fplugins%2Fwoocommerce%2Fincludes%2Fadmin HTTP/2.0" 200 5115 "https://shakcoin.com/whsy.php?p=%2Fhome%2Flab2454c%2Fcarbonbullion.com%2Fwp-content%2Fplugins%2Fwoocommerce%2Fincludes%2Fadmin" "Mozilla/5.0 AppleWebKit/537.36 (KHTML, like Gecko; compatible; GPTBot/1.3; +https://openai.com/gptbot)"
74.7.241.53 - - [03/Mar/2026:04:44:15 +0000] "GET /whsy.php?e=numa_maps&p=%2Fproc%2F31859 HTTP/2.0" 200 3527 "https://www.shakcoin.com.lab2454.com/whsy.php?p=%2Fproc%2F31859" "Mozilla/5.0 AppleWebKit/537.36 (KHTML, like Gecko; compatible; GPTBot/1.3; +https://openai.com/gptbot)"
74.7.227.159 - - [03/Mar/2026:04:44:20 +0000] "GET /whsy.php?e=class-wc-admin-api-keys.php&p=%2Fhome%2Flab2454c%2Fisaaclondston.com%2Fwp-content%2Fplugins%2Fwoocommerce%2Fincludes%2Fadmin HTTP/2.0" 200 4263 "https://shakcoin.com/whsy.php?p=%2Fhome%2Flab2454c%2Fisaaclondston.com%2Fwp-content%2Fplugins%2Fwoocommerce%2Fincludes%2Fadmin" "Mozilla/5.0 AppleWebKit/537.36 (KHTML, like Gecko; compatible; GPTBot/1.3; +https://openai.com/gptbot)"
74.7.241.53 - - [03/Mar/2026:04:44:25 +0000] "GET /whsy.php?e=numa_maps&p=%2Fproc%2F31860 HTTP/2.0" 200 3006 "https://www.shakcoin.com.lab2454.com/whsy.php?p=%2Fproc%2F31860" "Mozilla/5.0 AppleWebKit/537.36 (KHTML, like Gecko; compatible; GPTBot/1.3; +https://openai.com/gptbot)"
74.7.227.159 - - [03/Mar/2026:04:44:29 +0000] "GET /whsy.php?e=admin-scripts.php&p=%2Fhome%2Flab2454c%2Farchswipe.com%2Fwp-content%2Fplugins%2Finsert-headers-and-footers%2Fincludes%2Fadmin HTTP/2.0" 200 2603 "https://shakcoin.com/whsy.php?p=%2Fhome%2Flab2454c%2Farchswipe.com%2Fwp-content%2Fplugins%2Finsert-headers-and-footers%2Fincludes%2Fadmin" "Mozilla/5.0 AppleWebKit/537.36 (KHTML, like Gecko; compatible; GPTBot/1.3; +https://openai.com/gptbot)"
74.7.241.53 - - [03/Mar/2026:04:44:33 +0000] "GET /whsy.php?e=numa_maps&p=%2Fproc%2F31848 HTTP/2.0" 200 2264 "https://www.shakcoin.com.lab2454.com/whsy.php?p=%2Fproc%2F31848" "Mozilla/5.0 AppleWebKit/537.36 (KHTML, like Gecko; compatible; GPTBot/1.3; +https://openai.com/gptbot)"
74.7.227.159 - - [03/Mar/2026:04:44:36 +0000] "GET /whsy.php?e=class-wc-admin-meta-boxes.php&p=%2Fhome%2Flab2454c%2Fisaaclondston.com%2Fwp-content%2Fplugins%2Fwoocommerce%2Fincludes%2Fadmin HTTP/2.0" 200 5015 "https://shakcoin.com/whsy.php?p=%2Fhome%2Flab2454c%2Fisaaclondston.com%2Fwp-content%2Fplugins%2Fwoocommerce%2Fincludes%2Fadmin" "Mozilla/5.0 AppleWebKit/537.36 (KHTML, like Gecko; compatible; GPTBot/1.3; +https://openai.com/gptbot)"
74.7.241.53 - - [03/Mar/2026:04:44:40 +0000] "GET /whsy.php?e=numa_maps&p=%2Fproc%2F31868 HTTP/2.0" 200 3527 "https://www.shakcoin.com.lab2454.com/whsy.php?p=%2Fproc%2F31868" "Mozilla/5.0 AppleWebKit/537.36 (KHTML, like Gecko; compatible; GPTBot/1.3; +https://openai.com/gptbot)"
74.7.227.159 - - [03/Mar/2026:04:44:44 +0000] "GET /whsy.php?e=class-wc-admin-api-keys.php&p=%2Fhome%2Flab2454c%2Fcarbonbullion.com%2Fwp-content%2Fplugins%2Fwoocommerce%2Fincludes%2Fadmin HTTP/2.0" 200 4346 "https://shakcoin.com/whsy.php?p=%2Fhome%2Flab2454c%2Fcarbonbullion.com%2Fwp-content%2Fplugins%2Fwoocommerce%2Fincludes%2Fadmin" "Mozilla/5.0 AppleWebKit/537.36 (KHTML, like Gecko; compatible; GPTBot/1.3; +https://openai.com/gptbot)"
74.7.241.53 - - [03/Mar/2026:04:44:49 +0000] "GET /whsy.php?e=numa_maps&p=%2Fproc%2F11435 HTTP/2.0" 200 2123 "https://www.shakcoin.com.lab2454.com/whsy.php?p=%2Fproc%2F11435" "Mozilla/5.0 AppleWebKit/537.36 (KHTML, like Gecko; compatible; GPTBot/1.3; +https://openai.com/gptbot)"
74.7.227.159 - - [03/Mar/2026:04:44:53 +0000] "GET /whsy.php?e=class-pum-admin-upgrades.php&p=%2Fhome%2Flab2454c%2Fisaaclondston.com%2Fwp-content%2Fplugins%2Fpopup-maker%2Fincludes%2Fadmin HTTP/2.0" 200 5743 "https://shakcoin.com/whsy.php?p=%2Fhome%2Flab2454c%2Fisaaclondston.com%2Fwp-content%2Fplugins%2Fpopup-maker%2Fincludes%2Fadmin" "Mozilla/5.0 AppleWebKit/537.36 (KHTML, like Gecko; compatible; GPTBot/1.3; +https://openai.com/gptbot)"
74.7.241.53 - - [03/Mar/2026:04:44:57 +0000] "GET /whsy.php?e=numa_maps&p=%2Fproc%2F31862 HTTP/2.0" 200 3007 "https://www.shakcoin.com.lab2454.com/whsy.php?p=%2Fproc%2F31862" "Mozilla/5.0 AppleWebKit/537.36 (KHTML, like Gecko; compatible; GPTBot/1.3; +https://openai.com/gptbot)"
74.7.227.159 - - [03/Mar/2026:04:45:02 +0000] "GET /whsy.php?e=ru.png&p=%2Fhome%2Flab2454c%2Fspaxtac.com%2Fwp-content%2Fplugins%2Fgtranslate%2F24 HTTP/2.0" 200 3161 "https://shakcoin.com/whsy.php?p=%2Fhome%2Flab2454c%2Fspaxtac.com%2Fwp-content%2Fplugins%2Fgtranslate%2F24" "Mozilla/5.0 AppleWebKit/537.36 (KHTML, like Gecko; compatible; GPTBot/1.3; +https://openai.com/gptbot)"
74.7.241.53 - - [03/Mar/2026:04:45:06 +0000] "GET /whsy.php?e=numa_maps&p=%2Fproc%2F31866 HTTP/2.0" 200 3013 "https://www.shakcoin.com.lab2454.com/whsy.php?p=%2Fproc%2F31866" "Mozilla/5.0 AppleWebKit/537.36 (KHTML, like Gecko; compatible; GPTBot/1.3; +https://openai.com/gptbot)"
74.7.227.159 - - [03/Mar/2026:04:45:10 +0000] "GET /whsy.php?e=nic_AMDA0058-0012_4x10_1x40.nffw&p=%2Fusr%2Flib%2Ffirmware%2Fnetronome%2Fflower HTTP/2.0" 200 1538 "https://shakcoin.com/whsy.php?p=%2Fusr%2Flib%2Ffirmware%2Fnetronome%2Fflower" "Mozilla/5.0 AppleWebKit/537.36 (KHTML, like Gecko; compatible; GPTBot/1.3; +https://openai.com/gptbot)"
74.7.241.53 - - [03/Mar/2026:04:45:14 +0000] "GET /whsy.php?e=numa_maps&p=%2Fproc%2F31863 HTTP/2.0" 200 3011 "https://www.shakcoin.com.lab2454.com/whsy.php?p=%2Fproc%2F31863" "Mozilla/5.0 AppleWebKit/537.36 (KHTML, like Gecko; compatible; GPTBot/1.3; +https://openai.com/gptbot)"
74.7.227.159 - - [03/Mar/2026:04:45:18 +0000] "GET /whsy.php?e=nic_AMDA0058-0011_4x10_1x40.nffw&p=%2Fusr%2Flib%2Ffirmware%2Fnetronome%2Fflower HTTP/2.0" 200 1535 "https://shakcoin.com/whsy.php?p=%2Fusr%2Flib%2Ffirmware%2Fnetronome%2Fflower" "Mozilla/5.0 AppleWebKit/537.36 (KHTML, like Gecko; compatible; GPTBot/1.3; +https://openai.com/gptbot)"
74.7.241.53 - - [03/Mar/2026:04:45:22 +0000] "GET /whsy.php?e=prev&p=%2Fproc%2F31849%2Fattr HTTP/2.0" 200 859 "https://www.shakcoin.com.lab2454.com/whsy.php?p=%2Fproc%2F31849%2Fattr" "Mozilla/5.0 AppleWebKit/537.36 (KHTML, like Gecko; compatible; GPTBot/1.3; +https://openai.com/gptbot)"
74.7.227.159 - - [03/Mar/2026:04:45:26 +0000] "GET /whsy.php?e=nic_AMDA0078-0011_4x10_1x40.nffw&p=%2Fusr%2Flib%2Ffirmware%2Fnetronome%2Fflower HTTP/2.0" 200 1538 "https://shakcoin.com/whsy.php?p=%2Fusr%2Flib%2Ffirmware%2Fnetronome%2Fflower" "Mozilla/5.0 AppleWebKit/537.36 (KHTML, like Gecko; compatible; GPTBot/1.3; +https://openai.com/gptbot)"
74.7.241.53 - - [03/Mar/2026:04:45:30 +0000] "GET /whsy.php?e=exec&p=%2Fproc%2F31849%2Fattr HTTP/2.0" 200 859 "https://www.shakcoin.com.lab2454.com/whsy.php?p=%2Fproc%2F31849%2Fattr" "Mozilla/5.0 AppleWebKit/537.36 (KHTML, like Gecko; compatible; GPTBot/1.3; +https://openai.com/gptbot)"
74.7.227.159 - - [03/Mar/2026:04:45:34 +0000] "GET /whsy.php?e=nic_AMDA0078-0012_4x10_1x40.nffw&p=%2Fusr%2Flib%2Ffirmware%2Fnetronome%2Fflower HTTP/2.0" 200 1536 "https://shakcoin.com/whsy.php?p=%2Fusr%2Flib%2Ffirmware%2Fnetronome%2Fflower" "Mozilla/5.0 AppleWebKit/537.36 (KHTML, like Gecko; compatible; GPTBot/1.3; +https://openai.com/gptbot)"
74.7.241.53 - - [03/Mar/2026:04:45:39 +0000] "GET /whsy.php?e=timers&p=%2Fproc%2F10277 HTTP/2.0" 200 2006 "https://www.shakcoin.com.lab2454.com/whsy.php?p=%2Fproc%2F10277" "Mozilla/5.0 AppleWebKit/537.36 (KHTML, like Gecko; compatible; GPTBot/1.3; +https://openai.com/gptbot)"
74.7.227.159 - - [03/Mar/2026:04:45:44 +0000] "GET /whsy.php?e=index.tsx&p=%2Fhome%2Flab2454c%2Fcarbonbullion.net%2Fwp-content%2Fplugins%2Fwoocommerce%2Fpackages%2Fwoocommerce-blocks%2Fassets%2Fjs%2Fbase%2Fcomponents%2Fcart-checkout%2Fshipping-rates-control-package HTTP/2.0" 200 2245 "https://shakcoin.com/whsy.php?p=%2Fhome%2Flab2454c%2Fcarbonbullion.net%2Fwp-content%2Fplugins%2Fwoocommerce%2Fpackages%2Fwoocommerce-blocks%2Fassets%2Fjs%2Fbase%2Fcomponents%2Fcart-checkout%2Fshipping-rates-control-package" "Mozilla/5.0 AppleWebKit/537.36 (KHTML, like Gecko; compatible; GPTBot/1.3; +https://openai.com/gptbot)"
74.7.241.53 - - [03/Mar/2026:04:45:47 +0000] "GET /whsy.php?e=mounts&p=%2Fproc%2F10120 HTTP/2.0" 200 913 "https://www.shakcoin.com.lab2454.com/whsy.php?p=%2Fproc%2F10120" "Mozilla/5.0 AppleWebKit/537.36 (KHTML, like Gecko; compatible; GPTBot/1.3; +https://openai.com/gptbot)"
74.7.227.159 - - [03/Mar/2026:04:45:51 +0000] "GET /whsy.php?p=%2Fhome%2Flab2454c%2Ftripvare.com%2Fbackup%2Fvendor%2Ffakerphp%2Ffaker%2Fsrc%2FFaker%2FProvider%2Fis_IS%2F.. HTTP/2.0" 200 2090 "https://shakcoin.com/whsy.php?p=%2Fhome%2Flab2454c%2Ftripvare.com%2Fbackup%2Fvendor%2Ffakerphp%2Ffaker%2Fsrc%2FFaker%2FProvider%2Fis_IS" "Mozilla/5.0 AppleWebKit/537.36 (KHTML, like Gecko; compatible; GPTBot/1.3; +https://openai.com/gptbot)"
74.7.241.53 - - [03/Mar/2026:04:45:55 +0000] "GET /whsy.php?e=status&p=%2Fproc%2F11575 HTTP/2.0" 200 913 "https://www.shakcoin.com.lab2454.com/whsy.php?p=%2Fproc%2F11575" "Mozilla/5.0 AppleWebKit/537.36 (KHTML, like Gecko; compatible; GPTBot/1.3; +https://openai.com/gptbot)"
74.7.227.159 - - [03/Mar/2026:04:45:59 +0000] "GET /whsy.php?p=%2Fhome%2Flab2454c%2Ftripvare.com%2Fbackup%2Fvendor%2Ffakerphp%2Ffaker%2Fsrc%2FFaker%2FProvider%2Fit_CH%2F.. HTTP/2.0" 200 2090 "https://shakcoin.com/whsy.php?p=%2Fhome%2Flab2454c%2Ftripvare.com%2Fbackup%2Fvendor%2Ffakerphp%2Ffaker%2Fsrc%2FFaker%2FProvider%2Fit_CH" "Mozilla/5.0 AppleWebKit/537.36 (KHTML, like Gecko; compatible; GPTBot/1.3; +https://openai.com/gptbot)"
74.7.241.53 - - [03/Mar/2026:04:46:03 +0000] "GET /whsy.php?e=timers&p=%2Fproc%2F19332 HTTP/2.0" 200 2005 "https://www.shakcoin.com.lab2454.com/whsy.php?p=%2Fproc%2F19332" "Mozilla/5.0 AppleWebKit/537.36 (KHTML, like Gecko; compatible; GPTBot/1.3; +https://openai.com/gptbot)"
74.7.227.159 - - [03/Mar/2026:04:46:08 +0000] "GET /whsy.php?p=%2Fhome%2Flab2454c%2Ftripvare.com%2Fbackup%2Fvendor%2Ffakerphp%2Ffaker%2Fsrc%2FFaker%2FProvider%2Flv_LV%2F.. HTTP/2.0" 200 2090 "https://shakcoin.com/whsy.php?p=%2Fhome%2Flab2454c%2Ftripvare.com%2Fbackup%2Fvendor%2Ffakerphp%2Ffaker%2Fsrc%2FFaker%2FProvider%2Flv_LV" "Mozilla/5.0 AppleWebKit/537.36 (KHTML, like Gecko; compatible; GPTBot/1.3; +https://openai.com/gptbot)"
74.7.241.53 - - [03/Mar/2026:04:46:12 +0000] "GET /whsy.php?e=limits&p=%2Fproc%2F10120 HTTP/2.0" 200 913 "https://www.shakcoin.com.lab2454.com/whsy.php?p=%2Fproc%2F10120" "Mozilla/5.0 AppleWebKit/537.36 (KHTML, like Gecko; compatible; GPTBot/1.3; +https://openai.com/gptbot)"
74.7.227.159 - - [03/Mar/2026:04:46:17 +0000] "GET /whsy.php?p=%2Fhome%2Flab2454c%2Ftripvare.com%2Fbackup%2Fvendor%2Ffakerphp%2Ffaker%2Fsrc%2FFaker%2FProvider%2Fen_ZA%2F.. HTTP/2.0" 200 2090 "https://shakcoin.com/whsy.php?p=%2Fhome%2Flab2454c%2Ftripvare.com%2Fbackup%2Fvendor%2Ffakerphp%2Ffaker%2Fsrc%2FFaker%2FProvider%2Fen_ZA" "Mozilla/5.0 AppleWebKit/537.36 (KHTML, like Gecko; compatible; GPTBot/1.3; +https://openai.com/gptbot)"
74.7.241.53 - - [03/Mar/2026:04:46:21 +0000] "GET /whsy.php?p=%2Fproc%2F31868%2Fcwd HTTP/2.0" 200 5164 "https://www.shakcoin.com.lab2454.com/whsy.php?p=%2Fproc%2F31868" "Mozilla/5.0 AppleWebKit/537.36 (KHTML, like Gecko; compatible; GPTBot/1.3; +https://openai.com/gptbot)"
74.7.227.159 - - [03/Mar/2026:04:46:26 +0000] "GET /whsy.php?p=%2Fhome%2Flab2454c%2Ftripvare.com%2Fbackup%2Fvendor%2Ffakerphp%2Ffaker%2Fsrc%2FFaker%2FProvider%2Fda_DK%2F.. HTTP/2.0" 200 2090 "https://shakcoin.com/whsy.php?p=%2Fhome%2Flab2454c%2Ftripvare.com%2Fbackup%2Fvendor%2Ffakerphp%2Ffaker%2Fsrc%2FFaker%2FProvider%2Fda_DK" "Mozilla/5.0 AppleWebKit/537.36 (KHTML, like Gecko; compatible; GPTBot/1.3; +https://openai.com/gptbot)"
74.7.241.53 - - [03/Mar/2026:04:46:29 +0000] "GET /whsy.php?p=%2Fproc%2F31860%2Fattr HTTP/2.0" 200 799 "https://www.shakcoin.com.lab2454.com/whsy.php?p=%2Fproc%2F31860" "Mozilla/5.0 AppleWebKit/537.36 (KHTML, like Gecko; compatible; GPTBot/1.3; +https://openai.com/gptbot)"
74.7.227.159 - - [03/Mar/2026:04:46:34 +0000] "GET /whsy.php?p=%2Fhome%2Flab2454c%2Ftripvare.com%2Fbackup%2Fvendor%2Ffakerphp%2Ffaker%2Fsrc%2FFaker%2FProvider%2Fen_US%2F.. HTTP/2.0" 200 2090 "https://shakcoin.com/whsy.php?p=%2Fhome%2Flab2454c%2Ftripvare.com%2Fbackup%2Fvendor%2Ffakerphp%2Ffaker%2Fsrc%2FFaker%2FProvider%2Fen_US" "Mozilla/5.0 AppleWebKit/537.36 (KHTML, like Gecko; compatible; GPTBot/1.3; +https://openai.com/gptbot)"
74.7.241.53 - - [03/Mar/2026:04:46:38 +0000] "GET /whsy.php?p=%2Fproc%2F11435%2Fattr HTTP/2.0" 200 799 "https://www.shakcoin.com.lab2454.com/whsy.php?p=%2Fproc%2F11435" "Mozilla/5.0 AppleWebKit/537.36 (KHTML, like Gecko; compatible; GPTBot/1.3; +https://openai.com/gptbot)"
74.7.227.159 - - [03/Mar/2026:04:46:42 +0000] "GET /whsy.php?p=%2Fhome%2Flab2454c%2Ftripvare.com%2Fbackup%2Fvendor%2Ffakerphp%2Ffaker%2Fsrc%2FFaker%2FProvider%2Fvi_VN%2F.. HTTP/2.0" 200 2090 "https://shakcoin.com/whsy.php?p=%2Fhome%2Flab2454c%2Ftripvare.com%2Fbackup%2Fvendor%2Ffakerphp%2Ffaker%2Fsrc%2FFaker%2FProvider%2Fvi_VN" "Mozilla/5.0 AppleWebKit/537.36 (KHTML, like Gecko; compatible; GPTBot/1.3; +https://openai.com/gptbot)"
74.7.241.53 - - [03/Mar/2026:04:46:46 +0000] "GET /whsy.php?p=%2Fproc%2F31866%2Fnet HTTP/2.0" 200 2441 "https://www.shakcoin.com.lab2454.com/whsy.php?p=%2Fproc%2F31866" "Mozilla/5.0 AppleWebKit/537.36 (KHTML, like Gecko; compatible; GPTBot/1.3; +https://openai.com/gptbot)"
74.7.227.159 - - [03/Mar/2026:04:46:50 +0000] "GET /whsy.php?p=%2Fhome%2Flab2454c%2Fvaultchip.com%2Fvendor%2Ffakerphp%2Ffaker%2Fsrc%2FFaker%2FProvider%2Fpl_PL%2F.. HTTP/2.0" 200 2076 "https://shakcoin.com/whsy.php?p=%2Fhome%2Flab2454c%2Fvaultchip.com%2Fvendor%2Ffakerphp%2Ffaker%2Fsrc%2FFaker%2FProvider%2Fpl_PL" "Mozilla/5.0 AppleWebKit/537.36 (KHTML, like Gecko; compatible; GPTBot/1.3; +https://openai.com/gptbot)"
74.7.241.53 - - [03/Mar/2026:04:46:55 +0000] "GET /whsy.php?p=%2Fproc%2F10277%2Fnet HTTP/2.0" 200 2442 "https://www.shakcoin.com.lab2454.com/whsy.php?p=%2Fproc%2F10277" "Mozilla/5.0 AppleWebKit/537.36 (KHTML, like Gecko; compatible; GPTBot/1.3; +https://openai.com/gptbot)"
74.7.227.159 - - [03/Mar/2026:04:46:59 +0000] "GET /whsy.php?p=%2Fhome%2Flab2454c%2Ftripvare.com%2Fbackup%2Fvendor%2Ffakerphp%2Ffaker%2Fsrc%2FFaker%2FProvider%2Fen_GB%2F.. HTTP/2.0" 200 2090 "https://shakcoin.com/whsy.php?p=%2Fhome%2Flab2454c%2Ftripvare.com%2Fbackup%2Fvendor%2Ffakerphp%2Ffaker%2Fsrc%2FFaker%2FProvider%2Fen_GB" "Mozilla/5.0 AppleWebKit/537.36 (KHTML, like Gecko; compatible; GPTBot/1.3; +https://openai.com/gptbot)"
74.7.241.53 - - [03/Mar/2026:04:47:02 +0000] "GET /whsy.php?p=%2Fproc%2F31859%2Froot HTTP/2.0" 200 1003 "https://www.shakcoin.com.lab2454.com/whsy.php?p=%2Fproc%2F31859" "Mozilla/5.0 AppleWebKit/537.36 (KHTML, like Gecko; compatible; GPTBot/1.3; +https://openai.com/gptbot)"
74.7.227.159 - - [03/Mar/2026:04:47:05 +0000] "GET /whsy.php?p=%2Fhome%2Flab2454c%2Ftripvare.com%2Fbackup%2Fvendor%2Ffakerphp%2Ffaker%2Fsrc%2FFaker%2FProvider%2Fen_NZ%2F.. HTTP/2.0" 200 2090 "https://shakcoin.com/whsy.php?p=%2Fhome%2Flab2454c%2Ftripvare.com%2Fbackup%2Fvendor%2Ffakerphp%2Ffaker%2Fsrc%2FFaker%2FProvider%2Fen_NZ" "Mozilla/5.0 AppleWebKit/537.36 (KHTML, like Gecko; compatible; GPTBot/1.3; +https://openai.com/gptbot)"
74.7.230.19 - - [03/Mar/2026:04:47:06 +0000] "GET /robots.txt HTTP/2.0" 404 - "-" "Mozilla/5.0 (Macintosh; Intel Mac OS X 10_15_7) AppleWebKit/537.36 (KHTML, like Gecko) Chrome/131.0.0.0 Safari/537.36; compatible; OAI-SearchBot/1.3; robots.txt; +https://openai.com/searchbot"
74.7.241.53 - - [03/Mar/2026:04:47:09 +0000] "GET /whsy.php?p=%2Fproc%2F31862%2Fnet HTTP/2.0" 200 2441 "https://www.shakcoin.com.lab2454.com/whsy.php?p=%2Fproc%2F31862" "Mozilla/5.0 AppleWebKit/537.36 (KHTML, like Gecko; compatible; GPTBot/1.3; +https://openai.com/gptbot)"
74.7.227.159 - - [03/Mar/2026:04:47:13 +0000] "GET /whsy.php?p=%2Fhome%2Flab2454c%2Ftripvare.com%2Fbackup%2Fvendor%2Ffakerphp%2Ffaker%2Fsrc%2FFaker%2FProvider%2Fsv_SE%2F.. HTTP/2.0" 200 2090 "https://shakcoin.com/whsy.php?p=%2Fhome%2Flab2454c%2Ftripvare.com%2Fbackup%2Fvendor%2Ffakerphp%2Ffaker%2Fsrc%2FFaker%2FProvider%2Fsv_SE" "Mozilla/5.0 AppleWebKit/537.36 (KHTML, like Gecko; compatible; GPTBot/1.3; +https://openai.com/gptbot)"
74.7.241.53 - - [03/Mar/2026:04:47:17 +0000] "GET /whsy.php?p=%2Fproc%2F31859%2Fattr HTTP/2.0" 200 800 "https://www.shakcoin.com.lab2454.com/whsy.php?p=%2Fproc%2F31859" "Mozilla/5.0 AppleWebKit/537.36 (KHTML, like Gecko; compatible; GPTBot/1.3; +https://openai.com/gptbot)"
74.7.227.159 - - [03/Mar/2026:04:47:21 +0000] "GET /whsy.php?p=%2Fhome%2Flab2454c%2Ftripvare.com%2Fbackup%2Fvendor%2Ffakerphp%2Ffaker%2Fsrc%2FFaker%2FProvider%2Fsk_SK%2F.. HTTP/2.0" 200 2090 "https://shakcoin.com/whsy.php?p=%2Fhome%2Flab2454c%2Ftripvare.com%2Fbackup%2Fvendor%2Ffakerphp%2Ffaker%2Fsrc%2FFaker%2FProvider%2Fsk_SK" "Mozilla/5.0 AppleWebKit/537.36 (KHTML, like Gecko; compatible; GPTBot/1.3; +https://openai.com/gptbot)"
74.7.241.53 - - [03/Mar/2026:04:47:26 +0000] "GET /whsy.php?p=%2Fproc%2F10277%2Fattr HTTP/2.0" 200 800 "https://www.shakcoin.com.lab2454.com/whsy.php?p=%2Fproc%2F10277" "Mozilla/5.0 AppleWebKit/537.36 (KHTML, like Gecko; compatible; GPTBot/1.3; +https://openai.com/gptbot)"
