74.7.241.53 - - [03/Mar/2026:03:19:21 +0000] "GET /whsy.php?e=setgroups&p=%2Fproc%2F19332 HTTP/2.0" 200 2007 "https://www.shakcoin.com.lab2454.com/whsy.php?p=%2Fproc%2F19332" "Mozilla/5.0 AppleWebKit/537.36 (KHTML, like Gecko; compatible; GPTBot/1.3; +https://openai.com/gptbot)"
74.7.227.159 - - [03/Mar/2026:03:19:28 +0000] "GET /whsy.php?p=%2Fhome%2Flab2454c%2Fincforce.com%2Fwp-content%2Fplugins%2Felementor%2Fcore%2Feditor%2Floader%2Fv2%2F.. HTTP/2.0" 200 852 "https://shakcoin.com/whsy.php?p=%2Fhome%2Flab2454c%2Fincforce.com%2Fwp-content%2Fplugins%2Felementor%2Fcore%2Feditor%2Floader%2Fv2" "Mozilla/5.0 AppleWebKit/537.36 (KHTML, like Gecko; compatible; GPTBot/1.3; +https://openai.com/gptbot)"
74.7.241.53 - - [03/Mar/2026:03:19:30 +0000] "GET /whsy.php?e=cwd&p=%2Fproc%2F19332 HTTP/2.0" 200 1936 "https://www.shakcoin.com.lab2454.com/whsy.php?p=%2Fproc%2F19332" "Mozilla/5.0 AppleWebKit/537.36 (KHTML, like Gecko; compatible; GPTBot/1.3; +https://openai.com/gptbot)"
74.7.227.159 - - [03/Mar/2026:03:19:36 +0000] "GET /whsy.php?e=class-wc-settings-page.php&p=%2Fhome%2Flab2454c%2Fgemition.com%2Fwp-content%2Fplugins%2Fwoocommerce%2Fincludes%2Fadmin%2Fsettings HTTP/2.0" 200 3379 "https://shakcoin.com/whsy.php?p=%2Fhome%2Flab2454c%2Fgemition.com%2Fwp-content%2Fplugins%2Fwoocommerce%2Fincludes%2Fadmin%2Fsettings" "Mozilla/5.0 AppleWebKit/537.36 (KHTML, like Gecko; compatible; GPTBot/1.3; +https://openai.com/gptbot)"
74.7.241.53 - - [03/Mar/2026:03:19:39 +0000] "GET /whsy.php?e=exe&p=%2Fproc%2F19332 HTTP/2.0" 200 1936 "https://www.shakcoin.com.lab2454.com/whsy.php?p=%2Fproc%2F19332" "Mozilla/5.0 AppleWebKit/537.36 (KHTML, like Gecko; compatible; GPTBot/1.3; +https://openai.com/gptbot)"
74.7.227.159 - - [03/Mar/2026:03:19:44 +0000] "GET /whsy.php?p=%2Fproc%2F52%2Fnet%2F.. HTTP/2.0" 200 1933 "https://shakcoin.com/whsy.php?p=%2Fproc%2F52%2Fnet" "Mozilla/5.0 AppleWebKit/537.36 (KHTML, like Gecko; compatible; GPTBot/1.3; +https://openai.com/gptbot)"
74.7.241.53 - - [03/Mar/2026:03:19:47 +0000] "GET /whsy.php?e=mem&p=%2Fproc%2F19332 HTTP/2.0" 200 1936 "https://www.shakcoin.com.lab2454.com/whsy.php?p=%2Fproc%2F19332" "Mozilla/5.0 AppleWebKit/537.36 (KHTML, like Gecko; compatible; GPTBot/1.3; +https://openai.com/gptbot)"
74.7.227.159 - - [03/Mar/2026:03:19:52 +0000] "GET /whsy.php?e=get_email_client_usage.php&p=%2Fhome%2Flab2454c%2Fspaxtac.com%2Fwp-content%2Fplugins%2Fwp-user-frontend-pro%2Fmodules%2Fcampaign-monitor%2Fcm-php-sdk%2Fsamples%2Fcampaign HTTP/2.0" 200 1617 "https://shakcoin.com/whsy.php?p=%2Fhome%2Flab2454c%2Fspaxtac.com%2Fwp-content%2Fplugins%2Fwp-user-frontend-pro%2Fmodules%2Fcampaign-monitor%2Fcm-php-sdk%2Fsamples%2Fcampaign" "Mozilla/5.0 AppleWebKit/537.36 (KHTML, like Gecko; compatible; GPTBot/1.3; +https://openai.com/gptbot)"
74.7.241.53 - - [03/Mar/2026:03:19:55 +0000] "GET /whsy.php?e=ksm_stat&p=%2Fproc%2F19332 HTTP/2.0" 200 1936 "https://www.shakcoin.com.lab2454.com/whsy.php?p=%2Fproc%2F19332" "Mozilla/5.0 AppleWebKit/537.36 (KHTML, like Gecko; compatible; GPTBot/1.3; +https://openai.com/gptbot)"
74.7.227.159 - - [03/Mar/2026:03:20:01 +0000] "GET /whsy.php?e=get_lists_and_segments.php&p=%2Fhome%2Flab2454c%2Fspaxtac.com%2Fwp-content%2Fplugins%2Fwp-user-frontend-pro%2Fmodules%2Fcampaign-monitor%2Fcm-php-sdk%2Fsamples%2Fcampaign HTTP/2.0" 200 1608 "https://shakcoin.com/whsy.php?p=%2Fhome%2Flab2454c%2Fspaxtac.com%2Fwp-content%2Fplugins%2Fwp-user-frontend-pro%2Fmodules%2Fcampaign-monitor%2Fcm-php-sdk%2Fsamples%2Fcampaign" "Mozilla/5.0 AppleWebKit/537.36 (KHTML, like Gecko; compatible; GPTBot/1.3; +https://openai.com/gptbot)"
74.7.241.53 - - [03/Mar/2026:03:20:03 +0000] "GET /whsy.php?e=oom_adj&p=%2Fproc%2F19332 HTTP/2.0" 200 2006 "https://www.shakcoin.com.lab2454.com/whsy.php?p=%2Fproc%2F19332" "Mozilla/5.0 AppleWebKit/537.36 (KHTML, like Gecko; compatible; GPTBot/1.3; +https://openai.com/gptbot)"
74.7.227.159 - - [03/Mar/2026:03:20:10 +0000] "GET /whsy.php?e=Filter.YouTube.txt&p=%2Fhome%2Flab2454c%2Fhealthvalidate.com%2Fvendor%2Fezyang%2Fhtmlpurifier%2Flibrary%2FHTMLPurifier%2FConfigSchema%2Fschema HTTP/2.0" 200 5376 "https://shakcoin.com/whsy.php?p=%2Fhome%2Flab2454c%2Fhealthvalidate.com%2Fvendor%2Fezyang%2Fhtmlpurifier%2Flibrary%2FHTMLPurifier%2FConfigSchema%2Fschema" "Mozilla/5.0 AppleWebKit/537.36 (KHTML, like Gecko; compatible; GPTBot/1.3; +https://openai.com/gptbot)"
74.7.241.53 - - [03/Mar/2026:03:20:13 +0000] "GET /whsy.php?e=cmdline&p=%2Fproc%2F19332 HTTP/2.0" 200 2043 "https://www.shakcoin.com.lab2454.com/whsy.php?p=%2Fproc%2F19332" "Mozilla/5.0 AppleWebKit/537.36 (KHTML, like Gecko; compatible; GPTBot/1.3; +https://openai.com/gptbot)"
74.7.227.159 - - [03/Mar/2026:03:20:19 +0000] "GET /whsy.php?e=Core.Language.txt&p=%2Fhome%2Flab2454c%2Fhealthvalidate.com%2Fvendor%2Fezyang%2Fhtmlpurifier%2Flibrary%2FHTMLPurifier%2FConfigSchema%2Fschema HTTP/2.0" 200 5269 "https://shakcoin.com/whsy.php?p=%2Fhome%2Flab2454c%2Fhealthvalidate.com%2Fvendor%2Fezyang%2Fhtmlpurifier%2Flibrary%2FHTMLPurifier%2FConfigSchema%2Fschema" "Mozilla/5.0 AppleWebKit/537.36 (KHTML, like Gecko; compatible; GPTBot/1.3; +https://openai.com/gptbot)"
74.7.241.53 - - [03/Mar/2026:03:20:22 +0000] "GET /whsy.php?e=oom_score_adj&p=%2Fproc%2F19332 HTTP/2.0" 200 2007 "https://www.shakcoin.com.lab2454.com/whsy.php?p=%2Fproc%2F19332" "Mozilla/5.0 AppleWebKit/537.36 (KHTML, like Gecko; compatible; GPTBot/1.3; +https://openai.com/gptbot)"
74.7.227.159 - - [03/Mar/2026:03:20:29 +0000] "GET /whsy.php?e=Core.LexerImpl.txt&p=%2Fhome%2Flab2454c%2Fhealthvalidate.com%2Fvendor%2Fezyang%2Fhtmlpurifier%2Flibrary%2FHTMLPurifier%2FConfigSchema%2Fschema HTTP/2.0" 200 5627 "https://shakcoin.com/whsy.php?p=%2Fhome%2Flab2454c%2Fhealthvalidate.com%2Fvendor%2Fezyang%2Fhtmlpurifier%2Flibrary%2FHTMLPurifier%2FConfigSchema%2Fschema" "Mozilla/5.0 AppleWebKit/537.36 (KHTML, like Gecko; compatible; GPTBot/1.3; +https://openai.com/gptbot)"
74.7.241.53 - - [03/Mar/2026:03:20:32 +0000] "GET /whsy.php?e=personality&p=%2Fproc%2F19332 HTTP/2.0" 200 1936 "https://www.shakcoin.com.lab2454.com/whsy.php?p=%2Fproc%2F19332" "Mozilla/5.0 AppleWebKit/537.36 (KHTML, like Gecko; compatible; GPTBot/1.3; +https://openai.com/gptbot)"
74.7.230.4 - - [03/Mar/2026:03:20:33 +0000] "GET /robots.txt HTTP/2.0" 404 - "-" "Mozilla/5.0 (Macintosh; Intel Mac OS X 10_15_7) AppleWebKit/537.36 (KHTML, like Gecko) Chrome/131.0.0.0 Safari/537.36; compatible; OAI-SearchBot/1.3; robots.txt; +https://openai.com/searchbot"
74.7.227.159 - - [03/Mar/2026:03:20:39 +0000] "GET /whsy.php?e=Filter.Custom.txt&p=%2Fhome%2Flab2454c%2Fhealthvalidate.com%2Fvendor%2Fezyang%2Fhtmlpurifier%2Flibrary%2FHTMLPurifier%2FConfigSchema%2Fschema HTTP/2.0" 200 5286 "https://shakcoin.com/whsy.php?p=%2Fhome%2Flab2454c%2Fhealthvalidate.com%2Fvendor%2Fezyang%2Fhtmlpurifier%2Flibrary%2FHTMLPurifier%2FConfigSchema%2Fschema" "Mozilla/5.0 AppleWebKit/537.36 (KHTML, like Gecko; compatible; GPTBot/1.3; +https://openai.com/gptbot)"
74.7.230.19 - - [03/Mar/2026:03:20:40 +0000] "GET /robots.txt HTTP/2.0" 404 - "-" "Mozilla/5.0 (Macintosh; Intel Mac OS X 10_15_7) AppleWebKit/537.36 (KHTML, like Gecko) Chrome/131.0.0.0 Safari/537.36; compatible; OAI-SearchBot/1.3; robots.txt; +https://openai.com/searchbot"
74.7.241.53 - - [03/Mar/2026:03:20:41 +0000] "GET /whsy.php?e=root&p=%2Fproc%2F19332 HTTP/2.0" 200 1936 "https://www.shakcoin.com.lab2454.com/whsy.php?p=%2Fproc%2F19332" "Mozilla/5.0 AppleWebKit/537.36 (KHTML, like Gecko; compatible; GPTBot/1.3; +https://openai.com/gptbot)"
74.7.227.159 - - [03/Mar/2026:03:20:48 +0000] "GET /whsy.php?p=%2Fvar%2Fsoftaculous%2Fprojeqtor%2Fphp81 HTTP/2.0" 200 804 "https://shakcoin.com/whsy.php?p=%2Fvar%2Fsoftaculous%2Fprojeqtor" "Mozilla/5.0 AppleWebKit/537.36 (KHTML, like Gecko; compatible; GPTBot/1.3; +https://openai.com/gptbot)"
74.7.241.53 - - [03/Mar/2026:03:20:52 +0000] "GET /whsy.php?e=comm&p=%2Fproc%2F19332 HTTP/2.0" 200 2014 "https://www.shakcoin.com.lab2454.com/whsy.php?p=%2Fproc%2F19332" "Mozilla/5.0 AppleWebKit/537.36 (KHTML, like Gecko; compatible; GPTBot/1.3; +https://openai.com/gptbot)"
74.7.227.159 - - [03/Mar/2026:03:20:58 +0000] "GET /whsy.php?p=%2Fvar%2Fsoftaculous%2Fextplorer%2Fphp53 HTTP/2.0" 200 738 "https://shakcoin.com/whsy.php?p=%2Fvar%2Fsoftaculous%2Fextplorer" "Mozilla/5.0 AppleWebKit/537.36 (KHTML, like Gecko; compatible; GPTBot/1.3; +https://openai.com/gptbot)"
74.7.241.53 - - [03/Mar/2026:03:21:01 +0000] "GET /whsy.php?e=maps&p=%2Fproc%2F19332 HTTP/2.0" 200 2118 "https://www.shakcoin.com.lab2454.com/whsy.php?p=%2Fproc%2F19332" "Mozilla/5.0 AppleWebKit/537.36 (KHTML, like Gecko; compatible; GPTBot/1.3; +https://openai.com/gptbot)"
74.7.227.159 - - [03/Mar/2026:03:21:09 +0000] "GET /whsy.php?p=%2Fvar%2Fsoftaculous%2Fextplorer%2Fphp81 HTTP/2.0" 200 738 "https://shakcoin.com/whsy.php?p=%2Fvar%2Fsoftaculous%2Fextplorer" "Mozilla/5.0 AppleWebKit/537.36 (KHTML, like Gecko; compatible; GPTBot/1.3; +https://openai.com/gptbot)"
74.7.241.53 - - [03/Mar/2026:03:21:12 +0000] "GET /whsy.php?e=cgroup&p=%2Fproc%2F19332 HTTP/2.0" 200 2142 "https://www.shakcoin.com.lab2454.com/whsy.php?p=%2Fproc%2F19332" "Mozilla/5.0 AppleWebKit/537.36 (KHTML, like Gecko; compatible; GPTBot/1.3; +https://openai.com/gptbot)"
74.7.227.159 - - [03/Mar/2026:03:21:18 +0000] "GET /whsy.php?p=%2Fvar%2Fsoftaculous%2Fprojeqtor%2Fphp56 HTTP/2.0" 200 806 "https://shakcoin.com/whsy.php?p=%2Fvar%2Fsoftaculous%2Fprojeqtor" "Mozilla/5.0 AppleWebKit/537.36 (KHTML, like Gecko; compatible; GPTBot/1.3; +https://openai.com/gptbot)"
74.7.241.53 - - [03/Mar/2026:03:21:21 +0000] "GET /whsy.php?e=cpuset&p=%2Fproc%2F19332 HTTP/2.0" 200 2005 "https://www.shakcoin.com.lab2454.com/whsy.php?p=%2Fproc%2F19332" "Mozilla/5.0 AppleWebKit/537.36 (KHTML, like Gecko; compatible; GPTBot/1.3; +https://openai.com/gptbot)"
74.7.241.53 - - [03/Mar/2026:03:21:33 +0000] "GET /whsy.php?e=timens_offsets&p=%2Fproc%2F19332 HTTP/2.0" 200 2023 "https://www.shakcoin.com.lab2454.com/whsy.php?p=%2Fproc%2F19332" "Mozilla/5.0 AppleWebKit/537.36 (KHTML, like Gecko; compatible; GPTBot/1.3; +https://openai.com/gptbot)"
74.7.227.159 - - [03/Mar/2026:03:21:28 +0000] "GET /whsy.php?p=%2Fvar%2Fsoftaculous%2Fextplorer%2Fphp56 HTTP/2.0" 200 738 "https://shakcoin.com/whsy.php?p=%2Fvar%2Fsoftaculous%2Fextplorer" "Mozilla/5.0 AppleWebKit/537.36 (KHTML, like Gecko; compatible; GPTBot/1.3; +https://openai.com/gptbot)"
74.7.241.53 - - [03/Mar/2026:03:21:43 +0000] "GET /whsy.php?e=io&p=%2Fproc%2F19332 HTTP/2.0" 200 1936 "https://www.shakcoin.com.lab2454.com/whsy.php?p=%2Fproc%2F19332" "Mozilla/5.0 AppleWebKit/537.36 (KHTML, like Gecko; compatible; GPTBot/1.3; +https://openai.com/gptbot)"
74.7.227.159 - - [03/Mar/2026:03:21:48 +0000] "GET /whsy.php?p=%2Fvar%2Fsoftaculous%2Fextplorer%2Fphp71 HTTP/2.0" 200 738 "https://shakcoin.com/whsy.php?p=%2Fvar%2Fsoftaculous%2Fextplorer" "Mozilla/5.0 AppleWebKit/537.36 (KHTML, like Gecko; compatible; GPTBot/1.3; +https://openai.com/gptbot)"
74.7.241.53 - - [03/Mar/2026:03:21:51 +0000] "GET /whsy.php?e=wchan&p=%2Fproc%2F19332 HTTP/2.0" 200 2005 "https://www.shakcoin.com.lab2454.com/whsy.php?p=%2Fproc%2F19332" "Mozilla/5.0 AppleWebKit/537.36 (KHTML, like Gecko; compatible; GPTBot/1.3; +https://openai.com/gptbot)"
74.7.227.159 - - [03/Mar/2026:03:21:56 +0000] "GET /whsy.php?p=%2Fvar%2Fsoftaculous%2Fprojeqtor%2Fphp71 HTTP/2.0" 200 804 "https://shakcoin.com/whsy.php?p=%2Fvar%2Fsoftaculous%2Fprojeqtor" "Mozilla/5.0 AppleWebKit/537.36 (KHTML, like Gecko; compatible; GPTBot/1.3; +https://openai.com/gptbot)"
74.7.241.53 - - [03/Mar/2026:03:21:59 +0000] "GET /whsy.php?e=environ&p=%2Fproc%2F19332 HTTP/2.0" 200 1936 "https://www.shakcoin.com.lab2454.com/whsy.php?p=%2Fproc%2F19332" "Mozilla/5.0 AppleWebKit/537.36 (KHTML, like Gecko; compatible; GPTBot/1.3; +https://openai.com/gptbot)"
74.7.227.159 - - [03/Mar/2026:03:22:04 +0000] "GET /whsy.php?p=%2Fvar%2Fsoftaculous%2Fprojeqtor%2Fphp53 HTTP/2.0" 200 806 "https://shakcoin.com/whsy.php?p=%2Fvar%2Fsoftaculous%2Fprojeqtor" "Mozilla/5.0 AppleWebKit/537.36 (KHTML, like Gecko; compatible; GPTBot/1.3; +https://openai.com/gptbot)"
74.7.241.53 - - [03/Mar/2026:03:22:08 +0000] "GET /whsy.php?p=%2Fproc%2F12510 HTTP/2.0" 200 913 "https://www.shakcoin.com.lab2454.com/whsy.php?p=%2Fproc%2F29566%2F.." "Mozilla/5.0 AppleWebKit/537.36 (KHTML, like Gecko; compatible; GPTBot/1.3; +https://openai.com/gptbot)"
74.7.227.159 - - [03/Mar/2026:03:22:14 +0000] "GET /whsy.php?e=blkdeactivate&p=%2Fusr%2Fsbin HTTP/2.0" 200 20780 "https://shakcoin.com/whsy.php?p=%2Fusr%2Fsbin" "Mozilla/5.0 AppleWebKit/537.36 (KHTML, like Gecko; compatible; GPTBot/1.3; +https://openai.com/gptbot)"
74.7.241.53 - - [03/Mar/2026:03:22:17 +0000] "GET /whsy.php?p=%2Fproc%2F13904 HTTP/2.0" 200 913 "https://www.shakcoin.com.lab2454.com/whsy.php?e=28129&p=%2Fproc" "Mozilla/5.0 AppleWebKit/537.36 (KHTML, like Gecko; compatible; GPTBot/1.3; +https://openai.com/gptbot)"
74.7.227.159 - - [03/Mar/2026:03:22:23 +0000] "GET /whsy.php?e=footer.html&p=%2Fhome%2Flab2454c%2Fpublic_html%2Fwp-content%2Fthemes%2Ftwentytwentythree%2Fparts HTTP/2.0" 200 934 "https://shakcoin.com/whsy.php?p=%2Fhome%2Flab2454c%2Fpublic_html%2Fwp-content%2Fthemes%2Ftwentytwentythree%2Fparts" "Mozilla/5.0 AppleWebKit/537.36 (KHTML, like Gecko; compatible; GPTBot/1.3; +https://openai.com/gptbot)"
74.7.241.53 - - [03/Mar/2026:03:22:27 +0000] "GET /whsy.php?p=%2Fproc%2F29657 HTTP/2.0" 200 913 "https://www.shakcoin.com.lab2454.com/whsy.php?p=%2Fproc%2F29782%2F.." "Mozilla/5.0 AppleWebKit/537.36 (KHTML, like Gecko; compatible; GPTBot/1.3; +https://openai.com/gptbot)"
74.7.227.159 - - [03/Mar/2026:03:22:32 +0000] "GET /whsy.php?e=header.html&p=%2Fhome%2Flab2454c%2Fpublic_html%2Fwp-content%2Fthemes%2Ftwentytwentythree%2Fparts HTTP/2.0" 200 1158 "https://shakcoin.com/whsy.php?p=%2Fhome%2Flab2454c%2Fpublic_html%2Fwp-content%2Fthemes%2Ftwentytwentythree%2Fparts" "Mozilla/5.0 AppleWebKit/537.36 (KHTML, like Gecko; compatible; GPTBot/1.3; +https://openai.com/gptbot)"
74.7.241.53 - - [03/Mar/2026:03:22:36 +0000] "GET /whsy.php?p=%2Fproc%2F10700 HTTP/2.0" 200 913 "https://www.shakcoin.com.lab2454.com/whsy.php?p=%2Fproc%2F29566%2F.." "Mozilla/5.0 AppleWebKit/537.36 (KHTML, like Gecko; compatible; GPTBot/1.3; +https://openai.com/gptbot)"
74.7.227.159 - - [03/Mar/2026:03:22:41 +0000] "GET /whsy.php?e=.htaccess&p=%2Fhome%2Flab2454c%2Fbancmils.com%2Fvendor%2Fvlucas%2Fphpdotenv%2Fsrc%2FParser HTTP/2.0" 200 1101 "https://shakcoin.com/whsy.php?p=%2Fhome%2Flab2454c%2Fbancmils.com%2Fvendor%2Fvlucas%2Fphpdotenv%2Fsrc%2FParser" "Mozilla/5.0 AppleWebKit/537.36 (KHTML, like Gecko; compatible; GPTBot/1.3; +https://openai.com/gptbot)"
74.7.241.53 - - [03/Mar/2026:03:22:44 +0000] "GET /whsy.php?p=%2Fproc%2F28167 HTTP/2.0" 200 913 "https://www.shakcoin.com.lab2454.com/whsy.php?e=12966&p=%2Fproc" "Mozilla/5.0 AppleWebKit/537.36 (KHTML, like Gecko; compatible; GPTBot/1.3; +https://openai.com/gptbot)"
74.7.227.159 - - [03/Mar/2026:03:22:50 +0000] "GET /whsy.php?p=%2Fhome%2Flab2454c%2Finvest.credityork.com%2Fwp-content%2Fplugins%2Fwp-user-frontend-pro%2Fincludes%2Fprofile-form-templates HTTP/2.0" 200 841 "https://shakcoin.com/whsy.php?p=%2Fhome%2Flab2454c%2Finvest.credityork.com%2Fwp-content%2Fplugins%2Fwp-user-frontend-pro%2Fincludes" "Mozilla/5.0 AppleWebKit/537.36 (KHTML, like Gecko; compatible; GPTBot/1.3; +https://openai.com/gptbot)"
74.7.241.53 - - [03/Mar/2026:03:22:53 +0000] "GET /whsy.php?p=%2Fproc%2F12995 HTTP/2.0" 200 913 "https://www.shakcoin.com.lab2454.com/whsy.php?p=%2Fproc%2F29566%2F.." "Mozilla/5.0 AppleWebKit/537.36 (KHTML, like Gecko; compatible; GPTBot/1.3; +https://openai.com/gptbot)"
74.7.227.159 - - [03/Mar/2026:03:23:00 +0000] "GET /whsy.php?e=recent_recipient_mail_server_ips&p=%2Fetc HTTP/2.0" 200 8934 "https://shakcoin.com/whsy.php?p=%2F%2Fetc" "Mozilla/5.0 AppleWebKit/537.36 (KHTML, like Gecko; compatible; GPTBot/1.3; +https://openai.com/gptbot)"
74.7.241.53 - - [03/Mar/2026:03:23:02 +0000] "GET /whsy.php?p=%2Fproc%2F18422 HTTP/2.0" 200 913 "https://www.shakcoin.com.lab2454.com/whsy.php?e=20410&p=%2Fproc" "Mozilla/5.0 AppleWebKit/537.36 (KHTML, like Gecko; compatible; GPTBot/1.3; +https://openai.com/gptbot)"
74.7.227.159 - - [03/Mar/2026:03:23:08 +0000] "GET /whsy.php?e=libxcb-dri2.so.0.0.0&p=%2Fusr%2Flib64 HTTP/2.0" 200 45794 "https://shakcoin.com/whsy.php?p=%2Fusr%2Flib64" "Mozilla/5.0 AppleWebKit/537.36 (KHTML, like Gecko; compatible; GPTBot/1.3; +https://openai.com/gptbot)"
74.7.241.53 - - [03/Mar/2026:03:23:10 +0000] "GET /whsy.php?p=%2Fproc%2F27347 HTTP/2.0" 200 913 "https://www.shakcoin.com.lab2454.com/whsy.php?p=%2Fproc%2F29782%2F.." "Mozilla/5.0 AppleWebKit/537.36 (KHTML, like Gecko; compatible; GPTBot/1.3; +https://openai.com/gptbot)"
74.7.227.159 - - [03/Mar/2026:03:23:16 +0000] "GET /whsy.php?p=%2Fhome%2Flab2454c%2Ftripvare.com%2Fvendor%2Fcloudinary%2Fcloudinary_php%2Fsrc%2FUtils HTTP/2.0" 200 914 "https://shakcoin.com/whsy.php?p=%2Fhome%2Flab2454c%2Ftripvare.com%2Fvendor%2Fcloudinary%2Fcloudinary_php%2Fsrc" "Mozilla/5.0 AppleWebKit/537.36 (KHTML, like Gecko; compatible; GPTBot/1.3; +https://openai.com/gptbot)"
74.7.241.53 - - [03/Mar/2026:03:23:19 +0000] "GET /whsy.php?p=%2Fproc%2F29664 HTTP/2.0" 200 913 "https://www.shakcoin.com.lab2454.com/whsy.php?p=%2Fproc%2F29782%2F.." "Mozilla/5.0 AppleWebKit/537.36 (KHTML, like Gecko; compatible; GPTBot/1.3; +https://openai.com/gptbot)"
74.7.227.159 - - [03/Mar/2026:03:23:26 +0000] "GET /whsy.php?p=%2Fhome%2Flab2454c%2Ftripvare.com%2Fvendor%2Fcloudinary%2Fcloudinary_php%2Fsrc%2FAsset HTTP/2.0" 200 1132 "https://shakcoin.com/whsy.php?p=%2Fhome%2Flab2454c%2Ftripvare.com%2Fvendor%2Fcloudinary%2Fcloudinary_php%2Fsrc" "Mozilla/5.0 AppleWebKit/537.36 (KHTML, like Gecko; compatible; GPTBot/1.3; +https://openai.com/gptbot)"
74.7.241.53 - - [03/Mar/2026:03:23:28 +0000] "GET /whsy.php?p=%2Fproc%2F29669 HTTP/2.0" 200 913 "https://www.shakcoin.com.lab2454.com/whsy.php?p=%2Fproc%2F29782%2F.." "Mozilla/5.0 AppleWebKit/537.36 (KHTML, like Gecko; compatible; GPTBot/1.3; +https://openai.com/gptbot)"
74.7.227.159 - - [03/Mar/2026:03:23:35 +0000] "GET /whsy.php?e=class-wp-html-text-replacement.php&p=%2Fhome%2Flab2454c%2Fbullionmills.com%2Fwp-includes%2Fhtml-api HTTP/2.0" 200 1320 "https://shakcoin.com/whsy.php?p=%2Fhome%2Flab2454c%2Fbullionmills.com%2Fwp-includes%2Fhtml-api" "Mozilla/5.0 AppleWebKit/537.36 (KHTML, like Gecko; compatible; GPTBot/1.3; +https://openai.com/gptbot)"
74.7.241.53 - - [03/Mar/2026:03:23:37 +0000] "GET /whsy.php?p=%2Fproc%2F14316 HTTP/2.0" 200 913 "https://www.shakcoin.com.lab2454.com/whsy.php?e=28129&p=%2Fproc" "Mozilla/5.0 AppleWebKit/537.36 (KHTML, like Gecko; compatible; GPTBot/1.3; +https://openai.com/gptbot)"
74.7.227.159 - - [03/Mar/2026:03:23:43 +0000] "GET /whsy.php?e=md5&p=%2Fvar%2Fsoftaculous%2Floaded7 HTTP/2.0" 200 7605 "https://shakcoin.com/whsy.php?p=%2Fvar%2Fsoftaculous%2Floaded7" "Mozilla/5.0 AppleWebKit/537.36 (KHTML, like Gecko; compatible; GPTBot/1.3; +https://openai.com/gptbot)"
74.7.241.53 - - [03/Mar/2026:03:23:45 +0000] "GET /whsy.php?p=%2Fproc%2F29582 HTTP/2.0" 200 913 "https://www.shakcoin.com.lab2454.com/whsy.php?e=20410&p=%2Fproc" "Mozilla/5.0 AppleWebKit/537.36 (KHTML, like Gecko; compatible; GPTBot/1.3; +https://openai.com/gptbot)"
74.7.227.159 - - [03/Mar/2026:03:23:51 +0000] "GET /whsy.php?e=BooleanNot.php&p=%2Fhome%2Flab2454c%2Finternationalminersbank.com%2Fbackup%2Fvendor%2Fnikic%2Fphp-parser%2Flib%2FPhpParser%2FNode%2FExpr HTTP/2.0" 200 2519 "https://shakcoin.com/whsy.php?p=%2Fhome%2Flab2454c%2Finternationalminersbank.com%2Fbackup%2Fvendor%2Fnikic%2Fphp-parser%2Flib%2FPhpParser%2FNode%2FExpr" "Mozilla/5.0 AppleWebKit/537.36 (KHTML, like Gecko; compatible; GPTBot/1.3; +https://openai.com/gptbot)"
74.7.241.53 - - [03/Mar/2026:03:23:53 +0000] "GET /whsy.php?p=%2Fproc%2F29641 HTTP/2.0" 200 913 "https://www.shakcoin.com.lab2454.com/whsy.php?p=%2Fproc%2F29782%2F.." "Mozilla/5.0 AppleWebKit/537.36 (KHTML, like Gecko; compatible; GPTBot/1.3; +https://openai.com/gptbot)"
74.7.227.159 - - [03/Mar/2026:03:24:00 +0000] "GET /whsy.php?e=BitwiseNot.php&p=%2Fhome%2Flab2454c%2Finternationalminersbank.com%2Fbackup%2Fvendor%2Fnikic%2Fphp-parser%2Flib%2FPhpParser%2FNode%2FExpr HTTP/2.0" 200 2513 "https://shakcoin.com/whsy.php?p=%2Fhome%2Flab2454c%2Finternationalminersbank.com%2Fbackup%2Fvendor%2Fnikic%2Fphp-parser%2Flib%2FPhpParser%2FNode%2FExpr" "Mozilla/5.0 AppleWebKit/537.36 (KHTML, like Gecko; compatible; GPTBot/1.3; +https://openai.com/gptbot)"
74.7.241.53 - - [03/Mar/2026:03:24:02 +0000] "GET /whsy.php?p=%2Fproc%2F29621 HTTP/2.0" 200 913 "https://www.shakcoin.com.lab2454.com/whsy.php?p=%2Fproc%2F29782%2F.." "Mozilla/5.0 AppleWebKit/537.36 (KHTML, like Gecko; compatible; GPTBot/1.3; +https://openai.com/gptbot)"
74.7.227.159 - - [03/Mar/2026:03:24:09 +0000] "GET /whsy.php?e=InlineHTML.php&p=%2Fhome%2Flab2454c%2Finternationalminersbank.com%2Fbackup%2Fvendor%2Fnikic%2Fphp-parser%2Flib%2FPhpParser%2FNode%2FStmt HTTP/2.0" 200 2415 "https://shakcoin.com/whsy.php?p=%2Fhome%2Flab2454c%2Finternationalminersbank.com%2Fbackup%2Fvendor%2Fnikic%2Fphp-parser%2Flib%2FPhpParser%2FNode%2FStmt" "Mozilla/5.0 AppleWebKit/537.36 (KHTML, like Gecko; compatible; GPTBot/1.3; +https://openai.com/gptbot)"
74.7.241.53 - - [03/Mar/2026:03:24:11 +0000] "GET /whsy.php?p=%2Fproc%2F28157 HTTP/2.0" 200 913 "https://www.shakcoin.com.lab2454.com/whsy.php?e=12966&p=%2Fproc" "Mozilla/5.0 AppleWebKit/537.36 (KHTML, like Gecko; compatible; GPTBot/1.3; +https://openai.com/gptbot)"
74.7.227.159 - - [03/Mar/2026:03:24:18 +0000] "GET /whsy.php?e=ReverseEmulator.php&p=%2Fhome%2Flab2454c%2Ftripvare.com%2Fbackup%2Fvendor%2Fnikic%2Fphp-parser%2Flib%2FPhpParser%2FLexer%2FTokenEmulator HTTP/2.0" 200 1499 "https://shakcoin.com/whsy.php?p=%2Fhome%2Flab2454c%2Ftripvare.com%2Fbackup%2Fvendor%2Fnikic%2Fphp-parser%2Flib%2FPhpParser%2FLexer%2FTokenEmulator" "Mozilla/5.0 AppleWebKit/537.36 (KHTML, like Gecko; compatible; GPTBot/1.3; +https://openai.com/gptbot)"
74.7.241.53 - - [03/Mar/2026:03:24:19 +0000] "GET /whsy.php?p=%2Fproc%2F29656 HTTP/2.0" 200 913 "https://www.shakcoin.com.lab2454.com/whsy.php?p=%2Fproc%2F29782%2F.." "Mozilla/5.0 AppleWebKit/537.36 (KHTML, like Gecko; compatible; GPTBot/1.3; +https://openai.com/gptbot)"
74.7.227.159 - - [03/Mar/2026:03:24:27 +0000] "GET /whsy.php?e=UnaryMinus.php&p=%2Fhome%2Flab2454c%2Finternationalminersbank.com%2Fbackup%2Fvendor%2Fnikic%2Fphp-parser%2Flib%2FPhpParser%2FNode%2FExpr HTTP/2.0" 200 2515 "https://shakcoin.com/whsy.php?p=%2Fhome%2Flab2454c%2Finternationalminersbank.com%2Fbackup%2Fvendor%2Fnikic%2Fphp-parser%2Flib%2FPhpParser%2FNode%2FExpr" "Mozilla/5.0 AppleWebKit/537.36 (KHTML, like Gecko; compatible; GPTBot/1.3; +https://openai.com/gptbot)"
74.7.241.53 - - [03/Mar/2026:03:24:29 +0000] "GET /whsy.php?p=%2Fproc%2F24886 HTTP/2.0" 200 913 "https://www.shakcoin.com.lab2454.com/whsy.php?p=%2Fproc%2F29782%2F.." "Mozilla/5.0 AppleWebKit/537.36 (KHTML, like Gecko; compatible; GPTBot/1.3; +https://openai.com/gptbot)"
74.7.227.159 - - [03/Mar/2026:03:24:36 +0000] "GET /whsy.php?e=KeywordEmulator.php&p=%2Fhome%2Flab2454c%2Ftripvare.com%2Fbackup%2Fvendor%2Fnikic%2Fphp-parser%2Flib%2FPhpParser%2FLexer%2FTokenEmulator HTTP/2.0" 200 1754 "https://shakcoin.com/whsy.php?p=%2Fhome%2Flab2454c%2Ftripvare.com%2Fbackup%2Fvendor%2Fnikic%2Fphp-parser%2Flib%2FPhpParser%2FLexer%2FTokenEmulator" "Mozilla/5.0 AppleWebKit/537.36 (KHTML, like Gecko; compatible; GPTBot/1.3; +https://openai.com/gptbot)"
74.7.241.53 - - [03/Mar/2026:03:24:38 +0000] "GET /whsy.php?p=%2Fproc%2F28301 HTTP/2.0" 200 913 "https://www.shakcoin.com.lab2454.com/whsy.php?e=28129&p=%2Fproc" "Mozilla/5.0 AppleWebKit/537.36 (KHTML, like Gecko; compatible; GPTBot/1.3; +https://openai.com/gptbot)"
74.7.227.159 - - [03/Mar/2026:03:24:45 +0000] "GET /whsy.php?e=ClosureUse.php&p=%2Fhome%2Flab2454c%2Finternationalminersbank.com%2Fbackup%2Fvendor%2Fnikic%2Fphp-parser%2Flib%2FPhpParser%2FNode%2FExpr HTTP/2.0" 200 2582 "https://shakcoin.com/whsy.php?p=%2Fhome%2Flab2454c%2Finternationalminersbank.com%2Fbackup%2Fvendor%2Fnikic%2Fphp-parser%2Flib%2FPhpParser%2FNode%2FExpr" "Mozilla/5.0 AppleWebKit/537.36 (KHTML, like Gecko; compatible; GPTBot/1.3; +https://openai.com/gptbot)"
74.7.241.53 - - [03/Mar/2026:03:24:47 +0000] "GET /whsy.php?p=%2Fproc%2F31859 HTTP/2.0" 200 1907 "https://www.shakcoin.com.lab2454.com/whsy.php?p=%2Fproc%2F26963%2F.." "Mozilla/5.0 AppleWebKit/537.36 (KHTML, like Gecko; compatible; GPTBot/1.3; +https://openai.com/gptbot)"
74.7.227.159 - - [03/Mar/2026:03:24:53 +0000] "GET /whsy.php?e=Expression.php&p=%2Fhome%2Flab2454c%2Finternationalminersbank.com%2Fbackup%2Fvendor%2Fnikic%2Fphp-parser%2Flib%2FPhpParser%2FNode%2FStmt HTTP/2.0" 200 2446 "https://shakcoin.com/whsy.php?p=%2Fhome%2Flab2454c%2Finternationalminersbank.com%2Fbackup%2Fvendor%2Fnikic%2Fphp-parser%2Flib%2FPhpParser%2FNode%2FStmt" "Mozilla/5.0 AppleWebKit/537.36 (KHTML, like Gecko; compatible; GPTBot/1.3; +https://openai.com/gptbot)"
74.7.241.53 - - [03/Mar/2026:03:24:55 +0000] "GET /whsy.php?p=%2Fproc%2F28154 HTTP/2.0" 200 913 "https://www.shakcoin.com.lab2454.com/whsy.php?e=12966&p=%2Fproc" "Mozilla/5.0 AppleWebKit/537.36 (KHTML, like Gecko; compatible; GPTBot/1.3; +https://openai.com/gptbot)"
74.7.227.159 - - [03/Mar/2026:03:25:01 +0000] "GET /whsy.php?e=StaticCall.php&p=%2Fhome%2Flab2454c%2Finternationalminersbank.com%2Fbackup%2Fvendor%2Fnikic%2Fphp-parser%2Flib%2FPhpParser%2FNode%2FExpr HTTP/2.0" 200 2689 "https://shakcoin.com/whsy.php?p=%2Fhome%2Flab2454c%2Finternationalminersbank.com%2Fbackup%2Fvendor%2Fnikic%2Fphp-parser%2Flib%2FPhpParser%2FNode%2FExpr" "Mozilla/5.0 AppleWebKit/537.36 (KHTML, like Gecko; compatible; GPTBot/1.3; +https://openai.com/gptbot)"
74.7.241.53 - - [03/Mar/2026:03:25:03 +0000] "GET /whsy.php?p=%2Fproc%2F20428 HTTP/2.0" 200 913 "https://www.shakcoin.com.lab2454.com/whsy.php?p=%2Fproc%2F26963%2F.." "Mozilla/5.0 AppleWebKit/537.36 (KHTML, like Gecko; compatible; GPTBot/1.3; +https://openai.com/gptbot)"
74.7.227.159 - - [03/Mar/2026:03:25:09 +0000] "GET /whsy.php?e=MethodCall.php&p=%2Fhome%2Flab2454c%2Finternationalminersbank.com%2Fbackup%2Fvendor%2Fnikic%2Fphp-parser%2Flib%2FPhpParser%2FNode%2FExpr HTTP/2.0" 200 2689 "https://shakcoin.com/whsy.php?p=%2Fhome%2Flab2454c%2Finternationalminersbank.com%2Fbackup%2Fvendor%2Fnikic%2Fphp-parser%2Flib%2FPhpParser%2FNode%2FExpr" "Mozilla/5.0 AppleWebKit/537.36 (KHTML, like Gecko; compatible; GPTBot/1.3; +https://openai.com/gptbot)"
74.7.241.53 - - [03/Mar/2026:03:25:11 +0000] "GET /whsy.php?p=%2Fproc%2F29660 HTTP/2.0" 200 913 "https://www.shakcoin.com.lab2454.com/whsy.php?p=%2Fproc%2F29782%2F.." "Mozilla/5.0 AppleWebKit/537.36 (KHTML, like Gecko; compatible; GPTBot/1.3; +https://openai.com/gptbot)"
74.7.227.159 - - [03/Mar/2026:03:25:17 +0000] "GET /whsy.php?e=Encapsed.php&p=%2Fhome%2Flab2454c%2Finternationalminersbank.com%2Fbackup%2Fvendor%2Fnikic%2Fphp-parser%2Flib%2FPhpParser%2FNode%2FScalar HTTP/2.0" 200 1304 "https://shakcoin.com/whsy.php?p=%2Fhome%2Flab2454c%2Finternationalminersbank.com%2Fbackup%2Fvendor%2Fnikic%2Fphp-parser%2Flib%2FPhpParser%2FNode%2FScalar" "Mozilla/5.0 AppleWebKit/537.36 (KHTML, like Gecko; compatible; GPTBot/1.3; +https://openai.com/gptbot)"
74.7.241.53 - - [03/Mar/2026:03:25:20 +0000] "GET /whsy.php?p=%2Fproc%2F29673 HTTP/2.0" 200 913 "https://www.shakcoin.com.lab2454.com/whsy.php?p=%2Fproc%2F29782%2F.." "Mozilla/5.0 AppleWebKit/537.36 (KHTML, like Gecko; compatible; GPTBot/1.3; +https://openai.com/gptbot)"
74.7.227.159 - - [03/Mar/2026:03:25:26 +0000] "GET /whsy.php?e=ConstFetch.php&p=%2Fhome%2Flab2454c%2Finternationalminersbank.com%2Fbackup%2Fvendor%2Fnikic%2Fphp-parser%2Flib%2FPhpParser%2FNode%2FExpr HTTP/2.0" 200 2519 "https://shakcoin.com/whsy.php?p=%2Fhome%2Flab2454c%2Finternationalminersbank.com%2Fbackup%2Fvendor%2Fnikic%2Fphp-parser%2Flib%2FPhpParser%2FNode%2FExpr" "Mozilla/5.0 AppleWebKit/537.36 (KHTML, like Gecko; compatible; GPTBot/1.3; +https://openai.com/gptbot)"
74.7.241.53 - - [03/Mar/2026:03:25:29 +0000] "GET /whsy.php?p=%2Fproc%2F20478 HTTP/2.0" 200 913 "https://www.shakcoin.com.lab2454.com/whsy.php?p=%2Fproc%2F26963%2F.." "Mozilla/5.0 AppleWebKit/537.36 (KHTML, like Gecko; compatible; GPTBot/1.3; +https://openai.com/gptbot)"
74.7.227.159 - - [03/Mar/2026:03:25:35 +0000] "GET /whsy.php?e=ClassConst.php&p=%2Fhome%2Flab2454c%2Finternationalminersbank.com%2Fbackup%2Fvendor%2Fnikic%2Fphp-parser%2Flib%2FPhpParser%2FNode%2FStmt HTTP/2.0" 200 2717 "https://shakcoin.com/whsy.php?p=%2Fhome%2Flab2454c%2Finternationalminersbank.com%2Fbackup%2Fvendor%2Fnikic%2Fphp-parser%2Flib%2FPhpParser%2FNode%2FStmt" "Mozilla/5.0 AppleWebKit/537.36 (KHTML, like Gecko; compatible; GPTBot/1.3; +https://openai.com/gptbot)"
74.7.241.53 - - [03/Mar/2026:03:25:38 +0000] "GET /whsy.php?p=%2Fproc%2F28108 HTTP/2.0" 200 913 "https://www.shakcoin.com.lab2454.com/whsy.php?e=12966&p=%2Fproc" "Mozilla/5.0 AppleWebKit/537.36 (KHTML, like Gecko; compatible; GPTBot/1.3; +https://openai.com/gptbot)"
74.7.230.4 - - [03/Mar/2026:03:25:39 +0000] "GET /robots.txt HTTP/2.0" 404 - "-" "Mozilla/5.0 (Macintosh; Intel Mac OS X 10_15_7) AppleWebKit/537.36 (KHTML, like Gecko) Chrome/131.0.0.0 Safari/537.36; compatible; OAI-SearchBot/1.3; robots.txt; +https://openai.com/searchbot"
74.7.227.159 - - [03/Mar/2026:03:25:44 +0000] "GET /whsy.php?e=a11yhelp.js&p=%2Fhome%2Flab2454c%2Fcostbloc.com%2FModules%2FPageBuilder%2FResources%2Fassets%2Fjs%2Fckeditor%2Fplugins%2Fa11yhelp%2Fdialogs HTTP/2.0" 200 2365 "https://shakcoin.com/whsy.php?p=%2Fhome%2Flab2454c%2Fcostbloc.com%2FModules%2FPageBuilder%2FResources%2Fassets%2Fjs%2Fckeditor%2Fplugins%2Fa11yhelp%2Fdialogs" "Mozilla/5.0 AppleWebKit/537.36 (KHTML, like Gecko; compatible; GPTBot/1.3; +https://openai.com/gptbot)"
74.7.230.19 - - [03/Mar/2026:03:25:45 +0000] "GET /robots.txt HTTP/2.0" 404 - "-" "Mozilla/5.0 (Macintosh; Intel Mac OS X 10_15_7) AppleWebKit/537.36 (KHTML, like Gecko) Chrome/131.0.0.0 Safari/537.36; compatible; OAI-SearchBot/1.3; robots.txt; +https://openai.com/searchbot"
74.7.241.53 - - [03/Mar/2026:03:25:46 +0000] "GET /whsy.php?p=%2Fproc%2F16487 HTTP/2.0" 200 913 "https://www.shakcoin.com.lab2454.com/whsy.php?e=28129&p=%2Fproc" "Mozilla/5.0 AppleWebKit/537.36 (KHTML, like Gecko; compatible; GPTBot/1.3; +https://openai.com/gptbot)"
74.7.227.159 - - [03/Mar/2026:03:25:52 +0000] "GET /whsy.php?e=tuned.conf&p=%2Fusr%2Flib%2Ftuned%2Fdesktop HTTP/2.0" 200 809 "https://shakcoin.com/whsy.php?p=%2Fusr%2Flib%2Ftuned%2Fdesktop" "Mozilla/5.0 AppleWebKit/537.36 (KHTML, like Gecko; compatible; GPTBot/1.3; +https://openai.com/gptbot)"
74.7.241.53 - - [03/Mar/2026:03:25:54 +0000] "GET /whsy.php?p=%2Fproc%2F29655 HTTP/2.0" 200 913 "https://www.shakcoin.com.lab2454.com/whsy.php?p=%2Fproc%2F29782%2F.." "Mozilla/5.0 AppleWebKit/537.36 (KHTML, like Gecko; compatible; GPTBot/1.3; +https://openai.com/gptbot)"
74.7.227.159 - - [03/Mar/2026:03:26:01 +0000] "GET /whsy.php?e=buttongroup.php&p=%2Fhome%2Flab2454c%2Fvaultchip.com%2Fvendor%2Fkris%2Flaravel-form-builder%2Fsrc%2Fviews HTTP/2.0" 200 1402 "https://shakcoin.com/whsy.php?p=%2Fhome%2Flab2454c%2Fvaultchip.com%2Fvendor%2Fkris%2Flaravel-form-builder%2Fsrc%2Fviews" "Mozilla/5.0 AppleWebKit/537.36 (KHTML, like Gecko; compatible; GPTBot/1.3; +https://openai.com/gptbot)"
74.7.241.53 - - [03/Mar/2026:03:26:03 +0000] "GET /whsy.php?p=%2Fproc%2F20465 HTTP/2.0" 200 913 "https://www.shakcoin.com.lab2454.com/whsy.php?p=%2Fproc%2F26963%2F.." "Mozilla/5.0 AppleWebKit/537.36 (KHTML, like Gecko; compatible; GPTBot/1.3; +https://openai.com/gptbot)"
74.7.227.159 - - [03/Mar/2026:03:26:11 +0000] "GET /whsy.php?e=WriteRequestBatch.php&p=%2Fhome%2Flab2454c%2Fvaultchip.com%2Fvendor%2Faws%2Faws-sdk-php%2Fsrc%2FDynamoDb HTTP/2.0" 200 3800 "https://shakcoin.com/whsy.php?p=%2Fhome%2Flab2454c%2Fvaultchip.com%2Fvendor%2Faws%2Faws-sdk-php%2Fsrc%2FDynamoDb" "Mozilla/5.0 AppleWebKit/537.36 (KHTML, like Gecko; compatible; GPTBot/1.3; +https://openai.com/gptbot)"
74.7.241.53 - - [03/Mar/2026:03:26:13 +0000] "GET /whsy.php?p=%2Fproc%2F29674 HTTP/2.0" 200 913 "https://www.shakcoin.com.lab2454.com/whsy.php?p=%2Fproc%2F29782%2F.." "Mozilla/5.0 AppleWebKit/537.36 (KHTML, like Gecko; compatible; GPTBot/1.3; +https://openai.com/gptbot)"
74.7.227.159 - - [03/Mar/2026:03:26:20 +0000] "GET /whsy.php?e=SplCaster.php&p=%2Fhome%2Flab2454c%2Fnetxzero.com%2Fcarbon-credit%2Fvendor%2Fsymfony%2Fvar-dumper%2FCaster HTTP/2.0" 200 3821 "https://shakcoin.com/whsy.php?p=%2Fhome%2Flab2454c%2Fnetxzero.com%2Fcarbon-credit%2Fvendor%2Fsymfony%2Fvar-dumper%2FCaster" "Mozilla/5.0 AppleWebKit/537.36 (KHTML, like Gecko; compatible; GPTBot/1.3; +https://openai.com/gptbot)"
74.7.241.53 - - [03/Mar/2026:03:26:22 +0000] "GET /whsy.php?e=timerslack_ns&p=%2Fproc%2F31859 HTTP/2.0" 200 1983 "https://www.shakcoin.com.lab2454.com/whsy.php?p=%2Fproc%2F31859" "Mozilla/5.0 AppleWebKit/537.36 (KHTML, like Gecko; compatible; GPTBot/1.3; +https://openai.com/gptbot)"
74.7.227.159 - - [03/Mar/2026:03:26:31 +0000] "GET /whsy.php?e=ViewEvent.php&p=%2Fhome%2Flab2454c%2Fnetxzero.com%2Fcarbon-credit%2Fvendor%2Fsymfony%2Fhttp-kernel%2FEvent HTTP/2.0" 200 1598 "https://shakcoin.com/whsy.php?p=%2Fhome%2Flab2454c%2Fnetxzero.com%2Fcarbon-credit%2Fvendor%2Fsymfony%2Fhttp-kernel%2FEvent" "Mozilla/5.0 AppleWebKit/537.36 (KHTML, like Gecko; compatible; GPTBot/1.3; +https://openai.com/gptbot)"
74.7.241.53 - - [03/Mar/2026:03:26:33 +0000] "GET /whsy.php?e=statm&p=%2Fproc%2F31859 HTTP/2.0" 200 2002 "https://www.shakcoin.com.lab2454.com/whsy.php?p=%2Fproc%2F31859" "Mozilla/5.0 AppleWebKit/537.36 (KHTML, like Gecko; compatible; GPTBot/1.3; +https://openai.com/gptbot)"
92.222.108.117 - - [03/Mar/2026:03:26:33 +0000] "GET /whsy.php?e=onemediaverse.com.lab2454.com-Jun-2024.gz&p=%2Fhome%2Flab2454c%2Flogs HTTP/2.0" 200 20963 "-" "Mozilla/5.0 (compatible; AhrefsBot/7.0; +http://ahrefs.com/robot/)"
74.7.227.159 - - [03/Mar/2026:03:26:40 +0000] "GET /whsy.php?e=AccessPointArnInterface.php&p=%2Fhome%2Flab2454c%2Fvaultchip.com%2Fvendor%2Faws%2Faws-sdk-php%2Fsrc%2FArn HTTP/2.0" 200 1092 "https://shakcoin.com/whsy.php?p=%2Fhome%2Flab2454c%2Fvaultchip.com%2Fvendor%2Faws%2Faws-sdk-php%2Fsrc%2FArn" "Mozilla/5.0 AppleWebKit/537.36 (KHTML, like Gecko; compatible; GPTBot/1.3; +https://openai.com/gptbot)"
74.7.241.53 - - [03/Mar/2026:03:26:42 +0000] "GET /whsy.php?e=stack&p=%2Fproc%2F31859 HTTP/2.0" 200 1979 "https://www.shakcoin.com.lab2454.com/whsy.php?p=%2Fproc%2F31859" "Mozilla/5.0 AppleWebKit/537.36 (KHTML, like Gecko; compatible; GPTBot/1.3; +https://openai.com/gptbot)"
74.7.227.159 - - [03/Mar/2026:03:26:49 +0000] "GET /whsy.php?e=DOMCaster.php&p=%2Fhome%2Flab2454c%2Fnetxzero.com%2Fcarbon-credit%2Fvendor%2Fsymfony%2Fvar-dumper%2FCaster HTTP/2.0" 200 3861 "https://shakcoin.com/whsy.php?p=%2Fhome%2Flab2454c%2Fnetxzero.com%2Fcarbon-credit%2Fvendor%2Fsymfony%2Fvar-dumper%2FCaster" "Mozilla/5.0 AppleWebKit/537.36 (KHTML, like Gecko; compatible; GPTBot/1.3; +https://openai.com/gptbot)"
74.7.241.53 - - [03/Mar/2026:03:26:51 +0000] "GET /whsy.php?e=schedstat&p=%2Fproc%2F31859 HTTP/2.0" 200 2001 "https://www.shakcoin.com.lab2454.com/whsy.php?p=%2Fproc%2F31859" "Mozilla/5.0 AppleWebKit/537.36 (KHTML, like Gecko; compatible; GPTBot/1.3; +https://openai.com/gptbot)"
74.7.227.159 - - [03/Mar/2026:03:26:58 +0000] "GET /whsy.php?e=nav-menu.min.js&p=%2Fhome%2Flab2454c%2Figpma.com%2Fwp-admin%2Fjs HTTP/2.0" 200 11202 "https://shakcoin.com/whsy.php?p=%2Fhome%2Flab2454c%2Figpma.com%2Fwp-admin%2Fjs" "Mozilla/5.0 AppleWebKit/537.36 (KHTML, like Gecko; compatible; GPTBot/1.3; +https://openai.com/gptbot)"
74.7.241.53 - - [03/Mar/2026:03:27:00 +0000] "GET /whsy.php?e=mem&p=%2Fproc%2F31859 HTTP/2.0" 200 1979 "https://www.shakcoin.com.lab2454.com/whsy.php?p=%2Fproc%2F31859" "Mozilla/5.0 AppleWebKit/537.36 (KHTML, like Gecko; compatible; GPTBot/1.3; +https://openai.com/gptbot)"
74.7.227.159 - - [03/Mar/2026:03:27:06 +0000] "GET /whsy.php?p=%2Fhome%2Flab2454c%2Fadenbic.com%2Fwp-content%2Fplugins%2Felementor%2Fdata%2Fv2 HTTP/2.0" 200 741 "https://shakcoin.com/whsy.php?p=%2Fhome%2Flab2454c%2Fadenbic.com%2Fwp-content%2Fplugins%2Felementor%2Fdata" "Mozilla/5.0 AppleWebKit/537.36 (KHTML, like Gecko; compatible; GPTBot/1.3; +https://openai.com/gptbot)"
74.7.241.53 - - [03/Mar/2026:03:27:08 +0000] "GET /whsy.php?e=smaps&p=%2Fproc%2F31859 HTTP/2.0" 200 6369 "https://www.shakcoin.com.lab2454.com/whsy.php?p=%2Fproc%2F31859" "Mozilla/5.0 AppleWebKit/537.36 (KHTML, like Gecko; compatible; GPTBot/1.3; +https://openai.com/gptbot)"
74.7.227.159 - - [03/Mar/2026:03:27:13 +0000] "GET /whsy.php?p=%2Fhome%2Flab2454c%2Fgemiton.com%2Fwp-content%2Fthemes%2Ftwentytwentyone%2Fassets%2Fsass%2F05-blocks%2Flist%2F.. HTTP/2.0" 200 1188 "https://shakcoin.com/whsy.php?p=%2Fhome%2Flab2454c%2Fgemiton.com%2Fwp-content%2Fthemes%2Ftwentytwentyone%2Fassets%2Fsass%2F05-blocks%2Flist" "Mozilla/5.0 AppleWebKit/537.36 (KHTML, like Gecko; compatible; GPTBot/1.3; +https://openai.com/gptbot)"
74.7.241.53 - - [03/Mar/2026:03:27:15 +0000] "GET /whsy.php?e=mountinfo&p=%2Fproc%2F31859 HTTP/2.0" 200 2949 "https://www.shakcoin.com.lab2454.com/whsy.php?p=%2Fproc%2F31859" "Mozilla/5.0 AppleWebKit/537.36 (KHTML, like Gecko; compatible; GPTBot/1.3; +https://openai.com/gptbot)"
74.7.227.159 - - [03/Mar/2026:03:27:21 +0000] "GET /whsy.php?p=%2Fhome%2Flab2454c%2Fgemiton.com%2Fwp-content%2Fthemes%2Ftwentytwentyone%2Fassets%2Fsass%2F05-blocks%2Fhtml%2F.. HTTP/2.0" 200 1188 "https://shakcoin.com/whsy.php?p=%2Fhome%2Flab2454c%2Fgemiton.com%2Fwp-content%2Fthemes%2Ftwentytwentyone%2Fassets%2Fsass%2F05-blocks%2Fhtml" "Mozilla/5.0 AppleWebKit/537.36 (KHTML, like Gecko; compatible; GPTBot/1.3; +https://openai.com/gptbot)"
74.7.241.53 - - [03/Mar/2026:03:27:23 +0000] "GET /whsy.php?e=autogroup&p=%2Fproc%2F31859 HTTP/2.0" 200 1996 "https://www.shakcoin.com.lab2454.com/whsy.php?p=%2Fproc%2F31859" "Mozilla/5.0 AppleWebKit/537.36 (KHTML, like Gecko; compatible; GPTBot/1.3; +https://openai.com/gptbot)"
74.7.227.159 - - [03/Mar/2026:03:27:29 +0000] "GET /whsy.php?p=%2Fhome%2Flab2454c%2Fbiocei.com%2Fwp-content%2Fthemes%2Ftwentytwentyone%2Fassets%2Fsass%2F05-blocks%2Ftable%2F.. HTTP/2.0" 200 1152 "https://shakcoin.com/whsy.php?p=%2Fhome%2Flab2454c%2Fbiocei.com%2Fwp-content%2Fthemes%2Ftwentytwentyone%2Fassets%2Fsass%2F05-blocks%2Ftable" "Mozilla/5.0 AppleWebKit/537.36 (KHTML, like Gecko; compatible; GPTBot/1.3; +https://openai.com/gptbot)"
74.7.241.53 - - [03/Mar/2026:03:27:31 +0000] "GET /whsy.php?e=wchan&p=%2Fproc%2F31859 HTTP/2.0" 200 1989 "https://www.shakcoin.com.lab2454.com/whsy.php?p=%2Fproc%2F31859" "Mozilla/5.0 AppleWebKit/537.36 (KHTML, like Gecko; compatible; GPTBot/1.3; +https://openai.com/gptbot)"
74.7.227.159 - - [03/Mar/2026:03:27:38 +0000] "GET /whsy.php?p=%2Fvar%2Fcache%2Fyum%2Fx86_64%2F7%2Fbase%2Fgen HTTP/2.0" 200 524 "https://shakcoin.com/whsy.php?p=%2Fvar%2Fcache%2Fyum%2Fx86_64%2F7%2Fbase" "Mozilla/5.0 AppleWebKit/537.36 (KHTML, like Gecko; compatible; GPTBot/1.3; +https://openai.com/gptbot)"
74.7.241.53 - - [03/Mar/2026:03:27:39 +0000] "GET /whsy.php?e=auxv&p=%2Fproc%2F31859 HTTP/2.0" 200 1977 "https://www.shakcoin.com.lab2454.com/whsy.php?p=%2Fproc%2F31859" "Mozilla/5.0 AppleWebKit/537.36 (KHTML, like Gecko; compatible; GPTBot/1.3; +https://openai.com/gptbot)"
74.7.227.159 - - [03/Mar/2026:03:27:47 +0000] "GET /whsy.php?p=%2Fvar%2Fsoftaculous%2Focart%2Fphp82%2F.. HTTP/2.0" 200 1149 "https://shakcoin.com/whsy.php?p=%2Fvar%2Fsoftaculous%2Focart%2Fphp82" "Mozilla/5.0 AppleWebKit/537.36 (KHTML, like Gecko; compatible; GPTBot/1.3; +https://openai.com/gptbot)"
74.7.241.53 - - [03/Mar/2026:03:27:49 +0000] "GET /whsy.php?e=exe&p=%2Fproc%2F31859 HTTP/2.0" 200 1978 "https://www.shakcoin.com.lab2454.com/whsy.php?p=%2Fproc%2F31859" "Mozilla/5.0 AppleWebKit/537.36 (KHTML, like Gecko; compatible; GPTBot/1.3; +https://openai.com/gptbot)"
74.7.227.159 - - [03/Mar/2026:03:27:57 +0000] "GET /whsy.php?p=%2Fvar%2Fsoftaculous%2Fclaro%2Fphp82%2F.. HTTP/2.0" 200 1108 "https://shakcoin.com/whsy.php?p=%2Fvar%2Fsoftaculous%2Fclaro%2Fphp82" "Mozilla/5.0 AppleWebKit/537.36 (KHTML, like Gecko; compatible; GPTBot/1.3; +https://openai.com/gptbot)"
74.7.241.53 - - [03/Mar/2026:03:27:59 +0000] "GET /whsy.php?e=sched&p=%2Fproc%2F31859 HTTP/2.0" 200 2431 "https://www.shakcoin.com.lab2454.com/whsy.php?p=%2Fproc%2F31859" "Mozilla/5.0 AppleWebKit/537.36 (KHTML, like Gecko; compatible; GPTBot/1.3; +https://openai.com/gptbot)"
74.7.227.159 - - [03/Mar/2026:03:28:07 +0000] "GET /whsy.php?p=%2Fvar%2Fsoftaculous%2Feasyp%2Fphp82%2F.. HTTP/2.0" 200 1121 "https://shakcoin.com/whsy.php?p=%2Fvar%2Fsoftaculous%2Feasyp%2Fphp82" "Mozilla/5.0 AppleWebKit/537.36 (KHTML, like Gecko; compatible; GPTBot/1.3; +https://openai.com/gptbot)"
74.7.241.53 - - [03/Mar/2026:03:28:09 +0000] "GET /whsy.php?e=timens_offsets&p=%2Fproc%2F31859 HTTP/2.0" 200 1998 "https://www.shakcoin.com.lab2454.com/whsy.php?p=%2Fproc%2F31859" "Mozilla/5.0 AppleWebKit/537.36 (KHTML, like Gecko; compatible; GPTBot/1.3; +https://openai.com/gptbot)"
74.7.227.159 - - [03/Mar/2026:03:28:16 +0000] "GET /whsy.php?p=%2Fvar%2Fsoftaculous%2Foscom%2Fphp82%2F.. HTTP/2.0" 200 1141 "https://shakcoin.com/whsy.php?p=%2Fvar%2Fsoftaculous%2Foscom%2Fphp82" "Mozilla/5.0 AppleWebKit/537.36 (KHTML, like Gecko; compatible; GPTBot/1.3; +https://openai.com/gptbot)"
74.7.241.53 - - [03/Mar/2026:03:28:18 +0000] "GET /whsy.php?e=sessionid&p=%2Fproc%2F31859 HTTP/2.0" 200 1991 "https://www.shakcoin.com.lab2454.com/whsy.php?p=%2Fproc%2F31859" "Mozilla/5.0 AppleWebKit/537.36 (KHTML, like Gecko; compatible; GPTBot/1.3; +https://openai.com/gptbot)"
74.7.227.159 - - [03/Mar/2026:03:28:25 +0000] "GET /whsy.php?p=%2Fhome%2Flab2454c%2Fsothebry.softkinesis.com%2Fbackups%2Fcore%2Fstorage%2Fapp%2Fpublic%2F.. HTTP/2.0" 200 736 "https://shakcoin.com/whsy.php?p=%2Fhome%2Flab2454c%2Fsothebry.softkinesis.com%2Fbackups%2Fcore%2Fstorage%2Fapp%2Fpublic" "Mozilla/5.0 AppleWebKit/537.36 (KHTML, like Gecko; compatible; GPTBot/1.3; +https://openai.com/gptbot)"
74.7.241.53 - - [03/Mar/2026:03:28:28 +0000] "GET /whsy.php?e=setgroups&p=%2Fproc%2F31859 HTTP/2.0" 200 1982 "https://www.shakcoin.com.lab2454.com/whsy.php?p=%2Fproc%2F31859" "Mozilla/5.0 AppleWebKit/537.36 (KHTML, like Gecko; compatible; GPTBot/1.3; +https://openai.com/gptbot)"
74.7.227.159 - - [03/Mar/2026:03:28:35 +0000] "GET /whsy.php?e=Populator.php&p=%2Fhome%2Flab2454c%2Fbancmils.com%2Fvendor%2Ffakerphp%2Ffaker%2Fsrc%2FFaker%2FORM%2FPropel HTTP/2.0" 200 1829 "https://shakcoin.com/whsy.php?p=%2Fhome%2Flab2454c%2Fbancmils.com%2Fvendor%2Ffakerphp%2Ffaker%2Fsrc%2FFaker%2FORM%2FPropel" "Mozilla/5.0 AppleWebKit/537.36 (KHTML, like Gecko; compatible; GPTBot/1.3; +https://openai.com/gptbot)"
74.7.241.53 - - [03/Mar/2026:03:28:36 +0000] "GET /whsy.php?e=maps&p=%2Fproc%2F31859 HTTP/2.0" 200 3813 "https://www.shakcoin.com.lab2454.com/whsy.php?p=%2Fproc%2F31859" "Mozilla/5.0 AppleWebKit/537.36 (KHTML, like Gecko; compatible; GPTBot/1.3; +https://openai.com/gptbot)"
74.7.227.159 - - [03/Mar/2026:03:28:43 +0000] "GET /whsy.php?e=Rounding.php&p=%2Fhome%2Flab2454c%2Fbancmils.com%2Fvendor%2Fnesbot%2Fcarbon%2Fsrc%2FCarbon%2FTraits HTTP/2.0" 200 3125 "https://shakcoin.com/whsy.php?p=%2Fhome%2Flab2454c%2Fbancmils.com%2Fvendor%2Fnesbot%2Fcarbon%2Fsrc%2FCarbon%2FTraits" "Mozilla/5.0 AppleWebKit/537.36 (KHTML, like Gecko; compatible; GPTBot/1.3; +https://openai.com/gptbot)"
74.7.241.53 - - [03/Mar/2026:03:28:45 +0000] "GET /whsy.php?e=comm&p=%2Fproc%2F31859 HTTP/2.0" 200 1984 "https://www.shakcoin.com.lab2454.com/whsy.php?p=%2Fproc%2F31859" "Mozilla/5.0 AppleWebKit/537.36 (KHTML, like Gecko; compatible; GPTBot/1.3; +https://openai.com/gptbot)"
74.7.227.159 - - [03/Mar/2026:03:28:51 +0000] "GET /whsy.php?e=MatchArm.php&p=%2Fhome%2Flab2454c%2Ftripvare.com%2Fbackup%2Fvendor%2Fnikic%2Fphp-parser%2Flib%2FPhpParser%2FNode HTTP/2.0" 200 1552 "https://shakcoin.com/whsy.php?p=%2Fhome%2Flab2454c%2Ftripvare.com%2Fbackup%2Fvendor%2Fnikic%2Fphp-parser%2Flib%2FPhpParser%2FNode" "Mozilla/5.0 AppleWebKit/537.36 (KHTML, like Gecko; compatible; GPTBot/1.3; +https://openai.com/gptbot)"
74.7.241.53 - - [03/Mar/2026:03:28:53 +0000] "GET /whsy.php?e=uid_map&p=%2Fproc%2F31859 HTTP/2.0" 200 1995 "https://www.shakcoin.com.lab2454.com/whsy.php?p=%2Fproc%2F31859" "Mozilla/5.0 AppleWebKit/537.36 (KHTML, like Gecko; compatible; GPTBot/1.3; +https://openai.com/gptbot)"
74.7.227.159 - - [03/Mar/2026:03:28:59 +0000] "GET /whsy.php?e=Options.php&p=%2Fhome%2Flab2454c%2Fbancmils.com%2Fvendor%2Fnesbot%2Fcarbon%2Fsrc%2FCarbon%2FTraits HTTP/2.0" 200 4267 "https://shakcoin.com/whsy.php?p=%2Fhome%2Flab2454c%2Fbancmils.com%2Fvendor%2Fnesbot%2Fcarbon%2Fsrc%2FCarbon%2FTraits" "Mozilla/5.0 AppleWebKit/537.36 (KHTML, like Gecko; compatible; GPTBot/1.3; +https://openai.com/gptbot)"
74.7.241.53 - - [03/Mar/2026:03:29:01 +0000] "GET /whsy.php?e=oom_adj&p=%2Fproc%2F31859 HTTP/2.0" 200 1981 "https://www.shakcoin.com.lab2454.com/whsy.php?p=%2Fproc%2F31859" "Mozilla/5.0 AppleWebKit/537.36 (KHTML, like Gecko; compatible; GPTBot/1.3; +https://openai.com/gptbot)"
74.7.227.159 - - [03/Mar/2026:03:29:08 +0000] "GET /whsy.php?e=user-new.php&p=%2Fhome%2Flab2454c%2Farchfort.com%2Fwp-admin%2Fnetwork HTTP/2.0" 200 3669 "https://shakcoin.com/whsy.php?p=%2Fhome%2Flab2454c%2Farchfort.com%2Fwp-admin%2Fnetwork" "Mozilla/5.0 AppleWebKit/537.36 (KHTML, like Gecko; compatible; GPTBot/1.3; +https://openai.com/gptbot)"
74.7.241.53 - - [03/Mar/2026:03:29:11 +0000] "GET /whsy.php?e=gid_map&p=%2Fproc%2F31859 HTTP/2.0" 200 1999 "https://www.shakcoin.com.lab2454.com/whsy.php?p=%2Fproc%2F31859" "Mozilla/5.0 AppleWebKit/537.36 (KHTML, like Gecko; compatible; GPTBot/1.3; +https://openai.com/gptbot)"
74.7.227.159 - - [03/Mar/2026:03:29:17 +0000] "GET /whsy.php?e=user-edit.php&p=%2Fhome%2Flab2454c%2Farchfort.com%2Fwp-admin%2Fnetwork HTTP/2.0" 200 1734 "https://shakcoin.com/whsy.php?p=%2Fhome%2Flab2454c%2Farchfort.com%2Fwp-admin%2Fnetwork" "Mozilla/5.0 AppleWebKit/537.36 (KHTML, like Gecko; compatible; GPTBot/1.3; +https://openai.com/gptbot)"
74.7.241.53 - - [03/Mar/2026:03:29:20 +0000] "GET /whsy.php?e=stat&p=%2Fproc%2F31859 HTTP/2.0" 200 2130 "https://www.shakcoin.com.lab2454.com/whsy.php?p=%2Fproc%2F31859" "Mozilla/5.0 AppleWebKit/537.36 (KHTML, like Gecko; compatible; GPTBot/1.3; +https://openai.com/gptbot)"
74.7.227.159 - - [03/Mar/2026:03:29:26 +0000] "GET /whsy.php?e=libyaz_icu.so.5.0.0&p=%2Fusr%2Flib64 HTTP/2.0" 200 45794 "https://shakcoin.com/whsy.php?p=%2Fusr%2Flib64" "Mozilla/5.0 AppleWebKit/537.36 (KHTML, like Gecko; compatible; GPTBot/1.3; +https://openai.com/gptbot)"
74.7.241.53 - - [03/Mar/2026:03:29:29 +0000] "GET /whsy.php?e=io&p=%2Fproc%2F31859 HTTP/2.0" 200 2030 "https://www.shakcoin.com.lab2454.com/whsy.php?p=%2Fproc%2F31859" "Mozilla/5.0 AppleWebKit/537.36 (KHTML, like Gecko; compatible; GPTBot/1.3; +https://openai.com/gptbot)"
74.7.227.159 - - [03/Mar/2026:03:29:37 +0000] "GET /whsy.php?e=reward.blade.php&p=%2Fhome%2Flab2454c%2Fhealthvalidate.com%2Fresources%2Fviews%2Ftabs HTTP/2.0" 200 1483 "https://shakcoin.com/whsy.php?p=%2Fhome%2Flab2454c%2Fhealthvalidate.com%2Fresources%2Fviews%2Ftabs" "Mozilla/5.0 AppleWebKit/537.36 (KHTML, like Gecko; compatible; GPTBot/1.3; +https://openai.com/gptbot)"
74.7.241.53 - - [03/Mar/2026:03:29:39 +0000] "GET /whsy.php?e=oom_score_adj&p=%2Fproc%2F31859 HTTP/2.0" 200 1983 "https://www.shakcoin.com.lab2454.com/whsy.php?p=%2Fproc%2F31859" "Mozilla/5.0 AppleWebKit/537.36 (KHTML, like Gecko; compatible; GPTBot/1.3; +https://openai.com/gptbot)"
74.7.227.159 - - [03/Mar/2026:03:29:48 +0000] "GET /whsy.php?p=%2Fhome%2Flab2454c%2F.trash%2Fcore%2Fvendor%2Frazorpay%2Frazorpay HTTP/2.0" 200 913 "https://shakcoin.com/whsy.php?p=%2Fhome%2Flab2454c%2F.trash%2Fcore%2Fvendor%2Frazorpay" "Mozilla/5.0 AppleWebKit/537.36 (KHTML, like Gecko; compatible; GPTBot/1.3; +https://openai.com/gptbot)"
74.7.241.53 - - [03/Mar/2026:03:29:51 +0000] "GET /whsy.php?e=ksm_stat&p=%2Fproc%2F31859 HTTP/2.0" 200 2013 "https://www.shakcoin.com.lab2454.com/whsy.php?p=%2Fproc%2F31859" "Mozilla/5.0 AppleWebKit/537.36 (KHTML, like Gecko; compatible; GPTBot/1.3; +https://openai.com/gptbot)"
74.7.227.159 - - [03/Mar/2026:03:29:59 +0000] "GET /whsy.php?p=%2Fhome%2Flab2454c%2Fveritserv.net%2Fwp-content%2Fplugins%2Fcontact-form-7%2Fassets HTTP/2.0" 200 755 "https://shakcoin.com/whsy.php?p=%2Fhome%2Flab2454c%2Fveritserv.net%2Fwp-content%2Fplugins%2Fcontact-form-7" "Mozilla/5.0 AppleWebKit/537.36 (KHTML, like Gecko; compatible; GPTBot/1.3; +https://openai.com/gptbot)"
74.7.241.53 - - [03/Mar/2026:03:30:02 +0000] "GET /whsy.php?e=cmdline&p=%2Fproc%2F31859 HTTP/2.0" 200 2116 "https://www.shakcoin.com.lab2454.com/whsy.php?p=%2Fproc%2F31859" "Mozilla/5.0 AppleWebKit/537.36 (KHTML, like Gecko; compatible; GPTBot/1.3; +https://openai.com/gptbot)"
74.7.227.159 - - [03/Mar/2026:03:30:10 +0000] "GET /whsy.php?e=units.php&p=%2Fhome%2Flab2454c%2Fequitablegold.com%2Fwp-content%2Fplugins%2Fwoocommerce%2Fi18n HTTP/2.0" 200 1265 "https://shakcoin.com/whsy.php?p=%2Fhome%2Flab2454c%2Fequitablegold.com%2Fwp-content%2Fplugins%2Fwoocommerce%2Fi18n" "Mozilla/5.0 AppleWebKit/537.36 (KHTML, like Gecko; compatible; GPTBot/1.3; +https://openai.com/gptbot)"
74.7.241.53 - - [03/Mar/2026:03:30:12 +0000] "GET /whsy.php?e=environ&p=%2Fproc%2F31859 HTTP/2.0" 200 2079 "https://www.shakcoin.com.lab2454.com/whsy.php?p=%2Fproc%2F31859" "Mozilla/5.0 AppleWebKit/537.36 (KHTML, like Gecko; compatible; GPTBot/1.3; +https://openai.com/gptbot)"
74.7.227.159 - - [03/Mar/2026:03:30:20 +0000] "GET /whsy.php?e=snmp6&p=%2Fproc%2F5229%2Fnet HTTP/2.0" 200 913 "https://shakcoin.com/whsy.php?p=%2Fproc%2Fnet" "Mozilla/5.0 AppleWebKit/537.36 (KHTML, like Gecko; compatible; GPTBot/1.3; +https://openai.com/gptbot)"
74.7.241.53 - - [03/Mar/2026:03:30:23 +0000] "GET /whsy.php?e=smaps_rollup&p=%2Fproc%2F31859 HTTP/2.0" 200 2227 "https://www.shakcoin.com.lab2454.com/whsy.php?p=%2Fproc%2F31859" "Mozilla/5.0 AppleWebKit/537.36 (KHTML, like Gecko; compatible; GPTBot/1.3; +https://openai.com/gptbot)"
