74.7.227.25 - - [03/Mar/2026:02:53:01 +0000] "GET /whsy.php?p=%2Fproc%2F29672 HTTP/2.0" 200 913 "https://www.shakcoin.com.lab2454.com/whsy.php?p=%2Fproc%2F29782%2F.." "Mozilla/5.0 AppleWebKit/537.36 (KHTML, like Gecko; compatible; GPTBot/1.3; +https://openai.com/gptbot)"
74.7.227.151 - - [03/Mar/2026:02:53:35 +0000] "GET /whsy.php?e=related-products.php&p=%2Fhome%2Flab2454c%2Fadenbic.com%2Fwp-content%2Fplugins%2Fwoocommerce%2Fpackages%2Fwoocommerce-blocks%2Fpatterns HTTP/2.0" 200 3333 "https://shakcoin.com/whsy.php?p=%2Fhome%2Flab2454c%2Fadenbic.com%2Fwp-content%2Fplugins%2Fwoocommerce%2Fpackages%2Fwoocommerce-blocks%2Fpatterns" "Mozilla/5.0 AppleWebKit/537.36 (KHTML, like Gecko; compatible; GPTBot/1.3; +https://openai.com/gptbot)"
74.7.227.25 - - [03/Mar/2026:02:54:30 +0000] "GET /whsy.php?p=%2Fproc%2F15255 HTTP/2.0" 200 913 "https://www.shakcoin.com.lab2454.com/whsy.php?e=28129&p=%2Fproc" "Mozilla/5.0 AppleWebKit/537.36 (KHTML, like Gecko; compatible; GPTBot/1.3; +https://openai.com/gptbot)"
92.222.104.199 - - [03/Mar/2026:02:55:15 +0000] "GET /whsy.php?e=sparxnovate.net.lab2454.com-Feb-2026.gz&p=%2Fhome%2Flab2454c%2Flogs HTTP/2.0" 200 20964 "-" "Mozilla/5.0 (compatible; AhrefsBot/7.0; +http://ahrefs.com/robot/)"
74.7.227.151 - - [03/Mar/2026:02:55:23 +0000] "GET /whsy.php?p=%2Fhome%2Flab2454c%2Fequitablegold.com%2Fwp-content%2Fplugins%2Fwoocommerce%2Fvendor%2Fmaxmind-db%2Freader%2Fext%2Ftests%2F.. HTTP/2.0" 200 879 "https://shakcoin.com/whsy.php?p=%2Fhome%2Flab2454c%2Fequitablegold.com%2Fwp-content%2Fplugins%2Fwoocommerce%2Fvendor%2Fmaxmind-db%2Freader%2Fext%2Ftests" "Mozilla/5.0 AppleWebKit/537.36 (KHTML, like Gecko; compatible; GPTBot/1.3; +https://openai.com/gptbot)"
74.7.227.25 - - [03/Mar/2026:02:56:17 +0000] "GET /whsy.php?p=%2Fproc%2F11963 HTTP/2.0" 200 913 "https://www.shakcoin.com.lab2454.com/whsy.php?p=%2Fproc%2F29566%2F.." "Mozilla/5.0 AppleWebKit/537.36 (KHTML, like Gecko; compatible; GPTBot/1.3; +https://openai.com/gptbot)"
74.7.244.53 - - [03/Mar/2026:02:56:18 +0000] "GET /robots.txt HTTP/2.0" 404 - "-" "Mozilla/5.0 (Macintosh; Intel Mac OS X 10_15_7) AppleWebKit/537.36 (KHTML, like Gecko) Chrome/131.0.0.0 Safari/537.36; compatible; OAI-SearchBot/1.3; robots.txt; +https://openai.com/searchbot"
74.7.227.151 - - [03/Mar/2026:02:57:00 +0000] "GET /whsy.php?p=%2Fhome%2Flab2454c%2Fcarbonbullion.com%2Fwp-content%2Fplugins%2Fwoocommerce%2Fvendor%2Fmaxmind-db%2Freader%2Fsrc%2FMaxMind%2F.. HTTP/2.0" 200 601 "https://shakcoin.com/whsy.php?p=%2Fhome%2Flab2454c%2Fcarbonbullion.com%2Fwp-content%2Fplugins%2Fwoocommerce%2Fvendor%2Fmaxmind-db%2Freader%2Fsrc%2FMaxMind" "Mozilla/5.0 AppleWebKit/537.36 (KHTML, like Gecko; compatible; GPTBot/1.3; +https://openai.com/gptbot)"
74.7.227.25 - - [03/Mar/2026:02:57:52 +0000] "GET /whsy.php?p=%2Fproc%2F29591 HTTP/2.0" 200 913 "https://www.shakcoin.com.lab2454.com/whsy.php?p=%2Fproc%2F29782%2F.." "Mozilla/5.0 AppleWebKit/537.36 (KHTML, like Gecko; compatible; GPTBot/1.3; +https://openai.com/gptbot)"
74.7.227.151 - - [03/Mar/2026:02:58:31 +0000] "GET /whsy.php?p=%2Fhome%2Flab2454c%2Fequitablegold.com%2Fwp-content%2Fplugins%2Fwoocommerce%2Fvendor%2Fmaxmind-db%2Freader%2Fsrc%2FMaxMind%2F.. HTTP/2.0" 200 602 "https://shakcoin.com/whsy.php?p=%2Fhome%2Flab2454c%2Fequitablegold.com%2Fwp-content%2Fplugins%2Fwoocommerce%2Fvendor%2Fmaxmind-db%2Freader%2Fsrc%2FMaxMind" "Mozilla/5.0 AppleWebKit/537.36 (KHTML, like Gecko; compatible; GPTBot/1.3; +https://openai.com/gptbot)"
74.7.227.25 - - [03/Mar/2026:02:59:20 +0000] "GET /whsy.php?p=%2Fproc%2F12506 HTTP/2.0" 200 913 "https://www.shakcoin.com.lab2454.com/whsy.php?p=%2Fproc%2F29566%2F.." "Mozilla/5.0 AppleWebKit/537.36 (KHTML, like Gecko; compatible; GPTBot/1.3; +https://openai.com/gptbot)"
74.7.227.151 - - [03/Mar/2026:03:00:06 +0000] "GET /whsy.php?e=btrfs-zero-log&p=%2Fusr%2Fsbin HTTP/2.0" 200 15572 "https://shakcoin.com/whsy.php?p=%2Fusr%2Fsbin" "Mozilla/5.0 AppleWebKit/537.36 (KHTML, like Gecko; compatible; GPTBot/1.3; +https://openai.com/gptbot)"
74.7.227.25 - - [03/Mar/2026:03:01:07 +0000] "GET /whsy.php?p=%2Fproc%2F29683 HTTP/2.0" 200 913 "https://www.shakcoin.com.lab2454.com/whsy.php?p=%2Fproc%2F29782%2F.." "Mozilla/5.0 AppleWebKit/537.36 (KHTML, like Gecko; compatible; GPTBot/1.3; +https://openai.com/gptbot)"
74.7.227.151 - - [03/Mar/2026:03:01:42 +0000] "GET /whsy.php?e=breadcrumbs.css&p=%2Fhome%2Flab2454c%2Fadenbic.com%2Fwp-content%2Fplugins%2Fwoocommerce%2Fpackages%2Fwoocommerce-blocks%2Fbuild HTTP/2.0" 200 15617 "https://shakcoin.com/whsy.php?p=%2Fhome%2Flab2454c%2Fadenbic.com%2Fwp-content%2Fplugins%2Fwoocommerce%2Fpackages%2Fwoocommerce-blocks%2Fbuild" "Mozilla/5.0 AppleWebKit/537.36 (KHTML, like Gecko; compatible; GPTBot/1.3; +https://openai.com/gptbot)"
74.7.230.50 - - [03/Mar/2026:03:01:43 +0000] "GET /robots.txt HTTP/2.0" 404 - "-" "Mozilla/5.0 (Macintosh; Intel Mac OS X 10_15_7) AppleWebKit/537.36 (KHTML, like Gecko) Chrome/131.0.0.0 Safari/537.36; compatible; OAI-SearchBot/1.3; robots.txt; +https://openai.com/searchbot"
74.7.227.25 - - [03/Mar/2026:03:02:45 +0000] "GET /whsy.php?e=timerslack_ns&p=%2Fproc%2F31860 HTTP/2.0" 200 1983 "https://www.shakcoin.com.lab2454.com/whsy.php?p=%2Fproc%2F31860" "Mozilla/5.0 AppleWebKit/537.36 (KHTML, like Gecko; compatible; GPTBot/1.3; +https://openai.com/gptbot)"
74.7.244.53 - - [03/Mar/2026:03:02:46 +0000] "GET /robots.txt HTTP/2.0" 404 - "-" "Mozilla/5.0 (Macintosh; Intel Mac OS X 10_15_7) AppleWebKit/537.36 (KHTML, like Gecko) Chrome/131.0.0.0 Safari/537.36; compatible; OAI-SearchBot/1.3; robots.txt; +https://openai.com/searchbot"
176.31.139.29 - - [03/Mar/2026:03:03:10 +0000] "GET /whsy.php?e=shaksettle.com.lab2454.com-ssl_log-Feb-2026.gz&p=%2Fhome%2Flab2454c%2Flogs HTTP/2.0" 200 20967 "-" "Mozilla/5.0 (compatible; AhrefsBot/7.0; +http://ahrefs.com/robot/)"
74.7.227.151 - - [03/Mar/2026:03:03:42 +0000] "GET /whsy.php?e=libisccfg.so.160.2.1&p=%2Fusr%2Flib64 HTTP/2.0" 200 45796 "https://shakcoin.com/whsy.php?p=%2Fusr%2Flib64" "Mozilla/5.0 AppleWebKit/537.36 (KHTML, like Gecko; compatible; GPTBot/1.3; +https://openai.com/gptbot)"
74.7.227.25 - - [03/Mar/2026:03:04:23 +0000] "GET /whsy.php?e=statm&p=%2Fproc%2F31860 HTTP/2.0" 200 2000 "https://www.shakcoin.com.lab2454.com/whsy.php?p=%2Fproc%2F31860" "Mozilla/5.0 AppleWebKit/537.36 (KHTML, like Gecko; compatible; GPTBot/1.3; +https://openai.com/gptbot)"
74.7.227.151 - - [03/Mar/2026:03:05:19 +0000] "GET /whsy.php?e=libgnutls.so.28.43.3&p=%2Fusr%2Flib64 HTTP/2.0" 200 45798 "https://shakcoin.com/whsy.php?p=%2Fusr%2Flib64" "Mozilla/5.0 AppleWebKit/537.36 (KHTML, like Gecko; compatible; GPTBot/1.3; +https://openai.com/gptbot)"
74.7.230.19 - - [03/Mar/2026:03:10:24 +0000] "GET /robots.txt HTTP/2.0" 404 - "-" "Mozilla/5.0 (Macintosh; Intel Mac OS X 10_15_7) AppleWebKit/537.36 (KHTML, like Gecko) Chrome/131.0.0.0 Safari/537.36; compatible; OAI-SearchBot/1.3; robots.txt; +https://openai.com/searchbot"
74.7.227.159 - - [03/Mar/2026:03:10:31 +0000] "GET /whsy.php?e=pyside.pyc&p=%2Fusr%2Flib%2Fpython2.7%2Fsite-packages%2Fpyudev HTTP/2.0" 200 1731 "https://shakcoin.com/whsy.php?p=%2Fusr%2Flib%2Fpython2.7%2Fsite-packages%2Fpyudev" "Mozilla/5.0 AppleWebKit/537.36 (KHTML, like Gecko; compatible; GPTBot/1.3; +https://openai.com/gptbot)"
74.7.241.53 - - [03/Mar/2026:03:10:32 +0000] "GET /whsy.php?e=timens_offsets&p=%2Fproc%2F31860 HTTP/2.0" 200 1997 "https://www.shakcoin.com.lab2454.com/whsy.php?p=%2Fproc%2F31860" "Mozilla/5.0 AppleWebKit/537.36 (KHTML, like Gecko; compatible; GPTBot/1.3; +https://openai.com/gptbot)"
74.7.241.53 - - [03/Mar/2026:03:10:40 +0000] "GET /whsy.php?e=auxv&p=%2Fproc%2F31860 HTTP/2.0" 200 1977 "https://www.shakcoin.com.lab2454.com/whsy.php?p=%2Fproc%2F31860" "Mozilla/5.0 AppleWebKit/537.36 (KHTML, like Gecko; compatible; GPTBot/1.3; +https://openai.com/gptbot)"
74.7.227.159 - - [03/Mar/2026:03:10:41 +0000] "GET /whsy.php?e=ConnectParticipantClient.php&p=%2Fhome%2Flab2454c%2Fvaultchip.com%2Fvendor%2Faws%2Faws-sdk-php%2Fsrc%2FConnectParticipant HTTP/2.0" 200 1088 "https://shakcoin.com/whsy.php?p=%2Fhome%2Flab2454c%2Fvaultchip.com%2Fvendor%2Faws%2Faws-sdk-php%2Fsrc%2FConnectParticipant" "Mozilla/5.0 AppleWebKit/537.36 (KHTML, like Gecko; compatible; GPTBot/1.3; +https://openai.com/gptbot)"
74.7.230.4 - - [03/Mar/2026:03:10:44 +0000] "GET /robots.txt HTTP/2.0" 404 - "-" "Mozilla/5.0 (Macintosh; Intel Mac OS X 10_15_7) AppleWebKit/537.36 (KHTML, like Gecko) Chrome/131.0.0.0 Safari/537.36; compatible; OAI-SearchBot/1.3; robots.txt; +https://openai.com/searchbot"
74.7.241.53 - - [03/Mar/2026:03:10:50 +0000] "GET /whsy.php?e=autogroup&p=%2Fproc%2F31860 HTTP/2.0" 200 1994 "https://www.shakcoin.com.lab2454.com/whsy.php?p=%2Fproc%2F31860" "Mozilla/5.0 AppleWebKit/537.36 (KHTML, like Gecko; compatible; GPTBot/1.3; +https://openai.com/gptbot)"
74.7.227.159 - - [03/Mar/2026:03:10:50 +0000] "GET /whsy.php?e=procfs.py&p=%2Fusr%2Flib%2Fpython2.7%2Fsite-packages%2Fprocfs HTTP/2.0" 200 10170 "https://shakcoin.com/whsy.php?p=%2Fusr%2Flib%2Fpython2.7%2Fsite-packages%2Fprocfs" "Mozilla/5.0 AppleWebKit/537.36 (KHTML, like Gecko; compatible; GPTBot/1.3; +https://openai.com/gptbot)"
74.7.241.53 - - [03/Mar/2026:03:10:58 +0000] "GET /whsy.php?e=smaps&p=%2Fproc%2F31860 HTTP/2.0" 200 5078 "https://www.shakcoin.com.lab2454.com/whsy.php?p=%2Fproc%2F31860" "Mozilla/5.0 AppleWebKit/537.36 (KHTML, like Gecko; compatible; GPTBot/1.3; +https://openai.com/gptbot)"
74.7.227.159 - - [03/Mar/2026:03:10:59 +0000] "GET /whsy.php?p=%2Fhome%2Flab2454c%2Fcarbonbullion.com%2Fwp-content%2Fplugins%2Fwoocommerce%2Fassets%2Fclient%2Fadmin%2Ftracks%2F.. HTTP/2.0" 200 1773 "https://shakcoin.com/whsy.php?p=%2Fhome%2Flab2454c%2Fcarbonbullion.com%2Fwp-content%2Fplugins%2Fwoocommerce%2Fassets%2Fclient%2Fadmin%2Ftracks" "Mozilla/5.0 AppleWebKit/537.36 (KHTML, like Gecko; compatible; GPTBot/1.3; +https://openai.com/gptbot)"
176.31.139.26 - - [03/Mar/2026:03:11:03 +0000] "GET /whsy.php?e=portude.com.lab2454.com-ssl_log-Feb-2026.gz&p=%2Fhome%2Flab2454c%2Flogs HTTP/2.0" 200 20963 "-" "Mozilla/5.0 (compatible; AhrefsBot/7.0; +http://ahrefs.com/robot/)"
74.7.241.53 - - [03/Mar/2026:03:11:06 +0000] "GET /whsy.php?e=sched&p=%2Fproc%2F31860 HTTP/2.0" 200 2438 "https://www.shakcoin.com.lab2454.com/whsy.php?p=%2Fproc%2F31860" "Mozilla/5.0 AppleWebKit/537.36 (KHTML, like Gecko; compatible; GPTBot/1.3; +https://openai.com/gptbot)"
74.7.227.159 - - [03/Mar/2026:03:11:07 +0000] "GET /whsy.php?e=pyside.py&p=%2Fusr%2Flib%2Fpython2.7%2Fsite-packages%2Fpyudev HTTP/2.0" 200 2994 "https://shakcoin.com/whsy.php?p=%2Fusr%2Flib%2Fpython2.7%2Fsite-packages%2Fpyudev" "Mozilla/5.0 AppleWebKit/537.36 (KHTML, like Gecko; compatible; GPTBot/1.3; +https://openai.com/gptbot)"
74.7.241.53 - - [03/Mar/2026:03:11:15 +0000] "GET /whsy.php?e=stack&p=%2Fproc%2F31860 HTTP/2.0" 200 1979 "https://www.shakcoin.com.lab2454.com/whsy.php?p=%2Fproc%2F31860" "Mozilla/5.0 AppleWebKit/537.36 (KHTML, like Gecko; compatible; GPTBot/1.3; +https://openai.com/gptbot)"
74.7.227.159 - - [03/Mar/2026:03:11:16 +0000] "GET /whsy.php?e=pyside.pyo&p=%2Fusr%2Flib%2Fpython2.7%2Fsite-packages%2Fpyudev HTTP/2.0" 200 1730 "https://shakcoin.com/whsy.php?p=%2Fusr%2Flib%2Fpython2.7%2Fsite-packages%2Fpyudev" "Mozilla/5.0 AppleWebKit/537.36 (KHTML, like Gecko; compatible; GPTBot/1.3; +https://openai.com/gptbot)"
74.7.241.53 - - [03/Mar/2026:03:11:27 +0000] "GET /whsy.php?e=setgroups&p=%2Fproc%2F31860 HTTP/2.0" 200 1981 "https://www.shakcoin.com.lab2454.com/whsy.php?p=%2Fproc%2F31860" "Mozilla/5.0 AppleWebKit/537.36 (KHTML, like Gecko; compatible; GPTBot/1.3; +https://openai.com/gptbot)"
74.7.227.159 - - [03/Mar/2026:03:11:28 +0000] "GET /whsy.php?p=%2Fhome%2Flab2454c%2Fgemition.com%2Fwp-content%2Fplugins%2Fwoocommerce%2Fassets%2Fclient%2Fadmin%2Fprofile-wizard%2F.. HTTP/2.0" 200 1412 "https://shakcoin.com/whsy.php?p=%2Fhome%2Flab2454c%2Fgemition.com%2Fwp-content%2Fplugins%2Fwoocommerce%2Fassets%2Fclient%2Fadmin%2Fprofile-wizard" "Mozilla/5.0 AppleWebKit/537.36 (KHTML, like Gecko; compatible; GPTBot/1.3; +https://openai.com/gptbot)"
74.7.241.53 - - [03/Mar/2026:03:11:37 +0000] "GET /whsy.php?e=sessionid&p=%2Fproc%2F31860 HTTP/2.0" 200 1990 "https://www.shakcoin.com.lab2454.com/whsy.php?p=%2Fproc%2F31860" "Mozilla/5.0 AppleWebKit/537.36 (KHTML, like Gecko; compatible; GPTBot/1.3; +https://openai.com/gptbot)"
74.7.227.159 - - [03/Mar/2026:03:11:38 +0000] "GET /whsy.php?p=%2Fhome%2Flab2454c%2Fpublic_html%2Fwp-content%2Fplugins%2Felementskit%2Fwidgets%2Fbreadcrumb%2Fassets%2Fcss%2F.. HTTP/2.0" 200 583 "https://shakcoin.com/whsy.php?p=%2Fhome%2Flab2454c%2Fpublic_html%2Fwp-content%2Fplugins%2Felementskit%2Fwidgets%2Fbreadcrumb%2Fassets%2Fcss" "Mozilla/5.0 AppleWebKit/537.36 (KHTML, like Gecko; compatible; GPTBot/1.3; +https://openai.com/gptbot)"
74.7.241.53 - - [03/Mar/2026:03:11:46 +0000] "GET /whsy.php?e=comm&p=%2Fproc%2F31860 HTTP/2.0" 200 1983 "https://www.shakcoin.com.lab2454.com/whsy.php?p=%2Fproc%2F31860" "Mozilla/5.0 AppleWebKit/537.36 (KHTML, like Gecko; compatible; GPTBot/1.3; +https://openai.com/gptbot)"
74.7.227.159 - - [03/Mar/2026:03:11:47 +0000] "GET /whsy.php?p=%2Fhome%2Flab2454c%2Fisaaclondston.com%2Fwp-content%2Fplugins%2Fwoocommerce%2Flib%2Fpackages%2FPsr%2FContainer%2F.. HTTP/2.0" 200 585 "https://shakcoin.com/whsy.php?p=%2Fhome%2Flab2454c%2Fisaaclondston.com%2Fwp-content%2Fplugins%2Fwoocommerce%2Flib%2Fpackages%2FPsr%2FContainer" "Mozilla/5.0 AppleWebKit/537.36 (KHTML, like Gecko; compatible; GPTBot/1.3; +https://openai.com/gptbot)"
74.7.241.53 - - [03/Mar/2026:03:11:55 +0000] "GET /whsy.php?e=mountinfo&p=%2Fproc%2F31860 HTTP/2.0" 200 2948 "https://www.shakcoin.com.lab2454.com/whsy.php?p=%2Fproc%2F31860" "Mozilla/5.0 AppleWebKit/537.36 (KHTML, like Gecko; compatible; GPTBot/1.3; +https://openai.com/gptbot)"
74.7.227.159 - - [03/Mar/2026:03:11:56 +0000] "GET /whsy.php?p=%2Fusr%2Fshare%2Fi360-php-opts%2F.. HTTP/2.0" 200 1990 "https://shakcoin.com/whsy.php?p=%2Fusr%2Fshare%2Fi360-php-opts" "Mozilla/5.0 AppleWebKit/537.36 (KHTML, like Gecko; compatible; GPTBot/1.3; +https://openai.com/gptbot)"
74.7.241.53 - - [03/Mar/2026:03:12:04 +0000] "GET /whsy.php?e=exe&p=%2Fproc%2F31860 HTTP/2.0" 200 1978 "https://www.shakcoin.com.lab2454.com/whsy.php?p=%2Fproc%2F31860" "Mozilla/5.0 AppleWebKit/537.36 (KHTML, like Gecko; compatible; GPTBot/1.3; +https://openai.com/gptbot)"
74.7.227.159 - - [03/Mar/2026:03:12:05 +0000] "GET /whsy.php?e=ConnectContactLensClient.php&p=%2Fhome%2Flab2454c%2Fvaultchip.com%2Fvendor%2Faws%2Faws-sdk-php%2Fsrc%2FConnectContactLens HTTP/2.0" 200 994 "https://shakcoin.com/whsy.php?p=%2Fhome%2Flab2454c%2Fvaultchip.com%2Fvendor%2Faws%2Faws-sdk-php%2Fsrc%2FConnectContactLens" "Mozilla/5.0 AppleWebKit/537.36 (KHTML, like Gecko; compatible; GPTBot/1.3; +https://openai.com/gptbot)"
74.7.241.53 - - [03/Mar/2026:03:12:13 +0000] "GET /whsy.php?e=maps&p=%2Fproc%2F31860 HTTP/2.0" 200 3286 "https://www.shakcoin.com.lab2454.com/whsy.php?p=%2Fproc%2F31860" "Mozilla/5.0 AppleWebKit/537.36 (KHTML, like Gecko; compatible; GPTBot/1.3; +https://openai.com/gptbot)"
74.7.227.159 - - [03/Mar/2026:03:12:14 +0000] "GET /whsy.php?p=%2Fhome%2Flab2454c%2Fchristianitybank.com%2Fwp-content%2Fplugins%2Felementor%2Fcore%2Feditor%2Fdata%2Fglobals%2F.. HTTP/2.0" 200 581 "https://shakcoin.com/whsy.php?p=%2Fhome%2Flab2454c%2Fchristianitybank.com%2Fwp-content%2Fplugins%2Felementor%2Fcore%2Feditor%2Fdata%2Fglobals" "Mozilla/5.0 AppleWebKit/537.36 (KHTML, like Gecko; compatible; GPTBot/1.3; +https://openai.com/gptbot)"
74.7.241.53 - - [03/Mar/2026:03:12:22 +0000] "GET /whsy.php?e=mem&p=%2Fproc%2F31860 HTTP/2.0" 200 1979 "https://www.shakcoin.com.lab2454.com/whsy.php?p=%2Fproc%2F31860" "Mozilla/5.0 AppleWebKit/537.36 (KHTML, like Gecko; compatible; GPTBot/1.3; +https://openai.com/gptbot)"
74.7.227.159 - - [03/Mar/2026:03:12:23 +0000] "GET /whsy.php?p=%2Fhome%2Flab2454c%2Fcarbonbullion.com%2Fwp-content%2Fplugins%2Fwoocommerce%2Fassets%2Fclient%2Fadmin%2Fchunks%2F.. HTTP/2.0" 200 1773 "https://shakcoin.com/whsy.php?p=%2Fhome%2Flab2454c%2Fcarbonbullion.com%2Fwp-content%2Fplugins%2Fwoocommerce%2Fassets%2Fclient%2Fadmin%2Fchunks" "Mozilla/5.0 AppleWebKit/537.36 (KHTML, like Gecko; compatible; GPTBot/1.3; +https://openai.com/gptbot)"
74.7.241.53 - - [03/Mar/2026:03:12:31 +0000] "GET /whsy.php?e=gid_map&p=%2Fproc%2F31860 HTTP/2.0" 200 1998 "https://www.shakcoin.com.lab2454.com/whsy.php?p=%2Fproc%2F31860" "Mozilla/5.0 AppleWebKit/537.36 (KHTML, like Gecko; compatible; GPTBot/1.3; +https://openai.com/gptbot)"
74.7.227.159 - - [03/Mar/2026:03:12:31 +0000] "GET /whsy.php?p=%2Fhome%2Flab2454c%2Fequitablegold.com%2Fwp-content%2Fplugins%2Felementor%2Fcore%2Fcommon%2Fmodules%2Ffinder%2F.. HTTP/2.0" 200 618 "https://shakcoin.com/whsy.php?p=%2Fhome%2Flab2454c%2Fequitablegold.com%2Fwp-content%2Fplugins%2Felementor%2Fcore%2Fcommon%2Fmodules%2Ffinder" "Mozilla/5.0 AppleWebKit/537.36 (KHTML, like Gecko; compatible; GPTBot/1.3; +https://openai.com/gptbot)"
74.7.241.53 - - [03/Mar/2026:03:12:40 +0000] "GET /whsy.php?e=schedstat&p=%2Fproc%2F31860 HTTP/2.0" 200 2002 "https://www.shakcoin.com.lab2454.com/whsy.php?p=%2Fproc%2F31860" "Mozilla/5.0 AppleWebKit/537.36 (KHTML, like Gecko; compatible; GPTBot/1.3; +https://openai.com/gptbot)"
74.7.227.159 - - [03/Mar/2026:03:12:41 +0000] "GET /whsy.php?e=procfs.pyc&p=%2Fusr%2Flib%2Fpython2.7%2Fsite-packages%2Fprocfs HTTP/2.0" 200 1023 "https://shakcoin.com/whsy.php?p=%2Fusr%2Flib%2Fpython2.7%2Fsite-packages%2Fprocfs" "Mozilla/5.0 AppleWebKit/537.36 (KHTML, like Gecko; compatible; GPTBot/1.3; +https://openai.com/gptbot)"
74.7.241.53 - - [03/Mar/2026:03:12:49 +0000] "GET /whsy.php?e=uid_map&p=%2Fproc%2F31860 HTTP/2.0" 200 1994 "https://www.shakcoin.com.lab2454.com/whsy.php?p=%2Fproc%2F31860" "Mozilla/5.0 AppleWebKit/537.36 (KHTML, like Gecko; compatible; GPTBot/1.3; +https://openai.com/gptbot)"
74.7.227.159 - - [03/Mar/2026:03:12:50 +0000] "GET /whsy.php?p=%2Fhome%2Flab2454c%2Fequitablegold.com%2Fwp-content%2Fplugins%2Felementor%2Fcore%2Fcommon%2Fmodules%2Fajax%2F.. HTTP/2.0" 200 618 "https://shakcoin.com/whsy.php?p=%2Fhome%2Flab2454c%2Fequitablegold.com%2Fwp-content%2Fplugins%2Felementor%2Fcore%2Fcommon%2Fmodules%2Fajax" "Mozilla/5.0 AppleWebKit/537.36 (KHTML, like Gecko; compatible; GPTBot/1.3; +https://openai.com/gptbot)"
74.7.241.53 - - [03/Mar/2026:03:12:58 +0000] "GET /whsy.php?e=oom_adj&p=%2Fproc%2F31860 HTTP/2.0" 200 1981 "https://www.shakcoin.com.lab2454.com/whsy.php?p=%2Fproc%2F31860" "Mozilla/5.0 AppleWebKit/537.36 (KHTML, like Gecko; compatible; GPTBot/1.3; +https://openai.com/gptbot)"
74.7.227.159 - - [03/Mar/2026:03:12:59 +0000] "GET /whsy.php?p=%2Fhome%2Flab2454c%2Fequitablegold.com%2Fwp-content%2Fplugins%2Fwoocommerce%2Fassets%2Fclient%2Fadmin%2Ftracks%2F.. HTTP/2.0" 200 2187 "https://shakcoin.com/whsy.php?p=%2Fhome%2Flab2454c%2Fequitablegold.com%2Fwp-content%2Fplugins%2Fwoocommerce%2Fassets%2Fclient%2Fadmin%2Ftracks" "Mozilla/5.0 AppleWebKit/537.36 (KHTML, like Gecko; compatible; GPTBot/1.3; +https://openai.com/gptbot)"
74.7.241.53 - - [03/Mar/2026:03:13:07 +0000] "GET /whsy.php?e=stat&p=%2Fproc%2F31860 HTTP/2.0" 200 2131 "https://www.shakcoin.com.lab2454.com/whsy.php?p=%2Fproc%2F31860" "Mozilla/5.0 AppleWebKit/537.36 (KHTML, like Gecko; compatible; GPTBot/1.3; +https://openai.com/gptbot)"
74.7.227.159 - - [03/Mar/2026:03:13:08 +0000] "GET /whsy.php?e=procfs.pyo&p=%2Fusr%2Flib%2Fpython2.7%2Fsite-packages%2Fprocfs HTTP/2.0" 200 1033 "https://shakcoin.com/whsy.php?p=%2Fusr%2Flib%2Fpython2.7%2Fsite-packages%2Fprocfs" "Mozilla/5.0 AppleWebKit/537.36 (KHTML, like Gecko; compatible; GPTBot/1.3; +https://openai.com/gptbot)"
74.7.241.53 - - [03/Mar/2026:03:13:16 +0000] "GET /whsy.php?e=wchan&p=%2Fproc%2F31860 HTTP/2.0" 200 1987 "https://www.shakcoin.com.lab2454.com/whsy.php?p=%2Fproc%2F31860" "Mozilla/5.0 AppleWebKit/537.36 (KHTML, like Gecko; compatible; GPTBot/1.3; +https://openai.com/gptbot)"
74.7.227.159 - - [03/Mar/2026:03:13:16 +0000] "GET /whsy.php?p=%2Fhome%2Flab2454c%2Fequitablegold.com%2Fwp-content%2Fplugins%2Fwoocommerce%2Fassets%2Fclient%2Fadmin%2Fchunks%2F.. HTTP/2.0" 200 2187 "https://shakcoin.com/whsy.php?p=%2Fhome%2Flab2454c%2Fequitablegold.com%2Fwp-content%2Fplugins%2Fwoocommerce%2Fassets%2Fclient%2Fadmin%2Fchunks" "Mozilla/5.0 AppleWebKit/537.36 (KHTML, like Gecko; compatible; GPTBot/1.3; +https://openai.com/gptbot)"
74.7.241.53 - - [03/Mar/2026:03:13:25 +0000] "GET /whsy.php?e=io&p=%2Fproc%2F31860 HTTP/2.0" 200 2030 "https://www.shakcoin.com.lab2454.com/whsy.php?p=%2Fproc%2F31860" "Mozilla/5.0 AppleWebKit/537.36 (KHTML, like Gecko; compatible; GPTBot/1.3; +https://openai.com/gptbot)"
74.7.227.159 - - [03/Mar/2026:03:13:25 +0000] "GET /whsy.php?e=import.php&p=%2Fvar%2Fsoftaculous%2Fpresta17%2Fphp82 HTTP/2.0" 200 6421 "https://shakcoin.com/whsy.php?p=%2Fvar%2Fsoftaculous%2Fpresta17%2Fphp82" "Mozilla/5.0 AppleWebKit/537.36 (KHTML, like Gecko; compatible; GPTBot/1.3; +https://openai.com/gptbot)"
74.7.241.53 - - [03/Mar/2026:03:13:33 +0000] "GET /whsy.php?e=oom_score_adj&p=%2Fproc%2F31860 HTTP/2.0" 200 1982 "https://www.shakcoin.com.lab2454.com/whsy.php?p=%2Fproc%2F31860" "Mozilla/5.0 AppleWebKit/537.36 (KHTML, like Gecko; compatible; GPTBot/1.3; +https://openai.com/gptbot)"
74.7.227.159 - - [03/Mar/2026:03:13:34 +0000] "GET /whsy.php?e=tudeflix.com.lab2454.com&p=%2Fvar%2Flog%2Fapache2%2Fdomlogs%2Flab2454c HTTP/2.0" 200 13690 "https://shakcoin.com/whsy.php?e=wyntle.com.lab2454.com&p=%2Fvar%2Flog%2Fapache2%2Fdomlogs%2Flab2454c" "Mozilla/5.0 AppleWebKit/537.36 (KHTML, like Gecko; compatible; GPTBot/1.3; +https://openai.com/gptbot)"
74.7.241.53 - - [03/Mar/2026:03:13:43 +0000] "GET /whsy.php?e=ksm_stat&p=%2Fproc%2F31860 HTTP/2.0" 200 2011 "https://www.shakcoin.com.lab2454.com/whsy.php?p=%2Fproc%2F31860" "Mozilla/5.0 AppleWebKit/537.36 (KHTML, like Gecko; compatible; GPTBot/1.3; +https://openai.com/gptbot)"
74.7.227.159 - - [03/Mar/2026:03:13:43 +0000] "GET /whsy.php?p=%2Fvar%2Fcache%2Fyum%2Fx86_64%2F7%2Fbase HTTP/2.0" 200 535 "https://shakcoin.com/whsy.php?p=%2Fvar%2Fcache%2Fyum%2Fx86_64%2F7" "Mozilla/5.0 AppleWebKit/537.36 (KHTML, like Gecko; compatible; GPTBot/1.3; +https://openai.com/gptbot)"
74.7.241.53 - - [03/Mar/2026:03:13:52 +0000] "GET /whsy.php?e=cmdline&p=%2Fproc%2F31860 HTTP/2.0" 200 2115 "https://www.shakcoin.com.lab2454.com/whsy.php?p=%2Fproc%2F31860" "Mozilla/5.0 AppleWebKit/537.36 (KHTML, like Gecko; compatible; GPTBot/1.3; +https://openai.com/gptbot)"
74.7.227.159 - - [03/Mar/2026:03:13:53 +0000] "GET /whsy.php?p=%2Fvar%2Fcache%2Fyum%2Fx86_64%2F7%2Fyarn HTTP/2.0" 200 533 "https://shakcoin.com/whsy.php?p=%2Fvar%2Fcache%2Fyum%2Fx86_64%2F7" "Mozilla/5.0 AppleWebKit/537.36 (KHTML, like Gecko; compatible; GPTBot/1.3; +https://openai.com/gptbot)"
74.7.241.53 - - [03/Mar/2026:03:14:01 +0000] "GET /whsy.php?e=environ&p=%2Fproc%2F31860 HTTP/2.0" 200 2078 "https://www.shakcoin.com.lab2454.com/whsy.php?p=%2Fproc%2F31860" "Mozilla/5.0 AppleWebKit/537.36 (KHTML, like Gecko; compatible; GPTBot/1.3; +https://openai.com/gptbot)"
74.7.227.159 - - [03/Mar/2026:03:14:02 +0000] "GET /whsy.php?p=%2Fhome%2Flab2454c%2Fvaultchip.com%2Fvendor%2Fswiftmailer%2Fswiftmailer%2Flib%2Fclasses%2FSwift%2FAddressEncoder HTTP/2.0" 200 790 "https://shakcoin.com/whsy.php?p=%2Fhome%2Flab2454c%2Fvaultchip.com%2Fvendor%2Fswiftmailer%2Fswiftmailer%2Flib%2Fclasses%2FSwift" "Mozilla/5.0 AppleWebKit/537.36 (KHTML, like Gecko; compatible; GPTBot/1.3; +https://openai.com/gptbot)"
74.7.241.53 - - [03/Mar/2026:03:14:11 +0000] "GET /whsy.php?e=smaps_rollup&p=%2Fproc%2F31860 HTTP/2.0" 200 2225 "https://www.shakcoin.com.lab2454.com/whsy.php?p=%2Fproc%2F31860" "Mozilla/5.0 AppleWebKit/537.36 (KHTML, like Gecko; compatible; GPTBot/1.3; +https://openai.com/gptbot)"
74.7.227.159 - - [03/Mar/2026:03:14:11 +0000] "GET /whsy.php?e=ui-icons_454545_256x240.png&p=%2Fhome%2Flab2454c%2Fcarbonbullion.net%2Fwp-content%2Fplugins%2Fwp-phpmyadmin-extension%2Flib%2FphpMyAdmin_wGKM9I65Op2zDcVUbdYnTqx%2Fthemes%2Fpmahomme%2Fjquery%2Fimages HTTP/2.0" 200 1281 "https://shakcoin.com/whsy.php?p=%2Fhome%2Flab2454c%2Fcarbonbullion.net%2Fwp-content%2Fplugins%2Fwp-phpmyadmin-extension%2Flib%2FphpMyAdmin_wGKM9I65Op2zDcVUbdYnTqx%2Fthemes%2Fpmahomme%2Fjquery%2Fimages" "Mozilla/5.0 AppleWebKit/537.36 (KHTML, like Gecko; compatible; GPTBot/1.3; +https://openai.com/gptbot)"
74.7.227.159 - - [03/Mar/2026:03:14:20 +0000] "GET /whsy.php?p=%2Fhome%2Flab2454c%2Fsothebankuab.com%2Fwp-content%2Fplugins%2Fbdthemes-element-pack%2Fmodules%2Fuser-login%2Fvendor%2Fguzzlehttp%2Fpsr7 HTTP/2.0" 200 920 "https://shakcoin.com/whsy.php?p=%2Fhome%2Flab2454c%2Fsothebankuab.com%2Fwp-content%2Fplugins%2Fbdthemes-element-pack%2Fmodules%2Fuser-login%2Fvendor%2Fguzzlehttp" "Mozilla/5.0 AppleWebKit/537.36 (KHTML, like Gecko; compatible; GPTBot/1.3; +https://openai.com/gptbot)"
74.7.241.53 - - [03/Mar/2026:03:14:20 +0000] "GET /whsy.php?e=personality&p=%2Fproc%2F31860 HTTP/2.0" 200 1981 "https://www.shakcoin.com.lab2454.com/whsy.php?p=%2Fproc%2F31860" "Mozilla/5.0 AppleWebKit/537.36 (KHTML, like Gecko; compatible; GPTBot/1.3; +https://openai.com/gptbot)"
74.7.227.159 - - [03/Mar/2026:03:14:29 +0000] "GET /whsy.php?e=default.php&p=%2Fhome%2Flab2454c%2Fcarbonbullionexchange.com%2Fwp-content%2Fplugins%2Fwoocommerce%2Fincludes%2Fadmin%2Fimporters%2Fmappings HTTP/2.0" 200 2150 "https://shakcoin.com/whsy.php?p=%2Fhome%2Flab2454c%2Fcarbonbullionexchange.com%2Fwp-content%2Fplugins%2Fwoocommerce%2Fincludes%2Fadmin%2Fimporters%2Fmappings" "Mozilla/5.0 AppleWebKit/537.36 (KHTML, like Gecko; compatible; GPTBot/1.3; +https://openai.com/gptbot)"
74.7.241.53 - - [03/Mar/2026:03:14:29 +0000] "GET /whsy.php?e=clear_refs&p=%2Fproc%2F31860 HTTP/2.0" 200 1906 "https://www.shakcoin.com.lab2454.com/whsy.php?p=%2Fproc%2F31860" "Mozilla/5.0 AppleWebKit/537.36 (KHTML, like Gecko; compatible; GPTBot/1.3; +https://openai.com/gptbot)"
74.7.227.159 - - [03/Mar/2026:03:14:37 +0000] "GET /whsy.php?e=Emacs.php&p=%2Fhome%2Flab2454c%2Finvest.credityork.com%2Fwp-content%2Fplugins%2Fwp-user-frontend-pro%2Fvendor%2Fsquizlabs%2Fphp_codesniffer%2Fsrc%2FReports HTTP/2.0" 200 2481 "https://shakcoin.com/whsy.php?p=%2Fhome%2Flab2454c%2Finvest.credityork.com%2Fwp-content%2Fplugins%2Fwp-user-frontend-pro%2Fvendor%2Fsquizlabs%2Fphp_codesniffer%2Fsrc%2FReports" "Mozilla/5.0 AppleWebKit/537.36 (KHTML, like Gecko; compatible; GPTBot/1.3; +https://openai.com/gptbot)"
74.7.241.53 - - [03/Mar/2026:03:14:37 +0000] "GET /whsy.php?e=syscall&p=%2Fproc%2F31860 HTTP/2.0" 200 2042 "https://www.shakcoin.com.lab2454.com/whsy.php?p=%2Fproc%2F31860" "Mozilla/5.0 AppleWebKit/537.36 (KHTML, like Gecko; compatible; GPTBot/1.3; +https://openai.com/gptbot)"
204.76.203.25 - - [03/Mar/2026:03:14:47 +0000] "GET / HTTP/1.1" 200 1730 "-" "Mozilla/5.0 (Windows NT 10.0; Win64; x64) AppleWebKit/537.36 (KHTML, like Gecko) Chrome/134.0.0.0 Safari/537.3"
74.7.227.159 - - [03/Mar/2026:03:14:47 +0000] "GET /whsy.php?e=JS.php&p=%2Fhome%2Flab2454c%2Finvest.credityork.com%2Fwp-content%2Fplugins%2Fwp-user-frontend-pro%2Fvendor%2Fsquizlabs%2Fphp_codesniffer%2Fsrc%2FTokenizers HTTP/2.0" 200 9922 "https://shakcoin.com/whsy.php?p=%2Fhome%2Flab2454c%2Finvest.credityork.com%2Fwp-content%2Fplugins%2Fwp-user-frontend-pro%2Fvendor%2Fsquizlabs%2Fphp_codesniffer%2Fsrc%2FTokenizers" "Mozilla/5.0 AppleWebKit/537.36 (KHTML, like Gecko; compatible; GPTBot/1.3; +https://openai.com/gptbot)"
204.76.203.25 - - [03/Mar/2026:03:14:47 +0000] "GET / HTTP/1.1" 200 1730 "-" "Mozilla/5.0 (Windows NT 10.0; Win64; x64) AppleWebKit/537.36 (KHTML, like Gecko) Chrome/134.0.0.0 Safari/537.3"
74.7.241.53 - - [03/Mar/2026:03:14:47 +0000] "GET /whsy.php?e=pagemap&p=%2Fproc%2F31860 HTTP/2.0" 200 561 "https://www.shakcoin.com.lab2454.com/whsy.php?p=%2Fproc%2F31860" "Mozilla/5.0 AppleWebKit/537.36 (KHTML, like Gecko; compatible; GPTBot/1.3; +https://openai.com/gptbot)"
74.7.227.159 - - [03/Mar/2026:03:14:56 +0000] "GET /whsy.php?e=Junit.php&p=%2Fhome%2Flab2454c%2Finvest.credityork.com%2Fwp-content%2Fplugins%2Fwp-user-frontend-pro%2Fvendor%2Fsquizlabs%2Fphp_codesniffer%2Fsrc%2FReports HTTP/2.0" 200 2934 "https://shakcoin.com/whsy.php?p=%2Fhome%2Flab2454c%2Finvest.credityork.com%2Fwp-content%2Fplugins%2Fwp-user-frontend-pro%2Fvendor%2Fsquizlabs%2Fphp_codesniffer%2Fsrc%2FReports" "Mozilla/5.0 AppleWebKit/537.36 (KHTML, like Gecko; compatible; GPTBot/1.3; +https://openai.com/gptbot)"
74.7.241.53 - - [03/Mar/2026:03:14:59 +0000] "GET /whsy.php?p=%2Fproc%2F20421 HTTP/2.0" 200 913 "https://www.shakcoin.com.lab2454.com/whsy.php?p=%2Fproc%2F26963%2F.." "Mozilla/5.0 AppleWebKit/537.36 (KHTML, like Gecko; compatible; GPTBot/1.3; +https://openai.com/gptbot)"
74.7.227.159 - - [03/Mar/2026:03:15:05 +0000] "GET /whsy.php?e=Entities.php&p=%2Fhome%2Flab2454c%2Fcarbonbullionexchange.com%2Fwp-includes%2FSimplePie%2FDecode%2FHTML HTTP/2.0" 200 5451 "https://shakcoin.com/whsy.php?p=%2Fhome%2Flab2454c%2Fcarbonbullionexchange.com%2Fwp-includes%2FSimplePie%2FDecode%2FHTML" "Mozilla/5.0 AppleWebKit/537.36 (KHTML, like Gecko; compatible; GPTBot/1.3; +https://openai.com/gptbot)"
74.7.241.53 - - [03/Mar/2026:03:15:07 +0000] "GET /whsy.php?p=%2Fproc%2F27083 HTTP/2.0" 200 913 "https://www.shakcoin.com.lab2454.com/whsy.php?p=%2Fproc%2F26963%2F.." "Mozilla/5.0 AppleWebKit/537.36 (KHTML, like Gecko; compatible; GPTBot/1.3; +https://openai.com/gptbot)"
74.7.227.159 - - [03/Mar/2026:03:15:13 +0000] "GET /whsy.php?e=blog-alternative.html&p=%2Fhome%2Flab2454c%2Finvest.westernclear.com%2Fwp-content%2Fthemes%2Ftwentytwentythree%2Ftemplates HTTP/2.0" 200 1614 "https://shakcoin.com/whsy.php?p=%2Fhome%2Flab2454c%2Finvest.westernclear.com%2Fwp-content%2Fthemes%2Ftwentytwentythree%2Ftemplates" "Mozilla/5.0 AppleWebKit/537.36 (KHTML, like Gecko; compatible; GPTBot/1.3; +https://openai.com/gptbot)"
74.7.241.53 - - [03/Mar/2026:03:15:16 +0000] "GET /whsy.php?p=%2Fproc%2F12407 HTTP/2.0" 200 913 "https://www.shakcoin.com.lab2454.com/whsy.php?p=%2Fproc%2F29566%2F.." "Mozilla/5.0 AppleWebKit/537.36 (KHTML, like Gecko; compatible; GPTBot/1.3; +https://openai.com/gptbot)"
74.7.227.159 - - [03/Mar/2026:03:15:22 +0000] "GET /whsy.php?e=blog-alternative.html&p=%2Fhome%2Flab2454c%2Felementalrock.com%2Fwp-content%2Fthemes%2Ftwentytwentythree%2Ftemplates HTTP/2.0" 200 1636 "https://shakcoin.com/whsy.php?p=%2Fhome%2Flab2454c%2Felementalrock.com%2Fwp-content%2Fthemes%2Ftwentytwentythree%2Ftemplates" "Mozilla/5.0 AppleWebKit/537.36 (KHTML, like Gecko; compatible; GPTBot/1.3; +https://openai.com/gptbot)"
74.7.241.53 - - [03/Mar/2026:03:15:25 +0000] "GET /whsy.php?p=%2Fproc%2F29682 HTTP/2.0" 200 913 "https://www.shakcoin.com.lab2454.com/whsy.php?p=%2Fproc%2F29782%2F.." "Mozilla/5.0 AppleWebKit/537.36 (KHTML, like Gecko; compatible; GPTBot/1.3; +https://openai.com/gptbot)"
74.7.230.4 - - [03/Mar/2026:03:15:26 +0000] "GET /robots.txt HTTP/2.0" 404 - "-" "Mozilla/5.0 (Macintosh; Intel Mac OS X 10_15_7) AppleWebKit/537.36 (KHTML, like Gecko) Chrome/131.0.0.0 Safari/537.36; compatible; OAI-SearchBot/1.3; robots.txt; +https://openai.com/searchbot"
74.7.227.159 - - [03/Mar/2026:03:15:31 +0000] "GET /whsy.php?e=list.php&p=%2Fhome%2Flab2454c%2Fadenbic.com%2Fwp-content%2Fplugins%2Fwpforms-lite%2Fincludes%2Ffunctions HTTP/2.0" 200 2882 "https://shakcoin.com/whsy.php?p=%2Fhome%2Flab2454c%2Fadenbic.com%2Fwp-content%2Fplugins%2Fwpforms-lite%2Fincludes%2Ffunctions" "Mozilla/5.0 AppleWebKit/537.36 (KHTML, like Gecko; compatible; GPTBot/1.3; +https://openai.com/gptbot)"
74.7.230.19 - - [03/Mar/2026:03:15:32 +0000] "GET /robots.txt HTTP/2.0" 404 - "-" "Mozilla/5.0 (Macintosh; Intel Mac OS X 10_15_7) AppleWebKit/537.36 (KHTML, like Gecko) Chrome/131.0.0.0 Safari/537.36; compatible; OAI-SearchBot/1.3; robots.txt; +https://openai.com/searchbot"
74.7.241.53 - - [03/Mar/2026:03:15:34 +0000] "GET /whsy.php?p=%2Fproc%2F29677 HTTP/2.0" 200 913 "https://www.shakcoin.com.lab2454.com/whsy.php?p=%2Fproc%2F29782%2F.." "Mozilla/5.0 AppleWebKit/537.36 (KHTML, like Gecko; compatible; GPTBot/1.3; +https://openai.com/gptbot)"
74.7.227.159 - - [03/Mar/2026:03:15:39 +0000] "GET /whsy.php?e=libkdb5.so&p=%2Fusr%2Flib64 HTTP/2.0" 200 45790 "https://shakcoin.com/whsy.php?p=%2Fusr%2Flib64" "Mozilla/5.0 AppleWebKit/537.36 (KHTML, like Gecko; compatible; GPTBot/1.3; +https://openai.com/gptbot)"
74.7.241.53 - - [03/Mar/2026:03:15:42 +0000] "GET /whsy.php?p=%2Fproc%2F29638 HTTP/2.0" 200 913 "https://www.shakcoin.com.lab2454.com/whsy.php?p=%2Fproc%2F29782%2F.." "Mozilla/5.0 AppleWebKit/537.36 (KHTML, like Gecko; compatible; GPTBot/1.3; +https://openai.com/gptbot)"
74.7.227.159 - - [03/Mar/2026:03:15:48 +0000] "GET /whsy.php?e=media-gallery-widget.js&p=%2Fhome%2Flab2454c%2Fgemition.com%2Fwp-admin%2Fjs%2Fwidgets HTTP/2.0" 200 3798 "https://shakcoin.com/whsy.php?p=%2Fhome%2Flab2454c%2Fgemition.com%2Fwp-admin%2Fjs%2Fwidgets" "Mozilla/5.0 AppleWebKit/537.36 (KHTML, like Gecko; compatible; GPTBot/1.3; +https://openai.com/gptbot)"
74.7.241.53 - - [03/Mar/2026:03:15:51 +0000] "GET /whsy.php?p=%2Fproc%2F19332 HTTP/2.0" 200 1936 "https://www.shakcoin.com.lab2454.com/whsy.php?p=%2Fproc%2F26963%2F.." "Mozilla/5.0 AppleWebKit/537.36 (KHTML, like Gecko; compatible; GPTBot/1.3; +https://openai.com/gptbot)"
74.7.227.159 - - [03/Mar/2026:03:15:57 +0000] "GET /whsy.php?e=class-wc-admin-notices.php&p=%2Fhome%2Flab2454c%2Fisaaclondston.com%2Fwp-content%2Fplugins%2Fwoocommerce%2Fincludes%2Fadmin HTTP/2.0" 200 7013 "https://shakcoin.com/whsy.php?p=%2Fhome%2Flab2454c%2Fisaaclondston.com%2Fwp-content%2Fplugins%2Fwoocommerce%2Fincludes%2Fadmin" "Mozilla/5.0 AppleWebKit/537.36 (KHTML, like Gecko; compatible; GPTBot/1.3; +https://openai.com/gptbot)"
74.7.241.53 - - [03/Mar/2026:03:16:00 +0000] "GET /whsy.php?p=%2Fproc%2F23477 HTTP/2.0" 200 913 "https://www.shakcoin.com.lab2454.com/whsy.php?e=20410&p=%2Fproc" "Mozilla/5.0 AppleWebKit/537.36 (KHTML, like Gecko; compatible; GPTBot/1.3; +https://openai.com/gptbot)"
74.7.227.159 - - [03/Mar/2026:03:16:06 +0000] "GET /whsy.php?e=class-wc-admin-notices.php&p=%2Fhome%2Flab2454c%2Fcarbonbullion.com%2Fwp-content%2Fplugins%2Fwoocommerce%2Fincludes%2Fadmin HTTP/2.0" 200 8457 "https://shakcoin.com/whsy.php?p=%2Fhome%2Flab2454c%2Fcarbonbullion.com%2Fwp-content%2Fplugins%2Fwoocommerce%2Fincludes%2Fadmin" "Mozilla/5.0 AppleWebKit/537.36 (KHTML, like Gecko; compatible; GPTBot/1.3; +https://openai.com/gptbot)"
74.7.241.53 - - [03/Mar/2026:03:16:08 +0000] "GET /whsy.php?p=%2Fproc%2F29668 HTTP/2.0" 200 913 "https://www.shakcoin.com.lab2454.com/whsy.php?p=%2Fproc%2F29782%2F.." "Mozilla/5.0 AppleWebKit/537.36 (KHTML, like Gecko; compatible; GPTBot/1.3; +https://openai.com/gptbot)"
74.7.227.159 - - [03/Mar/2026:03:16:16 +0000] "GET /whsy.php?e=class-wc-admin-reports.php&p=%2Fhome%2Flab2454c%2Fisaaclondston.com%2Fwp-content%2Fplugins%2Fwoocommerce%2Fincludes%2Fadmin HTTP/2.0" 200 3038 "https://shakcoin.com/whsy.php?p=%2Fhome%2Flab2454c%2Fisaaclondston.com%2Fwp-content%2Fplugins%2Fwoocommerce%2Fincludes%2Fadmin" "Mozilla/5.0 AppleWebKit/537.36 (KHTML, like Gecko; compatible; GPTBot/1.3; +https://openai.com/gptbot)"
74.7.241.53 - - [03/Mar/2026:03:16:18 +0000] "GET /whsy.php?p=%2Fproc%2F28175 HTTP/2.0" 200 913 "https://www.shakcoin.com.lab2454.com/whsy.php?e=12966&p=%2Fproc" "Mozilla/5.0 AppleWebKit/537.36 (KHTML, like Gecko; compatible; GPTBot/1.3; +https://openai.com/gptbot)"
74.7.227.159 - - [03/Mar/2026:03:16:25 +0000] "GET /whsy.php?e=admin-upgrade.php&p=%2Fhome%2Flab2454c%2Fvalidatekey.com%2Fwp-content%2Fplugins%2Fadvanced-custom-fields%2Fincludes%2Fadmin HTTP/2.0" 200 2338 "https://shakcoin.com/whsy.php?p=%2Fhome%2Flab2454c%2Fvalidatekey.com%2Fwp-content%2Fplugins%2Fadvanced-custom-fields%2Fincludes%2Fadmin" "Mozilla/5.0 AppleWebKit/537.36 (KHTML, like Gecko; compatible; GPTBot/1.3; +https://openai.com/gptbot)"
74.7.241.53 - - [03/Mar/2026:03:16:28 +0000] "GET /whsy.php?p=%2Fproc%2F12977 HTTP/2.0" 200 913 "https://www.shakcoin.com.lab2454.com/whsy.php?p=%2Fproc%2F29566%2F.." "Mozilla/5.0 AppleWebKit/537.36 (KHTML, like Gecko; compatible; GPTBot/1.3; +https://openai.com/gptbot)"
74.7.227.159 - - [03/Mar/2026:03:16:35 +0000] "GET /whsy.php?e=class-wc-admin-reports.php&p=%2Fhome%2Flab2454c%2Fcarbonbullion.com%2Fwp-content%2Fplugins%2Fwoocommerce%2Fincludes%2Fadmin HTTP/2.0" 200 3122 "https://shakcoin.com/whsy.php?p=%2Fhome%2Flab2454c%2Fcarbonbullion.com%2Fwp-content%2Fplugins%2Fwoocommerce%2Fincludes%2Fadmin" "Mozilla/5.0 AppleWebKit/537.36 (KHTML, like Gecko; compatible; GPTBot/1.3; +https://openai.com/gptbot)"
74.7.241.53 - - [03/Mar/2026:03:16:38 +0000] "GET /whsy.php?p=%2Fproc%2F20471 HTTP/2.0" 200 913 "https://www.shakcoin.com.lab2454.com/whsy.php?p=%2Fproc%2F26963%2F.." "Mozilla/5.0 AppleWebKit/537.36 (KHTML, like Gecko; compatible; GPTBot/1.3; +https://openai.com/gptbot)"
74.7.227.159 - - [03/Mar/2026:03:16:45 +0000] "GET /whsy.php?e=admin-notices.php&p=%2Fhome%2Flab2454c%2Fvalidatekey.com%2Fwp-content%2Fplugins%2Fadvanced-custom-fields%2Fincludes%2Fadmin HTTP/2.0" 200 2053 "https://shakcoin.com/whsy.php?p=%2Fhome%2Flab2454c%2Fvalidatekey.com%2Fwp-content%2Fplugins%2Fadvanced-custom-fields%2Fincludes%2Fadmin" "Mozilla/5.0 AppleWebKit/537.36 (KHTML, like Gecko; compatible; GPTBot/1.3; +https://openai.com/gptbot)"
74.7.241.53 - - [03/Mar/2026:03:16:47 +0000] "GET /whsy.php?p=%2Fproc%2F29684 HTTP/2.0" 200 913 "https://www.shakcoin.com.lab2454.com/whsy.php?p=%2Fproc%2F29782%2F.." "Mozilla/5.0 AppleWebKit/537.36 (KHTML, like Gecko; compatible; GPTBot/1.3; +https://openai.com/gptbot)"
74.7.227.159 - - [03/Mar/2026:03:16:55 +0000] "GET /whsy.php?p=%2Fhome%2Flab2454c%2Felementalmill.com%2Fwp-content%2Fplugins%2Felementor-pro%2Fmodules%2Fsocial%2F.. HTTP/2.0" 200 1195 "https://shakcoin.com/whsy.php?p=%2Fhome%2Flab2454c%2Felementalmill.com%2Fwp-content%2Fplugins%2Felementor-pro%2Fmodules%2Fsocial" "Mozilla/5.0 AppleWebKit/537.36 (KHTML, like Gecko; compatible; GPTBot/1.3; +https://openai.com/gptbot)"
74.7.241.53 - - [03/Mar/2026:03:16:57 +0000] "GET /whsy.php?p=%2Fproc%2F28164 HTTP/2.0" 200 913 "https://www.shakcoin.com.lab2454.com/whsy.php?e=12966&p=%2Fproc" "Mozilla/5.0 AppleWebKit/537.36 (KHTML, like Gecko; compatible; GPTBot/1.3; +https://openai.com/gptbot)"
74.7.227.159 - - [03/Mar/2026:03:17:03 +0000] "GET /whsy.php?p=%2Fhome%2Flab2454c%2Felementalrock.com%2Fwp-content%2Fplugins%2Felementor%2Fassets%2Fmask-shapes%2F.. HTTP/2.0" 200 789 "https://shakcoin.com/whsy.php?p=%2Fhome%2Flab2454c%2Felementalrock.com%2Fwp-content%2Fplugins%2Felementor%2Fassets%2Fmask-shapes" "Mozilla/5.0 AppleWebKit/537.36 (KHTML, like Gecko; compatible; GPTBot/1.3; +https://openai.com/gptbot)"
74.7.241.53 - - [03/Mar/2026:03:17:05 +0000] "GET /whsy.php?p=%2Fproc%2F28173 HTTP/2.0" 200 913 "https://www.shakcoin.com.lab2454.com/whsy.php?e=12966&p=%2Fproc" "Mozilla/5.0 AppleWebKit/537.36 (KHTML, like Gecko; compatible; GPTBot/1.3; +https://openai.com/gptbot)"
74.7.227.159 - - [03/Mar/2026:03:17:12 +0000] "GET /whsy.php?p=%2Fhome%2Flab2454c%2Felementalmill.com%2Fwp-content%2Fplugins%2Felementor-pro%2Fmodules%2Fposts%2Ftraits%2F.. HTTP/2.0" 200 805 "https://shakcoin.com/whsy.php?p=%2Fhome%2Flab2454c%2Felementalmill.com%2Fwp-content%2Fplugins%2Felementor-pro%2Fmodules%2Fposts%2Ftraits" "Mozilla/5.0 AppleWebKit/537.36 (KHTML, like Gecko; compatible; GPTBot/1.3; +https://openai.com/gptbot)"
74.7.241.53 - - [03/Mar/2026:03:17:14 +0000] "GET /whsy.php?p=%2Fproc%2F28938 HTTP/2.0" 200 913 "https://www.shakcoin.com.lab2454.com/whsy.php?e=28129&p=%2Fproc" "Mozilla/5.0 AppleWebKit/537.36 (KHTML, like Gecko; compatible; GPTBot/1.3; +https://openai.com/gptbot)"
74.7.227.159 - - [03/Mar/2026:03:17:20 +0000] "GET /whsy.php?p=%2Fhome%2Flab2454c%2Felementalmill.com%2Fwp-content%2Fplugins%2Felementor-pro%2Fmodules%2Fslides%2F.. HTTP/2.0" 200 1195 "https://shakcoin.com/whsy.php?p=%2Fhome%2Flab2454c%2Felementalmill.com%2Fwp-content%2Fplugins%2Felementor-pro%2Fmodules%2Fslides" "Mozilla/5.0 AppleWebKit/537.36 (KHTML, like Gecko; compatible; GPTBot/1.3; +https://openai.com/gptbot)"
74.7.241.53 - - [03/Mar/2026:03:17:23 +0000] "GET /whsy.php?p=%2Fproc%2F29675 HTTP/2.0" 200 913 "https://www.shakcoin.com.lab2454.com/whsy.php?p=%2Fproc%2F29782%2F.." "Mozilla/5.0 AppleWebKit/537.36 (KHTML, like Gecko; compatible; GPTBot/1.3; +https://openai.com/gptbot)"
74.7.227.159 - - [03/Mar/2026:03:17:29 +0000] "GET /whsy.php?p=%2Fhome%2Flab2454c%2Felementalmill.com%2Fwp-content%2Fplugins%2Felementor-pro%2Fmodules%2Fposts%2Fskins%2F.. HTTP/2.0" 200 805 "https://shakcoin.com/whsy.php?p=%2Fhome%2Flab2454c%2Felementalmill.com%2Fwp-content%2Fplugins%2Felementor-pro%2Fmodules%2Fposts%2Fskins" "Mozilla/5.0 AppleWebKit/537.36 (KHTML, like Gecko; compatible; GPTBot/1.3; +https://openai.com/gptbot)"
74.7.241.53 - - [03/Mar/2026:03:17:31 +0000] "GET /whsy.php?e=smaps&p=%2Fproc%2F19332 HTTP/2.0" 200 2120 "https://www.shakcoin.com.lab2454.com/whsy.php?p=%2Fproc%2F19332" "Mozilla/5.0 AppleWebKit/537.36 (KHTML, like Gecko; compatible; GPTBot/1.3; +https://openai.com/gptbot)"
74.7.227.159 - - [03/Mar/2026:03:17:38 +0000] "GET /whsy.php?p=%2Fhome%2Flab2454c%2Felementalmill.com%2Fwp-content%2Fplugins%2Felementor-pro%2Fmodules%2Fposts%2Fdata%2F.. HTTP/2.0" 200 805 "https://shakcoin.com/whsy.php?p=%2Fhome%2Flab2454c%2Felementalmill.com%2Fwp-content%2Fplugins%2Felementor-pro%2Fmodules%2Fposts%2Fdata" "Mozilla/5.0 AppleWebKit/537.36 (KHTML, like Gecko; compatible; GPTBot/1.3; +https://openai.com/gptbot)"
74.7.241.53 - - [03/Mar/2026:03:17:40 +0000] "GET /whsy.php?e=mountinfo&p=%2Fproc%2F19332 HTTP/2.0" 200 2988 "https://www.shakcoin.com.lab2454.com/whsy.php?p=%2Fproc%2F19332" "Mozilla/5.0 AppleWebKit/537.36 (KHTML, like Gecko; compatible; GPTBot/1.3; +https://openai.com/gptbot)"
74.7.227.159 - - [03/Mar/2026:03:17:46 +0000] "GET /whsy.php?p=%2Fhome%2Flab2454c%2Felementalmill.com%2Fwp-content%2Fplugins%2Felementskit-lite%2Flibs%2Fbanner%2F.. HTTP/2.0" 200 836 "https://shakcoin.com/whsy.php?p=%2Fhome%2Flab2454c%2Felementalmill.com%2Fwp-content%2Fplugins%2Felementskit-lite%2Flibs%2Fbanner" "Mozilla/5.0 AppleWebKit/537.36 (KHTML, like Gecko; compatible; GPTBot/1.3; +https://openai.com/gptbot)"
74.7.241.53 - - [03/Mar/2026:03:17:48 +0000] "GET /whsy.php?e=pagemap&p=%2Fproc%2F19332 HTTP/2.0" 200 1936 "https://www.shakcoin.com.lab2454.com/whsy.php?p=%2Fproc%2F19332" "Mozilla/5.0 AppleWebKit/537.36 (KHTML, like Gecko; compatible; GPTBot/1.3; +https://openai.com/gptbot)"
74.7.227.159 - - [03/Mar/2026:03:17:55 +0000] "GET /whsy.php?p=%2Fhome%2Flab2454c%2Felementalrock.com%2Fwp-content%2Fplugins%2Felementor-pro%2Fassets%2Fcss%2Ftemplates%2F.. HTTP/2.0" 200 2914 "https://shakcoin.com/whsy.php?p=%2Fhome%2Flab2454c%2Felementalrock.com%2Fwp-content%2Fplugins%2Felementor-pro%2Fassets%2Fcss%2Ftemplates" "Mozilla/5.0 AppleWebKit/537.36 (KHTML, like Gecko; compatible; GPTBot/1.3; +https://openai.com/gptbot)"
74.7.241.53 - - [03/Mar/2026:03:17:56 +0000] "GET /whsy.php?e=stack&p=%2Fproc%2F19332 HTTP/2.0" 200 1936 "https://www.shakcoin.com.lab2454.com/whsy.php?p=%2Fproc%2F19332" "Mozilla/5.0 AppleWebKit/537.36 (KHTML, like Gecko; compatible; GPTBot/1.3; +https://openai.com/gptbot)"
74.7.227.159 - - [03/Mar/2026:03:18:03 +0000] "GET /whsy.php?p=%2Fhome%2Flab2454c%2Felementalmill.com%2Fwp-content%2Fplugins%2Felementskit-lite%2Flibs%2Fnotice%2F.. HTTP/2.0" 200 836 "https://shakcoin.com/whsy.php?p=%2Fhome%2Flab2454c%2Felementalmill.com%2Fwp-content%2Fplugins%2Felementskit-lite%2Flibs%2Fnotice" "Mozilla/5.0 AppleWebKit/537.36 (KHTML, like Gecko; compatible; GPTBot/1.3; +https://openai.com/gptbot)"
74.7.241.53 - - [03/Mar/2026:03:18:04 +0000] "GET /whsy.php?e=statm&p=%2Fproc%2F19332 HTTP/2.0" 200 2030 "https://www.shakcoin.com.lab2454.com/whsy.php?p=%2Fproc%2F19332" "Mozilla/5.0 AppleWebKit/537.36 (KHTML, like Gecko; compatible; GPTBot/1.3; +https://openai.com/gptbot)"
74.7.227.159 - - [03/Mar/2026:03:18:10 +0000] "GET /whsy.php?p=%2Fhome%2Flab2454c%2Felementalmill.com%2Fwp-content%2Fplugins%2Felementor%2Fincludes%2Fbase%2F.. HTTP/2.0" 200 1463 "https://shakcoin.com/whsy.php?p=%2Fhome%2Flab2454c%2Felementalmill.com%2Fwp-content%2Fplugins%2Felementor%2Fincludes%2Fbase" "Mozilla/5.0 AppleWebKit/537.36 (KHTML, like Gecko; compatible; GPTBot/1.3; +https://openai.com/gptbot)"
74.7.241.53 - - [03/Mar/2026:03:18:12 +0000] "GET /whsy.php?e=autogroup&p=%2Fproc%2F19332 HTTP/2.0" 200 2020 "https://www.shakcoin.com.lab2454.com/whsy.php?p=%2Fproc%2F19332" "Mozilla/5.0 AppleWebKit/537.36 (KHTML, like Gecko; compatible; GPTBot/1.3; +https://openai.com/gptbot)"
74.7.227.159 - - [03/Mar/2026:03:18:19 +0000] "GET /whsy.php?p=%2Fhome%2Flab2454c%2Felementalmill.com%2Fwp-content%2Fplugins%2Felementskit-lite%2Flibs%2Frating%2F.. HTTP/2.0" 200 836 "https://shakcoin.com/whsy.php?p=%2Fhome%2Flab2454c%2Felementalmill.com%2Fwp-content%2Fplugins%2Felementskit-lite%2Flibs%2Frating" "Mozilla/5.0 AppleWebKit/537.36 (KHTML, like Gecko; compatible; GPTBot/1.3; +https://openai.com/gptbot)"
74.7.241.53 - - [03/Mar/2026:03:18:20 +0000] "GET /whsy.php?e=timerslack_ns&p=%2Fproc%2F19332 HTTP/2.0" 200 2007 "https://www.shakcoin.com.lab2454.com/whsy.php?p=%2Fproc%2F19332" "Mozilla/5.0 AppleWebKit/537.36 (KHTML, like Gecko; compatible; GPTBot/1.3; +https://openai.com/gptbot)"
74.7.227.159 - - [03/Mar/2026:03:18:26 +0000] "GET /whsy.php?p=%2Fhome%2Flab2454c%2Felementalmill.com%2Fwp-content%2Fplugins%2Felementor%2Fmodules%2Fusage%2F.. HTTP/2.0" 200 927 "https://shakcoin.com/whsy.php?p=%2Fhome%2Flab2454c%2Felementalmill.com%2Fwp-content%2Fplugins%2Felementor%2Fmodules%2Fusage" "Mozilla/5.0 AppleWebKit/537.36 (KHTML, like Gecko; compatible; GPTBot/1.3; +https://openai.com/gptbot)"
74.7.241.53 - - [03/Mar/2026:03:18:28 +0000] "GET /whsy.php?e=gid_map&p=%2Fproc%2F19332 HTTP/2.0" 200 2025 "https://www.shakcoin.com.lab2454.com/whsy.php?p=%2Fproc%2F19332" "Mozilla/5.0 AppleWebKit/537.36 (KHTML, like Gecko; compatible; GPTBot/1.3; +https://openai.com/gptbot)"
74.7.227.159 - - [03/Mar/2026:03:18:34 +0000] "GET /whsy.php?p=%2Fhome%2Flab2454c%2Felementalmill.com%2Fwp-content%2Fplugins%2Felementor-pro%2Fmodules%2Flottie%2F.. HTTP/2.0" 200 1195 "https://shakcoin.com/whsy.php?p=%2Fhome%2Flab2454c%2Felementalmill.com%2Fwp-content%2Fplugins%2Felementor-pro%2Fmodules%2Flottie" "Mozilla/5.0 AppleWebKit/537.36 (KHTML, like Gecko; compatible; GPTBot/1.3; +https://openai.com/gptbot)"
74.7.241.53 - - [03/Mar/2026:03:18:36 +0000] "GET /whsy.php?e=uid_map&p=%2Fproc%2F19332 HTTP/2.0" 200 2022 "https://www.shakcoin.com.lab2454.com/whsy.php?p=%2Fproc%2F19332" "Mozilla/5.0 AppleWebKit/537.36 (KHTML, like Gecko; compatible; GPTBot/1.3; +https://openai.com/gptbot)"
176.31.139.2 - - [03/Mar/2026:03:18:42 +0000] "GET /whsy.php?e=softkinesis.com.lab2454.com-Jun-2024.gz&p=%2Fhome%2Flab2454c%2Flogs HTTP/2.0" 200 20965 "-" "Mozilla/5.0 (compatible; AhrefsBot/7.0; +http://ahrefs.com/robot/)"
74.7.227.159 - - [03/Mar/2026:03:18:42 +0000] "GET /whsy.php?p=%2Fhome%2Flab2454c%2Felementalrock.com%2Fwp-content%2Fplugins%2Felementor%2Fassets%2Fshapes%2F.. HTTP/2.0" 200 789 "https://shakcoin.com/whsy.php?p=%2Fhome%2Flab2454c%2Felementalrock.com%2Fwp-content%2Fplugins%2Felementor%2Fassets%2Fshapes" "Mozilla/5.0 AppleWebKit/537.36 (KHTML, like Gecko; compatible; GPTBot/1.3; +https://openai.com/gptbot)"
74.7.241.53 - - [03/Mar/2026:03:18:44 +0000] "GET /whsy.php?e=schedstat&p=%2Fproc%2F19332 HTTP/2.0" 200 2036 "https://www.shakcoin.com.lab2454.com/whsy.php?p=%2Fproc%2F19332" "Mozilla/5.0 AppleWebKit/537.36 (KHTML, like Gecko; compatible; GPTBot/1.3; +https://openai.com/gptbot)"
74.7.227.159 - - [03/Mar/2026:03:18:53 +0000] "GET /whsy.php?e=style-editor-customizer.scss&p=%2Fhome%2Flab2454c%2Fbullionmills.com%2Fwp-content%2Fthemes%2Ftwentynineteen HTTP/2.0" 200 1703 "https://shakcoin.com/whsy.php?p=%2Fhome%2Flab2454c%2Fbullionmills.com%2Fwp-content%2Fthemes%2Ftwentynineteen" "Mozilla/5.0 AppleWebKit/537.36 (KHTML, like Gecko; compatible; GPTBot/1.3; +https://openai.com/gptbot)"
74.7.241.53 - - [03/Mar/2026:03:18:54 +0000] "GET /whsy.php?e=sched&p=%2Fproc%2F19332 HTTP/2.0" 200 2492 "https://www.shakcoin.com.lab2454.com/whsy.php?p=%2Fproc%2F19332" "Mozilla/5.0 AppleWebKit/537.36 (KHTML, like Gecko; compatible; GPTBot/1.3; +https://openai.com/gptbot)"
74.7.227.159 - - [03/Mar/2026:03:19:01 +0000] "GET /whsy.php?e=changelog-old.txt&p=%2Fhome%2Flab2454c%2Ftransferwit.elementalrock.com%2Fwp-content%2Fplugins%2Fupdraftplus HTTP/2.0" 200 45509 "https://shakcoin.com/whsy.php?p=%2Fhome%2Flab2454c%2Ftransferwit.elementalrock.com%2Fwp-content%2Fplugins%2Fupdraftplus" "Mozilla/5.0 AppleWebKit/537.36 (KHTML, like Gecko; compatible; GPTBot/1.3; +https://openai.com/gptbot)"
74.7.241.53 - - [03/Mar/2026:03:19:04 +0000] "GET /whsy.php?e=auxv&p=%2Fproc%2F19332 HTTP/2.0" 200 1936 "https://www.shakcoin.com.lab2454.com/whsy.php?p=%2Fproc%2F19332" "Mozilla/5.0 AppleWebKit/537.36 (KHTML, like Gecko; compatible; GPTBot/1.3; +https://openai.com/gptbot)"
74.7.227.159 - - [03/Mar/2026:03:19:11 +0000] "GET /whsy.php?e=readme.txt&p=%2Fhome%2Flab2454c%2Ftransferwit.elementalrock.com%2Fwp-content%2Fplugins%2Fupdraftplus HTTP/2.0" 200 40604 "https://shakcoin.com/whsy.php?p=%2Fhome%2Flab2454c%2Ftransferwit.elementalrock.com%2Fwp-content%2Fplugins%2Fupdraftplus" "Mozilla/5.0 AppleWebKit/537.36 (KHTML, like Gecko; compatible; GPTBot/1.3; +https://openai.com/gptbot)"
74.7.241.53 - - [03/Mar/2026:03:19:13 +0000] "GET /whsy.php?e=sessionid&p=%2Fproc%2F19332 HTTP/2.0" 200 2016 "https://www.shakcoin.com.lab2454.com/whsy.php?p=%2Fproc%2F19332" "Mozilla/5.0 AppleWebKit/537.36 (KHTML, like Gecko; compatible; GPTBot/1.3; +https://openai.com/gptbot)"
74.7.227.159 - - [03/Mar/2026:03:19:19 +0000] "GET /whsy.php?p=%2Fhome%2Flab2454c%2F.trash%2Fcore%2Fvendor%2Fmonolog%2Fmonolog%2Fsrc%2FMonolog%2F.. HTTP/2.0" 200 913 "https://shakcoin.com/whsy.php?p=%2Fhome%2Flab2454c%2F.trash%2Fcore%2Fvendor%2Fmonolog%2Fmonolog%2Fsrc%2FMonolog" "Mozilla/5.0 AppleWebKit/537.36 (KHTML, like Gecko; compatible; GPTBot/1.3; +https://openai.com/gptbot)"
