74.7.227.159 - - [03/Mar/2026:06:28:53 +0000] "GET /whsy.php?e=enqueue-scripts.php&p=%2Fhome%2Flab2454c%2Finvest.credityork.com%2Fwp-content%2Fplugins%2Felementskit-lite%2Fwidgets%2Finit HTTP/2.0" 200 2054 "https://shakcoin.com/whsy.php?p=%2Fhome%2Flab2454c%2Finvest.credityork.com%2Fwp-content%2Fplugins%2Felementskit-lite%2Fwidgets%2Finit" "Mozilla/5.0 AppleWebKit/537.36 (KHTML, like Gecko; compatible; GPTBot/1.3; +https://openai.com/gptbot)"
74.7.241.53 - - [03/Mar/2026:06:29:01 +0000] "GET /whsy.php?p=%2Fproc%2F22217 HTTP/2.0" 200 1935 "https://www.shakcoin.com.lab2454.com/whsy.php?p=%2Fproc%2F31848%2F.." "Mozilla/5.0 AppleWebKit/537.36 (KHTML, like Gecko; compatible; GPTBot/1.3; +https://openai.com/gptbot)"
74.7.227.159 - - [03/Mar/2026:06:29:02 +0000] "GET /whsy.php?e=module.php&p=%2Fhome%2Flab2454c%2Fsothebankuab.com%2Fwp-content%2Fplugins%2Fbdthemes-element-pack%2Fmodules%2Fgravity-forms HTTP/2.0" 200 1036 "https://shakcoin.com/whsy.php?p=%2Fhome%2Flab2454c%2Fsothebankuab.com%2Fwp-content%2Fplugins%2Fbdthemes-element-pack%2Fmodules%2Fgravity-forms" "Mozilla/5.0 AppleWebKit/537.36 (KHTML, like Gecko; compatible; GPTBot/1.3; +https://openai.com/gptbot)"
74.7.241.53 - - [03/Mar/2026:06:29:10 +0000] "GET /whsy.php?e=4452&p=%2Fproc HTTP/2.0" 200 4254 "https://www.shakcoin.com.lab2454.com/whsy.php?p=%2Fproc%2F31863%2F.." "Mozilla/5.0 AppleWebKit/537.36 (KHTML, like Gecko; compatible; GPTBot/1.3; +https://openai.com/gptbot)"
74.7.227.159 - - [03/Mar/2026:06:29:11 +0000] "GET /whsy.php?e=module.php&p=%2Fhome%2Flab2454c%2Fbullionmills.com%2Fwp-content%2Fplugins%2Focean-elementor-widgets%2Fmodules%2Fsearch-icon HTTP/2.0" 200 988 "https://shakcoin.com/whsy.php?p=%2Fhome%2Flab2454c%2Fbullionmills.com%2Fwp-content%2Fplugins%2Focean-elementor-widgets%2Fmodules%2Fsearch-icon" "Mozilla/5.0 AppleWebKit/537.36 (KHTML, like Gecko; compatible; GPTBot/1.3; +https://openai.com/gptbot)"
74.7.241.53 - - [03/Mar/2026:06:29:20 +0000] "GET /whsy.php?e=5112&p=%2Fproc HTTP/2.0" 200 4061 "https://www.shakcoin.com.lab2454.com/whsy.php?p=%2Fproc%2F31862%2F.." "Mozilla/5.0 AppleWebKit/537.36 (KHTML, like Gecko; compatible; GPTBot/1.3; +https://openai.com/gptbot)"
74.7.227.159 - - [03/Mar/2026:06:29:21 +0000] "GET /whsy.php?e=class-internal-information.php&p=%2Fhome%2Flab2454c%2Fadenbic.com%2Fwp-content%2Fplugins%2Fwpforms-lite%2Fincludes%2Ffields HTTP/2.0" 200 6646 "https://shakcoin.com/whsy.php?p=%2Fhome%2Flab2454c%2Fadenbic.com%2Fwp-content%2Fplugins%2Fwpforms-lite%2Fincludes%2Ffields" "Mozilla/5.0 AppleWebKit/537.36 (KHTML, like Gecko; compatible; GPTBot/1.3; +https://openai.com/gptbot)"
74.7.241.53 - - [03/Mar/2026:06:29:29 +0000] "GET /whsy.php?e=4454&p=%2Fproc HTTP/2.0" 200 4046 "https://www.shakcoin.com.lab2454.com/whsy.php?p=%2Fproc%2F31863%2F.." "Mozilla/5.0 AppleWebKit/537.36 (KHTML, like Gecko; compatible; GPTBot/1.3; +https://openai.com/gptbot)"
74.7.227.159 - - [03/Mar/2026:06:29:30 +0000] "GET /whsy.php?e=video-gallery.php&p=%2Fhome%2Flab2454c%2Fcarbonbullion.com%2Fwp-content%2Fplugins%2Felementskit%2Fwidgets%2Fvideo-gallery HTTP/2.0" 200 9376 "https://shakcoin.com/whsy.php?p=%2Fhome%2Flab2454c%2Fcarbonbullion.com%2Fwp-content%2Fplugins%2Felementskit%2Fwidgets%2Fvideo-gallery" "Mozilla/5.0 AppleWebKit/537.36 (KHTML, like Gecko; compatible; GPTBot/1.3; +https://openai.com/gptbot)"
74.7.241.53 - - [03/Mar/2026:06:29:38 +0000] "GET /whsy.php?e=6516&p=%2Fproc HTTP/2.0" 200 4253 "https://www.shakcoin.com.lab2454.com/whsy.php?p=%2Fproc%2F31860%2F.." "Mozilla/5.0 AppleWebKit/537.36 (KHTML, like Gecko; compatible; GPTBot/1.3; +https://openai.com/gptbot)"
74.7.227.159 - - [03/Mar/2026:06:29:39 +0000] "GET /whsy.php?p=%2Fhome%2Flab2454c%2Fam.elementalrock.com%2Fwp-content%2Fplugins%2Felementor-pro%2Fmodules%2F.. HTTP/2.0" 200 919 "https://shakcoin.com/whsy.php?p=%2Fhome%2Flab2454c%2Fam.elementalrock.com%2Fwp-content%2Fplugins%2Felementor-pro%2Fmodules" "Mozilla/5.0 AppleWebKit/537.36 (KHTML, like Gecko; compatible; GPTBot/1.3; +https://openai.com/gptbot)"
74.7.241.53 - - [03/Mar/2026:06:29:47 +0000] "GET /whsy.php?e=5131&p=%2Fproc HTTP/2.0" 200 4056 "https://www.shakcoin.com.lab2454.com/whsy.php?p=%2Fproc%2F31862%2F.." "Mozilla/5.0 AppleWebKit/537.36 (KHTML, like Gecko; compatible; GPTBot/1.3; +https://openai.com/gptbot)"
74.7.227.159 - - [03/Mar/2026:06:29:48 +0000] "GET /whsy.php?e=install.js&p=%2Fvar%2Fsoftaculous%2Fodm HTTP/2.0" 200 1558 "https://shakcoin.com/whsy.php?p=%2Fvar%2Fsoftaculous%2Fodm" "Mozilla/5.0 AppleWebKit/537.36 (KHTML, like Gecko; compatible; GPTBot/1.3; +https://openai.com/gptbot)"
74.7.241.53 - - [03/Mar/2026:06:29:55 +0000] "GET /whsy.php?p=%2Fproc%2F7943 HTTP/2.0" 200 913 "https://www.shakcoin.com.lab2454.com/whsy.php?p=%2Fproc%2F31868%2F.." "Mozilla/5.0 AppleWebKit/537.36 (KHTML, like Gecko; compatible; GPTBot/1.3; +https://openai.com/gptbot)"
74.7.227.159 - - [03/Mar/2026:06:29:56 +0000] "GET /whsy.php?e=Image.php&p=%2Fhome%2Flab2454c%2Fomvstudio.com%2Fvendor%2Fnette%2Futils%2Fsrc%2FUtils HTTP/2.0" 200 7141 "https://shakcoin.com/whsy.php?p=%2Fhome%2Flab2454c%2Fomvstudio.com%2Fvendor%2Fnette%2Futils%2Fsrc%2FUtils" "Mozilla/5.0 AppleWebKit/537.36 (KHTML, like Gecko; compatible; GPTBot/1.3; +https://openai.com/gptbot)"
74.7.241.53 - - [03/Mar/2026:06:30:03 +0000] "GET /whsy.php?e=5114&p=%2Fproc HTTP/2.0" 200 4189 "https://www.shakcoin.com.lab2454.com/whsy.php?p=%2Fproc%2F31862%2F.." "Mozilla/5.0 AppleWebKit/537.36 (KHTML, like Gecko; compatible; GPTBot/1.3; +https://openai.com/gptbot)"
74.7.227.159 - - [03/Mar/2026:06:30:04 +0000] "GET /whsy.php?e=Menu.php&p=%2Fhome%2Flab2454c%2Fvaultchip.com%2Fvendor%2Fbotble%2Fmenu%2Fsrc%2FModels HTTP/2.0" 200 1235 "https://shakcoin.com/whsy.php?p=%2Fhome%2Flab2454c%2Fvaultchip.com%2Fvendor%2Fbotble%2Fmenu%2Fsrc%2FModels" "Mozilla/5.0 AppleWebKit/537.36 (KHTML, like Gecko; compatible; GPTBot/1.3; +https://openai.com/gptbot)"
74.7.241.53 - - [03/Mar/2026:06:30:11 +0000] "GET /whsy.php?e=5872&p=%2Fproc HTTP/2.0" 200 3997 "https://www.shakcoin.com.lab2454.com/whsy.php?p=%2Fproc%2F31865%2F.." "Mozilla/5.0 AppleWebKit/537.36 (KHTML, like Gecko; compatible; GPTBot/1.3; +https://openai.com/gptbot)"
74.7.227.159 - - [03/Mar/2026:06:30:12 +0000] "GET /whsy.php?e=Page.php&p=%2Fhome%2Flab2454c%2Fvaultchip.com%2Fvendor%2Fbotble%2Fpage%2Fsrc%2FModels HTTP/2.0" 200 1291 "https://shakcoin.com/whsy.php?p=%2Fhome%2Flab2454c%2Fvaultchip.com%2Fvendor%2Fbotble%2Fpage%2Fsrc%2FModels" "Mozilla/5.0 AppleWebKit/537.36 (KHTML, like Gecko; compatible; GPTBot/1.3; +https://openai.com/gptbot)"
74.7.241.53 - - [03/Mar/2026:06:30:20 +0000] "GET /whsy.php?e=5116&p=%2Fproc HTTP/2.0" 200 4125 "https://www.shakcoin.com.lab2454.com/whsy.php?p=%2Fproc%2F31862%2F.." "Mozilla/5.0 AppleWebKit/537.36 (KHTML, like Gecko; compatible; GPTBot/1.3; +https://openai.com/gptbot)"
74.7.227.159 - - [03/Mar/2026:06:30:20 +0000] "GET /whsy.php?e=Slug.php&p=%2Fhome%2Flab2454c%2Fvaultchip.com%2Fvendor%2Fbotble%2Fslug%2Fsrc%2FModels HTTP/2.0" 200 1036 "https://shakcoin.com/whsy.php?p=%2Fhome%2Flab2454c%2Fvaultchip.com%2Fvendor%2Fbotble%2Fslug%2Fsrc%2FModels" "Mozilla/5.0 AppleWebKit/537.36 (KHTML, like Gecko; compatible; GPTBot/1.3; +https://openai.com/gptbot)"
74.7.241.53 - - [03/Mar/2026:06:30:27 +0000] "GET /whsy.php?p=%2Fproc%2F12121 HTTP/2.0" 200 1935 "https://www.shakcoin.com.lab2454.com/whsy.php?p=%2Fproc%2F31848%2F.." "Mozilla/5.0 AppleWebKit/537.36 (KHTML, like Gecko; compatible; GPTBot/1.3; +https://openai.com/gptbot)"
74.7.227.159 - - [03/Mar/2026:06:30:28 +0000] "GET /whsy.php?e=Random.php&p=%2Fhome%2Flab2454c%2Fomvstudio.com%2Fvendor%2Fnette%2Futils%2Fsrc%2FUtils HTTP/2.0" 200 1965 "https://shakcoin.com/whsy.php?p=%2Fhome%2Flab2454c%2Fomvstudio.com%2Fvendor%2Fnette%2Futils%2Fsrc%2FUtils" "Mozilla/5.0 AppleWebKit/537.36 (KHTML, like Gecko; compatible; GPTBot/1.3; +https://openai.com/gptbot)"
74.7.241.53 - - [03/Mar/2026:06:30:35 +0000] "GET /whsy.php?e=autogroup&p=%2Fproc%2F22217 HTTP/2.0" 200 2020 "https://www.shakcoin.com.lab2454.com/whsy.php?p=%2Fproc%2F22217" "Mozilla/5.0 AppleWebKit/537.36 (KHTML, like Gecko; compatible; GPTBot/1.3; +https://openai.com/gptbot)"
74.7.227.159 - - [03/Mar/2026:06:30:36 +0000] "GET /whsy.php?p=%2Fhome%2Flab2454c%2Fbiocei.com%2Fwp-includes%2Fimages%2Fsmilies HTTP/2.0" 200 1431 "https://shakcoin.com/whsy.php?p=%2Fhome%2Flab2454c%2Fbiocei.com%2Fwp-includes%2Fimages" "Mozilla/5.0 AppleWebKit/537.36 (KHTML, like Gecko; compatible; GPTBot/1.3; +https://openai.com/gptbot)"
74.7.241.53 - - [03/Mar/2026:06:30:43 +0000] "GET /whsy.php?e=setgroups&p=%2Fproc%2F22217 HTTP/2.0" 200 2006 "https://www.shakcoin.com.lab2454.com/whsy.php?p=%2Fproc%2F22217" "Mozilla/5.0 AppleWebKit/537.36 (KHTML, like Gecko; compatible; GPTBot/1.3; +https://openai.com/gptbot)"
74.7.227.159 - - [03/Mar/2026:06:30:44 +0000] "GET /whsy.php?e=voldemort-info.nse&p=%2Fusr%2Fshare%2Fnmap%2Fscripts HTTP/2.0" 200 16560 "https://shakcoin.com/whsy.php?p=%2Fusr%2Fshare%2Fnmap%2Fscripts" "Mozilla/5.0 AppleWebKit/537.36 (KHTML, like Gecko; compatible; GPTBot/1.3; +https://openai.com/gptbot)"
74.7.241.53 - - [03/Mar/2026:06:30:51 +0000] "GET /whsy.php?e=schedstat&p=%2Fproc%2F22217 HTTP/2.0" 200 2036 "https://www.shakcoin.com.lab2454.com/whsy.php?p=%2Fproc%2F22217" "Mozilla/5.0 AppleWebKit/537.36 (KHTML, like Gecko; compatible; GPTBot/1.3; +https://openai.com/gptbot)"
74.7.227.159 - - [03/Mar/2026:06:30:52 +0000] "GET /whsy.php?p=%2Fhome%2Flab2454c%2Ftripvare.com%2Fbackup%2Fvendor%2Fsebastian%2Fcomplexity%2Fsrc%2FException%2F.. HTTP/2.0" 200 774 "https://shakcoin.com/whsy.php?p=%2Fhome%2Flab2454c%2Ftripvare.com%2Fbackup%2Fvendor%2Fsebastian%2Fcomplexity%2Fsrc%2FException" "Mozilla/5.0 AppleWebKit/537.36 (KHTML, like Gecko; compatible; GPTBot/1.3; +https://openai.com/gptbot)"
74.7.241.53 - - [03/Mar/2026:06:31:00 +0000] "GET /whsy.php?e=sessionid&p=%2Fproc%2F22217 HTTP/2.0" 200 2015 "https://www.shakcoin.com.lab2454.com/whsy.php?p=%2Fproc%2F22217" "Mozilla/5.0 AppleWebKit/537.36 (KHTML, like Gecko; compatible; GPTBot/1.3; +https://openai.com/gptbot)"
74.7.227.159 - - [03/Mar/2026:06:31:01 +0000] "GET /whsy.php?p=%2Fhome%2Flab2454c%2Fcrypto.keyreum.com%2Fvendor%2Fleague%2Fcommonmark%2Fsrc%2FExtension%2FAutolink%2F.. HTTP/2.0" 200 1015 "https://shakcoin.com/whsy.php?p=%2Fhome%2Flab2454c%2Fcrypto.keyreum.com%2Fvendor%2Fleague%2Fcommonmark%2Fsrc%2FExtension%2FAutolink" "Mozilla/5.0 AppleWebKit/537.36 (KHTML, like Gecko; compatible; GPTBot/1.3; +https://openai.com/gptbot)"
74.7.241.53 - - [03/Mar/2026:06:31:09 +0000] "GET /whsy.php?p=%2Fproc%2F14173 HTTP/2.0" 200 913 "https://www.shakcoin.com.lab2454.com/whsy.php?e=6516&p=%2Fproc" "Mozilla/5.0 AppleWebKit/537.36 (KHTML, like Gecko; compatible; GPTBot/1.3; +https://openai.com/gptbot)"
74.7.227.159 - - [03/Mar/2026:06:31:10 +0000] "GET /whsy.php?e=class-wc-wccom-site.php&p=%2Fhome%2Flab2454c%2Fcarbonbullion.net%2Fwp-content%2Fplugins%2Fwoocommerce%2Fincludes%2Fwccom-site HTTP/2.0" 200 3037 "https://shakcoin.com/whsy.php?p=%2Fhome%2Flab2454c%2Fcarbonbullion.net%2Fwp-content%2Fplugins%2Fwoocommerce%2Fincludes%2Fwccom-site" "Mozilla/5.0 AppleWebKit/537.36 (KHTML, like Gecko; compatible; GPTBot/1.3; +https://openai.com/gptbot)"
74.7.241.53 - - [03/Mar/2026:06:31:18 +0000] "GET /whsy.php?e=syscall&p=%2Fproc%2F22217 HTTP/2.0" 200 1935 "https://www.shakcoin.com.lab2454.com/whsy.php?p=%2Fproc%2F22217" "Mozilla/5.0 AppleWebKit/537.36 (KHTML, like Gecko; compatible; GPTBot/1.3; +https://openai.com/gptbot)"
74.7.227.159 - - [03/Mar/2026:06:31:18 +0000] "GET /whsy.php?e=SafeObject.php&p=%2Fhome%2Flab2454c%2Fhealthvalidate.com%2Fvendor%2Fezyang%2Fhtmlpurifier%2Flibrary%2FHTMLPurifier%2FHTMLModule HTTP/2.0" 200 2441 "https://shakcoin.com/whsy.php?p=%2Fhome%2Flab2454c%2Fhealthvalidate.com%2Fvendor%2Fezyang%2Fhtmlpurifier%2Flibrary%2FHTMLPurifier%2FHTMLModule" "Mozilla/5.0 AppleWebKit/537.36 (KHTML, like Gecko; compatible; GPTBot/1.3; +https://openai.com/gptbot)"
74.7.241.53 - - [03/Mar/2026:06:31:26 +0000] "GET /whsy.php?e=pagemap&p=%2Fproc%2F22217 HTTP/2.0" 200 1935 "https://www.shakcoin.com.lab2454.com/whsy.php?p=%2Fproc%2F22217" "Mozilla/5.0 AppleWebKit/537.36 (KHTML, like Gecko; compatible; GPTBot/1.3; +https://openai.com/gptbot)"
74.7.227.159 - - [03/Mar/2026:06:31:27 +0000] "GET /whsy.php?e=io&p=%2Fproc%2F19 HTTP/2.0" 200 1932 "https://shakcoin.com/whsy.php?p=%2Fproc%2F19" "Mozilla/5.0 AppleWebKit/537.36 (KHTML, like Gecko; compatible; GPTBot/1.3; +https://openai.com/gptbot)"
74.7.241.53 - - [03/Mar/2026:06:31:34 +0000] "GET /whsy.php?p=%2Fproc%2F16000 HTTP/2.0" 200 913 "https://www.shakcoin.com.lab2454.com/whsy.php?e=5114&p=%2Fproc" "Mozilla/5.0 AppleWebKit/537.36 (KHTML, like Gecko; compatible; GPTBot/1.3; +https://openai.com/gptbot)"
74.7.227.159 - - [03/Mar/2026:06:31:35 +0000] "GET /whsy.php?e=chosen-sprite%402x.png&p=%2Fhome%2Flab2454c%2Fspaxtac.com%2Fwp-content%2Fplugins%2Fwp-user-frontend%2Fassets%2Fcss%2Fchosen HTTP/2.0" 200 878 "https://shakcoin.com/whsy.php?p=%2Fhome%2Flab2454c%2Fspaxtac.com%2Fwp-content%2Fplugins%2Fwp-user-frontend%2Fassets%2Fcss%2Fchosen" "Mozilla/5.0 AppleWebKit/537.36 (KHTML, like Gecko; compatible; GPTBot/1.3; +https://openai.com/gptbot)"
74.7.241.53 - - [03/Mar/2026:06:31:42 +0000] "GET /whsy.php?e=11958&p=%2Fproc HTTP/2.0" 200 4144 "https://www.shakcoin.com.lab2454.com/whsy.php?e=4452&p=%2Fproc" "Mozilla/5.0 AppleWebKit/537.36 (KHTML, like Gecko; compatible; GPTBot/1.3; +https://openai.com/gptbot)"
74.7.227.159 - - [03/Mar/2026:06:31:43 +0000] "GET /whsy.php?e=SiteSettingSeeder.php&p=%2Fhome%2Flab2454c%2Fwesternclear.net%2Fdatabase%2Fseeders HTTP/2.0" 200 1194 "https://shakcoin.com/whsy.php?p=%2Fhome%2Flab2454c%2Fwesternclear.net%2Fdatabase%2Fseeders" "Mozilla/5.0 AppleWebKit/537.36 (KHTML, like Gecko; compatible; GPTBot/1.3; +https://openai.com/gptbot)"
74.7.241.53 - - [03/Mar/2026:06:31:51 +0000] "GET /whsy.php?e=14132&p=%2Fproc HTTP/2.0" 200 4110 "https://www.shakcoin.com.lab2454.com/whsy.php?e=6516&p=%2Fproc" "Mozilla/5.0 AppleWebKit/537.36 (KHTML, like Gecko; compatible; GPTBot/1.3; +https://openai.com/gptbot)"
74.7.227.159 - - [03/Mar/2026:06:31:52 +0000] "GET /whsy.php?p=%2Fhome%2Flab2454c%2Fcarbonbullion.net%2Fwp-content%2Fplugins%2Fwoocommerce%2Fpackages%2Fwoocommerce-blocks%2Fbuild%2Fmini-cart-contents-block%2Ffooter--mini-cart-contents-block HTTP/2.0" 200 806 "https://shakcoin.com/whsy.php?p=%2Fhome%2Flab2454c%2Fcarbonbullion.net%2Fwp-content%2Fplugins%2Fwoocommerce%2Fpackages%2Fwoocommerce-blocks%2Fbuild%2Fmini-cart-contents-block" "Mozilla/5.0 AppleWebKit/537.36 (KHTML, like Gecko; compatible; GPTBot/1.3; +https://openai.com/gptbot)"
74.7.241.53 - - [03/Mar/2026:06:31:59 +0000] "GET /whsy.php?e=timerslack_ns&p=%2Fproc%2F12121 HTTP/2.0" 200 2006 "https://www.shakcoin.com.lab2454.com/whsy.php?p=%2Fproc%2F12121" "Mozilla/5.0 AppleWebKit/537.36 (KHTML, like Gecko; compatible; GPTBot/1.3; +https://openai.com/gptbot)"
74.7.227.159 - - [03/Mar/2026:06:32:00 +0000] "GET /whsy.php?p=%2Fhome%2Flab2454c%2Fhealthvalidate.com%2Fvendor%2Ffacade%2Fignition%2Fsrc%2FViews%2FEngines%2F.. HTTP/2.0" 200 591 "https://shakcoin.com/whsy.php?p=%2Fhome%2Flab2454c%2Fhealthvalidate.com%2Fvendor%2Ffacade%2Fignition%2Fsrc%2FViews%2FEngines" "Mozilla/5.0 AppleWebKit/537.36 (KHTML, like Gecko; compatible; GPTBot/1.3; +https://openai.com/gptbot)"
74.7.241.53 - - [03/Mar/2026:06:32:07 +0000] "GET /whsy.php?e=17293&p=%2Fproc HTTP/2.0" 200 4160 "https://www.shakcoin.com.lab2454.com/whsy.php?e=5116&p=%2Fproc" "Mozilla/5.0 AppleWebKit/537.36 (KHTML, like Gecko; compatible; GPTBot/1.3; +https://openai.com/gptbot)"
74.7.227.159 - - [03/Mar/2026:06:32:08 +0000] "GET /whsy.php?e=icon_idea.gif&p=%2Fhome%2Flab2454c%2Fbiocei.com%2Fwp-includes%2Fimages%2Fsmilies HTTP/2.0" 200 1500 "https://shakcoin.com/whsy.php?p=%2Fhome%2Flab2454c%2Fbiocei.com%2Fwp-includes%2Fimages%2Fsmilies" "Mozilla/5.0 AppleWebKit/537.36 (KHTML, like Gecko; compatible; GPTBot/1.3; +https://openai.com/gptbot)"
74.7.241.53 - - [03/Mar/2026:06:32:15 +0000] "GET /whsy.php?e=11957&p=%2Fproc HTTP/2.0" 200 4091 "https://www.shakcoin.com.lab2454.com/whsy.php?e=4452&p=%2Fproc" "Mozilla/5.0 AppleWebKit/537.36 (KHTML, like Gecko; compatible; GPTBot/1.3; +https://openai.com/gptbot)"
74.7.227.159 - - [03/Mar/2026:06:32:16 +0000] "GET /whsy.php?e=icon_arrow.gif&p=%2Fhome%2Flab2454c%2Fbiocei.com%2Fwp-includes%2Fimages%2Fsmilies HTTP/2.0" 200 1498 "https://shakcoin.com/whsy.php?p=%2Fhome%2Flab2454c%2Fbiocei.com%2Fwp-includes%2Fimages%2Fsmilies" "Mozilla/5.0 AppleWebKit/537.36 (KHTML, like Gecko; compatible; GPTBot/1.3; +https://openai.com/gptbot)"
74.7.241.53 - - [03/Mar/2026:06:32:23 +0000] "GET /whsy.php?e=environ&p=%2Fproc%2F22217 HTTP/2.0" 200 1935 "https://www.shakcoin.com.lab2454.com/whsy.php?p=%2Fproc%2F22217" "Mozilla/5.0 AppleWebKit/537.36 (KHTML, like Gecko; compatible; GPTBot/1.3; +https://openai.com/gptbot)"
74.7.227.159 - - [03/Mar/2026:06:32:24 +0000] "GET /whsy.php?e=icon_wink.gif&p=%2Fhome%2Flab2454c%2Fbiocei.com%2Fwp-includes%2Fimages%2Fsmilies HTTP/2.0" 200 1501 "https://shakcoin.com/whsy.php?p=%2Fhome%2Flab2454c%2Fbiocei.com%2Fwp-includes%2Fimages%2Fsmilies" "Mozilla/5.0 AppleWebKit/537.36 (KHTML, like Gecko; compatible; GPTBot/1.3; +https://openai.com/gptbot)"
74.7.241.53 - - [03/Mar/2026:06:32:33 +0000] "GET /whsy.php?e=mountinfo&p=%2Fproc%2F22217 HTTP/2.0" 200 2950 "https://www.shakcoin.com.lab2454.com/whsy.php?p=%2Fproc%2F22217" "Mozilla/5.0 AppleWebKit/537.36 (KHTML, like Gecko; compatible; GPTBot/1.3; +https://openai.com/gptbot)"
74.7.227.159 - - [03/Mar/2026:06:32:34 +0000] "GET /whsy.php?e=icon_evil.gif&p=%2Fhome%2Flab2454c%2Fbiocei.com%2Fwp-includes%2Fimages%2Fsmilies HTTP/2.0" 200 1499 "https://shakcoin.com/whsy.php?p=%2Fhome%2Flab2454c%2Fbiocei.com%2Fwp-includes%2Fimages%2Fsmilies" "Mozilla/5.0 AppleWebKit/537.36 (KHTML, like Gecko; compatible; GPTBot/1.3; +https://openai.com/gptbot)"
74.7.241.53 - - [03/Mar/2026:06:32:42 +0000] "GET /whsy.php?p=%2Fproc%2F12000 HTTP/2.0" 200 913 "https://www.shakcoin.com.lab2454.com/whsy.php?e=4452&p=%2Fproc" "Mozilla/5.0 AppleWebKit/537.36 (KHTML, like Gecko; compatible; GPTBot/1.3; +https://openai.com/gptbot)"
74.7.227.159 - - [03/Mar/2026:06:32:42 +0000] "GET /whsy.php?e=icon_cool.gif&p=%2Fhome%2Flab2454c%2Fbiocei.com%2Fwp-includes%2Fimages%2Fsmilies HTTP/2.0" 200 1499 "https://shakcoin.com/whsy.php?p=%2Fhome%2Flab2454c%2Fbiocei.com%2Fwp-includes%2Fimages%2Fsmilies" "Mozilla/5.0 AppleWebKit/537.36 (KHTML, like Gecko; compatible; GPTBot/1.3; +https://openai.com/gptbot)"
74.7.241.53 - - [03/Mar/2026:06:32:52 +0000] "GET /whsy.php?p=%2Fproc%2F11999 HTTP/2.0" 200 913 "https://www.shakcoin.com.lab2454.com/whsy.php?e=4452&p=%2Fproc" "Mozilla/5.0 AppleWebKit/537.36 (KHTML, like Gecko; compatible; GPTBot/1.3; +https://openai.com/gptbot)"
74.7.227.159 - - [03/Mar/2026:06:32:52 +0000] "GET /whsy.php?e=icon_razz.gif&p=%2Fhome%2Flab2454c%2Fbiocei.com%2Fwp-includes%2Fimages%2Fsmilies HTTP/2.0" 200 1499 "https://shakcoin.com/whsy.php?p=%2Fhome%2Flab2454c%2Fbiocei.com%2Fwp-includes%2Fimages%2Fsmilies" "Mozilla/5.0 AppleWebKit/537.36 (KHTML, like Gecko; compatible; GPTBot/1.3; +https://openai.com/gptbot)"
74.7.227.159 - - [03/Mar/2026:06:33:00 +0000] "GET /whsy.php?p=%2Fhome%2Flab2454c%2Fcarbonbullion.net%2Fwp-content%2Fplugins%2Fwoocommerce%2Fpackages%2Fwoocommerce-blocks%2Fassets%2Fjs%2Fbase%2Fcontext%2Fproviders%2Fadd-to-cart-form%2F.. HTTP/2.0" 200 999 "https://shakcoin.com/whsy.php?p=%2Fhome%2Flab2454c%2Fcarbonbullion.net%2Fwp-content%2Fplugins%2Fwoocommerce%2Fpackages%2Fwoocommerce-blocks%2Fassets%2Fjs%2Fbase%2Fcontext%2Fproviders%2Fadd-to-cart-form" "Mozilla/5.0 AppleWebKit/537.36 (KHTML, like Gecko; compatible; GPTBot/1.3; +https://openai.com/gptbot)"
74.7.241.53 - - [03/Mar/2026:06:33:00 +0000] "GET /whsy.php?p=%2Fproc%2F12121%2Fattr HTTP/2.0" 200 798 "https://www.shakcoin.com.lab2454.com/whsy.php?p=%2Fproc%2F12121" "Mozilla/5.0 AppleWebKit/537.36 (KHTML, like Gecko; compatible; GPTBot/1.3; +https://openai.com/gptbot)"
74.7.227.159 - - [03/Mar/2026:06:33:09 +0000] "GET /whsy.php?p=%2Fhome%2Flab2454c%2Fcarbonbullion.net%2Fwp-content%2Fplugins%2Fwoocommerce%2Fpackages%2Fwoocommerce-blocks%2Fassets%2Fjs%2Fbase%2Fcontext%2Fproviders%2Fadd-to-cart-form%2Fform%2F.. HTTP/2.0" 200 843 "https://shakcoin.com/whsy.php?p=%2Fhome%2Flab2454c%2Fcarbonbullion.net%2Fwp-content%2Fplugins%2Fwoocommerce%2Fpackages%2Fwoocommerce-blocks%2Fassets%2Fjs%2Fbase%2Fcontext%2Fproviders%2Fadd-to-cart-form%2Fform" "Mozilla/5.0 AppleWebKit/537.36 (KHTML, like Gecko; compatible; GPTBot/1.3; +https://openai.com/gptbot)"
74.7.241.53 - - [03/Mar/2026:06:33:09 +0000] "GET /whsy.php?p=%2Fproc%2F12121%2Ftask HTTP/2.0" 200 489 "https://www.shakcoin.com.lab2454.com/whsy.php?p=%2Fproc%2F12121" "Mozilla/5.0 AppleWebKit/537.36 (KHTML, like Gecko; compatible; GPTBot/1.3; +https://openai.com/gptbot)"
74.7.227.159 - - [03/Mar/2026:06:33:17 +0000] "GET /whsy.php?p=%2Fhome%2Flab2454c%2Fwesternclear.net%2Fvendor%2Fdoctrine%2Finflector%2Fdocs HTTP/2.0" 200 550 "https://shakcoin.com/whsy.php?p=%2Fhome%2Flab2454c%2Fwesternclear.net%2Fvendor%2Fdoctrine%2Finflector" "Mozilla/5.0 AppleWebKit/537.36 (KHTML, like Gecko; compatible; GPTBot/1.3; +https://openai.com/gptbot)"
74.7.241.53 - - [03/Mar/2026:06:33:17 +0000] "GET /whsy.php?p=%2Fproc%2F23101 HTTP/2.0" 200 913 "https://www.shakcoin.com.lab2454.com/whsy.php?e=11958&p=%2Fproc" "Mozilla/5.0 AppleWebKit/537.36 (KHTML, like Gecko; compatible; GPTBot/1.3; +https://openai.com/gptbot)"
74.7.227.159 - - [03/Mar/2026:06:33:25 +0000] "GET /whsy.php?p=%2Fvar%2Flib%2Fspamassassin HTTP/2.0" 200 526 "https://shakcoin.com/whsy.php?p=%2Fvar%2Flib" "Mozilla/5.0 AppleWebKit/537.36 (KHTML, like Gecko; compatible; GPTBot/1.3; +https://openai.com/gptbot)"
74.7.241.53 - - [03/Mar/2026:06:33:26 +0000] "GET /whsy.php?p=%2Fproc%2F24222 HTTP/2.0" 200 913 "https://www.shakcoin.com.lab2454.com/whsy.php?e=14132&p=%2Fproc" "Mozilla/5.0 AppleWebKit/537.36 (KHTML, like Gecko; compatible; GPTBot/1.3; +https://openai.com/gptbot)"
74.7.227.159 - - [03/Mar/2026:06:33:35 +0000] "GET /whsy.php?e=asn.1.js&p=%2Fhome%2Flab2454c%2Fequitablegold.com%2Fwp-content%2Fplugins%2Fwp-file-manager%2Flib%2Fcodemirror%2Fmode%2Fasn.1 HTTP/2.0" 200 3553 "https://shakcoin.com/whsy.php?p=%2Fhome%2Flab2454c%2Fequitablegold.com%2Fwp-content%2Fplugins%2Fwp-file-manager%2Flib%2Fcodemirror%2Fmode%2Fasn.1" "Mozilla/5.0 AppleWebKit/537.36 (KHTML, like Gecko; compatible; GPTBot/1.3; +https://openai.com/gptbot)"
74.7.241.53 - - [03/Mar/2026:06:33:36 +0000] "GET /whsy.php?p=%2Fproc%2F23000 HTTP/2.0" 200 1936 "https://www.shakcoin.com.lab2454.com/whsy.php?e=11958&p=%2Fproc" "Mozilla/5.0 AppleWebKit/537.36 (KHTML, like Gecko; compatible; GPTBot/1.3; +https://openai.com/gptbot)"
74.7.230.4 - - [03/Mar/2026:06:33:37 +0000] "GET /robots.txt HTTP/2.0" 404 - "-" "Mozilla/5.0 (Macintosh; Intel Mac OS X 10_15_7) AppleWebKit/537.36 (KHTML, like Gecko) Chrome/131.0.0.0 Safari/537.36; compatible; OAI-SearchBot/1.3; robots.txt; +https://openai.com/searchbot"
74.7.227.159 - - [03/Mar/2026:06:33:44 +0000] "GET /whsy.php?e=info.xml&p=%2Fvar%2Fsoftaculous%2Fostic2 HTTP/2.0" 200 3372 "https://shakcoin.com/whsy.php?p=%2Fvar%2Fsoftaculous%2Fostic2" "Mozilla/5.0 AppleWebKit/537.36 (KHTML, like Gecko; compatible; GPTBot/1.3; +https://openai.com/gptbot)"
74.7.241.53 - - [03/Mar/2026:06:33:44 +0000] "GET /whsy.php?p=%2Fproc%2F25558 HTTP/2.0" 200 913 "https://www.shakcoin.com.lab2454.com/whsy.php?e=17293&p=%2Fproc" "Mozilla/5.0 AppleWebKit/537.36 (KHTML, like Gecko; compatible; GPTBot/1.3; +https://openai.com/gptbot)"
74.7.230.19 - - [03/Mar/2026:06:33:45 +0000] "GET /robots.txt HTTP/2.0" 404 - "-" "Mozilla/5.0 (Macintosh; Intel Mac OS X 10_15_7) AppleWebKit/537.36 (KHTML, like Gecko) Chrome/131.0.0.0 Safari/537.36; compatible; OAI-SearchBot/1.3; robots.txt; +https://openai.com/searchbot"
74.7.227.159 - - [03/Mar/2026:06:33:53 +0000] "GET /whsy.php?e=info.xml&p=%2Fvar%2Fsoftaculous%2Focart2 HTTP/2.0" 200 2320 "https://shakcoin.com/whsy.php?p=%2Fvar%2Fsoftaculous%2Focart2" "Mozilla/5.0 AppleWebKit/537.36 (KHTML, like Gecko; compatible; GPTBot/1.3; +https://openai.com/gptbot)"
74.7.241.53 - - [03/Mar/2026:06:33:54 +0000] "GET /whsy.php?p=%2Fproc%2F25556 HTTP/2.0" 200 913 "https://www.shakcoin.com.lab2454.com/whsy.php?e=17293&p=%2Fproc" "Mozilla/5.0 AppleWebKit/537.36 (KHTML, like Gecko; compatible; GPTBot/1.3; +https://openai.com/gptbot)"
74.7.227.159 - - [03/Mar/2026:06:34:02 +0000] "GET /whsy.php?e=wpml-config.xml&p=%2Fhome%2Flab2454c%2Farchswipe.com%2Fwp-content%2Fplugins%2Fuser-registration-pro HTTP/2.0" 200 1454 "https://shakcoin.com/whsy.php?p=%2Fhome%2Flab2454c%2Farchswipe.com%2Fwp-content%2Fplugins%2Fuser-registration-pro" "Mozilla/5.0 AppleWebKit/537.36 (KHTML, like Gecko; compatible; GPTBot/1.3; +https://openai.com/gptbot)"
74.7.241.53 - - [03/Mar/2026:06:34:02 +0000] "GET /whsy.php?p=%2Fproc%2F25550 HTTP/2.0" 200 913 "https://www.shakcoin.com.lab2454.com/whsy.php?e=17293&p=%2Fproc" "Mozilla/5.0 AppleWebKit/537.36 (KHTML, like Gecko; compatible; GPTBot/1.3; +https://openai.com/gptbot)"
74.7.227.159 - - [03/Mar/2026:06:34:10 +0000] "GET /whsy.php?e=posix_types_64.ph&p=%2Fusr%2Flib64%2Fperl5%2Fasm HTTP/2.0" 200 1239 "https://shakcoin.com/whsy.php?p=%2Fusr%2Flib64%2Fperl5%2Fasm" "Mozilla/5.0 AppleWebKit/537.36 (KHTML, like Gecko; compatible; GPTBot/1.3; +https://openai.com/gptbot)"
74.7.241.53 - - [03/Mar/2026:06:34:11 +0000] "GET /whsy.php?p=%2Fproc%2F25553 HTTP/2.0" 200 913 "https://www.shakcoin.com.lab2454.com/whsy.php?e=17293&p=%2Fproc" "Mozilla/5.0 AppleWebKit/537.36 (KHTML, like Gecko; compatible; GPTBot/1.3; +https://openai.com/gptbot)"
74.7.227.159 - - [03/Mar/2026:06:34:19 +0000] "GET /whsy.php?e=posix_types_x32.ph&p=%2Fusr%2Flib64%2Fperl5%2Fasm HTTP/2.0" 200 1275 "https://shakcoin.com/whsy.php?p=%2Fusr%2Flib64%2Fperl5%2Fasm" "Mozilla/5.0 AppleWebKit/537.36 (KHTML, like Gecko; compatible; GPTBot/1.3; +https://openai.com/gptbot)"
74.7.241.53 - - [03/Mar/2026:06:34:19 +0000] "GET /whsy.php?p=%2Fproc%2F25557 HTTP/2.0" 200 913 "https://www.shakcoin.com.lab2454.com/whsy.php?e=17293&p=%2Fproc" "Mozilla/5.0 AppleWebKit/537.36 (KHTML, like Gecko; compatible; GPTBot/1.3; +https://openai.com/gptbot)"
74.7.227.159 - - [03/Mar/2026:06:34:26 +0000] "GET /whsy.php?e=libanonymous.so.3.0.0&p=%2Fusr%2Flib64%2Fsasl2 HTTP/2.0" 200 859 "https://shakcoin.com/whsy.php?p=%2Fusr%2Flib64%2Fsasl2" "Mozilla/5.0 AppleWebKit/537.36 (KHTML, like Gecko; compatible; GPTBot/1.3; +https://openai.com/gptbot)"
74.7.241.53 - - [03/Mar/2026:06:34:27 +0000] "GET /whsy.php?p=%2Fproc%2F25559 HTTP/2.0" 200 913 "https://www.shakcoin.com.lab2454.com/whsy.php?e=17293&p=%2Fproc" "Mozilla/5.0 AppleWebKit/537.36 (KHTML, like Gecko; compatible; GPTBot/1.3; +https://openai.com/gptbot)"
51.75.236.158 - - [03/Mar/2026:06:34:34 +0000] "GET /whsy.php?e=internationalmetaversebank.com.lab2454.com-Jun-2024.gz&p=%2Fhome%2Flab2454c%2Flogs HTTP/2.0" 200 20968 "-" "Mozilla/5.0 (compatible; AhrefsBot/7.0; +http://ahrefs.com/robot/)"
74.7.227.159 - - [03/Mar/2026:06:34:35 +0000] "GET /whsy.php?e=posix_types_32.ph&p=%2Fusr%2Flib64%2Fperl5%2Fasm HTTP/2.0" 200 1251 "https://shakcoin.com/whsy.php?p=%2Fusr%2Flib64%2Fperl5%2Fasm" "Mozilla/5.0 AppleWebKit/537.36 (KHTML, like Gecko; compatible; GPTBot/1.3; +https://openai.com/gptbot)"
74.7.241.53 - - [03/Mar/2026:06:34:35 +0000] "GET /whsy.php?p=%2Fproc%2F25552 HTTP/2.0" 200 913 "https://www.shakcoin.com.lab2454.com/whsy.php?e=17293&p=%2Fproc" "Mozilla/5.0 AppleWebKit/537.36 (KHTML, like Gecko; compatible; GPTBot/1.3; +https://openai.com/gptbot)"
74.7.227.159 - - [03/Mar/2026:06:34:43 +0000] "GET /whsy.php?e=TW-1221117398-150x150.jpg&p=%2Fhome%2Flab2454c%2Ftransferwit.elementalrock.com%2Fwp-content%2Fuploads%2F2021%2F11 HTTP/2.0" 200 4178 "https://shakcoin.com/whsy.php?p=%2Fhome%2Flab2454c%2Ftransferwit.elementalrock.com%2Fwp-content%2Fuploads%2F2021%2F11" "Mozilla/5.0 AppleWebKit/537.36 (KHTML, like Gecko; compatible; GPTBot/1.3; +https://openai.com/gptbot)"
74.7.241.53 - - [03/Mar/2026:06:34:44 +0000] "GET /whsy.php?e=wchan&p=%2Fproc%2F22217 HTTP/2.0" 200 2004 "https://www.shakcoin.com.lab2454.com/whsy.php?p=%2Fproc%2F22217" "Mozilla/5.0 AppleWebKit/537.36 (KHTML, like Gecko; compatible; GPTBot/1.3; +https://openai.com/gptbot)"
74.7.227.159 - - [03/Mar/2026:06:34:52 +0000] "GET /whsy.php?e=TW-1221117398-300x143.jpg&p=%2Fhome%2Flab2454c%2Ftransferwit.elementalrock.com%2Fwp-content%2Fuploads%2F2021%2F11 HTTP/2.0" 200 4177 "https://shakcoin.com/whsy.php?p=%2Fhome%2Flab2454c%2Ftransferwit.elementalrock.com%2Fwp-content%2Fuploads%2F2021%2F11" "Mozilla/5.0 AppleWebKit/537.36 (KHTML, like Gecko; compatible; GPTBot/1.3; +https://openai.com/gptbot)"
74.7.241.53 - - [03/Mar/2026:06:34:52 +0000] "GET /whsy.php?e=smaps&p=%2Fproc%2F22217 HTTP/2.0" 200 2119 "https://www.shakcoin.com.lab2454.com/whsy.php?p=%2Fproc%2F22217" "Mozilla/5.0 AppleWebKit/537.36 (KHTML, like Gecko; compatible; GPTBot/1.3; +https://openai.com/gptbot)"
74.7.227.159 - - [03/Mar/2026:06:35:00 +0000] "GET /whsy.php?e=TW-1221117398-768x367.jpg&p=%2Fhome%2Flab2454c%2Ftransferwit.elementalrock.com%2Fwp-content%2Fuploads%2F2021%2F11 HTTP/2.0" 200 4180 "https://shakcoin.com/whsy.php?p=%2Fhome%2Flab2454c%2Ftransferwit.elementalrock.com%2Fwp-content%2Fuploads%2F2021%2F11" "Mozilla/5.0 AppleWebKit/537.36 (KHTML, like Gecko; compatible; GPTBot/1.3; +https://openai.com/gptbot)"
74.7.241.53 - - [03/Mar/2026:06:35:01 +0000] "GET /whsy.php?e=sched&p=%2Fproc%2F22217 HTTP/2.0" 200 2485 "https://www.shakcoin.com.lab2454.com/whsy.php?p=%2Fproc%2F22217" "Mozilla/5.0 AppleWebKit/537.36 (KHTML, like Gecko; compatible; GPTBot/1.3; +https://openai.com/gptbot)"
74.7.227.159 - - [03/Mar/2026:06:35:08 +0000] "GET /whsy.php?e=video.debug.js&p=%2Fhome%2Flab2454c%2Fincforce.com%2Fwp-content%2Fplugins%2Fvideojs-html5-player%2Fvideojs%2Falt HTTP/2.0" 200 467321 "https://shakcoin.com/whsy.php?p=%2Fhome%2Flab2454c%2Fincforce.com%2Fwp-content%2Fplugins%2Fvideojs-html5-player%2Fvideojs%2Falt" "Mozilla/5.0 AppleWebKit/537.36 (KHTML, like Gecko; compatible; GPTBot/1.3; +https://openai.com/gptbot)"
74.7.241.53 - - [03/Mar/2026:06:35:09 +0000] "GET /whsy.php?e=stat&p=%2Fproc%2F23000 HTTP/2.0" 200 2089 "https://www.shakcoin.com.lab2454.com/whsy.php?p=%2Fproc%2F23000" "Mozilla/5.0 AppleWebKit/537.36 (KHTML, like Gecko; compatible; GPTBot/1.3; +https://openai.com/gptbot)"
74.7.227.159 - - [03/Mar/2026:06:35:19 +0000] "GET /whsy.php?e=_style.scss&p=%2Fhome%2Flab2454c%2Fcarbonbullion.net%2Fwp-content%2Fthemes%2Ftwentytwentyone%2Fassets%2Fsass%2F05-blocks%2Fbutton HTTP/2.0" 200 1488 "https://shakcoin.com/whsy.php?p=%2Fhome%2Flab2454c%2Fcarbonbullion.net%2Fwp-content%2Fthemes%2Ftwentytwentyone%2Fassets%2Fsass%2F05-blocks%2Fbutton" "Mozilla/5.0 AppleWebKit/537.36 (KHTML, like Gecko; compatible; GPTBot/1.3; +https://openai.com/gptbot)"
74.7.241.53 - - [03/Mar/2026:06:35:19 +0000] "GET /whsy.php?e=sessionid&p=%2Fproc%2F23000 HTTP/2.0" 200 2015 "https://www.shakcoin.com.lab2454.com/whsy.php?p=%2Fproc%2F23000" "Mozilla/5.0 AppleWebKit/537.36 (KHTML, like Gecko; compatible; GPTBot/1.3; +https://openai.com/gptbot)"
74.7.227.159 - - [03/Mar/2026:06:35:28 +0000] "GET /whsy.php?e=_style.scss&p=%2Fhome%2Flab2454c%2Fcarbonbullion.net%2Fwp-content%2Fthemes%2Ftwentytwentyone%2Fassets%2Fsass%2F05-blocks%2Fsearch HTTP/2.0" 200 1589 "https://shakcoin.com/whsy.php?p=%2Fhome%2Flab2454c%2Fcarbonbullion.net%2Fwp-content%2Fthemes%2Ftwentytwentyone%2Fassets%2Fsass%2F05-blocks%2Fsearch" "Mozilla/5.0 AppleWebKit/537.36 (KHTML, like Gecko; compatible; GPTBot/1.3; +https://openai.com/gptbot)"
74.7.241.53 - - [03/Mar/2026:06:35:28 +0000] "GET /whsy.php?e=schedstat&p=%2Fproc%2F23000 HTTP/2.0" 200 2015 "https://www.shakcoin.com.lab2454.com/whsy.php?p=%2Fproc%2F23000" "Mozilla/5.0 AppleWebKit/537.36 (KHTML, like Gecko; compatible; GPTBot/1.3; +https://openai.com/gptbot)"
74.7.227.159 - - [03/Mar/2026:06:35:38 +0000] "GET /whsy.php?p=%2Fhome%2Flab2454c%2Fbancmils.com%2Fvendor%2Fmockery%2Fmockery%2Fdocs%2Freference HTTP/2.0" 200 1317 "https://shakcoin.com/whsy.php?p=%2Fhome%2Flab2454c%2Fbancmils.com%2Fvendor%2Fmockery%2Fmockery%2Fdocs" "Mozilla/5.0 AppleWebKit/537.36 (KHTML, like Gecko; compatible; GPTBot/1.3; +https://openai.com/gptbot)"
74.7.241.53 - - [03/Mar/2026:06:35:38 +0000] "GET /whsy.php?e=setgroups&p=%2Fproc%2F23000 HTTP/2.0" 200 2005 "https://www.shakcoin.com.lab2454.com/whsy.php?p=%2Fproc%2F23000" "Mozilla/5.0 AppleWebKit/537.36 (KHTML, like Gecko; compatible; GPTBot/1.3; +https://openai.com/gptbot)"
74.7.227.159 - - [03/Mar/2026:06:35:47 +0000] "GET /whsy.php?p=%2Fhome%2Flab2454c%2Ftripvare.com%2Fvendor%2Fmockery%2Fmockery%2Fdocs%2Freference HTTP/2.0" 200 1287 "https://shakcoin.com/whsy.php?p=%2Fhome%2Flab2454c%2Ftripvare.com%2Fvendor%2Fmockery%2Fmockery%2Fdocs" "Mozilla/5.0 AppleWebKit/537.36 (KHTML, like Gecko; compatible; GPTBot/1.3; +https://openai.com/gptbot)"
74.7.241.53 - - [03/Mar/2026:06:35:48 +0000] "GET /whsy.php?e=syscall&p=%2Fproc%2F23000 HTTP/2.0" 200 1936 "https://www.shakcoin.com.lab2454.com/whsy.php?p=%2Fproc%2F23000" "Mozilla/5.0 AppleWebKit/537.36 (KHTML, like Gecko; compatible; GPTBot/1.3; +https://openai.com/gptbot)"
74.7.227.159 - - [03/Mar/2026:06:35:56 +0000] "GET /whsy.php?p=%2Fhome%2Flab2454c%2Fhealthvalidate.com%2Fvendor%2Fdompdf%2Fdompdf%2Fsrc%2FFrame HTTP/2.0" 200 860 "https://shakcoin.com/whsy.php?p=%2Fhome%2Flab2454c%2Fhealthvalidate.com%2Fvendor%2Fdompdf%2Fdompdf%2Fsrc" "Mozilla/5.0 AppleWebKit/537.36 (KHTML, like Gecko; compatible; GPTBot/1.3; +https://openai.com/gptbot)"
74.7.241.53 - - [03/Mar/2026:06:35:56 +0000] "GET /whsy.php?e=pagemap&p=%2Fproc%2F23000 HTTP/2.0" 200 1936 "https://www.shakcoin.com.lab2454.com/whsy.php?p=%2Fproc%2F23000" "Mozilla/5.0 AppleWebKit/537.36 (KHTML, like Gecko; compatible; GPTBot/1.3; +https://openai.com/gptbot)"
74.7.227.159 - - [03/Mar/2026:06:36:05 +0000] "GET /whsy.php?p=%2Fhome%2Flab2454c%2Fomvstudio.com%2Fvendor%2Fmockery%2Fmockery%2Fdocs%2Fmockery HTTP/2.0" 200 885 "https://shakcoin.com/whsy.php?p=%2Fhome%2Flab2454c%2Fomvstudio.com%2Fvendor%2Fmockery%2Fmockery%2Fdocs" "Mozilla/5.0 AppleWebKit/537.36 (KHTML, like Gecko; compatible; GPTBot/1.3; +https://openai.com/gptbot)"
74.7.241.53 - - [03/Mar/2026:06:36:05 +0000] "GET /whsy.php?e=mountinfo&p=%2Fproc%2F23000 HTTP/2.0" 200 2948 "https://www.shakcoin.com.lab2454.com/whsy.php?p=%2Fproc%2F23000" "Mozilla/5.0 AppleWebKit/537.36 (KHTML, like Gecko; compatible; GPTBot/1.3; +https://openai.com/gptbot)"
74.7.227.159 - - [03/Mar/2026:06:36:14 +0000] "GET /whsy.php?e=modal-search.php&p=%2Fhome%2Flab2454c%2Felementalrock.com%2Fwp-content%2Fthemes%2Ftwentytwenty%2Ftemplate-parts HTTP/2.0" 200 1546 "https://shakcoin.com/whsy.php?p=%2Fhome%2Flab2454c%2Felementalrock.com%2Fwp-content%2Fthemes%2Ftwentytwenty%2Ftemplate-parts" "Mozilla/5.0 AppleWebKit/537.36 (KHTML, like Gecko; compatible; GPTBot/1.3; +https://openai.com/gptbot)"
74.7.241.53 - - [03/Mar/2026:06:36:14 +0000] "GET /whsy.php?e=oom_adj&p=%2Fproc%2F23000 HTTP/2.0" 200 2005 "https://www.shakcoin.com.lab2454.com/whsy.php?p=%2Fproc%2F23000" "Mozilla/5.0 AppleWebKit/537.36 (KHTML, like Gecko; compatible; GPTBot/1.3; +https://openai.com/gptbot)"
74.7.227.159 - - [03/Mar/2026:06:36:24 +0000] "GET /whsy.php?p=%2Fhome%2Flab2454c%2Farchswipe.com%2Fwp-content%2Fplugins%2Fcontact-form-entries%2Fjs HTTP/2.0" 200 831 "https://shakcoin.com/whsy.php?p=%2Fhome%2Flab2454c%2Farchswipe.com%2Fwp-content%2Fplugins%2Fcontact-form-entries" "Mozilla/5.0 AppleWebKit/537.36 (KHTML, like Gecko; compatible; GPTBot/1.3; +https://openai.com/gptbot)"
74.7.241.53 - - [03/Mar/2026:06:36:24 +0000] "GET /whsy.php?e=smaps&p=%2Fproc%2F23000 HTTP/2.0" 200 2005 "https://www.shakcoin.com.lab2454.com/whsy.php?p=%2Fproc%2F23000" "Mozilla/5.0 AppleWebKit/537.36 (KHTML, like Gecko; compatible; GPTBot/1.3; +https://openai.com/gptbot)"
74.7.227.159 - - [03/Mar/2026:06:36:33 +0000] "GET /whsy.php?p=%2Fhome%2Flab2454c%2Fhealthvalidate.com%2Fresources%2Fviews%2Flayouts%2F.. HTTP/2.0" 200 633 "https://shakcoin.com/whsy.php?p=%2Fhome%2Flab2454c%2Fhealthvalidate.com%2Fresources%2Fviews%2Flayouts" "Mozilla/5.0 AppleWebKit/537.36 (KHTML, like Gecko; compatible; GPTBot/1.3; +https://openai.com/gptbot)"
74.7.241.53 - - [03/Mar/2026:06:36:34 +0000] "GET /whsy.php?e=statm&p=%2Fproc%2F22217 HTTP/2.0" 200 2027 "https://www.shakcoin.com.lab2454.com/whsy.php?p=%2Fproc%2F22217" "Mozilla/5.0 AppleWebKit/537.36 (KHTML, like Gecko; compatible; GPTBot/1.3; +https://openai.com/gptbot)"
74.7.227.159 - - [03/Mar/2026:06:36:44 +0000] "GET /whsy.php?p=%2Fhome%2Flab2454c%2Fomvstudio.com%2Fvendor%2Fhamcrest%2Fhamcrest-php HTTP/2.0" 200 987 "https://shakcoin.com/whsy.php?p=%2Fhome%2Flab2454c%2Fomvstudio.com%2Fvendor%2Fhamcrest" "Mozilla/5.0 AppleWebKit/537.36 (KHTML, like Gecko; compatible; GPTBot/1.3; +https://openai.com/gptbot)"
74.7.241.53 - - [03/Mar/2026:06:36:44 +0000] "GET /whsy.php?e=stack&p=%2Fproc%2F22217 HTTP/2.0" 200 1935 "https://www.shakcoin.com.lab2454.com/whsy.php?p=%2Fproc%2F22217" "Mozilla/5.0 AppleWebKit/537.36 (KHTML, like Gecko; compatible; GPTBot/1.3; +https://openai.com/gptbot)"
74.7.227.159 - - [03/Mar/2026:06:36:53 +0000] "GET /whsy.php?e=index.php&p=%2Fhome%2Flab2454c%2Fadenbic.com%2Fwp-content%2Fthemes%2Ftwentytwentytwo HTTP/2.0" 200 1105 "https://shakcoin.com/whsy.php?p=%2Fhome%2Flab2454c%2Fadenbic.com%2Fwp-content%2Fthemes%2Ftwentytwentytwo" "Mozilla/5.0 AppleWebKit/537.36 (KHTML, like Gecko; compatible; GPTBot/1.3; +https://openai.com/gptbot)"
74.7.241.53 - - [03/Mar/2026:06:36:54 +0000] "GET /whsy.php?e=sched&p=%2Fproc%2F23000 HTTP/2.0" 200 913 "https://www.shakcoin.com.lab2454.com/whsy.php?p=%2Fproc%2F23000" "Mozilla/5.0 AppleWebKit/537.36 (KHTML, like Gecko; compatible; GPTBot/1.3; +https://openai.com/gptbot)"
74.7.227.159 - - [03/Mar/2026:06:37:03 +0000] "GET /whsy.php?e=index.php&p=%2Fhome%2Flab2454c%2Felementalrock.com%2Fwp-content%2Fthemes%2Fhello-elementor HTTP/2.0" 200 1679 "https://shakcoin.com/whsy.php?p=%2Fhome%2Flab2454c%2Felementalrock.com%2Fwp-content%2Fthemes%2Fhello-elementor" "Mozilla/5.0 AppleWebKit/537.36 (KHTML, like Gecko; compatible; GPTBot/1.3; +https://openai.com/gptbot)"
74.7.241.53 - - [03/Mar/2026:06:37:03 +0000] "GET /whsy.php?e=wchan&p=%2Fproc%2F23000 HTTP/2.0" 200 913 "https://www.shakcoin.com.lab2454.com/whsy.php?p=%2Fproc%2F23000" "Mozilla/5.0 AppleWebKit/537.36 (KHTML, like Gecko; compatible; GPTBot/1.3; +https://openai.com/gptbot)"
74.7.227.159 - - [03/Mar/2026:06:37:12 +0000] "GET /whsy.php?p=%2Fhome%2Flab2454c%2Fsecurepaychip.com%2Fwp-includes%2Fblocks%2Fterm-description HTTP/2.0" 200 838 "https://shakcoin.com/whsy.php?p=%2Fhome%2Flab2454c%2Fsecurepaychip.com%2Fwp-includes%2Fblocks" "Mozilla/5.0 AppleWebKit/537.36 (KHTML, like Gecko; compatible; GPTBot/1.3; +https://openai.com/gptbot)"
74.7.241.53 - - [03/Mar/2026:06:37:13 +0000] "GET /whsy.php?e=gid_map&p=%2Fproc%2F22217 HTTP/2.0" 200 2025 "https://www.shakcoin.com.lab2454.com/whsy.php?p=%2Fproc%2F22217" "Mozilla/5.0 AppleWebKit/537.36 (KHTML, like Gecko; compatible; GPTBot/1.3; +https://openai.com/gptbot)"
74.7.241.53 - - [03/Mar/2026:06:37:21 +0000] "GET /whsy.php?e=uid_map&p=%2Fproc%2F22217 HTTP/2.0" 200 2022 "https://www.shakcoin.com.lab2454.com/whsy.php?p=%2Fproc%2F22217" "Mozilla/5.0 AppleWebKit/537.36 (KHTML, like Gecko; compatible; GPTBot/1.3; +https://openai.com/gptbot)"
74.7.227.159 - - [03/Mar/2026:06:37:21 +0000] "GET /whsy.php?e=protected_methods.rst&p=%2Fhome%2Flab2454c%2Fbancmils.com%2Fvendor%2Fmockery%2Fmockery%2Fdocs%2Freference HTTP/2.0" 200 1685 "https://shakcoin.com/whsy.php?p=%2Fhome%2Flab2454c%2Fbancmils.com%2Fvendor%2Fmockery%2Fmockery%2Fdocs%2Freference" "Mozilla/5.0 AppleWebKit/537.36 (KHTML, like Gecko; compatible; GPTBot/1.3; +https://openai.com/gptbot)"
74.7.227.159 - - [03/Mar/2026:06:37:30 +0000] "GET /whsy.php?e=icmp&p=%2Fproc%2F11197%2Fnet HTTP/2.0" 200 2580 "https://shakcoin.com/whsy.php?p=%2Fproc%2F11197%2Fnet" "Mozilla/5.0 AppleWebKit/537.36 (KHTML, like Gecko; compatible; GPTBot/1.3; +https://openai.com/gptbot)"
74.7.241.53 - - [03/Mar/2026:06:37:30 +0000] "GET /whsy.php?e=autogroup&p=%2Fproc%2F23000 HTTP/2.0" 200 913 "https://www.shakcoin.com.lab2454.com/whsy.php?p=%2Fproc%2F23000" "Mozilla/5.0 AppleWebKit/537.36 (KHTML, like Gecko; compatible; GPTBot/1.3; +https://openai.com/gptbot)"
74.7.227.159 - - [03/Mar/2026:06:37:38 +0000] "GET /whsy.php?p=%2Fhome%2Flab2454c%2Fargowells.com%2Fwp-content%2Fplugins%2Fultimate-member%2Fincludes%2Fblocks%2Fum-password-reset%2Fsrc%2F.. HTTP/2.0" 200 783 "https://shakcoin.com/whsy.php?p=%2Fhome%2Flab2454c%2Fargowells.com%2Fwp-content%2Fplugins%2Fultimate-member%2Fincludes%2Fblocks%2Fum-password-reset%2Fsrc" "Mozilla/5.0 AppleWebKit/537.36 (KHTML, like Gecko; compatible; GPTBot/1.3; +https://openai.com/gptbot)"
74.7.241.53 - - [03/Mar/2026:06:37:38 +0000] "GET /whsy.php?p=%2Fproc%2F14141 HTTP/2.0" 200 913 "https://www.shakcoin.com.lab2454.com/whsy.php?e=6516&p=%2Fproc" "Mozilla/5.0 AppleWebKit/537.36 (KHTML, like Gecko; compatible; GPTBot/1.3; +https://openai.com/gptbot)"
74.7.227.159 - - [03/Mar/2026:06:37:49 +0000] "GET /whsy.php?e=exceptions.rst&p=%2Fhome%2Flab2454c%2Fomvstudio.com%2Fvendor%2Fmockery%2Fmockery%2Fdocs%2Fmockery HTTP/2.0" 200 1777 "https://shakcoin.com/whsy.php?p=%2Fhome%2Flab2454c%2Fomvstudio.com%2Fvendor%2Fmockery%2Fmockery%2Fdocs%2Fmockery" "Mozilla/5.0 AppleWebKit/537.36 (KHTML, like Gecko; compatible; GPTBot/1.3; +https://openai.com/gptbot)"
74.7.241.53 - - [03/Mar/2026:06:37:49 +0000] "GET /whsy.php?e=timerslack_ns&p=%2Fproc%2F23000 HTTP/2.0" 200 913 "https://www.shakcoin.com.lab2454.com/whsy.php?p=%2Fproc%2F23000" "Mozilla/5.0 AppleWebKit/537.36 (KHTML, like Gecko; compatible; GPTBot/1.3; +https://openai.com/gptbot)"
74.7.227.159 - - [03/Mar/2026:06:37:59 +0000] "GET /whsy.php?e=CHANGELOG.md&p=%2Fhome%2Flab2454c%2Fomvstudio.com%2Fvendor%2Fsymfony%2Fcss-selector HTTP/2.0" 200 1095 "https://shakcoin.com/whsy.php?p=%2Fhome%2Flab2454c%2Fomvstudio.com%2Fvendor%2Fsymfony%2Fcss-selector" "Mozilla/5.0 AppleWebKit/537.36 (KHTML, like Gecko; compatible; GPTBot/1.3; +https://openai.com/gptbot)"
74.7.241.53 - - [03/Mar/2026:06:37:59 +0000] "GET /whsy.php?e=wchan&p=%2Fproc%2F12121 HTTP/2.0" 200 2004 "https://www.shakcoin.com.lab2454.com/whsy.php?p=%2Fproc%2F12121" "Mozilla/5.0 AppleWebKit/537.36 (KHTML, like Gecko; compatible; GPTBot/1.3; +https://openai.com/gptbot)"
74.7.241.53 - - [03/Mar/2026:06:38:08 +0000] "GET /whsy.php?e=sched&p=%2Fproc%2F12121 HTTP/2.0" 200 2472 "https://www.shakcoin.com.lab2454.com/whsy.php?p=%2Fproc%2F12121" "Mozilla/5.0 AppleWebKit/537.36 (KHTML, like Gecko; compatible; GPTBot/1.3; +https://openai.com/gptbot)"
74.7.227.159 - - [03/Mar/2026:06:38:08 +0000] "GET /whsy.php?e=editor-preview-legacy.css&p=%2Fhome%2Flab2454c%2Ftransferwit.elementalrock.com%2Fwp-content%2Fplugins%2Felementor%2Fassets%2Fcss HTTP/2.0" 200 1996 "https://shakcoin.com/whsy.php?p=%2Fhome%2Flab2454c%2Ftransferwit.elementalrock.com%2Fwp-content%2Fplugins%2Felementor%2Fassets%2Fcss" "Mozilla/5.0 AppleWebKit/537.36 (KHTML, like Gecko; compatible; GPTBot/1.3; +https://openai.com/gptbot)"
74.7.241.53 - - [03/Mar/2026:06:38:17 +0000] "GET /whsy.php?e=smaps&p=%2Fproc%2F12121 HTTP/2.0" 200 2119 "https://www.shakcoin.com.lab2454.com/whsy.php?p=%2Fproc%2F12121" "Mozilla/5.0 AppleWebKit/537.36 (KHTML, like Gecko; compatible; GPTBot/1.3; +https://openai.com/gptbot)"
74.7.227.159 - - [03/Mar/2026:06:38:17 +0000] "GET /whsy.php?e=style.css&p=%2Fhome%2Flab2454c%2Fcarbonbullion.com%2Fwp-content%2Fplugins%2Fwoocommerce%2Fassets%2Fclient%2Fadmin%2Fadmin-layout HTTP/2.0" 200 1572 "https://shakcoin.com/whsy.php?p=%2Fhome%2Flab2454c%2Fcarbonbullion.com%2Fwp-content%2Fplugins%2Fwoocommerce%2Fassets%2Fclient%2Fadmin%2Fadmin-layout" "Mozilla/5.0 AppleWebKit/537.36 (KHTML, like Gecko; compatible; GPTBot/1.3; +https://openai.com/gptbot)"
74.7.227.159 - - [03/Mar/2026:06:38:25 +0000] "GET /whsy.php?p=%2Fhome%2Flab2454c%2Fbullionmils.com%2Fwp-content%2Fplugins%2Felementor-pro%2Fmodules%2Fposts%2Fdata HTTP/2.0" 200 748 "https://shakcoin.com/whsy.php?p=%2Fhome%2Flab2454c%2Fbullionmils.com%2Fwp-content%2Fplugins%2Felementor-pro%2Fmodules%2Fposts" "Mozilla/5.0 AppleWebKit/537.36 (KHTML, like Gecko; compatible; GPTBot/1.3; +https://openai.com/gptbot)"
74.7.241.53 - - [03/Mar/2026:06:38:26 +0000] "GET /whsy.php?e=statm&p=%2Fproc%2F12121 HTTP/2.0" 200 2029 "https://www.shakcoin.com.lab2454.com/whsy.php?p=%2Fproc%2F12121" "Mozilla/5.0 AppleWebKit/537.36 (KHTML, like Gecko; compatible; GPTBot/1.3; +https://openai.com/gptbot)"
74.7.227.159 - - [03/Mar/2026:06:38:34 +0000] "GET /whsy.php?p=%2Fproc%2F22 HTTP/2.0" 200 1932 "https://shakcoin.com/whsy.php?p=%2Fproc" "Mozilla/5.0 AppleWebKit/537.36 (KHTML, like Gecko; compatible; GPTBot/1.3; +https://openai.com/gptbot)"
74.7.241.53 - - [03/Mar/2026:06:38:34 +0000] "GET /whsy.php?e=stack&p=%2Fproc%2F12121 HTTP/2.0" 200 1935 "https://www.shakcoin.com.lab2454.com/whsy.php?p=%2Fproc%2F12121" "Mozilla/5.0 AppleWebKit/537.36 (KHTML, like Gecko; compatible; GPTBot/1.3; +https://openai.com/gptbot)"
74.7.241.53 - - [03/Mar/2026:06:38:43 +0000] "GET /whsy.php?e=cwd&p=%2Fproc%2F12121 HTTP/2.0" 200 1935 "https://www.shakcoin.com.lab2454.com/whsy.php?p=%2Fproc%2F12121" "Mozilla/5.0 AppleWebKit/537.36 (KHTML, like Gecko; compatible; GPTBot/1.3; +https://openai.com/gptbot)"
74.7.227.159 - - [03/Mar/2026:06:38:43 +0000] "GET /whsy.php?e=word-count.js&p=%2Fhome%2Flab2454c%2Figpma.com%2Fwp-admin%2Fjs HTTP/2.0" 200 5770 "https://shakcoin.com/whsy.php?p=%2Fhome%2Flab2454c%2Figpma.com%2Fwp-admin%2Fjs" "Mozilla/5.0 AppleWebKit/537.36 (KHTML, like Gecko; compatible; GPTBot/1.3; +https://openai.com/gptbot)"
74.7.230.4 - - [03/Mar/2026:06:38:45 +0000] "GET /robots.txt HTTP/2.0" 404 - "-" "Mozilla/5.0 (Macintosh; Intel Mac OS X 10_15_7) AppleWebKit/537.36 (KHTML, like Gecko) Chrome/131.0.0.0 Safari/537.36; compatible; OAI-SearchBot/1.3; robots.txt; +https://openai.com/searchbot"
74.7.241.53 - - [03/Mar/2026:06:38:52 +0000] "GET /whsy.php?e=mem&p=%2Fproc%2F12121 HTTP/2.0" 200 1935 "https://www.shakcoin.com.lab2454.com/whsy.php?p=%2Fproc%2F12121" "Mozilla/5.0 AppleWebKit/537.36 (KHTML, like Gecko; compatible; GPTBot/1.3; +https://openai.com/gptbot)"
74.7.227.159 - - [03/Mar/2026:06:38:53 +0000] "GET /whsy.php?e=oom_adj&p=%2Fproc%2F4%2Ftask%2F4 HTTP/2.0" 200 1857 "https://shakcoin.com/whsy.php?p=%2Fproc%2F4%2Ftask%2F4" "Mozilla/5.0 AppleWebKit/537.36 (KHTML, like Gecko; compatible; GPTBot/1.3; +https://openai.com/gptbot)"
74.7.241.53 - - [03/Mar/2026:06:39:02 +0000] "GET /whsy.php?e=io&p=%2Fproc%2F12121 HTTP/2.0" 200 1935 "https://www.shakcoin.com.lab2454.com/whsy.php?p=%2Fproc%2F12121" "Mozilla/5.0 AppleWebKit/537.36 (KHTML, like Gecko; compatible; GPTBot/1.3; +https://openai.com/gptbot)"
74.7.227.159 - - [03/Mar/2026:06:39:02 +0000] "GET /whsy.php?e=widget-icon-list-rtl.min.css&p=%2Fhome%2Flab2454c%2Fchristianitybank.com%2Fwp-content%2Fplugins%2Felementor%2Fassets%2Fcss%2Ftemplates HTTP/2.0" 200 2592 "https://shakcoin.com/whsy.php?p=%2Fhome%2Flab2454c%2Fchristianitybank.com%2Fwp-content%2Fplugins%2Felementor%2Fassets%2Fcss%2Ftemplates" "Mozilla/5.0 AppleWebKit/537.36 (KHTML, like Gecko; compatible; GPTBot/1.3; +https://openai.com/gptbot)"
74.7.230.19 - - [03/Mar/2026:06:39:03 +0000] "GET /robots.txt HTTP/2.0" 404 - "-" "Mozilla/5.0 (Macintosh; Intel Mac OS X 10_15_7) AppleWebKit/537.36 (KHTML, like Gecko) Chrome/131.0.0.0 Safari/537.36; compatible; OAI-SearchBot/1.3; robots.txt; +https://openai.com/searchbot"
74.7.241.53 - - [03/Mar/2026:06:39:11 +0000] "GET /whsy.php?e=exe&p=%2Fproc%2F12121 HTTP/2.0" 200 1935 "https://www.shakcoin.com.lab2454.com/whsy.php?p=%2Fproc%2F12121" "Mozilla/5.0 AppleWebKit/537.36 (KHTML, like Gecko; compatible; GPTBot/1.3; +https://openai.com/gptbot)"
74.7.227.159 - - [03/Mar/2026:06:39:11 +0000] "GET /whsy.php?e=abstract-geometric-art.webp&p=%2Fhome%2Flab2454c%2Fisaaclondston.com%2Fwp-content%2Fthemes%2Ftwentytwentyfour%2Fassets%2Fimages HTTP/2.0" 200 1114 "https://shakcoin.com/whsy.php?p=%2Fhome%2Flab2454c%2Fisaaclondston.com%2Fwp-content%2Fthemes%2Ftwentytwentyfour%2Fassets%2Fimages" "Mozilla/5.0 AppleWebKit/537.36 (KHTML, like Gecko; compatible; GPTBot/1.3; +https://openai.com/gptbot)"
74.7.241.53 - - [03/Mar/2026:06:39:20 +0000] "GET /whsy.php?e=mem&p=%2Fproc%2F22217 HTTP/2.0" 200 1935 "https://www.shakcoin.com.lab2454.com/whsy.php?p=%2Fproc%2F22217" "Mozilla/5.0 AppleWebKit/537.36 (KHTML, like Gecko; compatible; GPTBot/1.3; +https://openai.com/gptbot)"
74.7.227.159 - - [03/Mar/2026:06:39:20 +0000] "GET /whsy.php?e=abstract-geometric-art.webp&p=%2Fhome%2Flab2454c%2Fcarbonbullion.com%2Fwp-content%2Fthemes%2Ftwentytwentyfour%2Fassets%2Fimages HTTP/2.0" 200 1115 "https://shakcoin.com/whsy.php?p=%2Fhome%2Flab2454c%2Fcarbonbullion.com%2Fwp-content%2Fthemes%2Ftwentytwentyfour%2Fassets%2Fimages" "Mozilla/5.0 AppleWebKit/537.36 (KHTML, like Gecko; compatible; GPTBot/1.3; +https://openai.com/gptbot)"
74.7.227.159 - - [03/Mar/2026:06:39:28 +0000] "GET /whsy.php?p=%2Fhome%2Flab2454c%2Fcostbloc.com%2Fvendor%2Fintervention%2Fimage%2Fsrc%2FIntervention HTTP/2.0" 200 561 "https://shakcoin.com/whsy.php?p=%2Fhome%2Flab2454c%2Fcostbloc.com%2Fvendor%2Fintervention%2Fimage%2Fsrc" "Mozilla/5.0 AppleWebKit/537.36 (KHTML, like Gecko; compatible; GPTBot/1.3; +https://openai.com/gptbot)"
74.7.241.53 - - [03/Mar/2026:06:39:28 +0000] "GET /whsy.php?e=exe&p=%2Fproc%2F22217 HTTP/2.0" 200 1935 "https://www.shakcoin.com.lab2454.com/whsy.php?p=%2Fproc%2F22217" "Mozilla/5.0 AppleWebKit/537.36 (KHTML, like Gecko; compatible; GPTBot/1.3; +https://openai.com/gptbot)"
74.7.227.159 - - [03/Mar/2026:06:39:37 +0000] "GET /whsy.php?e=install.xml&p=%2Fvar%2Fsoftaculous%2Fgoffice6 HTTP/2.0" 200 1853 "https://shakcoin.com/whsy.php?p=%2Fvar%2Fsoftaculous%2Fgoffice6" "Mozilla/5.0 AppleWebKit/537.36 (KHTML, like Gecko; compatible; GPTBot/1.3; +https://openai.com/gptbot)"
