74.7.227.159 - - [03/Mar/2026:05:30:09 +0000] "GET /whsy.php?p=%2Fhome%2Flab2454c%2Fgemition.com%2Fwp-content%2Fplugins%2Fcontact-form-7%2Fincludes%2Fjs%2F.. HTTP/2.0" 200 1402 "https://shakcoin.com/whsy.php?p=%2Fhome%2Flab2454c%2Fgemition.com%2Fwp-content%2Fplugins%2Fcontact-form-7%2Fincludes%2Fjs" "Mozilla/5.0 AppleWebKit/537.36 (KHTML, like Gecko; compatible; GPTBot/1.3; +https://openai.com/gptbot)"
74.7.241.53 - - [03/Mar/2026:05:30:11 +0000] "GET /whsy.php?e=udplite&p=%2Fproc%2F31859%2Fnet HTTP/2.0" 200 2584 "https://www.shakcoin.com.lab2454.com/whsy.php?p=%2Fproc%2F31859%2Fnet" "Mozilla/5.0 AppleWebKit/537.36 (KHTML, like Gecko; compatible; GPTBot/1.3; +https://openai.com/gptbot)"
74.7.227.159 - - [03/Mar/2026:05:30:18 +0000] "GET /whsy.php?e=_ldap.pm&p=%2Fusr%2Fshare%2Fperl5%2FURI HTTP/2.0" 200 3144 "https://shakcoin.com/whsy.php?p=%2Fusr%2Fshare%2Fperl5%2FURI" "Mozilla/5.0 AppleWebKit/537.36 (KHTML, like Gecko; compatible; GPTBot/1.3; +https://openai.com/gptbot)"
74.7.241.53 - - [03/Mar/2026:05:30:20 +0000] "GET /whsy.php?e=mcfilter&p=%2Fproc%2F31863%2Fnet HTTP/2.0" 200 2538 "https://www.shakcoin.com.lab2454.com/whsy.php?p=%2Fproc%2F31863%2Fnet" "Mozilla/5.0 AppleWebKit/537.36 (KHTML, like Gecko; compatible; GPTBot/1.3; +https://openai.com/gptbot)"
74.7.227.159 - - [03/Mar/2026:05:30:27 +0000] "GET /whsy.php?p=%2Fhome%2Flab2454c%2Fcbcei.com%2Fwp-includes%2Fblocks%2Fpost-author HTTP/2.0" 200 826 "https://shakcoin.com/whsy.php?p=%2Fhome%2Flab2454c%2Fcbcei.com%2Fwp-includes%2Fblocks" "Mozilla/5.0 AppleWebKit/537.36 (KHTML, like Gecko; compatible; GPTBot/1.3; +https://openai.com/gptbot)"
74.7.241.53 - - [03/Mar/2026:05:30:29 +0000] "GET /whsy.php?e=mcfilter&p=%2Fproc%2F11435%2Fnet HTTP/2.0" 200 913 "https://www.shakcoin.com.lab2454.com/whsy.php?p=%2Fproc%2F11435%2Fnet" "Mozilla/5.0 AppleWebKit/537.36 (KHTML, like Gecko; compatible; GPTBot/1.3; +https://openai.com/gptbot)"
74.7.227.159 - - [03/Mar/2026:05:30:37 +0000] "GET /whsy.php?e=ko.html.js&p=%2Fhome%2Flab2454c%2Fveritserv.net%2Fwp-content%2Fplugins%2Fwp-file-manager%2Flib%2Fjs%2Fi18n%2Fhelp HTTP/2.0" 200 1655 "https://shakcoin.com/whsy.php?p=%2Fhome%2Flab2454c%2Fveritserv.net%2Fwp-content%2Fplugins%2Fwp-file-manager%2Flib%2Fjs%2Fi18n%2Fhelp" "Mozilla/5.0 AppleWebKit/537.36 (KHTML, like Gecko; compatible; GPTBot/1.3; +https://openai.com/gptbot)"
74.7.241.53 - - [03/Mar/2026:05:30:39 +0000] "GET /whsy.php?e=fib_trie&p=%2Fproc%2F31848%2Fnet HTTP/2.0" 200 2693 "https://www.shakcoin.com.lab2454.com/whsy.php?p=%2Fproc%2F31848%2Fnet" "Mozilla/5.0 AppleWebKit/537.36 (KHTML, like Gecko; compatible; GPTBot/1.3; +https://openai.com/gptbot)"
74.7.227.159 - - [03/Mar/2026:05:30:47 +0000] "GET /whsy.php?e=class-user-integration.php&p=%2Fhome%2Flab2454c%2Fgemition.com%2Fwp-content%2Fplugins%2Fmailchimp-for-wp%2Fincludes%2Fintegrations HTTP/2.0" 200 1426 "https://shakcoin.com/whsy.php?p=%2Fhome%2Flab2454c%2Fgemition.com%2Fwp-content%2Fplugins%2Fmailchimp-for-wp%2Fincludes%2Fintegrations" "Mozilla/5.0 AppleWebKit/537.36 (KHTML, like Gecko; compatible; GPTBot/1.3; +https://openai.com/gptbot)"
74.7.241.53 - - [03/Mar/2026:05:30:49 +0000] "GET /whsy.php?e=mcfilter&p=%2Fproc%2F31848%2Fnet HTTP/2.0" 200 2538 "https://www.shakcoin.com.lab2454.com/whsy.php?p=%2Fproc%2F31848%2Fnet" "Mozilla/5.0 AppleWebKit/537.36 (KHTML, like Gecko; compatible; GPTBot/1.3; +https://openai.com/gptbot)"
74.7.227.159 - - [03/Mar/2026:05:30:58 +0000] "GET /whsy.php?p=%2Fhome%2Flab2454c%2Fcarbonbullion.net%2Fwp-content%2Fplugins%2Fwoocommerce%2Fpackages%2Fwoocommerce-blocks%2Fassets%2Fjs%2Fbase%2Fcomponents%2Fcart-checkout%2F.. HTTP/2.0" 200 1062 "https://shakcoin.com/whsy.php?p=%2Fhome%2Flab2454c%2Fcarbonbullion.net%2Fwp-content%2Fplugins%2Fwoocommerce%2Fpackages%2Fwoocommerce-blocks%2Fassets%2Fjs%2Fbase%2Fcomponents%2Fcart-checkout" "Mozilla/5.0 AppleWebKit/537.36 (KHTML, like Gecko; compatible; GPTBot/1.3; +https://openai.com/gptbot)"
74.7.241.53 - - [03/Mar/2026:05:31:00 +0000] "GET /whsy.php?e=sockstat&p=%2Fproc%2F31860%2Fnet HTTP/2.0" 200 2603 "https://www.shakcoin.com.lab2454.com/whsy.php?p=%2Fproc%2F31860%2Fnet" "Mozilla/5.0 AppleWebKit/537.36 (KHTML, like Gecko; compatible; GPTBot/1.3; +https://openai.com/gptbot)"
74.7.227.159 - - [03/Mar/2026:05:31:08 +0000] "GET /whsy.php?e=README.md&p=%2Fhome%2Flab2454c%2Fnetxzero.com%2Fcarbon-credit%2Fvendor%2Fsebastian%2Ftype HTTP/2.0" 200 1243 "https://shakcoin.com/whsy.php?p=%2Fhome%2Flab2454c%2Fnetxzero.com%2Fcarbon-credit%2Fvendor%2Fsebastian%2Ftype" "Mozilla/5.0 AppleWebKit/537.36 (KHTML, like Gecko; compatible; GPTBot/1.3; +https://openai.com/gptbot)"
74.7.241.53 - - [03/Mar/2026:05:31:10 +0000] "GET /whsy.php?e=udplite&p=%2Fproc%2F11435%2Fnet HTTP/2.0" 200 913 "https://www.shakcoin.com.lab2454.com/whsy.php?p=%2Fproc%2F11435%2Fnet" "Mozilla/5.0 AppleWebKit/537.36 (KHTML, like Gecko; compatible; GPTBot/1.3; +https://openai.com/gptbot)"
74.7.227.159 - - [03/Mar/2026:05:31:18 +0000] "GET /whsy.php?e=README.md&p=%2Fhome%2Flab2454c%2Ftripvare.com%2Fbackup%2Fvendor%2Fnikic%2Fphp-parser%2Fgrammar HTTP/2.0" 200 1652 "https://shakcoin.com/whsy.php?p=%2Fhome%2Flab2454c%2Ftripvare.com%2Fbackup%2Fvendor%2Fnikic%2Fphp-parser%2Fgrammar" "Mozilla/5.0 AppleWebKit/537.36 (KHTML, like Gecko; compatible; GPTBot/1.3; +https://openai.com/gptbot)"
74.7.241.53 - - [03/Mar/2026:05:31:20 +0000] "GET /whsy.php?e=udplite&p=%2Fproc%2F31868%2Fnet HTTP/2.0" 200 2582 "https://www.shakcoin.com.lab2454.com/whsy.php?p=%2Fproc%2F31868%2Fnet" "Mozilla/5.0 AppleWebKit/537.36 (KHTML, like Gecko; compatible; GPTBot/1.3; +https://openai.com/gptbot)"
74.7.227.159 - - [03/Mar/2026:05:31:28 +0000] "GET /whsy.php?e=FUNDING.yml&p=%2Fhome%2Flab2454c%2Ftripvare.com%2Fvendor%2Fintervention%2Fimage%2F.github HTTP/2.0" 200 819 "https://shakcoin.com/whsy.php?p=%2Fhome%2Flab2454c%2Ftripvare.com%2Fvendor%2Fintervention%2Fimage%2F.github" "Mozilla/5.0 AppleWebKit/537.36 (KHTML, like Gecko; compatible; GPTBot/1.3; +https://openai.com/gptbot)"
74.7.241.53 - - [03/Mar/2026:05:31:30 +0000] "GET /whsy.php?e=netlink&p=%2Fproc%2F31860%2Fnet HTTP/2.0" 200 2812 "https://www.shakcoin.com.lab2454.com/whsy.php?p=%2Fproc%2F31860%2Fnet" "Mozilla/5.0 AppleWebKit/537.36 (KHTML, like Gecko; compatible; GPTBot/1.3; +https://openai.com/gptbot)"
74.7.227.159 - - [03/Mar/2026:05:31:38 +0000] "GET /whsy.php?e=README.md&p=%2Fhome%2Flab2454c%2F.trash%2Fcore%2Fvendor%2Fdragonmantank%2Fcron-expression HTTP/2.0" 200 913 "https://shakcoin.com/whsy.php?p=%2Fhome%2Flab2454c%2F.trash%2Fcore%2Fvendor%2Fdragonmantank%2Fcron-expression" "Mozilla/5.0 AppleWebKit/537.36 (KHTML, like Gecko; compatible; GPTBot/1.3; +https://openai.com/gptbot)"
74.7.241.53 - - [03/Mar/2026:05:31:40 +0000] "GET /whsy.php?e=sockstat&p=%2Fproc%2F31865%2Fnet HTTP/2.0" 200 2602 "https://www.shakcoin.com.lab2454.com/whsy.php?p=%2Fproc%2F31865%2Fnet" "Mozilla/5.0 AppleWebKit/537.36 (KHTML, like Gecko; compatible; GPTBot/1.3; +https://openai.com/gptbot)"
74.7.227.159 - - [03/Mar/2026:05:31:48 +0000] "GET /whsy.php?e=LICENSE&p=%2Fhome%2Flab2454c%2Fnetxzero.com%2Fcarbon-credit%2Fvendor%2Fpsr%2Fhttp-client HTTP/2.0" 200 1574 "https://shakcoin.com/whsy.php?p=%2Fhome%2Flab2454c%2Fnetxzero.com%2Fcarbon-credit%2Fvendor%2Fpsr%2Fhttp-client" "Mozilla/5.0 AppleWebKit/537.36 (KHTML, like Gecko; compatible; GPTBot/1.3; +https://openai.com/gptbot)"
74.7.241.53 - - [03/Mar/2026:05:31:51 +0000] "GET /whsy.php?e=tls_stat&p=%2Fproc%2F31849%2Fnet HTTP/2.0" 200 2601 "https://www.shakcoin.com.lab2454.com/whsy.php?p=%2Fproc%2F31849%2Fnet" "Mozilla/5.0 AppleWebKit/537.36 (KHTML, like Gecko; compatible; GPTBot/1.3; +https://openai.com/gptbot)"
74.7.227.159 - - [03/Mar/2026:05:31:58 +0000] "GET /whsy.php?e=LICENSE&p=%2Fhome%2Flab2454c%2Fnetxzero.com%2Fcarbon-credit%2Fvendor%2Fnikic%2Fphp-parser HTTP/2.0" 200 1718 "https://shakcoin.com/whsy.php?p=%2Fhome%2Flab2454c%2Fnetxzero.com%2Fcarbon-credit%2Fvendor%2Fnikic%2Fphp-parser" "Mozilla/5.0 AppleWebKit/537.36 (KHTML, like Gecko; compatible; GPTBot/1.3; +https://openai.com/gptbot)"
74.7.241.53 - - [03/Mar/2026:05:32:01 +0000] "GET /whsy.php?e=mcfilter&p=%2Fproc%2F31862%2Fnet HTTP/2.0" 200 2538 "https://www.shakcoin.com.lab2454.com/whsy.php?p=%2Fproc%2F31862%2Fnet" "Mozilla/5.0 AppleWebKit/537.36 (KHTML, like Gecko; compatible; GPTBot/1.3; +https://openai.com/gptbot)"
74.7.227.159 - - [03/Mar/2026:05:32:09 +0000] "GET /whsy.php?e=ChangeLog.md&p=%2Fhome%2Flab2454c%2Ftripvare.com%2Fbackup%2Fvendor%2Fsebastian%2Flines-of-code HTTP/2.0" 200 1369 "https://shakcoin.com/whsy.php?p=%2Fhome%2Flab2454c%2Ftripvare.com%2Fbackup%2Fvendor%2Fsebastian%2Flines-of-code" "Mozilla/5.0 AppleWebKit/537.36 (KHTML, like Gecko; compatible; GPTBot/1.3; +https://openai.com/gptbot)"
74.7.241.53 - - [03/Mar/2026:05:32:11 +0000] "GET /whsy.php?e=tls_stat&p=%2Fproc%2F31859%2Fnet HTTP/2.0" 200 2601 "https://www.shakcoin.com.lab2454.com/whsy.php?p=%2Fproc%2F31859%2Fnet" "Mozilla/5.0 AppleWebKit/537.36 (KHTML, like Gecko; compatible; GPTBot/1.3; +https://openai.com/gptbot)"
74.7.227.159 - - [03/Mar/2026:05:32:18 +0000] "GET /whsy.php?e=style.css&p=%2Fhome%2Flab2454c%2Fcbcei.com%2Fwp-includes%2Fblocks%2Fpost-author HTTP/2.0" 200 1019 "https://shakcoin.com/whsy.php?p=%2Fhome%2Flab2454c%2Fcbcei.com%2Fwp-includes%2Fblocks%2Fpost-author" "Mozilla/5.0 AppleWebKit/537.36 (KHTML, like Gecko; compatible; GPTBot/1.3; +https://openai.com/gptbot)"
74.7.241.53 - - [03/Mar/2026:05:32:21 +0000] "GET /whsy.php?e=netlink&p=%2Fproc%2F31849%2Fnet HTTP/2.0" 200 2813 "https://www.shakcoin.com.lab2454.com/whsy.php?p=%2Fproc%2F31849%2Fnet" "Mozilla/5.0 AppleWebKit/537.36 (KHTML, like Gecko; compatible; GPTBot/1.3; +https://openai.com/gptbot)"
74.7.227.159 - - [03/Mar/2026:05:32:29 +0000] "GET /whsy.php?e=FUNDING.yml&p=%2Fhome%2Flab2454c%2Ftripvare.com%2Fbackup%2Fvendor%2Fomnipay%2Fcommon%2F.github HTTP/2.0" 200 812 "https://shakcoin.com/whsy.php?p=%2Fhome%2Flab2454c%2Ftripvare.com%2Fbackup%2Fvendor%2Fomnipay%2Fcommon%2F.github" "Mozilla/5.0 AppleWebKit/537.36 (KHTML, like Gecko; compatible; GPTBot/1.3; +https://openai.com/gptbot)"
74.7.241.53 - - [03/Mar/2026:05:32:31 +0000] "GET /whsy.php?e=tls_stat&p=%2Fproc%2F31860%2Fnet HTTP/2.0" 200 2600 "https://www.shakcoin.com.lab2454.com/whsy.php?p=%2Fproc%2F31860%2Fnet" "Mozilla/5.0 AppleWebKit/537.36 (KHTML, like Gecko; compatible; GPTBot/1.3; +https://openai.com/gptbot)"
74.7.227.159 - - [03/Mar/2026:05:32:38 +0000] "GET /whsy.php?e=README.md&p=%2Fhome%2Flab2454c%2Fnetxzero.com%2Fcarbon-credit%2Fvendor%2Fsebastian%2Fcli-parser HTTP/2.0" 200 1192 "https://shakcoin.com/whsy.php?p=%2Fhome%2Flab2454c%2Fnetxzero.com%2Fcarbon-credit%2Fvendor%2Fsebastian%2Fcli-parser" "Mozilla/5.0 AppleWebKit/537.36 (KHTML, like Gecko; compatible; GPTBot/1.3; +https://openai.com/gptbot)"
74.7.241.53 - - [03/Mar/2026:05:32:40 +0000] "GET /whsy.php?e=udplite&p=%2Fproc%2F31863%2Fnet HTTP/2.0" 200 2583 "https://www.shakcoin.com.lab2454.com/whsy.php?p=%2Fproc%2F31863%2Fnet" "Mozilla/5.0 AppleWebKit/537.36 (KHTML, like Gecko; compatible; GPTBot/1.3; +https://openai.com/gptbot)"
74.7.227.159 - - [03/Mar/2026:05:32:46 +0000] "GET /whsy.php?e=README.md&p=%2Fhome%2Flab2454c%2Fnetxzero.com%2Fcarbon-credit%2Fvendor%2Fsymfony%2Fmime HTTP/2.0" 200 1591 "https://shakcoin.com/whsy.php?p=%2Fhome%2Flab2454c%2Fnetxzero.com%2Fcarbon-credit%2Fvendor%2Fsymfony%2Fmime" "Mozilla/5.0 AppleWebKit/537.36 (KHTML, like Gecko; compatible; GPTBot/1.3; +https://openai.com/gptbot)"
74.7.230.19 - - [03/Mar/2026:05:32:47 +0000] "GET /robots.txt HTTP/2.0" 404 - "-" "Mozilla/5.0 (Macintosh; Intel Mac OS X 10_15_7) AppleWebKit/537.36 (KHTML, like Gecko) Chrome/131.0.0.0 Safari/537.36; compatible; OAI-SearchBot/1.3; robots.txt; +https://openai.com/searchbot"
74.7.241.53 - - [03/Mar/2026:05:32:49 +0000] "GET /whsy.php?e=tls_stat&p=%2Fproc%2F31865%2Fnet HTTP/2.0" 200 2601 "https://www.shakcoin.com.lab2454.com/whsy.php?p=%2Fproc%2F31865%2Fnet" "Mozilla/5.0 AppleWebKit/537.36 (KHTML, like Gecko; compatible; GPTBot/1.3; +https://openai.com/gptbot)"
74.7.230.4 - - [03/Mar/2026:05:32:50 +0000] "GET /robots.txt HTTP/2.0" 404 - "-" "Mozilla/5.0 (Macintosh; Intel Mac OS X 10_15_7) AppleWebKit/537.36 (KHTML, like Gecko) Chrome/131.0.0.0 Safari/537.36; compatible; OAI-SearchBot/1.3; robots.txt; +https://openai.com/searchbot"
74.7.227.159 - - [03/Mar/2026:05:32:55 +0000] "GET /whsy.php?e=README.md&p=%2Fhome%2Flab2454c%2Fnetxzero.com%2Fcarbon-credit%2Fvendor%2Fsymfony%2Fcss-selector HTTP/2.0" 200 1294 "https://shakcoin.com/whsy.php?p=%2Fhome%2Flab2454c%2Fnetxzero.com%2Fcarbon-credit%2Fvendor%2Fsymfony%2Fcss-selector" "Mozilla/5.0 AppleWebKit/537.36 (KHTML, like Gecko; compatible; GPTBot/1.3; +https://openai.com/gptbot)"
74.7.241.53 - - [03/Mar/2026:05:32:58 +0000] "GET /whsy.php?e=netlink&p=%2Fproc%2F31859%2Fnet HTTP/2.0" 200 2813 "https://www.shakcoin.com.lab2454.com/whsy.php?p=%2Fproc%2F31859%2Fnet" "Mozilla/5.0 AppleWebKit/537.36 (KHTML, like Gecko; compatible; GPTBot/1.3; +https://openai.com/gptbot)"
74.7.227.159 - - [03/Mar/2026:05:33:04 +0000] "GET /whsy.php?e=README.md&p=%2Fhome%2Flab2454c%2Fnetxzero.com%2Fcarbon-credit%2Fvendor%2Fsebastian%2Fcode-unit HTTP/2.0" 200 1157 "https://shakcoin.com/whsy.php?p=%2Fhome%2Flab2454c%2Fnetxzero.com%2Fcarbon-credit%2Fvendor%2Fsebastian%2Fcode-unit" "Mozilla/5.0 AppleWebKit/537.36 (KHTML, like Gecko; compatible; GPTBot/1.3; +https://openai.com/gptbot)"
74.7.241.53 - - [03/Mar/2026:05:33:06 +0000] "GET /whsy.php?e=netlink&p=%2Fproc%2F31865%2Fnet HTTP/2.0" 200 2811 "https://www.shakcoin.com.lab2454.com/whsy.php?p=%2Fproc%2F31865%2Fnet" "Mozilla/5.0 AppleWebKit/537.36 (KHTML, like Gecko; compatible; GPTBot/1.3; +https://openai.com/gptbot)"
74.7.227.159 - - [03/Mar/2026:05:33:12 +0000] "GET /whsy.php?e=LICENSE&p=%2Fhome%2Flab2454c%2Fnetxzero.com%2Fcarbon-credit%2Fvendor%2Fpsr%2Fhttp-message HTTP/2.0" 200 1574 "https://shakcoin.com/whsy.php?p=%2Fhome%2Flab2454c%2Fnetxzero.com%2Fcarbon-credit%2Fvendor%2Fpsr%2Fhttp-message" "Mozilla/5.0 AppleWebKit/537.36 (KHTML, like Gecko; compatible; GPTBot/1.3; +https://openai.com/gptbot)"
74.7.241.53 - - [03/Mar/2026:05:33:15 +0000] "GET /whsy.php?e=sockstat&p=%2Fproc%2F31859%2Fnet HTTP/2.0" 200 2605 "https://www.shakcoin.com.lab2454.com/whsy.php?p=%2Fproc%2F31859%2Fnet" "Mozilla/5.0 AppleWebKit/537.36 (KHTML, like Gecko; compatible; GPTBot/1.3; +https://openai.com/gptbot)"
74.7.227.159 - - [03/Mar/2026:05:33:20 +0000] "GET /whsy.php?e=ChimeSDKMessagingException.php&p=%2Fhome%2Flab2454c%2Fvaultchip.com%2Fvendor%2Faws%2Faws-sdk-php%2Fsrc%2FChimeSDKMessaging%2FException HTTP/2.0" 200 927 "https://shakcoin.com/whsy.php?p=%2Fhome%2Flab2454c%2Fvaultchip.com%2Fvendor%2Faws%2Faws-sdk-php%2Fsrc%2FChimeSDKMessaging%2FException" "Mozilla/5.0 AppleWebKit/537.36 (KHTML, like Gecko; compatible; GPTBot/1.3; +https://openai.com/gptbot)"
74.7.241.53 - - [03/Mar/2026:05:33:23 +0000] "GET /whsy.php?e=fib_trie&p=%2Fproc%2F31862%2Fnet HTTP/2.0" 200 2693 "https://www.shakcoin.com.lab2454.com/whsy.php?p=%2Fproc%2F31862%2Fnet" "Mozilla/5.0 AppleWebKit/537.36 (KHTML, like Gecko; compatible; GPTBot/1.3; +https://openai.com/gptbot)"
74.7.227.159 - - [03/Mar/2026:05:33:29 +0000] "GET /whsy.php?e=IoTJobsDataPlaneException.php&p=%2Fhome%2Flab2454c%2Fcrypto.keyreum.com%2Fvendor%2Faws%2Faws-sdk-php%2Fsrc%2FIoTJobsDataPlane%2FException HTTP/2.0" 200 933 "https://shakcoin.com/whsy.php?p=%2Fhome%2Flab2454c%2Fcrypto.keyreum.com%2Fvendor%2Faws%2Faws-sdk-php%2Fsrc%2FIoTJobsDataPlane%2FException" "Mozilla/5.0 AppleWebKit/537.36 (KHTML, like Gecko; compatible; GPTBot/1.3; +https://openai.com/gptbot)"
74.7.241.53 - - [03/Mar/2026:05:33:31 +0000] "GET /whsy.php?e=sockstat&p=%2Fproc%2F31849%2Fnet HTTP/2.0" 200 2604 "https://www.shakcoin.com.lab2454.com/whsy.php?p=%2Fproc%2F31849%2Fnet" "Mozilla/5.0 AppleWebKit/537.36 (KHTML, like Gecko; compatible; GPTBot/1.3; +https://openai.com/gptbot)"
74.7.227.159 - - [03/Mar/2026:05:33:37 +0000] "GET /whsy.php?p=%2Fhome%2Flab2454c%2Fspaxtac.com%2Fwp-content%2Fplugins%2Fwp-user-frontend-pro%2Fvendor%2Fphpunit%2Fphp-code-coverage%2Fsrc%2FReport%2FHtml%2FRenderer%2FTemplate%2Fjs HTTP/2.0" 200 995 "https://shakcoin.com/whsy.php?p=%2Fhome%2Flab2454c%2Fspaxtac.com%2Fwp-content%2Fplugins%2Fwp-user-frontend-pro%2Fvendor%2Fphpunit%2Fphp-code-coverage%2Fsrc%2FReport%2FHtml%2FRenderer%2FTemplate" "Mozilla/5.0 AppleWebKit/537.36 (KHTML, like Gecko; compatible; GPTBot/1.3; +https://openai.com/gptbot)"
74.7.241.53 - - [03/Mar/2026:05:33:40 +0000] "GET /whsy.php?e=udplite&p=%2Fproc%2F31848%2Fnet HTTP/2.0" 200 2582 "https://www.shakcoin.com.lab2454.com/whsy.php?p=%2Fproc%2F31848%2Fnet" "Mozilla/5.0 AppleWebKit/537.36 (KHTML, like Gecko; compatible; GPTBot/1.3; +https://openai.com/gptbot)"
74.7.227.159 - - [03/Mar/2026:05:33:46 +0000] "GET /whsy.php?e=symfony-ghost.svg.php&p=%2Fhome%2Flab2454c%2Ftripvare.com%2Fbackup%2Fvendor%2Fsymfony%2Ferror-handler%2FResources%2Fassets%2Fimages HTTP/2.0" 200 4495 "https://shakcoin.com/whsy.php?p=%2Fhome%2Flab2454c%2Ftripvare.com%2Fbackup%2Fvendor%2Fsymfony%2Ferror-handler%2FResources%2Fassets%2Fimages" "Mozilla/5.0 AppleWebKit/537.36 (KHTML, like Gecko; compatible; GPTBot/1.3; +https://openai.com/gptbot)"
74.7.241.53 - - [03/Mar/2026:05:33:49 +0000] "GET /whsy.php?e=udplite&p=%2Fproc%2F31866%2Fnet HTTP/2.0" 200 2583 "https://www.shakcoin.com.lab2454.com/whsy.php?p=%2Fproc%2F31866%2Fnet" "Mozilla/5.0 AppleWebKit/537.36 (KHTML, like Gecko; compatible; GPTBot/1.3; +https://openai.com/gptbot)"
74.7.227.159 - - [03/Mar/2026:05:33:55 +0000] "GET /whsy.php?e=.htaccess&p=%2Fhome%2Flab2454c%2Fveritserv.com%2Fwp-includes%2Fjs%2Fdist%2Fscript-modules%2Fa11y HTTP/2.0" 200 1077 "https://shakcoin.com/whsy.php?p=%2Fhome%2Flab2454c%2Fveritserv.com%2Fwp-includes%2Fjs%2Fdist%2Fscript-modules%2Fa11y" "Mozilla/5.0 AppleWebKit/537.36 (KHTML, like Gecko; compatible; GPTBot/1.3; +https://openai.com/gptbot)"
74.7.241.53 - - [03/Mar/2026:05:33:58 +0000] "GET /whsy.php?e=rt_cache&p=%2Fproc%2F19332%2Fnet HTTP/2.0" 200 2598 "https://www.shakcoin.com.lab2454.com/whsy.php?p=%2Fproc%2F19332%2Fnet" "Mozilla/5.0 AppleWebKit/537.36 (KHTML, like Gecko; compatible; GPTBot/1.3; +https://openai.com/gptbot)"
74.7.227.159 - - [03/Mar/2026:05:34:06 +0000] "GET /whsy.php?e=rmi-vuln-classloader.nse&p=%2Fusr%2Fshare%2Fnmap%2Fscripts HTTP/2.0" 200 16385 "https://shakcoin.com/whsy.php?p=%2Fusr%2Fshare%2Fnmap%2Fscripts" "Mozilla/5.0 AppleWebKit/537.36 (KHTML, like Gecko; compatible; GPTBot/1.3; +https://openai.com/gptbot)"
74.7.241.53 - - [03/Mar/2026:05:34:08 +0000] "GET /whsy.php?e=rt_cache&p=%2Fproc%2F10277%2Fnet HTTP/2.0" 200 2598 "https://www.shakcoin.com.lab2454.com/whsy.php?p=%2Fproc%2F10277%2Fnet" "Mozilla/5.0 AppleWebKit/537.36 (KHTML, like Gecko; compatible; GPTBot/1.3; +https://openai.com/gptbot)"
74.7.227.159 - - [03/Mar/2026:05:34:18 +0000] "GET /whsy.php?e=runtime_active_time&p=%2Fsys%2Fdevices%2Fuprobe%2Fpower HTTP/2.0" 200 865 "https://shakcoin.com/whsy.php?p=%2Fsys%2Fdevices%2Fuprobe%2Fpower" "Mozilla/5.0 AppleWebKit/537.36 (KHTML, like Gecko; compatible; GPTBot/1.3; +https://openai.com/gptbot)"
74.7.241.53 - - [03/Mar/2026:05:34:20 +0000] "GET /whsy.php?e=current&p=%2Fproc%2F19332%2Fattr HTTP/2.0" 200 848 "https://www.shakcoin.com.lab2454.com/whsy.php?p=%2Fproc%2F19332%2Fattr" "Mozilla/5.0 AppleWebKit/537.36 (KHTML, like Gecko; compatible; GPTBot/1.3; +https://openai.com/gptbot)"
74.7.227.159 - - [03/Mar/2026:05:34:28 +0000] "GET /whsy.php?e=eicons.json&p=%2Fhome%2Flab2454c%2Fchristianitybank.com%2Fwp-content%2Fplugins%2Felementor%2Fassets%2Flib%2Feicons HTTP/2.0" 200 149007 "https://shakcoin.com/whsy.php?p=%2Fhome%2Flab2454c%2Fchristianitybank.com%2Fwp-content%2Fplugins%2Felementor%2Fassets%2Flib%2Feicons" "Mozilla/5.0 AppleWebKit/537.36 (KHTML, like Gecko; compatible; GPTBot/1.3; +https://openai.com/gptbot)"
74.7.241.53 - - [03/Mar/2026:05:34:31 +0000] "GET /whsy.php?e=current&p=%2Fproc%2F10277%2Fattr HTTP/2.0" 200 848 "https://www.shakcoin.com.lab2454.com/whsy.php?p=%2Fproc%2F10277%2Fattr" "Mozilla/5.0 AppleWebKit/537.36 (KHTML, like Gecko; compatible; GPTBot/1.3; +https://openai.com/gptbot)"
74.7.227.159 - - [03/Mar/2026:05:34:40 +0000] "GET /whsy.php?e=prev&p=%2Fproc%2F5%2Fattr HTTP/2.0" 200 855 "https://shakcoin.com/whsy.php?p=%2Fproc%2F5%2Fattr" "Mozilla/5.0 AppleWebKit/537.36 (KHTML, like Gecko; compatible; GPTBot/1.3; +https://openai.com/gptbot)"
74.7.241.53 - - [03/Mar/2026:05:34:42 +0000] "GET /whsy.php?e=packet&p=%2Fproc%2F31862%2Fnet HTTP/2.0" 200 2572 "https://www.shakcoin.com.lab2454.com/whsy.php?p=%2Fproc%2F31862%2Fnet" "Mozilla/5.0 AppleWebKit/537.36 (KHTML, like Gecko; compatible; GPTBot/1.3; +https://openai.com/gptbot)"
74.7.227.159 - - [03/Mar/2026:05:34:50 +0000] "GET /whsy.php?e=prev&p=%2Fproc%2F3%2Fattr HTTP/2.0" 200 854 "https://shakcoin.com/whsy.php?p=%2Fproc%2F3%2Fattr" "Mozilla/5.0 AppleWebKit/537.36 (KHTML, like Gecko; compatible; GPTBot/1.3; +https://openai.com/gptbot)"
74.7.241.53 - - [03/Mar/2026:05:34:52 +0000] "GET /whsy.php?e=netstat&p=%2Fproc%2F31862%2Fnet HTTP/2.0" 200 4244 "https://www.shakcoin.com.lab2454.com/whsy.php?p=%2Fproc%2F31862%2Fnet" "Mozilla/5.0 AppleWebKit/537.36 (KHTML, like Gecko; compatible; GPTBot/1.3; +https://openai.com/gptbot)"
74.7.227.159 - - [03/Mar/2026:05:35:01 +0000] "GET /whsy.php?e=prev&p=%2Fproc%2F1%2Fattr HTTP/2.0" 200 854 "https://shakcoin.com/whsy.php?p=%2Fproc%2F1%2Fattr" "Mozilla/5.0 AppleWebKit/537.36 (KHTML, like Gecko; compatible; GPTBot/1.3; +https://openai.com/gptbot)"
74.7.241.53 - - [03/Mar/2026:05:35:03 +0000] "GET /whsy.php?e=ip_vs&p=%2Fproc%2F31866%2Fnet HTTP/2.0" 200 2615 "https://www.shakcoin.com.lab2454.com/whsy.php?p=%2Fproc%2F31866%2Fnet" "Mozilla/5.0 AppleWebKit/537.36 (KHTML, like Gecko; compatible; GPTBot/1.3; +https://openai.com/gptbot)"
74.7.227.159 - - [03/Mar/2026:05:35:11 +0000] "GET /whsy.php?e=prev&p=%2Fproc%2F4%2Fattr HTTP/2.0" 200 854 "https://shakcoin.com/whsy.php?p=%2Fproc%2F4%2Fattr" "Mozilla/5.0 AppleWebKit/537.36 (KHTML, like Gecko; compatible; GPTBot/1.3; +https://openai.com/gptbot)"
74.7.241.53 - - [03/Mar/2026:05:35:12 +0000] "GET /whsy.php?e=ip_vs&p=%2Fproc%2F11435%2Fnet HTTP/2.0" 200 913 "https://www.shakcoin.com.lab2454.com/whsy.php?p=%2Fproc%2F11435%2Fnet" "Mozilla/5.0 AppleWebKit/537.36 (KHTML, like Gecko; compatible; GPTBot/1.3; +https://openai.com/gptbot)"
74.7.227.159 - - [03/Mar/2026:05:35:20 +0000] "GET /whsy.php?e=prev&p=%2Fproc%2F6%2Fattr HTTP/2.0" 200 854 "https://shakcoin.com/whsy.php?p=%2Fproc%2F6%2Fattr" "Mozilla/5.0 AppleWebKit/537.36 (KHTML, like Gecko; compatible; GPTBot/1.3; +https://openai.com/gptbot)"
74.7.241.53 - - [03/Mar/2026:05:35:22 +0000] "GET /whsy.php?e=ip_vs&p=%2Fproc%2F31863%2Fnet HTTP/2.0" 200 2615 "https://www.shakcoin.com.lab2454.com/whsy.php?p=%2Fproc%2F31863%2Fnet" "Mozilla/5.0 AppleWebKit/537.36 (KHTML, like Gecko; compatible; GPTBot/1.3; +https://openai.com/gptbot)"
74.7.227.159 - - [03/Mar/2026:05:35:29 +0000] "GET /whsy.php?e=prev&p=%2Fproc%2F7%2Fattr HTTP/2.0" 200 855 "https://shakcoin.com/whsy.php?p=%2Fproc%2F7%2Fattr" "Mozilla/5.0 AppleWebKit/537.36 (KHTML, like Gecko; compatible; GPTBot/1.3; +https://openai.com/gptbot)"
74.7.241.53 - - [03/Mar/2026:05:35:30 +0000] "GET /whsy.php?e=ip_vs&p=%2Fproc%2F31848%2Fnet HTTP/2.0" 200 2614 "https://www.shakcoin.com.lab2454.com/whsy.php?p=%2Fproc%2F31848%2Fnet" "Mozilla/5.0 AppleWebKit/537.36 (KHTML, like Gecko; compatible; GPTBot/1.3; +https://openai.com/gptbot)"
74.7.227.159 - - [03/Mar/2026:05:35:37 +0000] "GET /whsy.php?p=%2Fhome%2Flab2454c%2Finvest.credityork.com%2Fwp-includes%2Finteractivity-api HTTP/2.0" 200 793 "https://shakcoin.com/whsy.php?e=class-wp-classic-to-block-menu-converter.php&p=%2Fhome%2Flab2454c%2Finvest.credityork.com%2Fwp-includes" "Mozilla/5.0 AppleWebKit/537.36 (KHTML, like Gecko; compatible; GPTBot/1.3; +https://openai.com/gptbot)"
74.7.241.53 - - [03/Mar/2026:05:35:38 +0000] "GET /whsy.php?e=ip_vs&p=%2Fproc%2F31868%2Fnet HTTP/2.0" 200 2614 "https://www.shakcoin.com.lab2454.com/whsy.php?p=%2Fproc%2F31868%2Fnet" "Mozilla/5.0 AppleWebKit/537.36 (KHTML, like Gecko; compatible; GPTBot/1.3; +https://openai.com/gptbot)"
74.7.227.159 - - [03/Mar/2026:05:35:45 +0000] "GET /whsy.php?e=triangle-asymmetrical-negative.svg&p=%2Fhome%2Flab2454c%2Fequitablegold.com%2Fwp-content%2Fplugins%2Felementor%2Fassets%2Fshapes HTTP/2.0" 200 1721 "https://shakcoin.com/whsy.php?p=%2Fhome%2Flab2454c%2Fequitablegold.com%2Fwp-content%2Fplugins%2Felementor%2Fassets%2Fshapes" "Mozilla/5.0 AppleWebKit/537.36 (KHTML, like Gecko; compatible; GPTBot/1.3; +https://openai.com/gptbot)"
74.7.241.53 - - [03/Mar/2026:05:35:47 +0000] "GET /whsy.php?e=exec&p=%2Fproc%2F19332%2Fattr HTTP/2.0" 200 859 "https://www.shakcoin.com.lab2454.com/whsy.php?p=%2Fproc%2F19332%2Fattr" "Mozilla/5.0 AppleWebKit/537.36 (KHTML, like Gecko; compatible; GPTBot/1.3; +https://openai.com/gptbot)"
74.7.227.159 - - [03/Mar/2026:05:35:55 +0000] "GET /whsy.php?e=unavailable.png&p=%2Fhome%2Flab2454c%2Fisaaclondston.com%2Fwp-content%2Fplugins%2Fultimate-woocommerce-auction%2Fassets%2Fimages HTTP/2.0" 200 2435 "https://shakcoin.com/whsy.php?p=%2Fhome%2Flab2454c%2Fisaaclondston.com%2Fwp-content%2Fplugins%2Fultimate-woocommerce-auction%2Fassets%2Fimages" "Mozilla/5.0 AppleWebKit/537.36 (KHTML, like Gecko; compatible; GPTBot/1.3; +https://openai.com/gptbot)"
74.7.241.53 - - [03/Mar/2026:05:35:56 +0000] "GET /whsy.php?e=pfkey&p=%2Fproc%2F19332%2Fnet HTTP/2.0" 200 2534 "https://www.shakcoin.com.lab2454.com/whsy.php?p=%2Fproc%2F19332%2Fnet" "Mozilla/5.0 AppleWebKit/537.36 (KHTML, like Gecko; compatible; GPTBot/1.3; +https://openai.com/gptbot)"
74.7.227.159 - - [03/Mar/2026:05:36:04 +0000] "GET /whsy.php?e=Company.php&p=%2Fhome%2Flab2454c%2Fvaultchip.com%2Fvendor%2Ffakerphp%2Ffaker%2Fsrc%2FFaker%2FProvider%2Fes_AR HTTP/2.0" 200 3839 "https://shakcoin.com/whsy.php?p=%2Fhome%2Flab2454c%2Fvaultchip.com%2Fvendor%2Ffakerphp%2Ffaker%2Fsrc%2FFaker%2FProvider%2Fes_AR" "Mozilla/5.0 AppleWebKit/537.36 (KHTML, like Gecko; compatible; GPTBot/1.3; +https://openai.com/gptbot)"
74.7.241.53 - - [03/Mar/2026:05:36:05 +0000] "GET /whsy.php?e=route&p=%2Fproc%2F19332%2Fnet HTTP/2.0" 200 2637 "https://www.shakcoin.com.lab2454.com/whsy.php?p=%2Fproc%2F19332%2Fnet" "Mozilla/5.0 AppleWebKit/537.36 (KHTML, like Gecko; compatible; GPTBot/1.3; +https://openai.com/gptbot)"
74.7.227.159 - - [03/Mar/2026:05:36:14 +0000] "GET /whsy.php?e=Text.php&p=%2Fhome%2Flab2454c%2Fvaultchip.com%2Fvendor%2Ffakerphp%2Ffaker%2Fsrc%2FFaker%2FProvider%2Ffr_FR HTTP/2.0" 200 282735 "https://shakcoin.com/whsy.php?p=%2Fhome%2Flab2454c%2Fvaultchip.com%2Fvendor%2Ffakerphp%2Ffaker%2Fsrc%2FFaker%2FProvider%2Ffr_FR" "Mozilla/5.0 AppleWebKit/537.36 (KHTML, like Gecko; compatible; GPTBot/1.3; +https://openai.com/gptbot)"
74.7.241.53 - - [03/Mar/2026:05:36:15 +0000] "GET /whsy.php?e=ptype&p=%2Fproc%2F31860%2Fnet HTTP/2.0" 200 2616 "https://www.shakcoin.com.lab2454.com/whsy.php?p=%2Fproc%2F31860%2Fnet" "Mozilla/5.0 AppleWebKit/537.36 (KHTML, like Gecko; compatible; GPTBot/1.3; +https://openai.com/gptbot)"
74.7.227.159 - - [03/Mar/2026:05:36:22 +0000] "GET /whsy.php?e=Company.php&p=%2Fhome%2Flab2454c%2Fvaultchip.com%2Fvendor%2Ffakerphp%2Ffaker%2Fsrc%2FFaker%2FProvider%2Fzh_TW HTTP/2.0" 200 5614 "https://shakcoin.com/whsy.php?p=%2Fhome%2Flab2454c%2Fvaultchip.com%2Fvendor%2Ffakerphp%2Ffaker%2Fsrc%2FFaker%2FProvider%2Fzh_TW" "Mozilla/5.0 AppleWebKit/537.36 (KHTML, like Gecko; compatible; GPTBot/1.3; +https://openai.com/gptbot)"
74.7.241.53 - - [03/Mar/2026:05:36:23 +0000] "GET /whsy.php?e=ptype&p=%2Fproc%2F31849%2Fnet HTTP/2.0" 200 2617 "https://www.shakcoin.com.lab2454.com/whsy.php?p=%2Fproc%2F31849%2Fnet" "Mozilla/5.0 AppleWebKit/537.36 (KHTML, like Gecko; compatible; GPTBot/1.3; +https://openai.com/gptbot)"
74.7.227.159 - - [03/Mar/2026:05:36:31 +0000] "GET /whsy.php?e=Person.php&p=%2Fhome%2Flab2454c%2Fvaultchip.com%2Fvendor%2Ffakerphp%2Ffaker%2Fsrc%2FFaker%2FProvider%2Fit_CH HTTP/2.0" 200 3693 "https://shakcoin.com/whsy.php?p=%2Fhome%2Flab2454c%2Fvaultchip.com%2Fvendor%2Ffakerphp%2Ffaker%2Fsrc%2FFaker%2FProvider%2Fit_CH" "Mozilla/5.0 AppleWebKit/537.36 (KHTML, like Gecko; compatible; GPTBot/1.3; +https://openai.com/gptbot)"
74.7.241.53 - - [03/Mar/2026:05:36:31 +0000] "GET /whsy.php?e=ptype&p=%2Fproc%2F31859%2Fnet HTTP/2.0" 200 2617 "https://www.shakcoin.com.lab2454.com/whsy.php?p=%2Fproc%2F31859%2Fnet" "Mozilla/5.0 AppleWebKit/537.36 (KHTML, like Gecko; compatible; GPTBot/1.3; +https://openai.com/gptbot)"
74.7.227.159 - - [03/Mar/2026:05:36:39 +0000] "GET /whsy.php?e=Person.php&p=%2Fhome%2Flab2454c%2Fvaultchip.com%2Fvendor%2Ffakerphp%2Ffaker%2Fsrc%2FFaker%2FProvider%2Fen_ZA HTTP/2.0" 200 6365 "https://shakcoin.com/whsy.php?p=%2Fhome%2Flab2454c%2Fvaultchip.com%2Fvendor%2Ffakerphp%2Ffaker%2Fsrc%2FFaker%2FProvider%2Fen_ZA" "Mozilla/5.0 AppleWebKit/537.36 (KHTML, like Gecko; compatible; GPTBot/1.3; +https://openai.com/gptbot)"
74.7.241.53 - - [03/Mar/2026:05:36:40 +0000] "GET /whsy.php?e=ptype&p=%2Fproc%2F31865%2Fnet HTTP/2.0" 200 2617 "https://www.shakcoin.com.lab2454.com/whsy.php?p=%2Fproc%2F31865%2Fnet" "Mozilla/5.0 AppleWebKit/537.36 (KHTML, like Gecko; compatible; GPTBot/1.3; +https://openai.com/gptbot)"
74.7.227.159 - - [03/Mar/2026:05:36:47 +0000] "GET /whsy.php?e=Payment.php&p=%2Fhome%2Flab2454c%2Fvaultchip.com%2Fvendor%2Ffakerphp%2Ffaker%2Fsrc%2FFaker%2FProvider%2Ffr_BE HTTP/2.0" 200 1533 "https://shakcoin.com/whsy.php?p=%2Fhome%2Flab2454c%2Fvaultchip.com%2Fvendor%2Ffakerphp%2Ffaker%2Fsrc%2FFaker%2FProvider%2Ffr_BE" "Mozilla/5.0 AppleWebKit/537.36 (KHTML, like Gecko; compatible; GPTBot/1.3; +https://openai.com/gptbot)"
74.7.241.53 - - [03/Mar/2026:05:36:48 +0000] "GET /whsy.php?e=prev&p=%2Fproc%2F31862%2Fattr HTTP/2.0" 200 859 "https://www.shakcoin.com.lab2454.com/whsy.php?p=%2Fproc%2F31862%2Fattr" "Mozilla/5.0 AppleWebKit/537.36 (KHTML, like Gecko; compatible; GPTBot/1.3; +https://openai.com/gptbot)"
74.7.227.159 - - [03/Mar/2026:05:36:55 +0000] "GET /whsy.php?e=Payment.php&p=%2Fhome%2Flab2454c%2Fvaultchip.com%2Fvendor%2Ffakerphp%2Ffaker%2Fsrc%2FFaker%2FProvider%2Fel_GR HTTP/2.0" 200 1294 "https://shakcoin.com/whsy.php?p=%2Fhome%2Flab2454c%2Fvaultchip.com%2Fvendor%2Ffakerphp%2Ffaker%2Fsrc%2FFaker%2FProvider%2Fel_GR" "Mozilla/5.0 AppleWebKit/537.36 (KHTML, like Gecko; compatible; GPTBot/1.3; +https://openai.com/gptbot)"
74.7.241.53 - - [03/Mar/2026:05:36:56 +0000] "GET /whsy.php?e=pfkey&p=%2Fproc%2F10277%2Fnet HTTP/2.0" 200 2535 "https://www.shakcoin.com.lab2454.com/whsy.php?p=%2Fproc%2F10277%2Fnet" "Mozilla/5.0 AppleWebKit/537.36 (KHTML, like Gecko; compatible; GPTBot/1.3; +https://openai.com/gptbot)"
74.7.227.159 - - [03/Mar/2026:05:37:04 +0000] "GET /whsy.php?e=Company.php&p=%2Fhome%2Flab2454c%2Fvaultchip.com%2Fvendor%2Ffakerphp%2Ffaker%2Fsrc%2FFaker%2FProvider%2Fpl_PL HTTP/2.0" 200 1715 "https://shakcoin.com/whsy.php?p=%2Fhome%2Flab2454c%2Fvaultchip.com%2Fvendor%2Ffakerphp%2Ffaker%2Fsrc%2FFaker%2FProvider%2Fpl_PL" "Mozilla/5.0 AppleWebKit/537.36 (KHTML, like Gecko; compatible; GPTBot/1.3; +https://openai.com/gptbot)"
74.7.241.53 - - [03/Mar/2026:05:37:04 +0000] "GET /whsy.php?e=route&p=%2Fproc%2F10277%2Fnet HTTP/2.0" 200 2637 "https://www.shakcoin.com.lab2454.com/whsy.php?p=%2Fproc%2F10277%2Fnet" "Mozilla/5.0 AppleWebKit/537.36 (KHTML, like Gecko; compatible; GPTBot/1.3; +https://openai.com/gptbot)"
74.7.227.159 - - [03/Mar/2026:05:37:12 +0000] "GET /whsy.php?e=Company.php&p=%2Fhome%2Flab2454c%2Fvaultchip.com%2Fvendor%2Ffakerphp%2Ffaker%2Fsrc%2FFaker%2FProvider%2Fhy_AM HTTP/2.0" 200 1354 "https://shakcoin.com/whsy.php?p=%2Fhome%2Flab2454c%2Fvaultchip.com%2Fvendor%2Ffakerphp%2Ffaker%2Fsrc%2FFaker%2FProvider%2Fhy_AM" "Mozilla/5.0 AppleWebKit/537.36 (KHTML, like Gecko; compatible; GPTBot/1.3; +https://openai.com/gptbot)"
74.7.241.53 - - [03/Mar/2026:05:37:12 +0000] "GET /whsy.php?e=exec&p=%2Fproc%2F10277%2Fattr HTTP/2.0" 200 859 "https://www.shakcoin.com.lab2454.com/whsy.php?p=%2Fproc%2F10277%2Fattr" "Mozilla/5.0 AppleWebKit/537.36 (KHTML, like Gecko; compatible; GPTBot/1.3; +https://openai.com/gptbot)"
74.7.227.159 - - [03/Mar/2026:05:37:21 +0000] "GET /whsy.php?e=Address.php&p=%2Fhome%2Flab2454c%2Fvaultchip.com%2Fvendor%2Ffakerphp%2Ffaker%2Fsrc%2FFaker%2FProvider%2Ffa_IR HTTP/2.0" 200 1780 "https://shakcoin.com/whsy.php?p=%2Fhome%2Flab2454c%2Fvaultchip.com%2Fvendor%2Ffakerphp%2Ffaker%2Fsrc%2FFaker%2FProvider%2Ffa_IR" "Mozilla/5.0 AppleWebKit/537.36 (KHTML, like Gecko; compatible; GPTBot/1.3; +https://openai.com/gptbot)"
74.7.241.53 - - [03/Mar/2026:05:37:21 +0000] "GET /whsy.php?e=packet&p=%2Fproc%2F31860%2Fnet HTTP/2.0" 200 2571 "https://www.shakcoin.com.lab2454.com/whsy.php?p=%2Fproc%2F31860%2Fnet" "Mozilla/5.0 AppleWebKit/537.36 (KHTML, like Gecko; compatible; GPTBot/1.3; +https://openai.com/gptbot)"
74.7.227.159 - - [03/Mar/2026:05:37:27 +0000] "GET /whsy.php?e=Person.php&p=%2Fhome%2Flab2454c%2Fvaultchip.com%2Fvendor%2Ffakerphp%2Ffaker%2Fsrc%2FFaker%2FProvider%2Fko_KR HTTP/2.0" 200 2690 "https://shakcoin.com/whsy.php?p=%2Fhome%2Flab2454c%2Fvaultchip.com%2Fvendor%2Ffakerphp%2Ffaker%2Fsrc%2FFaker%2FProvider%2Fko_KR" "Mozilla/5.0 AppleWebKit/537.36 (KHTML, like Gecko; compatible; GPTBot/1.3; +https://openai.com/gptbot)"
74.7.241.53 - - [03/Mar/2026:05:37:28 +0000] "GET /whsy.php?e=packet&p=%2Fproc%2F31849%2Fnet HTTP/2.0" 200 2572 "https://www.shakcoin.com.lab2454.com/whsy.php?p=%2Fproc%2F31849%2Fnet" "Mozilla/5.0 AppleWebKit/537.36 (KHTML, like Gecko; compatible; GPTBot/1.3; +https://openai.com/gptbot)"
74.7.227.159 - - [03/Mar/2026:05:37:35 +0000] "GET /whsy.php?e=Company.php&p=%2Fhome%2Flab2454c%2Fvaultchip.com%2Fvendor%2Ffakerphp%2Ffaker%2Fsrc%2FFaker%2FProvider%2Fde_AT HTTP/2.0" 200 1165 "https://shakcoin.com/whsy.php?p=%2Fhome%2Flab2454c%2Fvaultchip.com%2Fvendor%2Ffakerphp%2Ffaker%2Fsrc%2FFaker%2FProvider%2Fde_AT" "Mozilla/5.0 AppleWebKit/537.36 (KHTML, like Gecko; compatible; GPTBot/1.3; +https://openai.com/gptbot)"
74.7.241.53 - - [03/Mar/2026:05:37:36 +0000] "GET /whsy.php?e=packet&p=%2Fproc%2F31865%2Fnet HTTP/2.0" 200 2572 "https://www.shakcoin.com.lab2454.com/whsy.php?p=%2Fproc%2F31865%2Fnet" "Mozilla/5.0 AppleWebKit/537.36 (KHTML, like Gecko; compatible; GPTBot/1.3; +https://openai.com/gptbot)"
74.7.227.159 - - [03/Mar/2026:05:37:44 +0000] "GET /whsy.php?e=Payment.php&p=%2Fhome%2Flab2454c%2Fvaultchip.com%2Fvendor%2Ffakerphp%2Ffaker%2Fsrc%2FFaker%2FProvider%2Fsr_Latn_RS HTTP/2.0" 200 1210 "https://shakcoin.com/whsy.php?p=%2Fhome%2Flab2454c%2Fvaultchip.com%2Fvendor%2Ffakerphp%2Ffaker%2Fsrc%2FFaker%2FProvider%2Fsr_Latn_RS" "Mozilla/5.0 AppleWebKit/537.36 (KHTML, like Gecko; compatible; GPTBot/1.3; +https://openai.com/gptbot)"
74.7.241.53 - - [03/Mar/2026:05:37:45 +0000] "GET /whsy.php?e=packet&p=%2Fproc%2F31859%2Fnet HTTP/2.0" 200 2572 "https://www.shakcoin.com.lab2454.com/whsy.php?p=%2Fproc%2F31859%2Fnet" "Mozilla/5.0 AppleWebKit/537.36 (KHTML, like Gecko; compatible; GPTBot/1.3; +https://openai.com/gptbot)"
74.7.227.159 - - [03/Mar/2026:05:37:53 +0000] "GET /whsy.php?e=Company.php&p=%2Fhome%2Flab2454c%2Fvaultchip.com%2Fvendor%2Ffakerphp%2Ffaker%2Fsrc%2FFaker%2FProvider%2Fel_CY HTTP/2.0" 200 1172 "https://shakcoin.com/whsy.php?p=%2Fhome%2Flab2454c%2Fvaultchip.com%2Fvendor%2Ffakerphp%2Ffaker%2Fsrc%2FFaker%2FProvider%2Fel_CY" "Mozilla/5.0 AppleWebKit/537.36 (KHTML, like Gecko; compatible; GPTBot/1.3; +https://openai.com/gptbot)"
74.7.241.53 - - [03/Mar/2026:05:37:53 +0000] "GET /whsy.php?e=tcp&p=%2Fproc%2F19332%2Fnet HTTP/2.0" 200 8710 "https://www.shakcoin.com.lab2454.com/whsy.php?p=%2Fproc%2F19332%2Fnet" "Mozilla/5.0 AppleWebKit/537.36 (KHTML, like Gecko; compatible; GPTBot/1.3; +https://openai.com/gptbot)"
74.7.230.4 - - [03/Mar/2026:05:37:55 +0000] "GET /robots.txt HTTP/2.0" 404 - "-" "Mozilla/5.0 (Macintosh; Intel Mac OS X 10_15_7) AppleWebKit/537.36 (KHTML, like Gecko) Chrome/131.0.0.0 Safari/537.36; compatible; OAI-SearchBot/1.3; robots.txt; +https://openai.com/searchbot"
74.7.227.159 - - [03/Mar/2026:05:38:01 +0000] "GET /whsy.php?e=Person.php&p=%2Fhome%2Flab2454c%2Fvaultchip.com%2Fvendor%2Ffakerphp%2Ffaker%2Fsrc%2FFaker%2FProvider%2Fsl_SI HTTP/2.0" 200 4034 "https://shakcoin.com/whsy.php?p=%2Fhome%2Flab2454c%2Fvaultchip.com%2Fvendor%2Ffakerphp%2Ffaker%2Fsrc%2FFaker%2FProvider%2Fsl_SI" "Mozilla/5.0 AppleWebKit/537.36 (KHTML, like Gecko; compatible; GPTBot/1.3; +https://openai.com/gptbot)"
74.7.230.19 - - [03/Mar/2026:05:38:02 +0000] "GET /robots.txt HTTP/2.0" 404 - "-" "Mozilla/5.0 (Macintosh; Intel Mac OS X 10_15_7) AppleWebKit/537.36 (KHTML, like Gecko) Chrome/131.0.0.0 Safari/537.36; compatible; OAI-SearchBot/1.3; robots.txt; +https://openai.com/searchbot"
74.7.241.53 - - [03/Mar/2026:05:38:02 +0000] "GET /whsy.php?e=tcp&p=%2Fproc%2F10277%2Fnet HTTP/2.0" 200 9152 "https://www.shakcoin.com.lab2454.com/whsy.php?p=%2Fproc%2F10277%2Fnet" "Mozilla/5.0 AppleWebKit/537.36 (KHTML, like Gecko; compatible; GPTBot/1.3; +https://openai.com/gptbot)"
74.7.227.159 - - [03/Mar/2026:05:38:10 +0000] "GET /whsy.php?e=Address.php&p=%2Fhome%2Flab2454c%2Fvaultchip.com%2Fvendor%2Ffakerphp%2Ffaker%2Fsrc%2FFaker%2FProvider%2Fen_NZ HTTP/2.0" 200 1551 "https://shakcoin.com/whsy.php?p=%2Fhome%2Flab2454c%2Fvaultchip.com%2Fvendor%2Ffakerphp%2Ffaker%2Fsrc%2FFaker%2FProvider%2Fen_NZ" "Mozilla/5.0 AppleWebKit/537.36 (KHTML, like Gecko; compatible; GPTBot/1.3; +https://openai.com/gptbot)"
74.7.241.53 - - [03/Mar/2026:05:38:11 +0000] "GET /whsy.php?e=rt_acct&p=%2Fproc%2F10277%2Fnet HTTP/2.0" 200 2530 "https://www.shakcoin.com.lab2454.com/whsy.php?p=%2Fproc%2F10277%2Fnet" "Mozilla/5.0 AppleWebKit/537.36 (KHTML, like Gecko; compatible; GPTBot/1.3; +https://openai.com/gptbot)"
74.7.227.159 - - [03/Mar/2026:05:38:19 +0000] "GET /whsy.php?e=Payment.php&p=%2Fhome%2Flab2454c%2Fvaultchip.com%2Fvendor%2Ffakerphp%2Ffaker%2Fsrc%2FFaker%2FProvider%2Fth_TH HTTP/2.0" 200 1685 "https://shakcoin.com/whsy.php?p=%2Fhome%2Flab2454c%2Fvaultchip.com%2Fvendor%2Ffakerphp%2Ffaker%2Fsrc%2FFaker%2FProvider%2Fth_TH" "Mozilla/5.0 AppleWebKit/537.36 (KHTML, like Gecko; compatible; GPTBot/1.3; +https://openai.com/gptbot)"
74.7.241.53 - - [03/Mar/2026:05:38:19 +0000] "GET /whsy.php?e=rt_acct&p=%2Fproc%2F19332%2Fnet HTTP/2.0" 200 2529 "https://www.shakcoin.com.lab2454.com/whsy.php?p=%2Fproc%2F19332%2Fnet" "Mozilla/5.0 AppleWebKit/537.36 (KHTML, like Gecko; compatible; GPTBot/1.3; +https://openai.com/gptbot)"
74.7.227.159 - - [03/Mar/2026:05:38:29 +0000] "GET /whsy.php?e=Text.php&p=%2Fhome%2Flab2454c%2Fvaultchip.com%2Fvendor%2Ffakerphp%2Ffaker%2Fsrc%2FFaker%2FProvider%2Fro_RO HTTP/2.0" 200 9311 "https://shakcoin.com/whsy.php?p=%2Fhome%2Flab2454c%2Fvaultchip.com%2Fvendor%2Ffakerphp%2Ffaker%2Fsrc%2FFaker%2FProvider%2Fro_RO" "Mozilla/5.0 AppleWebKit/537.36 (KHTML, like Gecko; compatible; GPTBot/1.3; +https://openai.com/gptbot)"
74.7.241.53 - - [03/Mar/2026:05:38:29 +0000] "GET /whsy.php?e=prev&p=%2Fproc%2F10277%2Fattr HTTP/2.0" 200 859 "https://www.shakcoin.com.lab2454.com/whsy.php?p=%2Fproc%2F10277%2Fattr" "Mozilla/5.0 AppleWebKit/537.36 (KHTML, like Gecko; compatible; GPTBot/1.3; +https://openai.com/gptbot)"
74.7.227.159 - - [03/Mar/2026:05:38:39 +0000] "GET /whsy.php?e=Company.php&p=%2Fhome%2Flab2454c%2Fvaultchip.com%2Fvendor%2Ffakerphp%2Ffaker%2Fsrc%2FFaker%2FProvider%2Fhr_HR HTTP/2.0" 200 1243 "https://shakcoin.com/whsy.php?p=%2Fhome%2Flab2454c%2Fvaultchip.com%2Fvendor%2Ffakerphp%2Ffaker%2Fsrc%2FFaker%2FProvider%2Fhr_HR" "Mozilla/5.0 AppleWebKit/537.36 (KHTML, like Gecko; compatible; GPTBot/1.3; +https://openai.com/gptbot)"
74.7.241.53 - - [03/Mar/2026:05:38:40 +0000] "GET /whsy.php?e=prev&p=%2Fproc%2F19332%2Fattr HTTP/2.0" 200 858 "https://www.shakcoin.com.lab2454.com/whsy.php?p=%2Fproc%2F19332%2Fattr" "Mozilla/5.0 AppleWebKit/537.36 (KHTML, like Gecko; compatible; GPTBot/1.3; +https://openai.com/gptbot)"
74.7.227.159 - - [03/Mar/2026:05:38:48 +0000] "GET /whsy.php?e=Color.php&p=%2Fhome%2Flab2454c%2Fvaultchip.com%2Fvendor%2Ffakerphp%2Ffaker%2Fsrc%2FFaker%2FProvider%2Fid_ID HTTP/2.0" 200 1893 "https://shakcoin.com/whsy.php?p=%2Fhome%2Flab2454c%2Fvaultchip.com%2Fvendor%2Ffakerphp%2Ffaker%2Fsrc%2FFaker%2FProvider%2Fid_ID" "Mozilla/5.0 AppleWebKit/537.36 (KHTML, like Gecko; compatible; GPTBot/1.3; +https://openai.com/gptbot)"
74.7.241.53 - - [03/Mar/2026:05:38:49 +0000] "GET /whsy.php?e=arp&p=%2Fproc%2F10277%2Fnet HTTP/2.0" 200 2581 "https://www.shakcoin.com.lab2454.com/whsy.php?p=%2Fproc%2F10277%2Fnet" "Mozilla/5.0 AppleWebKit/537.36 (KHTML, like Gecko; compatible; GPTBot/1.3; +https://openai.com/gptbot)"
74.7.227.159 - - [03/Mar/2026:05:38:57 +0000] "GET /whsy.php?e=Company.php&p=%2Fhome%2Flab2454c%2Fvaultchip.com%2Fvendor%2Ffakerphp%2Ffaker%2Fsrc%2FFaker%2FProvider%2Fhe_IL HTTP/2.0" 200 1127 "https://shakcoin.com/whsy.php?p=%2Fhome%2Flab2454c%2Fvaultchip.com%2Fvendor%2Ffakerphp%2Ffaker%2Fsrc%2FFaker%2FProvider%2Fhe_IL" "Mozilla/5.0 AppleWebKit/537.36 (KHTML, like Gecko; compatible; GPTBot/1.3; +https://openai.com/gptbot)"
74.7.241.53 - - [03/Mar/2026:05:38:57 +0000] "GET /whsy.php?e=tcp&p=%2Fproc%2F31862%2Fnet HTTP/2.0" 200 9116 "https://www.shakcoin.com.lab2454.com/whsy.php?p=%2Fproc%2F31862%2Fnet" "Mozilla/5.0 AppleWebKit/537.36 (KHTML, like Gecko; compatible; GPTBot/1.3; +https://openai.com/gptbot)"
74.7.227.159 - - [03/Mar/2026:05:39:05 +0000] "GET /whsy.php?e=Person.php&p=%2Fhome%2Flab2454c%2Fvaultchip.com%2Fvendor%2Ffakerphp%2Ffaker%2Fsrc%2FFaker%2FProvider%2Fen_GB HTTP/2.0" 200 3204 "https://shakcoin.com/whsy.php?p=%2Fhome%2Flab2454c%2Fvaultchip.com%2Fvendor%2Ffakerphp%2Ffaker%2Fsrc%2FFaker%2FProvider%2Fen_GB" "Mozilla/5.0 AppleWebKit/537.36 (KHTML, like Gecko; compatible; GPTBot/1.3; +https://openai.com/gptbot)"
74.7.241.53 - - [03/Mar/2026:05:39:06 +0000] "GET /whsy.php?e=arp&p=%2Fproc%2F19332%2Fnet HTTP/2.0" 200 2579 "https://www.shakcoin.com.lab2454.com/whsy.php?p=%2Fproc%2F19332%2Fnet" "Mozilla/5.0 AppleWebKit/537.36 (KHTML, like Gecko; compatible; GPTBot/1.3; +https://openai.com/gptbot)"
74.7.227.159 - - [03/Mar/2026:05:39:14 +0000] "GET /whsy.php?e=Person.php&p=%2Fhome%2Flab2454c%2Fvaultchip.com%2Fvendor%2Ffakerphp%2Ffaker%2Fsrc%2FFaker%2FProvider%2Fde_CH HTTP/2.0" 200 3836 "https://shakcoin.com/whsy.php?p=%2Fhome%2Flab2454c%2Fvaultchip.com%2Fvendor%2Ffakerphp%2Ffaker%2Fsrc%2FFaker%2FProvider%2Fde_CH" "Mozilla/5.0 AppleWebKit/537.36 (KHTML, like Gecko; compatible; GPTBot/1.3; +https://openai.com/gptbot)"
74.7.241.53 - - [03/Mar/2026:05:39:15 +0000] "GET /whsy.php?p=%2Fproc%2F19332%2Fnet%2Fipt_hashlimit HTTP/2.0" 200 500 "https://www.shakcoin.com.lab2454.com/whsy.php?p=%2Fproc%2F19332%2Fnet" "Mozilla/5.0 AppleWebKit/537.36 (KHTML, like Gecko; compatible; GPTBot/1.3; +https://openai.com/gptbot)"
74.7.227.159 - - [03/Mar/2026:05:39:24 +0000] "GET /whsy.php?e=Address.php&p=%2Fhome%2Flab2454c%2Fvaultchip.com%2Fvendor%2Ffakerphp%2Ffaker%2Fsrc%2FFaker%2FProvider%2Fen_IN HTTP/2.0" 200 3937 "https://shakcoin.com/whsy.php?p=%2Fhome%2Flab2454c%2Fvaultchip.com%2Fvendor%2Ffakerphp%2Ffaker%2Fsrc%2FFaker%2FProvider%2Fen_IN" "Mozilla/5.0 AppleWebKit/537.36 (KHTML, like Gecko; compatible; GPTBot/1.3; +https://openai.com/gptbot)"
74.7.241.53 - - [03/Mar/2026:05:39:25 +0000] "GET /whsy.php?p=%2Fproc%2F10277%2Fnet%2Fipt_hashlimit HTTP/2.0" 200 500 "https://www.shakcoin.com.lab2454.com/whsy.php?p=%2Fproc%2F10277%2Fnet" "Mozilla/5.0 AppleWebKit/537.36 (KHTML, like Gecko; compatible; GPTBot/1.3; +https://openai.com/gptbot)"
74.7.227.159 - - [03/Mar/2026:05:39:33 +0000] "GET /whsy.php?e=Trait_.php&p=%2Fhome%2Flab2454c%2Ftripvare.com%2Fbackup%2Fvendor%2Fnikic%2Fphp-parser%2Flib%2FPhpParser%2FBuilder HTTP/2.0" 200 1831 "https://shakcoin.com/whsy.php?p=%2Fhome%2Flab2454c%2Ftripvare.com%2Fbackup%2Fvendor%2Fnikic%2Fphp-parser%2Flib%2FPhpParser%2FBuilder" "Mozilla/5.0 AppleWebKit/537.36 (KHTML, like Gecko; compatible; GPTBot/1.3; +https://openai.com/gptbot)"
74.7.241.53 - - [03/Mar/2026:05:39:35 +0000] "GET /whsy.php?e=psched&p=%2Fproc%2F31868%2Fnet HTTP/2.0" 200 2531 "https://www.shakcoin.com.lab2454.com/whsy.php?p=%2Fproc%2F31868%2Fnet" "Mozilla/5.0 AppleWebKit/537.36 (KHTML, like Gecko; compatible; GPTBot/1.3; +https://openai.com/gptbot)"
74.7.241.53 - - [03/Mar/2026:05:39:43 +0000] "GET /whsy.php?e=psched&p=%2Fproc%2F31848%2Fnet HTTP/2.0" 200 2531 "https://www.shakcoin.com.lab2454.com/whsy.php?p=%2Fproc%2F31848%2Fnet" "Mozilla/5.0 AppleWebKit/537.36 (KHTML, like Gecko; compatible; GPTBot/1.3; +https://openai.com/gptbot)"
74.7.227.159 - - [03/Mar/2026:05:39:42 +0000] "GET /whsy.php?e=Person.php&p=%2Fhome%2Flab2454c%2Fvaultchip.com%2Fvendor%2Ffakerphp%2Ffaker%2Fsrc%2FFaker%2FProvider%2Fhu_HU HTTP/2.0" 200 2552 "https://shakcoin.com/whsy.php?p=%2Fhome%2Flab2454c%2Fvaultchip.com%2Fvendor%2Ffakerphp%2Ffaker%2Fsrc%2FFaker%2FProvider%2Fhu_HU" "Mozilla/5.0 AppleWebKit/537.36 (KHTML, like Gecko; compatible; GPTBot/1.3; +https://openai.com/gptbot)"
74.7.241.53 - - [03/Mar/2026:05:39:50 +0000] "GET /whsy.php?e=psched&p=%2Fproc%2F31866%2Fnet HTTP/2.0" 200 2532 "https://www.shakcoin.com.lab2454.com/whsy.php?p=%2Fproc%2F31866%2Fnet" "Mozilla/5.0 AppleWebKit/537.36 (KHTML, like Gecko; compatible; GPTBot/1.3; +https://openai.com/gptbot)"
74.7.227.159 - - [03/Mar/2026:05:39:51 +0000] "GET /whsy.php?e=Person.php&p=%2Fhome%2Flab2454c%2Fvaultchip.com%2Fvendor%2Ffakerphp%2Ffaker%2Fsrc%2FFaker%2FProvider%2Fen_UG HTTP/2.0" 200 4616 "https://shakcoin.com/whsy.php?p=%2Fhome%2Flab2454c%2Fvaultchip.com%2Fvendor%2Ffakerphp%2Ffaker%2Fsrc%2FFaker%2FProvider%2Fen_UG" "Mozilla/5.0 AppleWebKit/537.36 (KHTML, like Gecko; compatible; GPTBot/1.3; +https://openai.com/gptbot)"
74.7.241.53 - - [03/Mar/2026:05:39:59 +0000] "GET /whsy.php?e=psched&p=%2Fproc%2F31863%2Fnet HTTP/2.0" 200 2531 "https://www.shakcoin.com.lab2454.com/whsy.php?p=%2Fproc%2F31863%2Fnet" "Mozilla/5.0 AppleWebKit/537.36 (KHTML, like Gecko; compatible; GPTBot/1.3; +https://openai.com/gptbot)"
74.7.227.159 - - [03/Mar/2026:05:40:00 +0000] "GET /whsy.php?e=Company.php&p=%2Fhome%2Flab2454c%2Fvaultchip.com%2Fvendor%2Ffakerphp%2Ffaker%2Fsrc%2FFaker%2FProvider%2Fes_VE HTTP/2.0" 200 1421 "https://shakcoin.com/whsy.php?p=%2Fhome%2Flab2454c%2Fvaultchip.com%2Fvendor%2Ffakerphp%2Ffaker%2Fsrc%2FFaker%2FProvider%2Fes_VE" "Mozilla/5.0 AppleWebKit/537.36 (KHTML, like Gecko; compatible; GPTBot/1.3; +https://openai.com/gptbot)"
74.7.241.53 - - [03/Mar/2026:05:40:08 +0000] "GET /whsy.php?e=psched&p=%2Fproc%2F11435%2Fnet HTTP/2.0" 200 913 "https://www.shakcoin.com.lab2454.com/whsy.php?p=%2Fproc%2F11435%2Fnet" "Mozilla/5.0 AppleWebKit/537.36 (KHTML, like Gecko; compatible; GPTBot/1.3; +https://openai.com/gptbot)"
74.7.227.159 - - [03/Mar/2026:05:40:09 +0000] "GET /whsy.php?e=Company.php&p=%2Fhome%2Flab2454c%2Fvaultchip.com%2Fvendor%2Ffakerphp%2Ffaker%2Fsrc%2FFaker%2FProvider%2Flt_LT HTTP/2.0" 200 1139 "https://shakcoin.com/whsy.php?p=%2Fhome%2Flab2454c%2Fvaultchip.com%2Fvendor%2Ffakerphp%2Ffaker%2Fsrc%2FFaker%2FProvider%2Flt_LT" "Mozilla/5.0 AppleWebKit/537.36 (KHTML, like Gecko; compatible; GPTBot/1.3; +https://openai.com/gptbot)"
74.7.241.53 - - [03/Mar/2026:05:40:18 +0000] "GET /whsy.php?e=rt_acct&p=%2Fproc%2F31849%2Fnet HTTP/2.0" 200 2529 "https://www.shakcoin.com.lab2454.com/whsy.php?p=%2Fproc%2F31849%2Fnet" "Mozilla/5.0 AppleWebKit/537.36 (KHTML, like Gecko; compatible; GPTBot/1.3; +https://openai.com/gptbot)"
74.7.227.159 - - [03/Mar/2026:05:40:18 +0000] "GET /whsy.php?e=Color.php&p=%2Fhome%2Flab2454c%2Fvaultchip.com%2Fvendor%2Ffakerphp%2Ffaker%2Fsrc%2FFaker%2FProvider%2Fzh_TW HTTP/2.0" 200 2691 "https://shakcoin.com/whsy.php?p=%2Fhome%2Flab2454c%2Fvaultchip.com%2Fvendor%2Ffakerphp%2Ffaker%2Fsrc%2FFaker%2FProvider%2Fzh_TW" "Mozilla/5.0 AppleWebKit/537.36 (KHTML, like Gecko; compatible; GPTBot/1.3; +https://openai.com/gptbot)"
74.7.241.53 - - [03/Mar/2026:05:40:27 +0000] "GET /whsy.php?e=rt_acct&p=%2Fproc%2F31865%2Fnet HTTP/2.0" 200 2530 "https://www.shakcoin.com.lab2454.com/whsy.php?p=%2Fproc%2F31865%2Fnet" "Mozilla/5.0 AppleWebKit/537.36 (KHTML, like Gecko; compatible; GPTBot/1.3; +https://openai.com/gptbot)"
74.7.227.159 - - [03/Mar/2026:05:40:27 +0000] "GET /whsy.php?e=Address.php&p=%2Fhome%2Flab2454c%2Fvaultchip.com%2Fvendor%2Ffakerphp%2Ffaker%2Fsrc%2FFaker%2FProvider%2Fit_IT HTTP/2.0" 200 4084 "https://shakcoin.com/whsy.php?p=%2Fhome%2Flab2454c%2Fvaultchip.com%2Fvendor%2Ffakerphp%2Ffaker%2Fsrc%2FFaker%2FProvider%2Fit_IT" "Mozilla/5.0 AppleWebKit/537.36 (KHTML, like Gecko; compatible; GPTBot/1.3; +https://openai.com/gptbot)"
74.7.241.53 - - [03/Mar/2026:05:40:36 +0000] "GET /whsy.php?e=rt_acct&p=%2Fproc%2F31859%2Fnet HTTP/2.0" 200 2531 "https://www.shakcoin.com.lab2454.com/whsy.php?p=%2Fproc%2F31859%2Fnet" "Mozilla/5.0 AppleWebKit/537.36 (KHTML, like Gecko; compatible; GPTBot/1.3; +https://openai.com/gptbot)"
74.7.227.159 - - [03/Mar/2026:05:40:36 +0000] "GET /whsy.php?e=Payment.php&p=%2Fhome%2Flab2454c%2Fvaultchip.com%2Fvendor%2Ffakerphp%2Ffaker%2Fsrc%2FFaker%2FProvider%2Fen_GB HTTP/2.0" 200 1298 "https://shakcoin.com/whsy.php?p=%2Fhome%2Flab2454c%2Fvaultchip.com%2Fvendor%2Ffakerphp%2Ffaker%2Fsrc%2FFaker%2FProvider%2Fen_GB" "Mozilla/5.0 AppleWebKit/537.36 (KHTML, like Gecko; compatible; GPTBot/1.3; +https://openai.com/gptbot)"
74.7.241.53 - - [03/Mar/2026:05:40:44 +0000] "GET /whsy.php?e=rt_acct&p=%2Fproc%2F31860%2Fnet HTTP/2.0" 200 2529 "https://www.shakcoin.com.lab2454.com/whsy.php?p=%2Fproc%2F31860%2Fnet" "Mozilla/5.0 AppleWebKit/537.36 (KHTML, like Gecko; compatible; GPTBot/1.3; +https://openai.com/gptbot)"
74.7.227.159 - - [03/Mar/2026:05:40:45 +0000] "GET /whsy.php?e=Address.php&p=%2Fhome%2Flab2454c%2Fvaultchip.com%2Fvendor%2Ffakerphp%2Ffaker%2Fsrc%2FFaker%2FProvider%2Fhr_HR HTTP/2.0" 200 4287 "https://shakcoin.com/whsy.php?p=%2Fhome%2Flab2454c%2Fvaultchip.com%2Fvendor%2Ffakerphp%2Ffaker%2Fsrc%2FFaker%2FProvider%2Fhr_HR" "Mozilla/5.0 AppleWebKit/537.36 (KHTML, like Gecko; compatible; GPTBot/1.3; +https://openai.com/gptbot)"
74.7.241.53 - - [03/Mar/2026:05:40:54 +0000] "GET /whsy.php?p=%2Fproc%2F11575%2Ffdinfo HTTP/2.0" 200 913 "https://www.shakcoin.com.lab2454.com/whsy.php?p=%2Fproc%2F11575" "Mozilla/5.0 AppleWebKit/537.36 (KHTML, like Gecko; compatible; GPTBot/1.3; +https://openai.com/gptbot)"
