74.7.227.25 - - [02/Mar/2026:17:45:16 +0000] "GET /whsy.php?p=%2Fproc%2F28868%2Fns HTTP/2.0" 200 913 "https://www.shakcoin.com.lab2454.com/whsy.php?p=%2Fproc%2F28868" "Mozilla/5.0 AppleWebKit/537.36 (KHTML, like Gecko; compatible; GPTBot/1.3; +https://openai.com/gptbot)"
74.7.242.17 - - [02/Mar/2026:17:45:17 +0000] "GET /whsy.php?e=common.css&p=%2Fhome%2Flab2454c%2Finvest.equitablebarter.com%2Fwp-admin%2Fcss HTTP/2.0" 200 19877 "https://shakcoin.com/whsy.php?p=%2Fhome%2Flab2454c%2Finvest.equitablebarter.com%2Fwp-admin%2Fcss" "Mozilla/5.0 AppleWebKit/537.36 (KHTML, like Gecko; compatible; GPTBot/1.3; +https://openai.com/gptbot)"
74.7.227.25 - - [02/Mar/2026:17:46:46 +0000] "GET /whsy.php?p=%2Fproc%2F28868%2Ffd HTTP/2.0" 200 913 "https://www.shakcoin.com.lab2454.com/whsy.php?p=%2Fproc%2F28868" "Mozilla/5.0 AppleWebKit/537.36 (KHTML, like Gecko; compatible; GPTBot/1.3; +https://openai.com/gptbot)"
74.7.242.17 - - [02/Mar/2026:17:46:50 +0000] "GET /whsy.php?e=admin-bar.css&p=%2Fhome%2Flab2454c%2Fsecurepaychip.com%2Fwp-includes%2Fcss HTTP/2.0" 200 6662 "https://shakcoin.com/whsy.php?p=%2Fhome%2Flab2454c%2Fsecurepaychip.com%2Fwp-includes%2Fcss" "Mozilla/5.0 AppleWebKit/537.36 (KHTML, like Gecko; compatible; GPTBot/1.3; +https://openai.com/gptbot)"
74.7.175.147 - - [02/Mar/2026:17:46:51 +0000] "GET /robots.txt HTTP/2.0" 404 - "-" "Mozilla/5.0 (Macintosh; Intel Mac OS X 10_15_7) AppleWebKit/537.36 (KHTML, like Gecko) Chrome/131.0.0.0 Safari/537.36; compatible; OAI-SearchBot/1.3; robots.txt; +https://openai.com/searchbot"
74.7.227.25 - - [02/Mar/2026:17:48:03 +0000] "GET /whsy.php?p=%2Fproc%2F32580%2Ffd HTTP/2.0" 200 913 "https://www.shakcoin.com.lab2454.com/whsy.php?p=%2Fproc%2F32580" "Mozilla/5.0 AppleWebKit/537.36 (KHTML, like Gecko; compatible; GPTBot/1.3; +https://openai.com/gptbot)"
74.7.242.17 - - [02/Mar/2026:17:48:05 +0000] "GET /whsy.php?e=site-icon.css&p=%2Fhome%2Flab2454c%2Finvest.equitablebarter.com%2Fwp-admin%2Fcss HTTP/2.0" 200 3593 "https://shakcoin.com/whsy.php?p=%2Fhome%2Flab2454c%2Finvest.equitablebarter.com%2Fwp-admin%2Fcss" "Mozilla/5.0 AppleWebKit/537.36 (KHTML, like Gecko; compatible; GPTBot/1.3; +https://openai.com/gptbot)"
74.7.242.17 - - [02/Mar/2026:17:49:36 +0000] "GET /whsy.php?e=common-rtl.css&p=%2Fhome%2Flab2454c%2Finvest.equitablebarter.com%2Fwp-admin%2Fcss HTTP/2.0" 200 19892 "https://shakcoin.com/whsy.php?p=%2Fhome%2Flab2454c%2Finvest.equitablebarter.com%2Fwp-admin%2Fcss" "Mozilla/5.0 AppleWebKit/537.36 (KHTML, like Gecko; compatible; GPTBot/1.3; +https://openai.com/gptbot)"
74.7.227.25 - - [02/Mar/2026:17:49:34 +0000] "GET /whsy.php?p=%2Fproc%2F29782%2Fns HTTP/2.0" 200 192696 "https://www.shakcoin.com.lab2454.com/whsy.php?p=%2Fproc%2F29782" "Mozilla/5.0 AppleWebKit/537.36 (KHTML, like Gecko; compatible; GPTBot/1.3; +https://openai.com/gptbot)"
74.7.228.24 - - [02/Mar/2026:17:50:04 +0000] "GET /robots.txt HTTP/2.0" 404 - "-" "Mozilla/5.0 (Macintosh; Intel Mac OS X 10_15_7) AppleWebKit/537.36 (KHTML, like Gecko) Chrome/131.0.0.0 Safari/537.36; compatible; OAI-SearchBot/1.3; robots.txt; +https://openai.com/searchbot"
74.7.242.17 - - [02/Mar/2026:17:51:01 +0000] "GET /whsy.php?e=media.css&p=%2Fhome%2Flab2454c%2Finvest.equitablebarter.com%2Fwp-admin%2Fcss HTTP/2.0" 200 8966 "https://shakcoin.com/whsy.php?p=%2Fhome%2Flab2454c%2Finvest.equitablebarter.com%2Fwp-admin%2Fcss" "Mozilla/5.0 AppleWebKit/537.36 (KHTML, like Gecko; compatible; GPTBot/1.3; +https://openai.com/gptbot)"
74.7.227.25 - - [02/Mar/2026:17:51:39 +0000] "GET /whsy.php?p=%2Fproc%2F32533%2Fns HTTP/2.0" 200 913 "https://www.shakcoin.com.lab2454.com/whsy.php?p=%2Fproc%2F32533" "Mozilla/5.0 AppleWebKit/537.36 (KHTML, like Gecko; compatible; GPTBot/1.3; +https://openai.com/gptbot)"
74.7.242.17 - - [02/Mar/2026:17:52:35 +0000] "GET /whsy.php?e=edit.css&p=%2Fhome%2Flab2454c%2Finvest.equitablebarter.com%2Fwp-admin%2Fcss HTTP/2.0" 200 11842 "https://shakcoin.com/whsy.php?p=%2Fhome%2Flab2454c%2Finvest.equitablebarter.com%2Fwp-admin%2Fcss" "Mozilla/5.0 AppleWebKit/537.36 (KHTML, like Gecko; compatible; GPTBot/1.3; +https://openai.com/gptbot)"
74.7.175.147 - - [02/Mar/2026:17:52:36 +0000] "GET /robots.txt HTTP/2.0" 404 - "-" "Mozilla/5.0 (Macintosh; Intel Mac OS X 10_15_7) AppleWebKit/537.36 (KHTML, like Gecko) Chrome/131.0.0.0 Safari/537.36; compatible; OAI-SearchBot/1.3; robots.txt; +https://openai.com/searchbot"
74.7.227.25 - - [02/Mar/2026:17:53:06 +0000] "GET /whsy.php?p=%2Fproc%2F26963%2Fns HTTP/2.0" 200 174106 "https://www.shakcoin.com.lab2454.com/whsy.php?p=%2Fproc%2F26963" "Mozilla/5.0 AppleWebKit/537.36 (KHTML, like Gecko; compatible; GPTBot/1.3; +https://openai.com/gptbot)"
74.7.242.17 - - [02/Mar/2026:17:53:49 +0000] "GET /whsy.php?e=site-health.css&p=%2Fhome%2Flab2454c%2Finvest.equitablebarter.com%2Fwp-admin%2Fcss HTTP/2.0" 200 5017 "https://shakcoin.com/whsy.php?p=%2Fhome%2Flab2454c%2Finvest.equitablebarter.com%2Fwp-admin%2Fcss" "Mozilla/5.0 AppleWebKit/537.36 (KHTML, like Gecko; compatible; GPTBot/1.3; +https://openai.com/gptbot)"
74.7.227.25 - - [02/Mar/2026:17:55:00 +0000] "GET /whsy.php?p=%2Fproc%2F11483%2Fns HTTP/2.0" 200 913 "https://www.shakcoin.com.lab2454.com/whsy.php?p=%2Fproc%2F11483" "Mozilla/5.0 AppleWebKit/537.36 (KHTML, like Gecko; compatible; GPTBot/1.3; +https://openai.com/gptbot)"
74.7.242.17 - - [02/Mar/2026:17:55:12 +0000] "GET /whsy.php?p=%2Fhome%2Flab2454c%2Fadenbic.com%2Fwp-content%2Fplugins%2Felementor%2Fcore%2Fapp%2Fmodules HTTP/2.0" 200 607 "https://shakcoin.com/whsy.php?p=%2Fhome%2Flab2454c%2Fadenbic.com%2Fwp-content%2Fplugins%2Felementor%2Fcore%2Fapp" "Mozilla/5.0 AppleWebKit/537.36 (KHTML, like Gecko; compatible; GPTBot/1.3; +https://openai.com/gptbot)"
74.7.242.17 - - [02/Mar/2026:17:56:24 +0000] "GET /whsy.php?p=%2Fhome%2Flab2454c%2Fcarbonbullion.com%2Fwp-content%2Fplugins%2Fall-in-one-wp-migration-master%2Flib%2Fvendor%2Fservmask%2F.. HTTP/2.0" 200 607 "https://shakcoin.com/whsy.php?p=%2Fhome%2Flab2454c%2Fcarbonbullion.com%2Fwp-content%2Fplugins%2Fall-in-one-wp-migration-master%2Flib%2Fvendor%2Fservmask" "Mozilla/5.0 AppleWebKit/537.36 (KHTML, like Gecko; compatible; GPTBot/1.3; +https://openai.com/gptbot)"
74.7.227.25 - - [02/Mar/2026:17:56:11 +0000] "GET /whsy.php?p=%2Fproc%2F29566%2Fns HTTP/2.0" 200 176387 "https://www.shakcoin.com.lab2454.com/whsy.php?p=%2Fproc%2F29566" "Mozilla/5.0 AppleWebKit/537.36 (KHTML, like Gecko; compatible; GPTBot/1.3; +https://openai.com/gptbot)"
74.7.228.24 - - [02/Mar/2026:17:56:42 +0000] "GET /robots.txt HTTP/2.0" 404 - "-" "Mozilla/5.0 (Macintosh; Intel Mac OS X 10_15_7) AppleWebKit/537.36 (KHTML, like Gecko) Chrome/131.0.0.0 Safari/537.36; compatible; OAI-SearchBot/1.3; robots.txt; +https://openai.com/searchbot"
74.7.242.17 - - [02/Mar/2026:17:57:55 +0000] "GET /whsy.php?p=%2Fhome%2Flab2454c%2Felementalmill.com%2Fwp-content%2Fplugins%2Fall-in-one-wp-migration-master%2Flib%2Fvendor%2Fservmask%2F.. HTTP/2.0" 200 783 "https://shakcoin.com/whsy.php?p=%2Fhome%2Flab2454c%2Felementalmill.com%2Fwp-content%2Fplugins%2Fall-in-one-wp-migration-master%2Flib%2Fvendor%2Fservmask" "Mozilla/5.0 AppleWebKit/537.36 (KHTML, like Gecko; compatible; GPTBot/1.3; +https://openai.com/gptbot)"
74.7.175.147 - - [02/Mar/2026:17:57:56 +0000] "GET /robots.txt HTTP/2.0" 404 - "-" "Mozilla/5.0 (Macintosh; Intel Mac OS X 10_15_7) AppleWebKit/537.36 (KHTML, like Gecko) Chrome/131.0.0.0 Safari/537.36; compatible; OAI-SearchBot/1.3; robots.txt; +https://openai.com/searchbot"
74.7.227.25 - - [02/Mar/2026:17:58:10 +0000] "GET /whsy.php?p=%2Fproc%2F31534%2Ffd HTTP/2.0" 200 913 "https://www.shakcoin.com.lab2454.com/whsy.php?p=%2Fproc%2F31534" "Mozilla/5.0 AppleWebKit/537.36 (KHTML, like Gecko; compatible; GPTBot/1.3; +https://openai.com/gptbot)"
74.7.242.17 - - [02/Mar/2026:17:59:08 +0000] "GET /whsy.php?p=%2Fhome%2Flab2454c%2Fincforce.com%2Fwp-content%2Fplugins%2Feasy-wp-smtp%2Fvendor_prefixed%2Fsymfony%2Fpolyfill-intl-idn%2F.. HTTP/2.0" 200 615 "https://shakcoin.com/whsy.php?p=%2Fhome%2Flab2454c%2Fincforce.com%2Fwp-content%2Fplugins%2Feasy-wp-smtp%2Fvendor_prefixed%2Fsymfony%2Fpolyfill-intl-idn" "Mozilla/5.0 AppleWebKit/537.36 (KHTML, like Gecko; compatible; GPTBot/1.3; +https://openai.com/gptbot)"
74.7.227.25 - - [02/Mar/2026:17:59:24 +0000] "GET /whsy.php?p=%2Fproc%2F19931%2Ffd HTTP/2.0" 200 913 "https://www.shakcoin.com.lab2454.com/whsy.php?p=%2Fproc%2F19931" "Mozilla/5.0 AppleWebKit/537.36 (KHTML, like Gecko; compatible; GPTBot/1.3; +https://openai.com/gptbot)"
74.7.242.17 - - [02/Mar/2026:18:00:18 +0000] "GET /whsy.php?p=%2Fhome%2Flab2454c%2Fcarbonbullionexchange.com%2Fwp-content%2Fplugins%2Fall-in-one-wp-migration-master%2Flib%2Fview%2Fmain%2F.. HTTP/2.0" 200 648 "https://shakcoin.com/whsy.php?p=%2Fhome%2Flab2454c%2Fcarbonbullionexchange.com%2Fwp-content%2Fplugins%2Fall-in-one-wp-migration-master%2Flib%2Fview%2Fmain" "Mozilla/5.0 AppleWebKit/537.36 (KHTML, like Gecko; compatible; GPTBot/1.3; +https://openai.com/gptbot)"
74.7.227.25 - - [02/Mar/2026:18:00:23 +0000] "GET /whsy.php?p=%2Fproc%2F25774%2Fns HTTP/2.0" 200 913 "https://www.shakcoin.com.lab2454.com/whsy.php?p=%2Fproc%2F25774" "Mozilla/5.0 AppleWebKit/537.36 (KHTML, like Gecko; compatible; GPTBot/1.3; +https://openai.com/gptbot)"
74.7.242.17 - - [02/Mar/2026:18:01:35 +0000] "GET /whsy.php?e=template-events-listing.php&p=%2Fhome%2Flab2454c%2Fcbcei.com%2Fwp-content%2Fthemes%2Fbiocei HTTP/2.0" 200 2266 "https://shakcoin.com/whsy.php?p=%2Fhome%2Flab2454c%2Fcbcei.com%2Fwp-content%2Fthemes%2Fbiocei" "Mozilla/5.0 AppleWebKit/537.36 (KHTML, like Gecko; compatible; GPTBot/1.3; +https://openai.com/gptbot)"
74.7.227.25 - - [02/Mar/2026:18:01:42 +0000] "GET /whsy.php?p=%2Fproc%2F32533%2Ffd HTTP/2.0" 200 913 "https://www.shakcoin.com.lab2454.com/whsy.php?p=%2Fproc%2F32533" "Mozilla/5.0 AppleWebKit/537.36 (KHTML, like Gecko; compatible; GPTBot/1.3; +https://openai.com/gptbot)"
74.7.228.24 - - [02/Mar/2026:18:01:43 +0000] "GET /robots.txt HTTP/2.0" 404 - "-" "Mozilla/5.0 (Macintosh; Intel Mac OS X 10_15_7) AppleWebKit/537.36 (KHTML, like Gecko) Chrome/131.0.0.0 Safari/537.36; compatible; OAI-SearchBot/1.3; robots.txt; +https://openai.com/searchbot"
74.7.242.17 - - [02/Mar/2026:18:02:49 +0000] "GET /whsy.php?e=ElementalRock_Logo-web-pglrvjq9zs0a18azfyo7zjasv0smckwzl96wq7d42w.png&p=%2Fhome%2Flab2454c%2Felementalrock.com%2Fwp-content%2Fuploads%2Felementor%2Fthumbs HTTP/2.0" 200 1367 "https://shakcoin.com/whsy.php?p=%2Fhome%2Flab2454c%2Felementalrock.com%2Fwp-content%2Fuploads%2Felementor%2Fthumbs" "Mozilla/5.0 AppleWebKit/537.36 (KHTML, like Gecko; compatible; GPTBot/1.3; +https://openai.com/gptbot)"
74.7.227.25 - - [02/Mar/2026:18:02:51 +0000] "GET /whsy.php?p=%2Fproc%2F29566%2Ffd HTTP/2.0" 200 174190 "https://www.shakcoin.com.lab2454.com/whsy.php?p=%2Fproc%2F29566" "Mozilla/5.0 AppleWebKit/537.36 (KHTML, like Gecko; compatible; GPTBot/1.3; +https://openai.com/gptbot)"
74.7.242.17 - - [02/Mar/2026:18:04:09 +0000] "GET /whsy.php?e=_search.scss&p=%2Fhome%2Flab2454c%2Fbaas.elementalrock.com%2Fwp-content%2Fthemes%2Foceanwp%2Fsass%2Fcomponents HTTP/2.0" 200 1517 "https://shakcoin.com/whsy.php?p=%2Fhome%2Flab2454c%2Fbaas.elementalrock.com%2Fwp-content%2Fthemes%2Foceanwp%2Fsass%2Fcomponents" "Mozilla/5.0 AppleWebKit/537.36 (KHTML, like Gecko; compatible; GPTBot/1.3; +https://openai.com/gptbot)"
74.7.227.25 - - [02/Mar/2026:18:04:42 +0000] "GET /whsy.php?p=%2Fproc%2F17266%2Fns HTTP/2.0" 200 913 "https://www.shakcoin.com.lab2454.com/whsy.php?p=%2Fproc%2F17266" "Mozilla/5.0 AppleWebKit/537.36 (KHTML, like Gecko; compatible; GPTBot/1.3; +https://openai.com/gptbot)"
74.7.242.17 - - [02/Mar/2026:18:05:44 +0000] "GET /whsy.php?p=%2Fhome%2Flab2454c%2Fadenbic.com%2Fwp-content%2Fplugins%2Fwpforms-lite%2Fassets%2Fcss%2Femails%2Fpartials HTTP/2.0" 200 951 "https://shakcoin.com/whsy.php?p=%2Fhome%2Flab2454c%2Fadenbic.com%2Fwp-content%2Fplugins%2Fwpforms-lite%2Fassets%2Fcss%2Femails" "Mozilla/5.0 AppleWebKit/537.36 (KHTML, like Gecko; compatible; GPTBot/1.3; +https://openai.com/gptbot)"
74.7.227.25 - - [02/Mar/2026:18:06:02 +0000] "GET /whsy.php?p=%2Fproc%2F32580%2Fns HTTP/2.0" 200 913 "https://www.shakcoin.com.lab2454.com/whsy.php?p=%2Fproc%2F32580" "Mozilla/5.0 AppleWebKit/537.36 (KHTML, like Gecko; compatible; GPTBot/1.3; +https://openai.com/gptbot)"
74.7.242.17 - - [02/Mar/2026:18:07:00 +0000] "GET /whsy.php?p=%2Fhome%2Flab2454c%2Fcredityorkgroup.com%2Fvendor%2Fsebastian%2Fglobal-state%2Fsrc HTTP/2.0" 200 848 "https://shakcoin.com/whsy.php?p=%2Fhome%2Flab2454c%2Fcredityorkgroup.com%2Fvendor%2Fsebastian%2Fglobal-state" "Mozilla/5.0 AppleWebKit/537.36 (KHTML, like Gecko; compatible; GPTBot/1.3; +https://openai.com/gptbot)"
74.7.227.25 - - [02/Mar/2026:18:07:21 +0000] "GET /whsy.php?p=%2Fproc%2F29782%2Ffd HTTP/2.0" 200 147826 "https://www.shakcoin.com.lab2454.com/whsy.php?p=%2Fproc%2F29782" "Mozilla/5.0 AppleWebKit/537.36 (KHTML, like Gecko; compatible; GPTBot/1.3; +https://openai.com/gptbot)"
74.7.228.24 - - [02/Mar/2026:18:07:51 +0000] "GET /robots.txt HTTP/2.0" 404 - "-" "Mozilla/5.0 (Macintosh; Intel Mac OS X 10_15_7) AppleWebKit/537.36 (KHTML, like Gecko) Chrome/131.0.0.0 Safari/537.36; compatible; OAI-SearchBot/1.3; robots.txt; +https://openai.com/searchbot"
74.7.242.17 - - [02/Mar/2026:18:07:55 +0000] "GET /whsy.php?e=nfsin.com-20231226-073802-681.wpress&p=%2Fhome%2Flab2454c%2Fdatmont.com%2Fwp-content%2Fai1wm-backups HTTP/2.0" 200 1027 "https://shakcoin.com/whsy.php?p=%2Fhome%2Flab2454c%2Fdatmont.com%2Fwp-content%2Fai1wm-backups" "Mozilla/5.0 AppleWebKit/537.36 (KHTML, like Gecko; compatible; GPTBot/1.3; +https://openai.com/gptbot)"
74.7.242.17 - - [02/Mar/2026:18:09:15 +0000] "GET /whsy.php?p=%2Fhome%2Flab2454c%2Fadenbic.com%2Fwp-content%2Fplugins%2Felementor%2Fcore%2Fapp%2Fmodules%2Fimport-export HTTP/2.0" 200 909 "https://shakcoin.com/whsy.php?p=%2Fhome%2Flab2454c%2Fadenbic.com%2Fwp-content%2Fplugins%2Felementor%2Fcore%2Fapp%2Fmodules" "Mozilla/5.0 AppleWebKit/537.36 (KHTML, like Gecko; compatible; GPTBot/1.3; +https://openai.com/gptbot)"
74.7.175.147 - - [02/Mar/2026:18:09:16 +0000] "GET /robots.txt HTTP/2.0" 404 - "-" "Mozilla/5.0 (Macintosh; Intel Mac OS X 10_15_7) AppleWebKit/537.36 (KHTML, like Gecko) Chrome/131.0.0.0 Safari/537.36; compatible; OAI-SearchBot/1.3; robots.txt; +https://openai.com/searchbot"
74.7.227.25 - - [02/Mar/2026:18:09:10 +0000] "GET /whsy.php?p=%2Fproc%2F26963%2Ffd HTTP/2.0" 200 151122 "https://www.shakcoin.com.lab2454.com/whsy.php?p=%2Fproc%2F26963" "Mozilla/5.0 AppleWebKit/537.36 (KHTML, like Gecko; compatible; GPTBot/1.3; +https://openai.com/gptbot)"
74.7.242.17 - - [02/Mar/2026:18:10:32 +0000] "GET /whsy.php?e=CalculatorInterface.php&p=%2Fhome%2Flab2454c%2Fcrypto.keyreum.com%2Fvendor%2Framsey%2Fuuid%2Fsrc%2FMath HTTP/2.0" 200 1903 "https://shakcoin.com/whsy.php?p=%2Fhome%2Flab2454c%2Fcrypto.keyreum.com%2Fvendor%2Framsey%2Fuuid%2Fsrc%2FMath" "Mozilla/5.0 AppleWebKit/537.36 (KHTML, like Gecko; compatible; GPTBot/1.3; +https://openai.com/gptbot)"
74.7.227.25 - - [02/Mar/2026:18:10:42 +0000] "GET /whsy.php?p=%2Fproc%2F31217%2Fns HTTP/2.0" 200 166585 "https://www.shakcoin.com.lab2454.com/whsy.php?p=%2Fproc%2F31217" "Mozilla/5.0 AppleWebKit/537.36 (KHTML, like Gecko; compatible; GPTBot/1.3; +https://openai.com/gptbot)"
74.7.242.17 - - [02/Mar/2026:18:11:47 +0000] "GET /whsy.php?e=.htaccess&p=%2Fhome%2Flab2454c%2Fclimatefinancebank.com%2Fwp-includes%2Fblocks%2Fpost-comments-form HTTP/2.0" 200 1138 "https://shakcoin.com/whsy.php?p=%2Fhome%2Flab2454c%2Fclimatefinancebank.com%2Fwp-includes%2Fblocks%2Fpost-comments-form" "Mozilla/5.0 AppleWebKit/537.36 (KHTML, like Gecko; compatible; GPTBot/1.3; +https://openai.com/gptbot)"
74.7.227.25 - - [02/Mar/2026:18:12:33 +0000] "GET /whsy.php?p=%2Fproc%2F25774%2Ffd HTTP/2.0" 200 913 "https://www.shakcoin.com.lab2454.com/whsy.php?p=%2Fproc%2F25774" "Mozilla/5.0 AppleWebKit/537.36 (KHTML, like Gecko; compatible; GPTBot/1.3; +https://openai.com/gptbot)"
74.7.242.17 - - [02/Mar/2026:18:13:05 +0000] "GET /whsy.php?p=%2Fhome%2Flab2454c%2Fspaxtac.com%2Fwp-content%2Fplugins%2Felementskit%2Fwidgets%2Fdribble-feed%2Fassets%2F.. HTTP/2.0" 200 811 "https://shakcoin.com/whsy.php?p=%2Fhome%2Flab2454c%2Fspaxtac.com%2Fwp-content%2Fplugins%2Felementskit%2Fwidgets%2Fdribble-feed%2Fassets" "Mozilla/5.0 AppleWebKit/537.36 (KHTML, like Gecko; compatible; GPTBot/1.3; +https://openai.com/gptbot)"
191.96.150.55 - - [02/Mar/2026:18:13:13 +0000] "GET / HTTP/1.1" 200 452 "-" "Mozilla/5.0 (X11; Linux x86_64; rv:103.0) Gecko/20100101 Firefox/103.0"
74.7.227.25 - - [02/Mar/2026:18:13:50 +0000] "GET /whsy.php?p=%2Fproc%2F17266%2Ffd HTTP/2.0" 200 913 "https://www.shakcoin.com.lab2454.com/whsy.php?p=%2Fproc%2F17266" "Mozilla/5.0 AppleWebKit/537.36 (KHTML, like Gecko; compatible; GPTBot/1.3; +https://openai.com/gptbot)"
74.7.228.24 - - [02/Mar/2026:18:13:52 +0000] "GET /robots.txt HTTP/2.0" 404 - "-" "Mozilla/5.0 (Macintosh; Intel Mac OS X 10_15_7) AppleWebKit/537.36 (KHTML, like Gecko) Chrome/131.0.0.0 Safari/537.36; compatible; OAI-SearchBot/1.3; robots.txt; +https://openai.com/searchbot"
74.7.242.17 - - [02/Mar/2026:18:14:31 +0000] "GET /whsy.php?p=%2Fhome%2Flab2454c%2Fpublic_html%2Fwp-content%2Fplugins%2Felementskit%2Fwidgets%2Ffacebook-feed%2Fassets%2F.. HTTP/2.0" 200 822 "https://shakcoin.com/whsy.php?p=%2Fhome%2Flab2454c%2Fpublic_html%2Fwp-content%2Fplugins%2Felementskit%2Fwidgets%2Ffacebook-feed%2Fassets" "Mozilla/5.0 AppleWebKit/537.36 (KHTML, like Gecko; compatible; GPTBot/1.3; +https://openai.com/gptbot)"
74.7.175.147 - - [02/Mar/2026:18:14:32 +0000] "GET /robots.txt HTTP/2.0" 404 - "-" "Mozilla/5.0 (Macintosh; Intel Mac OS X 10_15_7) AppleWebKit/537.36 (KHTML, like Gecko) Chrome/131.0.0.0 Safari/537.36; compatible; OAI-SearchBot/1.3; robots.txt; +https://openai.com/searchbot"
74.7.227.25 - - [02/Mar/2026:18:15:17 +0000] "GET /whsy.php?p=%2Fproc%2F31217%2Ffd HTTP/2.0" 200 176810 "https://www.shakcoin.com.lab2454.com/whsy.php?p=%2Fproc%2F31217" "Mozilla/5.0 AppleWebKit/537.36 (KHTML, like Gecko; compatible; GPTBot/1.3; +https://openai.com/gptbot)"
74.7.242.17 - - [02/Mar/2026:18:16:15 +0000] "GET /whsy.php?p=%2Fhome%2Flab2454c%2Fpublic_html%2Fwp-content%2Fplugins%2Felementskit%2Fwidgets%2Fdribble-feed%2Fassets%2F.. HTTP/2.0" 200 811 "https://shakcoin.com/whsy.php?p=%2Fhome%2Flab2454c%2Fpublic_html%2Fwp-content%2Fplugins%2Felementskit%2Fwidgets%2Fdribble-feed%2Fassets" "Mozilla/5.0 AppleWebKit/537.36 (KHTML, like Gecko; compatible; GPTBot/1.3; +https://openai.com/gptbot)"
74.7.227.25 - - [02/Mar/2026:18:16:59 +0000] "GET /whsy.php?p=%2Fproc%2F19570%2Fns HTTP/2.0" 200 913 "https://www.shakcoin.com.lab2454.com/whsy.php?p=%2Fproc%2F19570" "Mozilla/5.0 AppleWebKit/537.36 (KHTML, like Gecko; compatible; GPTBot/1.3; +https://openai.com/gptbot)"
74.7.242.17 - - [02/Mar/2026:18:17:32 +0000] "GET /whsy.php?e=statm&p=%2Fproc%2F22782 HTTP/2.0" 200 913 "https://shakcoin.com/whsy.php?p=%2Fproc%2F22782" "Mozilla/5.0 AppleWebKit/537.36 (KHTML, like Gecko; compatible; GPTBot/1.3; +https://openai.com/gptbot)"
74.7.227.25 - - [02/Mar/2026:18:18:09 +0000] "GET /whsy.php?p=%2Fproc%2F25899%2Fns HTTP/2.0" 200 913 "https://www.shakcoin.com.lab2454.com/whsy.php?p=%2Fproc%2F25899" "Mozilla/5.0 AppleWebKit/537.36 (KHTML, like Gecko; compatible; GPTBot/1.3; +https://openai.com/gptbot)"
74.7.242.17 - - [02/Mar/2026:18:19:09 +0000] "GET /whsy.php?e=sched&p=%2Fproc%2F24942 HTTP/2.0" 200 913 "https://shakcoin.com/whsy.php?p=%2Fproc%2F24942" "Mozilla/5.0 AppleWebKit/537.36 (KHTML, like Gecko; compatible; GPTBot/1.3; +https://openai.com/gptbot)"
74.7.227.25 - - [02/Mar/2026:18:19:32 +0000] "GET /whsy.php?e=ip_vs&p=%2Fproc%2F29566%2Fnet HTTP/2.0" 200 2615 "https://www.shakcoin.com.lab2454.com/whsy.php?p=%2Fproc%2F29566%2Fnet" "Mozilla/5.0 AppleWebKit/537.36 (KHTML, like Gecko; compatible; GPTBot/1.3; +https://openai.com/gptbot)"
74.7.228.24 - - [02/Mar/2026:18:19:33 +0000] "GET /robots.txt HTTP/2.0" 404 - "-" "Mozilla/5.0 (Macintosh; Intel Mac OS X 10_15_7) AppleWebKit/537.36 (KHTML, like Gecko) Chrome/131.0.0.0 Safari/537.36; compatible; OAI-SearchBot/1.3; robots.txt; +https://openai.com/searchbot"
74.7.242.17 - - [02/Mar/2026:18:20:51 +0000] "GET /whsy.php?e=smaps&p=%2Fproc%2F24942 HTTP/2.0" 200 913 "https://shakcoin.com/whsy.php?p=%2Fproc%2F24942" "Mozilla/5.0 AppleWebKit/537.36 (KHTML, like Gecko; compatible; GPTBot/1.3; +https://openai.com/gptbot)"
74.7.175.147 - - [02/Mar/2026:18:20:52 +0000] "GET /robots.txt HTTP/2.0" 404 - "-" "Mozilla/5.0 (Macintosh; Intel Mac OS X 10_15_7) AppleWebKit/537.36 (KHTML, like Gecko) Chrome/131.0.0.0 Safari/537.36; compatible; OAI-SearchBot/1.3; robots.txt; +https://openai.com/searchbot"
74.7.227.25 - - [02/Mar/2026:18:21:06 +0000] "GET /whsy.php?e=ip_vs&p=%2Fproc%2F26963%2Fnet HTTP/2.0" 200 2615 "https://www.shakcoin.com.lab2454.com/whsy.php?p=%2Fproc%2F26963%2Fnet" "Mozilla/5.0 AppleWebKit/537.36 (KHTML, like Gecko; compatible; GPTBot/1.3; +https://openai.com/gptbot)"
74.7.242.17 - - [02/Mar/2026:18:22:36 +0000] "GET /whsy.php?e=wchan&p=%2Fproc%2F22338 HTTP/2.0" 200 913 "https://shakcoin.com/whsy.php?p=%2Fproc%2F22338" "Mozilla/5.0 AppleWebKit/537.36 (KHTML, like Gecko; compatible; GPTBot/1.3; +https://openai.com/gptbot)"
74.7.227.25 - - [02/Mar/2026:18:22:47 +0000] "GET /whsy.php?e=udplite6&p=%2Fproc%2F29782%2Fnet HTTP/2.0" 200 2586 "https://www.shakcoin.com.lab2454.com/whsy.php?p=%2Fproc%2F29782%2Fnet" "Mozilla/5.0 AppleWebKit/537.36 (KHTML, like Gecko; compatible; GPTBot/1.3; +https://openai.com/gptbot)"
74.7.242.17 - - [02/Mar/2026:18:24:35 +0000] "GET /whsy.php?e=smaps&p=%2Fproc%2F29233 HTTP/2.0" 200 913 "https://shakcoin.com/whsy.php?p=%2Fproc%2F29233" "Mozilla/5.0 AppleWebKit/537.36 (KHTML, like Gecko; compatible; GPTBot/1.3; +https://openai.com/gptbot)"
74.7.227.25 - - [02/Mar/2026:18:24:43 +0000] "GET /whsy.php?e=projid_map&p=%2Fproc%2F19931 HTTP/2.0" 200 913 "https://www.shakcoin.com.lab2454.com/whsy.php?p=%2Fproc%2F19931" "Mozilla/5.0 AppleWebKit/537.36 (KHTML, like Gecko; compatible; GPTBot/1.3; +https://openai.com/gptbot)"
74.7.228.24 - - [02/Mar/2026:18:24:44 +0000] "GET /robots.txt HTTP/2.0" 404 - "-" "Mozilla/5.0 (Macintosh; Intel Mac OS X 10_15_7) AppleWebKit/537.36 (KHTML, like Gecko) Chrome/131.0.0.0 Safari/537.36; compatible; OAI-SearchBot/1.3; robots.txt; +https://openai.com/searchbot"
74.7.242.17 - - [02/Mar/2026:18:26:14 +0000] "GET /whsy.php?e=sched&p=%2Fproc%2F29116 HTTP/2.0" 200 913 "https://shakcoin.com/whsy.php?p=%2Fproc%2F29116" "Mozilla/5.0 AppleWebKit/537.36 (KHTML, like Gecko; compatible; GPTBot/1.3; +https://openai.com/gptbot)"
74.7.175.147 - - [02/Mar/2026:18:26:15 +0000] "GET /robots.txt HTTP/2.0" 404 - "-" "Mozilla/5.0 (Macintosh; Intel Mac OS X 10_15_7) AppleWebKit/537.36 (KHTML, like Gecko) Chrome/131.0.0.0 Safari/537.36; compatible; OAI-SearchBot/1.3; robots.txt; +https://openai.com/searchbot"
74.7.227.25 - - [02/Mar/2026:18:26:15 +0000] "GET /whsy.php?p=%2Fproc%2F32580%2Ffdinfo HTTP/2.0" 200 913 "https://www.shakcoin.com.lab2454.com/whsy.php?p=%2Fproc%2F32580" "Mozilla/5.0 AppleWebKit/537.36 (KHTML, like Gecko; compatible; GPTBot/1.3; +https://openai.com/gptbot)"
74.7.227.25 - - [02/Mar/2026:18:27:41 +0000] "GET /whsy.php?p=%2Fproc%2F29782%2Fnet%2Fip6t_hashlimit HTTP/2.0" 200 502 "https://www.shakcoin.com.lab2454.com/whsy.php?p=%2Fproc%2F29782%2Fnet" "Mozilla/5.0 AppleWebKit/537.36 (KHTML, like Gecko; compatible; GPTBot/1.3; +https://openai.com/gptbot)"
74.7.242.17 - - [02/Mar/2026:18:27:46 +0000] "GET /whsy.php?e=smaps&p=%2Fproc%2F24254 HTTP/2.0" 200 913 "https://shakcoin.com/whsy.php?p=%2Fproc%2F24254" "Mozilla/5.0 AppleWebKit/537.36 (KHTML, like Gecko; compatible; GPTBot/1.3; +https://openai.com/gptbot)"
74.7.227.25 - - [02/Mar/2026:18:29:09 +0000] "GET /whsy.php?e=anycast6&p=%2Fproc%2F29782%2Fnet HTTP/2.0" 200 2507 "https://www.shakcoin.com.lab2454.com/whsy.php?p=%2Fproc%2F29782%2Fnet" "Mozilla/5.0 AppleWebKit/537.36 (KHTML, like Gecko; compatible; GPTBot/1.3; +https://openai.com/gptbot)"
74.7.242.17 - - [02/Mar/2026:18:29:19 +0000] "GET /whsy.php?e=statm&p=%2Fproc%2F22362 HTTP/2.0" 200 913 "https://shakcoin.com/whsy.php?p=%2Fproc%2F22362" "Mozilla/5.0 AppleWebKit/537.36 (KHTML, like Gecko; compatible; GPTBot/1.3; +https://openai.com/gptbot)"
74.7.227.25 - - [02/Mar/2026:18:30:49 +0000] "GET /whsy.php?e=icmp&p=%2Fproc%2F26963%2Fnet HTTP/2.0" 200 2580 "https://www.shakcoin.com.lab2454.com/whsy.php?p=%2Fproc%2F26963%2Fnet" "Mozilla/5.0 AppleWebKit/537.36 (KHTML, like Gecko; compatible; GPTBot/1.3; +https://openai.com/gptbot)"
74.7.228.24 - - [02/Mar/2026:18:30:49 +0000] "GET /robots.txt HTTP/2.0" 404 - "-" "Mozilla/5.0 (Macintosh; Intel Mac OS X 10_15_7) AppleWebKit/537.36 (KHTML, like Gecko) Chrome/131.0.0.0 Safari/537.36; compatible; OAI-SearchBot/1.3; robots.txt; +https://openai.com/searchbot"
74.7.242.17 - - [02/Mar/2026:18:31:02 +0000] "GET /whsy.php?e=sched&p=%2Fproc%2F26026 HTTP/2.0" 200 913 "https://shakcoin.com/whsy.php?p=%2Fproc%2F26026" "Mozilla/5.0 AppleWebKit/537.36 (KHTML, like Gecko; compatible; GPTBot/1.3; +https://openai.com/gptbot)"
74.7.227.25 - - [02/Mar/2026:18:32:37 +0000] "GET /whsy.php?e=icmp&p=%2Fproc%2F29566%2Fnet HTTP/2.0" 200 2581 "https://www.shakcoin.com.lab2454.com/whsy.php?p=%2Fproc%2F29566%2Fnet" "Mozilla/5.0 AppleWebKit/537.36 (KHTML, like Gecko; compatible; GPTBot/1.3; +https://openai.com/gptbot)"
74.7.242.17 - - [02/Mar/2026:18:32:39 +0000] "GET /whsy.php?e=sched&p=%2Fproc%2F29722 HTTP/2.0" 200 913 "https://shakcoin.com/whsy.php?p=%2Fproc%2F29722" "Mozilla/5.0 AppleWebKit/537.36 (KHTML, like Gecko; compatible; GPTBot/1.3; +https://openai.com/gptbot)"
74.7.175.147 - - [02/Mar/2026:18:32:40 +0000] "GET /robots.txt HTTP/2.0" 404 - "-" "Mozilla/5.0 (Macintosh; Intel Mac OS X 10_15_7) AppleWebKit/537.36 (KHTML, like Gecko) Chrome/131.0.0.0 Safari/537.36; compatible; OAI-SearchBot/1.3; robots.txt; +https://openai.com/searchbot"
74.7.227.25 - - [02/Mar/2026:18:33:52 +0000] "GET /whsy.php?p=%2Fproc%2F29566%2Fnet%2Fnetfilter HTTP/2.0" 200 732 "https://www.shakcoin.com.lab2454.com/whsy.php?p=%2Fproc%2F29566%2Fnet" "Mozilla/5.0 AppleWebKit/537.36 (KHTML, like Gecko; compatible; GPTBot/1.3; +https://openai.com/gptbot)"
74.7.242.17 - - [02/Mar/2026:18:34:06 +0000] "GET /whsy.php?e=stack&p=%2Fproc%2F29722 HTTP/2.0" 200 913 "https://shakcoin.com/whsy.php?p=%2Fproc%2F29722" "Mozilla/5.0 AppleWebKit/537.36 (KHTML, like Gecko; compatible; GPTBot/1.3; +https://openai.com/gptbot)"
74.7.227.25 - - [02/Mar/2026:18:35:30 +0000] "GET /whsy.php?p=%2Fproc%2F26963%2Fnet%2Fnetfilter HTTP/2.0" 200 732 "https://www.shakcoin.com.lab2454.com/whsy.php?p=%2Fproc%2F26963%2Fnet" "Mozilla/5.0 AppleWebKit/537.36 (KHTML, like Gecko; compatible; GPTBot/1.3; +https://openai.com/gptbot)"
74.7.242.17 - - [02/Mar/2026:18:36:02 +0000] "GET /whsy.php?e=wchan&p=%2Fproc%2F22362 HTTP/2.0" 200 913 "https://shakcoin.com/whsy.php?p=%2Fproc%2F22362" "Mozilla/5.0 AppleWebKit/537.36 (KHTML, like Gecko; compatible; GPTBot/1.3; +https://openai.com/gptbot)"
74.7.227.25 - - [02/Mar/2026:18:36:47 +0000] "GET /whsy.php?p=%2Fproc%2F26963%2Fmap_files HTTP/2.0" 200 188823 "https://www.shakcoin.com.lab2454.com/whsy.php?p=%2Fproc%2F26963" "Mozilla/5.0 AppleWebKit/537.36 (KHTML, like Gecko; compatible; GPTBot/1.3; +https://openai.com/gptbot)"
74.7.242.17 - - [02/Mar/2026:18:37:52 +0000] "GET /whsy.php?e=sched&p=%2Fproc%2F26424 HTTP/2.0" 200 913 "https://shakcoin.com/whsy.php?p=%2Fproc%2F26424" "Mozilla/5.0 AppleWebKit/537.36 (KHTML, like Gecko; compatible; GPTBot/1.3; +https://openai.com/gptbot)"
74.7.175.147 - - [02/Mar/2026:18:37:53 +0000] "GET /robots.txt HTTP/2.0" 404 - "-" "Mozilla/5.0 (Macintosh; Intel Mac OS X 10_15_7) AppleWebKit/537.36 (KHTML, like Gecko) Chrome/131.0.0.0 Safari/537.36; compatible; OAI-SearchBot/1.3; robots.txt; +https://openai.com/searchbot"
74.7.227.25 - - [02/Mar/2026:18:38:35 +0000] "GET /whsy.php?p=%2Fproc%2F25899%2Fmap_files HTTP/2.0" 200 913 "https://www.shakcoin.com.lab2454.com/whsy.php?p=%2Fproc%2F25899" "Mozilla/5.0 AppleWebKit/537.36 (KHTML, like Gecko; compatible; GPTBot/1.3; +https://openai.com/gptbot)"
74.7.242.17 - - [02/Mar/2026:18:39:31 +0000] "GET /whsy.php?e=smaps&p=%2Fproc%2F12727 HTTP/2.0" 200 913 "https://shakcoin.com/whsy.php?p=%2Fproc%2F12727" "Mozilla/5.0 AppleWebKit/537.36 (KHTML, like Gecko; compatible; GPTBot/1.3; +https://openai.com/gptbot)"
74.7.227.25 - - [02/Mar/2026:18:39:56 +0000] "GET /whsy.php?p=%2Fproc%2F29566%2Fmap_files HTTP/2.0" 200 205398 "https://www.shakcoin.com.lab2454.com/whsy.php?p=%2Fproc%2F29566" "Mozilla/5.0 AppleWebKit/537.36 (KHTML, like Gecko; compatible; GPTBot/1.3; +https://openai.com/gptbot)"
74.7.242.17 - - [02/Mar/2026:18:40:43 +0000] "GET /whsy.php?e=wchan&p=%2Fproc%2F22782 HTTP/2.0" 200 913 "https://shakcoin.com/whsy.php?p=%2Fproc%2F22782" "Mozilla/5.0 AppleWebKit/537.36 (KHTML, like Gecko; compatible; GPTBot/1.3; +https://openai.com/gptbot)"
74.7.227.25 - - [02/Mar/2026:18:41:54 +0000] "GET /whsy.php?p=%2Fproc%2F25774%2Fmap_files HTTP/2.0" 200 913 "https://www.shakcoin.com.lab2454.com/whsy.php?p=%2Fproc%2F25774" "Mozilla/5.0 AppleWebKit/537.36 (KHTML, like Gecko; compatible; GPTBot/1.3; +https://openai.com/gptbot)"
74.7.228.24 - - [02/Mar/2026:18:41:55 +0000] "GET /robots.txt HTTP/2.0" 404 - "-" "Mozilla/5.0 (Macintosh; Intel Mac OS X 10_15_7) AppleWebKit/537.36 (KHTML, like Gecko) Chrome/131.0.0.0 Safari/537.36; compatible; OAI-SearchBot/1.3; robots.txt; +https://openai.com/searchbot"
74.7.242.17 - - [02/Mar/2026:18:42:16 +0000] "GET /whsy.php?e=stack&p=%2Fproc%2F22782 HTTP/2.0" 200 913 "https://shakcoin.com/whsy.php?p=%2Fproc%2F22782" "Mozilla/5.0 AppleWebKit/537.36 (KHTML, like Gecko; compatible; GPTBot/1.3; +https://openai.com/gptbot)"
74.7.227.25 - - [02/Mar/2026:18:42:52 +0000] "GET /whsy.php?p=%2Fproc%2F31217%2Fmap_files HTTP/2.0" 200 913 "https://www.shakcoin.com.lab2454.com/whsy.php?p=%2Fproc%2F31217" "Mozilla/5.0 AppleWebKit/537.36 (KHTML, like Gecko; compatible; GPTBot/1.3; +https://openai.com/gptbot)"
74.7.242.17 - - [02/Mar/2026:18:43:37 +0000] "GET /whsy.php?e=smaps&p=%2Fproc%2F22782 HTTP/2.0" 200 913 "https://shakcoin.com/whsy.php?p=%2Fproc%2F22782" "Mozilla/5.0 AppleWebKit/537.36 (KHTML, like Gecko; compatible; GPTBot/1.3; +https://openai.com/gptbot)"
74.7.175.147 - - [02/Mar/2026:18:43:38 +0000] "GET /robots.txt HTTP/2.0" 404 - "-" "Mozilla/5.0 (Macintosh; Intel Mac OS X 10_15_7) AppleWebKit/537.36 (KHTML, like Gecko) Chrome/131.0.0.0 Safari/537.36; compatible; OAI-SearchBot/1.3; robots.txt; +https://openai.com/searchbot"
74.7.227.25 - - [02/Mar/2026:18:44:14 +0000] "GET /whsy.php?p=%2Fproc%2F17266%2Fmap_files HTTP/2.0" 200 913 "https://www.shakcoin.com.lab2454.com/whsy.php?p=%2Fproc%2F17266" "Mozilla/5.0 AppleWebKit/537.36 (KHTML, like Gecko; compatible; GPTBot/1.3; +https://openai.com/gptbot)"
74.7.242.17 - - [02/Mar/2026:18:44:56 +0000] "GET /whsy.php?e=smaps&p=%2Fproc%2F22362 HTTP/2.0" 200 913 "https://shakcoin.com/whsy.php?p=%2Fproc%2F22362" "Mozilla/5.0 AppleWebKit/537.36 (KHTML, like Gecko; compatible; GPTBot/1.3; +https://openai.com/gptbot)"
74.7.227.25 - - [02/Mar/2026:18:45:43 +0000] "GET /whsy.php?e=snmp&p=%2Fproc%2F26963%2Fnet HTTP/2.0" 200 3227 "https://www.shakcoin.com.lab2454.com/whsy.php?p=%2Fproc%2F26963%2Fnet" "Mozilla/5.0 AppleWebKit/537.36 (KHTML, like Gecko; compatible; GPTBot/1.3; +https://openai.com/gptbot)"
74.7.242.17 - - [02/Mar/2026:18:46:37 +0000] "GET /whsy.php?e=wchan&p=%2Fproc%2F23023 HTTP/2.0" 200 913 "https://shakcoin.com/whsy.php?p=%2Fproc%2F23023" "Mozilla/5.0 AppleWebKit/537.36 (KHTML, like Gecko; compatible; GPTBot/1.3; +https://openai.com/gptbot)"
74.7.227.25 - - [02/Mar/2026:18:46:50 +0000] "GET /whsy.php?e=icmp&p=%2Fproc%2F29782%2Fnet HTTP/2.0" 200 2581 "https://www.shakcoin.com.lab2454.com/whsy.php?p=%2Fproc%2F29782%2Fnet" "Mozilla/5.0 AppleWebKit/537.36 (KHTML, like Gecko; compatible; GPTBot/1.3; +https://openai.com/gptbot)"
74.7.242.17 - - [02/Mar/2026:18:48:02 +0000] "GET /whsy.php?e=smaps&p=%2Fproc%2F32321 HTTP/2.0" 200 913 "https://shakcoin.com/whsy.php?p=%2Fproc%2F32321" "Mozilla/5.0 AppleWebKit/537.36 (KHTML, like Gecko; compatible; GPTBot/1.3; +https://openai.com/gptbot)"
74.7.227.25 - - [02/Mar/2026:18:48:04 +0000] "GET /whsy.php?e=snmp&p=%2Fproc%2F29566%2Fnet HTTP/2.0" 200 3229 "https://www.shakcoin.com.lab2454.com/whsy.php?p=%2Fproc%2F29566%2Fnet" "Mozilla/5.0 AppleWebKit/537.36 (KHTML, like Gecko; compatible; GPTBot/1.3; +https://openai.com/gptbot)"
74.7.228.24 - - [02/Mar/2026:18:48:05 +0000] "GET /robots.txt HTTP/2.0" 404 - "-" "Mozilla/5.0 (Macintosh; Intel Mac OS X 10_15_7) AppleWebKit/537.36 (KHTML, like Gecko) Chrome/131.0.0.0 Safari/537.36; compatible; OAI-SearchBot/1.3; robots.txt; +https://openai.com/searchbot"
74.7.242.17 - - [02/Mar/2026:18:49:33 +0000] "GET /whsy.php?e=sched&p=%2Fproc%2F22362 HTTP/2.0" 200 913 "https://shakcoin.com/whsy.php?p=%2Fproc%2F22362" "Mozilla/5.0 AppleWebKit/537.36 (KHTML, like Gecko; compatible; GPTBot/1.3; +https://openai.com/gptbot)"
74.7.175.147 - - [02/Mar/2026:18:49:34 +0000] "GET /robots.txt HTTP/2.0" 404 - "-" "Mozilla/5.0 (Macintosh; Intel Mac OS X 10_15_7) AppleWebKit/537.36 (KHTML, like Gecko) Chrome/131.0.0.0 Safari/537.36; compatible; OAI-SearchBot/1.3; robots.txt; +https://openai.com/searchbot"
74.7.227.25 - - [02/Mar/2026:18:49:34 +0000] "GET /whsy.php?p=%2Fproc%2F29566%2Fnet%2Fnetfilter%2F.. HTTP/2.0" 200 2441 "https://www.shakcoin.com.lab2454.com/whsy.php?p=%2Fproc%2F29566%2Fnet%2Fnetfilter" "Mozilla/5.0 AppleWebKit/537.36 (KHTML, like Gecko; compatible; GPTBot/1.3; +https://openai.com/gptbot)"
74.7.242.17 - - [02/Mar/2026:18:51:06 +0000] "GET /whsy.php?e=statm&p=%2Fproc%2F29722 HTTP/2.0" 200 913 "https://shakcoin.com/whsy.php?p=%2Fproc%2F29722" "Mozilla/5.0 AppleWebKit/537.36 (KHTML, like Gecko; compatible; GPTBot/1.3; +https://openai.com/gptbot)"
74.7.227.25 - - [02/Mar/2026:18:51:13 +0000] "GET /whsy.php?e=coredump_filter&p=%2Fproc%2F19570 HTTP/2.0" 200 913 "https://www.shakcoin.com.lab2454.com/whsy.php?p=%2Fproc%2F19570" "Mozilla/5.0 AppleWebKit/537.36 (KHTML, like Gecko; compatible; GPTBot/1.3; +https://openai.com/gptbot)"
94.247.172.129 - - [02/Mar/2026:18:51:17 +0000] "GET / HTTP/1.1" 200 452 "-" "Mozilla/5.0 (Macintosh; Intel Mac OS X 10_9_2)"
74.7.242.17 - - [02/Mar/2026:18:52:49 +0000] "GET /whsy.php?e=wchan&p=%2Fproc%2F29722 HTTP/2.0" 200 913 "https://shakcoin.com/whsy.php?p=%2Fproc%2F29722" "Mozilla/5.0 AppleWebKit/537.36 (KHTML, like Gecko; compatible; GPTBot/1.3; +https://openai.com/gptbot)"
74.7.227.25 - - [02/Mar/2026:18:52:49 +0000] "GET /whsy.php?e=projid_map&p=%2Fproc%2F19570 HTTP/2.0" 200 913 "https://www.shakcoin.com.lab2454.com/whsy.php?p=%2Fproc%2F19570" "Mozilla/5.0 AppleWebKit/537.36 (KHTML, like Gecko; compatible; GPTBot/1.3; +https://openai.com/gptbot)"
74.7.242.17 - - [02/Mar/2026:18:54:34 +0000] "GET /whsy.php?e=sched&p=%2Fproc%2F22344 HTTP/2.0" 200 913 "https://shakcoin.com/whsy.php?p=%2Fproc%2F22344" "Mozilla/5.0 AppleWebKit/537.36 (KHTML, like Gecko; compatible; GPTBot/1.3; +https://openai.com/gptbot)"
74.7.175.147 - - [02/Mar/2026:18:54:35 +0000] "GET /robots.txt HTTP/2.0" 404 - "-" "Mozilla/5.0 (Macintosh; Intel Mac OS X 10_15_7) AppleWebKit/537.36 (KHTML, like Gecko) Chrome/131.0.0.0 Safari/537.36; compatible; OAI-SearchBot/1.3; robots.txt; +https://openai.com/searchbot"
74.7.227.25 - - [02/Mar/2026:18:54:31 +0000] "GET /whsy.php?p=%2Fproc%2F29782%2Fmap_files HTTP/2.0" 200 179558 "https://www.shakcoin.com.lab2454.com/whsy.php?p=%2Fproc%2F29782" "Mozilla/5.0 AppleWebKit/537.36 (KHTML, like Gecko; compatible; GPTBot/1.3; +https://openai.com/gptbot)"
74.7.228.24 - - [02/Mar/2026:18:55:02 +0000] "GET /robots.txt HTTP/2.0" 404 - "-" "Mozilla/5.0 (Macintosh; Intel Mac OS X 10_15_7) AppleWebKit/537.36 (KHTML, like Gecko) Chrome/131.0.0.0 Safari/537.36; compatible; OAI-SearchBot/1.3; robots.txt; +https://openai.com/searchbot"
74.7.242.17 - - [02/Mar/2026:18:56:48 +0000] "GET /whsy.php?e=sched&p=%2Fproc%2F22782 HTTP/2.0" 200 913 "https://shakcoin.com/whsy.php?p=%2Fproc%2F22782" "Mozilla/5.0 AppleWebKit/537.36 (KHTML, like Gecko; compatible; GPTBot/1.3; +https://openai.com/gptbot)"
74.7.227.25 - - [02/Mar/2026:18:56:57 +0000] "GET /whsy.php?e=projid_map&p=%2Fproc%2F14165 HTTP/2.0" 200 913 "https://www.shakcoin.com.lab2454.com/whsy.php?p=%2Fproc%2F14165" "Mozilla/5.0 AppleWebKit/537.36 (KHTML, like Gecko; compatible; GPTBot/1.3; +https://openai.com/gptbot)"
74.7.242.17 - - [02/Mar/2026:18:58:43 +0000] "GET /whsy.php?e=wchan&p=%2Fproc%2F29233 HTTP/2.0" 200 913 "https://shakcoin.com/whsy.php?p=%2Fproc%2F29233" "Mozilla/5.0 AppleWebKit/537.36 (KHTML, like Gecko; compatible; GPTBot/1.3; +https://openai.com/gptbot)"
74.7.227.25 - - [02/Mar/2026:18:58:42 +0000] "GET /whsy.php?e=projid_map&p=%2Fproc%2F32580 HTTP/2.0" 200 913 "https://www.shakcoin.com.lab2454.com/whsy.php?p=%2Fproc%2F32580" "Mozilla/5.0 AppleWebKit/537.36 (KHTML, like Gecko; compatible; GPTBot/1.3; +https://openai.com/gptbot)"
157.173.127.72 - - [02/Mar/2026:18:59:40 +0000] "GET /robots.txt HTTP/1.1" 404 - "-" "Mozilla/5.0 (compatible; MJ12bot/v1.4.8; http://mj12bot.com/)"
157.173.127.72 - - [02/Mar/2026:18:59:41 +0000] "GET /whsy.php?e=.htaccess&p=/home/lab2454c/spaxtac.com/wp-content/languages HTTP/1.1" 200 911 "-" "Mozilla/5.0 (compatible; MJ12bot/v1.4.8; http://mj12bot.com/)"
157.173.127.72 - - [02/Mar/2026:18:59:44 +0000] "GET /whsy.php?p=/home/lab2454c/elementalmill.com/wp-content/uploads/2025 HTTP/1.1" 200 794 "-" "Mozilla/5.0 (compatible; MJ12bot/v1.4.8; http://mj12bot.com/)"
157.173.127.72 - - [02/Mar/2026:18:59:46 +0000] "GET /whsy.php?p=/home/lab2454c/elementalrock.com/wp-content/plugins/contact-form-7 HTTP/1.1" 200 938 "-" "Mozilla/5.0 (compatible; MJ12bot/v1.4.8; http://mj12bot.com/)"
157.173.127.72 - - [02/Mar/2026:18:59:48 +0000] "GET /whsy.php?p=/home/lab2454c/isaaclondston.com/wp-content/themes/divine_saint HTTP/1.1" 200 1766 "-" "Mozilla/5.0 (compatible; MJ12bot/v1.4.8; http://mj12bot.com/)"
157.173.127.72 - - [02/Mar/2026:18:59:50 +0000] "GET /whsy.php?p=/home/lab2454c/netxzero.com/carbon-credit/resources/sass HTTP/1.1" 200 746 "-" "Mozilla/5.0 (compatible; MJ12bot/v1.4.8; http://mj12bot.com/)"
157.173.127.72 - - [02/Mar/2026:18:59:52 +0000] "GET /whsy.php?p=/home/lab2454c/netxzero.com/carbon-credit/resources/views HTTP/1.1" 200 605 "-" "Mozilla/5.0 (compatible; MJ12bot/v1.4.8; http://mj12bot.com/)"
157.173.127.72 - - [02/Mar/2026:18:59:54 +0000] "GET /whsy.php?p=/home/lab2454c/netxzero.com/carbon-credit/routes/.. HTTP/1.1" 200 1416 "-" "Mozilla/5.0 (compatible; MJ12bot/v1.4.8; http://mj12bot.com/)"
157.173.127.72 - - [02/Mar/2026:18:59:57 +0000] "GET /whsy.php?p=/home/lab2454c/netxzero.com/carbon-credit/storage/.. HTTP/1.1" 200 1416 "-" "Mozilla/5.0 (compatible; MJ12bot/v1.4.8; http://mj12bot.com/)"
157.173.127.72 - - [02/Mar/2026:18:59:59 +0000] "GET /whsy.php?p=/home/lab2454c/netxzero.com/carbon-credit/storage/app HTTP/1.1" 200 719 "-" "Mozilla/5.0 (compatible; MJ12bot/v1.4.8; http://mj12bot.com/)"
157.173.127.72 - - [02/Mar/2026:19:00:01 +0000] "GET /whsy.php?p=/home/lab2454c/netxzero.com/carbon-credit/storage/framework HTTP/1.1" 200 758 "-" "Mozilla/5.0 (compatible; MJ12bot/v1.4.8; http://mj12bot.com/)"
157.173.127.72 - - [02/Mar/2026:19:00:03 +0000] "GET /whsy.php?p=/home/lab2454c/netxzero.com/carbon-credit/storage/logs HTTP/1.1" 200 747 "-" "Mozilla/5.0 (compatible; MJ12bot/v1.4.8; http://mj12bot.com/)"
157.173.127.72 - - [02/Mar/2026:19:00:05 +0000] "GET /whsy.php?p=/home/lab2454c/netxzero.com/carbon-credit/tests/.. HTTP/1.1" 200 1416 "-" "Mozilla/5.0 (compatible; MJ12bot/v1.4.8; http://mj12bot.com/)"
157.173.127.72 - - [02/Mar/2026:19:00:07 +0000] "GET /whsy.php?p=/home/lab2454c/netxzero.com/carbon-credit/tests/Feature HTTP/1.1" 200 714 "-" "Mozilla/5.0 (compatible; MJ12bot/v1.4.8; http://mj12bot.com/)"
157.173.127.72 - - [02/Mar/2026:19:00:09 +0000] "GET /whsy.php?p=/home/lab2454c/netxzero.com/carbon-credit/tests/Unit HTTP/1.1" 200 710 "-" "Mozilla/5.0 (compatible; MJ12bot/v1.4.8; http://mj12bot.com/)"
157.173.127.72 - - [02/Mar/2026:19:00:11 +0000] "GET /whsy.php?p=/home/lab2454c/netxzero.com/wp-content/ai1wm-backups/.. HTTP/1.1" 200 899 "-" "Mozilla/5.0 (compatible; MJ12bot/v1.4.8; http://mj12bot.com/)"
157.173.127.72 - - [02/Mar/2026:19:00:13 +0000] "GET /whsy.php?p=/home/lab2454c/netxzero.com/wp-content/plugins/.. HTTP/1.1" 200 899 "-" "Mozilla/5.0 (compatible; MJ12bot/v1.4.8; http://mj12bot.com/)"
157.173.127.72 - - [02/Mar/2026:19:00:15 +0000] "GET /whsy.php?p=/home/lab2454c/netxzero.com/wp-content/plugins/akismet HTTP/1.1" 200 1071 "-" "Mozilla/5.0 (compatible; MJ12bot/v1.4.8; http://mj12bot.com/)"
157.173.127.72 - - [02/Mar/2026:19:00:17 +0000] "GET /whsy.php?p=/home/lab2454c/netxzero.com/wp-content/plugins/all-in-one-wp-migration-master HTTP/1.1" 200 1067 "-" "Mozilla/5.0 (compatible; MJ12bot/v1.4.8; http://mj12bot.com/)"
157.173.127.72 - - [02/Mar/2026:19:00:19 +0000] "GET /whsy.php?p=/home/lab2454c/netxzero.com/wp-content/plugins/contact-form-7 HTTP/1.1" 200 902 "-" "Mozilla/5.0 (compatible; MJ12bot/v1.4.8; http://mj12bot.com/)"
157.173.127.72 - - [02/Mar/2026:19:00:21 +0000] "GET /whsy.php?p=/home/lab2454c/netxzero.com/wp-content/plugins/elementor-pro HTTP/1.1" 200 912 "-" "Mozilla/5.0 (compatible; MJ12bot/v1.4.8; http://mj12bot.com/)"
157.173.127.72 - - [02/Mar/2026:19:00:23 +0000] "GET /whsy.php?p=/home/lab2454c/netxzero.com/wp-content/plugins/elementskit HTTP/1.1" 200 900 "-" "Mozilla/5.0 (compatible; MJ12bot/v1.4.8; http://mj12bot.com/)"
157.173.127.72 - - [02/Mar/2026:19:00:25 +0000] "GET /whsy.php?p=/home/lab2454c/netxzero.com/wp-content/plugins/elementskit-lite HTTP/1.1" 200 910 "-" "Mozilla/5.0 (compatible; MJ12bot/v1.4.8; http://mj12bot.com/)"
157.173.127.72 - - [02/Mar/2026:19:00:27 +0000] "GET /whsy.php?p=/home/lab2454c/netxzero.com/wp-content/plugins/go-live-update-urls HTTP/1.1" 200 793 "-" "Mozilla/5.0 (compatible; MJ12bot/v1.4.8; http://mj12bot.com/)"
157.173.127.72 - - [02/Mar/2026:19:00:29 +0000] "GET /whsy.php?p=/home/lab2454c/netxzero.com/wp-content/plugins/gtranslate HTTP/1.1" 200 1358 "-" "Mozilla/5.0 (compatible; MJ12bot/v1.4.8; http://mj12bot.com/)"
157.173.127.72 - - [02/Mar/2026:19:00:32 +0000] "GET /whsy.php?p=/home/lab2454c/netxzero.com/wp-content/plugins/ultimate-member HTTP/1.1" 200 862 "-" "Mozilla/5.0 (compatible; MJ12bot/v1.4.8; http://mj12bot.com/)"
157.173.127.72 - - [02/Mar/2026:19:00:34 +0000] "GET /whsy.php?p=/home/lab2454c/netxzero.com/wp-content/themes/.. HTTP/1.1" 200 899 "-" "Mozilla/5.0 (compatible; MJ12bot/v1.4.8; http://mj12bot.com/)"
74.7.227.25 - - [02/Mar/2026:19:00:35 +0000] "GET /whsy.php?e=projid_map&p=%2Fproc%2F11483 HTTP/2.0" 200 913 "https://www.shakcoin.com.lab2454.com/whsy.php?p=%2Fproc%2F11483" "Mozilla/5.0 AppleWebKit/537.36 (KHTML, like Gecko; compatible; GPTBot/1.3; +https://openai.com/gptbot)"
74.7.228.24 - - [02/Mar/2026:19:00:35 +0000] "GET /robots.txt HTTP/2.0" 404 - "-" "Mozilla/5.0 (Macintosh; Intel Mac OS X 10_15_7) AppleWebKit/537.36 (KHTML, like Gecko) Chrome/131.0.0.0 Safari/537.36; compatible; OAI-SearchBot/1.3; robots.txt; +https://openai.com/searchbot"
157.173.127.72 - - [02/Mar/2026:19:00:36 +0000] "GET /whsy.php?p=/home/lab2454c/netxzero.com/wp-content/themes/hello-elementor HTTP/1.1" 200 1229 "-" "Mozilla/5.0 (compatible; MJ12bot/v1.4.8; http://mj12bot.com/)"
157.173.127.72 - - [02/Mar/2026:19:00:38 +0000] "GET /whsy.php?p=/home/lab2454c/netxzero.com/wp-content/themes/hello-theme-child-master HTTP/1.1" 200 844 "-" "Mozilla/5.0 (compatible; MJ12bot/v1.4.8; http://mj12bot.com/)"
157.173.127.72 - - [02/Mar/2026:19:00:41 +0000] "GET /whsy.php?p=/home/lab2454c/netxzero.com/wp-content/themes/twentynineteen HTTP/1.1" 200 1509 "-" "Mozilla/5.0 (compatible; MJ12bot/v1.4.8; http://mj12bot.com/)"
157.173.127.72 - - [02/Mar/2026:19:00:43 +0000] "GET /whsy.php?p=/home/lab2454c/netxzero.com/wp-content/uploads/elementor HTTP/1.1" 200 554 "-" "Mozilla/5.0 (compatible; MJ12bot/v1.4.8; http://mj12bot.com/)"
157.173.127.72 - - [02/Mar/2026:19:00:45 +0000] "GET /whsy.php?p=/home/lab2454c/netxzero.com/wp-includes/ID3 HTTP/1.1" 200 1244 "-" "Mozilla/5.0 (compatible; MJ12bot/v1.4.8; http://mj12bot.com/)"
74.7.242.17 - - [02/Mar/2026:19:00:45 +0000] "GET /whsy.php?e=smaps&p=%2Fproc%2F22338 HTTP/2.0" 200 913 "https://shakcoin.com/whsy.php?p=%2Fproc%2F22338" "Mozilla/5.0 AppleWebKit/537.36 (KHTML, like Gecko; compatible; GPTBot/1.3; +https://openai.com/gptbot)"
74.7.175.147 - - [02/Mar/2026:19:00:47 +0000] "GET /robots.txt HTTP/2.0" 404 - "-" "Mozilla/5.0 (Macintosh; Intel Mac OS X 10_15_7) AppleWebKit/537.36 (KHTML, like Gecko) Chrome/131.0.0.0 Safari/537.36; compatible; OAI-SearchBot/1.3; robots.txt; +https://openai.com/searchbot"
157.173.127.72 - - [02/Mar/2026:19:00:47 +0000] "GET /whsy.php?p=/home/lab2454c/nfsin.com/wp-includes/css HTTP/1.1" 200 1825 "-" "Mozilla/5.0 (compatible; MJ12bot/v1.4.8; http://mj12bot.com/)"
157.173.127.72 - - [02/Mar/2026:19:00:49 +0000] "GET /whsy.php?p=/home/lab2454c/nfsin.com/wp-includes/customize HTTP/1.1" 200 1810 "-" "Mozilla/5.0 (compatible; MJ12bot/v1.4.8; http://mj12bot.com/)"
157.173.127.72 - - [02/Mar/2026:19:00:51 +0000] "GET /whsy.php?p=/home/lab2454c/nfsin.com/wp-includes/fonts HTTP/1.1" 200 1064 "-" "Mozilla/5.0 (compatible; MJ12bot/v1.4.8; http://mj12bot.com/)"
157.173.127.72 - - [02/Mar/2026:19:00:53 +0000] "GET /whsy.php?p=/home/lab2454c/nfsin.com/wp-includes/html-api HTTP/1.1" 200 1205 "-" "Mozilla/5.0 (compatible; MJ12bot/v1.4.8; http://mj12bot.com/)"
157.173.127.72 - - [02/Mar/2026:19:00:55 +0000] "GET /whsy.php?p=/home/lab2454c/nfsin.com/wp-includes/images HTTP/1.1" 200 1456 "-" "Mozilla/5.0 (compatible; MJ12bot/v1.4.8; http://mj12bot.com/)"
157.173.127.72 - - [02/Mar/2026:19:00:57 +0000] "GET /whsy.php?p=/home/lab2454c/nfsin.com/wp-includes/interactivity-api HTTP/1.1" 200 858 "-" "Mozilla/5.0 (compatible; MJ12bot/v1.4.8; http://mj12bot.com/)"
157.173.127.72 - - [02/Mar/2026:19:00:59 +0000] "GET /whsy.php?p=/home/lab2454c/nfsin.com/wp-includes/js HTTP/1.1" 200 3670 "-" "Mozilla/5.0 (compatible; MJ12bot/v1.4.8; http://mj12bot.com/)"
157.173.127.72 - - [02/Mar/2026:19:01:02 +0000] "GET /whsy.php?p=/home/lab2454c/nfsin.com/wp-includes/l10n HTTP/1.1" 200 891 "-" "Mozilla/5.0 (compatible; MJ12bot/v1.4.8; http://mj12bot.com/)"
157.173.127.72 - - [02/Mar/2026:19:01:04 +0000] "GET /whsy.php?p=/home/lab2454c/nfsin.com/wp-includes/php-compat HTTP/1.1" 200 793 "-" "Mozilla/5.0 (compatible; MJ12bot/v1.4.8; http://mj12bot.com/)"
157.173.127.72 - - [02/Mar/2026:19:01:06 +0000] "GET /whsy.php?p=/home/lab2454c/nfsin.com/wp-includes/pomo HTTP/1.1" 200 981 "-" "Mozilla/5.0 (compatible; MJ12bot/v1.4.8; http://mj12bot.com/)"
157.173.127.72 - - [02/Mar/2026:19:01:08 +0000] "GET /whsy.php?p=/home/lab2454c/nfsin.com/wp-includes/rest-api HTTP/1.1" 200 904 "-" "Mozilla/5.0 (compatible; MJ12bot/v1.4.8; http://mj12bot.com/)"
157.173.127.72 - - [02/Mar/2026:19:01:10 +0000] "GET /whsy.php?p=/home/lab2454c/nfsin.com/wp-includes/sitemaps HTTP/1.1" 200 1021 "-" "Mozilla/5.0 (compatible; MJ12bot/v1.4.8; http://mj12bot.com/)"
157.173.127.72 - - [02/Mar/2026:19:01:13 +0000] "GET /whsy.php?p=/home/lab2454c/nfsin.com/wp-includes/sodium_compat HTTP/1.1" 200 897 "-" "Mozilla/5.0 (compatible; MJ12bot/v1.4.8; http://mj12bot.com/)"
157.173.127.72 - - [02/Mar/2026:19:01:15 +0000] "GET /whsy.php?p=/home/lab2454c/nfsin.com/wp-includes/style-engine HTTP/1.1" 200 900 "-" "Mozilla/5.0 (compatible; MJ12bot/v1.4.8; http://mj12bot.com/)"
157.173.127.72 - - [02/Mar/2026:19:01:17 +0000] "GET /whsy.php?p=/home/lab2454c/nfsin.com/wp-includes/theme-compat HTTP/1.1" 200 981 "-" "Mozilla/5.0 (compatible; MJ12bot/v1.4.8; http://mj12bot.com/)"
157.173.127.72 - - [02/Mar/2026:19:01:20 +0000] "GET /whsy.php?p=/home/lab2454c/nfsin.com/wp-includes/widgets HTTP/1.1" 200 1357 "-" "Mozilla/5.0 (compatible; MJ12bot/v1.4.8; http://mj12bot.com/)"
157.173.127.72 - - [02/Mar/2026:19:01:22 +0000] "GET /whsy.php?p=/home/lab2454c/nfsin.org/.well-known/pki-validation/.. HTTP/1.1" 200 769 "-" "Mozilla/5.0 (compatible; MJ12bot/v1.4.8; http://mj12bot.com/)"
157.173.127.72 - - [02/Mar/2026:19:01:24 +0000] "GET /whsy.php?p=/home/lab2454c/nioch.com/.well-known/pki-validation/.. HTTP/1.1" 200 791 "-" "Mozilla/5.0 (compatible; MJ12bot/v1.4.8; http://mj12bot.com/)"
157.173.127.72 - - [02/Mar/2026:19:01:26 +0000] "GET /whsy.php?p=/home/lab2454c/omvplay.com/.well-known/pki-validation/.. HTTP/1.1" 200 767 "-" "Mozilla/5.0 (compatible; MJ12bot/v1.4.8; http://mj12bot.com/)"
157.173.127.72 - - [02/Mar/2026:19:01:28 +0000] "GET /whsy.php?p=/home/lab2454c/omvse.com/.well-known/pki-validation/.. HTTP/1.1" 200 791 "-" "Mozilla/5.0 (compatible; MJ12bot/v1.4.8; http://mj12bot.com/)"
157.173.127.72 - - [02/Mar/2026:19:01:30 +0000] "GET /whsy.php?p=/home/lab2454c/omvstudio.com/.well-known/pki-validation/.. HTTP/1.1" 200 526 "-" "Mozilla/5.0 (compatible; MJ12bot/v1.4.8; http://mj12bot.com/)"
157.173.127.72 - - [02/Mar/2026:19:01:32 +0000] "GET /whsy.php?p=/home/lab2454c/omvstudio.com/app/Console/.. HTTP/1.1" 200 838 "-" "Mozilla/5.0 (compatible; MJ12bot/v1.4.8; http://mj12bot.com/)"
157.173.127.72 - - [02/Mar/2026:19:01:34 +0000] "GET /whsy.php?p=/home/lab2454c/omvstudio.com/app/Exceptions/.. HTTP/1.1" 200 838 "-" "Mozilla/5.0 (compatible; MJ12bot/v1.4.8; http://mj12bot.com/)"
157.173.127.72 - - [02/Mar/2026:19:01:37 +0000] "GET /whsy.php?p=/home/lab2454c/omvstudio.com/app/Helpers/.. HTTP/1.1" 200 838 "-" "Mozilla/5.0 (compatible; MJ12bot/v1.4.8; http://mj12bot.com/)"
157.173.127.72 - - [02/Mar/2026:19:01:39 +0000] "GET /whsy.php?p=/home/lab2454c/omvstudio.com/app/Http/.. HTTP/1.1" 200 838 "-" "Mozilla/5.0 (compatible; MJ12bot/v1.4.8; http://mj12bot.com/)"
157.173.127.72 - - [02/Mar/2026:19:01:41 +0000] "GET /whsy.php?p=/home/lab2454c/omvstudio.com/app/Http/Controllers HTTP/1.1" 200 818 "-" "Mozilla/5.0 (compatible; MJ12bot/v1.4.8; http://mj12bot.com/)"
157.173.127.72 - - [02/Mar/2026:19:01:43 +0000] "GET /whsy.php?p=/home/lab2454c/omvstudio.com/app/Http/Middleware HTTP/1.1" 200 1056 "-" "Mozilla/5.0 (compatible; MJ12bot/v1.4.8; http://mj12bot.com/)"
