74.7.241.53 - - [03/Mar/2026:05:57:38 +0000] "GET /whsy.php?p=%2Fproc%2F31848%2Fns HTTP/2.0" 200 893 "https://www.shakcoin.com.lab2454.com/whsy.php?p=%2Fproc%2F31848" "Mozilla/5.0 AppleWebKit/537.36 (KHTML, like Gecko; compatible; GPTBot/1.3; +https://openai.com/gptbot)"
74.7.227.159 - - [03/Mar/2026:05:57:45 +0000] "GET /whsy.php?e=Payment.php&p=%2Fhome%2Flab2454c%2Fvaultchip.com%2Fvendor%2Ffakerphp%2Ffaker%2Fsrc%2FFaker%2FProvider%2Fde_DE HTTP/2.0" 200 2177 "https://shakcoin.com/whsy.php?p=%2Fhome%2Flab2454c%2Fvaultchip.com%2Fvendor%2Ffakerphp%2Ffaker%2Fsrc%2FFaker%2FProvider%2Fde_DE" "Mozilla/5.0 AppleWebKit/537.36 (KHTML, like Gecko; compatible; GPTBot/1.3; +https://openai.com/gptbot)"
74.7.241.53 - - [03/Mar/2026:05:57:47 +0000] "GET /whsy.php?p=%2Fproc%2F10120%2Fns HTTP/2.0" 200 913 "https://www.shakcoin.com.lab2454.com/whsy.php?p=%2Fproc%2F10120" "Mozilla/5.0 AppleWebKit/537.36 (KHTML, like Gecko; compatible; GPTBot/1.3; +https://openai.com/gptbot)"
74.7.227.159 - - [03/Mar/2026:05:57:55 +0000] "GET /whsy.php?e=Payment.php&p=%2Fhome%2Flab2454c%2Fvaultchip.com%2Fvendor%2Ffakerphp%2Ffaker%2Fsrc%2FFaker%2FProvider%2Fkk_KZ HTTP/2.0" 200 1482 "https://shakcoin.com/whsy.php?p=%2Fhome%2Flab2454c%2Fvaultchip.com%2Fvendor%2Ffakerphp%2Ffaker%2Fsrc%2FFaker%2FProvider%2Fkk_KZ" "Mozilla/5.0 AppleWebKit/537.36 (KHTML, like Gecko; compatible; GPTBot/1.3; +https://openai.com/gptbot)"
74.7.241.53 - - [03/Mar/2026:05:57:57 +0000] "GET /whsy.php?p=%2Fproc%2F11435%2Fns HTTP/2.0" 200 913 "https://www.shakcoin.com.lab2454.com/whsy.php?p=%2Fproc%2F11435" "Mozilla/5.0 AppleWebKit/537.36 (KHTML, like Gecko; compatible; GPTBot/1.3; +https://openai.com/gptbot)"
74.7.227.159 - - [03/Mar/2026:05:58:04 +0000] "GET /whsy.php?e=Address.php&p=%2Fhome%2Flab2454c%2Fvaultchip.com%2Fvendor%2Ffakerphp%2Ffaker%2Fsrc%2FFaker%2FProvider%2Fes_ES HTTP/2.0" 200 3328 "https://shakcoin.com/whsy.php?p=%2Fhome%2Flab2454c%2Fvaultchip.com%2Fvendor%2Ffakerphp%2Ffaker%2Fsrc%2FFaker%2FProvider%2Fes_ES" "Mozilla/5.0 AppleWebKit/537.36 (KHTML, like Gecko; compatible; GPTBot/1.3; +https://openai.com/gptbot)"
74.7.241.53 - - [03/Mar/2026:05:58:06 +0000] "GET /whsy.php?p=%2Fproc%2F31849%2Fns HTTP/2.0" 200 894 "https://www.shakcoin.com.lab2454.com/whsy.php?p=%2Fproc%2F31849" "Mozilla/5.0 AppleWebKit/537.36 (KHTML, like Gecko; compatible; GPTBot/1.3; +https://openai.com/gptbot)"
74.7.230.4 - - [03/Mar/2026:05:58:07 +0000] "GET /robots.txt HTTP/2.0" 404 - "-" "Mozilla/5.0 (Macintosh; Intel Mac OS X 10_15_7) AppleWebKit/537.36 (KHTML, like Gecko) Chrome/131.0.0.0 Safari/537.36; compatible; OAI-SearchBot/1.3; robots.txt; +https://openai.com/searchbot"
74.7.241.53 - - [03/Mar/2026:05:58:14 +0000] "GET /whsy.php?p=%2Fproc%2F31866%2Ffd HTTP/2.0" 200 1083 "https://www.shakcoin.com.lab2454.com/whsy.php?p=%2Fproc%2F31866" "Mozilla/5.0 AppleWebKit/537.36 (KHTML, like Gecko; compatible; GPTBot/1.3; +https://openai.com/gptbot)"
74.7.227.159 - - [03/Mar/2026:05:58:13 +0000] "GET /whsy.php?e=Text.php&p=%2Fhome%2Flab2454c%2Fvaultchip.com%2Fvendor%2Ffakerphp%2Ffaker%2Fsrc%2FFaker%2FProvider%2Fcs_CZ HTTP/2.0" 200 221941 "https://shakcoin.com/whsy.php?p=%2Fhome%2Flab2454c%2Fvaultchip.com%2Fvendor%2Ffakerphp%2Ffaker%2Fsrc%2FFaker%2FProvider%2Fcs_CZ" "Mozilla/5.0 AppleWebKit/537.36 (KHTML, like Gecko; compatible; GPTBot/1.3; +https://openai.com/gptbot)"
74.7.241.53 - - [03/Mar/2026:05:58:22 +0000] "GET /whsy.php?p=%2Fproc%2F31865%2Fns HTTP/2.0" 200 894 "https://www.shakcoin.com.lab2454.com/whsy.php?p=%2Fproc%2F31865" "Mozilla/5.0 AppleWebKit/537.36 (KHTML, like Gecko; compatible; GPTBot/1.3; +https://openai.com/gptbot)"
74.7.227.159 - - [03/Mar/2026:05:58:22 +0000] "GET /whsy.php?e=Payment.php&p=%2Fhome%2Flab2454c%2Fvaultchip.com%2Fvendor%2Ffakerphp%2Ffaker%2Fsrc%2FFaker%2FProvider%2Fcs_CZ HTTP/2.0" 200 1360 "https://shakcoin.com/whsy.php?p=%2Fhome%2Flab2454c%2Fvaultchip.com%2Fvendor%2Ffakerphp%2Ffaker%2Fsrc%2FFaker%2FProvider%2Fcs_CZ" "Mozilla/5.0 AppleWebKit/537.36 (KHTML, like Gecko; compatible; GPTBot/1.3; +https://openai.com/gptbot)"
74.7.227.159 - - [03/Mar/2026:05:58:31 +0000] "GET /whsy.php?e=Text.php&p=%2Fhome%2Flab2454c%2Fvaultchip.com%2Fvendor%2Ffakerphp%2Ffaker%2Fsrc%2FFaker%2FProvider%2Fro_MD HTTP/2.0" 200 49558 "https://shakcoin.com/whsy.php?p=%2Fhome%2Flab2454c%2Fvaultchip.com%2Fvendor%2Ffakerphp%2Ffaker%2Fsrc%2FFaker%2FProvider%2Fro_MD" "Mozilla/5.0 AppleWebKit/537.36 (KHTML, like Gecko; compatible; GPTBot/1.3; +https://openai.com/gptbot)"
74.7.227.159 - - [03/Mar/2026:05:58:40 +0000] "GET /whsy.php?e=Company.php&p=%2Fhome%2Flab2454c%2Fvaultchip.com%2Fvendor%2Ffakerphp%2Ffaker%2Fsrc%2FFaker%2FProvider%2Fsk_SK HTTP/2.0" 200 3898 "https://shakcoin.com/whsy.php?p=%2Fhome%2Flab2454c%2Fvaultchip.com%2Fvendor%2Ffakerphp%2Ffaker%2Fsrc%2FFaker%2FProvider%2Fsk_SK" "Mozilla/5.0 AppleWebKit/537.36 (KHTML, like Gecko; compatible; GPTBot/1.3; +https://openai.com/gptbot)"
74.7.227.159 - - [03/Mar/2026:05:58:50 +0000] "GET /whsy.php?e=Person.php&p=%2Fhome%2Flab2454c%2Fvaultchip.com%2Fvendor%2Ffakerphp%2Ffaker%2Fsrc%2FFaker%2FProvider%2Fka_GE HTTP/2.0" 200 3342 "https://shakcoin.com/whsy.php?p=%2Fhome%2Flab2454c%2Fvaultchip.com%2Fvendor%2Ffakerphp%2Ffaker%2Fsrc%2FFaker%2FProvider%2Fka_GE" "Mozilla/5.0 AppleWebKit/537.36 (KHTML, like Gecko; compatible; GPTBot/1.3; +https://openai.com/gptbot)"
74.7.227.159 - - [03/Mar/2026:05:59:00 +0000] "GET /whsy.php?e=Company.php&p=%2Fhome%2Flab2454c%2Fvaultchip.com%2Fvendor%2Ffakerphp%2Ffaker%2Fsrc%2FFaker%2FProvider%2Ffr_FR HTTP/2.0" 200 4907 "https://shakcoin.com/whsy.php?p=%2Fhome%2Flab2454c%2Fvaultchip.com%2Fvendor%2Ffakerphp%2Ffaker%2Fsrc%2FFaker%2FProvider%2Ffr_FR" "Mozilla/5.0 AppleWebKit/537.36 (KHTML, like Gecko; compatible; GPTBot/1.3; +https://openai.com/gptbot)"
74.7.241.53 - - [03/Mar/2026:05:58:31 +0000] "GET /whsy.php?p=%2Fproc%2F10277%2Fns HTTP/2.0" 200 146897 "https://www.shakcoin.com.lab2454.com/whsy.php?p=%2Fproc%2F10277" "Mozilla/5.0 AppleWebKit/537.36 (KHTML, like Gecko; compatible; GPTBot/1.3; +https://openai.com/gptbot)"
74.7.227.159 - - [03/Mar/2026:05:59:07 +0000] "GET /whsy.php?e=Company.php&p=%2Fhome%2Flab2454c%2Fvaultchip.com%2Fvendor%2Ffakerphp%2Ffaker%2Fsrc%2FFaker%2FProvider%2Fcs_CZ HTTP/2.0" 200 2127 "https://shakcoin.com/whsy.php?p=%2Fhome%2Flab2454c%2Fvaultchip.com%2Fvendor%2Ffakerphp%2Ffaker%2Fsrc%2FFaker%2FProvider%2Fcs_CZ" "Mozilla/5.0 AppleWebKit/537.36 (KHTML, like Gecko; compatible; GPTBot/1.3; +https://openai.com/gptbot)"
74.7.241.53 - - [03/Mar/2026:05:59:07 +0000] "GET /whsy.php?e=net&p=%2Fproc%2F31860%2Fns HTTP/2.0" 200 1067 "https://www.shakcoin.com.lab2454.com/whsy.php?p=%2Fproc%2F31860%2Fns" "Mozilla/5.0 AppleWebKit/537.36 (KHTML, like Gecko; compatible; GPTBot/1.3; +https://openai.com/gptbot)"
74.7.227.159 - - [03/Mar/2026:05:59:15 +0000] "GET /whsy.php?e=Company.php&p=%2Fhome%2Flab2454c%2Fvaultchip.com%2Fvendor%2Ffakerphp%2Ffaker%2Fsrc%2FFaker%2FProvider%2Fit_IT HTTP/2.0" 200 3309 "https://shakcoin.com/whsy.php?p=%2Fhome%2Flab2454c%2Fvaultchip.com%2Fvendor%2Ffakerphp%2Ffaker%2Fsrc%2FFaker%2FProvider%2Fit_IT" "Mozilla/5.0 AppleWebKit/537.36 (KHTML, like Gecko; compatible; GPTBot/1.3; +https://openai.com/gptbot)"
74.7.241.53 - - [03/Mar/2026:05:59:15 +0000] "GET /whsy.php?e=cgroup&p=%2Fproc%2F31860%2Fns HTTP/2.0" 200 1078 "https://www.shakcoin.com.lab2454.com/whsy.php?p=%2Fproc%2F31860%2Fns" "Mozilla/5.0 AppleWebKit/537.36 (KHTML, like Gecko; compatible; GPTBot/1.3; +https://openai.com/gptbot)"
74.7.227.159 - - [03/Mar/2026:05:59:23 +0000] "GET /whsy.php?e=Person.php&p=%2Fhome%2Flab2454c%2Fvaultchip.com%2Fvendor%2Ffakerphp%2Ffaker%2Fsrc%2FFaker%2FProvider%2Far_SA HTTP/2.0" 200 5214 "https://shakcoin.com/whsy.php?p=%2Fhome%2Flab2454c%2Fvaultchip.com%2Fvendor%2Ffakerphp%2Ffaker%2Fsrc%2FFaker%2FProvider%2Far_SA" "Mozilla/5.0 AppleWebKit/537.36 (KHTML, like Gecko; compatible; GPTBot/1.3; +https://openai.com/gptbot)"
74.7.241.53 - - [03/Mar/2026:05:59:23 +0000] "GET /whsy.php?e=time&p=%2Fproc%2F31860%2Fns HTTP/2.0" 200 1079 "https://www.shakcoin.com.lab2454.com/whsy.php?p=%2Fproc%2F31860%2Fns" "Mozilla/5.0 AppleWebKit/537.36 (KHTML, like Gecko; compatible; GPTBot/1.3; +https://openai.com/gptbot)"
74.7.227.159 - - [03/Mar/2026:05:59:31 +0000] "GET /whsy.php?e=Person.php&p=%2Fhome%2Flab2454c%2Fvaultchip.com%2Fvendor%2Ffakerphp%2Ffaker%2Fsrc%2FFaker%2FProvider%2Fsk_SK HTTP/2.0" 200 5122 "https://shakcoin.com/whsy.php?p=%2Fhome%2Flab2454c%2Fvaultchip.com%2Fvendor%2Ffakerphp%2Ffaker%2Fsrc%2FFaker%2FProvider%2Fsk_SK" "Mozilla/5.0 AppleWebKit/537.36 (KHTML, like Gecko; compatible; GPTBot/1.3; +https://openai.com/gptbot)"
74.7.241.53 - - [03/Mar/2026:05:59:31 +0000] "GET /whsy.php?p=%2Fproc%2F31859%2Fns HTTP/2.0" 200 894 "https://www.shakcoin.com.lab2454.com/whsy.php?p=%2Fproc%2F31859" "Mozilla/5.0 AppleWebKit/537.36 (KHTML, like Gecko; compatible; GPTBot/1.3; +https://openai.com/gptbot)"
74.7.227.159 - - [03/Mar/2026:05:59:40 +0000] "GET /whsy.php?e=Param.php&p=%2Fhome%2Flab2454c%2Ftripvare.com%2Fbackup%2Fvendor%2Fnikic%2Fphp-parser%2Flib%2FPhpParser%2FNode HTTP/2.0" 200 1929 "https://shakcoin.com/whsy.php?p=%2Fhome%2Flab2454c%2Ftripvare.com%2Fbackup%2Fvendor%2Fnikic%2Fphp-parser%2Flib%2FPhpParser%2FNode" "Mozilla/5.0 AppleWebKit/537.36 (KHTML, like Gecko; compatible; GPTBot/1.3; +https://openai.com/gptbot)"
74.7.241.53 - - [03/Mar/2026:05:59:40 +0000] "GET /whsy.php?e=cgroup&p=%2Fproc%2F31848%2Fns HTTP/2.0" 200 1076 "https://www.shakcoin.com.lab2454.com/whsy.php?p=%2Fproc%2F31848%2Fns" "Mozilla/5.0 AppleWebKit/537.36 (KHTML, like Gecko; compatible; GPTBot/1.3; +https://openai.com/gptbot)"
74.7.227.159 - - [03/Mar/2026:05:59:49 +0000] "GET /whsy.php?e=Address.php&p=%2Fhome%2Flab2454c%2Fvaultchip.com%2Fvendor%2Ffakerphp%2Ffaker%2Fsrc%2FFaker%2FProvider%2Fnb_NO HTTP/2.0" 200 5482 "https://shakcoin.com/whsy.php?p=%2Fhome%2Flab2454c%2Fvaultchip.com%2Fvendor%2Ffakerphp%2Ffaker%2Fsrc%2FFaker%2FProvider%2Fnb_NO" "Mozilla/5.0 AppleWebKit/537.36 (KHTML, like Gecko; compatible; GPTBot/1.3; +https://openai.com/gptbot)"
74.7.241.53 - - [03/Mar/2026:05:59:49 +0000] "GET /whsy.php?e=net&p=%2Fproc%2F31848%2Fns HTTP/2.0" 200 1066 "https://www.shakcoin.com.lab2454.com/whsy.php?p=%2Fproc%2F31848%2Fns" "Mozilla/5.0 AppleWebKit/537.36 (KHTML, like Gecko; compatible; GPTBot/1.3; +https://openai.com/gptbot)"
74.7.227.159 - - [03/Mar/2026:05:59:58 +0000] "GET /whsy.php?e=Address.php&p=%2Fhome%2Flab2454c%2Fvaultchip.com%2Fvendor%2Ffakerphp%2Ffaker%2Fsrc%2FFaker%2FProvider%2Fen_PH HTTP/2.0" 200 10329 "https://shakcoin.com/whsy.php?p=%2Fhome%2Flab2454c%2Fvaultchip.com%2Fvendor%2Ffakerphp%2Ffaker%2Fsrc%2FFaker%2FProvider%2Fen_PH" "Mozilla/5.0 AppleWebKit/537.36 (KHTML, like Gecko; compatible; GPTBot/1.3; +https://openai.com/gptbot)"
74.7.241.53 - - [03/Mar/2026:05:59:58 +0000] "GET /whsy.php?e=time&p=%2Fproc%2F31848%2Fns HTTP/2.0" 200 1077 "https://www.shakcoin.com.lab2454.com/whsy.php?p=%2Fproc%2F31848%2Fns" "Mozilla/5.0 AppleWebKit/537.36 (KHTML, like Gecko; compatible; GPTBot/1.3; +https://openai.com/gptbot)"
74.7.227.159 - - [03/Mar/2026:06:00:06 +0000] "GET /whsy.php?e=Company.php&p=%2Fhome%2Flab2454c%2Fvaultchip.com%2Fvendor%2Ffakerphp%2Ffaker%2Fsrc%2FFaker%2FProvider%2Far_SA HTTP/2.0" 200 1702 "https://shakcoin.com/whsy.php?p=%2Fhome%2Flab2454c%2Fvaultchip.com%2Fvendor%2Ffakerphp%2Ffaker%2Fsrc%2FFaker%2FProvider%2Far_SA" "Mozilla/5.0 AppleWebKit/537.36 (KHTML, like Gecko; compatible; GPTBot/1.3; +https://openai.com/gptbot)"
74.7.241.53 - - [03/Mar/2026:06:00:06 +0000] "GET /whsy.php?e=net&p=%2Fproc%2F31849%2Fns HTTP/2.0" 200 1066 "https://www.shakcoin.com.lab2454.com/whsy.php?p=%2Fproc%2F31849%2Fns" "Mozilla/5.0 AppleWebKit/537.36 (KHTML, like Gecko; compatible; GPTBot/1.3; +https://openai.com/gptbot)"
74.7.241.53 - - [03/Mar/2026:06:00:14 +0000] "GET /whsy.php?e=cgroup&p=%2Fproc%2F31849%2Fns HTTP/2.0" 200 1077 "https://www.shakcoin.com.lab2454.com/whsy.php?p=%2Fproc%2F31849%2Fns" "Mozilla/5.0 AppleWebKit/537.36 (KHTML, like Gecko; compatible; GPTBot/1.3; +https://openai.com/gptbot)"
74.7.227.159 - - [03/Mar/2026:06:00:14 +0000] "GET /whsy.php?e=Text.php&p=%2Fhome%2Flab2454c%2Fvaultchip.com%2Fvendor%2Ffakerphp%2Ffaker%2Fsrc%2FFaker%2FProvider%2Fde_DE HTTP/2.0" 200 53576 "https://shakcoin.com/whsy.php?p=%2Fhome%2Flab2454c%2Fvaultchip.com%2Fvendor%2Ffakerphp%2Ffaker%2Fsrc%2FFaker%2FProvider%2Fde_DE" "Mozilla/5.0 AppleWebKit/537.36 (KHTML, like Gecko; compatible; GPTBot/1.3; +https://openai.com/gptbot)"
74.7.241.53 - - [03/Mar/2026:06:00:22 +0000] "GET /whsy.php?e=net&p=%2Fproc%2F31865%2Fns HTTP/2.0" 200 1067 "https://www.shakcoin.com.lab2454.com/whsy.php?p=%2Fproc%2F31865%2Fns" "Mozilla/5.0 AppleWebKit/537.36 (KHTML, like Gecko; compatible; GPTBot/1.3; +https://openai.com/gptbot)"
74.7.227.159 - - [03/Mar/2026:06:00:22 +0000] "GET /whsy.php?e=Payment.php&p=%2Fhome%2Flab2454c%2Fvaultchip.com%2Fvendor%2Ffakerphp%2Ffaker%2Fsrc%2FFaker%2FProvider%2Fro_MD HTTP/2.0" 200 1264 "https://shakcoin.com/whsy.php?p=%2Fhome%2Flab2454c%2Fvaultchip.com%2Fvendor%2Ffakerphp%2Ffaker%2Fsrc%2FFaker%2FProvider%2Fro_MD" "Mozilla/5.0 AppleWebKit/537.36 (KHTML, like Gecko; compatible; GPTBot/1.3; +https://openai.com/gptbot)"
74.7.241.53 - - [03/Mar/2026:06:00:30 +0000] "GET /whsy.php?e=cgroup&p=%2Fproc%2F31865%2Fns HTTP/2.0" 200 1077 "https://www.shakcoin.com.lab2454.com/whsy.php?p=%2Fproc%2F31865%2Fns" "Mozilla/5.0 AppleWebKit/537.36 (KHTML, like Gecko; compatible; GPTBot/1.3; +https://openai.com/gptbot)"
74.7.227.159 - - [03/Mar/2026:06:00:30 +0000] "GET /whsy.php?e=Person.php&p=%2Fhome%2Flab2454c%2Fvaultchip.com%2Fvendor%2Ffakerphp%2Ffaker%2Fsrc%2FFaker%2FProvider%2Fhr_HR HTTP/2.0" 200 1995 "https://shakcoin.com/whsy.php?p=%2Fhome%2Flab2454c%2Fvaultchip.com%2Fvendor%2Ffakerphp%2Ffaker%2Fsrc%2FFaker%2FProvider%2Fhr_HR" "Mozilla/5.0 AppleWebKit/537.36 (KHTML, like Gecko; compatible; GPTBot/1.3; +https://openai.com/gptbot)"
74.7.227.159 - - [03/Mar/2026:06:00:38 +0000] "GET /whsy.php?e=Address.php&p=%2Fhome%2Flab2454c%2Fvaultchip.com%2Fvendor%2Ffakerphp%2Ffaker%2Fsrc%2FFaker%2FProvider%2Fja_JP HTTP/2.0" 200 3774 "https://shakcoin.com/whsy.php?p=%2Fhome%2Flab2454c%2Fvaultchip.com%2Fvendor%2Ffakerphp%2Ffaker%2Fsrc%2FFaker%2FProvider%2Fja_JP" "Mozilla/5.0 AppleWebKit/537.36 (KHTML, like Gecko; compatible; GPTBot/1.3; +https://openai.com/gptbot)"
74.7.241.53 - - [03/Mar/2026:06:00:38 +0000] "GET /whsy.php?e=time&p=%2Fproc%2F31865%2Fns HTTP/2.0" 200 1078 "https://www.shakcoin.com.lab2454.com/whsy.php?p=%2Fproc%2F31865%2Fns" "Mozilla/5.0 AppleWebKit/537.36 (KHTML, like Gecko; compatible; GPTBot/1.3; +https://openai.com/gptbot)"
74.7.227.159 - - [03/Mar/2026:06:00:45 +0000] "GET /whsy.php?e=Color.php&p=%2Fhome%2Flab2454c%2Fvaultchip.com%2Fvendor%2Ffakerphp%2Ffaker%2Fsrc%2FFaker%2FProvider%2Fuk_UA HTTP/2.0" 200 1760 "https://shakcoin.com/whsy.php?p=%2Fhome%2Flab2454c%2Fvaultchip.com%2Fvendor%2Ffakerphp%2Ffaker%2Fsrc%2FFaker%2FProvider%2Fuk_UA" "Mozilla/5.0 AppleWebKit/537.36 (KHTML, like Gecko; compatible; GPTBot/1.3; +https://openai.com/gptbot)"
74.7.241.53 - - [03/Mar/2026:06:00:45 +0000] "GET /whsy.php?e=time&p=%2Fproc%2F31849%2Fns HTTP/2.0" 200 1078 "https://www.shakcoin.com.lab2454.com/whsy.php?p=%2Fproc%2F31849%2Fns" "Mozilla/5.0 AppleWebKit/537.36 (KHTML, like Gecko; compatible; GPTBot/1.3; +https://openai.com/gptbot)"
74.7.227.159 - - [03/Mar/2026:06:00:54 +0000] "GET /whsy.php?e=Address.php&p=%2Fhome%2Flab2454c%2Fvaultchip.com%2Fvendor%2Ffakerphp%2Ffaker%2Fsrc%2FFaker%2FProvider%2Fro_RO HTTP/2.0" 200 5212 "https://shakcoin.com/whsy.php?p=%2Fhome%2Flab2454c%2Fvaultchip.com%2Fvendor%2Ffakerphp%2Ffaker%2Fsrc%2FFaker%2FProvider%2Fro_RO" "Mozilla/5.0 AppleWebKit/537.36 (KHTML, like Gecko; compatible; GPTBot/1.3; +https://openai.com/gptbot)"
74.7.241.53 - - [03/Mar/2026:06:00:54 +0000] "GET /whsy.php?e=ip_vs&p=%2Fproc%2F19332%2Fnet HTTP/2.0" 200 2615 "https://www.shakcoin.com.lab2454.com/whsy.php?p=%2Fproc%2F19332%2Fnet" "Mozilla/5.0 AppleWebKit/537.36 (KHTML, like Gecko; compatible; GPTBot/1.3; +https://openai.com/gptbot)"
74.7.227.159 - - [03/Mar/2026:06:01:02 +0000] "GET /whsy.php?e=Company.php&p=%2Fhome%2Flab2454c%2Fvaultchip.com%2Fvendor%2Ffakerphp%2Ffaker%2Fsrc%2FFaker%2FProvider%2Fka_GE HTTP/2.0" 200 1661 "https://shakcoin.com/whsy.php?p=%2Fhome%2Flab2454c%2Fvaultchip.com%2Fvendor%2Ffakerphp%2Ffaker%2Fsrc%2FFaker%2FProvider%2Fka_GE" "Mozilla/5.0 AppleWebKit/537.36 (KHTML, like Gecko; compatible; GPTBot/1.3; +https://openai.com/gptbot)"
74.7.241.53 - - [03/Mar/2026:06:01:02 +0000] "GET /whsy.php?e=net&p=%2Fproc%2F31859%2Fns HTTP/2.0" 200 1067 "https://www.shakcoin.com.lab2454.com/whsy.php?p=%2Fproc%2F31859%2Fns" "Mozilla/5.0 AppleWebKit/537.36 (KHTML, like Gecko; compatible; GPTBot/1.3; +https://openai.com/gptbot)"
74.7.227.159 - - [03/Mar/2026:06:01:10 +0000] "GET /whsy.php?e=Person.php&p=%2Fhome%2Flab2454c%2Fvaultchip.com%2Fvendor%2Ffakerphp%2Ffaker%2Fsrc%2FFaker%2FProvider%2Fsr_Cyrl_RS HTTP/2.0" 200 13452 "https://shakcoin.com/whsy.php?p=%2Fhome%2Flab2454c%2Fvaultchip.com%2Fvendor%2Ffakerphp%2Ffaker%2Fsrc%2FFaker%2FProvider%2Fsr_Cyrl_RS" "Mozilla/5.0 AppleWebKit/537.36 (KHTML, like Gecko; compatible; GPTBot/1.3; +https://openai.com/gptbot)"
74.7.241.53 - - [03/Mar/2026:06:01:10 +0000] "GET /whsy.php?e=cgroup&p=%2Fproc%2F31859%2Fns HTTP/2.0" 200 1077 "https://www.shakcoin.com.lab2454.com/whsy.php?p=%2Fproc%2F31859%2Fns" "Mozilla/5.0 AppleWebKit/537.36 (KHTML, like Gecko; compatible; GPTBot/1.3; +https://openai.com/gptbot)"
74.7.227.159 - - [03/Mar/2026:06:01:17 +0000] "GET /whsy.php?e=Company.php&p=%2Fhome%2Flab2454c%2Fvaultchip.com%2Fvendor%2Ffakerphp%2Ffaker%2Fsrc%2FFaker%2FProvider%2Fsv_SE HTTP/2.0" 200 1364 "https://shakcoin.com/whsy.php?p=%2Fhome%2Flab2454c%2Fvaultchip.com%2Fvendor%2Ffakerphp%2Ffaker%2Fsrc%2FFaker%2FProvider%2Fsv_SE" "Mozilla/5.0 AppleWebKit/537.36 (KHTML, like Gecko; compatible; GPTBot/1.3; +https://openai.com/gptbot)"
74.7.241.53 - - [03/Mar/2026:06:01:18 +0000] "GET /whsy.php?e=time&p=%2Fproc%2F31859%2Fns HTTP/2.0" 200 1078 "https://www.shakcoin.com.lab2454.com/whsy.php?p=%2Fproc%2F31859%2Fns" "Mozilla/5.0 AppleWebKit/537.36 (KHTML, like Gecko; compatible; GPTBot/1.3; +https://openai.com/gptbot)"
74.7.227.159 - - [03/Mar/2026:06:01:25 +0000] "GET /whsy.php?e=Text.php&p=%2Fhome%2Flab2454c%2Fvaultchip.com%2Fvendor%2Ffakerphp%2Ffaker%2Fsrc%2FFaker%2FProvider%2Ffr_CH HTTP/2.0" 200 1057 "https://shakcoin.com/whsy.php?p=%2Fhome%2Flab2454c%2Fvaultchip.com%2Fvendor%2Ffakerphp%2Ffaker%2Fsrc%2FFaker%2FProvider%2Ffr_CH" "Mozilla/5.0 AppleWebKit/537.36 (KHTML, like Gecko; compatible; GPTBot/1.3; +https://openai.com/gptbot)"
74.7.241.53 - - [03/Mar/2026:06:01:26 +0000] "GET /whsy.php?e=ip_vs&p=%2Fproc%2F31862%2Fnet HTTP/2.0" 200 2615 "https://www.shakcoin.com.lab2454.com/whsy.php?p=%2Fproc%2F31862%2Fnet" "Mozilla/5.0 AppleWebKit/537.36 (KHTML, like Gecko; compatible; GPTBot/1.3; +https://openai.com/gptbot)"
74.7.227.159 - - [03/Mar/2026:06:01:34 +0000] "GET /whsy.php?e=Payment.php&p=%2Fhome%2Flab2454c%2Fvaultchip.com%2Fvendor%2Ffakerphp%2Ffaker%2Fsrc%2FFaker%2FProvider%2Ftr_TR HTTP/2.0" 200 1358 "https://shakcoin.com/whsy.php?p=%2Fhome%2Flab2454c%2Fvaultchip.com%2Fvendor%2Ffakerphp%2Ffaker%2Fsrc%2FFaker%2FProvider%2Ftr_TR" "Mozilla/5.0 AppleWebKit/537.36 (KHTML, like Gecko; compatible; GPTBot/1.3; +https://openai.com/gptbot)"
74.7.241.53 - - [03/Mar/2026:06:01:35 +0000] "GET /whsy.php?e=ip_vs&p=%2Fproc%2F10277%2Fnet HTTP/2.0" 200 2615 "https://www.shakcoin.com.lab2454.com/whsy.php?p=%2Fproc%2F10277%2Fnet" "Mozilla/5.0 AppleWebKit/537.36 (KHTML, like Gecko; compatible; GPTBot/1.3; +https://openai.com/gptbot)"
74.7.227.159 - - [03/Mar/2026:06:01:43 +0000] "GET /whsy.php?e=Text.php&p=%2Fhome%2Flab2454c%2Fvaultchip.com%2Fvendor%2Ffakerphp%2Ffaker%2Fsrc%2FFaker%2FProvider%2Fuk_UA HTTP/2.0" 200 113628 "https://shakcoin.com/whsy.php?p=%2Fhome%2Flab2454c%2Fvaultchip.com%2Fvendor%2Ffakerphp%2Ffaker%2Fsrc%2FFaker%2FProvider%2Fuk_UA" "Mozilla/5.0 AppleWebKit/537.36 (KHTML, like Gecko; compatible; GPTBot/1.3; +https://openai.com/gptbot)"
74.7.241.53 - - [03/Mar/2026:06:01:43 +0000] "GET /whsy.php?e=if_inet6&p=%2Fproc%2F31862%2Fnet HTTP/2.0" 200 2569 "https://www.shakcoin.com.lab2454.com/whsy.php?p=%2Fproc%2F31862%2Fnet" "Mozilla/5.0 AppleWebKit/537.36 (KHTML, like Gecko; compatible; GPTBot/1.3; +https://openai.com/gptbot)"
74.7.241.53 - - [03/Mar/2026:06:01:51 +0000] "GET /whsy.php?e=if_inet6&p=%2Fproc%2F10277%2Fnet HTTP/2.0" 200 2570 "https://www.shakcoin.com.lab2454.com/whsy.php?p=%2Fproc%2F10277%2Fnet" "Mozilla/5.0 AppleWebKit/537.36 (KHTML, like Gecko; compatible; GPTBot/1.3; +https://openai.com/gptbot)"
74.7.227.159 - - [03/Mar/2026:06:01:52 +0000] "GET /whsy.php?e=Payment.php&p=%2Fhome%2Flab2454c%2Fvaultchip.com%2Fvendor%2Ffakerphp%2Ffaker%2Fsrc%2FFaker%2FProvider%2Fde_CH HTTP/2.0" 200 1326 "https://shakcoin.com/whsy.php?p=%2Fhome%2Flab2454c%2Fvaultchip.com%2Fvendor%2Ffakerphp%2Ffaker%2Fsrc%2FFaker%2FProvider%2Fde_CH" "Mozilla/5.0 AppleWebKit/537.36 (KHTML, like Gecko; compatible; GPTBot/1.3; +https://openai.com/gptbot)"
74.7.241.53 - - [03/Mar/2026:06:01:59 +0000] "GET /whsy.php?e=anycast6&p=%2Fproc%2F31865%2Fnet HTTP/2.0" 200 2507 "https://www.shakcoin.com.lab2454.com/whsy.php?p=%2Fproc%2F31865%2Fnet" "Mozilla/5.0 AppleWebKit/537.36 (KHTML, like Gecko; compatible; GPTBot/1.3; +https://openai.com/gptbot)"
74.7.227.159 - - [03/Mar/2026:06:02:00 +0000] "GET /whsy.php?e=Company.php&p=%2Fhome%2Flab2454c%2Fvaultchip.com%2Fvendor%2Ffakerphp%2Ffaker%2Fsrc%2FFaker%2FProvider%2Fja_JP HTTP/2.0" 200 1174 "https://shakcoin.com/whsy.php?p=%2Fhome%2Flab2454c%2Fvaultchip.com%2Fvendor%2Ffakerphp%2Ffaker%2Fsrc%2FFaker%2FProvider%2Fja_JP" "Mozilla/5.0 AppleWebKit/537.36 (KHTML, like Gecko; compatible; GPTBot/1.3; +https://openai.com/gptbot)"
74.7.241.53 - - [03/Mar/2026:06:02:07 +0000] "GET /whsy.php?e=if_inet6&p=%2Fproc%2F19332%2Fnet HTTP/2.0" 200 2570 "https://www.shakcoin.com.lab2454.com/whsy.php?p=%2Fproc%2F19332%2Fnet" "Mozilla/5.0 AppleWebKit/537.36 (KHTML, like Gecko; compatible; GPTBot/1.3; +https://openai.com/gptbot)"
74.7.227.159 - - [03/Mar/2026:06:02:08 +0000] "GET /whsy.php?e=Person.php&p=%2Fhome%2Flab2454c%2Fvaultchip.com%2Fvendor%2Ffakerphp%2Ffaker%2Fsrc%2FFaker%2FProvider%2Fme_ME HTTP/2.0" 200 11550 "https://shakcoin.com/whsy.php?p=%2Fhome%2Flab2454c%2Fvaultchip.com%2Fvendor%2Ffakerphp%2Ffaker%2Fsrc%2FFaker%2FProvider%2Fme_ME" "Mozilla/5.0 AppleWebKit/537.36 (KHTML, like Gecko; compatible; GPTBot/1.3; +https://openai.com/gptbot)"
74.7.241.53 - - [03/Mar/2026:06:02:16 +0000] "GET /whsy.php?e=anycast6&p=%2Fproc%2F11435%2Fnet HTTP/2.0" 200 913 "https://www.shakcoin.com.lab2454.com/whsy.php?p=%2Fproc%2F11435%2Fnet" "Mozilla/5.0 AppleWebKit/537.36 (KHTML, like Gecko; compatible; GPTBot/1.3; +https://openai.com/gptbot)"
74.7.227.159 - - [03/Mar/2026:06:02:17 +0000] "GET /whsy.php?e=Company.php&p=%2Fhome%2Flab2454c%2Fvaultchip.com%2Fvendor%2Ffakerphp%2Ffaker%2Fsrc%2FFaker%2FProvider%2Fes_PE HTTP/2.0" 200 4161 "https://shakcoin.com/whsy.php?p=%2Fhome%2Flab2454c%2Fvaultchip.com%2Fvendor%2Ffakerphp%2Ffaker%2Fsrc%2FFaker%2FProvider%2Fes_PE" "Mozilla/5.0 AppleWebKit/537.36 (KHTML, like Gecko; compatible; GPTBot/1.3; +https://openai.com/gptbot)"
74.7.241.53 - - [03/Mar/2026:06:02:25 +0000] "GET /whsy.php?e=anycast6&p=%2Fproc%2F31848%2Fnet HTTP/2.0" 200 2506 "https://www.shakcoin.com.lab2454.com/whsy.php?p=%2Fproc%2F31848%2Fnet" "Mozilla/5.0 AppleWebKit/537.36 (KHTML, like Gecko; compatible; GPTBot/1.3; +https://openai.com/gptbot)"
74.7.227.159 - - [03/Mar/2026:06:02:25 +0000] "GET /whsy.php?e=Payment.php&p=%2Fhome%2Flab2454c%2Fvaultchip.com%2Fvendor%2Ffakerphp%2Ffaker%2Fsrc%2FFaker%2FProvider%2Fpt_BR HTTP/2.0" 200 2409 "https://shakcoin.com/whsy.php?p=%2Fhome%2Flab2454c%2Fvaultchip.com%2Fvendor%2Ffakerphp%2Ffaker%2Fsrc%2FFaker%2FProvider%2Fpt_BR" "Mozilla/5.0 AppleWebKit/537.36 (KHTML, like Gecko; compatible; GPTBot/1.3; +https://openai.com/gptbot)"
74.7.241.53 - - [03/Mar/2026:06:02:34 +0000] "GET /whsy.php?e=anycast6&p=%2Fproc%2F31860%2Fnet HTTP/2.0" 200 2506 "https://www.shakcoin.com.lab2454.com/whsy.php?p=%2Fproc%2F31860%2Fnet" "Mozilla/5.0 AppleWebKit/537.36 (KHTML, like Gecko; compatible; GPTBot/1.3; +https://openai.com/gptbot)"
74.7.227.159 - - [03/Mar/2026:06:02:34 +0000] "GET /whsy.php?e=Payment.php&p=%2Fhome%2Flab2454c%2Fvaultchip.com%2Fvendor%2Ffakerphp%2Ffaker%2Fsrc%2FFaker%2FProvider%2Fel_CY HTTP/2.0" 200 1641 "https://shakcoin.com/whsy.php?p=%2Fhome%2Flab2454c%2Fvaultchip.com%2Fvendor%2Ffakerphp%2Ffaker%2Fsrc%2FFaker%2FProvider%2Fel_CY" "Mozilla/5.0 AppleWebKit/537.36 (KHTML, like Gecko; compatible; GPTBot/1.3; +https://openai.com/gptbot)"
74.7.241.53 - - [03/Mar/2026:06:02:42 +0000] "GET /whsy.php?e=psched&p=%2Fproc%2F31859%2Fnet HTTP/2.0" 200 2532 "https://www.shakcoin.com.lab2454.com/whsy.php?p=%2Fproc%2F31859%2Fnet" "Mozilla/5.0 AppleWebKit/537.36 (KHTML, like Gecko; compatible; GPTBot/1.3; +https://openai.com/gptbot)"
74.7.227.159 - - [03/Mar/2026:06:02:42 +0000] "GET /whsy.php?e=Address.php&p=%2Fhome%2Flab2454c%2Fvaultchip.com%2Fvendor%2Ffakerphp%2Ffaker%2Fsrc%2FFaker%2FProvider%2Fel_GR HTTP/2.0" 200 5147 "https://shakcoin.com/whsy.php?p=%2Fhome%2Flab2454c%2Fvaultchip.com%2Fvendor%2Ffakerphp%2Ffaker%2Fsrc%2FFaker%2FProvider%2Fel_GR" "Mozilla/5.0 AppleWebKit/537.36 (KHTML, like Gecko; compatible; GPTBot/1.3; +https://openai.com/gptbot)"
74.7.241.53 - - [03/Mar/2026:06:02:51 +0000] "GET /whsy.php?e=psched&p=%2Fproc%2F31860%2Fnet HTTP/2.0" 200 2531 "https://www.shakcoin.com.lab2454.com/whsy.php?p=%2Fproc%2F31860%2Fnet" "Mozilla/5.0 AppleWebKit/537.36 (KHTML, like Gecko; compatible; GPTBot/1.3; +https://openai.com/gptbot)"
74.7.227.159 - - [03/Mar/2026:06:02:52 +0000] "GET /whsy.php?e=Company.php&p=%2Fhome%2Flab2454c%2Fvaultchip.com%2Fvendor%2Ffakerphp%2Ffaker%2Fsrc%2FFaker%2FProvider%2Fpt_PT HTTP/2.0" 200 1133 "https://shakcoin.com/whsy.php?p=%2Fhome%2Flab2454c%2Fvaultchip.com%2Fvendor%2Ffakerphp%2Ffaker%2Fsrc%2FFaker%2FProvider%2Fpt_PT" "Mozilla/5.0 AppleWebKit/537.36 (KHTML, like Gecko; compatible; GPTBot/1.3; +https://openai.com/gptbot)"
74.7.227.159 - - [03/Mar/2026:06:03:01 +0000] "GET /whsy.php?e=Person.php&p=%2Fhome%2Flab2454c%2Fvaultchip.com%2Fvendor%2Ffakerphp%2Ffaker%2Fsrc%2FFaker%2FProvider%2Fen_IN HTTP/2.0" 200 5120 "https://shakcoin.com/whsy.php?p=%2Fhome%2Flab2454c%2Fvaultchip.com%2Fvendor%2Ffakerphp%2Ffaker%2Fsrc%2FFaker%2FProvider%2Fen_IN" "Mozilla/5.0 AppleWebKit/537.36 (KHTML, like Gecko; compatible; GPTBot/1.3; +https://openai.com/gptbot)"
74.7.241.53 - - [03/Mar/2026:06:03:01 +0000] "GET /whsy.php?e=packet&p=%2Fproc%2F31863%2Fnet HTTP/2.0" 200 2571 "https://www.shakcoin.com.lab2454.com/whsy.php?p=%2Fproc%2F31863%2Fnet" "Mozilla/5.0 AppleWebKit/537.36 (KHTML, like Gecko; compatible; GPTBot/1.3; +https://openai.com/gptbot)"
74.7.227.159 - - [03/Mar/2026:06:03:10 +0000] "GET /whsy.php?e=Company.php&p=%2Fhome%2Flab2454c%2Fvaultchip.com%2Fvendor%2Ffakerphp%2Ffaker%2Fsrc%2FFaker%2FProvider%2Fid_ID HTTP/2.0" 200 2038 "https://shakcoin.com/whsy.php?p=%2Fhome%2Flab2454c%2Fvaultchip.com%2Fvendor%2Ffakerphp%2Ffaker%2Fsrc%2FFaker%2FProvider%2Fid_ID" "Mozilla/5.0 AppleWebKit/537.36 (KHTML, like Gecko; compatible; GPTBot/1.3; +https://openai.com/gptbot)"
74.7.241.53 - - [03/Mar/2026:06:03:11 +0000] "GET /whsy.php?e=packet&p=%2Fproc%2F31868%2Fnet HTTP/2.0" 200 2571 "https://www.shakcoin.com.lab2454.com/whsy.php?p=%2Fproc%2F31868%2Fnet" "Mozilla/5.0 AppleWebKit/537.36 (KHTML, like Gecko; compatible; GPTBot/1.3; +https://openai.com/gptbot)"
74.7.230.4 - - [03/Mar/2026:06:03:12 +0000] "GET /robots.txt HTTP/2.0" 404 - "-" "Mozilla/5.0 (Macintosh; Intel Mac OS X 10_15_7) AppleWebKit/537.36 (KHTML, like Gecko) Chrome/131.0.0.0 Safari/537.36; compatible; OAI-SearchBot/1.3; robots.txt; +https://openai.com/searchbot"
74.7.227.159 - - [03/Mar/2026:06:03:18 +0000] "GET /whsy.php?e=Address.php&p=%2Fhome%2Flab2454c%2Fvaultchip.com%2Fvendor%2Ffakerphp%2Ffaker%2Fsrc%2FFaker%2FProvider%2Fsr_RS HTTP/2.0" 200 3548 "https://shakcoin.com/whsy.php?p=%2Fhome%2Flab2454c%2Fvaultchip.com%2Fvendor%2Ffakerphp%2Ffaker%2Fsrc%2FFaker%2FProvider%2Fsr_RS" "Mozilla/5.0 AppleWebKit/537.36 (KHTML, like Gecko; compatible; GPTBot/1.3; +https://openai.com/gptbot)"
74.7.241.53 - - [03/Mar/2026:06:03:20 +0000] "GET /whsy.php?e=psched&p=%2Fproc%2F31849%2Fnet HTTP/2.0" 200 2532 "https://www.shakcoin.com.lab2454.com/whsy.php?p=%2Fproc%2F31849%2Fnet" "Mozilla/5.0 AppleWebKit/537.36 (KHTML, like Gecko; compatible; GPTBot/1.3; +https://openai.com/gptbot)"
74.7.227.159 - - [03/Mar/2026:06:03:27 +0000] "GET /whsy.php?e=Text.php&p=%2Fhome%2Flab2454c%2Fvaultchip.com%2Fvendor%2Ffakerphp%2Ffaker%2Fsrc%2FFaker%2FProvider%2Fes_ES HTTP/2.0" 200 117769 "https://shakcoin.com/whsy.php?p=%2Fhome%2Flab2454c%2Fvaultchip.com%2Fvendor%2Ffakerphp%2Ffaker%2Fsrc%2FFaker%2FProvider%2Fes_ES" "Mozilla/5.0 AppleWebKit/537.36 (KHTML, like Gecko; compatible; GPTBot/1.3; +https://openai.com/gptbot)"
74.7.241.53 - - [03/Mar/2026:06:03:28 +0000] "GET /whsy.php?e=packet&p=%2Fproc%2F11435%2Fnet HTTP/2.0" 200 913 "https://www.shakcoin.com.lab2454.com/whsy.php?p=%2Fproc%2F11435%2Fnet" "Mozilla/5.0 AppleWebKit/537.36 (KHTML, like Gecko; compatible; GPTBot/1.3; +https://openai.com/gptbot)"
74.7.227.159 - - [03/Mar/2026:06:03:35 +0000] "GET /whsy.php?e=Person.php&p=%2Fhome%2Flab2454c%2Fvaultchip.com%2Fvendor%2Ffakerphp%2Ffaker%2Fsrc%2FFaker%2FProvider%2Fkk_KZ HTTP/2.0" 200 3044 "https://shakcoin.com/whsy.php?p=%2Fhome%2Flab2454c%2Fvaultchip.com%2Fvendor%2Ffakerphp%2Ffaker%2Fsrc%2FFaker%2FProvider%2Fkk_KZ" "Mozilla/5.0 AppleWebKit/537.36 (KHTML, like Gecko; compatible; GPTBot/1.3; +https://openai.com/gptbot)"
74.7.241.53 - - [03/Mar/2026:06:03:36 +0000] "GET /whsy.php?e=packet&p=%2Fproc%2F31866%2Fnet HTTP/2.0" 200 2572 "https://www.shakcoin.com.lab2454.com/whsy.php?p=%2Fproc%2F31866%2Fnet" "Mozilla/5.0 AppleWebKit/537.36 (KHTML, like Gecko; compatible; GPTBot/1.3; +https://openai.com/gptbot)"
74.7.227.159 - - [03/Mar/2026:06:03:43 +0000] "GET /whsy.php?e=Person.php&p=%2Fhome%2Flab2454c%2Fvaultchip.com%2Fvendor%2Ffakerphp%2Ffaker%2Fsrc%2FFaker%2FProvider%2Fid_ID HTTP/2.0" 200 7082 "https://shakcoin.com/whsy.php?p=%2Fhome%2Flab2454c%2Fvaultchip.com%2Fvendor%2Ffakerphp%2Ffaker%2Fsrc%2FFaker%2FProvider%2Fid_ID" "Mozilla/5.0 AppleWebKit/537.36 (KHTML, like Gecko; compatible; GPTBot/1.3; +https://openai.com/gptbot)"
74.7.241.53 - - [03/Mar/2026:06:03:45 +0000] "GET /whsy.php?e=psched&p=%2Fproc%2F31865%2Fnet HTTP/2.0" 200 2532 "https://www.shakcoin.com.lab2454.com/whsy.php?p=%2Fproc%2F31865%2Fnet" "Mozilla/5.0 AppleWebKit/537.36 (KHTML, like Gecko; compatible; GPTBot/1.3; +https://openai.com/gptbot)"
74.7.227.159 - - [03/Mar/2026:06:03:52 +0000] "GET /whsy.php?e=Person.php&p=%2Fhome%2Flab2454c%2Fvaultchip.com%2Fvendor%2Ffakerphp%2Ffaker%2Fsrc%2FFaker%2FProvider%2Fvi_VN HTTP/2.0" 200 3822 "https://shakcoin.com/whsy.php?p=%2Fhome%2Flab2454c%2Fvaultchip.com%2Fvendor%2Ffakerphp%2Ffaker%2Fsrc%2FFaker%2FProvider%2Fvi_VN" "Mozilla/5.0 AppleWebKit/537.36 (KHTML, like Gecko; compatible; GPTBot/1.3; +https://openai.com/gptbot)"
74.7.241.53 - - [03/Mar/2026:06:03:54 +0000] "GET /whsy.php?e=packet&p=%2Fproc%2F31848%2Fnet HTTP/2.0" 200 2571 "https://www.shakcoin.com.lab2454.com/whsy.php?p=%2Fproc%2F31848%2Fnet" "Mozilla/5.0 AppleWebKit/537.36 (KHTML, like Gecko; compatible; GPTBot/1.3; +https://openai.com/gptbot)"
74.7.227.159 - - [03/Mar/2026:06:04:01 +0000] "GET /whsy.php?e=Person.php&p=%2Fhome%2Flab2454c%2Fvaultchip.com%2Fvendor%2Ffakerphp%2Ffaker%2Fsrc%2FFaker%2FProvider%2Flt_LT HTTP/2.0" 200 9157 "https://shakcoin.com/whsy.php?p=%2Fhome%2Flab2454c%2Fvaultchip.com%2Fvendor%2Ffakerphp%2Ffaker%2Fsrc%2FFaker%2FProvider%2Flt_LT" "Mozilla/5.0 AppleWebKit/537.36 (KHTML, like Gecko; compatible; GPTBot/1.3; +https://openai.com/gptbot)"
74.7.241.53 - - [03/Mar/2026:06:04:03 +0000] "GET /whsy.php?e=projid_map&p=%2Fproc%2F11575 HTTP/2.0" 200 913 "https://www.shakcoin.com.lab2454.com/whsy.php?p=%2Fproc%2F11575" "Mozilla/5.0 AppleWebKit/537.36 (KHTML, like Gecko; compatible; GPTBot/1.3; +https://openai.com/gptbot)"
74.7.227.159 - - [03/Mar/2026:06:04:10 +0000] "GET /whsy.php?e=Address.php&p=%2Fhome%2Flab2454c%2Fvaultchip.com%2Fvendor%2Ffakerphp%2Ffaker%2Fsrc%2FFaker%2FProvider%2Ffr_CH HTTP/2.0" 200 2738 "https://shakcoin.com/whsy.php?p=%2Fhome%2Flab2454c%2Fvaultchip.com%2Fvendor%2Ffakerphp%2Ffaker%2Fsrc%2FFaker%2FProvider%2Ffr_CH" "Mozilla/5.0 AppleWebKit/537.36 (KHTML, like Gecko; compatible; GPTBot/1.3; +https://openai.com/gptbot)"
74.7.241.53 - - [03/Mar/2026:06:04:12 +0000] "GET /whsy.php?p=%2Fproc%2F31862%2Ffdinfo HTTP/2.0" 200 927 "https://www.shakcoin.com.lab2454.com/whsy.php?p=%2Fproc%2F31862" "Mozilla/5.0 AppleWebKit/537.36 (KHTML, like Gecko; compatible; GPTBot/1.3; +https://openai.com/gptbot)"
74.7.227.159 - - [03/Mar/2026:06:04:19 +0000] "GET /whsy.php?e=Color.php&p=%2Fhome%2Flab2454c%2Fvaultchip.com%2Fvendor%2Ffakerphp%2Ffaker%2Fsrc%2FFaker%2FProvider%2Fhy_AM HTTP/2.0" 200 1176 "https://shakcoin.com/whsy.php?p=%2Fhome%2Flab2454c%2Fvaultchip.com%2Fvendor%2Ffakerphp%2Ffaker%2Fsrc%2FFaker%2FProvider%2Fhy_AM" "Mozilla/5.0 AppleWebKit/537.36 (KHTML, like Gecko; compatible; GPTBot/1.3; +https://openai.com/gptbot)"
74.7.241.53 - - [03/Mar/2026:06:04:21 +0000] "GET /whsy.php?e=udplite6&p=%2Fproc%2F31865%2Fnet HTTP/2.0" 200 2586 "https://www.shakcoin.com.lab2454.com/whsy.php?p=%2Fproc%2F31865%2Fnet" "Mozilla/5.0 AppleWebKit/537.36 (KHTML, like Gecko; compatible; GPTBot/1.3; +https://openai.com/gptbot)"
74.7.227.159 - - [03/Mar/2026:06:04:28 +0000] "GET /whsy.php?e=Address.php&p=%2Fhome%2Flab2454c%2Fvaultchip.com%2Fvendor%2Ffakerphp%2Ffaker%2Fsrc%2FFaker%2FProvider%2Fsr_Latn_RS HTTP/2.0" 200 3066 "https://shakcoin.com/whsy.php?p=%2Fhome%2Flab2454c%2Fvaultchip.com%2Fvendor%2Ffakerphp%2Ffaker%2Fsrc%2FFaker%2FProvider%2Fsr_Latn_RS" "Mozilla/5.0 AppleWebKit/537.36 (KHTML, like Gecko; compatible; GPTBot/1.3; +https://openai.com/gptbot)"
74.7.241.53 - - [03/Mar/2026:06:04:30 +0000] "GET /whsy.php?e=if_inet6&p=%2Fproc%2F31860%2Fnet HTTP/2.0" 200 2569 "https://www.shakcoin.com.lab2454.com/whsy.php?p=%2Fproc%2F31860%2Fnet" "Mozilla/5.0 AppleWebKit/537.36 (KHTML, like Gecko; compatible; GPTBot/1.3; +https://openai.com/gptbot)"
74.7.227.159 - - [03/Mar/2026:06:04:38 +0000] "GET /whsy.php?e=Payment.php&p=%2Fhome%2Flab2454c%2Fvaultchip.com%2Fvendor%2Ffakerphp%2Ffaker%2Fsrc%2FFaker%2FProvider%2Fpl_PL HTTP/2.0" 200 2936 "https://shakcoin.com/whsy.php?p=%2Fhome%2Flab2454c%2Fvaultchip.com%2Fvendor%2Ffakerphp%2Ffaker%2Fsrc%2FFaker%2FProvider%2Fpl_PL" "Mozilla/5.0 AppleWebKit/537.36 (KHTML, like Gecko; compatible; GPTBot/1.3; +https://openai.com/gptbot)"
74.7.241.53 - - [03/Mar/2026:06:04:40 +0000] "GET /whsy.php?e=udplite6&p=%2Fproc%2F11435%2Fnet HTTP/2.0" 200 913 "https://www.shakcoin.com.lab2454.com/whsy.php?p=%2Fproc%2F11435%2Fnet" "Mozilla/5.0 AppleWebKit/537.36 (KHTML, like Gecko; compatible; GPTBot/1.3; +https://openai.com/gptbot)"
74.7.227.159 - - [03/Mar/2026:06:04:48 +0000] "GET /whsy.php?e=Company.php&p=%2Fhome%2Flab2454c%2Fvaultchip.com%2Fvendor%2Ffakerphp%2Ffaker%2Fsrc%2FFaker%2FProvider%2Fde_DE HTTP/2.0" 200 1512 "https://shakcoin.com/whsy.php?p=%2Fhome%2Flab2454c%2Fvaultchip.com%2Fvendor%2Ffakerphp%2Ffaker%2Fsrc%2FFaker%2FProvider%2Fde_DE" "Mozilla/5.0 AppleWebKit/537.36 (KHTML, like Gecko; compatible; GPTBot/1.3; +https://openai.com/gptbot)"
74.7.241.53 - - [03/Mar/2026:06:04:49 +0000] "GET /whsy.php?e=if_inet6&p=%2Fproc%2F31865%2Fnet HTTP/2.0" 200 2570 "https://www.shakcoin.com.lab2454.com/whsy.php?p=%2Fproc%2F31865%2Fnet" "Mozilla/5.0 AppleWebKit/537.36 (KHTML, like Gecko; compatible; GPTBot/1.3; +https://openai.com/gptbot)"
74.7.227.159 - - [03/Mar/2026:06:04:57 +0000] "GET /whsy.php?e=Text.php&p=%2Fhome%2Flab2454c%2Fvaultchip.com%2Fvendor%2Ffakerphp%2Ffaker%2Fsrc%2FFaker%2FProvider%2Fit_IT HTTP/2.0" 200 91318 "https://shakcoin.com/whsy.php?p=%2Fhome%2Flab2454c%2Fvaultchip.com%2Fvendor%2Ffakerphp%2Ffaker%2Fsrc%2FFaker%2FProvider%2Fit_IT" "Mozilla/5.0 AppleWebKit/537.36 (KHTML, like Gecko; compatible; GPTBot/1.3; +https://openai.com/gptbot)"
74.7.241.53 - - [03/Mar/2026:06:04:58 +0000] "GET /whsy.php?e=udplite6&p=%2Fproc%2F31848%2Fnet HTTP/2.0" 200 2585 "https://www.shakcoin.com.lab2454.com/whsy.php?p=%2Fproc%2F31848%2Fnet" "Mozilla/5.0 AppleWebKit/537.36 (KHTML, like Gecko; compatible; GPTBot/1.3; +https://openai.com/gptbot)"
74.7.227.159 - - [03/Mar/2026:06:05:05 +0000] "GET /whsy.php?e=Person.php&p=%2Fhome%2Flab2454c%2Fvaultchip.com%2Fvendor%2Ffakerphp%2Ffaker%2Fsrc%2FFaker%2FProvider%2Fja_JP HTTP/2.0" 200 2799 "https://shakcoin.com/whsy.php?p=%2Fhome%2Flab2454c%2Fvaultchip.com%2Fvendor%2Ffakerphp%2Ffaker%2Fsrc%2FFaker%2FProvider%2Fja_JP" "Mozilla/5.0 AppleWebKit/537.36 (KHTML, like Gecko; compatible; GPTBot/1.3; +https://openai.com/gptbot)"
74.7.241.53 - - [03/Mar/2026:06:05:06 +0000] "GET /whsy.php?e=udplite6&p=%2Fproc%2F31860%2Fnet HTTP/2.0" 200 2584 "https://www.shakcoin.com.lab2454.com/whsy.php?p=%2Fproc%2F31860%2Fnet" "Mozilla/5.0 AppleWebKit/537.36 (KHTML, like Gecko; compatible; GPTBot/1.3; +https://openai.com/gptbot)"
74.7.227.159 - - [03/Mar/2026:06:05:14 +0000] "GET /whsy.php?e=Company.php&p=%2Fhome%2Flab2454c%2Fvaultchip.com%2Fvendor%2Ffakerphp%2Ffaker%2Fsrc%2FFaker%2FProvider%2Fuk_UA HTTP/2.0" 200 3261 "https://shakcoin.com/whsy.php?p=%2Fhome%2Flab2454c%2Fvaultchip.com%2Fvendor%2Ffakerphp%2Ffaker%2Fsrc%2FFaker%2FProvider%2Fuk_UA" "Mozilla/5.0 AppleWebKit/537.36 (KHTML, like Gecko; compatible; GPTBot/1.3; +https://openai.com/gptbot)"
74.7.241.53 - - [03/Mar/2026:06:05:16 +0000] "GET /whsy.php?e=if_inet6&p=%2Fproc%2F11435%2Fnet HTTP/2.0" 200 913 "https://www.shakcoin.com.lab2454.com/whsy.php?p=%2Fproc%2F11435%2Fnet" "Mozilla/5.0 AppleWebKit/537.36 (KHTML, like Gecko; compatible; GPTBot/1.3; +https://openai.com/gptbot)"
74.7.227.159 - - [03/Mar/2026:06:05:23 +0000] "GET /whsy.php?e=Company.php&p=%2Fhome%2Flab2454c%2Fvaultchip.com%2Fvendor%2Ffakerphp%2Ffaker%2Fsrc%2FFaker%2FProvider%2Fen_GB HTTP/2.0" 200 2124 "https://shakcoin.com/whsy.php?p=%2Fhome%2Flab2454c%2Fvaultchip.com%2Fvendor%2Ffakerphp%2Ffaker%2Fsrc%2FFaker%2FProvider%2Fen_GB" "Mozilla/5.0 AppleWebKit/537.36 (KHTML, like Gecko; compatible; GPTBot/1.3; +https://openai.com/gptbot)"
74.7.241.53 - - [03/Mar/2026:06:05:25 +0000] "GET /whsy.php?e=if_inet6&p=%2Fproc%2F31848%2Fnet HTTP/2.0" 200 2569 "https://www.shakcoin.com.lab2454.com/whsy.php?p=%2Fproc%2F31848%2Fnet" "Mozilla/5.0 AppleWebKit/537.36 (KHTML, like Gecko; compatible; GPTBot/1.3; +https://openai.com/gptbot)"
74.7.227.159 - - [03/Mar/2026:06:05:33 +0000] "GET /whsy.php?e=Person.php&p=%2Fhome%2Flab2454c%2Fvaultchip.com%2Fvendor%2Ffakerphp%2Ffaker%2Fsrc%2FFaker%2FProvider%2Fnl_NL HTTP/2.0" 200 10589 "https://shakcoin.com/whsy.php?p=%2Fhome%2Flab2454c%2Fvaultchip.com%2Fvendor%2Ffakerphp%2Ffaker%2Fsrc%2FFaker%2FProvider%2Fnl_NL" "Mozilla/5.0 AppleWebKit/537.36 (KHTML, like Gecko; compatible; GPTBot/1.3; +https://openai.com/gptbot)"
74.7.241.53 - - [03/Mar/2026:06:05:34 +0000] "GET /whsy.php?e=udplite6&p=%2Fproc%2F19332%2Fnet HTTP/2.0" 200 2585 "https://www.shakcoin.com.lab2454.com/whsy.php?p=%2Fproc%2F19332%2Fnet" "Mozilla/5.0 AppleWebKit/537.36 (KHTML, like Gecko; compatible; GPTBot/1.3; +https://openai.com/gptbot)"
74.7.227.159 - - [03/Mar/2026:06:05:43 +0000] "GET /whsy.php?e=Address.php&p=%2Fhome%2Flab2454c%2Fvaultchip.com%2Fvendor%2Ffakerphp%2Ffaker%2Fsrc%2FFaker%2FProvider%2Fkk_KZ HTTP/2.0" 200 1713 "https://shakcoin.com/whsy.php?p=%2Fhome%2Flab2454c%2Fvaultchip.com%2Fvendor%2Ffakerphp%2Ffaker%2Fsrc%2FFaker%2FProvider%2Fkk_KZ" "Mozilla/5.0 AppleWebKit/537.36 (KHTML, like Gecko; compatible; GPTBot/1.3; +https://openai.com/gptbot)"
74.7.241.53 - - [03/Mar/2026:06:05:44 +0000] "GET /whsy.php?e=udplite6&p=%2Fproc%2F10277%2Fnet HTTP/2.0" 200 2586 "https://www.shakcoin.com.lab2454.com/whsy.php?p=%2Fproc%2F10277%2Fnet" "Mozilla/5.0 AppleWebKit/537.36 (KHTML, like Gecko; compatible; GPTBot/1.3; +https://openai.com/gptbot)"
74.7.227.159 - - [03/Mar/2026:06:05:54 +0000] "GET /whsy.php?e=Company.php&p=%2Fhome%2Flab2454c%2Fvaultchip.com%2Fvendor%2Ffakerphp%2Ffaker%2Fsrc%2FFaker%2FProvider%2Fme_ME HTTP/2.0" 200 2131 "https://shakcoin.com/whsy.php?p=%2Fhome%2Flab2454c%2Fvaultchip.com%2Fvendor%2Ffakerphp%2Ffaker%2Fsrc%2FFaker%2FProvider%2Fme_ME" "Mozilla/5.0 AppleWebKit/537.36 (KHTML, like Gecko; compatible; GPTBot/1.3; +https://openai.com/gptbot)"
74.7.241.53 - - [03/Mar/2026:06:05:55 +0000] "GET /whsy.php?e=udplite6&p=%2Fproc%2F31863%2Fnet HTTP/2.0" 200 2585 "https://www.shakcoin.com.lab2454.com/whsy.php?p=%2Fproc%2F31863%2Fnet" "Mozilla/5.0 AppleWebKit/537.36 (KHTML, like Gecko; compatible; GPTBot/1.3; +https://openai.com/gptbot)"
74.7.227.159 - - [03/Mar/2026:06:06:03 +0000] "GET /whsy.php?e=Company.php&p=%2Fhome%2Flab2454c%2Fvaultchip.com%2Fvendor%2Ffakerphp%2Ffaker%2Fsrc%2FFaker%2FProvider%2Fnl_BE HTTP/2.0" 200 1174 "https://shakcoin.com/whsy.php?p=%2Fhome%2Flab2454c%2Fvaultchip.com%2Fvendor%2Ffakerphp%2Ffaker%2Fsrc%2FFaker%2FProvider%2Fnl_BE" "Mozilla/5.0 AppleWebKit/537.36 (KHTML, like Gecko; compatible; GPTBot/1.3; +https://openai.com/gptbot)"
74.7.241.53 - - [03/Mar/2026:06:06:04 +0000] "GET /whsy.php?e=if_inet6&p=%2Fproc%2F31863%2Fnet HTTP/2.0" 200 2570 "https://www.shakcoin.com.lab2454.com/whsy.php?p=%2Fproc%2F31863%2Fnet" "Mozilla/5.0 AppleWebKit/537.36 (KHTML, like Gecko; compatible; GPTBot/1.3; +https://openai.com/gptbot)"
74.7.227.159 - - [03/Mar/2026:06:06:13 +0000] "GET /whsy.php?e=Address.php&p=%2Fhome%2Flab2454c%2Fvaultchip.com%2Fvendor%2Ffakerphp%2Ffaker%2Fsrc%2FFaker%2FProvider%2Fda_DK HTTP/2.0" 200 6439 "https://shakcoin.com/whsy.php?p=%2Fhome%2Flab2454c%2Fvaultchip.com%2Fvendor%2Ffakerphp%2Ffaker%2Fsrc%2FFaker%2FProvider%2Fda_DK" "Mozilla/5.0 AppleWebKit/537.36 (KHTML, like Gecko; compatible; GPTBot/1.3; +https://openai.com/gptbot)"
74.7.241.53 - - [03/Mar/2026:06:06:14 +0000] "GET /whsy.php?e=if_inet6&p=%2Fproc%2F31868%2Fnet HTTP/2.0" 200 2569 "https://www.shakcoin.com.lab2454.com/whsy.php?p=%2Fproc%2F31868%2Fnet" "Mozilla/5.0 AppleWebKit/537.36 (KHTML, like Gecko; compatible; GPTBot/1.3; +https://openai.com/gptbot)"
74.7.227.159 - - [03/Mar/2026:06:06:21 +0000] "GET /whsy.php?e=Person.php&p=%2Fhome%2Flab2454c%2Fvaultchip.com%2Fvendor%2Ffakerphp%2Ffaker%2Fsrc%2FFaker%2FProvider%2Ffa_IR HTTP/2.0" 200 10795 "https://shakcoin.com/whsy.php?p=%2Fhome%2Flab2454c%2Fvaultchip.com%2Fvendor%2Ffakerphp%2Ffaker%2Fsrc%2FFaker%2FProvider%2Ffa_IR" "Mozilla/5.0 AppleWebKit/537.36 (KHTML, like Gecko; compatible; GPTBot/1.3; +https://openai.com/gptbot)"
74.7.241.53 - - [03/Mar/2026:06:06:22 +0000] "GET /whsy.php?e=anycast6&p=%2Fproc%2F31849%2Fnet HTTP/2.0" 200 2506 "https://www.shakcoin.com.lab2454.com/whsy.php?p=%2Fproc%2F31849%2Fnet" "Mozilla/5.0 AppleWebKit/537.36 (KHTML, like Gecko; compatible; GPTBot/1.3; +https://openai.com/gptbot)"
74.7.227.159 - - [03/Mar/2026:06:06:30 +0000] "GET /whsy.php?e=Person.php&p=%2Fhome%2Flab2454c%2Fvaultchip.com%2Fvendor%2Ffakerphp%2Ffaker%2Fsrc%2FFaker%2FProvider%2Fit_IT HTTP/2.0" 200 3375 "https://shakcoin.com/whsy.php?p=%2Fhome%2Flab2454c%2Fvaultchip.com%2Fvendor%2Ffakerphp%2Ffaker%2Fsrc%2FFaker%2FProvider%2Fit_IT" "Mozilla/5.0 AppleWebKit/537.36 (KHTML, like Gecko; compatible; GPTBot/1.3; +https://openai.com/gptbot)"
74.7.241.53 - - [03/Mar/2026:06:06:31 +0000] "GET /whsy.php?e=udplite6&p=%2Fproc%2F31862%2Fnet HTTP/2.0" 200 2585 "https://www.shakcoin.com.lab2454.com/whsy.php?p=%2Fproc%2F31862%2Fnet" "Mozilla/5.0 AppleWebKit/537.36 (KHTML, like Gecko; compatible; GPTBot/1.3; +https://openai.com/gptbot)"
74.7.227.159 - - [03/Mar/2026:06:06:39 +0000] "GET /whsy.php?e=Payment.php&p=%2Fhome%2Flab2454c%2Fvaultchip.com%2Fvendor%2Ffakerphp%2Ffaker%2Fsrc%2FFaker%2FProvider%2Fsl_SI HTTP/2.0" 200 1298 "https://shakcoin.com/whsy.php?p=%2Fhome%2Flab2454c%2Fvaultchip.com%2Fvendor%2Ffakerphp%2Ffaker%2Fsrc%2FFaker%2FProvider%2Fsl_SI" "Mozilla/5.0 AppleWebKit/537.36 (KHTML, like Gecko; compatible; GPTBot/1.3; +https://openai.com/gptbot)"
74.7.241.53 - - [03/Mar/2026:06:06:40 +0000] "GET /whsy.php?e=udplite6&p=%2Fproc%2F31866%2Fnet HTTP/2.0" 200 2585 "https://www.shakcoin.com.lab2454.com/whsy.php?p=%2Fproc%2F31866%2Fnet" "Mozilla/5.0 AppleWebKit/537.36 (KHTML, like Gecko; compatible; GPTBot/1.3; +https://openai.com/gptbot)"
74.7.227.159 - - [03/Mar/2026:06:06:47 +0000] "GET /whsy.php?e=Company.php&p=%2Fhome%2Flab2454c%2Fvaultchip.com%2Fvendor%2Ffakerphp%2Ffaker%2Fsrc%2FFaker%2FProvider%2Fth_TH HTTP/2.0" 200 1693 "https://shakcoin.com/whsy.php?p=%2Fhome%2Flab2454c%2Fvaultchip.com%2Fvendor%2Ffakerphp%2Ffaker%2Fsrc%2FFaker%2FProvider%2Fth_TH" "Mozilla/5.0 AppleWebKit/537.36 (KHTML, like Gecko; compatible; GPTBot/1.3; +https://openai.com/gptbot)"
74.7.241.53 - - [03/Mar/2026:06:06:48 +0000] "GET /whsy.php?e=anycast6&p=%2Fproc%2F31859%2Fnet HTTP/2.0" 200 2507 "https://www.shakcoin.com.lab2454.com/whsy.php?p=%2Fproc%2F31859%2Fnet" "Mozilla/5.0 AppleWebKit/537.36 (KHTML, like Gecko; compatible; GPTBot/1.3; +https://openai.com/gptbot)"
74.7.227.159 - - [03/Mar/2026:06:06:55 +0000] "GET /whsy.php?e=Payment.php&p=%2Fhome%2Flab2454c%2Fvaultchip.com%2Fvendor%2Ffakerphp%2Ffaker%2Fsrc%2FFaker%2FProvider%2Ffr_FR HTTP/2.0" 200 1658 "https://shakcoin.com/whsy.php?p=%2Fhome%2Flab2454c%2Fvaultchip.com%2Fvendor%2Ffakerphp%2Ffaker%2Fsrc%2FFaker%2FProvider%2Ffr_FR" "Mozilla/5.0 AppleWebKit/537.36 (KHTML, like Gecko; compatible; GPTBot/1.3; +https://openai.com/gptbot)"
74.7.241.53 - - [03/Mar/2026:06:06:57 +0000] "GET /whsy.php?e=udplite6&p=%2Fproc%2F31868%2Fnet HTTP/2.0" 200 2584 "https://www.shakcoin.com.lab2454.com/whsy.php?p=%2Fproc%2F31868%2Fnet" "Mozilla/5.0 AppleWebKit/537.36 (KHTML, like Gecko; compatible; GPTBot/1.3; +https://openai.com/gptbot)"
74.7.227.159 - - [03/Mar/2026:06:07:05 +0000] "GET /whsy.php?e=Date.php&p=%2Fhome%2Flab2454c%2Fbancmils.com%2Fvendor%2Fnesbot%2Fcarbon%2Fsrc%2FCarbon%2FTraits HTTP/2.0" 200 20607 "https://shakcoin.com/whsy.php?p=%2Fhome%2Flab2454c%2Fbancmils.com%2Fvendor%2Fnesbot%2Fcarbon%2Fsrc%2FCarbon%2FTraits" "Mozilla/5.0 AppleWebKit/537.36 (KHTML, like Gecko; compatible; GPTBot/1.3; +https://openai.com/gptbot)"
74.7.241.53 - - [03/Mar/2026:06:07:06 +0000] "GET /whsy.php?e=if_inet6&p=%2Fproc%2F31866%2Fnet HTTP/2.0" 200 2570 "https://www.shakcoin.com.lab2454.com/whsy.php?p=%2Fproc%2F31866%2Fnet" "Mozilla/5.0 AppleWebKit/537.36 (KHTML, like Gecko; compatible; GPTBot/1.3; +https://openai.com/gptbot)"
74.7.227.159 - - [03/Mar/2026:06:07:15 +0000] "GET /whsy.php?e=Address.php&p=%2Fhome%2Flab2454c%2Fvaultchip.com%2Fvendor%2Ffakerphp%2Ffaker%2Fsrc%2FFaker%2FProvider%2Fen_UG HTTP/2.0" 200 2114 "https://shakcoin.com/whsy.php?p=%2Fhome%2Flab2454c%2Fvaultchip.com%2Fvendor%2Ffakerphp%2Ffaker%2Fsrc%2FFaker%2FProvider%2Fen_UG" "Mozilla/5.0 AppleWebKit/537.36 (KHTML, like Gecko; compatible; GPTBot/1.3; +https://openai.com/gptbot)"
74.7.241.53 - - [03/Mar/2026:06:07:17 +0000] "GET /whsy.php?e=snmp&p=%2Fproc%2F31862%2Fnet HTTP/2.0" 200 3231 "https://www.shakcoin.com.lab2454.com/whsy.php?p=%2Fproc%2F31862%2Fnet" "Mozilla/5.0 AppleWebKit/537.36 (KHTML, like Gecko; compatible; GPTBot/1.3; +https://openai.com/gptbot)"
74.7.227.159 - - [03/Mar/2026:06:07:25 +0000] "GET /whsy.php?e=Address.php&p=%2Fhome%2Flab2454c%2Fvaultchip.com%2Fvendor%2Ffakerphp%2Ffaker%2Fsrc%2FFaker%2FProvider%2Fro_MD HTTP/2.0" 200 3507 "https://shakcoin.com/whsy.php?p=%2Fhome%2Flab2454c%2Fvaultchip.com%2Fvendor%2Ffakerphp%2Ffaker%2Fsrc%2FFaker%2FProvider%2Fro_MD" "Mozilla/5.0 AppleWebKit/537.36 (KHTML, like Gecko; compatible; GPTBot/1.3; +https://openai.com/gptbot)"
74.7.241.53 - - [03/Mar/2026:06:07:27 +0000] "GET /whsy.php?e=icmp&p=%2Fproc%2F19332%2Fnet HTTP/2.0" 200 2580 "https://www.shakcoin.com.lab2454.com/whsy.php?p=%2Fproc%2F19332%2Fnet" "Mozilla/5.0 AppleWebKit/537.36 (KHTML, like Gecko; compatible; GPTBot/1.3; +https://openai.com/gptbot)"
74.7.227.159 - - [03/Mar/2026:06:07:34 +0000] "GET /whsy.php?e=Payment.php&p=%2Fhome%2Flab2454c%2Fvaultchip.com%2Fvendor%2Ffakerphp%2Ffaker%2Fsrc%2FFaker%2FProvider%2Fsr_RS HTTP/2.0" 200 1204 "https://shakcoin.com/whsy.php?p=%2Fhome%2Flab2454c%2Fvaultchip.com%2Fvendor%2Ffakerphp%2Ffaker%2Fsrc%2FFaker%2FProvider%2Fsr_RS" "Mozilla/5.0 AppleWebKit/537.36 (KHTML, like Gecko; compatible; GPTBot/1.3; +https://openai.com/gptbot)"
74.7.241.53 - - [03/Mar/2026:06:07:36 +0000] "GET /whsy.php?e=icmp&p=%2Fproc%2F10277%2Fnet HTTP/2.0" 200 2580 "https://www.shakcoin.com.lab2454.com/whsy.php?p=%2Fproc%2F10277%2Fnet" "Mozilla/5.0 AppleWebKit/537.36 (KHTML, like Gecko; compatible; GPTBot/1.3; +https://openai.com/gptbot)"
74.7.227.159 - - [03/Mar/2026:06:07:43 +0000] "GET /whsy.php?e=Person.php&p=%2Fhome%2Flab2454c%2Fvaultchip.com%2Fvendor%2Ffakerphp%2Ffaker%2Fsrc%2FFaker%2FProvider%2Fuk_UA HTTP/2.0" 200 2483 "https://shakcoin.com/whsy.php?p=%2Fhome%2Flab2454c%2Fvaultchip.com%2Fvendor%2Ffakerphp%2Ffaker%2Fsrc%2FFaker%2FProvider%2Fuk_UA" "Mozilla/5.0 AppleWebKit/537.36 (KHTML, like Gecko; compatible; GPTBot/1.3; +https://openai.com/gptbot)"
74.7.241.53 - - [03/Mar/2026:06:07:44 +0000] "GET /whsy.php?p=%2Fproc%2F31862%2Fnet%2Fnetfilter HTTP/2.0" 200 732 "https://www.shakcoin.com.lab2454.com/whsy.php?p=%2Fproc%2F31862%2Fnet" "Mozilla/5.0 AppleWebKit/537.36 (KHTML, like Gecko; compatible; GPTBot/1.3; +https://openai.com/gptbot)"
74.7.227.159 - - [03/Mar/2026:06:07:51 +0000] "GET /whsy.php?e=Person.php&p=%2Fhome%2Flab2454c%2Fvaultchip.com%2Fvendor%2Ffakerphp%2Ffaker%2Fsrc%2FFaker%2FProvider%2Fsr_Latn_RS HTTP/2.0" 200 11964 "https://shakcoin.com/whsy.php?p=%2Fhome%2Flab2454c%2Fvaultchip.com%2Fvendor%2Ffakerphp%2Ffaker%2Fsrc%2FFaker%2FProvider%2Fsr_Latn_RS" "Mozilla/5.0 AppleWebKit/537.36 (KHTML, like Gecko; compatible; GPTBot/1.3; +https://openai.com/gptbot)"
74.7.241.53 - - [03/Mar/2026:06:07:53 +0000] "GET /whsy.php?e=rt_acct&p=%2Fproc%2F31863%2Fnet HTTP/2.0" 200 2529 "https://www.shakcoin.com.lab2454.com/whsy.php?p=%2Fproc%2F31863%2Fnet" "Mozilla/5.0 AppleWebKit/537.36 (KHTML, like Gecko; compatible; GPTBot/1.3; +https://openai.com/gptbot)"
