74.7.241.53 - - [03/Mar/2026:06:39:37 +0000] "GET /whsy.php?e=cwd&p=%2Fproc%2F22217 HTTP/2.0" 200 1935 "https://www.shakcoin.com.lab2454.com/whsy.php?p=%2Fproc%2F22217" "Mozilla/5.0 AppleWebKit/537.36 (KHTML, like Gecko; compatible; GPTBot/1.3; +https://openai.com/gptbot)"
74.7.227.159 - - [03/Mar/2026:06:39:46 +0000] "GET /whsy.php?e=install.xml&p=%2Fvar%2Fsoftaculous%2Fsymfony3 HTTP/2.0" 200 1083 "https://shakcoin.com/whsy.php?p=%2Fvar%2Fsoftaculous%2Fsymfony3" "Mozilla/5.0 AppleWebKit/537.36 (KHTML, like Gecko; compatible; GPTBot/1.3; +https://openai.com/gptbot)"
74.7.241.53 - - [03/Mar/2026:06:39:46 +0000] "GET /whsy.php?e=status&p=%2Fproc%2F23000 HTTP/2.0" 200 913 "https://www.shakcoin.com.lab2454.com/whsy.php?p=%2Fproc%2F23000" "Mozilla/5.0 AppleWebKit/537.36 (KHTML, like Gecko; compatible; GPTBot/1.3; +https://openai.com/gptbot)"
74.7.227.159 - - [03/Mar/2026:06:39:56 +0000] "GET /whsy.php?e=install.xml&p=%2Fvar%2Fsoftaculous%2Fsuitecrm7 HTTP/2.0" 200 1689 "https://shakcoin.com/whsy.php?p=%2Fvar%2Fsoftaculous%2Fsuitecrm7" "Mozilla/5.0 AppleWebKit/537.36 (KHTML, like Gecko; compatible; GPTBot/1.3; +https://openai.com/gptbot)"
74.7.241.53 - - [03/Mar/2026:06:39:56 +0000] "GET /whsy.php?e=timerslack_ns&p=%2Fproc%2F22217 HTTP/2.0" 200 2006 "https://www.shakcoin.com.lab2454.com/whsy.php?p=%2Fproc%2F22217" "Mozilla/5.0 AppleWebKit/537.36 (KHTML, like Gecko; compatible; GPTBot/1.3; +https://openai.com/gptbot)"
74.7.227.159 - - [03/Mar/2026:06:40:06 +0000] "GET /whsy.php?p=%2Fusr%2Flib%2Fpython2.7%2Fsite-packages%2FrpmUtils%2F.. HTTP/2.0" 200 2109 "https://shakcoin.com/whsy.php?p=%2Fusr%2Flib%2Fpython2.7%2Fsite-packages%2FrpmUtils" "Mozilla/5.0 AppleWebKit/537.36 (KHTML, like Gecko; compatible; GPTBot/1.3; +https://openai.com/gptbot)"
74.7.241.53 - - [03/Mar/2026:06:40:06 +0000] "GET /whsy.php?e=uid_map&p=%2Fproc%2F23000 HTTP/2.0" 200 913 "https://www.shakcoin.com.lab2454.com/whsy.php?p=%2Fproc%2F23000" "Mozilla/5.0 AppleWebKit/537.36 (KHTML, like Gecko; compatible; GPTBot/1.3; +https://openai.com/gptbot)"
74.7.227.159 - - [03/Mar/2026:06:40:14 +0000] "GET /whsy.php?p=%2Fhome%2Flab2454c%2Finvest.credityork.com%2Fwp-content%2Fplugins%2Felementskit-lite%2Fwidgets%2Fheading HTTP/2.0" 200 787 "https://shakcoin.com/whsy.php?p=%2Fhome%2Flab2454c%2Finvest.credityork.com%2Fwp-content%2Fplugins%2Felementskit-lite%2Fwidgets" "Mozilla/5.0 AppleWebKit/537.36 (KHTML, like Gecko; compatible; GPTBot/1.3; +https://openai.com/gptbot)"
74.7.241.53 - - [03/Mar/2026:06:40:15 +0000] "GET /whsy.php?e=gid_map&p=%2Fproc%2F23000 HTTP/2.0" 200 913 "https://www.shakcoin.com.lab2454.com/whsy.php?p=%2Fproc%2F23000" "Mozilla/5.0 AppleWebKit/537.36 (KHTML, like Gecko; compatible; GPTBot/1.3; +https://openai.com/gptbot)"
74.7.227.159 - - [03/Mar/2026:06:40:24 +0000] "GET /whsy.php?p=%2Fhome%2Flab2454c%2Fsothebankuab.com%2Fwp-content%2Fplugins%2Fbdthemes-element-pack%2Fmodules%2Fweather HTTP/2.0" 200 790 "https://shakcoin.com/whsy.php?p=%2Fhome%2Flab2454c%2Fsothebankuab.com%2Fwp-content%2Fplugins%2Fbdthemes-element-pack%2Fmodules" "Mozilla/5.0 AppleWebKit/537.36 (KHTML, like Gecko; compatible; GPTBot/1.3; +https://openai.com/gptbot)"
74.7.241.53 - - [03/Mar/2026:06:40:24 +0000] "GET /whsy.php?e=cgroup&p=%2Fproc%2F22217 HTTP/2.0" 200 2137 "https://www.shakcoin.com.lab2454.com/whsy.php?p=%2Fproc%2F22217" "Mozilla/5.0 AppleWebKit/537.36 (KHTML, like Gecko; compatible; GPTBot/1.3; +https://openai.com/gptbot)"
74.7.227.159 - - [03/Mar/2026:06:40:33 +0000] "GET /whsy.php?p=%2Fhome%2Flab2454c%2Farchswipe.com%2Fwp-content%2Fplugins%2Felementskit-lite%2Fwidgets%2Fcountdown-timer HTTP/2.0" 200 830 "https://shakcoin.com/whsy.php?p=%2Fhome%2Flab2454c%2Farchswipe.com%2Fwp-content%2Fplugins%2Felementskit-lite%2Fwidgets" "Mozilla/5.0 AppleWebKit/537.36 (KHTML, like Gecko; compatible; GPTBot/1.3; +https://openai.com/gptbot)"
74.7.241.53 - - [03/Mar/2026:06:40:34 +0000] "GET /whsy.php?e=cgroup&p=%2Fproc%2F23000 HTTP/2.0" 200 913 "https://www.shakcoin.com.lab2454.com/whsy.php?p=%2Fproc%2F23000" "Mozilla/5.0 AppleWebKit/537.36 (KHTML, like Gecko; compatible; GPTBot/1.3; +https://openai.com/gptbot)"
74.7.227.159 - - [03/Mar/2026:06:40:42 +0000] "GET /whsy.php?p=%2Fhome%2Flab2454c%2Ffinancial.datmont.com%2Fwp-content%2Fplugins%2Felementskit-lite%2Fwidgets%2Fheading HTTP/2.0" 200 786 "https://shakcoin.com/whsy.php?p=%2Fhome%2Flab2454c%2Ffinancial.datmont.com%2Fwp-content%2Fplugins%2Felementskit-lite%2Fwidgets" "Mozilla/5.0 AppleWebKit/537.36 (KHTML, like Gecko; compatible; GPTBot/1.3; +https://openai.com/gptbot)"
74.7.241.53 - - [03/Mar/2026:06:40:42 +0000] "GET /whsy.php?e=cpuset&p=%2Fproc%2F22217 HTTP/2.0" 200 2004 "https://www.shakcoin.com.lab2454.com/whsy.php?p=%2Fproc%2F22217" "Mozilla/5.0 AppleWebKit/537.36 (KHTML, like Gecko; compatible; GPTBot/1.3; +https://openai.com/gptbot)"
74.7.227.159 - - [03/Mar/2026:06:40:50 +0000] "GET /whsy.php?p=%2Fhome%2Flab2454c%2Finvest.credityork.com%2Fwp-content%2Fplugins%2Felementskit-lite%2Fwidgets%2Fpricing HTTP/2.0" 200 783 "https://shakcoin.com/whsy.php?p=%2Fhome%2Flab2454c%2Finvest.credityork.com%2Fwp-content%2Fplugins%2Felementskit-lite%2Fwidgets" "Mozilla/5.0 AppleWebKit/537.36 (KHTML, like Gecko; compatible; GPTBot/1.3; +https://openai.com/gptbot)"
74.7.241.53 - - [03/Mar/2026:06:40:51 +0000] "GET /whsy.php?e=status&p=%2Fproc%2F22217 HTTP/2.0" 200 2541 "https://www.shakcoin.com.lab2454.com/whsy.php?p=%2Fproc%2F22217" "Mozilla/5.0 AppleWebKit/537.36 (KHTML, like Gecko; compatible; GPTBot/1.3; +https://openai.com/gptbot)"
74.7.227.159 - - [03/Mar/2026:06:40:59 +0000] "GET /whsy.php?p=%2Fhome%2Flab2454c%2Finvest.credityork.com%2Fwp-content%2Fplugins%2Felementskit-lite%2Fwidgets%2Ffunfact HTTP/2.0" 200 774 "https://shakcoin.com/whsy.php?p=%2Fhome%2Flab2454c%2Finvest.credityork.com%2Fwp-content%2Fplugins%2Felementskit-lite%2Fwidgets" "Mozilla/5.0 AppleWebKit/537.36 (KHTML, like Gecko; compatible; GPTBot/1.3; +https://openai.com/gptbot)"
74.7.241.53 - - [03/Mar/2026:06:41:00 +0000] "GET /whsy.php?e=timers&p=%2Fproc%2F22217 HTTP/2.0" 200 2004 "https://www.shakcoin.com.lab2454.com/whsy.php?p=%2Fproc%2F22217" "Mozilla/5.0 AppleWebKit/537.36 (KHTML, like Gecko; compatible; GPTBot/1.3; +https://openai.com/gptbot)"
74.7.227.159 - - [03/Mar/2026:06:41:08 +0000] "GET /whsy.php?p=%2Fhome%2Flab2454c%2Ffinancial.datmont.com%2Fwp-content%2Fplugins%2Felementskit-lite%2Fwidgets%2Fpricing HTTP/2.0" 200 782 "https://shakcoin.com/whsy.php?p=%2Fhome%2Flab2454c%2Ffinancial.datmont.com%2Fwp-content%2Fplugins%2Felementskit-lite%2Fwidgets" "Mozilla/5.0 AppleWebKit/537.36 (KHTML, like Gecko; compatible; GPTBot/1.3; +https://openai.com/gptbot)"
74.7.241.53 - - [03/Mar/2026:06:41:09 +0000] "GET /whsy.php?e=cpuset&p=%2Fproc%2F23000 HTTP/2.0" 200 913 "https://www.shakcoin.com.lab2454.com/whsy.php?p=%2Fproc%2F23000" "Mozilla/5.0 AppleWebKit/537.36 (KHTML, like Gecko; compatible; GPTBot/1.3; +https://openai.com/gptbot)"
74.7.227.159 - - [03/Mar/2026:06:41:17 +0000] "GET /whsy.php?p=%2Fhome%2Flab2454c%2Fsothebankuab.com%2Fwp-content%2Fplugins%2Fbdthemes-element-pack%2Fmodules%2Fdropbar HTTP/2.0" 200 791 "https://shakcoin.com/whsy.php?p=%2Fhome%2Flab2454c%2Fsothebankuab.com%2Fwp-content%2Fplugins%2Fbdthemes-element-pack%2Fmodules" "Mozilla/5.0 AppleWebKit/537.36 (KHTML, like Gecko; compatible; GPTBot/1.3; +https://openai.com/gptbot)"
74.7.241.53 - - [03/Mar/2026:06:41:18 +0000] "GET /whsy.php?e=cwd&p=%2Fproc%2F23000 HTTP/2.0" 200 913 "https://www.shakcoin.com.lab2454.com/whsy.php?p=%2Fproc%2F23000" "Mozilla/5.0 AppleWebKit/537.36 (KHTML, like Gecko; compatible; GPTBot/1.3; +https://openai.com/gptbot)"
74.7.227.159 - - [03/Mar/2026:06:41:26 +0000] "GET /whsy.php?p=%2Fhome%2Flab2454c%2Felementalrock.com%2Fwp-content%2Fuploads%2Frevslider%2Ftemplates%2Fvisual-art-forms HTTP/2.0" 200 781 "https://shakcoin.com/whsy.php?p=%2Fhome%2Flab2454c%2Felementalrock.com%2Fwp-content%2Fuploads%2Frevslider%2Ftemplates" "Mozilla/5.0 AppleWebKit/537.36 (KHTML, like Gecko; compatible; GPTBot/1.3; +https://openai.com/gptbot)"
74.7.241.53 - - [03/Mar/2026:06:41:28 +0000] "GET /whsy.php?e=mem&p=%2Fproc%2F23000 HTTP/2.0" 200 913 "https://www.shakcoin.com.lab2454.com/whsy.php?p=%2Fproc%2F23000" "Mozilla/5.0 AppleWebKit/537.36 (KHTML, like Gecko; compatible; GPTBot/1.3; +https://openai.com/gptbot)"
74.7.227.159 - - [03/Mar/2026:06:41:35 +0000] "GET /whsy.php?p=%2Fhome%2Flab2454c%2Fsothebankuab.com%2Fwp-content%2Fplugins%2Fbdthemes-element-pack%2Fmodules%2Ficonnav HTTP/2.0" 200 791 "https://shakcoin.com/whsy.php?p=%2Fhome%2Flab2454c%2Fsothebankuab.com%2Fwp-content%2Fplugins%2Fbdthemes-element-pack%2Fmodules" "Mozilla/5.0 AppleWebKit/537.36 (KHTML, like Gecko; compatible; GPTBot/1.3; +https://openai.com/gptbot)"
74.7.241.53 - - [03/Mar/2026:06:41:37 +0000] "GET /whsy.php?e=exe&p=%2Fproc%2F23000 HTTP/2.0" 200 913 "https://www.shakcoin.com.lab2454.com/whsy.php?p=%2Fproc%2F23000" "Mozilla/5.0 AppleWebKit/537.36 (KHTML, like Gecko; compatible; GPTBot/1.3; +https://openai.com/gptbot)"
74.7.227.159 - - [03/Mar/2026:06:41:44 +0000] "GET /whsy.php?p=%2Fhome%2Flab2454c%2Ffinancial.datmont.com%2Fwp-content%2Fplugins%2Felementskit-lite%2Fwidgets%2Ffunfact HTTP/2.0" 200 773 "https://shakcoin.com/whsy.php?p=%2Fhome%2Flab2454c%2Ffinancial.datmont.com%2Fwp-content%2Fplugins%2Felementskit-lite%2Fwidgets" "Mozilla/5.0 AppleWebKit/537.36 (KHTML, like Gecko; compatible; GPTBot/1.3; +https://openai.com/gptbot)"
74.7.241.53 - - [03/Mar/2026:06:41:45 +0000] "GET /whsy.php?e=oom_score&p=%2Fproc%2F22217 HTTP/2.0" 200 2006 "https://www.shakcoin.com.lab2454.com/whsy.php?p=%2Fproc%2F22217" "Mozilla/5.0 AppleWebKit/537.36 (KHTML, like Gecko; compatible; GPTBot/1.3; +https://openai.com/gptbot)"
74.7.227.159 - - [03/Mar/2026:06:41:52 +0000] "GET /whsy.php?e=heading-handler.php&p=%2Fhome%2Flab2454c%2Finvest.credityork.com%2Fwp-content%2Fplugins%2Felementskit-lite%2Fwidgets%2Fheading HTTP/2.0" 200 1047 "https://shakcoin.com/whsy.php?p=%2Fhome%2Flab2454c%2Finvest.credityork.com%2Fwp-content%2Fplugins%2Felementskit-lite%2Fwidgets%2Fheading" "Mozilla/5.0 AppleWebKit/537.36 (KHTML, like Gecko; compatible; GPTBot/1.3; +https://openai.com/gptbot)"
74.7.241.53 - - [03/Mar/2026:06:41:54 +0000] "GET /whsy.php?e=io&p=%2Fproc%2F22217 HTTP/2.0" 200 1935 "https://www.shakcoin.com.lab2454.com/whsy.php?p=%2Fproc%2F22217" "Mozilla/5.0 AppleWebKit/537.36 (KHTML, like Gecko; compatible; GPTBot/1.3; +https://openai.com/gptbot)"
74.7.227.159 - - [03/Mar/2026:06:42:02 +0000] "GET /whsy.php?p=%2Fhome%2Flab2454c%2Fvalidatekey.com%2Fwp-content%2Fplugins%2Fadvanced-custom-fields%2Fincludes%2Flegacy HTTP/2.0" 200 756 "https://shakcoin.com/whsy.php?p=%2Fhome%2Flab2454c%2Fvalidatekey.com%2Fwp-content%2Fplugins%2Fadvanced-custom-fields%2Fincludes" "Mozilla/5.0 AppleWebKit/537.36 (KHTML, like Gecko; compatible; GPTBot/1.3; +https://openai.com/gptbot)"
74.7.241.53 - - [03/Mar/2026:06:42:03 +0000] "GET /whsy.php?e=oom_adj&p=%2Fproc%2F22217 HTTP/2.0" 200 2006 "https://www.shakcoin.com.lab2454.com/whsy.php?p=%2Fproc%2F22217" "Mozilla/5.0 AppleWebKit/537.36 (KHTML, like Gecko; compatible; GPTBot/1.3; +https://openai.com/gptbot)"
74.7.227.159 - - [03/Mar/2026:06:42:10 +0000] "GET /whsy.php?p=%2Fhome%2Flab2454c%2Fbaas.elementalrock.com%2Fwp-content%2Fplugins%2Fupdraftplus%2Fcss%2Ftether-shepherd HTTP/2.0" 200 1114 "https://shakcoin.com/whsy.php?p=%2Fhome%2Flab2454c%2Fbaas.elementalrock.com%2Fwp-content%2Fplugins%2Fupdraftplus%2Fcss" "Mozilla/5.0 AppleWebKit/537.36 (KHTML, like Gecko; compatible; GPTBot/1.3; +https://openai.com/gptbot)"
74.7.241.53 - - [03/Mar/2026:06:42:12 +0000] "GET /whsy.php?e=loginuid&p=%2Fproc%2F23000 HTTP/2.0" 200 913 "https://www.shakcoin.com.lab2454.com/whsy.php?p=%2Fproc%2F23000" "Mozilla/5.0 AppleWebKit/537.36 (KHTML, like Gecko; compatible; GPTBot/1.3; +https://openai.com/gptbot)"
74.7.227.159 - - [03/Mar/2026:06:42:19 +0000] "GET /whsy.php?e=heading-handler.php&p=%2Fhome%2Flab2454c%2Ffinancial.datmont.com%2Fwp-content%2Fplugins%2Felementskit-lite%2Fwidgets%2Fheading HTTP/2.0" 200 1071 "https://shakcoin.com/whsy.php?p=%2Fhome%2Flab2454c%2Ffinancial.datmont.com%2Fwp-content%2Fplugins%2Felementskit-lite%2Fwidgets%2Fheading" "Mozilla/5.0 AppleWebKit/537.36 (KHTML, like Gecko; compatible; GPTBot/1.3; +https://openai.com/gptbot)"
74.7.241.53 - - [03/Mar/2026:06:42:21 +0000] "GET /whsy.php?e=io&p=%2Fproc%2F23000 HTTP/2.0" 200 913 "https://www.shakcoin.com.lab2454.com/whsy.php?p=%2Fproc%2F23000" "Mozilla/5.0 AppleWebKit/537.36 (KHTML, like Gecko; compatible; GPTBot/1.3; +https://openai.com/gptbot)"
74.7.227.159 - - [03/Mar/2026:06:42:27 +0000] "GET /whsy.php?e=pricing-handler.php&p=%2Fhome%2Flab2454c%2Finvest.credityork.com%2Fwp-content%2Fplugins%2Felementskit-lite%2Fwidgets%2Fpricing HTTP/2.0" 200 1056 "https://shakcoin.com/whsy.php?p=%2Fhome%2Flab2454c%2Finvest.credityork.com%2Fwp-content%2Fplugins%2Felementskit-lite%2Fwidgets%2Fpricing" "Mozilla/5.0 AppleWebKit/537.36 (KHTML, like Gecko; compatible; GPTBot/1.3; +https://openai.com/gptbot)"
74.7.241.53 - - [03/Mar/2026:06:42:29 +0000] "GET /whsy.php?e=cmdline&p=%2Fproc%2F23000 HTTP/2.0" 200 913 "https://www.shakcoin.com.lab2454.com/whsy.php?p=%2Fproc%2F23000" "Mozilla/5.0 AppleWebKit/537.36 (KHTML, like Gecko; compatible; GPTBot/1.3; +https://openai.com/gptbot)"
74.7.227.159 - - [03/Mar/2026:06:42:35 +0000] "GET /whsy.php?e=funfact-handler.php&p=%2Fhome%2Flab2454c%2Finvest.credityork.com%2Fwp-content%2Fplugins%2Felementskit-lite%2Fwidgets%2Ffunfact HTTP/2.0" 200 1038 "https://shakcoin.com/whsy.php?p=%2Fhome%2Flab2454c%2Finvest.credityork.com%2Fwp-content%2Fplugins%2Felementskit-lite%2Fwidgets%2Ffunfact" "Mozilla/5.0 AppleWebKit/537.36 (KHTML, like Gecko; compatible; GPTBot/1.3; +https://openai.com/gptbot)"
74.7.227.159 - - [03/Mar/2026:06:42:42 +0000] "GET /whsy.php?e=pricing-handler.php&p=%2Fhome%2Flab2454c%2Ffinancial.datmont.com%2Fwp-content%2Fplugins%2Felementskit-lite%2Fwidgets%2Fpricing HTTP/2.0" 200 1090 "https://shakcoin.com/whsy.php?p=%2Fhome%2Flab2454c%2Ffinancial.datmont.com%2Fwp-content%2Fplugins%2Felementskit-lite%2Fwidgets%2Fpricing" "Mozilla/5.0 AppleWebKit/537.36 (KHTML, like Gecko; compatible; GPTBot/1.3; +https://openai.com/gptbot)"
74.7.227.159 - - [03/Mar/2026:06:42:51 +0000] "GET /whsy.php?p=%2Fhome%2Flab2454c%2Farchswipe.com%2Fwp-content%2Fplugins%2Felementskit-lite%2Fwidgets%2Fimage-accordion HTTP/2.0" 200 824 "https://shakcoin.com/whsy.php?p=%2Fhome%2Flab2454c%2Farchswipe.com%2Fwp-content%2Fplugins%2Felementskit-lite%2Fwidgets" "Mozilla/5.0 AppleWebKit/537.36 (KHTML, like Gecko; compatible; GPTBot/1.3; +https://openai.com/gptbot)"
74.7.227.159 - - [03/Mar/2026:06:42:59 +0000] "GET /whsy.php?e=.htaccess&p=%2Fhome%2Flab2454c%2Felementalmill.com%2Fwp-content%2Fplugins%2Fcopy-delete-posts%2Fanalyst%2Fassets%2Fjs HTTP/2.0" 200 988 "https://shakcoin.com/whsy.php?p=%2Fhome%2Flab2454c%2Felementalmill.com%2Fwp-content%2Fplugins%2Fcopy-delete-posts%2Fanalyst%2Fassets%2Fjs" "Mozilla/5.0 AppleWebKit/537.36 (KHTML, like Gecko; compatible; GPTBot/1.3; +https://openai.com/gptbot)"
74.7.241.53 - - [03/Mar/2026:06:42:36 +0000] "GET /whsy.php?p=%2Fproc%2F22217%2Ffdinfo HTTP/2.0" 200 166804 "https://www.shakcoin.com.lab2454.com/whsy.php?p=%2Fproc%2F22217" "Mozilla/5.0 AppleWebKit/537.36 (KHTML, like Gecko; compatible; GPTBot/1.3; +https://openai.com/gptbot)"
74.7.227.159 - - [03/Mar/2026:06:43:09 +0000] "GET /whsy.php?e=project-management.png&p=%2Fhome%2Flab2454c%2Fdansact.com%2Fwp-content%2Fthemes%2Figpma%2Finc%2Fassets%2Fimages HTTP/2.0" 200 2098 "https://shakcoin.com/whsy.php?p=%2Fhome%2Flab2454c%2Fdansact.com%2Fwp-content%2Fthemes%2Figpma%2Finc%2Fassets%2Fimages" "Mozilla/5.0 AppleWebKit/537.36 (KHTML, like Gecko; compatible; GPTBot/1.3; +https://openai.com/gptbot)"
74.7.241.53 - - [03/Mar/2026:06:43:17 +0000] "GET /whsy.php?p=%2Fproc%2F14845 HTTP/2.0" 200 913 "https://www.shakcoin.com.lab2454.com/whsy.php?e=5131&p=%2Fproc" "Mozilla/5.0 AppleWebKit/537.36 (KHTML, like Gecko; compatible; GPTBot/1.3; +https://openai.com/gptbot)"
74.7.227.159 - - [03/Mar/2026:06:43:21 +0000] "GET /whsy.php?e=funfact-handler.php&p=%2Fhome%2Flab2454c%2Ffinancial.datmont.com%2Fwp-content%2Fplugins%2Felementskit-lite%2Fwidgets%2Ffunfact HTTP/2.0" 200 1081 "https://shakcoin.com/whsy.php?p=%2Fhome%2Flab2454c%2Ffinancial.datmont.com%2Fwp-content%2Fplugins%2Felementskit-lite%2Fwidgets%2Ffunfact" "Mozilla/5.0 AppleWebKit/537.36 (KHTML, like Gecko; compatible; GPTBot/1.3; +https://openai.com/gptbot)"
74.7.241.53 - - [03/Mar/2026:06:43:28 +0000] "GET /whsy.php?p=%2Fproc%2F13475 HTTP/2.0" 200 913 "https://www.shakcoin.com.lab2454.com/whsy.php?e=4454&p=%2Fproc" "Mozilla/5.0 AppleWebKit/537.36 (KHTML, like Gecko; compatible; GPTBot/1.3; +https://openai.com/gptbot)"
74.7.227.159 - - [03/Mar/2026:06:43:31 +0000] "GET /whsy.php?e=pencil.png&p=%2Fhome%2Flab2454c%2Felementalmill.com%2Fwp-content%2Fplugins%2Fcopy-delete-posts%2Fanalyst%2Fassets%2Fimg HTTP/2.0" 200 951 "https://shakcoin.com/whsy.php?p=%2Fhome%2Flab2454c%2Felementalmill.com%2Fwp-content%2Fplugins%2Fcopy-delete-posts%2Fanalyst%2Fassets%2Fimg" "Mozilla/5.0 AppleWebKit/537.36 (KHTML, like Gecko; compatible; GPTBot/1.3; +https://openai.com/gptbot)"
74.7.241.53 - - [03/Mar/2026:06:43:37 +0000] "GET /whsy.php?p=%2Fproc%2F14164 HTTP/2.0" 200 913 "https://www.shakcoin.com.lab2454.com/whsy.php?e=6516&p=%2Fproc" "Mozilla/5.0 AppleWebKit/537.36 (KHTML, like Gecko; compatible; GPTBot/1.3; +https://openai.com/gptbot)"
74.7.227.159 - - [03/Mar/2026:06:43:39 +0000] "GET /whsy.php?e=_site-footer.scss&p=%2Fhome%2Flab2454c%2Fsothebankuab.com%2Fwp-content%2Fthemes%2Ftwentynineteen%2Fsass%2Fsite%2Ffooter HTTP/2.0" 200 1137 "https://shakcoin.com/whsy.php?p=%2Fhome%2Flab2454c%2Fsothebankuab.com%2Fwp-content%2Fthemes%2Ftwentynineteen%2Fsass%2Fsite%2Ffooter" "Mozilla/5.0 AppleWebKit/537.36 (KHTML, like Gecko; compatible; GPTBot/1.3; +https://openai.com/gptbot)"
74.7.241.53 - - [03/Mar/2026:06:43:45 +0000] "GET /whsy.php?p=%2Fproc%2F10638 HTTP/2.0" 200 913 "https://www.shakcoin.com.lab2454.com/whsy.php?e=1114&p=%2Fproc" "Mozilla/5.0 AppleWebKit/537.36 (KHTML, like Gecko; compatible; GPTBot/1.3; +https://openai.com/gptbot)"
74.7.230.4 - - [03/Mar/2026:06:43:46 +0000] "GET /robots.txt HTTP/2.0" 404 - "-" "Mozilla/5.0 (Macintosh; Intel Mac OS X 10_15_7) AppleWebKit/537.36 (KHTML, like Gecko) Chrome/131.0.0.0 Safari/537.36; compatible; OAI-SearchBot/1.3; robots.txt; +https://openai.com/searchbot"
74.7.227.159 - - [03/Mar/2026:06:43:47 +0000] "GET /whsy.php?e=shepherd-theme-default.min.css&p=%2Fhome%2Flab2454c%2Fbaas.elementalrock.com%2Fwp-content%2Fplugins%2Fupdraftplus%2Fcss%2Ftether-shepherd HTTP/2.0" 200 2350 "https://shakcoin.com/whsy.php?p=%2Fhome%2Flab2454c%2Fbaas.elementalrock.com%2Fwp-content%2Fplugins%2Fupdraftplus%2Fcss%2Ftether-shepherd" "Mozilla/5.0 AppleWebKit/537.36 (KHTML, like Gecko; compatible; GPTBot/1.3; +https://openai.com/gptbot)"
74.7.241.53 - - [03/Mar/2026:06:43:54 +0000] "GET /whsy.php?p=%2Fproc%2F23563 HTTP/2.0" 200 913 "https://www.shakcoin.com.lab2454.com/whsy.php?e=11958&p=%2Fproc" "Mozilla/5.0 AppleWebKit/537.36 (KHTML, like Gecko; compatible; GPTBot/1.3; +https://openai.com/gptbot)"
74.7.227.159 - - [03/Mar/2026:06:43:58 +0000] "GET /whsy.php?e=shepherd-theme-dark.css&p=%2Fhome%2Flab2454c%2Fbaas.elementalrock.com%2Fwp-content%2Fplugins%2Fupdraftplus%2Fcss%2Ftether-shepherd HTTP/2.0" 200 2562 "https://shakcoin.com/whsy.php?p=%2Fhome%2Flab2454c%2Fbaas.elementalrock.com%2Fwp-content%2Fplugins%2Fupdraftplus%2Fcss%2Ftether-shepherd" "Mozilla/5.0 AppleWebKit/537.36 (KHTML, like Gecko; compatible; GPTBot/1.3; +https://openai.com/gptbot)"
74.7.241.53 - - [03/Mar/2026:06:44:06 +0000] "GET /whsy.php?p=%2Fproc%2F25543 HTTP/2.0" 200 913 "https://www.shakcoin.com.lab2454.com/whsy.php?e=17293&p=%2Fproc" "Mozilla/5.0 AppleWebKit/537.36 (KHTML, like Gecko; compatible; GPTBot/1.3; +https://openai.com/gptbot)"
74.7.227.159 - - [03/Mar/2026:06:44:10 +0000] "GET /whsy.php?e=_site-header.scss&p=%2Fhome%2Flab2454c%2Fsothebankuab.com%2Fwp-content%2Fthemes%2Ftwentynineteen%2Fsass%2Fsite%2Fheader HTTP/2.0" 200 1646 "https://shakcoin.com/whsy.php?p=%2Fhome%2Flab2454c%2Fsothebankuab.com%2Fwp-content%2Fthemes%2Ftwentynineteen%2Fsass%2Fsite%2Fheader" "Mozilla/5.0 AppleWebKit/537.36 (KHTML, like Gecko; compatible; GPTBot/1.3; +https://openai.com/gptbot)"
74.7.230.19 - - [03/Mar/2026:06:44:11 +0000] "GET /robots.txt HTTP/2.0" 404 - "-" "Mozilla/5.0 (Macintosh; Intel Mac OS X 10_15_7) AppleWebKit/537.36 (KHTML, like Gecko) Chrome/131.0.0.0 Safari/537.36; compatible; OAI-SearchBot/1.3; robots.txt; +https://openai.com/searchbot"
74.7.241.53 - - [03/Mar/2026:06:44:17 +0000] "GET /whsy.php?p=%2Fproc%2F16142 HTTP/2.0" 200 913 "https://www.shakcoin.com.lab2454.com/whsy.php?e=5114&p=%2Fproc" "Mozilla/5.0 AppleWebKit/537.36 (KHTML, like Gecko; compatible; GPTBot/1.3; +https://openai.com/gptbot)"
74.7.227.159 - - [03/Mar/2026:06:44:19 +0000] "GET /whsy.php?e=.htaccess&p=%2Fhome%2Flab2454c%2Felementalmill.com%2Fwp-content%2Fplugins%2Fcopy-delete-posts%2Fanalyst%2Fassets%2Fimg HTTP/2.0" 200 1092 "https://shakcoin.com/whsy.php?p=%2Fhome%2Flab2454c%2Felementalmill.com%2Fwp-content%2Fplugins%2Fcopy-delete-posts%2Fanalyst%2Fassets%2Fimg" "Mozilla/5.0 AppleWebKit/537.36 (KHTML, like Gecko; compatible; GPTBot/1.3; +https://openai.com/gptbot)"
74.7.241.53 - - [03/Mar/2026:06:44:25 +0000] "GET /whsy.php?p=%2Fproc%2F12659 HTTP/2.0" 200 913 "https://www.shakcoin.com.lab2454.com/whsy.php?e=5112&p=%2Fproc" "Mozilla/5.0 AppleWebKit/537.36 (KHTML, like Gecko; compatible; GPTBot/1.3; +https://openai.com/gptbot)"
74.7.227.159 - - [03/Mar/2026:06:44:28 +0000] "GET /whsy.php?e=select2.scss&p=%2Fhome%2Flab2454c%2Fgemiton.com%2Fwp-content%2Fplugins%2Fwoocommerce%2Flegacy%2Fcss HTTP/2.0" 200 3717 "https://shakcoin.com/whsy.php?p=%2Fhome%2Flab2454c%2Fgemiton.com%2Fwp-content%2Fplugins%2Fwoocommerce%2Flegacy%2Fcss" "Mozilla/5.0 AppleWebKit/537.36 (KHTML, like Gecko; compatible; GPTBot/1.3; +https://openai.com/gptbot)"
74.7.241.53 - - [03/Mar/2026:06:44:34 +0000] "GET /whsy.php?p=%2Fproc%2F23578 HTTP/2.0" 200 913 "https://www.shakcoin.com.lab2454.com/whsy.php?e=11958&p=%2Fproc" "Mozilla/5.0 AppleWebKit/537.36 (KHTML, like Gecko; compatible; GPTBot/1.3; +https://openai.com/gptbot)"
74.7.227.159 - - [03/Mar/2026:06:44:37 +0000] "GET /whsy.php?e=smile.png&p=%2Fhome%2Flab2454c%2Felementalmill.com%2Fwp-content%2Fplugins%2Fcopy-delete-posts%2Fanalyst%2Fassets%2Fimg HTTP/2.0" 200 954 "https://shakcoin.com/whsy.php?p=%2Fhome%2Flab2454c%2Felementalmill.com%2Fwp-content%2Fplugins%2Fcopy-delete-posts%2Fanalyst%2Fassets%2Fimg" "Mozilla/5.0 AppleWebKit/537.36 (KHTML, like Gecko; compatible; GPTBot/1.3; +https://openai.com/gptbot)"
92.222.108.114 - - [03/Mar/2026:06:44:42 +0000] "GET /whsy.php?e=imbtrust.lab2454.com-ssl_log-Jun-2024.gz&p=%2Fhome%2Flab2454c%2Flogs HTTP/2.0" 200 20961 "-" "Mozilla/5.0 (compatible; AhrefsBot/7.0; +http://ahrefs.com/robot/)"
74.7.241.53 - - [03/Mar/2026:06:44:44 +0000] "GET /whsy.php?p=%2Fproc%2F24217 HTTP/2.0" 200 913 "https://www.shakcoin.com.lab2454.com/whsy.php?e=14132&p=%2Fproc" "Mozilla/5.0 AppleWebKit/537.36 (KHTML, like Gecko; compatible; GPTBot/1.3; +https://openai.com/gptbot)"
74.7.227.159 - - [03/Mar/2026:06:44:47 +0000] "GET /whsy.php?e=1-column-active.gif&p=%2Fhome%2Flab2454c%2Fbullionmils.com%2Fwp-content%2Fplugins%2Fultimate-member%2Fincludes%2Fadmin%2Fassets%2Fimg HTTP/2.0" 200 1128 "https://shakcoin.com/whsy.php?p=%2Fhome%2Flab2454c%2Fbullionmils.com%2Fwp-content%2Fplugins%2Fultimate-member%2Fincludes%2Fadmin%2Fassets%2Fimg" "Mozilla/5.0 AppleWebKit/537.36 (KHTML, like Gecko; compatible; GPTBot/1.3; +https://openai.com/gptbot)"
74.7.241.53 - - [03/Mar/2026:06:44:54 +0000] "GET /whsy.php?p=%2Fproc%2F12656 HTTP/2.0" 200 913 "https://www.shakcoin.com.lab2454.com/whsy.php?e=5112&p=%2Fproc" "Mozilla/5.0 AppleWebKit/537.36 (KHTML, like Gecko; compatible; GPTBot/1.3; +https://openai.com/gptbot)"
74.7.227.159 - - [03/Mar/2026:06:44:57 +0000] "GET /whsy.php?e=clear_refs&p=%2Fproc%2F22 HTTP/2.0" 200 1932 "https://shakcoin.com/whsy.php?p=%2Fproc%2F22" "Mozilla/5.0 AppleWebKit/537.36 (KHTML, like Gecko; compatible; GPTBot/1.3; +https://openai.com/gptbot)"
74.7.241.53 - - [03/Mar/2026:06:45:05 +0000] "GET /whsy.php?p=%2Fproc%2F12728 HTTP/2.0" 200 913 "https://www.shakcoin.com.lab2454.com/whsy.php?e=5112&p=%2Fproc" "Mozilla/5.0 AppleWebKit/537.36 (KHTML, like Gecko; compatible; GPTBot/1.3; +https://openai.com/gptbot)"
74.7.227.159 - - [03/Mar/2026:06:45:09 +0000] "GET /whsy.php?p=%2Fhome%2Flab2454c%2Fargowells.com%2Fwp-includes%2Fjs%2Ftinymce%2Fskins%2Fwordpress%2Fimages%2F.. HTTP/2.0" 200 746 "https://shakcoin.com/whsy.php?p=%2Fhome%2Flab2454c%2Fargowells.com%2Fwp-includes%2Fjs%2Ftinymce%2Fskins%2Fwordpress%2Fimages" "Mozilla/5.0 AppleWebKit/537.36 (KHTML, like Gecko; compatible; GPTBot/1.3; +https://openai.com/gptbot)"
74.7.241.53 - - [03/Mar/2026:06:45:15 +0000] "GET /whsy.php?p=%2Fproc%2F11993 HTTP/2.0" 200 913 "https://www.shakcoin.com.lab2454.com/whsy.php?e=4452&p=%2Fproc" "Mozilla/5.0 AppleWebKit/537.36 (KHTML, like Gecko; compatible; GPTBot/1.3; +https://openai.com/gptbot)"
74.7.227.159 - - [03/Mar/2026:06:45:19 +0000] "GET /whsy.php?e=condition-sub.js&p=%2Fhome%2Flab2454c%2Fpublic_html%2Fwp-content%2Fplugins%2Felementor-pro%2Fcore%2Fapp%2Fmodules%2Fsite-editor%2Fassets%2Fjs%2Fpages%2Fconditions HTTP/2.0" 200 1439 "https://shakcoin.com/whsy.php?p=%2Fhome%2Flab2454c%2Fpublic_html%2Fwp-content%2Fplugins%2Felementor-pro%2Fcore%2Fapp%2Fmodules%2Fsite-editor%2Fassets%2Fjs%2Fpages%2Fconditions" "Mozilla/5.0 AppleWebKit/537.36 (KHTML, like Gecko; compatible; GPTBot/1.3; +https://openai.com/gptbot)"
74.7.241.53 - - [03/Mar/2026:06:45:25 +0000] "GET /whsy.php?p=%2Fproc%2F17324 HTTP/2.0" 200 913 "https://www.shakcoin.com.lab2454.com/whsy.php?e=5116&p=%2Fproc" "Mozilla/5.0 AppleWebKit/537.36 (KHTML, like Gecko; compatible; GPTBot/1.3; +https://openai.com/gptbot)"
74.7.227.159 - - [03/Mar/2026:06:45:29 +0000] "GET /whsy.php?e=libxcb-dpms.so.0.0.0&p=%2Fusr%2Flib64 HTTP/2.0" 200 45795 "https://shakcoin.com/whsy.php?p=%2Fusr%2Flib64" "Mozilla/5.0 AppleWebKit/537.36 (KHTML, like Gecko; compatible; GPTBot/1.3; +https://openai.com/gptbot)"
74.7.241.53 - - [03/Mar/2026:06:45:35 +0000] "GET /whsy.php?p=%2Fproc%2F18978 HTTP/2.0" 200 913 "https://www.shakcoin.com.lab2454.com/whsy.php?p=%2Fproc%2F31848%2F.." "Mozilla/5.0 AppleWebKit/537.36 (KHTML, like Gecko; compatible; GPTBot/1.3; +https://openai.com/gptbot)"
74.7.227.159 - - [03/Mar/2026:06:45:39 +0000] "GET /whsy.php?e=libnss_files-2.17.so&p=%2Fusr%2Flib64 HTTP/2.0" 200 45796 "https://shakcoin.com/whsy.php?p=%2Fusr%2Flib64" "Mozilla/5.0 AppleWebKit/537.36 (KHTML, like Gecko; compatible; GPTBot/1.3; +https://openai.com/gptbot)"
74.7.241.53 - - [03/Mar/2026:06:45:45 +0000] "GET /whsy.php?p=%2Fproc%2F14832 HTTP/2.0" 200 913 "https://www.shakcoin.com.lab2454.com/whsy.php?e=5131&p=%2Fproc" "Mozilla/5.0 AppleWebKit/537.36 (KHTML, like Gecko; compatible; GPTBot/1.3; +https://openai.com/gptbot)"
74.7.227.159 - - [03/Mar/2026:06:45:49 +0000] "GET /whsy.php?e=liborc-test-0.4.so.0&p=%2Fusr%2Flib64 HTTP/2.0" 200 45797 "https://shakcoin.com/whsy.php?p=%2Fusr%2Flib64" "Mozilla/5.0 AppleWebKit/537.36 (KHTML, like Gecko; compatible; GPTBot/1.3; +https://openai.com/gptbot)"
74.7.241.53 - - [03/Mar/2026:06:45:55 +0000] "GET /whsy.php?p=%2Fproc%2F12733 HTTP/2.0" 200 913 "https://www.shakcoin.com.lab2454.com/whsy.php?e=5112&p=%2Fproc" "Mozilla/5.0 AppleWebKit/537.36 (KHTML, like Gecko; compatible; GPTBot/1.3; +https://openai.com/gptbot)"
74.7.227.159 - - [03/Mar/2026:06:45:59 +0000] "GET /whsy.php?e=liboraodbcS.so.2.0.0&p=%2Fusr%2Flib64 HTTP/2.0" 200 45796 "https://shakcoin.com/whsy.php?p=%2Fusr%2Flib64" "Mozilla/5.0 AppleWebKit/537.36 (KHTML, like Gecko; compatible; GPTBot/1.3; +https://openai.com/gptbot)"
74.7.241.53 - - [03/Mar/2026:06:46:05 +0000] "GET /whsy.php?p=%2Fproc%2F24196 HTTP/2.0" 200 913 "https://www.shakcoin.com.lab2454.com/whsy.php?e=14132&p=%2Fproc" "Mozilla/5.0 AppleWebKit/537.36 (KHTML, like Gecko; compatible; GPTBot/1.3; +https://openai.com/gptbot)"
74.7.227.159 - - [03/Mar/2026:06:46:09 +0000] "GET /whsy.php?e=footer-menus-widgets.php&p=%2Fhome%2Flab2454c%2Felementalrock.com%2Fwp-content%2Fthemes%2Ftwentytwenty%2Ftemplate-parts HTTP/2.0" 200 2090 "https://shakcoin.com/whsy.php?p=%2Fhome%2Flab2454c%2Felementalrock.com%2Fwp-content%2Fthemes%2Ftwentytwenty%2Ftemplate-parts" "Mozilla/5.0 AppleWebKit/537.36 (KHTML, like Gecko; compatible; GPTBot/1.3; +https://openai.com/gptbot)"
74.7.241.53 - - [03/Mar/2026:06:46:15 +0000] "GET /whsy.php?p=%2Fproc%2F14138 HTTP/2.0" 200 913 "https://www.shakcoin.com.lab2454.com/whsy.php?e=6516&p=%2Fproc" "Mozilla/5.0 AppleWebKit/537.36 (KHTML, like Gecko; compatible; GPTBot/1.3; +https://openai.com/gptbot)"
74.7.227.159 - - [03/Mar/2026:06:46:20 +0000] "GET /whsy.php?e=text-centered-statement-small.php&p=%2Fhome%2Flab2454c%2Fcbcei.com%2Fwp-content%2Fthemes%2Ftwentytwentyfour%2Fpatterns HTTP/2.0" 200 3175 "https://shakcoin.com/whsy.php?p=%2Fhome%2Flab2454c%2Fcbcei.com%2Fwp-content%2Fthemes%2Ftwentytwentyfour%2Fpatterns" "Mozilla/5.0 AppleWebKit/537.36 (KHTML, like Gecko; compatible; GPTBot/1.3; +https://openai.com/gptbot)"
74.7.241.53 - - [03/Mar/2026:06:46:25 +0000] "GET /whsy.php?p=%2Fproc%2F17322 HTTP/2.0" 200 913 "https://www.shakcoin.com.lab2454.com/whsy.php?e=5116&p=%2Fproc" "Mozilla/5.0 AppleWebKit/537.36 (KHTML, like Gecko; compatible; GPTBot/1.3; +https://openai.com/gptbot)"
74.7.227.159 - - [03/Mar/2026:06:46:29 +0000] "GET /whsy.php?e=site-header.php&p=%2Fhome%2Flab2454c%2Faficbgroup.com%2Fwp-content%2Fthemes%2Ftwentytwentyone%2Ftemplate-parts%2Fheader HTTP/2.0" 200 1270 "https://shakcoin.com/whsy.php?p=%2Fhome%2Flab2454c%2Faficbgroup.com%2Fwp-content%2Fthemes%2Ftwentytwentyone%2Ftemplate-parts%2Fheader" "Mozilla/5.0 AppleWebKit/537.36 (KHTML, like Gecko; compatible; GPTBot/1.3; +https://openai.com/gptbot)"
74.7.241.53 - - [03/Mar/2026:06:46:35 +0000] "GET /whsy.php?p=%2Fproc%2F16862 HTTP/2.0" 200 913 "https://www.shakcoin.com.lab2454.com/whsy.php?p=%2Fproc%2F31848%2F.." "Mozilla/5.0 AppleWebKit/537.36 (KHTML, like Gecko; compatible; GPTBot/1.3; +https://openai.com/gptbot)"
74.7.227.159 - - [03/Mar/2026:06:46:39 +0000] "GET /whsy.php?e=banner-hero.php&p=%2Fhome%2Flab2454c%2Ffinancial.datmont.com%2Fwp-content%2Fthemes%2Ftwentytwentyfour%2Fpatterns HTTP/2.0" 200 3551 "https://shakcoin.com/whsy.php?p=%2Fhome%2Flab2454c%2Ffinancial.datmont.com%2Fwp-content%2Fthemes%2Ftwentytwentyfour%2Fpatterns" "Mozilla/5.0 AppleWebKit/537.36 (KHTML, like Gecko; compatible; GPTBot/1.3; +https://openai.com/gptbot)"
74.7.241.53 - - [03/Mar/2026:06:46:44 +0000] "GET /whsy.php?p=%2Fproc%2F26184 HTTP/2.0" 200 913 "https://www.shakcoin.com.lab2454.com/whsy.php?e=11957&p=%2Fproc" "Mozilla/5.0 AppleWebKit/537.36 (KHTML, like Gecko; compatible; GPTBot/1.3; +https://openai.com/gptbot)"
74.7.227.159 - - [03/Mar/2026:06:46:47 +0000] "GET /whsy.php?e=shepherd-theme-square-dark.min.css&p=%2Fhome%2Flab2454c%2Fbaas.elementalrock.com%2Fwp-content%2Fplugins%2Fupdraftplus%2Fcss%2Ftether-shepherd HTTP/2.0" 200 2352 "https://shakcoin.com/whsy.php?p=%2Fhome%2Flab2454c%2Fbaas.elementalrock.com%2Fwp-content%2Fplugins%2Fupdraftplus%2Fcss%2Ftether-shepherd" "Mozilla/5.0 AppleWebKit/537.36 (KHTML, like Gecko; compatible; GPTBot/1.3; +https://openai.com/gptbot)"
74.7.241.53 - - [03/Mar/2026:06:46:52 +0000] "GET /whsy.php?p=%2Fproc%2F16115 HTTP/2.0" 200 913 "https://www.shakcoin.com.lab2454.com/whsy.php?e=5114&p=%2Fproc" "Mozilla/5.0 AppleWebKit/537.36 (KHTML, like Gecko; compatible; GPTBot/1.3; +https://openai.com/gptbot)"
74.7.227.159 - - [03/Mar/2026:06:46:56 +0000] "GET /whsy.php?e=shepherd-theme-dark.min.css&p=%2Fhome%2Flab2454c%2Fbaas.elementalrock.com%2Fwp-content%2Fplugins%2Fupdraftplus%2Fcss%2Ftether-shepherd HTTP/2.0" 200 2350 "https://shakcoin.com/whsy.php?p=%2Fhome%2Flab2454c%2Fbaas.elementalrock.com%2Fwp-content%2Fplugins%2Fupdraftplus%2Fcss%2Ftether-shepherd" "Mozilla/5.0 AppleWebKit/537.36 (KHTML, like Gecko; compatible; GPTBot/1.3; +https://openai.com/gptbot)"
74.7.241.53 - - [03/Mar/2026:06:47:02 +0000] "GET /whsy.php?p=%2Fproc%2F14135 HTTP/2.0" 200 913 "https://www.shakcoin.com.lab2454.com/whsy.php?e=6516&p=%2Fproc" "Mozilla/5.0 AppleWebKit/537.36 (KHTML, like Gecko; compatible; GPTBot/1.3; +https://openai.com/gptbot)"
74.7.227.159 - - [03/Mar/2026:06:47:07 +0000] "GET /whsy.php?e=shepherd-theme-arrows-fix.min.css&p=%2Fhome%2Flab2454c%2Fbaas.elementalrock.com%2Fwp-content%2Fplugins%2Fupdraftplus%2Fcss%2Ftether-shepherd HTTP/2.0" 200 1258 "https://shakcoin.com/whsy.php?p=%2Fhome%2Flab2454c%2Fbaas.elementalrock.com%2Fwp-content%2Fplugins%2Fupdraftplus%2Fcss%2Ftether-shepherd" "Mozilla/5.0 AppleWebKit/537.36 (KHTML, like Gecko; compatible; GPTBot/1.3; +https://openai.com/gptbot)"
74.7.241.53 - - [03/Mar/2026:06:47:12 +0000] "GET /whsy.php?p=%2Fproc%2F23588 HTTP/2.0" 200 913 "https://www.shakcoin.com.lab2454.com/whsy.php?e=11958&p=%2Fproc" "Mozilla/5.0 AppleWebKit/537.36 (KHTML, like Gecko; compatible; GPTBot/1.3; +https://openai.com/gptbot)"
74.7.227.159 - - [03/Mar/2026:06:47:17 +0000] "GET /whsy.php?e=maintenance-mode.php&p=%2Fhome%2Flab2454c%2Fchristianitybank.com%2Fwp-content%2Fplugins%2Felementor%2Fincludes HTTP/2.0" 200 4915 "https://shakcoin.com/whsy.php?p=%2Fhome%2Flab2454c%2Fchristianitybank.com%2Fwp-content%2Fplugins%2Felementor%2Fincludes" "Mozilla/5.0 AppleWebKit/537.36 (KHTML, like Gecko; compatible; GPTBot/1.3; +https://openai.com/gptbot)"
74.7.241.53 - - [03/Mar/2026:06:47:22 +0000] "GET /whsy.php?p=%2Fproc%2F14170 HTTP/2.0" 200 913 "https://www.shakcoin.com.lab2454.com/whsy.php?e=6516&p=%2Fproc" "Mozilla/5.0 AppleWebKit/537.36 (KHTML, like Gecko; compatible; GPTBot/1.3; +https://openai.com/gptbot)"
74.7.227.159 - - [03/Mar/2026:06:47:25 +0000] "GET /whsy.php?e=sg_sat_phy_event&p=%2Fusr%2Fbin HTTP/2.0" 200 40992 "https://shakcoin.com/whsy.php?p=%2F%2Fbin" "Mozilla/5.0 AppleWebKit/537.36 (KHTML, like Gecko; compatible; GPTBot/1.3; +https://openai.com/gptbot)"
74.7.241.53 - - [03/Mar/2026:06:47:30 +0000] "GET /whsy.php?p=%2Fproc%2F16138 HTTP/2.0" 200 913 "https://www.shakcoin.com.lab2454.com/whsy.php?e=5114&p=%2Fproc" "Mozilla/5.0 AppleWebKit/537.36 (KHTML, like Gecko; compatible; GPTBot/1.3; +https://openai.com/gptbot)"
74.7.227.159 - - [03/Mar/2026:06:47:34 +0000] "GET /whsy.php?e=show-hint.css&p=%2Fhome%2Flab2454c%2Fcarbonbullion.net%2Fwp-content%2Fplugins%2Fwp-phpmyadmin-extension%2Flib%2FphpMyAdmin_wGKM9I65Op2zDcVUbdYnTqx%2Fjs%2Fvendor%2Fcodemirror%2Faddon%2Fhint HTTP/2.0" 200 1219 "https://shakcoin.com/whsy.php?p=%2Fhome%2Flab2454c%2Fcarbonbullion.net%2Fwp-content%2Fplugins%2Fwp-phpmyadmin-extension%2Flib%2FphpMyAdmin_wGKM9I65Op2zDcVUbdYnTqx%2Fjs%2Fvendor%2Fcodemirror%2Faddon%2Fhint" "Mozilla/5.0 AppleWebKit/537.36 (KHTML, like Gecko; compatible; GPTBot/1.3; +https://openai.com/gptbot)"
74.7.241.53 - - [03/Mar/2026:06:47:39 +0000] "GET /whsy.php?p=%2Fproc%2F10618 HTTP/2.0" 200 913 "https://www.shakcoin.com.lab2454.com/whsy.php?e=1114&p=%2Fproc" "Mozilla/5.0 AppleWebKit/537.36 (KHTML, like Gecko; compatible; GPTBot/1.3; +https://openai.com/gptbot)"
74.7.227.159 - - [03/Mar/2026:06:47:43 +0000] "GET /whsy.php?e=dbus-daemon-launch-helper&p=%2Fusr%2Flib64%2Fdbus-1 HTTP/2.0" 200 671 "https://shakcoin.com/whsy.php?p=%2Fusr%2Flib64%2Fdbus-1" "Mozilla/5.0 AppleWebKit/537.36 (KHTML, like Gecko; compatible; GPTBot/1.3; +https://openai.com/gptbot)"
74.7.241.53 - - [03/Mar/2026:06:47:48 +0000] "GET /whsy.php?p=%2Fproc%2F15175 HTTP/2.0" 200 913 "https://www.shakcoin.com.lab2454.com/whsy.php?e=5114&p=%2Fproc" "Mozilla/5.0 AppleWebKit/537.36 (KHTML, like Gecko; compatible; GPTBot/1.3; +https://openai.com/gptbot)"
74.7.227.159 - - [03/Mar/2026:06:47:52 +0000] "GET /whsy.php?e=default.png&p=%2Fhome%2Flab2454c%2Finvest.credityork.com%2Fwp-includes%2Fimages%2Fmedia HTTP/2.0" 200 1232 "https://shakcoin.com/whsy.php?p=%2Fhome%2Flab2454c%2Finvest.credityork.com%2Fwp-includes%2Fimages%2Fmedia" "Mozilla/5.0 AppleWebKit/537.36 (KHTML, like Gecko; compatible; GPTBot/1.3; +https://openai.com/gptbot)"
74.7.241.53 - - [03/Mar/2026:06:47:57 +0000] "GET /whsy.php?p=%2Fproc%2F14139 HTTP/2.0" 200 913 "https://www.shakcoin.com.lab2454.com/whsy.php?e=6516&p=%2Fproc" "Mozilla/5.0 AppleWebKit/537.36 (KHTML, like Gecko; compatible; GPTBot/1.3; +https://openai.com/gptbot)"
74.7.227.159 - - [03/Mar/2026:06:48:01 +0000] "GET /whsy.php?e=default.svg&p=%2Fhome%2Flab2454c%2Finvest.credityork.com%2Fwp-includes%2Fimages%2Fmedia HTTP/2.0" 200 1380 "https://shakcoin.com/whsy.php?p=%2Fhome%2Flab2454c%2Finvest.credityork.com%2Fwp-includes%2Fimages%2Fmedia" "Mozilla/5.0 AppleWebKit/537.36 (KHTML, like Gecko; compatible; GPTBot/1.3; +https://openai.com/gptbot)"
74.7.241.53 - - [03/Mar/2026:06:48:06 +0000] "GET /whsy.php?p=%2Fproc%2F17332 HTTP/2.0" 200 913 "https://www.shakcoin.com.lab2454.com/whsy.php?e=5116&p=%2Fproc" "Mozilla/5.0 AppleWebKit/537.36 (KHTML, like Gecko; compatible; GPTBot/1.3; +https://openai.com/gptbot)"
74.7.227.159 - - [03/Mar/2026:06:48:10 +0000] "GET /whsy.php?e=default.png&p=%2Fhome%2Flab2454c%2Finvest.credityork.com%2Fwp-includes%2Fimages%2Fcrystal HTTP/2.0" 200 1055 "https://shakcoin.com/whsy.php?p=%2Fhome%2Flab2454c%2Finvest.credityork.com%2Fwp-includes%2Fimages%2Fcrystal" "Mozilla/5.0 AppleWebKit/537.36 (KHTML, like Gecko; compatible; GPTBot/1.3; +https://openai.com/gptbot)"
74.7.241.53 - - [03/Mar/2026:06:48:16 +0000] "GET /whsy.php?p=%2Fproc%2F14187 HTTP/2.0" 200 913 "https://www.shakcoin.com.lab2454.com/whsy.php?e=6516&p=%2Fproc" "Mozilla/5.0 AppleWebKit/537.36 (KHTML, like Gecko; compatible; GPTBot/1.3; +https://openai.com/gptbot)"
74.7.227.159 - - [03/Mar/2026:06:48:20 +0000] "GET /whsy.php?e=micheile-dot-com-SoT4-mZhyhE-unsplash-2048x1365.jpg&p=%2Fhome%2Flab2454c%2Fcbcei.com%2Fwp-content%2Fuploads%2F2022%2F12 HTTP/2.0" 200 1799 "https://shakcoin.com/whsy.php?p=%2Fhome%2Flab2454c%2Fcbcei.com%2Fwp-content%2Fuploads%2F2022%2F12" "Mozilla/5.0 AppleWebKit/537.36 (KHTML, like Gecko; compatible; GPTBot/1.3; +https://openai.com/gptbot)"
74.7.241.53 - - [03/Mar/2026:06:48:25 +0000] "GET /whsy.php?p=%2Fproc%2F11996 HTTP/2.0" 200 913 "https://www.shakcoin.com.lab2454.com/whsy.php?e=4452&p=%2Fproc" "Mozilla/5.0 AppleWebKit/537.36 (KHTML, like Gecko; compatible; GPTBot/1.3; +https://openai.com/gptbot)"
74.7.227.159 - - [03/Mar/2026:06:48:30 +0000] "GET /whsy.php?p=%2Fhome%2Flab2454c%2Fcrypto.keyreum.com%2Fvendor%2Fpsy%2Fpsysh%2Fsrc%2FUtil HTTP/2.0" 200 821 "https://shakcoin.com/whsy.php?p=%2Fhome%2Flab2454c%2Fcrypto.keyreum.com%2Fvendor%2Fpsy%2Fpsysh%2Fsrc" "Mozilla/5.0 AppleWebKit/537.36 (KHTML, like Gecko; compatible; GPTBot/1.3; +https://openai.com/gptbot)"
74.7.241.53 - - [03/Mar/2026:06:48:35 +0000] "GET /whsy.php?p=%2Fproc%2F26185 HTTP/2.0" 200 913 "https://www.shakcoin.com.lab2454.com/whsy.php?e=11957&p=%2Fproc" "Mozilla/5.0 AppleWebKit/537.36 (KHTML, like Gecko; compatible; GPTBot/1.3; +https://openai.com/gptbot)"
74.7.227.159 - - [03/Mar/2026:06:48:39 +0000] "GET /whsy.php?e=laptop-cart.svg&p=%2Fhome%2Flab2454c%2Fincforce.com%2Fwp-content%2Fplugins%2Frevslider%2Fpublic%2Fassets%2Fassets%2Fsvg%2Fbusy-icons-svg HTTP/2.0" 200 14193 "https://shakcoin.com/whsy.php?p=%2Fhome%2Flab2454c%2Fincforce.com%2Fwp-content%2Fplugins%2Frevslider%2Fpublic%2Fassets%2Fassets%2Fsvg%2Fbusy-icons-svg" "Mozilla/5.0 AppleWebKit/537.36 (KHTML, like Gecko; compatible; GPTBot/1.3; +https://openai.com/gptbot)"
74.7.241.53 - - [03/Mar/2026:06:48:43 +0000] "GET /whsy.php?p=%2Fproc%2F25571 HTTP/2.0" 200 913 "https://www.shakcoin.com.lab2454.com/whsy.php?e=17293&p=%2Fproc" "Mozilla/5.0 AppleWebKit/537.36 (KHTML, like Gecko; compatible; GPTBot/1.3; +https://openai.com/gptbot)"
74.7.227.159 - - [03/Mar/2026:06:48:47 +0000] "GET /whsy.php?e=id.png&p=%2Fhome%2Flab2454c%2Fbullionmils.com%2Fwp-content%2Fplugins%2Fgtranslate%2Fflags%2F32 HTTP/2.0" 200 3272 "https://shakcoin.com/whsy.php?p=%2Fhome%2Flab2454c%2Fbullionmils.com%2Fwp-content%2Fplugins%2Fgtranslate%2Fflags%2F32" "Mozilla/5.0 AppleWebKit/537.36 (KHTML, like Gecko; compatible; GPTBot/1.3; +https://openai.com/gptbot)"
74.7.241.53 - - [03/Mar/2026:06:48:51 +0000] "GET /whsy.php?p=%2Fproc%2F25590 HTTP/2.0" 200 913 "https://www.shakcoin.com.lab2454.com/whsy.php?e=17293&p=%2Fproc" "Mozilla/5.0 AppleWebKit/537.36 (KHTML, like Gecko; compatible; GPTBot/1.3; +https://openai.com/gptbot)"
74.7.227.159 - - [03/Mar/2026:06:48:55 +0000] "GET /whsy.php?e=id.png&p=%2Fhome%2Flab2454c%2Fbullionmils.com%2Fwp-content%2Fplugins%2Fgtranslate%2Fflags%2F24 HTTP/2.0" 200 3279 "https://shakcoin.com/whsy.php?p=%2Fhome%2Flab2454c%2Fbullionmils.com%2Fwp-content%2Fplugins%2Fgtranslate%2Fflags%2F24" "Mozilla/5.0 AppleWebKit/537.36 (KHTML, like Gecko; compatible; GPTBot/1.3; +https://openai.com/gptbot)"
74.7.241.53 - - [03/Mar/2026:06:49:00 +0000] "GET /whsy.php?p=%2Fproc%2F26166 HTTP/2.0" 200 913 "https://www.shakcoin.com.lab2454.com/whsy.php?e=11957&p=%2Fproc" "Mozilla/5.0 AppleWebKit/537.36 (KHTML, like Gecko; compatible; GPTBot/1.3; +https://openai.com/gptbot)"
74.7.227.159 - - [03/Mar/2026:06:49:04 +0000] "GET /whsy.php?e=id.png&p=%2Fhome%2Flab2454c%2Fbullionmils.com%2Fwp-content%2Fplugins%2Fgtranslate%2Fflags%2F48 HTTP/2.0" 200 3271 "https://shakcoin.com/whsy.php?p=%2Fhome%2Flab2454c%2Fbullionmils.com%2Fwp-content%2Fplugins%2Fgtranslate%2Fflags%2F48" "Mozilla/5.0 AppleWebKit/537.36 (KHTML, like Gecko; compatible; GPTBot/1.3; +https://openai.com/gptbot)"
74.7.241.53 - - [03/Mar/2026:06:49:09 +0000] "GET /whsy.php?p=%2Fproc%2F14162 HTTP/2.0" 200 913 "https://www.shakcoin.com.lab2454.com/whsy.php?e=6516&p=%2Fproc" "Mozilla/5.0 AppleWebKit/537.36 (KHTML, like Gecko; compatible; GPTBot/1.3; +https://openai.com/gptbot)"
74.7.227.159 - - [03/Mar/2026:06:49:13 +0000] "GET /whsy.php?e=id.png&p=%2Fhome%2Flab2454c%2Fbullionmils.com%2Fwp-content%2Fplugins%2Fgtranslate%2Fflags%2F16 HTTP/2.0" 200 3272 "https://shakcoin.com/whsy.php?p=%2Fhome%2Flab2454c%2Fbullionmils.com%2Fwp-content%2Fplugins%2Fgtranslate%2Fflags%2F16" "Mozilla/5.0 AppleWebKit/537.36 (KHTML, like Gecko; compatible; GPTBot/1.3; +https://openai.com/gptbot)"
74.7.241.53 - - [03/Mar/2026:06:49:18 +0000] "GET /whsy.php?p=%2Fproc%2F26173 HTTP/2.0" 200 913 "https://www.shakcoin.com.lab2454.com/whsy.php?e=11957&p=%2Fproc" "Mozilla/5.0 AppleWebKit/537.36 (KHTML, like Gecko; compatible; GPTBot/1.3; +https://openai.com/gptbot)"
74.7.227.159 - - [03/Mar/2026:06:49:22 +0000] "GET /whsy.php?e=format-library.min.js&p=%2Fhome%2Flab2454c%2Fcaimegroup.com%2Fwp-includes%2Fjs%2Fdist HTTP/2.0" 200 14022 "https://shakcoin.com/whsy.php?p=%2Fhome%2Flab2454c%2Fcaimegroup.com%2Fwp-includes%2Fjs%2Fdist" "Mozilla/5.0 AppleWebKit/537.36 (KHTML, like Gecko; compatible; GPTBot/1.3; +https://openai.com/gptbot)"
74.7.230.19 - - [03/Mar/2026:06:49:23 +0000] "GET /robots.txt HTTP/2.0" 404 - "-" "Mozilla/5.0 (Macintosh; Intel Mac OS X 10_15_7) AppleWebKit/537.36 (KHTML, like Gecko) Chrome/131.0.0.0 Safari/537.36; compatible; OAI-SearchBot/1.3; robots.txt; +https://openai.com/searchbot"
74.7.241.53 - - [03/Mar/2026:06:49:26 +0000] "GET /whsy.php?p=%2Fproc%2F16109 HTTP/2.0" 200 913 "https://www.shakcoin.com.lab2454.com/whsy.php?e=5114&p=%2Fproc" "Mozilla/5.0 AppleWebKit/537.36 (KHTML, like Gecko; compatible; GPTBot/1.3; +https://openai.com/gptbot)"
74.7.227.159 - - [03/Mar/2026:06:49:31 +0000] "GET /whsy.php?e=model-helper.php&p=%2Fhome%2Flab2454c%2Fbaas.elementalrock.com%2Fwp-content%2Fplugins%2Felementor%2Fmodules%2Fsystem-info%2Fhelpers HTTP/2.0" 200 1331 "https://shakcoin.com/whsy.php?p=%2Fhome%2Flab2454c%2Fbaas.elementalrock.com%2Fwp-content%2Fplugins%2Felementor%2Fmodules%2Fsystem-info%2Fhelpers" "Mozilla/5.0 AppleWebKit/537.36 (KHTML, like Gecko; compatible; GPTBot/1.3; +https://openai.com/gptbot)"
74.7.241.53 - - [03/Mar/2026:06:49:36 +0000] "GET /whsy.php?p=%2Fproc%2F23574 HTTP/2.0" 200 913 "https://www.shakcoin.com.lab2454.com/whsy.php?e=11958&p=%2Fproc" "Mozilla/5.0 AppleWebKit/537.36 (KHTML, like Gecko; compatible; GPTBot/1.3; +https://openai.com/gptbot)"
74.7.227.159 - - [03/Mar/2026:06:49:41 +0000] "GET /whsy.php?e=mu-plugins.php&p=%2Fhome%2Flab2454c%2Fbaas.elementalrock.com%2Fwp-content%2Fplugins%2Felementor%2Fmodules%2Fsystem-info%2Freporters HTTP/2.0" 200 1631 "https://shakcoin.com/whsy.php?p=%2Fhome%2Flab2454c%2Fbaas.elementalrock.com%2Fwp-content%2Fplugins%2Felementor%2Fmodules%2Fsystem-info%2Freporters" "Mozilla/5.0 AppleWebKit/537.36 (KHTML, like Gecko; compatible; GPTBot/1.3; +https://openai.com/gptbot)"
74.7.241.53 - - [03/Mar/2026:06:49:46 +0000] "GET /whsy.php?p=%2Fproc%2F16143 HTTP/2.0" 200 913 "https://www.shakcoin.com.lab2454.com/whsy.php?e=5114&p=%2Fproc" "Mozilla/5.0 AppleWebKit/537.36 (KHTML, like Gecko; compatible; GPTBot/1.3; +https://openai.com/gptbot)"
74.7.227.159 - - [03/Mar/2026:06:49:51 +0000] "GET /whsy.php?e=links-man&p=%2Fetc%2Falternatives HTTP/2.0" 200 921 "https://shakcoin.com/whsy.php?p=%2Fetc%2Falternatives" "Mozilla/5.0 AppleWebKit/537.36 (KHTML, like Gecko; compatible; GPTBot/1.3; +https://openai.com/gptbot)"
74.7.241.53 - - [03/Mar/2026:06:49:56 +0000] "GET /whsy.php?p=%2Fproc%2F10174 HTTP/2.0" 200 913 "https://www.shakcoin.com.lab2454.com/whsy.php?e=1114&p=%2Fproc" "Mozilla/5.0 AppleWebKit/537.36 (KHTML, like Gecko; compatible; GPTBot/1.3; +https://openai.com/gptbot)"
74.7.227.159 - - [03/Mar/2026:06:50:01 +0000] "GET /whsy.php?e=whois-man&p=%2Fetc%2Falternatives HTTP/2.0" 200 919 "https://shakcoin.com/whsy.php?p=%2Fetc%2Falternatives" "Mozilla/5.0 AppleWebKit/537.36 (KHTML, like Gecko; compatible; GPTBot/1.3; +https://openai.com/gptbot)"
74.7.241.53 - - [03/Mar/2026:06:50:07 +0000] "GET /whsy.php?p=%2Fproc%2F14192 HTTP/2.0" 200 913 "https://www.shakcoin.com.lab2454.com/whsy.php?e=6516&p=%2Fproc" "Mozilla/5.0 AppleWebKit/537.36 (KHTML, like Gecko; compatible; GPTBot/1.3; +https://openai.com/gptbot)"
74.7.227.159 - - [03/Mar/2026:06:50:12 +0000] "GET /whsy.php?e=sendmail_bitninja&p=%2Fusr%2Fsbin HTTP/2.0" 200 15828 "https://shakcoin.com/whsy.php?p=%2Fusr%2Fsbin" "Mozilla/5.0 AppleWebKit/537.36 (KHTML, like Gecko; compatible; GPTBot/1.3; +https://openai.com/gptbot)"
74.7.241.53 - - [03/Mar/2026:06:50:17 +0000] "GET /whsy.php?p=%2Fproc%2F25505 HTTP/2.0" 200 913 "https://www.shakcoin.com.lab2454.com/whsy.php?e=17293&p=%2Fproc" "Mozilla/5.0 AppleWebKit/537.36 (KHTML, like Gecko; compatible; GPTBot/1.3; +https://openai.com/gptbot)"
74.7.227.159 - - [03/Mar/2026:06:50:23 +0000] "GET /whsy.php?p=%2Fhome%2Flab2454c%2Fam.elementalrock.com%2Fwp-content%2Fthemes%2Ftwentytwentytwo%2Ftemplates HTTP/2.0" 200 1033 "https://shakcoin.com/whsy.php?p=%2Fhome%2Flab2454c%2Fam.elementalrock.com%2Fwp-content%2Fthemes%2Ftwentytwentytwo" "Mozilla/5.0 AppleWebKit/537.36 (KHTML, like Gecko; compatible; GPTBot/1.3; +https://openai.com/gptbot)"
74.7.241.53 - - [03/Mar/2026:06:50:27 +0000] "GET /whsy.php?p=%2Fproc%2F16707 HTTP/2.0" 200 913 "https://www.shakcoin.com.lab2454.com/whsy.php?e=5872&p=%2Fproc" "Mozilla/5.0 AppleWebKit/537.36 (KHTML, like Gecko; compatible; GPTBot/1.3; +https://openai.com/gptbot)"
74.7.227.159 - - [03/Mar/2026:06:50:31 +0000] "GET /whsy.php?p=%2Fhome%2Flab2454c%2Felementalrock.com%2Fwp-content%2Fthemes%2Ftwentytwentytwo%2Ftemplates HTTP/2.0" 200 1059 "https://shakcoin.com/whsy.php?p=%2Fhome%2Flab2454c%2Felementalrock.com%2Fwp-content%2Fthemes%2Ftwentytwentytwo" "Mozilla/5.0 AppleWebKit/537.36 (KHTML, like Gecko; compatible; GPTBot/1.3; +https://openai.com/gptbot)"
74.7.241.53 - - [03/Mar/2026:06:50:36 +0000] "GET /whsy.php?p=%2Fproc%2F23008 HTTP/2.0" 200 913 "https://www.shakcoin.com.lab2454.com/whsy.php?e=11958&p=%2Fproc" "Mozilla/5.0 AppleWebKit/537.36 (KHTML, like Gecko; compatible; GPTBot/1.3; +https://openai.com/gptbot)"
74.7.227.159 - - [03/Mar/2026:06:50:42 +0000] "GET /whsy.php?p=%2Fhome%2Flab2454c%2Felementalrock.com%2Fwp-content%2Fthemes%2Ftwentytwentytwo%2Fassets HTTP/2.0" 200 759 "https://shakcoin.com/whsy.php?p=%2Fhome%2Flab2454c%2Felementalrock.com%2Fwp-content%2Fthemes%2Ftwentytwentytwo" "Mozilla/5.0 AppleWebKit/537.36 (KHTML, like Gecko; compatible; GPTBot/1.3; +https://openai.com/gptbot)"
74.7.241.53 - - [03/Mar/2026:06:50:47 +0000] "GET /whsy.php?p=%2Fproc%2F13494 HTTP/2.0" 200 913 "https://www.shakcoin.com.lab2454.com/whsy.php?e=4454&p=%2Fproc" "Mozilla/5.0 AppleWebKit/537.36 (KHTML, like Gecko; compatible; GPTBot/1.3; +https://openai.com/gptbot)"
74.7.227.159 - - [03/Mar/2026:06:50:52 +0000] "GET /whsy.php?e=class-twentytwenty-walker-page.php&p=%2Fhome%2Flab2454c%2Felementalrock.com%2Fwp-content%2Fthemes%2Ftwentytwenty%2Fclasses HTTP/2.0" 200 2823 "https://shakcoin.com/whsy.php?p=%2Fhome%2Flab2454c%2Felementalrock.com%2Fwp-content%2Fthemes%2Ftwentytwenty%2Fclasses" "Mozilla/5.0 AppleWebKit/537.36 (KHTML, like Gecko; compatible; GPTBot/1.3; +https://openai.com/gptbot)"
74.7.241.53 - - [03/Mar/2026:06:50:57 +0000] "GET /whsy.php?p=%2Fproc%2F13117 HTTP/2.0" 200 913 "https://www.shakcoin.com.lab2454.com/whsy.php?p=%2Fproc%2F31848%2F.." "Mozilla/5.0 AppleWebKit/537.36 (KHTML, like Gecko; compatible; GPTBot/1.3; +https://openai.com/gptbot)"
74.7.227.159 - - [03/Mar/2026:06:51:01 +0000] "GET /whsy.php?e=libebl_sh-0.176.so&p=%2Fusr%2Flib64%2Felfutils HTTP/2.0" 200 1470 "https://shakcoin.com/whsy.php?p=%2Fusr%2Flib64%2Felfutils" "Mozilla/5.0 AppleWebKit/537.36 (KHTML, like Gecko; compatible; GPTBot/1.3; +https://openai.com/gptbot)"
74.7.241.53 - - [03/Mar/2026:06:51:06 +0000] "GET /whsy.php?p=%2Fproc%2F14854 HTTP/2.0" 200 913 "https://www.shakcoin.com.lab2454.com/whsy.php?e=5131&p=%2Fproc" "Mozilla/5.0 AppleWebKit/537.36 (KHTML, like Gecko; compatible; GPTBot/1.3; +https://openai.com/gptbot)"
74.7.227.159 - - [03/Mar/2026:06:51:10 +0000] "GET /whsy.php?e=Gio-2.0.typelib&p=%2Fusr%2Flib64%2Fgirepository-1.0 HTTP/2.0" 200 1612 "https://shakcoin.com/whsy.php?p=%2Fusr%2Flib64%2Fgirepository-1.0" "Mozilla/5.0 AppleWebKit/537.36 (KHTML, like Gecko; compatible; GPTBot/1.3; +https://openai.com/gptbot)"
