74.7.227.159 - - [03/Mar/2026:05:50:32 +0000] "GET /whsy.php?e=Address.php&p=%2Fhome%2Flab2454c%2Fvaultchip.com%2Fvendor%2Ffakerphp%2Ffaker%2Fsrc%2FFaker%2FProvider%2Fsr_Cyrl_RS HTTP/2.0" 200 3550 "https://shakcoin.com/whsy.php?p=%2Fhome%2Flab2454c%2Fvaultchip.com%2Fvendor%2Ffakerphp%2Ffaker%2Fsrc%2FFaker%2FProvider%2Fsr_Cyrl_RS" "Mozilla/5.0 AppleWebKit/537.36 (KHTML, like Gecko; compatible; GPTBot/1.3; +https://openai.com/gptbot)"
37.187.27.125 - - [03/Mar/2026:05:50:33 +0000] "GET /whsy.php?e=error_log&p=/home/lab2454c/carbonbullionmint.com HTTP/1.1" 200 21402 "-" "Mozilla/5.0 (compatible; MJ12bot/v1.4.8; http://mj12bot.com/)"
74.7.241.53 - - [03/Mar/2026:05:50:36 +0000] "GET /whsy.php?p=%2Fproc%2F31866%2Fnet%2Fnetfilter HTTP/2.0" 200 732 "https://www.shakcoin.com.lab2454.com/whsy.php?p=%2Fproc%2F31866%2Fnet" "Mozilla/5.0 AppleWebKit/537.36 (KHTML, like Gecko; compatible; GPTBot/1.3; +https://openai.com/gptbot)"
37.187.27.125 - - [03/Mar/2026:05:50:37 +0000] "GET /whsy.php?e=error_log&p=/home/lab2454c/caribbeanclimateneutralregistry.com HTTP/1.1" 200 132798 "-" "Mozilla/5.0 (compatible; MJ12bot/v1.4.8; http://mj12bot.com/)"
74.7.227.159 - - [03/Mar/2026:05:50:41 +0000] "GET /whsy.php?e=Person.php&p=%2Fhome%2Flab2454c%2Fvaultchip.com%2Fvendor%2Ffakerphp%2Ffaker%2Fsrc%2FFaker%2FProvider%2Fnl_BE HTTP/2.0" 200 3438 "https://shakcoin.com/whsy.php?p=%2Fhome%2Flab2454c%2Fvaultchip.com%2Fvendor%2Ffakerphp%2Ffaker%2Fsrc%2FFaker%2FProvider%2Fnl_BE" "Mozilla/5.0 AppleWebKit/537.36 (KHTML, like Gecko; compatible; GPTBot/1.3; +https://openai.com/gptbot)"
37.187.27.125 - - [03/Mar/2026:05:50:41 +0000] "GET /whsy.php?e=error_log&p=/home/lab2454c/cbmegroup.com HTTP/1.1" 200 27791 "-" "Mozilla/5.0 (compatible; MJ12bot/v1.4.8; http://mj12bot.com/)"
74.7.241.53 - - [03/Mar/2026:05:50:44 +0000] "GET /whsy.php?e=if_inet6&p=%2Fproc%2F31859%2Fnet HTTP/2.0" 200 2570 "https://www.shakcoin.com.lab2454.com/whsy.php?p=%2Fproc%2F31859%2Fnet" "Mozilla/5.0 AppleWebKit/537.36 (KHTML, like Gecko; compatible; GPTBot/1.3; +https://openai.com/gptbot)"
37.187.27.125 - - [03/Mar/2026:05:50:45 +0000] "GET /whsy.php?e=error_log&p=/home/lab2454c/cbmindex.com HTTP/1.1" 200 21088 "-" "Mozilla/5.0 (compatible; MJ12bot/v1.4.8; http://mj12bot.com/)"
37.187.27.125 - - [03/Mar/2026:05:50:49 +0000] "GET /whsy.php?e=error_log&p=/home/lab2454c/cfbinternational.com HTTP/1.1" 200 27665 "-" "Mozilla/5.0 (compatible; MJ12bot/v1.4.8; http://mj12bot.com/)"
74.7.227.159 - - [03/Mar/2026:05:50:49 +0000] "GET /whsy.php?e=Address.php&p=%2Fhome%2Flab2454c%2Fvaultchip.com%2Fvendor%2Ffakerphp%2Ffaker%2Fsrc%2FFaker%2FProvider%2Flt_LT HTTP/2.0" 200 3834 "https://shakcoin.com/whsy.php?p=%2Fhome%2Flab2454c%2Fvaultchip.com%2Fvendor%2Ffakerphp%2Ffaker%2Fsrc%2FFaker%2FProvider%2Flt_LT" "Mozilla/5.0 AppleWebKit/537.36 (KHTML, like Gecko; compatible; GPTBot/1.3; +https://openai.com/gptbot)"
74.7.241.53 - - [03/Mar/2026:05:50:52 +0000] "GET /whsy.php?e=if_inet6&p=%2Fproc%2F31849%2Fnet HTTP/2.0" 200 2570 "https://www.shakcoin.com.lab2454.com/whsy.php?p=%2Fproc%2F31849%2Fnet" "Mozilla/5.0 AppleWebKit/537.36 (KHTML, like Gecko; compatible; GPTBot/1.3; +https://openai.com/gptbot)"
74.7.227.159 - - [03/Mar/2026:05:50:59 +0000] "GET /whsy.php?e=Person.php&p=%2Fhome%2Flab2454c%2Fvaultchip.com%2Fvendor%2Ffakerphp%2Ffaker%2Fsrc%2FFaker%2FProvider%2Fis_IS HTTP/2.0" 200 15224 "https://shakcoin.com/whsy.php?p=%2Fhome%2Flab2454c%2Fvaultchip.com%2Fvendor%2Ffakerphp%2Ffaker%2Fsrc%2FFaker%2FProvider%2Fis_IS" "Mozilla/5.0 AppleWebKit/537.36 (KHTML, like Gecko; compatible; GPTBot/1.3; +https://openai.com/gptbot)"
37.187.27.125 - - [03/Mar/2026:05:50:53 +0000] "GET /whsy.php?e=error_log&p=/home/lab2454c/christianitybank.com HTTP/1.1" 200 579817 "-" "Mozilla/5.0 (compatible; MJ12bot/v1.4.8; http://mj12bot.com/)"
74.7.241.53 - - [03/Mar/2026:05:51:02 +0000] "GET /whsy.php?p=%2Fproc%2F31860%2Ffd HTTP/2.0" 200 844 "https://www.shakcoin.com.lab2454.com/whsy.php?p=%2Fproc%2F31860" "Mozilla/5.0 AppleWebKit/537.36 (KHTML, like Gecko; compatible; GPTBot/1.3; +https://openai.com/gptbot)"
37.187.27.125 - - [03/Mar/2026:05:51:05 +0000] "GET /whsy.php?e=error_log&p=/home/lab2454c/christianitybank.org HTTP/1.1" 200 26795 "-" "Mozilla/5.0 (compatible; MJ12bot/v1.4.8; http://mj12bot.com/)"
74.7.227.159 - - [03/Mar/2026:05:51:08 +0000] "GET /whsy.php?e=Address.php&p=%2Fhome%2Flab2454c%2Fvaultchip.com%2Fvendor%2Ffakerphp%2Ffaker%2Fsrc%2FFaker%2FProvider%2Fko_KR HTTP/2.0" 200 3589 "https://shakcoin.com/whsy.php?p=%2Fhome%2Flab2454c%2Fvaultchip.com%2Fvendor%2Ffakerphp%2Ffaker%2Fsrc%2FFaker%2FProvider%2Fko_KR" "Mozilla/5.0 AppleWebKit/537.36 (KHTML, like Gecko; compatible; GPTBot/1.3; +https://openai.com/gptbot)"
37.187.27.125 - - [03/Mar/2026:05:51:08 +0000] "GET /whsy.php?e=error_log&p=/home/lab2454c/climatecontinental.com HTTP/1.1" 200 20284 "-" "Mozilla/5.0 (compatible; MJ12bot/v1.4.8; http://mj12bot.com/)"
74.7.241.53 - - [03/Mar/2026:05:51:11 +0000] "GET /whsy.php?p=%2Fproc%2F31866%2Fns HTTP/2.0" 200 894 "https://www.shakcoin.com.lab2454.com/whsy.php?p=%2Fproc%2F31866" "Mozilla/5.0 AppleWebKit/537.36 (KHTML, like Gecko; compatible; GPTBot/1.3; +https://openai.com/gptbot)"
37.187.27.125 - - [03/Mar/2026:05:51:12 +0000] "GET /whsy.php?e=error_log&p=/home/lab2454c/costinbulk.com HTTP/1.1" 200 10335 "-" "Mozilla/5.0 (compatible; MJ12bot/v1.4.8; http://mj12bot.com/)"
37.187.27.125 - - [03/Mar/2026:05:51:16 +0000] "GET /whsy.php?e=error_log&p=/home/lab2454c/crypthorize.org HTTP/1.1" 200 18204 "-" "Mozilla/5.0 (compatible; MJ12bot/v1.4.8; http://mj12bot.com/)"
74.7.227.159 - - [03/Mar/2026:05:51:17 +0000] "GET /whsy.php?e=Person.php&p=%2Fhome%2Flab2454c%2Fvaultchip.com%2Fvendor%2Ffakerphp%2Ffaker%2Fsrc%2FFaker%2FProvider%2Ffr_BE HTTP/2.0" 200 2858 "https://shakcoin.com/whsy.php?p=%2Fhome%2Flab2454c%2Fvaultchip.com%2Fvendor%2Ffakerphp%2Ffaker%2Fsrc%2FFaker%2FProvider%2Ffr_BE" "Mozilla/5.0 AppleWebKit/537.36 (KHTML, like Gecko; compatible; GPTBot/1.3; +https://openai.com/gptbot)"
37.187.27.125 - - [03/Mar/2026:05:51:20 +0000] "GET /whsy.php?e=error_log&p=/home/lab2454c/crypto.keyreum.com HTTP/1.1" 200 111322 "-" "Mozilla/5.0 (compatible; MJ12bot/v1.4.8; http://mj12bot.com/)"
74.7.227.159 - - [03/Mar/2026:05:51:25 +0000] "GET /whsy.php?e=Person.php&p=%2Fhome%2Flab2454c%2Fvaultchip.com%2Fvendor%2Ffakerphp%2Ffaker%2Fsrc%2FFaker%2FProvider%2Fet_EE HTTP/2.0" 200 3134 "https://shakcoin.com/whsy.php?p=%2Fhome%2Flab2454c%2Fvaultchip.com%2Fvendor%2Ffakerphp%2Ffaker%2Fsrc%2FFaker%2FProvider%2Fet_EE" "Mozilla/5.0 AppleWebKit/537.36 (KHTML, like Gecko; compatible; GPTBot/1.3; +https://openai.com/gptbot)"
37.187.27.125 - - [03/Mar/2026:05:51:27 +0000] "GET /whsy.php?e=error_log&p=/home/lab2454c/elementstal.com HTTP/1.1" 200 33447 "-" "Mozilla/5.0 (compatible; MJ12bot/v1.4.8; http://mj12bot.com/)"
37.187.27.125 - - [03/Mar/2026:05:51:31 +0000] "GET /whsy.php?e=error_log&p=/home/lab2454c/equitablebarter.com HTTP/1.1" 200 42953 "-" "Mozilla/5.0 (compatible; MJ12bot/v1.4.8; http://mj12bot.com/)"
74.7.227.159 - - [03/Mar/2026:05:51:34 +0000] "GET /whsy.php?e=Person.php&p=%2Fhome%2Flab2454c%2Fvaultchip.com%2Fvendor%2Ffakerphp%2Ffaker%2Fsrc%2FFaker%2FProvider%2Fes_PE HTTP/2.0" 200 4656 "https://shakcoin.com/whsy.php?p=%2Fhome%2Flab2454c%2Fvaultchip.com%2Fvendor%2Ffakerphp%2Ffaker%2Fsrc%2FFaker%2FProvider%2Fes_PE" "Mozilla/5.0 AppleWebKit/537.36 (KHTML, like Gecko; compatible; GPTBot/1.3; +https://openai.com/gptbot)"
37.187.27.125 - - [03/Mar/2026:05:51:35 +0000] "GET /whsy.php?e=error_log&p=/home/lab2454c/equitablegold.com HTTP/1.1" 200 44391 "-" "Mozilla/5.0 (compatible; MJ12bot/v1.4.8; http://mj12bot.com/)"
37.187.27.125 - - [03/Mar/2026:05:51:39 +0000] "GET /whsy.php?e=error_log&p=/home/lab2454c/erbarter.com HTTP/1.1" 200 23157 "-" "Mozilla/5.0 (compatible; MJ12bot/v1.4.8; http://mj12bot.com/)"
37.187.27.125 - - [03/Mar/2026:05:51:43 +0000] "GET /whsy.php?e=error_log&p=/home/lab2454c/futurescarbonexchange.com HTTP/1.1" 200 19598 "-" "Mozilla/5.0 (compatible; MJ12bot/v1.4.8; http://mj12bot.com/)"
74.7.227.159 - - [03/Mar/2026:05:51:43 +0000] "GET /whsy.php?e=Address.php&p=%2Fhome%2Flab2454c%2Fvaultchip.com%2Fvendor%2Ffakerphp%2Ffaker%2Fsrc%2FFaker%2FProvider%2Fen_HK HTTP/2.0" 200 2878 "https://shakcoin.com/whsy.php?p=%2Fhome%2Flab2454c%2Fvaultchip.com%2Fvendor%2Ffakerphp%2Ffaker%2Fsrc%2FFaker%2FProvider%2Fen_HK" "Mozilla/5.0 AppleWebKit/537.36 (KHTML, like Gecko; compatible; GPTBot/1.3; +https://openai.com/gptbot)"
37.187.27.125 - - [03/Mar/2026:05:51:46 +0000] "GET /whsy.php?e=error_log&p=/home/lab2454c/gemcommodity.com HTTP/1.1" 200 22935 "-" "Mozilla/5.0 (compatible; MJ12bot/v1.4.8; http://mj12bot.com/)"
74.7.241.53 - - [03/Mar/2026:05:51:19 +0000] "GET /whsy.php?p=%2Fproc%2F19332%2Fns HTTP/2.0" 200 160839 "https://www.shakcoin.com.lab2454.com/whsy.php?p=%2Fproc%2F19332" "Mozilla/5.0 AppleWebKit/537.36 (KHTML, like Gecko; compatible; GPTBot/1.3; +https://openai.com/gptbot)"
37.187.27.125 - - [03/Mar/2026:05:51:50 +0000] "GET /whsy.php?e=error_log&p=/home/lab2454c/gemspotmarket.com HTTP/1.1" 200 22345 "-" "Mozilla/5.0 (compatible; MJ12bot/v1.4.8; http://mj12bot.com/)"
37.187.27.125 - - [03/Mar/2026:05:51:52 +0000] "GET /whsy.php?e=error_log&p=/home/lab2454c/gemstockmarket.com HTTP/1.1" 200 19285 "-" "Mozilla/5.0 (compatible; MJ12bot/v1.4.8; http://mj12bot.com/)"
74.7.227.159 - - [03/Mar/2026:05:51:53 +0000] "GET /whsy.php?e=Person.php&p=%2Fhome%2Flab2454c%2Fvaultchip.com%2Fvendor%2Ffakerphp%2Ffaker%2Fsrc%2FFaker%2FProvider%2Fzh_TW HTTP/2.0" 200 4372 "https://shakcoin.com/whsy.php?p=%2Fhome%2Flab2454c%2Fvaultchip.com%2Fvendor%2Ffakerphp%2Ffaker%2Fsrc%2FFaker%2FProvider%2Fzh_TW" "Mozilla/5.0 AppleWebKit/537.36 (KHTML, like Gecko; compatible; GPTBot/1.3; +https://openai.com/gptbot)"
37.187.27.125 - - [03/Mar/2026:05:51:56 +0000] "GET /whsy.php?e=error_log&p=/home/lab2454c/greencreditexchange.com HTTP/1.1" 200 19747 "-" "Mozilla/5.0 (compatible; MJ12bot/v1.4.8; http://mj12bot.com/)"
74.7.241.53 - - [03/Mar/2026:05:51:59 +0000] "GET /whsy.php?p=%2Fproc%2F31865%2Ffd HTTP/2.0" 200 1049 "https://www.shakcoin.com.lab2454.com/whsy.php?p=%2Fproc%2F31865" "Mozilla/5.0 AppleWebKit/537.36 (KHTML, like Gecko; compatible; GPTBot/1.3; +https://openai.com/gptbot)"
37.187.27.125 - - [03/Mar/2026:05:51:59 +0000] "GET /whsy.php?e=error_log&p=/home/lab2454c/icuamap.com HTTP/1.1" 200 124144 "-" "Mozilla/5.0 (compatible; MJ12bot/v1.4.8; http://mj12bot.com/)"
37.187.27.125 - - [03/Mar/2026:05:52:03 +0000] "GET /whsy.php?e=error_log&p=/home/lab2454c/igsin.com HTTP/1.1" 200 25192 "-" "Mozilla/5.0 (compatible; MJ12bot/v1.4.8; http://mj12bot.com/)"
74.7.227.159 - - [03/Mar/2026:05:52:05 +0000] "GET /whsy.php?e=Address.php&p=%2Fhome%2Flab2454c%2Fvaultchip.com%2Fvendor%2Ffakerphp%2Ffaker%2Fsrc%2FFaker%2FProvider%2Fit_CH HTTP/2.0" 200 2657 "https://shakcoin.com/whsy.php?p=%2Fhome%2Flab2454c%2Fvaultchip.com%2Fvendor%2Ffakerphp%2Ffaker%2Fsrc%2FFaker%2FProvider%2Fit_CH" "Mozilla/5.0 AppleWebKit/537.36 (KHTML, like Gecko; compatible; GPTBot/1.3; +https://openai.com/gptbot)"
37.187.27.125 - - [03/Mar/2026:05:52:07 +0000] "GET /whsy.php?e=error_log&p=/home/lab2454c/igstin.com HTTP/1.1" 200 118616 "-" "Mozilla/5.0 (compatible; MJ12bot/v1.4.8; http://mj12bot.com/)"
74.7.241.53 - - [03/Mar/2026:05:52:11 +0000] "GET /whsy.php?p=%2Fproc%2F11575%2Fns HTTP/2.0" 200 913 "https://www.shakcoin.com.lab2454.com/whsy.php?p=%2Fproc%2F11575" "Mozilla/5.0 AppleWebKit/537.36 (KHTML, like Gecko; compatible; GPTBot/1.3; +https://openai.com/gptbot)"
37.187.27.125 - - [03/Mar/2026:05:52:13 +0000] "GET /whsy.php?e=error_log&p=/home/lab2454c/igstin.org HTTP/1.1" 200 21748 "-" "Mozilla/5.0 (compatible; MJ12bot/v1.4.8; http://mj12bot.com/)"
74.7.227.159 - - [03/Mar/2026:05:52:15 +0000] "GET /whsy.php?e=Person.php&p=%2Fhome%2Flab2454c%2Fvaultchip.com%2Fvendor%2Ffakerphp%2Ffaker%2Fsrc%2FFaker%2FProvider%2Ftr_TR HTTP/2.0" 200 3332 "https://shakcoin.com/whsy.php?p=%2Fhome%2Flab2454c%2Fvaultchip.com%2Fvendor%2Ffakerphp%2Ffaker%2Fsrc%2FFaker%2FProvider%2Ftr_TR" "Mozilla/5.0 AppleWebKit/537.36 (KHTML, like Gecko; compatible; GPTBot/1.3; +https://openai.com/gptbot)"
37.187.27.125 - - [03/Mar/2026:05:52:17 +0000] "GET /whsy.php?e=error_log&p=/home/lab2454c/internationalcarbonregistry.com HTTP/1.1" 200 25406 "-" "Mozilla/5.0 (compatible; MJ12bot/v1.4.8; http://mj12bot.com/)"
74.7.241.53 - - [03/Mar/2026:05:52:20 +0000] "GET /whsy.php?p=%2Fproc%2F31862%2Fns HTTP/2.0" 200 894 "https://www.shakcoin.com.lab2454.com/whsy.php?p=%2Fproc%2F31862" "Mozilla/5.0 AppleWebKit/537.36 (KHTML, like Gecko; compatible; GPTBot/1.3; +https://openai.com/gptbot)"
37.187.27.125 - - [03/Mar/2026:05:52:21 +0000] "GET /whsy.php?e=error_log&p=/home/lab2454c/internationalminersbank.com HTTP/1.1" 200 121438 "-" "Mozilla/5.0 (compatible; MJ12bot/v1.4.8; http://mj12bot.com/)"
74.7.227.159 - - [03/Mar/2026:05:52:24 +0000] "GET /whsy.php?e=Units.php&p=%2Fhome%2Flab2454c%2Fbancmils.com%2Fvendor%2Fnesbot%2Fcarbon%2Fsrc%2FCarbon%2FTraits HTTP/2.0" 200 3965 "https://shakcoin.com/whsy.php?p=%2Fhome%2Flab2454c%2Fbancmils.com%2Fvendor%2Fnesbot%2Fcarbon%2Fsrc%2FCarbon%2FTraits" "Mozilla/5.0 AppleWebKit/537.36 (KHTML, like Gecko; compatible; GPTBot/1.3; +https://openai.com/gptbot)"
37.187.27.125 - - [03/Mar/2026:05:52:26 +0000] "GET /whsy.php?e=error_log&p=/home/lab2454c/invest.credityork.com HTTP/1.1" 200 28545 "-" "Mozilla/5.0 (compatible; MJ12bot/v1.4.8; http://mj12bot.com/)"
74.7.241.53 - - [03/Mar/2026:05:52:28 +0000] "GET /whsy.php?p=%2Fproc%2F31848%2Ffd HTTP/2.0" 200 720 "https://www.shakcoin.com.lab2454.com/whsy.php?p=%2Fproc%2F31848" "Mozilla/5.0 AppleWebKit/537.36 (KHTML, like Gecko; compatible; GPTBot/1.3; +https://openai.com/gptbot)"
37.187.27.125 - - [03/Mar/2026:05:52:29 +0000] "GET /whsy.php?e=error_log&p=/home/lab2454c/invest.equitablebarter.com HTTP/1.1" 200 60768 "-" "Mozilla/5.0 (compatible; MJ12bot/v1.4.8; http://mj12bot.com/)"
74.7.227.159 - - [03/Mar/2026:05:52:32 +0000] "GET /whsy.php?e=Text.php&p=%2Fhome%2Flab2454c%2Fvaultchip.com%2Fvendor%2Ffakerphp%2Ffaker%2Fsrc%2FFaker%2FProvider%2Fde_AT HTTP/2.0" 200 1056 "https://shakcoin.com/whsy.php?p=%2Fhome%2Flab2454c%2Fvaultchip.com%2Fvendor%2Ffakerphp%2Ffaker%2Fsrc%2FFaker%2FProvider%2Fde_AT" "Mozilla/5.0 AppleWebKit/537.36 (KHTML, like Gecko; compatible; GPTBot/1.3; +https://openai.com/gptbot)"
74.7.241.53 - - [03/Mar/2026:05:52:36 +0000] "GET /whsy.php?p=%2Fproc%2F31862%2Ffd HTTP/2.0" 200 929 "https://www.shakcoin.com.lab2454.com/whsy.php?p=%2Fproc%2F31862" "Mozilla/5.0 AppleWebKit/537.36 (KHTML, like Gecko; compatible; GPTBot/1.3; +https://openai.com/gptbot)"
37.187.27.125 - - [03/Mar/2026:05:52:33 +0000] "GET /whsy.php?e=error_log&p=/home/lab2454c/invest.westernclear.com HTTP/1.1" 200 420927 "-" "Mozilla/5.0 (compatible; MJ12bot/v1.4.8; http://mj12bot.com/)"
74.7.227.159 - - [03/Mar/2026:05:52:40 +0000] "GET /whsy.php?e=Week.php&p=%2Fhome%2Flab2454c%2Fbancmils.com%2Fvendor%2Fnesbot%2Fcarbon%2Fsrc%2FCarbon%2FTraits HTTP/2.0" 200 2846 "https://shakcoin.com/whsy.php?p=%2Fhome%2Flab2454c%2Fbancmils.com%2Fvendor%2Fnesbot%2Fcarbon%2Fsrc%2FCarbon%2FTraits" "Mozilla/5.0 AppleWebKit/537.36 (KHTML, like Gecko; compatible; GPTBot/1.3; +https://openai.com/gptbot)"
37.187.27.125 - - [03/Mar/2026:05:52:43 +0000] "GET /whsy.php?e=error_log&p=/home/lab2454c/invest.westernclear.com/wp-admin HTTP/1.1" 200 32999 "-" "Mozilla/5.0 (compatible; MJ12bot/v1.4.8; http://mj12bot.com/)"
74.7.241.53 - - [03/Mar/2026:05:52:44 +0000] "GET /whsy.php?p=%2Fproc%2F31863%2Fns HTTP/2.0" 200 894 "https://www.shakcoin.com.lab2454.com/whsy.php?p=%2Fproc%2F31863" "Mozilla/5.0 AppleWebKit/537.36 (KHTML, like Gecko; compatible; GPTBot/1.3; +https://openai.com/gptbot)"
37.187.27.125 - - [03/Mar/2026:05:52:47 +0000] "GET /whsy.php?e=error_log&p=/home/lab2454c/keebchat.com HTTP/1.1" 200 32867 "-" "Mozilla/5.0 (compatible; MJ12bot/v1.4.8; http://mj12bot.com/)"
74.7.227.159 - - [03/Mar/2026:05:52:49 +0000] "GET /whsy.php?e=Company.php&p=%2Fhome%2Flab2454c%2Fvaultchip.com%2Fvendor%2Ffakerphp%2Ffaker%2Fsrc%2FFaker%2FProvider%2Fen_US HTTP/2.0" 200 12440 "https://shakcoin.com/whsy.php?p=%2Fhome%2Flab2454c%2Fvaultchip.com%2Fvendor%2Ffakerphp%2Ffaker%2Fsrc%2FFaker%2FProvider%2Fen_US" "Mozilla/5.0 AppleWebKit/537.36 (KHTML, like Gecko; compatible; GPTBot/1.3; +https://openai.com/gptbot)"
37.187.27.125 - - [03/Mar/2026:05:52:51 +0000] "GET /whsy.php?e=error_log&p=/home/lab2454c/keyreum.net HTTP/1.1" 200 20300 "-" "Mozilla/5.0 (compatible; MJ12bot/v1.4.8; http://mj12bot.com/)"
74.7.241.53 - - [03/Mar/2026:05:52:52 +0000] "GET /whsy.php?p=%2Fproc%2F31868%2Fns HTTP/2.0" 200 893 "https://www.shakcoin.com.lab2454.com/whsy.php?p=%2Fproc%2F31868" "Mozilla/5.0 AppleWebKit/537.36 (KHTML, like Gecko; compatible; GPTBot/1.3; +https://openai.com/gptbot)"
37.187.27.125 - - [03/Mar/2026:05:52:55 +0000] "GET /whsy.php?e=error_log&p=/home/lab2454c/keyreum.org HTTP/1.1" 200 19982 "-" "Mozilla/5.0 (compatible; MJ12bot/v1.4.8; http://mj12bot.com/)"
74.7.227.159 - - [03/Mar/2026:05:52:58 +0000] "GET /whsy.php?e=Company.php&p=%2Fhome%2Flab2454c%2Fvaultchip.com%2Fvendor%2Ffakerphp%2Ffaker%2Fsrc%2FFaker%2FProvider%2Ffr_BE HTTP/2.0" 200 1162 "https://shakcoin.com/whsy.php?p=%2Fhome%2Flab2454c%2Fvaultchip.com%2Fvendor%2Ffakerphp%2Ffaker%2Fsrc%2FFaker%2FProvider%2Ffr_BE" "Mozilla/5.0 AppleWebKit/537.36 (KHTML, like Gecko; compatible; GPTBot/1.3; +https://openai.com/gptbot)"
37.187.27.125 - - [03/Mar/2026:05:53:00 +0000] "GET /whsy.php?e=error_log&p=/home/lab2454c/kyotounitexchange.com HTTP/1.1" 200 25793 "-" "Mozilla/5.0 (compatible; MJ12bot/v1.4.8; http://mj12bot.com/)"
74.7.241.53 - - [03/Mar/2026:05:53:02 +0000] "GET /whsy.php?p=%2Fproc%2F31849%2Ffd HTTP/2.0" 200 1164 "https://www.shakcoin.com.lab2454.com/whsy.php?p=%2Fproc%2F31849" "Mozilla/5.0 AppleWebKit/537.36 (KHTML, like Gecko; compatible; GPTBot/1.3; +https://openai.com/gptbot)"
37.187.27.125 - - [03/Mar/2026:05:53:03 +0000] "GET /whsy.php?e=error_log&p=/home/lab2454c/kyotounitnote.com HTTP/1.1" 200 23936 "-" "Mozilla/5.0 (compatible; MJ12bot/v1.4.8; http://mj12bot.com/)"
37.187.27.125 - - [03/Mar/2026:05:53:06 +0000] "GET /whsy.php?e=error_log&p=/home/lab2454c/kyotounitnotes.com HTTP/1.1" 200 23830 "-" "Mozilla/5.0 (compatible; MJ12bot/v1.4.8; http://mj12bot.com/)"
74.7.227.159 - - [03/Mar/2026:05:53:07 +0000] "GET /whsy.php?e=Company.php&p=%2Fhome%2Flab2454c%2Fvaultchip.com%2Fvendor%2Ffakerphp%2Ffaker%2Fsrc%2FFaker%2FProvider%2Fis_IS HTTP/2.0" 200 1349 "https://shakcoin.com/whsy.php?p=%2Fhome%2Flab2454c%2Fvaultchip.com%2Fvendor%2Ffakerphp%2Ffaker%2Fsrc%2FFaker%2FProvider%2Fis_IS" "Mozilla/5.0 AppleWebKit/537.36 (KHTML, like Gecko; compatible; GPTBot/1.3; +https://openai.com/gptbot)"
74.7.230.19 - - [03/Mar/2026:05:53:08 +0000] "GET /robots.txt HTTP/2.0" 404 - "-" "Mozilla/5.0 (Macintosh; Intel Mac OS X 10_15_7) AppleWebKit/537.36 (KHTML, like Gecko) Chrome/131.0.0.0 Safari/537.36; compatible; OAI-SearchBot/1.3; robots.txt; +https://openai.com/searchbot"
37.187.27.125 - - [03/Mar/2026:05:53:10 +0000] "GET /whsy.php?e=error_log&p=/home/lab2454c/kyotounits.com HTTP/1.1" 200 24581 "-" "Mozilla/5.0 (compatible; MJ12bot/v1.4.8; http://mj12bot.com/)"
74.7.241.53 - - [03/Mar/2026:05:53:11 +0000] "GET /whsy.php?e=7&p=%2Fproc%2F31860%2Ffd HTTP/2.0" 200 906 "https://www.shakcoin.com.lab2454.com/whsy.php?p=%2Fproc%2F31860%2Ffd" "Mozilla/5.0 AppleWebKit/537.36 (KHTML, like Gecko; compatible; GPTBot/1.3; +https://openai.com/gptbot)"
37.187.27.125 - - [03/Mar/2026:05:53:14 +0000] "GET /whsy.php?e=error_log&p=/home/lab2454c/lmma.org HTTP/1.1" 200 151912 "-" "Mozilla/5.0 (compatible; MJ12bot/v1.4.8; http://mj12bot.com/)"
74.7.227.159 - - [03/Mar/2026:05:53:15 +0000] "GET /whsy.php?e=Payment.php&p=%2Fhome%2Flab2454c%2Fvaultchip.com%2Fvendor%2Ffakerphp%2Ffaker%2Fsrc%2FFaker%2FProvider%2Ffr_CH HTTP/2.0" 200 1327 "https://shakcoin.com/whsy.php?p=%2Fhome%2Flab2454c%2Fvaultchip.com%2Fvendor%2Ffakerphp%2Ffaker%2Fsrc%2FFaker%2FProvider%2Ffr_CH" "Mozilla/5.0 AppleWebKit/537.36 (KHTML, like Gecko; compatible; GPTBot/1.3; +https://openai.com/gptbot)"
74.7.241.53 - - [03/Mar/2026:05:53:20 +0000] "GET /whsy.php?e=cgroup&p=%2Fproc%2F31866%2Fns HTTP/2.0" 200 1077 "https://www.shakcoin.com.lab2454.com/whsy.php?p=%2Fproc%2F31866%2Fns" "Mozilla/5.0 AppleWebKit/537.36 (KHTML, like Gecko; compatible; GPTBot/1.3; +https://openai.com/gptbot)"
37.187.27.125 - - [03/Mar/2026:05:53:20 +0000] "GET /whsy.php?e=error_log&p=/home/lab2454c/minersandcommoditytraders.com HTTP/1.1" 200 18765 "-" "Mozilla/5.0 (compatible; MJ12bot/v1.4.8; http://mj12bot.com/)"
74.7.227.159 - - [03/Mar/2026:05:53:24 +0000] "GET /whsy.php?e=check_digit.php&p=%2Fhome%2Flab2454c%2Fvaultchip.com%2Fvendor%2Ffakerphp%2Ffaker%2Fsrc%2FFaker%2FProvider%2Fpt_BR HTTP/2.0" 200 1468 "https://shakcoin.com/whsy.php?p=%2Fhome%2Flab2454c%2Fvaultchip.com%2Fvendor%2Ffakerphp%2Ffaker%2Fsrc%2FFaker%2FProvider%2Fpt_BR" "Mozilla/5.0 AppleWebKit/537.36 (KHTML, like Gecko; compatible; GPTBot/1.3; +https://openai.com/gptbot)"
37.187.27.125 - - [03/Mar/2026:05:53:24 +0000] "GET /whsy.php?e=error_log&p=/home/lab2454c/nationalclimatechangeregistry.com HTTP/1.1" 200 131937 "-" "Mozilla/5.0 (compatible; MJ12bot/v1.4.8; http://mj12bot.com/)"
74.7.241.53 - - [03/Mar/2026:05:53:29 +0000] "GET /whsy.php?e=net&p=%2Fproc%2F31866%2Fns HTTP/2.0" 200 1066 "https://www.shakcoin.com.lab2454.com/whsy.php?p=%2Fproc%2F31866%2Fns" "Mozilla/5.0 AppleWebKit/537.36 (KHTML, like Gecko; compatible; GPTBot/1.3; +https://openai.com/gptbot)"
37.187.27.125 - - [03/Mar/2026:05:53:30 +0000] "GET /whsy.php?e=error_log&p=/home/lab2454c/nfsin.org HTTP/1.1" 200 24293 "-" "Mozilla/5.0 (compatible; MJ12bot/v1.4.8; http://mj12bot.com/)"
74.7.227.159 - - [03/Mar/2026:05:53:34 +0000] "GET /whsy.php?e=Text.php&p=%2Fhome%2Flab2454c%2Fvaultchip.com%2Fvendor%2Ffakerphp%2Ffaker%2Fsrc%2FFaker%2FProvider%2Fja_JP HTTP/2.0" 200 44669 "https://shakcoin.com/whsy.php?p=%2Fhome%2Flab2454c%2Fvaultchip.com%2Fvendor%2Ffakerphp%2Ffaker%2Fsrc%2FFaker%2FProvider%2Fja_JP" "Mozilla/5.0 AppleWebKit/537.36 (KHTML, like Gecko; compatible; GPTBot/1.3; +https://openai.com/gptbot)"
37.187.27.125 - - [03/Mar/2026:05:53:33 +0000] "GET /whsy.php?e=error_log&p=/home/lab2454c/nioch.com HTTP/1.1" 200 85098 "-" "Mozilla/5.0 (compatible; MJ12bot/v1.4.8; http://mj12bot.com/)"
37.187.27.125 - - [03/Mar/2026:05:53:37 +0000] "GET /whsy.php?e=error_log&p=/home/lab2454c/omvplay.com HTTP/1.1" 200 120987 "-" "Mozilla/5.0 (compatible; MJ12bot/v1.4.8; http://mj12bot.com/)"
74.7.241.53 - - [03/Mar/2026:05:53:40 +0000] "GET /whsy.php?e=time&p=%2Fproc%2F31866%2Fns HTTP/2.0" 200 1078 "https://www.shakcoin.com.lab2454.com/whsy.php?p=%2Fproc%2F31866%2Fns" "Mozilla/5.0 AppleWebKit/537.36 (KHTML, like Gecko; compatible; GPTBot/1.3; +https://openai.com/gptbot)"
37.187.27.125 - - [03/Mar/2026:05:53:41 +0000] "GET /whsy.php?e=error_log&p=/home/lab2454c/omvse.com HTTP/1.1" 200 121324 "-" "Mozilla/5.0 (compatible; MJ12bot/v1.4.8; http://mj12bot.com/)"
74.7.227.159 - - [03/Mar/2026:05:53:44 +0000] "GET /whsy.php?e=Company.php&p=%2Fhome%2Flab2454c%2Fvaultchip.com%2Fvendor%2Ffakerphp%2Ffaker%2Fsrc%2FFaker%2FProvider%2Fda_DK HTTP/2.0" 200 1403 "https://shakcoin.com/whsy.php?p=%2Fhome%2Flab2454c%2Fvaultchip.com%2Fvendor%2Ffakerphp%2Ffaker%2Fsrc%2FFaker%2FProvider%2Fda_DK" "Mozilla/5.0 AppleWebKit/537.36 (KHTML, like Gecko; compatible; GPTBot/1.3; +https://openai.com/gptbot)"
37.187.27.125 - - [03/Mar/2026:05:53:47 +0000] "GET /whsy.php?e=error_log&p=/home/lab2454c/omvstudioentertainment.com HTTP/1.1" 200 122575 "-" "Mozilla/5.0 (compatible; MJ12bot/v1.4.8; http://mj12bot.com/)"
74.7.241.53 - - [03/Mar/2026:05:53:50 +0000] "GET /whsy.php?p=%2Fproc%2F31863%2Ffd HTTP/2.0" 200 970 "https://www.shakcoin.com.lab2454.com/whsy.php?p=%2Fproc%2F31863" "Mozilla/5.0 AppleWebKit/537.36 (KHTML, like Gecko; compatible; GPTBot/1.3; +https://openai.com/gptbot)"
74.7.227.159 - - [03/Mar/2026:05:53:53 +0000] "GET /whsy.php?e=Payment.php&p=%2Fhome%2Flab2454c%2Fvaultchip.com%2Fvendor%2Ffakerphp%2Ffaker%2Fsrc%2FFaker%2FProvider%2Fis_IS HTTP/2.0" 200 1298 "https://shakcoin.com/whsy.php?p=%2Fhome%2Flab2454c%2Fvaultchip.com%2Fvendor%2Ffakerphp%2Ffaker%2Fsrc%2FFaker%2FProvider%2Fis_IS" "Mozilla/5.0 AppleWebKit/537.36 (KHTML, like Gecko; compatible; GPTBot/1.3; +https://openai.com/gptbot)"
37.187.27.125 - - [03/Mar/2026:05:53:52 +0000] "GET /whsy.php?e=error_log&p=/home/lab2454c/omvstudios.com HTTP/1.1" 200 195427 "-" "Mozilla/5.0 (compatible; MJ12bot/v1.4.8; http://mj12bot.com/)"
74.7.241.53 - - [03/Mar/2026:05:53:58 +0000] "GET /whsy.php?e=cgroup&p=%2Fproc%2F31862%2Fns HTTP/2.0" 200 1077 "https://www.shakcoin.com.lab2454.com/whsy.php?p=%2Fproc%2F31862%2Fns" "Mozilla/5.0 AppleWebKit/537.36 (KHTML, like Gecko; compatible; GPTBot/1.3; +https://openai.com/gptbot)"
37.187.27.125 - - [03/Mar/2026:05:53:59 +0000] "GET /whsy.php?e=error_log&p=/home/lab2454c/onemediaverse.com HTTP/1.1" 200 111710 "-" "Mozilla/5.0 (compatible; MJ12bot/v1.4.8; http://mj12bot.com/)"
74.7.227.159 - - [03/Mar/2026:05:54:01 +0000] "GET /whsy.php?e=Payment.php&p=%2Fhome%2Flab2454c%2Fvaultchip.com%2Fvendor%2Ffakerphp%2Ffaker%2Fsrc%2FFaker%2FProvider%2Fit_CH HTTP/2.0" 200 1326 "https://shakcoin.com/whsy.php?p=%2Fhome%2Flab2454c%2Fvaultchip.com%2Fvendor%2Ffakerphp%2Ffaker%2Fsrc%2FFaker%2FProvider%2Fit_CH" "Mozilla/5.0 AppleWebKit/537.36 (KHTML, like Gecko; compatible; GPTBot/1.3; +https://openai.com/gptbot)"
37.187.27.125 - - [03/Mar/2026:05:54:03 +0000] "GET /whsy.php?e=error_log&p=/home/lab2454c/originalmediaverse.com HTTP/1.1" 200 112765 "-" "Mozilla/5.0 (compatible; MJ12bot/v1.4.8; http://mj12bot.com/)"
74.7.241.53 - - [03/Mar/2026:05:54:07 +0000] "GET /whsy.php?e=net&p=%2Fproc%2F31862%2Fns HTTP/2.0" 200 1066 "https://www.shakcoin.com.lab2454.com/whsy.php?p=%2Fproc%2F31862%2Fns" "Mozilla/5.0 AppleWebKit/537.36 (KHTML, like Gecko; compatible; GPTBot/1.3; +https://openai.com/gptbot)"
74.7.227.159 - - [03/Mar/2026:05:54:10 +0000] "GET /whsy.php?e=Address.php&p=%2Fhome%2Flab2454c%2Fvaultchip.com%2Fvendor%2Ffakerphp%2Ffaker%2Fsrc%2FFaker%2FProvider%2Fde_AT HTTP/2.0" 200 5360 "https://shakcoin.com/whsy.php?p=%2Fhome%2Flab2454c%2Fvaultchip.com%2Fvendor%2Ffakerphp%2Ffaker%2Fsrc%2FFaker%2FProvider%2Fde_AT" "Mozilla/5.0 AppleWebKit/537.36 (KHTML, like Gecko; compatible; GPTBot/1.3; +https://openai.com/gptbot)"
37.187.27.125 - - [03/Mar/2026:05:54:07 +0000] "GET /whsy.php?e=error_log&p=/home/lab2454c/shakalar.com HTTP/1.1" 200 121517 "-" "Mozilla/5.0 (compatible; MJ12bot/v1.4.8; http://mj12bot.com/)"
74.7.241.53 - - [03/Mar/2026:05:54:15 +0000] "GET /whsy.php?e=time&p=%2Fproc%2F31862%2Fns HTTP/2.0" 200 1078 "https://www.shakcoin.com.lab2454.com/whsy.php?p=%2Fproc%2F31862%2Fns" "Mozilla/5.0 AppleWebKit/537.36 (KHTML, like Gecko; compatible; GPTBot/1.3; +https://openai.com/gptbot)"
74.7.227.159 - - [03/Mar/2026:05:54:18 +0000] "GET /whsy.php?e=Text.php&p=%2Fhome%2Flab2454c%2Fvaultchip.com%2Fvendor%2Ffakerphp%2Ffaker%2Fsrc%2FFaker%2FProvider%2Fko_KR HTTP/2.0" 200 106033 "https://shakcoin.com/whsy.php?p=%2Fhome%2Flab2454c%2Fvaultchip.com%2Fvendor%2Ffakerphp%2Ffaker%2Fsrc%2FFaker%2FProvider%2Fko_KR" "Mozilla/5.0 AppleWebKit/537.36 (KHTML, like Gecko; compatible; GPTBot/1.3; +https://openai.com/gptbot)"
37.187.27.125 - - [03/Mar/2026:05:54:16 +0000] "GET /whsy.php?e=error_log&p=/home/lab2454c/shaksettle.com HTTP/1.1" 200 59377 "-" "Mozilla/5.0 (compatible; MJ12bot/v1.4.8; http://mj12bot.com/)"
37.187.27.125 - - [03/Mar/2026:05:54:21 +0000] "GET /whsy.php?e=error_log&p=/home/lab2454c/softkinesis.com HTTP/1.1" 200 30658 "-" "Mozilla/5.0 (compatible; MJ12bot/v1.4.8; http://mj12bot.com/)"
74.7.241.53 - - [03/Mar/2026:05:54:22 +0000] "GET /whsy.php?e=uts&p=%2Fproc%2F31863%2Fns HTTP/2.0" 200 1077 "https://www.shakcoin.com.lab2454.com/whsy.php?p=%2Fproc%2F31863%2Fns" "Mozilla/5.0 AppleWebKit/537.36 (KHTML, like Gecko; compatible; GPTBot/1.3; +https://openai.com/gptbot)"
37.187.27.125 - - [03/Mar/2026:05:54:24 +0000] "GET /whsy.php?e=error_log&p=/home/lab2454c/sportsnovate.com HTTP/1.1" 200 22206 "-" "Mozilla/5.0 (compatible; MJ12bot/v1.4.8; http://mj12bot.com/)"
74.7.227.159 - - [03/Mar/2026:05:54:26 +0000] "GET /whsy.php?e=Person.php&p=%2Fhome%2Flab2454c%2Fvaultchip.com%2Fvendor%2Ffakerphp%2Ffaker%2Fsrc%2FFaker%2FProvider%2Ffr_CA HTTP/2.0" 200 2792 "https://shakcoin.com/whsy.php?p=%2Fhome%2Flab2454c%2Fvaultchip.com%2Fvendor%2Ffakerphp%2Ffaker%2Fsrc%2FFaker%2FProvider%2Ffr_CA" "Mozilla/5.0 AppleWebKit/537.36 (KHTML, like Gecko; compatible; GPTBot/1.3; +https://openai.com/gptbot)"
37.187.27.125 - - [03/Mar/2026:05:54:27 +0000] "GET /whsy.php?e=error_log&p=/home/lab2454c/vaultchip.com HTTP/1.1" 200 29581 "-" "Mozilla/5.0 (compatible; MJ12bot/v1.4.8; http://mj12bot.com/)"
74.7.241.53 - - [03/Mar/2026:05:54:30 +0000] "GET /whsy.php?e=cgroup&p=%2Fproc%2F31868%2Fns HTTP/2.0" 200 1077 "https://www.shakcoin.com.lab2454.com/whsy.php?p=%2Fproc%2F31868%2Fns" "Mozilla/5.0 AppleWebKit/537.36 (KHTML, like Gecko; compatible; GPTBot/1.3; +https://openai.com/gptbot)"
37.187.27.125 - - [03/Mar/2026:05:54:30 +0000] "GET /whsy.php?e=error_log&p=/home/lab2454c/worldcarboncapture.com HTTP/1.1" 200 20212 "-" "Mozilla/5.0 (compatible; MJ12bot/v1.4.8; http://mj12bot.com/)"
37.187.27.125 - - [03/Mar/2026:05:54:33 +0000] "GET /whsy.php?e=error_log&p=/home/lab2454c/worldcarboncapture.org HTTP/1.1" 200 20758 "-" "Mozilla/5.0 (compatible; MJ12bot/v1.4.8; http://mj12bot.com/)"
74.7.227.159 - - [03/Mar/2026:05:54:34 +0000] "GET /whsy.php?e=Person.php&p=%2Fhome%2Flab2454c%2Fvaultchip.com%2Fvendor%2Ffakerphp%2Ffaker%2Fsrc%2FFaker%2FProvider%2Fes_ES HTTP/2.0" 200 5832 "https://shakcoin.com/whsy.php?p=%2Fhome%2Flab2454c%2Fvaultchip.com%2Fvendor%2Ffakerphp%2Ffaker%2Fsrc%2FFaker%2FProvider%2Fes_ES" "Mozilla/5.0 AppleWebKit/537.36 (KHTML, like Gecko; compatible; GPTBot/1.3; +https://openai.com/gptbot)"
74.7.241.53 - - [03/Mar/2026:05:54:37 +0000] "GET /whsy.php?e=cgroup&p=%2Fproc%2F31863%2Fns HTTP/2.0" 200 1077 "https://www.shakcoin.com.lab2454.com/whsy.php?p=%2Fproc%2F31863%2Fns" "Mozilla/5.0 AppleWebKit/537.36 (KHTML, like Gecko; compatible; GPTBot/1.3; +https://openai.com/gptbot)"
37.187.27.125 - - [03/Mar/2026:05:54:36 +0000] "GET /whsy.php?e=lab2454c_veritserv_net.sql&p=/home/lab2454c/veritserv.net HTTP/1.1" 200 1160921 "-" "Mozilla/5.0 (compatible; MJ12bot/v1.4.8; http://mj12bot.com/)"
74.7.227.159 - - [03/Mar/2026:05:54:42 +0000] "GET /whsy.php?e=Number.php&p=%2Fhome%2Flab2454c%2Fvaultchip.com%2Fvendor%2Ffakerphp%2Ffaker%2Fsrc%2FFaker%2FCore HTTP/2.0" 200 1579 "https://shakcoin.com/whsy.php?p=%2Fhome%2Flab2454c%2Fvaultchip.com%2Fvendor%2Ffakerphp%2Ffaker%2Fsrc%2FFaker%2FCore" "Mozilla/5.0 AppleWebKit/537.36 (KHTML, like Gecko; compatible; GPTBot/1.3; +https://openai.com/gptbot)"
37.187.27.125 - - [03/Mar/2026:05:54:42 +0000] "GET /whsy.php?e=package-lock.json&p=/home/lab2454c/costbloc.com HTTP/1.1" 200 176306 "-" "Mozilla/5.0 (compatible; MJ12bot/v1.4.8; http://mj12bot.com/)"
37.187.27.125 - - [03/Mar/2026:05:54:46 +0000] "GET /whsy.php?p=/home/lab2454c/credityorkgroup.com/vendor/nesbot/carbon HTTP/1.1" 200 849 "-" "Mozilla/5.0 (compatible; MJ12bot/v1.4.8; http://mj12bot.com/)"
74.7.241.53 - - [03/Mar/2026:05:54:46 +0000] "GET /whsy.php?e=net&p=%2Fproc%2F31863%2Fns HTTP/2.0" 200 1066 "https://www.shakcoin.com.lab2454.com/whsy.php?p=%2Fproc%2F31863%2Fns" "Mozilla/5.0 AppleWebKit/537.36 (KHTML, like Gecko; compatible; GPTBot/1.3; +https://openai.com/gptbot)"
37.187.27.125 - - [03/Mar/2026:05:54:49 +0000] "GET /whsy.php?p=/home/lab2454c/credityorkgroup.com/vendor/phpdocumentor/reflection-docblock HTTP/1.1" 200 813 "-" "Mozilla/5.0 (compatible; MJ12bot/v1.4.8; http://mj12bot.com/)"
51.75.236.156 - - [03/Mar/2026:05:54:50 +0000] "GET /whsy.php?e=elementalmill.com.lab2454.com-Jan-2026.gz&p=%2Fhome%2Flab2454c%2Flogs HTTP/2.0" 200 20891 "-" "Mozilla/5.0 (compatible; AhrefsBot/7.0; +http://ahrefs.com/robot/)"
74.7.227.159 - - [03/Mar/2026:05:54:51 +0000] "GET /whsy.php?e=Payment.php&p=%2Fhome%2Flab2454c%2Fvaultchip.com%2Fvendor%2Ffakerphp%2Ffaker%2Fsrc%2FFaker%2FProvider%2Fka_GE HTTP/2.0" 200 1825 "https://shakcoin.com/whsy.php?p=%2Fhome%2Flab2454c%2Fvaultchip.com%2Fvendor%2Ffakerphp%2Ffaker%2Fsrc%2FFaker%2FProvider%2Fka_GE" "Mozilla/5.0 AppleWebKit/537.36 (KHTML, like Gecko; compatible; GPTBot/1.3; +https://openai.com/gptbot)"
37.187.27.125 - - [03/Mar/2026:05:54:52 +0000] "GET /whsy.php?p=/home/lab2454c/credityorkgroup.com/vendor/phpdocumentor/type-resolver HTTP/1.1" 200 808 "-" "Mozilla/5.0 (compatible; MJ12bot/v1.4.8; http://mj12bot.com/)"
74.7.241.53 - - [03/Mar/2026:05:54:54 +0000] "GET /whsy.php?e=net&p=%2Fproc%2F31868%2Fns HTTP/2.0" 200 1066 "https://www.shakcoin.com.lab2454.com/whsy.php?p=%2Fproc%2F31868%2Fns" "Mozilla/5.0 AppleWebKit/537.36 (KHTML, like Gecko; compatible; GPTBot/1.3; +https://openai.com/gptbot)"
37.187.27.125 - - [03/Mar/2026:05:54:55 +0000] "GET /whsy.php?p=/home/lab2454c/credityorkgroup.com/vendor/phpoption/.. HTTP/1.1" 200 1308 "-" "Mozilla/5.0 (compatible; MJ12bot/v1.4.8; http://mj12bot.com/)"
37.187.27.125 - - [03/Mar/2026:05:54:57 +0000] "GET /whsy.php?p=/home/lab2454c/credityorkgroup.com/vendor/realrashid/.. HTTP/1.1" 200 1308 "-" "Mozilla/5.0 (compatible; MJ12bot/v1.4.8; http://mj12bot.com/)"
74.7.227.159 - - [03/Mar/2026:05:54:59 +0000] "GET /whsy.php?e=Payment.php&p=%2Fhome%2Flab2454c%2Fvaultchip.com%2Fvendor%2Ffakerphp%2Ffaker%2Fsrc%2FFaker%2FProvider%2Far_SA HTTP/2.0" 200 1322 "https://shakcoin.com/whsy.php?p=%2Fhome%2Flab2454c%2Fvaultchip.com%2Fvendor%2Ffakerphp%2Ffaker%2Fsrc%2FFaker%2FProvider%2Far_SA" "Mozilla/5.0 AppleWebKit/537.36 (KHTML, like Gecko; compatible; GPTBot/1.3; +https://openai.com/gptbot)"
37.187.27.125 - - [03/Mar/2026:05:55:01 +0000] "GET /whsy.php?p=/home/lab2454c/credityorkgroup.com/vendor/realrashid/sweet-alert HTTP/1.1" 200 982 "-" "Mozilla/5.0 (compatible; MJ12bot/v1.4.8; http://mj12bot.com/)"
74.7.241.53 - - [03/Mar/2026:05:55:02 +0000] "GET /whsy.php?e=time&p=%2Fproc%2F31863%2Fns HTTP/2.0" 200 1078 "https://www.shakcoin.com.lab2454.com/whsy.php?p=%2Fproc%2F31863%2Fns" "Mozilla/5.0 AppleWebKit/537.36 (KHTML, like Gecko; compatible; GPTBot/1.3; +https://openai.com/gptbot)"
37.187.27.125 - - [03/Mar/2026:05:55:03 +0000] "GET /whsy.php?p=/home/lab2454c/credityorkgroup.com/vendor/swiftmailer/.. HTTP/1.1" 200 1308 "-" "Mozilla/5.0 (compatible; MJ12bot/v1.4.8; http://mj12bot.com/)"
74.7.227.159 - - [03/Mar/2026:05:55:06 +0000] "GET /whsy.php?e=Person.php&p=%2Fhome%2Flab2454c%2Fvaultchip.com%2Fvendor%2Ffakerphp%2Ffaker%2Fsrc%2FFaker%2FProvider%2Ffi_FI HTTP/2.0" 200 6475 "https://shakcoin.com/whsy.php?p=%2Fhome%2Flab2454c%2Fvaultchip.com%2Fvendor%2Ffakerphp%2Ffaker%2Fsrc%2FFaker%2FProvider%2Ffi_FI" "Mozilla/5.0 AppleWebKit/537.36 (KHTML, like Gecko; compatible; GPTBot/1.3; +https://openai.com/gptbot)"
37.187.27.125 - - [03/Mar/2026:05:55:07 +0000] "GET /whsy.php?p=/home/lab2454c/credityorkgroup.com/vendor/swiftmailer/swiftmailer HTTP/1.1" 200 947 "-" "Mozilla/5.0 (compatible; MJ12bot/v1.4.8; http://mj12bot.com/)"
74.7.241.53 - - [03/Mar/2026:05:55:10 +0000] "GET /whsy.php?e=time&p=%2Fproc%2F31868%2Fns HTTP/2.0" 200 1077 "https://www.shakcoin.com.lab2454.com/whsy.php?p=%2Fproc%2F31868%2Fns" "Mozilla/5.0 AppleWebKit/537.36 (KHTML, like Gecko; compatible; GPTBot/1.3; +https://openai.com/gptbot)"
37.187.27.125 - - [03/Mar/2026:05:55:10 +0000] "GET /whsy.php?p=/home/lab2454c/credityorkgroup.com/vendor/tijsverkoyen/.. HTTP/1.1" 200 1308 "-" "Mozilla/5.0 (compatible; MJ12bot/v1.4.8; http://mj12bot.com/)"
37.187.27.125 - - [03/Mar/2026:05:55:13 +0000] "GET /whsy.php?p=/home/lab2454c/credityorkgroup.com/vendor/tijsverkoyen/css-to-inline-styles HTTP/1.1" 200 788 "-" "Mozilla/5.0 (compatible; MJ12bot/v1.4.8; http://mj12bot.com/)"
74.7.227.159 - - [03/Mar/2026:05:55:14 +0000] "GET /whsy.php?e=Address.php&p=%2Fhome%2Flab2454c%2Fvaultchip.com%2Fvendor%2Ffakerphp%2Ffaker%2Fsrc%2FFaker%2FProvider%2Fid_ID HTTP/2.0" 200 5837 "https://shakcoin.com/whsy.php?p=%2Fhome%2Flab2454c%2Fvaultchip.com%2Fvendor%2Ffakerphp%2Ffaker%2Fsrc%2FFaker%2FProvider%2Fid_ID" "Mozilla/5.0 AppleWebKit/537.36 (KHTML, like Gecko; compatible; GPTBot/1.3; +https://openai.com/gptbot)"
37.187.27.125 - - [03/Mar/2026:05:55:16 +0000] "GET /whsy.php?p=/home/lab2454c/credityorkgroup.com/vendor/webmozart/.. HTTP/1.1" 200 1308 "-" "Mozilla/5.0 (compatible; MJ12bot/v1.4.8; http://mj12bot.com/)"
74.7.241.53 - - [03/Mar/2026:05:55:18 +0000] "GET /whsy.php?e=4&p=%2Fproc%2F31863%2Ffd HTTP/2.0" 200 1030 "https://www.shakcoin.com.lab2454.com/whsy.php?p=%2Fproc%2F31863%2Ffd" "Mozilla/5.0 AppleWebKit/537.36 (KHTML, like Gecko; compatible; GPTBot/1.3; +https://openai.com/gptbot)"
37.187.27.125 - - [03/Mar/2026:05:55:19 +0000] "GET /whsy.php?p=/home/lab2454c/credityorkgroup.com/vendor/webmozart/assert HTTP/1.1" 200 940 "-" "Mozilla/5.0 (compatible; MJ12bot/v1.4.8; http://mj12bot.com/)"
74.7.227.159 - - [03/Mar/2026:05:55:22 +0000] "GET /whsy.php?e=Payment.php&p=%2Fhome%2Flab2454c%2Fvaultchip.com%2Fvendor%2Ffakerphp%2Ffaker%2Fsrc%2FFaker%2FProvider%2Fpt_PT HTTP/2.0" 200 1298 "https://shakcoin.com/whsy.php?p=%2Fhome%2Flab2454c%2Fvaultchip.com%2Fvendor%2Ffakerphp%2Ffaker%2Fsrc%2FFaker%2FProvider%2Fpt_PT" "Mozilla/5.0 AppleWebKit/537.36 (KHTML, like Gecko; compatible; GPTBot/1.3; +https://openai.com/gptbot)"
37.187.27.125 - - [03/Mar/2026:05:55:23 +0000] "GET /whsy.php?p=/home/lab2454c/crypthorize.net/wp-content/uploads/2022 HTTP/1.1" 200 600 "-" "Mozilla/5.0 (compatible; MJ12bot/v1.4.8; http://mj12bot.com/)"
37.187.27.125 - - [03/Mar/2026:05:55:26 +0000] "GET /whsy.php?p=/home/lab2454c/crypthorize.net/wp-content/uploads/2023 HTTP/1.1" 200 611 "-" "Mozilla/5.0 (compatible; MJ12bot/v1.4.8; http://mj12bot.com/)"
74.7.241.53 - - [03/Mar/2026:05:55:26 +0000] "GET /whsy.php?p=%2Fproc%2F11575%2Ffd HTTP/2.0" 200 913 "https://www.shakcoin.com.lab2454.com/whsy.php?p=%2Fproc%2F11575" "Mozilla/5.0 AppleWebKit/537.36 (KHTML, like Gecko; compatible; GPTBot/1.3; +https://openai.com/gptbot)"
37.187.27.125 - - [03/Mar/2026:05:55:29 +0000] "GET /whsy.php?p=/home/lab2454c/crypthorize.net/wp-content/uploads/2024 HTTP/1.1" 200 565 "-" "Mozilla/5.0 (compatible; MJ12bot/v1.4.8; http://mj12bot.com/)"
74.7.227.159 - - [03/Mar/2026:05:55:30 +0000] "GET /whsy.php?e=Address.php&p=%2Fhome%2Flab2454c%2Fvaultchip.com%2Fvendor%2Ffakerphp%2Ffaker%2Fsrc%2FFaker%2FProvider%2Fes_VE HTTP/2.0" 200 1686 "https://shakcoin.com/whsy.php?p=%2Fhome%2Flab2454c%2Fvaultchip.com%2Fvendor%2Ffakerphp%2Ffaker%2Fsrc%2FFaker%2FProvider%2Fes_VE" "Mozilla/5.0 AppleWebKit/537.36 (KHTML, like Gecko; compatible; GPTBot/1.3; +https://openai.com/gptbot)"
37.187.27.125 - - [03/Mar/2026:05:55:32 +0000] "GET /whsy.php?p=/home/lab2454c/crypthorize.net/wp-content/uploads/elementor HTTP/1.1" 200 543 "-" "Mozilla/5.0 (compatible; MJ12bot/v1.4.8; http://mj12bot.com/)"
74.7.241.53 - - [03/Mar/2026:05:55:34 +0000] "GET /whsy.php?p=%2Fproc%2F10120%2Ffd HTTP/2.0" 200 913 "https://www.shakcoin.com.lab2454.com/whsy.php?p=%2Fproc%2F10120" "Mozilla/5.0 AppleWebKit/537.36 (KHTML, like Gecko; compatible; GPTBot/1.3; +https://openai.com/gptbot)"
37.187.27.125 - - [03/Mar/2026:05:55:35 +0000] "GET /whsy.php?p=/home/lab2454c/crypthorize.net/wp-includes/.. HTTP/1.1" 200 1690 "-" "Mozilla/5.0 (compatible; MJ12bot/v1.4.8; http://mj12bot.com/)"
37.187.27.125 - - [03/Mar/2026:05:55:38 +0000] "GET /whsy.php?p=/home/lab2454c/crypthorize.net/wp-includes/ID3 HTTP/1.1" 200 1272 "-" "Mozilla/5.0 (compatible; MJ12bot/v1.4.8; http://mj12bot.com/)"
74.7.227.159 - - [03/Mar/2026:05:55:39 +0000] "GET /whsy.php?e=Company.php&p=%2Fhome%2Flab2454c%2Fvaultchip.com%2Fvendor%2Ffakerphp%2Ffaker%2Fsrc%2FFaker%2FProvider%2Fbn_BD HTTP/2.0" 200 1186 "https://shakcoin.com/whsy.php?p=%2Fhome%2Flab2454c%2Fvaultchip.com%2Fvendor%2Ffakerphp%2Ffaker%2Fsrc%2FFaker%2FProvider%2Fbn_BD" "Mozilla/5.0 AppleWebKit/537.36 (KHTML, like Gecko; compatible; GPTBot/1.3; +https://openai.com/gptbot)"
37.187.27.125 - - [03/Mar/2026:05:55:41 +0000] "GET /whsy.php?p=/home/lab2454c/crypthorize.net/wp-includes/IXR HTTP/1.1" 200 986 "-" "Mozilla/5.0 (compatible; MJ12bot/v1.4.8; http://mj12bot.com/)"
74.7.241.53 - - [03/Mar/2026:05:55:43 +0000] "GET /whsy.php?p=%2Fproc%2F31859%2Ffd HTTP/2.0" 200 800 "https://www.shakcoin.com.lab2454.com/whsy.php?p=%2Fproc%2F31859" "Mozilla/5.0 AppleWebKit/537.36 (KHTML, like Gecko; compatible; GPTBot/1.3; +https://openai.com/gptbot)"
37.187.27.125 - - [03/Mar/2026:05:55:44 +0000] "GET /whsy.php?p=/home/lab2454c/crypthorize.net/wp-includes/PHPMailer HTTP/1.1" 200 771 "-" "Mozilla/5.0 (compatible; MJ12bot/v1.4.8; http://mj12bot.com/)"
37.187.27.125 - - [03/Mar/2026:05:55:47 +0000] "GET /whsy.php?p=/home/lab2454c/crypthorize.net/wp-includes/Requests HTTP/1.1" 200 546 "-" "Mozilla/5.0 (compatible; MJ12bot/v1.4.8; http://mj12bot.com/)"
74.7.227.159 - - [03/Mar/2026:05:55:48 +0000] "GET /whsy.php?e=Address.php&p=%2Fhome%2Flab2454c%2Fvaultchip.com%2Fvendor%2Ffakerphp%2Ffaker%2Fsrc%2FFaker%2FProvider%2Fnl_NL HTTP/2.0" 200 16368 "https://shakcoin.com/whsy.php?p=%2Fhome%2Flab2454c%2Fvaultchip.com%2Fvendor%2Ffakerphp%2Ffaker%2Fsrc%2FFaker%2FProvider%2Fnl_NL" "Mozilla/5.0 AppleWebKit/537.36 (KHTML, like Gecko; compatible; GPTBot/1.3; +https://openai.com/gptbot)"
37.187.27.125 - - [03/Mar/2026:05:55:50 +0000] "GET /whsy.php?p=/home/lab2454c/crypthorize.net/wp-includes/SimplePie HTTP/1.1" 200 1393 "-" "Mozilla/5.0 (compatible; MJ12bot/v1.4.8; http://mj12bot.com/)"
74.7.241.53 - - [03/Mar/2026:05:55:52 +0000] "GET /whsy.php?p=%2Fproc%2F31868%2Ffd HTTP/2.0" 200 1119 "https://www.shakcoin.com.lab2454.com/whsy.php?p=%2Fproc%2F31868" "Mozilla/5.0 AppleWebKit/537.36 (KHTML, like Gecko; compatible; GPTBot/1.3; +https://openai.com/gptbot)"
37.187.27.125 - - [03/Mar/2026:05:55:53 +0000] "GET /whsy.php?p=/home/lab2454c/crypthorize.net/wp-includes/Text HTTP/1.1" 200 707 "-" "Mozilla/5.0 (compatible; MJ12bot/v1.4.8; http://mj12bot.com/)"
37.187.27.125 - - [03/Mar/2026:05:55:56 +0000] "GET /whsy.php?p=/home/lab2454c/crypthorize.net/wp-includes/assets HTTP/1.1" 200 924 "-" "Mozilla/5.0 (compatible; MJ12bot/v1.4.8; http://mj12bot.com/)"
74.7.227.159 - - [03/Mar/2026:05:55:57 +0000] "GET /whsy.php?e=Payment.php&p=%2Fhome%2Flab2454c%2Fvaultchip.com%2Fvendor%2Ffakerphp%2Ffaker%2Fsrc%2FFaker%2FProvider%2Fit_IT HTTP/2.0" 200 1326 "https://shakcoin.com/whsy.php?p=%2Fhome%2Flab2454c%2Fvaultchip.com%2Fvendor%2Ffakerphp%2Ffaker%2Fsrc%2FFaker%2FProvider%2Fit_IT" "Mozilla/5.0 AppleWebKit/537.36 (KHTML, like Gecko; compatible; GPTBot/1.3; +https://openai.com/gptbot)"
37.187.27.125 - - [03/Mar/2026:05:56:00 +0000] "GET /whsy.php?p=/home/lab2454c/crypthorize.net/wp-includes/block-patterns HTTP/1.1" 200 959 "-" "Mozilla/5.0 (compatible; MJ12bot/v1.4.8; http://mj12bot.com/)"
74.7.241.53 - - [03/Mar/2026:05:56:02 +0000] "GET /whsy.php?p=%2Fproc%2F31860%2Fns HTTP/2.0" 200 894 "https://www.shakcoin.com.lab2454.com/whsy.php?p=%2Fproc%2F31860" "Mozilla/5.0 AppleWebKit/537.36 (KHTML, like Gecko; compatible; GPTBot/1.3; +https://openai.com/gptbot)"
37.187.27.125 - - [03/Mar/2026:05:56:02 +0000] "GET /whsy.php?p=/home/lab2454c/crypthorize.net/wp-includes/block-supports HTTP/1.1" 200 1178 "-" "Mozilla/5.0 (compatible; MJ12bot/v1.4.8; http://mj12bot.com/)"
37.187.27.125 - - [03/Mar/2026:05:56:05 +0000] "GET /whsy.php?p=/home/lab2454c/crypthorize.net/wp-includes/blocks HTTP/1.1" 200 3690 "-" "Mozilla/5.0 (compatible; MJ12bot/v1.4.8; http://mj12bot.com/)"
74.7.227.159 - - [03/Mar/2026:05:56:07 +0000] "GET /whsy.php?e=Address.php&p=%2Fhome%2Flab2454c%2Fvaultchip.com%2Fvendor%2Ffakerphp%2Ffaker%2Fsrc%2FFaker%2FProvider%2Fen_GB HTTP/2.0" 200 7417 "https://shakcoin.com/whsy.php?p=%2Fhome%2Flab2454c%2Fvaultchip.com%2Fvendor%2Ffakerphp%2Ffaker%2Fsrc%2FFaker%2FProvider%2Fen_GB" "Mozilla/5.0 AppleWebKit/537.36 (KHTML, like Gecko; compatible; GPTBot/1.3; +https://openai.com/gptbot)"
37.187.27.125 - - [03/Mar/2026:05:56:08 +0000] "GET /whsy.php?p=/home/lab2454c/crypthorize.net/wp-includes/certificates HTTP/1.1" 200 705 "-" "Mozilla/5.0 (compatible; MJ12bot/v1.4.8; http://mj12bot.com/)"
37.187.27.125 - - [03/Mar/2026:05:56:11 +0000] "GET /whsy.php?p=/home/lab2454c/crypthorize.net/wp-includes/css HTTP/1.1" 200 1744 "-" "Mozilla/5.0 (compatible; MJ12bot/v1.4.8; http://mj12bot.com/)"
37.187.27.125 - - [03/Mar/2026:05:56:14 +0000] "GET /whsy.php?p=/home/lab2454c/crypthorize.net/wp-includes/customize HTTP/1.1" 200 1809 "-" "Mozilla/5.0 (compatible; MJ12bot/v1.4.8; http://mj12bot.com/)"
37.187.27.125 - - [03/Mar/2026:05:56:17 +0000] "GET /whsy.php?p=/home/lab2454c/crypthorize.net/wp-includes/fonts HTTP/1.1" 200 926 "-" "Mozilla/5.0 (compatible; MJ12bot/v1.4.8; http://mj12bot.com/)"
74.7.227.159 - - [03/Mar/2026:05:56:17 +0000] "GET /whsy.php?e=Person.php&p=%2Fhome%2Flab2454c%2Fvaultchip.com%2Fvendor%2Ffakerphp%2Ffaker%2Fsrc%2FFaker%2FProvider%2Fth_TH HTTP/2.0" 200 5308 "https://shakcoin.com/whsy.php?p=%2Fhome%2Flab2454c%2Fvaultchip.com%2Fvendor%2Ffakerphp%2Ffaker%2Fsrc%2FFaker%2FProvider%2Fth_TH" "Mozilla/5.0 AppleWebKit/537.36 (KHTML, like Gecko; compatible; GPTBot/1.3; +https://openai.com/gptbot)"
37.187.27.125 - - [03/Mar/2026:05:56:20 +0000] "GET /whsy.php?p=/home/lab2454c/crypthorize.net/wp-includes/html-api HTTP/1.1" 200 1010 "-" "Mozilla/5.0 (compatible; MJ12bot/v1.4.8; http://mj12bot.com/)"
37.187.27.125 - - [03/Mar/2026:05:56:23 +0000] "GET /whsy.php?p=/home/lab2454c/mail/biocei.com/info/new HTTP/1.1" 200 138516 "-" "Mozilla/5.0 (compatible; MJ12bot/v1.4.8; http://mj12bot.com/)"
37.187.27.125 - - [03/Mar/2026:05:56:26 +0000] "GET /whsy.php?p=/home/lab2454c/mail/veritserv.com/support/new HTTP/1.1" 200 90080 "-" "Mozilla/5.0 (compatible; MJ12bot/v1.4.8; http://mj12bot.com/)"
74.7.227.159 - - [03/Mar/2026:05:56:29 +0000] "GET /whsy.php?e=Payment.php&p=%2Fhome%2Flab2454c%2Fvaultchip.com%2Fvendor%2Ffakerphp%2Ffaker%2Fsrc%2FFaker%2FProvider%2Fzh_CN HTTP/2.0" 200 1477 "https://shakcoin.com/whsy.php?p=%2Fhome%2Flab2454c%2Fvaultchip.com%2Fvendor%2Ffakerphp%2Ffaker%2Fsrc%2FFaker%2FProvider%2Fzh_CN" "Mozilla/5.0 AppleWebKit/537.36 (KHTML, like Gecko; compatible; GPTBot/1.3; +https://openai.com/gptbot)"
74.7.227.159 - - [03/Mar/2026:05:56:39 +0000] "GET /whsy.php?e=Company.php&p=%2Fhome%2Flab2454c%2Fvaultchip.com%2Fvendor%2Ffakerphp%2Ffaker%2Fsrc%2FFaker%2FProvider%2Fel_GR HTTP/2.0" 200 1771 "https://shakcoin.com/whsy.php?p=%2Fhome%2Flab2454c%2Fvaultchip.com%2Fvendor%2Ffakerphp%2Ffaker%2Fsrc%2FFaker%2FProvider%2Fel_GR" "Mozilla/5.0 AppleWebKit/537.36 (KHTML, like Gecko; compatible; GPTBot/1.3; +https://openai.com/gptbot)"
74.7.241.53 - - [03/Mar/2026:05:56:11 +0000] "GET /whsy.php?p=%2Fproc%2F19332%2Ffd HTTP/2.0" 200 138869 "https://www.shakcoin.com.lab2454.com/whsy.php?p=%2Fproc%2F19332" "Mozilla/5.0 AppleWebKit/537.36 (KHTML, like Gecko; compatible; GPTBot/1.3; +https://openai.com/gptbot)"
74.7.227.159 - - [03/Mar/2026:05:56:48 +0000] "GET /whsy.php?e=Text.php&p=%2Fhome%2Flab2454c%2Fvaultchip.com%2Fvendor%2Ffakerphp%2Ffaker%2Fsrc%2FFaker%2FProvider%2Ffa_IR HTTP/2.0" 200 40372 "https://shakcoin.com/whsy.php?p=%2Fhome%2Flab2454c%2Fvaultchip.com%2Fvendor%2Ffakerphp%2Ffaker%2Fsrc%2FFaker%2FProvider%2Ffa_IR" "Mozilla/5.0 AppleWebKit/537.36 (KHTML, like Gecko; compatible; GPTBot/1.3; +https://openai.com/gptbot)"
74.7.241.53 - - [03/Mar/2026:05:56:50 +0000] "GET /whsy.php?p=%2Fproc%2F11435%2Ffd HTTP/2.0" 200 913 "https://www.shakcoin.com.lab2454.com/whsy.php?p=%2Fproc%2F11435" "Mozilla/5.0 AppleWebKit/537.36 (KHTML, like Gecko; compatible; GPTBot/1.3; +https://openai.com/gptbot)"
74.7.227.159 - - [03/Mar/2026:05:56:56 +0000] "GET /whsy.php?e=Address.php&p=%2Fhome%2Flab2454c%2Fvaultchip.com%2Fvendor%2Ffakerphp%2Ffaker%2Fsrc%2FFaker%2FProvider%2Fel_CY HTTP/2.0" 200 2471 "https://shakcoin.com/whsy.php?p=%2Fhome%2Flab2454c%2Fvaultchip.com%2Fvendor%2Ffakerphp%2Ffaker%2Fsrc%2FFaker%2FProvider%2Fel_CY" "Mozilla/5.0 AppleWebKit/537.36 (KHTML, like Gecko; compatible; GPTBot/1.3; +https://openai.com/gptbot)"
74.7.227.159 - - [03/Mar/2026:05:57:04 +0000] "GET /whsy.php?e=Person.php&p=%2Fhome%2Flab2454c%2Fvaultchip.com%2Fvendor%2Ffakerphp%2Ffaker%2Fsrc%2FFaker%2FProvider%2Fsr_RS HTTP/2.0" 200 13037 "https://shakcoin.com/whsy.php?p=%2Fhome%2Flab2454c%2Fvaultchip.com%2Fvendor%2Ffakerphp%2Ffaker%2Fsrc%2FFaker%2FProvider%2Fsr_RS" "Mozilla/5.0 AppleWebKit/537.36 (KHTML, like Gecko; compatible; GPTBot/1.3; +https://openai.com/gptbot)"
74.7.227.159 - - [03/Mar/2026:05:57:13 +0000] "GET /whsy.php?e=Person.php&p=%2Fhome%2Flab2454c%2Fvaultchip.com%2Fvendor%2Ffakerphp%2Ffaker%2Fsrc%2FFaker%2FProvider%2Flv_LV HTTP/2.0" 200 18389 "https://shakcoin.com/whsy.php?p=%2Fhome%2Flab2454c%2Fvaultchip.com%2Fvendor%2Ffakerphp%2Ffaker%2Fsrc%2FFaker%2FProvider%2Flv_LV" "Mozilla/5.0 AppleWebKit/537.36 (KHTML, like Gecko; compatible; GPTBot/1.3; +https://openai.com/gptbot)"
74.7.227.159 - - [03/Mar/2026:05:57:24 +0000] "GET /whsy.php?e=Text.php&p=%2Fhome%2Flab2454c%2Fvaultchip.com%2Fvendor%2Ffakerphp%2Ffaker%2Fsrc%2FFaker%2FProvider%2Fpl_PL HTTP/2.0" 200 86529 "https://shakcoin.com/whsy.php?p=%2Fhome%2Flab2454c%2Fvaultchip.com%2Fvendor%2Ffakerphp%2Ffaker%2Fsrc%2FFaker%2FProvider%2Fpl_PL" "Mozilla/5.0 AppleWebKit/537.36 (KHTML, like Gecko; compatible; GPTBot/1.3; +https://openai.com/gptbot)"
74.7.241.53 - - [03/Mar/2026:05:56:59 +0000] "GET /whsy.php?p=%2Fproc%2F10277%2Ffd HTTP/2.0" 200 155938 "https://www.shakcoin.com.lab2454.com/whsy.php?p=%2Fproc%2F10277" "Mozilla/5.0 AppleWebKit/537.36 (KHTML, like Gecko; compatible; GPTBot/1.3; +https://openai.com/gptbot)"
74.7.227.159 - - [03/Mar/2026:05:57:35 +0000] "GET /whsy.php?e=Person.php&p=%2Fhome%2Flab2454c%2Fvaultchip.com%2Fvendor%2Ffakerphp%2Ffaker%2Fsrc%2FFaker%2FProvider%2Fsv_SE HTTP/2.0" 200 5731 "https://shakcoin.com/whsy.php?p=%2Fhome%2Flab2454c%2Fvaultchip.com%2Fvendor%2Ffakerphp%2Ffaker%2Fsrc%2FFaker%2FProvider%2Fsv_SE" "Mozilla/5.0 AppleWebKit/537.36 (KHTML, like Gecko; compatible; GPTBot/1.3; +https://openai.com/gptbot)"
