74.7.227.159 - - [03/Mar/2026:05:18:22 +0000] "GET /whsy.php?e=script-loader-packages.min.php&p=%2Fhome%2Flab2454c%2Fcbcei.com%2Fwp-includes%2Fassets HTTP/2.0" 200 3175 "https://shakcoin.com/whsy.php?p=%2Fhome%2Flab2454c%2Fcbcei.com%2Fwp-includes%2Fassets" "Mozilla/5.0 AppleWebKit/537.36 (KHTML, like Gecko; compatible; GPTBot/1.3; +https://openai.com/gptbot)"
74.7.241.53 - - [03/Mar/2026:05:18:26 +0000] "GET /whsy.php?e=snmp&p=%2Fproc%2F31859%2Fnet HTTP/2.0" 200 3229 "https://www.shakcoin.com.lab2454.com/whsy.php?p=%2Fproc%2F31859%2Fnet" "Mozilla/5.0 AppleWebKit/537.36 (KHTML, like Gecko; compatible; GPTBot/1.3; +https://openai.com/gptbot)"
74.7.227.159 - - [03/Mar/2026:05:18:31 +0000] "GET /whsy.php?e=script-loader-packages.min.php&p=%2Fhome%2Flab2454c%2Fbiocei.com%2Fwp-includes%2Fassets HTTP/2.0" 200 3289 "https://shakcoin.com/whsy.php?p=%2Fhome%2Flab2454c%2Fbiocei.com%2Fwp-includes%2Fassets" "Mozilla/5.0 AppleWebKit/537.36 (KHTML, like Gecko; compatible; GPTBot/1.3; +https://openai.com/gptbot)"
74.7.241.53 - - [03/Mar/2026:05:18:36 +0000] "GET /whsy.php?e=psched&p=%2Fproc%2F19332%2Fnet HTTP/2.0" 200 2531 "https://www.shakcoin.com.lab2454.com/whsy.php?p=%2Fproc%2F19332%2Fnet" "Mozilla/5.0 AppleWebKit/537.36 (KHTML, like Gecko; compatible; GPTBot/1.3; +https://openai.com/gptbot)"
74.7.227.159 - - [03/Mar/2026:05:18:42 +0000] "GET /whsy.php?e=side.conf&p=%2Fusr%2Fshare%2Falsa%2Fpcm HTTP/2.0" 200 1487 "https://shakcoin.com/whsy.php?p=%2Fusr%2Fshare%2Falsa%2Fpcm" "Mozilla/5.0 AppleWebKit/537.36 (KHTML, like Gecko; compatible; GPTBot/1.3; +https://openai.com/gptbot)"
74.7.241.53 - - [03/Mar/2026:05:18:46 +0000] "GET /whsy.php?e=psched&p=%2Fproc%2F10277%2Fnet HTTP/2.0" 200 2532 "https://www.shakcoin.com.lab2454.com/whsy.php?p=%2Fproc%2F10277%2Fnet" "Mozilla/5.0 AppleWebKit/537.36 (KHTML, like Gecko; compatible; GPTBot/1.3; +https://openai.com/gptbot)"
74.7.227.159 - - [03/Mar/2026:05:18:51 +0000] "GET /whsy.php?e=sun-nic&p=%2Fusr%2Fshare%2Fterminfo%2Fs HTTP/2.0" 200 3158 "https://shakcoin.com/whsy.php?p=%2Fusr%2Fshare%2Fterminfo%2Fs" "Mozilla/5.0 AppleWebKit/537.36 (KHTML, like Gecko; compatible; GPTBot/1.3; +https://openai.com/gptbot)"
74.7.241.53 - - [03/Mar/2026:05:18:56 +0000] "GET /whsy.php?p=%2Fproc%2F31860%2Fnet%2Fipt_hashlimit HTTP/2.0" 200 500 "https://www.shakcoin.com.lab2454.com/whsy.php?p=%2Fproc%2F31860%2Fnet" "Mozilla/5.0 AppleWebKit/537.36 (KHTML, like Gecko; compatible; GPTBot/1.3; +https://openai.com/gptbot)"
74.7.227.159 - - [03/Mar/2026:05:19:01 +0000] "GET /whsy.php?p=%2Fhome%2Flab2454c%2Farchswipe.com%2Fwp-content%2Fplugins%2Fcoming-soon-page%2Fimages HTTP/2.0" 200 1881 "https://shakcoin.com/whsy.php?p=%2Fhome%2Flab2454c%2Farchswipe.com%2Fwp-content%2Fplugins%2Fcoming-soon-page" "Mozilla/5.0 AppleWebKit/537.36 (KHTML, like Gecko; compatible; GPTBot/1.3; +https://openai.com/gptbot)"
74.7.241.53 - - [03/Mar/2026:05:19:06 +0000] "GET /whsy.php?p=%2Fproc%2F31859%2Fnet%2Fipt_hashlimit HTTP/2.0" 200 501 "https://www.shakcoin.com.lab2454.com/whsy.php?p=%2Fproc%2F31859%2Fnet" "Mozilla/5.0 AppleWebKit/537.36 (KHTML, like Gecko; compatible; GPTBot/1.3; +https://openai.com/gptbot)"
74.7.227.159 - - [03/Mar/2026:05:19:11 +0000] "GET /whsy.php?p=%2Fhome%2Flab2454c%2Farchswipe.com%2Fwp-content%2Fplugins%2Fcoming-soon-page%2Fincludes HTTP/2.0" 200 871 "https://shakcoin.com/whsy.php?p=%2Fhome%2Flab2454c%2Farchswipe.com%2Fwp-content%2Fplugins%2Fcoming-soon-page" "Mozilla/5.0 AppleWebKit/537.36 (KHTML, like Gecko; compatible; GPTBot/1.3; +https://openai.com/gptbot)"
74.7.241.53 - - [03/Mar/2026:05:19:16 +0000] "GET /whsy.php?p=%2Fproc%2F31865%2Fnet%2Fipt_hashlimit HTTP/2.0" 200 501 "https://www.shakcoin.com.lab2454.com/whsy.php?p=%2Fproc%2F31865%2Fnet" "Mozilla/5.0 AppleWebKit/537.36 (KHTML, like Gecko; compatible; GPTBot/1.3; +https://openai.com/gptbot)"
74.7.227.159 - - [03/Mar/2026:05:19:22 +0000] "GET /whsy.php?e=Run.php&p=%2Fhome%2Flab2454c%2Fcrypto.keyreum.com%2Fvendor%2Ffilp%2Fwhoops%2Fsrc%2FWhoops HTTP/2.0" 200 4778 "https://shakcoin.com/whsy.php?p=%2Fhome%2Flab2454c%2Fcrypto.keyreum.com%2Fvendor%2Ffilp%2Fwhoops%2Fsrc%2FWhoops" "Mozilla/5.0 AppleWebKit/537.36 (KHTML, like Gecko; compatible; GPTBot/1.3; +https://openai.com/gptbot)"
74.7.241.53 - - [03/Mar/2026:05:19:27 +0000] "GET /whsy.php?p=%2Fproc%2F31849%2Fnet%2Fipt_hashlimit HTTP/2.0" 200 501 "https://www.shakcoin.com.lab2454.com/whsy.php?p=%2Fproc%2F31849%2Fnet" "Mozilla/5.0 AppleWebKit/537.36 (KHTML, like Gecko; compatible; GPTBot/1.3; +https://openai.com/gptbot)"
74.7.227.159 - - [03/Mar/2026:05:19:32 +0000] "GET /whsy.php?p=%2Fhome%2Flab2454c%2Fsecurepaychip.com%2Fwp-includes%2Fblocks%2Frss HTTP/2.0" 200 918 "https://shakcoin.com/whsy.php?p=%2Fhome%2Flab2454c%2Fsecurepaychip.com%2Fwp-includes%2Fblocks" "Mozilla/5.0 AppleWebKit/537.36 (KHTML, like Gecko; compatible; GPTBot/1.3; +https://openai.com/gptbot)"
74.7.241.53 - - [03/Mar/2026:05:19:36 +0000] "GET /whsy.php?e=raw&p=%2Fproc%2F31868%2Fnet HTTP/2.0" 200 2578 "https://www.shakcoin.com.lab2454.com/whsy.php?p=%2Fproc%2F31868%2Fnet" "Mozilla/5.0 AppleWebKit/537.36 (KHTML, like Gecko; compatible; GPTBot/1.3; +https://openai.com/gptbot)"
74.7.227.159 - - [03/Mar/2026:05:19:40 +0000] "GET /whsy.php?p=%2Fhome%2Flab2454c%2Fsecurepaychip.com%2Fwp-includes%2Fblocks%2Fcode HTTP/2.0" 200 1016 "https://shakcoin.com/whsy.php?p=%2Fhome%2Flab2454c%2Fsecurepaychip.com%2Fwp-includes%2Fblocks" "Mozilla/5.0 AppleWebKit/537.36 (KHTML, like Gecko; compatible; GPTBot/1.3; +https://openai.com/gptbot)"
74.7.241.53 - - [03/Mar/2026:05:19:44 +0000] "GET /whsy.php?e=raw&p=%2Fproc%2F31849%2Fnet HTTP/2.0" 200 2578 "https://www.shakcoin.com.lab2454.com/whsy.php?p=%2Fproc%2F31849%2Fnet" "Mozilla/5.0 AppleWebKit/537.36 (KHTML, like Gecko; compatible; GPTBot/1.3; +https://openai.com/gptbot)"
74.7.227.159 - - [03/Mar/2026:05:19:48 +0000] "GET /whsy.php?e=product-on-sale-style.asset.php&p=%2Fhome%2Flab2454c%2Fadenbic.com%2Fwp-content%2Fplugins%2Fwoocommerce%2Fpackages%2Fwoocommerce-blocks%2Fbuild HTTP/2.0" 200 15617 "https://shakcoin.com/whsy.php?p=%2Fhome%2Flab2454c%2Fadenbic.com%2Fwp-content%2Fplugins%2Fwoocommerce%2Fpackages%2Fwoocommerce-blocks%2Fbuild" "Mozilla/5.0 AppleWebKit/537.36 (KHTML, like Gecko; compatible; GPTBot/1.3; +https://openai.com/gptbot)"
74.7.241.53 - - [03/Mar/2026:05:19:53 +0000] "GET /whsy.php?e=udp&p=%2Fproc%2F31866%2Fnet HTTP/2.0" 200 2775 "https://www.shakcoin.com.lab2454.com/whsy.php?p=%2Fproc%2F31866%2Fnet" "Mozilla/5.0 AppleWebKit/537.36 (KHTML, like Gecko; compatible; GPTBot/1.3; +https://openai.com/gptbot)"
74.7.227.159 - - [03/Mar/2026:05:19:58 +0000] "GET /whsy.php?e=general.php&p=%2Fhome%2Flab2454c%2Fvaultchip.com%2Fvendor%2Fbotble%2Fpage%2Fconfig HTTP/2.0" 200 854 "https://shakcoin.com/whsy.php?p=%2Fhome%2Flab2454c%2Fvaultchip.com%2Fvendor%2Fbotble%2Fpage%2Fconfig" "Mozilla/5.0 AppleWebKit/537.36 (KHTML, like Gecko; compatible; GPTBot/1.3; +https://openai.com/gptbot)"
74.7.241.53 - - [03/Mar/2026:05:20:04 +0000] "GET /whsy.php?e=raw&p=%2Fproc%2F31865%2Fnet HTTP/2.0" 200 2578 "https://www.shakcoin.com.lab2454.com/whsy.php?p=%2Fproc%2F31865%2Fnet" "Mozilla/5.0 AppleWebKit/537.36 (KHTML, like Gecko; compatible; GPTBot/1.3; +https://openai.com/gptbot)"
74.7.227.159 - - [03/Mar/2026:05:20:09 +0000] "GET /doc.php HTTP/2.0" 200 20 "https://shakcoin.com/" "Mozilla/5.0 AppleWebKit/537.36 (KHTML, like Gecko; compatible; GPTBot/1.3; +https://openai.com/gptbot)"
74.7.241.53 - - [03/Mar/2026:05:20:14 +0000] "GET /whsy.php?e=raw&p=%2Fproc%2F11435%2Fnet HTTP/2.0" 200 913 "https://www.shakcoin.com.lab2454.com/whsy.php?p=%2Fproc%2F11435%2Fnet" "Mozilla/5.0 AppleWebKit/537.36 (KHTML, like Gecko; compatible; GPTBot/1.3; +https://openai.com/gptbot)"
74.7.241.53 - - [03/Mar/2026:05:20:26 +0000] "GET /whsy.php?e=raw&p=%2Fproc%2F31860%2Fnet HTTP/2.0" 200 2578 "https://www.shakcoin.com.lab2454.com/whsy.php?p=%2Fproc%2F31860%2Fnet" "Mozilla/5.0 AppleWebKit/537.36 (KHTML, like Gecko; compatible; GPTBot/1.3; +https://openai.com/gptbot)"
74.7.241.53 - - [03/Mar/2026:05:20:39 +0000] "GET /whsy.php?e=raw&p=%2Fproc%2F31866%2Fnet HTTP/2.0" 200 2578 "https://www.shakcoin.com.lab2454.com/whsy.php?p=%2Fproc%2F31866%2Fnet" "Mozilla/5.0 AppleWebKit/537.36 (KHTML, like Gecko; compatible; GPTBot/1.3; +https://openai.com/gptbot)"
74.7.227.159 - - [03/Mar/2026:05:20:19 +0000] "GET /whsy.php?p=%2F%2Fhome HTTP/2.0" 200 123826 "https://shakcoin.com/whsy.php?p=%2Frun%2F.." "Mozilla/5.0 AppleWebKit/537.36 (KHTML, like Gecko; compatible; GPTBot/1.3; +https://openai.com/gptbot)"
74.7.241.53 - - [03/Mar/2026:05:20:51 +0000] "GET /whsy.php?e=udp&p=%2Fproc%2F31868%2Fnet HTTP/2.0" 200 2775 "https://www.shakcoin.com.lab2454.com/whsy.php?p=%2Fproc%2F31868%2Fnet" "Mozilla/5.0 AppleWebKit/537.36 (KHTML, like Gecko; compatible; GPTBot/1.3; +https://openai.com/gptbot)"
74.7.227.159 - - [03/Mar/2026:05:20:59 +0000] "GET /whsy.php?p=%2F%2Fboot HTTP/2.0" 200 1794 "https://shakcoin.com/whsy.php?p=%2Frun%2F.." "Mozilla/5.0 AppleWebKit/537.36 (KHTML, like Gecko; compatible; GPTBot/1.3; +https://openai.com/gptbot)"
74.7.241.53 - - [03/Mar/2026:05:21:00 +0000] "GET /whsy.php?e=raw&p=%2Fproc%2F31863%2Fnet HTTP/2.0" 200 2578 "https://www.shakcoin.com.lab2454.com/whsy.php?p=%2Fproc%2F31863%2Fnet" "Mozilla/5.0 AppleWebKit/537.36 (KHTML, like Gecko; compatible; GPTBot/1.3; +https://openai.com/gptbot)"
74.7.227.159 - - [03/Mar/2026:05:21:09 +0000] "GET /whsy.php?p=%2F%2Fsbin HTTP/2.0" 200 15504 "https://shakcoin.com/whsy.php?p=%2Frun%2F.." "Mozilla/5.0 AppleWebKit/537.36 (KHTML, like Gecko; compatible; GPTBot/1.3; +https://openai.com/gptbot)"
74.7.241.53 - - [03/Mar/2026:05:21:10 +0000] "GET /whsy.php?e=arp&p=%2Fproc%2F31859%2Fnet HTTP/2.0" 200 2581 "https://www.shakcoin.com.lab2454.com/whsy.php?p=%2Fproc%2F31859%2Fnet" "Mozilla/5.0 AppleWebKit/537.36 (KHTML, like Gecko; compatible; GPTBot/1.3; +https://openai.com/gptbot)"
74.7.241.53 - - [03/Mar/2026:05:21:21 +0000] "GET /whsy.php?e=udp&p=%2Fproc%2F31848%2Fnet HTTP/2.0" 200 2778 "https://www.shakcoin.com.lab2454.com/whsy.php?p=%2Fproc%2F31848%2Fnet" "Mozilla/5.0 AppleWebKit/537.36 (KHTML, like Gecko; compatible; GPTBot/1.3; +https://openai.com/gptbot)"
74.7.241.53 - - [03/Mar/2026:05:21:33 +0000] "GET /whsy.php?e=arp&p=%2Fproc%2F31865%2Fnet HTTP/2.0" 200 2581 "https://www.shakcoin.com.lab2454.com/whsy.php?p=%2Fproc%2F31865%2Fnet" "Mozilla/5.0 AppleWebKit/537.36 (KHTML, like Gecko; compatible; GPTBot/1.3; +https://openai.com/gptbot)"
74.7.241.53 - - [03/Mar/2026:05:21:42 +0000] "GET /whsy.php?e=udp&p=%2Fproc%2F31863%2Fnet HTTP/2.0" 200 2775 "https://www.shakcoin.com.lab2454.com/whsy.php?p=%2Fproc%2F31863%2Fnet" "Mozilla/5.0 AppleWebKit/537.36 (KHTML, like Gecko; compatible; GPTBot/1.3; +https://openai.com/gptbot)"
74.7.227.159 - - [03/Mar/2026:05:21:19 +0000] "GET /whsy.php?p=%2F%2Froot HTTP/2.0" 200 125759 "https://shakcoin.com/whsy.php?p=%2Fmedia%2F.." "Mozilla/5.0 AppleWebKit/537.36 (KHTML, like Gecko; compatible; GPTBot/1.3; +https://openai.com/gptbot)"
74.7.241.53 - - [03/Mar/2026:05:21:52 +0000] "GET /whsy.php?e=arp&p=%2Fproc%2F31860%2Fnet HTTP/2.0" 200 2579 "https://www.shakcoin.com.lab2454.com/whsy.php?p=%2Fproc%2F31860%2Fnet" "Mozilla/5.0 AppleWebKit/537.36 (KHTML, like Gecko; compatible; GPTBot/1.3; +https://openai.com/gptbot)"
74.7.227.159 - - [03/Mar/2026:05:21:57 +0000] "GET /whsy.php?p=%2F%2Fproc HTTP/2.0" 200 4223 "https://shakcoin.com/whsy.php?p=%2Frun%2F.." "Mozilla/5.0 AppleWebKit/537.36 (KHTML, like Gecko; compatible; GPTBot/1.3; +https://openai.com/gptbot)"
74.7.241.53 - - [03/Mar/2026:05:22:01 +0000] "GET /whsy.php?e=udp&p=%2Fproc%2F11435%2Fnet HTTP/2.0" 200 913 "https://www.shakcoin.com.lab2454.com/whsy.php?p=%2Fproc%2F11435%2Fnet" "Mozilla/5.0 AppleWebKit/537.36 (KHTML, like Gecko; compatible; GPTBot/1.3; +https://openai.com/gptbot)"
74.7.227.159 - - [03/Mar/2026:05:22:08 +0000] "GET /whsy.php?p=%2Fhome%2Flab2454c%2Fomvstudio.com%2Fvendor%2Fphar-io%2Fversion%2Fsrc%2Fconstraints HTTP/2.0" 200 1010 "https://shakcoin.com/whsy.php?p=%2Fhome%2Flab2454c%2Fomvstudio.com%2Fvendor%2Fphar-io%2Fversion%2Fsrc" "Mozilla/5.0 AppleWebKit/537.36 (KHTML, like Gecko; compatible; GPTBot/1.3; +https://openai.com/gptbot)"
74.7.241.53 - - [03/Mar/2026:05:22:11 +0000] "GET /whsy.php?e=raw&p=%2Fproc%2F31848%2Fnet HTTP/2.0" 200 2578 "https://www.shakcoin.com.lab2454.com/whsy.php?p=%2Fproc%2F31848%2Fnet" "Mozilla/5.0 AppleWebKit/537.36 (KHTML, like Gecko; compatible; GPTBot/1.3; +https://openai.com/gptbot)"
74.7.227.159 - - [03/Mar/2026:05:22:17 +0000] "GET /whsy.php?e=.htaccess&p=%2Fhome%2Flab2454c%2Farchswipe.com%2Fwp-content%2Fplugins%2Felementskit-lite%2Fconfig HTTP/2.0" 200 968 "https://shakcoin.com/whsy.php?p=%2Fhome%2Flab2454c%2Farchswipe.com%2Fwp-content%2Fplugins%2Felementskit-lite%2Fconfig" "Mozilla/5.0 AppleWebKit/537.36 (KHTML, like Gecko; compatible; GPTBot/1.3; +https://openai.com/gptbot)"
74.7.241.53 - - [03/Mar/2026:05:22:20 +0000] "GET /whsy.php?e=arp&p=%2Fproc%2F31849%2Fnet HTTP/2.0" 200 2579 "https://www.shakcoin.com.lab2454.com/whsy.php?p=%2Fproc%2F31849%2Fnet" "Mozilla/5.0 AppleWebKit/537.36 (KHTML, like Gecko; compatible; GPTBot/1.3; +https://openai.com/gptbot)"
74.7.227.159 - - [03/Mar/2026:05:22:26 +0000] "GET /whsy.php?e=editor.css&p=%2Fhome%2Flab2454c%2Fsecurepaychip.com%2Fwp-includes%2Fblocks%2Fcode HTTP/2.0" 200 1100 "https://shakcoin.com/whsy.php?p=%2Fhome%2Flab2454c%2Fsecurepaychip.com%2Fwp-includes%2Fblocks%2Fcode" "Mozilla/5.0 AppleWebKit/537.36 (KHTML, like Gecko; compatible; GPTBot/1.3; +https://openai.com/gptbot)"
74.7.241.53 - - [03/Mar/2026:05:22:28 +0000] "GET /whsy.php?e=raw&p=%2Fproc%2F31859%2Fnet HTTP/2.0" 200 2579 "https://www.shakcoin.com.lab2454.com/whsy.php?p=%2Fproc%2F31859%2Fnet" "Mozilla/5.0 AppleWebKit/537.36 (KHTML, like Gecko; compatible; GPTBot/1.3; +https://openai.com/gptbot)"
74.7.227.159 - - [03/Mar/2026:05:22:34 +0000] "GET /whsy.php?p=%2Fopt%2Fbitninja-dispatcher%2Fnode_modules%2Fwinston-transport HTTP/2.0" 200 1023 "https://shakcoin.com/whsy.php?p=%2Fopt%2Fbitninja-dispatcher%2Fnode_modules" "Mozilla/5.0 AppleWebKit/537.36 (KHTML, like Gecko; compatible; GPTBot/1.3; +https://openai.com/gptbot)"
74.7.241.53 - - [03/Mar/2026:05:22:36 +0000] "GET /whsy.php?e=oom_score&p=%2Fproc%2F11575 HTTP/2.0" 200 913 "https://www.shakcoin.com.lab2454.com/whsy.php?p=%2Fproc%2F11575" "Mozilla/5.0 AppleWebKit/537.36 (KHTML, like Gecko; compatible; GPTBot/1.3; +https://openai.com/gptbot)"
74.7.227.159 - - [03/Mar/2026:05:22:42 +0000] "GET /whsy.php?p=%2Fhome%2Flab2454c%2Fam.elementalrock.com%2Fwp-content%2Fplugins%2Felementor-pro%2Fmodules%2Fpopup%2Fassets%2F.. HTTP/2.0" 200 869 "https://shakcoin.com/whsy.php?p=%2Fhome%2Flab2454c%2Fam.elementalrock.com%2Fwp-content%2Fplugins%2Felementor-pro%2Fmodules%2Fpopup%2Fassets" "Mozilla/5.0 AppleWebKit/537.36 (KHTML, like Gecko; compatible; GPTBot/1.3; +https://openai.com/gptbot)"
74.7.230.19 - - [03/Mar/2026:05:22:43 +0000] "GET /robots.txt HTTP/2.0" 404 - "-" "Mozilla/5.0 (Macintosh; Intel Mac OS X 10_15_7) AppleWebKit/537.36 (KHTML, like Gecko) Chrome/131.0.0.0 Safari/537.36; compatible; OAI-SearchBot/1.3; robots.txt; +https://openai.com/searchbot"
74.7.241.53 - - [03/Mar/2026:05:22:45 +0000] "GET /whsy.php?e=oom_score&p=%2Fproc%2F19332 HTTP/2.0" 200 2007 "https://www.shakcoin.com.lab2454.com/whsy.php?p=%2Fproc%2F19332" "Mozilla/5.0 AppleWebKit/537.36 (KHTML, like Gecko; compatible; GPTBot/1.3; +https://openai.com/gptbot)"
74.7.230.4 - - [03/Mar/2026:05:22:46 +0000] "GET /robots.txt HTTP/2.0" 404 - "-" "Mozilla/5.0 (Macintosh; Intel Mac OS X 10_15_7) AppleWebKit/537.36 (KHTML, like Gecko) Chrome/131.0.0.0 Safari/537.36; compatible; OAI-SearchBot/1.3; robots.txt; +https://openai.com/searchbot"
74.7.227.159 - - [03/Mar/2026:05:22:49 +0000] "GET /whsy.php?p=%2Fhome%2Flab2454c%2Fbaas.elementalrock.com%2Fwp-content%2Fplugins%2Felementor%2Fassets%2Flib%2Ffont-awesome%2F.. HTTP/2.0" 200 837 "https://shakcoin.com/whsy.php?p=%2Fhome%2Flab2454c%2Fbaas.elementalrock.com%2Fwp-content%2Fplugins%2Felementor%2Fassets%2Flib%2Ffont-awesome" "Mozilla/5.0 AppleWebKit/537.36 (KHTML, like Gecko; compatible; GPTBot/1.3; +https://openai.com/gptbot)"
74.7.241.53 - - [03/Mar/2026:05:22:53 +0000] "GET /whsy.php?e=oom_score&p=%2Fproc%2F10277 HTTP/2.0" 200 2007 "https://www.shakcoin.com.lab2454.com/whsy.php?p=%2Fproc%2F10277" "Mozilla/5.0 AppleWebKit/537.36 (KHTML, like Gecko; compatible; GPTBot/1.3; +https://openai.com/gptbot)"
74.7.227.159 - - [03/Mar/2026:05:22:59 +0000] "GET /whsy.php?e=gallery.php&p=%2Fhome%2Flab2454c%2Felementalmill.com%2Fwp-content%2Fplugins%2Felementskit%2Fwidgets%2Fgallery HTTP/2.0" 200 10688 "https://shakcoin.com/whsy.php?p=%2Fhome%2Flab2454c%2Felementalmill.com%2Fwp-content%2Fplugins%2Felementskit%2Fwidgets%2Fgallery" "Mozilla/5.0 AppleWebKit/537.36 (KHTML, like Gecko; compatible; GPTBot/1.3; +https://openai.com/gptbot)"
74.7.241.53 - - [03/Mar/2026:05:23:03 +0000] "GET /whsy.php?e=netstat&p=%2Fproc%2F11435%2Fnet HTTP/2.0" 200 913 "https://www.shakcoin.com.lab2454.com/whsy.php?p=%2Fproc%2F11435%2Fnet" "Mozilla/5.0 AppleWebKit/537.36 (KHTML, like Gecko; compatible; GPTBot/1.3; +https://openai.com/gptbot)"
74.7.227.159 - - [03/Mar/2026:05:23:10 +0000] "GET /whsy.php?e=vmlinuz-3.10.0-957.el7.x86_64&p=%2Fboot HTTP/2.0" 200 1859 "https://shakcoin.com/whsy.php?p=%2F%2Fboot" "Mozilla/5.0 AppleWebKit/537.36 (KHTML, like Gecko; compatible; GPTBot/1.3; +https://openai.com/gptbot)"
74.7.241.53 - - [03/Mar/2026:05:23:14 +0000] "GET /whsy.php?e=sockstat&p=%2Fproc%2F10277%2Fnet HTTP/2.0" 200 2603 "https://www.shakcoin.com.lab2454.com/whsy.php?p=%2Fproc%2F10277%2Fnet" "Mozilla/5.0 AppleWebKit/537.36 (KHTML, like Gecko; compatible; GPTBot/1.3; +https://openai.com/gptbot)"
74.7.227.159 - - [03/Mar/2026:05:23:20 +0000] "GET /whsy.php?e=libpthread_nonshared.a&p=%2Fusr%2Flib64 HTTP/2.0" 200 45797 "https://shakcoin.com/whsy.php?p=%2Fusr%2Flib64" "Mozilla/5.0 AppleWebKit/537.36 (KHTML, like Gecko; compatible; GPTBot/1.3; +https://openai.com/gptbot)"
74.7.241.53 - - [03/Mar/2026:05:23:24 +0000] "GET /whsy.php?e=netstat&p=%2Fproc%2F31868%2Fnet HTTP/2.0" 200 4242 "https://www.shakcoin.com.lab2454.com/whsy.php?p=%2Fproc%2F31868%2Fnet" "Mozilla/5.0 AppleWebKit/537.36 (KHTML, like Gecko; compatible; GPTBot/1.3; +https://openai.com/gptbot)"
74.7.227.159 - - [03/Mar/2026:05:23:30 +0000] "GET /whsy.php?e=libxcb-screensaver.so&p=%2Fusr%2Flib64 HTTP/2.0" 200 45797 "https://shakcoin.com/whsy.php?p=%2Fusr%2Flib64" "Mozilla/5.0 AppleWebKit/537.36 (KHTML, like Gecko; compatible; GPTBot/1.3; +https://openai.com/gptbot)"
74.7.241.53 - - [03/Mar/2026:05:23:33 +0000] "GET /whsy.php?e=sockstat&p=%2Fproc%2F19332%2Fnet HTTP/2.0" 200 2604 "https://www.shakcoin.com.lab2454.com/whsy.php?p=%2Fproc%2F19332%2Fnet" "Mozilla/5.0 AppleWebKit/537.36 (KHTML, like Gecko; compatible; GPTBot/1.3; +https://openai.com/gptbot)"
74.7.227.159 - - [03/Mar/2026:05:23:40 +0000] "GET /whsy.php?e=Parser.php&p=%2Fhome%2Flab2454c%2Fincforce.com%2Fwp-content%2Fplugins%2Fsmart-slider-3%2FNextend%2FSmartSlider3%2FBackupSlider%2FSerialize HTTP/2.0" 200 1947 "https://shakcoin.com/whsy.php?p=%2Fhome%2Flab2454c%2Fincforce.com%2Fwp-content%2Fplugins%2Fsmart-slider-3%2FNextend%2FSmartSlider3%2FBackupSlider%2FSerialize" "Mozilla/5.0 AppleWebKit/537.36 (KHTML, like Gecko; compatible; GPTBot/1.3; +https://openai.com/gptbot)"
74.7.241.53 - - [03/Mar/2026:05:23:43 +0000] "GET /whsy.php?e=netstat&p=%2Fproc%2F31866%2Fnet HTTP/2.0" 200 4239 "https://www.shakcoin.com.lab2454.com/whsy.php?p=%2Fproc%2F31866%2Fnet" "Mozilla/5.0 AppleWebKit/537.36 (KHTML, like Gecko; compatible; GPTBot/1.3; +https://openai.com/gptbot)"
74.7.227.159 - - [03/Mar/2026:05:23:50 +0000] "GET /whsy.php?e=NumberAutoComplete.php&p=%2Fhome%2Flab2454c%2Fincforce.com%2Fwp-content%2Fplugins%2Fsmart-slider-3%2FNextend%2FFramework%2FForm%2FElement%2FText HTTP/2.0" 200 1492 "https://shakcoin.com/whsy.php?p=%2Fhome%2Flab2454c%2Fincforce.com%2Fwp-content%2Fplugins%2Fsmart-slider-3%2FNextend%2FFramework%2FForm%2FElement%2FText" "Mozilla/5.0 AppleWebKit/537.36 (KHTML, like Gecko; compatible; GPTBot/1.3; +https://openai.com/gptbot)"
74.7.241.53 - - [03/Mar/2026:05:23:53 +0000] "GET /whsy.php?e=netstat&p=%2Fproc%2F31848%2Fnet HTTP/2.0" 200 4241 "https://www.shakcoin.com.lab2454.com/whsy.php?p=%2Fproc%2F31848%2Fnet" "Mozilla/5.0 AppleWebKit/537.36 (KHTML, like Gecko; compatible; GPTBot/1.3; +https://openai.com/gptbot)"
74.7.227.159 - - [03/Mar/2026:05:23:59 +0000] "GET /whsy.php?e=ModelSlides.php&p=%2Fhome%2Flab2454c%2Fincforce.com%2Fwp-content%2Fplugins%2Fsmart-slider-3%2FNextend%2FSmartSlider3%2FApplication%2FModel HTTP/2.0" 200 5603 "https://shakcoin.com/whsy.php?p=%2Fhome%2Flab2454c%2Fincforce.com%2Fwp-content%2Fplugins%2Fsmart-slider-3%2FNextend%2FSmartSlider3%2FApplication%2FModel" "Mozilla/5.0 AppleWebKit/537.36 (KHTML, like Gecko; compatible; GPTBot/1.3; +https://openai.com/gptbot)"
74.7.241.53 - - [03/Mar/2026:05:24:02 +0000] "GET /whsy.php?e=netstat&p=%2Fproc%2F31863%2Fnet HTTP/2.0" 200 4242 "https://www.shakcoin.com.lab2454.com/whsy.php?p=%2Fproc%2F31863%2Fnet" "Mozilla/5.0 AppleWebKit/537.36 (KHTML, like Gecko; compatible; GPTBot/1.3; +https://openai.com/gptbot)"
74.7.227.159 - - [03/Mar/2026:05:24:09 +0000] "GET /whsy.php?e=AbstractRadioIcon.php&p=%2Fhome%2Flab2454c%2Fincforce.com%2Fwp-content%2Fplugins%2Fsmart-slider-3%2FNextend%2FFramework%2FForm%2FElement%2FRadio HTTP/2.0" 200 1228 "https://shakcoin.com/whsy.php?p=%2Fhome%2Flab2454c%2Fincforce.com%2Fwp-content%2Fplugins%2Fsmart-slider-3%2FNextend%2FFramework%2FForm%2FElement%2FRadio" "Mozilla/5.0 AppleWebKit/537.36 (KHTML, like Gecko; compatible; GPTBot/1.3; +https://openai.com/gptbot)"
74.7.241.53 - - [03/Mar/2026:05:24:12 +0000] "GET /whsy.php?e=fib_trie&p=%2Fproc%2F31849%2Fnet HTTP/2.0" 200 2694 "https://www.shakcoin.com.lab2454.com/whsy.php?p=%2Fproc%2F31849%2Fnet" "Mozilla/5.0 AppleWebKit/537.36 (KHTML, like Gecko; compatible; GPTBot/1.3; +https://openai.com/gptbot)"
74.7.227.159 - - [03/Mar/2026:05:24:17 +0000] "GET /whsy.php?e=GroupCheckboxOnOff.php&p=%2Fhome%2Flab2454c%2Fincforce.com%2Fwp-content%2Fplugins%2Fsmart-slider-3%2FNextend%2FFramework%2FForm%2FElement%2FGroup HTTP/2.0" 200 1013 "https://shakcoin.com/whsy.php?p=%2Fhome%2Flab2454c%2Fincforce.com%2Fwp-content%2Fplugins%2Fsmart-slider-3%2FNextend%2FFramework%2FForm%2FElement%2FGroup" "Mozilla/5.0 AppleWebKit/537.36 (KHTML, like Gecko; compatible; GPTBot/1.3; +https://openai.com/gptbot)"
74.7.241.53 - - [03/Mar/2026:05:24:21 +0000] "GET /whsy.php?e=mcfilter&p=%2Fproc%2F31859%2Fnet HTTP/2.0" 200 2538 "https://www.shakcoin.com.lab2454.com/whsy.php?p=%2Fproc%2F31859%2Fnet" "Mozilla/5.0 AppleWebKit/537.36 (KHTML, like Gecko; compatible; GPTBot/1.3; +https://openai.com/gptbot)"
74.7.227.159 - - [03/Mar/2026:05:24:26 +0000] "GET /whsy.php?e=ItemButton.php&p=%2Fhome%2Flab2454c%2Fincforce.com%2Fwp-content%2Fplugins%2Fsmart-slider-3%2FNextend%2FSmartSlider3%2FRenderable%2FItem%2FButton HTTP/2.0" 200 2587 "https://shakcoin.com/whsy.php?p=%2Fhome%2Flab2454c%2Fincforce.com%2Fwp-content%2Fplugins%2Fsmart-slider-3%2FNextend%2FSmartSlider3%2FRenderable%2FItem%2FButton" "Mozilla/5.0 AppleWebKit/537.36 (KHTML, like Gecko; compatible; GPTBot/1.3; +https://openai.com/gptbot)"
74.7.241.53 - - [03/Mar/2026:05:24:29 +0000] "GET /whsy.php?e=fib_trie&p=%2Fproc%2F31860%2Fnet HTTP/2.0" 200 2693 "https://www.shakcoin.com.lab2454.com/whsy.php?p=%2Fproc%2F31860%2Fnet" "Mozilla/5.0 AppleWebKit/537.36 (KHTML, like Gecko; compatible; GPTBot/1.3; +https://openai.com/gptbot)"
74.7.227.159 - - [03/Mar/2026:05:24:34 +0000] "GET /whsy.php?e=wp-polyfill-node-contains.min.js&p=%2Fhome%2Flab2454c%2Ffcxpro.com%2Fwp-includes%2Fjs%2Fdist%2Fvendor HTTP/2.0" 200 1677 "https://shakcoin.com/whsy.php?p=%2Fhome%2Flab2454c%2Ffcxpro.com%2Fwp-includes%2Fjs%2Fdist%2Fvendor" "Mozilla/5.0 AppleWebKit/537.36 (KHTML, like Gecko; compatible; GPTBot/1.3; +https://openai.com/gptbot)"
74.7.241.53 - - [03/Mar/2026:05:24:37 +0000] "GET /whsy.php?e=fib_trie&p=%2Fproc%2F31859%2Fnet HTTP/2.0" 200 2694 "https://www.shakcoin.com.lab2454.com/whsy.php?p=%2Fproc%2F31859%2Fnet" "Mozilla/5.0 AppleWebKit/537.36 (KHTML, like Gecko; compatible; GPTBot/1.3; +https://openai.com/gptbot)"
74.7.227.159 - - [03/Mar/2026:05:24:43 +0000] "GET /whsy.php?p=%2Fsys%2Ffs%2Fcgroup%2Fsystemd%2Fuser.slice HTTP/2.0" 200 806 "https://shakcoin.com/whsy.php?p=%2Fsys%2Ffs%2Fcgroup%2Fsystemd" "Mozilla/5.0 AppleWebKit/537.36 (KHTML, like Gecko; compatible; GPTBot/1.3; +https://openai.com/gptbot)"
74.7.241.53 - - [03/Mar/2026:05:24:46 +0000] "GET /whsy.php?e=mcfilter&p=%2Fproc%2F31865%2Fnet HTTP/2.0" 200 2538 "https://www.shakcoin.com.lab2454.com/whsy.php?p=%2Fproc%2F31865%2Fnet" "Mozilla/5.0 AppleWebKit/537.36 (KHTML, like Gecko; compatible; GPTBot/1.3; +https://openai.com/gptbot)"
74.7.227.159 - - [03/Mar/2026:05:24:51 +0000] "GET /whsy.php?p=%2Fsys%2Ffs%2Fcgroup%2Fmemory%2Fsystem.slice HTTP/2.0" 200 1558 "https://shakcoin.com/whsy.php?p=%2Fsys%2Ffs%2Fcgroup%2Fmemory" "Mozilla/5.0 AppleWebKit/537.36 (KHTML, like Gecko; compatible; GPTBot/1.3; +https://openai.com/gptbot)"
74.7.241.53 - - [03/Mar/2026:05:24:54 +0000] "GET /whsy.php?e=mcfilter&p=%2Fproc%2F31849%2Fnet HTTP/2.0" 200 2538 "https://www.shakcoin.com.lab2454.com/whsy.php?p=%2Fproc%2F31849%2Fnet" "Mozilla/5.0 AppleWebKit/537.36 (KHTML, like Gecko; compatible; GPTBot/1.3; +https://openai.com/gptbot)"
74.7.227.159 - - [03/Mar/2026:05:24:59 +0000] "GET /whsy.php?e=edit.php&p=%2Fvar%2Fsoftaculous%2Fcmssimple%2Fphp82 HTTP/2.0" 200 4575 "https://shakcoin.com/whsy.php?p=%2Fvar%2Fsoftaculous%2Fcmssimple%2Fphp82" "Mozilla/5.0 AppleWebKit/537.36 (KHTML, like Gecko; compatible; GPTBot/1.3; +https://openai.com/gptbot)"
74.7.241.53 - - [03/Mar/2026:05:25:04 +0000] "GET /whsy.php?e=fib_trie&p=%2Fproc%2F31865%2Fnet HTTP/2.0" 200 2694 "https://www.shakcoin.com.lab2454.com/whsy.php?p=%2Fproc%2F31865%2Fnet" "Mozilla/5.0 AppleWebKit/537.36 (KHTML, like Gecko; compatible; GPTBot/1.3; +https://openai.com/gptbot)"
74.7.227.159 - - [03/Mar/2026:05:25:09 +0000] "GET /whsy.php?e=edit.php&p=%2Fvar%2Fsoftaculous%2Fextplorer%2Fphp82 HTTP/2.0" 200 3547 "https://shakcoin.com/whsy.php?p=%2Fvar%2Fsoftaculous%2Fextplorer%2Fphp82" "Mozilla/5.0 AppleWebKit/537.36 (KHTML, like Gecko; compatible; GPTBot/1.3; +https://openai.com/gptbot)"
74.7.241.53 - - [03/Mar/2026:05:25:13 +0000] "GET /whsy.php?e=mcfilter&p=%2Fproc%2F31860%2Fnet HTTP/2.0" 200 2537 "https://www.shakcoin.com.lab2454.com/whsy.php?p=%2Fproc%2F31860%2Fnet" "Mozilla/5.0 AppleWebKit/537.36 (KHTML, like Gecko; compatible; GPTBot/1.3; +https://openai.com/gptbot)"
74.7.227.159 - - [03/Mar/2026:05:25:18 +0000] "GET /whsy.php?e=edit.php&p=%2Fvar%2Fsoftaculous%2Fchurchcrm%2Fphp82 HTTP/2.0" 200 4106 "https://shakcoin.com/whsy.php?p=%2Fvar%2Fsoftaculous%2Fchurchcrm%2Fphp82" "Mozilla/5.0 AppleWebKit/537.36 (KHTML, like Gecko; compatible; GPTBot/1.3; +https://openai.com/gptbot)"
74.7.241.53 - - [03/Mar/2026:05:25:22 +0000] "GET /whsy.php?e=tls_stat&p=%2Fproc%2F31848%2Fnet HTTP/2.0" 200 2601 "https://www.shakcoin.com.lab2454.com/whsy.php?p=%2Fproc%2F31848%2Fnet" "Mozilla/5.0 AppleWebKit/537.36 (KHTML, like Gecko; compatible; GPTBot/1.3; +https://openai.com/gptbot)"
74.7.227.159 - - [03/Mar/2026:05:25:27 +0000] "GET /whsy.php?e=import.php&p=%2Fvar%2Fsoftaculous%2Fpimcore%2Fphp53 HTTP/2.0" 200 4261 "https://shakcoin.com/whsy.php?e=extend.php&p=%2Fvar%2Fsoftaculous%2Fpimcore%2Fphp53" "Mozilla/5.0 AppleWebKit/537.36 (KHTML, like Gecko; compatible; GPTBot/1.3; +https://openai.com/gptbot)"
74.7.241.53 - - [03/Mar/2026:05:25:31 +0000] "GET /whsy.php?e=netlink&p=%2Fproc%2F31862%2Fnet HTTP/2.0" 200 2812 "https://www.shakcoin.com.lab2454.com/whsy.php?p=%2Fproc%2F31862%2Fnet" "Mozilla/5.0 AppleWebKit/537.36 (KHTML, like Gecko; compatible; GPTBot/1.3; +https://openai.com/gptbot)"
74.7.227.159 - - [03/Mar/2026:05:25:35 +0000] "GET /whsy.php?e=i18n.pyo&p=%2Fusr%2Flib%2Fpython2.7%2Fsite-packages%2Fyumutils HTTP/2.0" 200 879 "https://shakcoin.com/whsy.php?p=%2Fusr%2Flib%2Fpython2.7%2Fsite-packages%2Fyumutils" "Mozilla/5.0 AppleWebKit/537.36 (KHTML, like Gecko; compatible; GPTBot/1.3; +https://openai.com/gptbot)"
74.7.241.53 - - [03/Mar/2026:05:25:39 +0000] "GET /whsy.php?e=rt_cache&p=%2Fproc%2F31860%2Fnet HTTP/2.0" 200 2597 "https://www.shakcoin.com.lab2454.com/whsy.php?p=%2Fproc%2F31860%2Fnet" "Mozilla/5.0 AppleWebKit/537.36 (KHTML, like Gecko; compatible; GPTBot/1.3; +https://openai.com/gptbot)"
74.7.227.159 - - [03/Mar/2026:05:25:45 +0000] "GET /whsy.php?e=i18n.pyc&p=%2Fusr%2Flib%2Fpython2.7%2Fsite-packages%2Fyumutils HTTP/2.0" 200 870 "https://shakcoin.com/whsy.php?p=%2Fusr%2Flib%2Fpython2.7%2Fsite-packages%2Fyumutils" "Mozilla/5.0 AppleWebKit/537.36 (KHTML, like Gecko; compatible; GPTBot/1.3; +https://openai.com/gptbot)"
74.7.241.53 - - [03/Mar/2026:05:25:48 +0000] "GET /whsy.php?e=udplite&p=%2Fproc%2F31862%2Fnet HTTP/2.0" 200 2583 "https://www.shakcoin.com.lab2454.com/whsy.php?p=%2Fproc%2F31862%2Fnet" "Mozilla/5.0 AppleWebKit/537.36 (KHTML, like Gecko; compatible; GPTBot/1.3; +https://openai.com/gptbot)"
74.7.227.159 - - [03/Mar/2026:05:25:54 +0000] "GET /whsy.php?e=analytics-report-stock.js&p=%2Fhome%2Flab2454c%2Fisaaclondston.com%2Fwp-content%2Fplugins%2Fwoocommerce%2Fassets%2Fclient%2Fadmin%2Fchunks HTTP/2.0" 200 4601 "https://shakcoin.com/whsy.php?p=%2Fhome%2Flab2454c%2Fisaaclondston.com%2Fwp-content%2Fplugins%2Fwoocommerce%2Fassets%2Fclient%2Fadmin%2Fchunks" "Mozilla/5.0 AppleWebKit/537.36 (KHTML, like Gecko; compatible; GPTBot/1.3; +https://openai.com/gptbot)"
74.7.241.53 - - [03/Mar/2026:05:25:57 +0000] "GET /whsy.php?e=netlink&p=%2Fproc%2F31848%2Fnet HTTP/2.0" 200 2812 "https://www.shakcoin.com.lab2454.com/whsy.php?p=%2Fproc%2F31848%2Fnet" "Mozilla/5.0 AppleWebKit/537.36 (KHTML, like Gecko; compatible; GPTBot/1.3; +https://openai.com/gptbot)"
74.7.227.159 - - [03/Mar/2026:05:26:03 +0000] "GET /whsy.php?e=analytics-report-taxes.js&p=%2Fhome%2Flab2454c%2Fisaaclondston.com%2Fwp-content%2Fplugins%2Fwoocommerce%2Fassets%2Fclient%2Fadmin%2Fchunks HTTP/2.0" 200 8141 "https://shakcoin.com/whsy.php?p=%2Fhome%2Flab2454c%2Fisaaclondston.com%2Fwp-content%2Fplugins%2Fwoocommerce%2Fassets%2Fclient%2Fadmin%2Fchunks" "Mozilla/5.0 AppleWebKit/537.36 (KHTML, like Gecko; compatible; GPTBot/1.3; +https://openai.com/gptbot)"
74.7.241.53 - - [03/Mar/2026:05:26:06 +0000] "GET /whsy.php?e=netlink&p=%2Fproc%2F31866%2Fnet HTTP/2.0" 200 2812 "https://www.shakcoin.com.lab2454.com/whsy.php?p=%2Fproc%2F31866%2Fnet" "Mozilla/5.0 AppleWebKit/537.36 (KHTML, like Gecko; compatible; GPTBot/1.3; +https://openai.com/gptbot)"
74.7.227.159 - - [03/Mar/2026:05:26:11 +0000] "GET /whsy.php?e=psalm.yml&p=%2Fhome%2Flab2454c%2Fbancmils.com%2Fvendor%2Ffacade%2Fignition-contracts%2F.github%2Fworkflows HTTP/2.0" 200 1267 "https://shakcoin.com/whsy.php?p=%2Fhome%2Flab2454c%2Fbancmils.com%2Fvendor%2Ffacade%2Fignition-contracts%2F.github%2Fworkflows" "Mozilla/5.0 AppleWebKit/537.36 (KHTML, like Gecko; compatible; GPTBot/1.3; +https://openai.com/gptbot)"
74.7.241.53 - - [03/Mar/2026:05:26:14 +0000] "GET /whsy.php?e=mcfilter&p=%2Fproc%2F19332%2Fnet HTTP/2.0" 200 2537 "https://www.shakcoin.com.lab2454.com/whsy.php?p=%2Fproc%2F19332%2Fnet" "Mozilla/5.0 AppleWebKit/537.36 (KHTML, like Gecko; compatible; GPTBot/1.3; +https://openai.com/gptbot)"
74.7.227.159 - - [03/Mar/2026:05:26:19 +0000] "GET /whsy.php?e=psalm.yml&p=%2Fhome%2Flab2454c%2Ftripvare.com%2Fvendor%2Ffacade%2Fignition-contracts%2F.github%2Fworkflows HTTP/2.0" 200 1236 "https://shakcoin.com/whsy.php?p=%2Fhome%2Flab2454c%2Ftripvare.com%2Fvendor%2Ffacade%2Fignition-contracts%2F.github%2Fworkflows" "Mozilla/5.0 AppleWebKit/537.36 (KHTML, like Gecko; compatible; GPTBot/1.3; +https://openai.com/gptbot)"
74.7.241.53 - - [03/Mar/2026:05:26:22 +0000] "GET /whsy.php?e=fib_trie&p=%2Fproc%2F19332%2Fnet HTTP/2.0" 200 2693 "https://www.shakcoin.com.lab2454.com/whsy.php?p=%2Fproc%2F19332%2Fnet" "Mozilla/5.0 AppleWebKit/537.36 (KHTML, like Gecko; compatible; GPTBot/1.3; +https://openai.com/gptbot)"
74.7.227.159 - - [03/Mar/2026:05:26:28 +0000] "GET /whsy.php?e=tasks&p=%2Fsys%2Ffs%2Fcgroup%2Fmemory%2Fsystem.slice HTTP/2.0" 200 3104 "https://shakcoin.com/whsy.php?p=%2Fsys%2Ffs%2Fcgroup%2Fmemory%2Fsystem.slice" "Mozilla/5.0 AppleWebKit/537.36 (KHTML, like Gecko; compatible; GPTBot/1.3; +https://openai.com/gptbot)"
74.7.241.53 - - [03/Mar/2026:05:26:30 +0000] "GET /whsy.php?e=current&p=%2Fproc%2F31865%2Fattr HTTP/2.0" 200 849 "https://www.shakcoin.com.lab2454.com/whsy.php?p=%2Fproc%2F31865%2Fattr" "Mozilla/5.0 AppleWebKit/537.36 (KHTML, like Gecko; compatible; GPTBot/1.3; +https://openai.com/gptbot)"
74.7.227.159 - - [03/Mar/2026:05:26:36 +0000] "GET /whsy.php?e=Server.php&p=%2Fhome%2Flab2454c%2Fcrypto.keyreum.com%2Fvendor%2Fleague%2Foauth1-client%2Fsrc%2FServer HTTP/2.0" 200 5085 "https://shakcoin.com/whsy.php?p=%2Fhome%2Flab2454c%2Fcrypto.keyreum.com%2Fvendor%2Fleague%2Foauth1-client%2Fsrc%2FServer" "Mozilla/5.0 AppleWebKit/537.36 (KHTML, like Gecko; compatible; GPTBot/1.3; +https://openai.com/gptbot)"
74.7.241.53 - - [03/Mar/2026:05:26:39 +0000] "GET /whsy.php?e=rt_cache&p=%2Fproc%2F31859%2Fnet HTTP/2.0" 200 2598 "https://www.shakcoin.com.lab2454.com/whsy.php?p=%2Fproc%2F31859%2Fnet" "Mozilla/5.0 AppleWebKit/537.36 (KHTML, like Gecko; compatible; GPTBot/1.3; +https://openai.com/gptbot)"
74.7.227.159 - - [03/Mar/2026:05:26:44 +0000] "GET /whsy.php?e=icon-binoculars.png&p=%2Fhome%2Flab2454c%2Fisaaclondston.com%2Fwp-content%2Fthemes%2Ftwentytwentytwo%2Fassets%2Fimages HTTP/2.0" 200 1285 "https://shakcoin.com/whsy.php?p=%2Fhome%2Flab2454c%2Fisaaclondston.com%2Fwp-content%2Fthemes%2Ftwentytwentytwo%2Fassets%2Fimages" "Mozilla/5.0 AppleWebKit/537.36 (KHTML, like Gecko; compatible; GPTBot/1.3; +https://openai.com/gptbot)"
74.7.241.53 - - [03/Mar/2026:05:26:47 +0000] "GET /whsy.php?e=mcfilter&p=%2Fproc%2F10277%2Fnet HTTP/2.0" 200 2538 "https://www.shakcoin.com.lab2454.com/whsy.php?p=%2Fproc%2F10277%2Fnet" "Mozilla/5.0 AppleWebKit/537.36 (KHTML, like Gecko; compatible; GPTBot/1.3; +https://openai.com/gptbot)"
74.7.227.159 - - [03/Mar/2026:05:26:52 +0000] "GET /whsy.php?e=icon-binoculars.png&p=%2Fhome%2Flab2454c%2Fsecurepaychip.com%2Fwp-content%2Fthemes%2Ftwentytwentytwo%2Fassets%2Fimages HTTP/2.0" 200 1286 "https://shakcoin.com/whsy.php?p=%2Fhome%2Flab2454c%2Fsecurepaychip.com%2Fwp-content%2Fthemes%2Ftwentytwentytwo%2Fassets%2Fimages" "Mozilla/5.0 AppleWebKit/537.36 (KHTML, like Gecko; compatible; GPTBot/1.3; +https://openai.com/gptbot)"
74.7.241.53 - - [03/Mar/2026:05:26:55 +0000] "GET /whsy.php?e=netlink&p=%2Fproc%2F31863%2Fnet HTTP/2.0" 200 2812 "https://www.shakcoin.com.lab2454.com/whsy.php?p=%2Fproc%2F31863%2Fnet" "Mozilla/5.0 AppleWebKit/537.36 (KHTML, like Gecko; compatible; GPTBot/1.3; +https://openai.com/gptbot)"
74.7.227.159 - - [03/Mar/2026:05:27:01 +0000] "GET /whsy.php?p=%2Fhome%2Flab2454c%2Ffinancial.datmont.com%2Fwp-content%2Fplugins%2Felementor-pro%2Fmodules%2Floop-filter%2Fdata%2Finterfaces HTTP/2.0" 200 773 "https://shakcoin.com/whsy.php?p=%2Fhome%2Flab2454c%2Ffinancial.datmont.com%2Fwp-content%2Fplugins%2Felementor-pro%2Fmodules%2Floop-filter%2Fdata" "Mozilla/5.0 AppleWebKit/537.36 (KHTML, like Gecko; compatible; GPTBot/1.3; +https://openai.com/gptbot)"
74.7.241.53 - - [03/Mar/2026:05:27:03 +0000] "GET /whsy.php?e=current&p=%2Fproc%2F31849%2Fattr HTTP/2.0" 200 848 "https://www.shakcoin.com.lab2454.com/whsy.php?p=%2Fproc%2F31849%2Fattr" "Mozilla/5.0 AppleWebKit/537.36 (KHTML, like Gecko; compatible; GPTBot/1.3; +https://openai.com/gptbot)"
74.7.227.159 - - [03/Mar/2026:05:27:09 +0000] "GET /whsy.php?e=analytics-report.js&p=%2Fhome%2Flab2454c%2Fisaaclondston.com%2Fwp-content%2Fplugins%2Fwoocommerce%2Fassets%2Fclient%2Fadmin%2Fchunks HTTP/2.0" 200 3956 "https://shakcoin.com/whsy.php?p=%2Fhome%2Flab2454c%2Fisaaclondston.com%2Fwp-content%2Fplugins%2Fwoocommerce%2Fassets%2Fclient%2Fadmin%2Fchunks" "Mozilla/5.0 AppleWebKit/537.36 (KHTML, like Gecko; compatible; GPTBot/1.3; +https://openai.com/gptbot)"
74.7.241.53 - - [03/Mar/2026:05:27:12 +0000] "GET /whsy.php?e=tls_stat&p=%2Fproc%2F31863%2Fnet HTTP/2.0" 200 2601 "https://www.shakcoin.com.lab2454.com/whsy.php?p=%2Fproc%2F31863%2Fnet" "Mozilla/5.0 AppleWebKit/537.36 (KHTML, like Gecko; compatible; GPTBot/1.3; +https://openai.com/gptbot)"
74.7.227.159 - - [03/Mar/2026:05:27:19 +0000] "GET /whsy.php?e=analytics-report.js&p=%2Fhome%2Flab2454c%2Fequitablegold.com%2Fwp-content%2Fplugins%2Fwoocommerce%2Fassets%2Fclient%2Fadmin%2Fchunks HTTP/2.0" 200 4338 "https://shakcoin.com/whsy.php?p=%2Fhome%2Flab2454c%2Fequitablegold.com%2Fwp-content%2Fplugins%2Fwoocommerce%2Fassets%2Fclient%2Fadmin%2Fchunks" "Mozilla/5.0 AppleWebKit/537.36 (KHTML, like Gecko; compatible; GPTBot/1.3; +https://openai.com/gptbot)"
74.7.241.53 - - [03/Mar/2026:05:27:21 +0000] "GET /whsy.php?e=tls_stat&p=%2Fproc%2F31868%2Fnet HTTP/2.0" 200 2601 "https://www.shakcoin.com.lab2454.com/whsy.php?p=%2Fproc%2F31868%2Fnet" "Mozilla/5.0 AppleWebKit/537.36 (KHTML, like Gecko; compatible; GPTBot/1.3; +https://openai.com/gptbot)"
74.7.227.159 - - [03/Mar/2026:05:27:28 +0000] "GET /whsy.php?e=analytics-report.js&p=%2Fhome%2Flab2454c%2Fcarbonbullion.com%2Fwp-content%2Fplugins%2Fwoocommerce%2Fassets%2Fclient%2Fadmin%2Fchunks HTTP/2.0" 200 4474 "https://shakcoin.com/whsy.php?p=%2Fhome%2Flab2454c%2Fcarbonbullion.com%2Fwp-content%2Fplugins%2Fwoocommerce%2Fassets%2Fclient%2Fadmin%2Fchunks" "Mozilla/5.0 AppleWebKit/537.36 (KHTML, like Gecko; compatible; GPTBot/1.3; +https://openai.com/gptbot)"
74.7.241.53 - - [03/Mar/2026:05:27:30 +0000] "GET /whsy.php?e=rt_cache&p=%2Fproc%2F31865%2Fnet HTTP/2.0" 200 2598 "https://www.shakcoin.com.lab2454.com/whsy.php?p=%2Fproc%2F31865%2Fnet" "Mozilla/5.0 AppleWebKit/537.36 (KHTML, like Gecko; compatible; GPTBot/1.3; +https://openai.com/gptbot)"
74.7.227.159 - - [03/Mar/2026:05:27:37 +0000] "GET /whsy.php?e=thumb-up.tsx&p=%2Fhome%2Flab2454c%2Fcarbonbullion.net%2Fwp-content%2Fplugins%2Fwoocommerce%2Fpackages%2Fwoocommerce-blocks%2Fassets%2Fjs%2Ficons%2Flibrary HTTP/2.0" 200 1592 "https://shakcoin.com/whsy.php?p=%2Fhome%2Flab2454c%2Fcarbonbullion.net%2Fwp-content%2Fplugins%2Fwoocommerce%2Fpackages%2Fwoocommerce-blocks%2Fassets%2Fjs%2Ficons%2Flibrary" "Mozilla/5.0 AppleWebKit/537.36 (KHTML, like Gecko; compatible; GPTBot/1.3; +https://openai.com/gptbot)"
74.7.241.53 - - [03/Mar/2026:05:27:39 +0000] "GET /whsy.php?e=current&p=%2Fproc%2F31859%2Fattr HTTP/2.0" 200 849 "https://www.shakcoin.com.lab2454.com/whsy.php?p=%2Fproc%2F31859%2Fattr" "Mozilla/5.0 AppleWebKit/537.36 (KHTML, like Gecko; compatible; GPTBot/1.3; +https://openai.com/gptbot)"
74.7.227.159 - - [03/Mar/2026:05:27:45 +0000] "GET /whsy.php?e=colors.css&p=%2Fhome%2Flab2454c%2Farchfort.com%2Fwp-admin%2Fcss%2Fcolors%2Flight HTTP/2.0" 200 4775 "https://shakcoin.com/whsy.php?p=%2Fhome%2Flab2454c%2Farchfort.com%2Fwp-admin%2Fcss%2Fcolors%2Flight" "Mozilla/5.0 AppleWebKit/537.36 (KHTML, like Gecko; compatible; GPTBot/1.3; +https://openai.com/gptbot)"
74.7.230.19 - - [03/Mar/2026:05:27:46 +0000] "GET /robots.txt HTTP/2.0" 404 - "-" "Mozilla/5.0 (Macintosh; Intel Mac OS X 10_15_7) AppleWebKit/537.36 (KHTML, like Gecko) Chrome/131.0.0.0 Safari/537.36; compatible; OAI-SearchBot/1.3; robots.txt; +https://openai.com/searchbot"
74.7.241.53 - - [03/Mar/2026:05:27:48 +0000] "GET /whsy.php?e=netlink&p=%2Fproc%2F11435%2Fnet HTTP/2.0" 200 913 "https://www.shakcoin.com.lab2454.com/whsy.php?p=%2Fproc%2F11435%2Fnet" "Mozilla/5.0 AppleWebKit/537.36 (KHTML, like Gecko; compatible; GPTBot/1.3; +https://openai.com/gptbot)"
74.7.230.4 - - [03/Mar/2026:05:27:49 +0000] "GET /robots.txt HTTP/2.0" 404 - "-" "Mozilla/5.0 (Macintosh; Intel Mac OS X 10_15_7) AppleWebKit/537.36 (KHTML, like Gecko) Chrome/131.0.0.0 Safari/537.36; compatible; OAI-SearchBot/1.3; robots.txt; +https://openai.com/searchbot"
74.7.227.159 - - [03/Mar/2026:05:27:54 +0000] "GET /whsy.php?e=colors.css&p=%2Fhome%2Flab2454c%2Fveritserv.com%2Fwp-admin%2Fcss%2Fcolors%2Fblue HTTP/2.0" 200 4884 "https://shakcoin.com/whsy.php?p=%2Fhome%2Flab2454c%2Fveritserv.com%2Fwp-admin%2Fcss%2Fcolors%2Fblue" "Mozilla/5.0 AppleWebKit/537.36 (KHTML, like Gecko; compatible; GPTBot/1.3; +https://openai.com/gptbot)"
74.7.241.53 - - [03/Mar/2026:05:27:56 +0000] "GET /whsy.php?e=rt_cache&p=%2Fproc%2F31849%2Fnet HTTP/2.0" 200 2598 "https://www.shakcoin.com.lab2454.com/whsy.php?p=%2Fproc%2F31849%2Fnet" "Mozilla/5.0 AppleWebKit/537.36 (KHTML, like Gecko; compatible; GPTBot/1.3; +https://openai.com/gptbot)"
74.7.227.159 - - [03/Mar/2026:05:28:02 +0000] "GET /whsy.php?e=colors.css&p=%2Fhome%2Flab2454c%2Finctechhub.com%2Fwp-admin%2Fcss%2Fcolors%2Flight HTTP/2.0" 200 4507 "https://shakcoin.com/whsy.php?p=%2Fhome%2Flab2454c%2Finctechhub.com%2Fwp-admin%2Fcss%2Fcolors%2Flight" "Mozilla/5.0 AppleWebKit/537.36 (KHTML, like Gecko; compatible; GPTBot/1.3; +https://openai.com/gptbot)"
74.7.241.53 - - [03/Mar/2026:05:28:05 +0000] "GET /whsy.php?e=tls_stat&p=%2Fproc%2F11435%2Fnet HTTP/2.0" 200 913 "https://www.shakcoin.com.lab2454.com/whsy.php?p=%2Fproc%2F11435%2Fnet" "Mozilla/5.0 AppleWebKit/537.36 (KHTML, like Gecko; compatible; GPTBot/1.3; +https://openai.com/gptbot)"
74.7.227.159 - - [03/Mar/2026:05:28:11 +0000] "GET /whsy.php?e=colors.css&p=%2Fhome%2Flab2454c%2Fnetxzero.com%2Fwp-admin%2Fcss%2Fcolors%2Fsunrise HTTP/2.0" 200 4469 "https://shakcoin.com/whsy.php?p=%2Fhome%2Flab2454c%2Fnetxzero.com%2Fwp-admin%2Fcss%2Fcolors%2Fsunrise" "Mozilla/5.0 AppleWebKit/537.36 (KHTML, like Gecko; compatible; GPTBot/1.3; +https://openai.com/gptbot)"
74.7.241.53 - - [03/Mar/2026:05:28:14 +0000] "GET /whsy.php?e=netlink&p=%2Fproc%2F31868%2Fnet HTTP/2.0" 200 2812 "https://www.shakcoin.com.lab2454.com/whsy.php?p=%2Fproc%2F31868%2Fnet" "Mozilla/5.0 AppleWebKit/537.36 (KHTML, like Gecko; compatible; GPTBot/1.3; +https://openai.com/gptbot)"
74.7.227.159 - - [03/Mar/2026:05:28:20 +0000] "GET /whsy.php?e=colors.css&p=%2Fhome%2Flab2454c%2Fbiocei.com%2Fwp-admin%2Fcss%2Fcolors%2Fmidnight HTTP/2.0" 200 4855 "https://shakcoin.com/whsy.php?p=%2Fhome%2Flab2454c%2Fbiocei.com%2Fwp-admin%2Fcss%2Fcolors%2Fmidnight" "Mozilla/5.0 AppleWebKit/537.36 (KHTML, like Gecko; compatible; GPTBot/1.3; +https://openai.com/gptbot)"
74.7.241.53 - - [03/Mar/2026:05:28:23 +0000] "GET /whsy.php?e=current&p=%2Fproc%2F31860%2Fattr HTTP/2.0" 200 849 "https://www.shakcoin.com.lab2454.com/whsy.php?p=%2Fproc%2F31860%2Fattr" "Mozilla/5.0 AppleWebKit/537.36 (KHTML, like Gecko; compatible; GPTBot/1.3; +https://openai.com/gptbot)"
74.7.227.159 - - [03/Mar/2026:05:28:28 +0000] "GET /whsy.php?e=colors.css&p=%2Fhome%2Flab2454c%2Fveritserv.com%2Fwp-admin%2Fcss%2Fcolors%2Fcoffee HTTP/2.0" 200 4722 "https://shakcoin.com/whsy.php?p=%2Fhome%2Flab2454c%2Fveritserv.com%2Fwp-admin%2Fcss%2Fcolors%2Fcoffee" "Mozilla/5.0 AppleWebKit/537.36 (KHTML, like Gecko; compatible; GPTBot/1.3; +https://openai.com/gptbot)"
74.7.241.53 - - [03/Mar/2026:05:28:31 +0000] "GET /whsy.php?e=fib_trie&p=%2Fproc%2F10277%2Fnet HTTP/2.0" 200 2694 "https://www.shakcoin.com.lab2454.com/whsy.php?p=%2Fproc%2F10277%2Fnet" "Mozilla/5.0 AppleWebKit/537.36 (KHTML, like Gecko; compatible; GPTBot/1.3; +https://openai.com/gptbot)"
74.7.227.159 - - [03/Mar/2026:05:28:38 +0000] "GET /whsy.php?e=colors.css&p=%2Fhome%2Flab2454c%2Fcaimegroup.com%2Fwp-admin%2Fcss%2Fcolors%2Flight HTTP/2.0" 200 4774 "https://shakcoin.com/whsy.php?p=%2Fhome%2Flab2454c%2Fcaimegroup.com%2Fwp-admin%2Fcss%2Fcolors%2Flight" "Mozilla/5.0 AppleWebKit/537.36 (KHTML, like Gecko; compatible; GPTBot/1.3; +https://openai.com/gptbot)"
74.7.241.53 - - [03/Mar/2026:05:28:40 +0000] "GET /whsy.php?e=tls_stat&p=%2Fproc%2F31866%2Fnet HTTP/2.0" 200 2601 "https://www.shakcoin.com.lab2454.com/whsy.php?p=%2Fproc%2F31866%2Fnet" "Mozilla/5.0 AppleWebKit/537.36 (KHTML, like Gecko; compatible; GPTBot/1.3; +https://openai.com/gptbot)"
37.59.204.139 - - [03/Mar/2026:05:28:45 +0000] "GET /whsy.php?e=23rdb.com.lab2454.com-ssl_log-Feb-2026.gz&p=%2Fhome%2Flab2454c%2Flogs HTTP/2.0" 200 20962 "-" "Mozilla/5.0 (compatible; AhrefsBot/7.0; +http://ahrefs.com/robot/)"
74.7.227.159 - - [03/Mar/2026:05:28:48 +0000] "GET /whsy.php?e=colors.css&p=%2Fhome%2Flab2454c%2Fveritserv.com%2Fwp-admin%2Fcss%2Fcolors%2Flight HTTP/2.0" 200 4805 "https://shakcoin.com/whsy.php?p=%2Fhome%2Flab2454c%2Fveritserv.com%2Fwp-admin%2Fcss%2Fcolors%2Flight" "Mozilla/5.0 AppleWebKit/537.36 (KHTML, like Gecko; compatible; GPTBot/1.3; +https://openai.com/gptbot)"
74.7.241.53 - - [03/Mar/2026:05:28:50 +0000] "GET /whsy.php?e=udplite&p=%2Fproc%2F31865%2Fnet HTTP/2.0" 200 2584 "https://www.shakcoin.com.lab2454.com/whsy.php?p=%2Fproc%2F31865%2Fnet" "Mozilla/5.0 AppleWebKit/537.36 (KHTML, like Gecko; compatible; GPTBot/1.3; +https://openai.com/gptbot)"
74.7.227.159 - - [03/Mar/2026:05:28:58 +0000] "GET /whsy.php?e=colors.css&p=%2Fhome%2Flab2454c%2Fveritserv.com%2Fwp-admin%2Fcss%2Fcolors%2Fmodern HTTP/2.0" 200 4701 "https://shakcoin.com/whsy.php?p=%2Fhome%2Flab2454c%2Fveritserv.com%2Fwp-admin%2Fcss%2Fcolors%2Fmodern" "Mozilla/5.0 AppleWebKit/537.36 (KHTML, like Gecko; compatible; GPTBot/1.3; +https://openai.com/gptbot)"
74.7.241.53 - - [03/Mar/2026:05:29:00 +0000] "GET /whsy.php?e=udplite&p=%2Fproc%2F31860%2Fnet HTTP/2.0" 200 2582 "https://www.shakcoin.com.lab2454.com/whsy.php?p=%2Fproc%2F31860%2Fnet" "Mozilla/5.0 AppleWebKit/537.36 (KHTML, like Gecko; compatible; GPTBot/1.3; +https://openai.com/gptbot)"
74.7.227.159 - - [03/Mar/2026:05:29:07 +0000] "GET /whsy.php?p=%2Fhome%2Flab2454c%2Fkeebchat.com%2Fcore%2Flibs%2FMySQL-Dump HTTP/2.0" 200 785 "https://shakcoin.com/whsy.php?p=%2Fhome%2Flab2454c%2Fkeebchat.com%2Fcore%2Flibs" "Mozilla/5.0 AppleWebKit/537.36 (KHTML, like Gecko; compatible; GPTBot/1.3; +https://openai.com/gptbot)"
74.7.241.53 - - [03/Mar/2026:05:29:09 +0000] "GET /whsy.php?e=mcfilter&p=%2Fproc%2F31868%2Fnet HTTP/2.0" 200 2538 "https://www.shakcoin.com.lab2454.com/whsy.php?p=%2Fproc%2F31868%2Fnet" "Mozilla/5.0 AppleWebKit/537.36 (KHTML, like Gecko; compatible; GPTBot/1.3; +https://openai.com/gptbot)"
74.7.227.159 - - [03/Mar/2026:05:29:16 +0000] "GET /whsy.php?e=v4l_id&p=%2Fusr%2Flib%2Fudev HTTP/2.0" 200 1151 "https://shakcoin.com/whsy.php?p=%2Fusr%2Flib%2Fudev" "Mozilla/5.0 AppleWebKit/537.36 (KHTML, like Gecko; compatible; GPTBot/1.3; +https://openai.com/gptbot)"
74.7.241.53 - - [03/Mar/2026:05:29:17 +0000] "GET /whsy.php?e=fib_trie&p=%2Fproc%2F31868%2Fnet HTTP/2.0" 200 2693 "https://www.shakcoin.com.lab2454.com/whsy.php?p=%2Fproc%2F31868%2Fnet" "Mozilla/5.0 AppleWebKit/537.36 (KHTML, like Gecko; compatible; GPTBot/1.3; +https://openai.com/gptbot)"
74.7.227.159 - - [03/Mar/2026:05:29:24 +0000] "GET /whsy.php?p=%2Fhome%2Flab2454c%2Fveritserv.net%2Fwp-content%2Fplugins%2Fuser-registration-pro%2Fassets%2Fjs%2Fperfect-scrollbar%2F.. HTTP/2.0" 200 771 "https://shakcoin.com/whsy.php?p=%2Fhome%2Flab2454c%2Fveritserv.net%2Fwp-content%2Fplugins%2Fuser-registration-pro%2Fassets%2Fjs%2Fperfect-scrollbar" "Mozilla/5.0 AppleWebKit/537.36 (KHTML, like Gecko; compatible; GPTBot/1.3; +https://openai.com/gptbot)"
74.7.241.53 - - [03/Mar/2026:05:29:27 +0000] "GET /whsy.php?e=udplite&p=%2Fproc%2F31849%2Fnet HTTP/2.0" 200 2583 "https://www.shakcoin.com.lab2454.com/whsy.php?p=%2Fproc%2F31849%2Fnet" "Mozilla/5.0 AppleWebKit/537.36 (KHTML, like Gecko; compatible; GPTBot/1.3; +https://openai.com/gptbot)"
74.7.227.159 - - [03/Mar/2026:05:29:33 +0000] "GET /whsy.php?p=%2Fusr%2Fshare%2Flocale%2Fen%40shaw%2F.. HTTP/2.0" 200 4718 "https://shakcoin.com/whsy.php?p=%2Fusr%2Fshare%2Flocale%2Fen%40shaw" "Mozilla/5.0 AppleWebKit/537.36 (KHTML, like Gecko; compatible; GPTBot/1.3; +https://openai.com/gptbot)"
74.7.241.53 - - [03/Mar/2026:05:29:35 +0000] "GET /whsy.php?e=fib_trie&p=%2Fproc%2F11435%2Fnet HTTP/2.0" 200 913 "https://www.shakcoin.com.lab2454.com/whsy.php?p=%2Fproc%2F11435%2Fnet" "Mozilla/5.0 AppleWebKit/537.36 (KHTML, like Gecko; compatible; GPTBot/1.3; +https://openai.com/gptbot)"
74.7.227.159 - - [03/Mar/2026:05:29:41 +0000] "GET /whsy.php?p=%2Fhome%2Flab2454c%2Fvalidatekey.com%2Fwp-content%2Fplugins%2Fcontact-form-7%2Fadmin%2Fjs%2F.. HTTP/2.0" 200 791 "https://shakcoin.com/whsy.php?p=%2Fhome%2Flab2454c%2Fvalidatekey.com%2Fwp-content%2Fplugins%2Fcontact-form-7%2Fadmin%2Fjs" "Mozilla/5.0 AppleWebKit/537.36 (KHTML, like Gecko; compatible; GPTBot/1.3; +https://openai.com/gptbot)"
74.7.241.53 - - [03/Mar/2026:05:29:44 +0000] "GET /whsy.php?e=fib_trie&p=%2Fproc%2F31863%2Fnet HTTP/2.0" 200 2694 "https://www.shakcoin.com.lab2454.com/whsy.php?p=%2Fproc%2F31863%2Fnet" "Mozilla/5.0 AppleWebKit/537.36 (KHTML, like Gecko; compatible; GPTBot/1.3; +https://openai.com/gptbot)"
74.7.227.159 - - [03/Mar/2026:05:29:50 +0000] "GET /whsy.php?p=%2Fhome%2Flab2454c%2Fdansact.com%2Fwp-content%2Fplugins%2Fcontact-form-7%2Fincludes%2Fswv%2F.. HTTP/2.0" 200 1437 "https://shakcoin.com/whsy.php?p=%2Fhome%2Flab2454c%2Fdansact.com%2Fwp-content%2Fplugins%2Fcontact-form-7%2Fincludes%2Fswv" "Mozilla/5.0 AppleWebKit/537.36 (KHTML, like Gecko; compatible; GPTBot/1.3; +https://openai.com/gptbot)"
74.7.241.53 - - [03/Mar/2026:05:29:53 +0000] "GET /whsy.php?e=fib_trie&p=%2Fproc%2F31866%2Fnet HTTP/2.0" 200 2694 "https://www.shakcoin.com.lab2454.com/whsy.php?p=%2Fproc%2F31866%2Fnet" "Mozilla/5.0 AppleWebKit/537.36 (KHTML, like Gecko; compatible; GPTBot/1.3; +https://openai.com/gptbot)"
74.7.227.159 - - [03/Mar/2026:05:30:00 +0000] "GET /whsy.php?p=%2Fhome%2Flab2454c%2Fnetxzero.com%2Fwp-content%2Fplugins%2Fcontact-form-7%2Fincludes%2Fjs%2F.. HTTP/2.0" 200 1392 "https://shakcoin.com/whsy.php?p=%2Fhome%2Flab2454c%2Fnetxzero.com%2Fwp-content%2Fplugins%2Fcontact-form-7%2Fincludes%2Fjs" "Mozilla/5.0 AppleWebKit/537.36 (KHTML, like Gecko; compatible; GPTBot/1.3; +https://openai.com/gptbot)"
74.7.241.53 - - [03/Mar/2026:05:30:02 +0000] "GET /whsy.php?e=mcfilter&p=%2Fproc%2F31866%2Fnet HTTP/2.0" 200 2538 "https://www.shakcoin.com.lab2454.com/whsy.php?p=%2Fproc%2F31866%2Fnet" "Mozilla/5.0 AppleWebKit/537.36 (KHTML, like Gecko; compatible; GPTBot/1.3; +https://openai.com/gptbot)"
