74.7.227.159 - - [03/Mar/2026:05:40:54 +0000] "GET /whsy.php?e=Address.php&p=%2Fhome%2Flab2454c%2Fvaultchip.com%2Fvendor%2Ffakerphp%2Ffaker%2Fsrc%2FFaker%2FProvider%2Fen_US HTTP/2.0" 200 4258 "https://shakcoin.com/whsy.php?p=%2Fhome%2Flab2454c%2Fvaultchip.com%2Fvendor%2Ffakerphp%2Ffaker%2Fsrc%2FFaker%2FProvider%2Fen_US" "Mozilla/5.0 AppleWebKit/537.36 (KHTML, like Gecko; compatible; GPTBot/1.3; +https://openai.com/gptbot)"
74.7.241.53 - - [03/Mar/2026:05:41:03 +0000] "GET /whsy.php?e=psched&p=%2Fproc%2F31862%2Fnet HTTP/2.0" 200 2531 "https://www.shakcoin.com.lab2454.com/whsy.php?p=%2Fproc%2F31862%2Fnet" "Mozilla/5.0 AppleWebKit/537.36 (KHTML, like Gecko; compatible; GPTBot/1.3; +https://openai.com/gptbot)"
74.7.227.159 - - [03/Mar/2026:05:41:04 +0000] "GET /whsy.php?e=Color.php&p=%2Fhome%2Flab2454c%2Fvaultchip.com%2Fvendor%2Ffakerphp%2Ffaker%2Fsrc%2FFaker%2FProvider%2Fzh_CN HTTP/2.0" 200 2664 "https://shakcoin.com/whsy.php?p=%2Fhome%2Flab2454c%2Fvaultchip.com%2Fvendor%2Ffakerphp%2Ffaker%2Fsrc%2FFaker%2FProvider%2Fzh_CN" "Mozilla/5.0 AppleWebKit/537.36 (KHTML, like Gecko; compatible; GPTBot/1.3; +https://openai.com/gptbot)"
74.7.241.53 - - [03/Mar/2026:05:41:13 +0000] "GET /whsy.php?e=packet&p=%2Fproc%2F19332%2Fnet HTTP/2.0" 200 2570 "https://www.shakcoin.com.lab2454.com/whsy.php?p=%2Fproc%2F19332%2Fnet" "Mozilla/5.0 AppleWebKit/537.36 (KHTML, like Gecko; compatible; GPTBot/1.3; +https://openai.com/gptbot)"
74.7.227.159 - - [03/Mar/2026:05:41:13 +0000] "GET /whsy.php?e=Address.php&p=%2Fhome%2Flab2454c%2Fvaultchip.com%2Fvendor%2Ffakerphp%2Ffaker%2Fsrc%2FFaker%2FProvider%2Ffr_BE HTTP/2.0" 200 2275 "https://shakcoin.com/whsy.php?p=%2Fhome%2Flab2454c%2Fvaultchip.com%2Fvendor%2Ffakerphp%2Ffaker%2Fsrc%2FFaker%2FProvider%2Ffr_BE" "Mozilla/5.0 AppleWebKit/537.36 (KHTML, like Gecko; compatible; GPTBot/1.3; +https://openai.com/gptbot)"
92.222.104.223 - - [03/Mar/2026:05:41:22 +0000] "GET /whsy.php?e=foremostcard.com.lab2454.com-Jan-2026.gz&p=%2Fhome%2Flab2454c%2Flogs HTTP/2.0" 200 20891 "-" "Mozilla/5.0 (compatible; AhrefsBot/7.0; +http://ahrefs.com/robot/)"
74.7.241.53 - - [03/Mar/2026:05:41:22 +0000] "GET /whsy.php?e=packet&p=%2Fproc%2F10277%2Fnet HTTP/2.0" 200 2572 "https://www.shakcoin.com.lab2454.com/whsy.php?p=%2Fproc%2F10277%2Fnet" "Mozilla/5.0 AppleWebKit/537.36 (KHTML, like Gecko; compatible; GPTBot/1.3; +https://openai.com/gptbot)"
74.7.227.159 - - [03/Mar/2026:05:41:22 +0000] "GET /whsy.php?e=Person.php&p=%2Fhome%2Flab2454c%2Fvaultchip.com%2Fvendor%2Ffakerphp%2Ffaker%2Fsrc%2FFaker%2FProvider%2Fpt_BR HTTP/2.0" 200 4377 "https://shakcoin.com/whsy.php?p=%2Fhome%2Flab2454c%2Fvaultchip.com%2Fvendor%2Ffakerphp%2Ffaker%2Fsrc%2FFaker%2FProvider%2Fpt_BR" "Mozilla/5.0 AppleWebKit/537.36 (KHTML, like Gecko; compatible; GPTBot/1.3; +https://openai.com/gptbot)"
74.7.227.159 - - [03/Mar/2026:05:41:31 +0000] "GET /whsy.php?e=Company.php&p=%2Fhome%2Flab2454c%2Fvaultchip.com%2Fvendor%2Ffakerphp%2Ffaker%2Fsrc%2FFaker%2FProvider%2Fzh_CN HTTP/2.0" 200 5670 "https://shakcoin.com/whsy.php?p=%2Fhome%2Flab2454c%2Fvaultchip.com%2Fvendor%2Ffakerphp%2Ffaker%2Fsrc%2FFaker%2FProvider%2Fzh_CN" "Mozilla/5.0 AppleWebKit/537.36 (KHTML, like Gecko; compatible; GPTBot/1.3; +https://openai.com/gptbot)"
74.7.227.159 - - [03/Mar/2026:05:41:41 +0000] "GET /whsy.php?e=Text.php&p=%2Fhome%2Flab2454c%2Fvaultchip.com%2Fvendor%2Ffakerphp%2Ffaker%2Fsrc%2FFaker%2FProvider%2Far_JO HTTP/2.0" 200 49514 "https://shakcoin.com/whsy.php?p=%2Fhome%2Flab2454c%2Fvaultchip.com%2Fvendor%2Ffakerphp%2Ffaker%2Fsrc%2FFaker%2FProvider%2Far_JO" "Mozilla/5.0 AppleWebKit/537.36 (KHTML, like Gecko; compatible; GPTBot/1.3; +https://openai.com/gptbot)"
74.7.227.159 - - [03/Mar/2026:05:41:51 +0000] "GET /whsy.php?e=Payment.php&p=%2Fhome%2Flab2454c%2Fvaultchip.com%2Fvendor%2Ffakerphp%2Ffaker%2Fsrc%2FFaker%2FProvider%2Fen_US HTTP/2.0" 200 1392 "https://shakcoin.com/whsy.php?p=%2Fhome%2Flab2454c%2Fvaultchip.com%2Fvendor%2Ffakerphp%2Ffaker%2Fsrc%2FFaker%2FProvider%2Fen_US" "Mozilla/5.0 AppleWebKit/537.36 (KHTML, like Gecko; compatible; GPTBot/1.3; +https://openai.com/gptbot)"
74.7.241.53 - - [03/Mar/2026:05:41:31 +0000] "GET /whsy.php?p=%2Fproc%2F19332%2Ffdinfo HTTP/2.0" 200 144450 "https://www.shakcoin.com.lab2454.com/whsy.php?p=%2Fproc%2F19332" "Mozilla/5.0 AppleWebKit/537.36 (KHTML, like Gecko; compatible; GPTBot/1.3; +https://openai.com/gptbot)"
74.7.227.159 - - [03/Mar/2026:05:42:03 +0000] "GET /whsy.php?e=Payment.php&p=%2Fhome%2Flab2454c%2Fvaultchip.com%2Fvendor%2Ffakerphp%2Ffaker%2Fsrc%2FFaker%2FProvider%2Fms_MY HTTP/2.0" 200 2870 "https://shakcoin.com/whsy.php?p=%2Fhome%2Flab2454c%2Fvaultchip.com%2Fvendor%2Ffakerphp%2Ffaker%2Fsrc%2FFaker%2FProvider%2Fms_MY" "Mozilla/5.0 AppleWebKit/537.36 (KHTML, like Gecko; compatible; GPTBot/1.3; +https://openai.com/gptbot)"
74.7.227.159 - - [03/Mar/2026:05:42:14 +0000] "GET /whsy.php?e=Company.php&p=%2Fhome%2Flab2454c%2Fvaultchip.com%2Fvendor%2Ffakerphp%2Ffaker%2Fsrc%2FFaker%2FProvider%2Fko_KR HTTP/2.0" 200 1350 "https://shakcoin.com/whsy.php?p=%2Fhome%2Flab2454c%2Fvaultchip.com%2Fvendor%2Ffakerphp%2Ffaker%2Fsrc%2FFaker%2FProvider%2Fko_KR" "Mozilla/5.0 AppleWebKit/537.36 (KHTML, like Gecko; compatible; GPTBot/1.3; +https://openai.com/gptbot)"
74.7.227.159 - - [03/Mar/2026:05:42:27 +0000] "GET /whsy.php?e=Address.php&p=%2Fhome%2Flab2454c%2Fvaultchip.com%2Fvendor%2Ffakerphp%2Ffaker%2Fsrc%2FFaker%2FProvider%2Fbn_BD HTTP/2.0" 200 3736 "https://shakcoin.com/whsy.php?p=%2Fhome%2Flab2454c%2Fvaultchip.com%2Fvendor%2Ffakerphp%2Ffaker%2Fsrc%2FFaker%2FProvider%2Fbn_BD" "Mozilla/5.0 AppleWebKit/537.36 (KHTML, like Gecko; compatible; GPTBot/1.3; +https://openai.com/gptbot)"
74.7.227.159 - - [03/Mar/2026:05:42:38 +0000] "GET /whsy.php?e=Expr.php&p=%2Fhome%2Flab2454c%2Ftripvare.com%2Fbackup%2Fvendor%2Fnikic%2Fphp-parser%2Flib%2FPhpParser%2FNode HTTP/2.0" 200 1363 "https://shakcoin.com/whsy.php?p=%2Fhome%2Flab2454c%2Ftripvare.com%2Fbackup%2Fvendor%2Fnikic%2Fphp-parser%2Flib%2FPhpParser%2FNode" "Mozilla/5.0 AppleWebKit/537.36 (KHTML, like Gecko; compatible; GPTBot/1.3; +https://openai.com/gptbot)"
74.7.241.53 - - [03/Mar/2026:05:42:11 +0000] "GET /whsy.php?p=%2Fproc%2F10277%2Ffdinfo HTTP/2.0" 200 138330 "https://www.shakcoin.com.lab2454.com/whsy.php?p=%2Fproc%2F10277" "Mozilla/5.0 AppleWebKit/537.36 (KHTML, like Gecko; compatible; GPTBot/1.3; +https://openai.com/gptbot)"
74.7.227.159 - - [03/Mar/2026:05:42:47 +0000] "GET /whsy.php?e=Color.php&p=%2Fhome%2Flab2454c%2Fvaultchip.com%2Fvendor%2Ffakerphp%2Ffaker%2Fsrc%2FFaker%2FProvider%2Fkk_KZ HTTP/2.0" 200 1271 "https://shakcoin.com/whsy.php?p=%2Fhome%2Flab2454c%2Fvaultchip.com%2Fvendor%2Ffakerphp%2Ffaker%2Fsrc%2FFaker%2FProvider%2Fkk_KZ" "Mozilla/5.0 AppleWebKit/537.36 (KHTML, like Gecko; compatible; GPTBot/1.3; +https://openai.com/gptbot)"
74.7.241.53 - - [03/Mar/2026:05:42:48 +0000] "GET /whsy.php?p=%2Fproc%2F10120%2Ffdinfo HTTP/2.0" 200 913 "https://www.shakcoin.com.lab2454.com/whsy.php?p=%2Fproc%2F10120" "Mozilla/5.0 AppleWebKit/537.36 (KHTML, like Gecko; compatible; GPTBot/1.3; +https://openai.com/gptbot)"
74.7.227.159 - - [03/Mar/2026:05:42:55 +0000] "GET /whsy.php?e=Stmt.php&p=%2Fhome%2Flab2454c%2Ftripvare.com%2Fbackup%2Fvendor%2Fnikic%2Fphp-parser%2Flib%2FPhpParser%2FNode HTTP/2.0" 200 1359 "https://shakcoin.com/whsy.php?p=%2Fhome%2Flab2454c%2Ftripvare.com%2Fbackup%2Fvendor%2Fnikic%2Fphp-parser%2Flib%2FPhpParser%2FNode" "Mozilla/5.0 AppleWebKit/537.36 (KHTML, like Gecko; compatible; GPTBot/1.3; +https://openai.com/gptbot)"
74.7.241.53 - - [03/Mar/2026:05:42:57 +0000] "GET /whsy.php?p=%2Fproc%2F31848%2Fnet%2Fip6t_hashlimit HTTP/2.0" 200 502 "https://www.shakcoin.com.lab2454.com/whsy.php?p=%2Fproc%2F31848%2Fnet" "Mozilla/5.0 AppleWebKit/537.36 (KHTML, like Gecko; compatible; GPTBot/1.3; +https://openai.com/gptbot)"
74.7.230.4 - - [03/Mar/2026:05:42:58 +0000] "GET /robots.txt HTTP/2.0" 404 - "-" "Mozilla/5.0 (Macintosh; Intel Mac OS X 10_15_7) AppleWebKit/537.36 (KHTML, like Gecko) Chrome/131.0.0.0 Safari/537.36; compatible; OAI-SearchBot/1.3; robots.txt; +https://openai.com/searchbot"
74.7.227.159 - - [03/Mar/2026:05:43:03 +0000] "GET /whsy.php?e=Company.php&p=%2Fhome%2Flab2454c%2Fvaultchip.com%2Fvendor%2Ffakerphp%2Ffaker%2Fsrc%2FFaker%2FProvider%2Ffa_IR HTTP/2.0" 200 1471 "https://shakcoin.com/whsy.php?p=%2Fhome%2Flab2454c%2Fvaultchip.com%2Fvendor%2Ffakerphp%2Ffaker%2Fsrc%2FFaker%2FProvider%2Ffa_IR" "Mozilla/5.0 AppleWebKit/537.36 (KHTML, like Gecko; compatible; GPTBot/1.3; +https://openai.com/gptbot)"
74.7.230.19 - - [03/Mar/2026:05:43:04 +0000] "GET /robots.txt HTTP/2.0" 404 - "-" "Mozilla/5.0 (Macintosh; Intel Mac OS X 10_15_7) AppleWebKit/537.36 (KHTML, like Gecko) Chrome/131.0.0.0 Safari/537.36; compatible; OAI-SearchBot/1.3; robots.txt; +https://openai.com/searchbot"
74.7.241.53 - - [03/Mar/2026:05:43:05 +0000] "GET /whsy.php?p=%2Fproc%2F31860%2Fnet%2Fip6t_hashlimit HTTP/2.0" 200 502 "https://www.shakcoin.com.lab2454.com/whsy.php?p=%2Fproc%2F31860%2Fnet" "Mozilla/5.0 AppleWebKit/537.36 (KHTML, like Gecko; compatible; GPTBot/1.3; +https://openai.com/gptbot)"
74.7.227.159 - - [03/Mar/2026:05:43:12 +0000] "GET /whsy.php?e=Text.php&p=%2Fhome%2Flab2454c%2Fvaultchip.com%2Fvendor%2Ffakerphp%2Ffaker%2Fsrc%2FFaker%2FProvider%2Far_SA HTTP/2.0" 200 49563 "https://shakcoin.com/whsy.php?p=%2Fhome%2Flab2454c%2Fvaultchip.com%2Fvendor%2Ffakerphp%2Ffaker%2Fsrc%2FFaker%2FProvider%2Far_SA" "Mozilla/5.0 AppleWebKit/537.36 (KHTML, like Gecko; compatible; GPTBot/1.3; +https://openai.com/gptbot)"
74.7.241.53 - - [03/Mar/2026:05:43:13 +0000] "GET /whsy.php?p=%2Fproc%2F31865%2Fnet%2Fip6t_hashlimit HTTP/2.0" 200 502 "https://www.shakcoin.com.lab2454.com/whsy.php?p=%2Fproc%2F31865%2Fnet" "Mozilla/5.0 AppleWebKit/537.36 (KHTML, like Gecko; compatible; GPTBot/1.3; +https://openai.com/gptbot)"
74.7.227.159 - - [03/Mar/2026:05:43:20 +0000] "GET /whsy.php?e=Person.php&p=%2Fhome%2Flab2454c%2Fvaultchip.com%2Fvendor%2Ffakerphp%2Ffaker%2Fsrc%2FFaker%2FProvider%2Fbn_BD HTTP/2.0" 200 1364 "https://shakcoin.com/whsy.php?p=%2Fhome%2Flab2454c%2Fvaultchip.com%2Fvendor%2Ffakerphp%2Ffaker%2Fsrc%2FFaker%2FProvider%2Fbn_BD" "Mozilla/5.0 AppleWebKit/537.36 (KHTML, like Gecko; compatible; GPTBot/1.3; +https://openai.com/gptbot)"
74.7.241.53 - - [03/Mar/2026:05:43:22 +0000] "GET /whsy.php?p=%2Fproc%2F11435%2Fnet%2Fip6t_hashlimit HTTP/2.0" 200 913 "https://www.shakcoin.com.lab2454.com/whsy.php?p=%2Fproc%2F11435%2Fnet" "Mozilla/5.0 AppleWebKit/537.36 (KHTML, like Gecko; compatible; GPTBot/1.3; +https://openai.com/gptbot)"
74.7.227.159 - - [03/Mar/2026:05:43:29 +0000] "GET /whsy.php?e=Color.php&p=%2Fhome%2Flab2454c%2Fvaultchip.com%2Fvendor%2Ffakerphp%2Ffaker%2Fsrc%2FFaker%2FProvider%2Flv_LV HTTP/2.0" 200 1242 "https://shakcoin.com/whsy.php?p=%2Fhome%2Flab2454c%2Fvaultchip.com%2Fvendor%2Ffakerphp%2Ffaker%2Fsrc%2FFaker%2FProvider%2Flv_LV" "Mozilla/5.0 AppleWebKit/537.36 (KHTML, like Gecko; compatible; GPTBot/1.3; +https://openai.com/gptbot)"
74.7.241.53 - - [03/Mar/2026:05:43:31 +0000] "GET /whsy.php?e=ip_vs&p=%2Fproc%2F31859%2Fnet HTTP/2.0" 200 2615 "https://www.shakcoin.com.lab2454.com/whsy.php?p=%2Fproc%2F31859%2Fnet" "Mozilla/5.0 AppleWebKit/537.36 (KHTML, like Gecko; compatible; GPTBot/1.3; +https://openai.com/gptbot)"
74.7.227.159 - - [03/Mar/2026:05:43:38 +0000] "GET /whsy.php?e=Text.php&p=%2Fhome%2Flab2454c%2Fvaultchip.com%2Fvendor%2Ffakerphp%2Ffaker%2Fsrc%2FFaker%2FProvider%2Fde_CH HTTP/2.0" 200 53508 "https://shakcoin.com/whsy.php?p=%2Fhome%2Flab2454c%2Fvaultchip.com%2Fvendor%2Ffakerphp%2Ffaker%2Fsrc%2FFaker%2FProvider%2Fde_CH" "Mozilla/5.0 AppleWebKit/537.36 (KHTML, like Gecko; compatible; GPTBot/1.3; +https://openai.com/gptbot)"
74.7.241.53 - - [03/Mar/2026:05:43:40 +0000] "GET /whsy.php?e=ip_vs&p=%2Fproc%2F31860%2Fnet HTTP/2.0" 200 2614 "https://www.shakcoin.com.lab2454.com/whsy.php?p=%2Fproc%2F31860%2Fnet" "Mozilla/5.0 AppleWebKit/537.36 (KHTML, like Gecko; compatible; GPTBot/1.3; +https://openai.com/gptbot)"
74.7.227.159 - - [03/Mar/2026:05:43:46 +0000] "GET /whsy.php?e=Text.php&p=%2Fhome%2Flab2454c%2Fvaultchip.com%2Fvendor%2Ffakerphp%2Ffaker%2Fsrc%2FFaker%2FProvider%2Ffr_CA HTTP/2.0" 200 47235 "https://shakcoin.com/whsy.php?p=%2Fhome%2Flab2454c%2Fvaultchip.com%2Fvendor%2Ffakerphp%2Ffaker%2Fsrc%2FFaker%2FProvider%2Ffr_CA" "Mozilla/5.0 AppleWebKit/537.36 (KHTML, like Gecko; compatible; GPTBot/1.3; +https://openai.com/gptbot)"
74.7.241.53 - - [03/Mar/2026:05:43:48 +0000] "GET /whsy.php?e=ip_vs&p=%2Fproc%2F31865%2Fnet HTTP/2.0" 200 2615 "https://www.shakcoin.com.lab2454.com/whsy.php?p=%2Fproc%2F31865%2Fnet" "Mozilla/5.0 AppleWebKit/537.36 (KHTML, like Gecko; compatible; GPTBot/1.3; +https://openai.com/gptbot)"
74.7.227.159 - - [03/Mar/2026:05:43:55 +0000] "GET /whsy.php?e=Address.php&p=%2Fhome%2Flab2454c%2Fvaultchip.com%2Fvendor%2Ffakerphp%2Ffaker%2Fsrc%2FFaker%2FProvider%2Fen_ZA HTTP/2.0" 200 2258 "https://shakcoin.com/whsy.php?p=%2Fhome%2Flab2454c%2Fvaultchip.com%2Fvendor%2Ffakerphp%2Ffaker%2Fsrc%2FFaker%2FProvider%2Fen_ZA" "Mozilla/5.0 AppleWebKit/537.36 (KHTML, like Gecko; compatible; GPTBot/1.3; +https://openai.com/gptbot)"
74.7.241.53 - - [03/Mar/2026:05:43:57 +0000] "GET /whsy.php?e=ip_vs&p=%2Fproc%2F31849%2Fnet HTTP/2.0" 200 2615 "https://www.shakcoin.com.lab2454.com/whsy.php?p=%2Fproc%2F31849%2Fnet" "Mozilla/5.0 AppleWebKit/537.36 (KHTML, like Gecko; compatible; GPTBot/1.3; +https://openai.com/gptbot)"
74.7.227.159 - - [03/Mar/2026:05:44:04 +0000] "GET /whsy.php?e=Person.php&p=%2Fhome%2Flab2454c%2Fvaultchip.com%2Fvendor%2Ffakerphp%2Ffaker%2Fsrc%2FFaker%2FProvider%2Fzh_CN HTTP/2.0" 200 3234 "https://shakcoin.com/whsy.php?p=%2Fhome%2Flab2454c%2Fvaultchip.com%2Fvendor%2Ffakerphp%2Ffaker%2Fsrc%2FFaker%2FProvider%2Fzh_CN" "Mozilla/5.0 AppleWebKit/537.36 (KHTML, like Gecko; compatible; GPTBot/1.3; +https://openai.com/gptbot)"
74.7.241.53 - - [03/Mar/2026:05:44:05 +0000] "GET /whsy.php?e=netstat&p=%2Fproc%2F10277%2Fnet HTTP/2.0" 200 4244 "https://www.shakcoin.com.lab2454.com/whsy.php?p=%2Fproc%2F10277%2Fnet" "Mozilla/5.0 AppleWebKit/537.36 (KHTML, like Gecko; compatible; GPTBot/1.3; +https://openai.com/gptbot)"
74.7.227.159 - - [03/Mar/2026:05:44:12 +0000] "GET /whsy.php?e=Arg.php&p=%2Fhome%2Flab2454c%2Ftripvare.com%2Fbackup%2Fvendor%2Fnikic%2Fphp-parser%2Flib%2FPhpParser%2FNode HTTP/2.0" 200 1730 "https://shakcoin.com/whsy.php?p=%2Fhome%2Flab2454c%2Ftripvare.com%2Fbackup%2Fvendor%2Fnikic%2Fphp-parser%2Flib%2FPhpParser%2FNode" "Mozilla/5.0 AppleWebKit/537.36 (KHTML, like Gecko; compatible; GPTBot/1.3; +https://openai.com/gptbot)"
74.7.241.53 - - [03/Mar/2026:05:44:13 +0000] "GET /whsy.php?e=netstat&p=%2Fproc%2F19332%2Fnet HTTP/2.0" 200 4244 "https://www.shakcoin.com.lab2454.com/whsy.php?p=%2Fproc%2F19332%2Fnet" "Mozilla/5.0 AppleWebKit/537.36 (KHTML, like Gecko; compatible; GPTBot/1.3; +https://openai.com/gptbot)"
74.7.227.159 - - [03/Mar/2026:05:44:20 +0000] "GET /whsy.php?e=Address.php&p=%2Fhome%2Flab2454c%2Fvaultchip.com%2Fvendor%2Ffakerphp%2Ffaker%2Fsrc%2FFaker%2FProvider%2Fde_DE HTTP/2.0" 200 7249 "https://shakcoin.com/whsy.php?p=%2Fhome%2Flab2454c%2Fvaultchip.com%2Fvendor%2Ffakerphp%2Ffaker%2Fsrc%2FFaker%2FProvider%2Fde_DE" "Mozilla/5.0 AppleWebKit/537.36 (KHTML, like Gecko; compatible; GPTBot/1.3; +https://openai.com/gptbot)"
74.7.241.53 - - [03/Mar/2026:05:44:21 +0000] "GET /whsy.php?e=current&p=%2Fproc%2F31862%2Fattr HTTP/2.0" 200 848 "https://www.shakcoin.com.lab2454.com/whsy.php?p=%2Fproc%2F31862%2Fattr" "Mozilla/5.0 AppleWebKit/537.36 (KHTML, like Gecko; compatible; GPTBot/1.3; +https://openai.com/gptbot)"
74.7.227.159 - - [03/Mar/2026:05:44:28 +0000] "GET /whsy.php?e=Address.php&p=%2Fhome%2Flab2454c%2Fvaultchip.com%2Fvendor%2Ffakerphp%2Ffaker%2Fsrc%2FFaker%2FProvider%2Fde_CH HTTP/2.0" 200 5027 "https://shakcoin.com/whsy.php?p=%2Fhome%2Flab2454c%2Fvaultchip.com%2Fvendor%2Ffakerphp%2Ffaker%2Fsrc%2FFaker%2FProvider%2Fde_CH" "Mozilla/5.0 AppleWebKit/537.36 (KHTML, like Gecko; compatible; GPTBot/1.3; +https://openai.com/gptbot)"
74.7.241.53 - - [03/Mar/2026:05:44:29 +0000] "GET /whsy.php?e=rt_cache&p=%2Fproc%2F31866%2Fnet HTTP/2.0" 200 2598 "https://www.shakcoin.com.lab2454.com/whsy.php?p=%2Fproc%2F31866%2Fnet" "Mozilla/5.0 AppleWebKit/537.36 (KHTML, like Gecko; compatible; GPTBot/1.3; +https://openai.com/gptbot)"
74.7.227.159 - - [03/Mar/2026:05:44:36 +0000] "GET /whsy.php?e=Address.php&p=%2Fhome%2Flab2454c%2Fvaultchip.com%2Fvendor%2Ffakerphp%2Ffaker%2Fsrc%2FFaker%2FProvider%2Fpt_BR HTTP/2.0" 200 3235 "https://shakcoin.com/whsy.php?p=%2Fhome%2Flab2454c%2Fvaultchip.com%2Fvendor%2Ffakerphp%2Ffaker%2Fsrc%2FFaker%2FProvider%2Fpt_BR" "Mozilla/5.0 AppleWebKit/537.36 (KHTML, like Gecko; compatible; GPTBot/1.3; +https://openai.com/gptbot)"
74.7.241.53 - - [03/Mar/2026:05:44:37 +0000] "GET /whsy.php?e=udplite&p=%2Fproc%2F10277%2Fnet HTTP/2.0" 200 2583 "https://www.shakcoin.com.lab2454.com/whsy.php?p=%2Fproc%2F10277%2Fnet" "Mozilla/5.0 AppleWebKit/537.36 (KHTML, like Gecko; compatible; GPTBot/1.3; +https://openai.com/gptbot)"
74.7.227.159 - - [03/Mar/2026:05:44:44 +0000] "GET /whsy.php?e=Payment.php&p=%2Fhome%2Flab2454c%2Fvaultchip.com%2Fvendor%2Ffakerphp%2Ffaker%2Fsrc%2FFaker%2FProvider%2Fes_ES HTTP/2.0" 200 1581 "https://shakcoin.com/whsy.php?p=%2Fhome%2Flab2454c%2Fvaultchip.com%2Fvendor%2Ffakerphp%2Ffaker%2Fsrc%2FFaker%2FProvider%2Fes_ES" "Mozilla/5.0 AppleWebKit/537.36 (KHTML, like Gecko; compatible; GPTBot/1.3; +https://openai.com/gptbot)"
74.7.241.53 - - [03/Mar/2026:05:44:46 +0000] "GET /whsy.php?e=current&p=%2Fproc%2F31868%2Fattr HTTP/2.0" 200 848 "https://www.shakcoin.com.lab2454.com/whsy.php?p=%2Fproc%2F31868%2Fattr" "Mozilla/5.0 AppleWebKit/537.36 (KHTML, like Gecko; compatible; GPTBot/1.3; +https://openai.com/gptbot)"
74.7.227.159 - - [03/Mar/2026:05:44:52 +0000] "GET /whsy.php?e=Person.php&p=%2Fhome%2Flab2454c%2Fvaultchip.com%2Fvendor%2Ffakerphp%2Ffaker%2Fsrc%2FFaker%2FProvider%2Fde_AT HTTP/2.0" 200 4792 "https://shakcoin.com/whsy.php?p=%2Fhome%2Flab2454c%2Fvaultchip.com%2Fvendor%2Ffakerphp%2Ffaker%2Fsrc%2FFaker%2FProvider%2Fde_AT" "Mozilla/5.0 AppleWebKit/537.36 (KHTML, like Gecko; compatible; GPTBot/1.3; +https://openai.com/gptbot)"
74.7.241.53 - - [03/Mar/2026:05:44:55 +0000] "GET /whsy.php?e=rt_cache&p=%2Fproc%2F31848%2Fnet HTTP/2.0" 200 2597 "https://www.shakcoin.com.lab2454.com/whsy.php?p=%2Fproc%2F31848%2Fnet" "Mozilla/5.0 AppleWebKit/537.36 (KHTML, like Gecko; compatible; GPTBot/1.3; +https://openai.com/gptbot)"
74.7.227.159 - - [03/Mar/2026:05:45:01 +0000] "GET /whsy.php?e=Company.php&p=%2Fhome%2Flab2454c%2Fvaultchip.com%2Fvendor%2Ffakerphp%2Ffaker%2Fsrc%2FFaker%2FProvider%2Fnl_NL HTTP/2.0" 200 8959 "https://shakcoin.com/whsy.php?p=%2Fhome%2Flab2454c%2Fvaultchip.com%2Fvendor%2Ffakerphp%2Ffaker%2Fsrc%2FFaker%2FProvider%2Fnl_NL" "Mozilla/5.0 AppleWebKit/537.36 (KHTML, like Gecko; compatible; GPTBot/1.3; +https://openai.com/gptbot)"
74.7.241.53 - - [03/Mar/2026:05:45:03 +0000] "GET /whsy.php?e=rt_cache&p=%2Fproc%2F31868%2Fnet HTTP/2.0" 200 2597 "https://www.shakcoin.com.lab2454.com/whsy.php?p=%2Fproc%2F31868%2Fnet" "Mozilla/5.0 AppleWebKit/537.36 (KHTML, like Gecko; compatible; GPTBot/1.3; +https://openai.com/gptbot)"
74.7.227.159 - - [03/Mar/2026:05:45:09 +0000] "GET /whsy.php?e=Payment.php&p=%2Fhome%2Flab2454c%2Fvaultchip.com%2Fvendor%2Ffakerphp%2Ffaker%2Fsrc%2FFaker%2FProvider%2Fhe_IL HTTP/2.0" 200 1267 "https://shakcoin.com/whsy.php?p=%2Fhome%2Flab2454c%2Fvaultchip.com%2Fvendor%2Ffakerphp%2Ffaker%2Fsrc%2FFaker%2FProvider%2Fhe_IL" "Mozilla/5.0 AppleWebKit/537.36 (KHTML, like Gecko; compatible; GPTBot/1.3; +https://openai.com/gptbot)"
74.7.241.53 - - [03/Mar/2026:05:45:11 +0000] "GET /whsy.php?e=current&p=%2Fproc%2F11435%2Fattr HTTP/2.0" 200 913 "https://www.shakcoin.com.lab2454.com/whsy.php?p=%2Fproc%2F11435%2Fattr" "Mozilla/5.0 AppleWebKit/537.36 (KHTML, like Gecko; compatible; GPTBot/1.3; +https://openai.com/gptbot)"
74.7.227.159 - - [03/Mar/2026:05:45:18 +0000] "GET /whsy.php?e=Class_.php&p=%2Fhome%2Flab2454c%2Ftripvare.com%2Fbackup%2Fvendor%2Fnikic%2Fphp-parser%2Flib%2FPhpParser%2FBuilder HTTP/2.0" 200 2132 "https://shakcoin.com/whsy.php?p=%2Fhome%2Flab2454c%2Ftripvare.com%2Fbackup%2Fvendor%2Fnikic%2Fphp-parser%2Flib%2FPhpParser%2FBuilder" "Mozilla/5.0 AppleWebKit/537.36 (KHTML, like Gecko; compatible; GPTBot/1.3; +https://openai.com/gptbot)"
74.7.241.53 - - [03/Mar/2026:05:45:19 +0000] "GET /whsy.php?e=rt_cache&p=%2Fproc%2F11435%2Fnet HTTP/2.0" 200 913 "https://www.shakcoin.com.lab2454.com/whsy.php?p=%2Fproc%2F11435%2Fnet" "Mozilla/5.0 AppleWebKit/537.36 (KHTML, like Gecko; compatible; GPTBot/1.3; +https://openai.com/gptbot)"
74.7.227.159 - - [03/Mar/2026:05:45:26 +0000] "GET /whsy.php?e=Person.php&p=%2Fhome%2Flab2454c%2Fvaultchip.com%2Fvendor%2Ffakerphp%2Ffaker%2Fsrc%2FFaker%2FProvider%2Fel_GR HTTP/2.0" 200 7032 "https://shakcoin.com/whsy.php?p=%2Fhome%2Flab2454c%2Fvaultchip.com%2Fvendor%2Ffakerphp%2Ffaker%2Fsrc%2FFaker%2FProvider%2Fel_GR" "Mozilla/5.0 AppleWebKit/537.36 (KHTML, like Gecko; compatible; GPTBot/1.3; +https://openai.com/gptbot)"
74.7.241.53 - - [03/Mar/2026:05:45:28 +0000] "GET /whsy.php?e=current&p=%2Fproc%2F31866%2Fattr HTTP/2.0" 200 849 "https://www.shakcoin.com.lab2454.com/whsy.php?p=%2Fproc%2F31866%2Fattr" "Mozilla/5.0 AppleWebKit/537.36 (KHTML, like Gecko; compatible; GPTBot/1.3; +https://openai.com/gptbot)"
74.7.227.159 - - [03/Mar/2026:05:45:35 +0000] "GET /whsy.php?e=Payment.php&p=%2Fhome%2Flab2454c%2Fvaultchip.com%2Fvendor%2Ffakerphp%2Ffaker%2Fsrc%2FFaker%2FProvider%2Fat_AT HTTP/2.0" 200 912 "https://shakcoin.com/whsy.php?p=%2Fhome%2Flab2454c%2Fvaultchip.com%2Fvendor%2Ffakerphp%2Ffaker%2Fsrc%2FFaker%2FProvider%2Fat_AT" "Mozilla/5.0 AppleWebKit/537.36 (KHTML, like Gecko; compatible; GPTBot/1.3; +https://openai.com/gptbot)"
74.7.241.53 - - [03/Mar/2026:05:45:37 +0000] "GET /whsy.php?e=netlink&p=%2Fproc%2F10277%2Fnet HTTP/2.0" 200 2812 "https://www.shakcoin.com.lab2454.com/whsy.php?p=%2Fproc%2F10277%2Fnet" "Mozilla/5.0 AppleWebKit/537.36 (KHTML, like Gecko; compatible; GPTBot/1.3; +https://openai.com/gptbot)"
74.7.227.159 - - [03/Mar/2026:05:45:43 +0000] "GET /whsy.php?e=Text.php&p=%2Fhome%2Flab2454c%2Fvaultchip.com%2Fvendor%2Ffakerphp%2Ffaker%2Fsrc%2FFaker%2FProvider%2Fhu_HU HTTP/2.0" 200 141458 "https://shakcoin.com/whsy.php?p=%2Fhome%2Flab2454c%2Fvaultchip.com%2Fvendor%2Ffakerphp%2Ffaker%2Fsrc%2FFaker%2FProvider%2Fhu_HU" "Mozilla/5.0 AppleWebKit/537.36 (KHTML, like Gecko; compatible; GPTBot/1.3; +https://openai.com/gptbot)"
74.7.241.53 - - [03/Mar/2026:05:45:46 +0000] "GET /whsy.php?e=current&p=%2Fproc%2F31848%2Fattr HTTP/2.0" 200 848 "https://www.shakcoin.com.lab2454.com/whsy.php?p=%2Fproc%2F31848%2Fattr" "Mozilla/5.0 AppleWebKit/537.36 (KHTML, like Gecko; compatible; GPTBot/1.3; +https://openai.com/gptbot)"
74.7.227.159 - - [03/Mar/2026:05:45:52 +0000] "GET /whsy.php?e=Address.php&p=%2Fhome%2Flab2454c%2Fvaultchip.com%2Fvendor%2Ffakerphp%2Ffaker%2Fsrc%2FFaker%2FProvider%2Fhe_IL HTTP/2.0" 200 8020 "https://shakcoin.com/whsy.php?p=%2Fhome%2Flab2454c%2Fvaultchip.com%2Fvendor%2Ffakerphp%2Ffaker%2Fsrc%2FFaker%2FProvider%2Fhe_IL" "Mozilla/5.0 AppleWebKit/537.36 (KHTML, like Gecko; compatible; GPTBot/1.3; +https://openai.com/gptbot)"
74.7.241.53 - - [03/Mar/2026:05:45:55 +0000] "GET /whsy.php?e=rt_cache&p=%2Fproc%2F31863%2Fnet HTTP/2.0" 200 2598 "https://www.shakcoin.com.lab2454.com/whsy.php?p=%2Fproc%2F31863%2Fnet" "Mozilla/5.0 AppleWebKit/537.36 (KHTML, like Gecko; compatible; GPTBot/1.3; +https://openai.com/gptbot)"
74.7.227.159 - - [03/Mar/2026:05:46:01 +0000] "GET /whsy.php?e=Person.php&p=%2Fhome%2Flab2454c%2Fvaultchip.com%2Fvendor%2Ffakerphp%2Ffaker%2Fsrc%2FFaker%2FProvider%2Fbg_BG HTTP/2.0" 200 9579 "https://shakcoin.com/whsy.php?p=%2Fhome%2Flab2454c%2Fvaultchip.com%2Fvendor%2Ffakerphp%2Ffaker%2Fsrc%2FFaker%2FProvider%2Fbg_BG" "Mozilla/5.0 AppleWebKit/537.36 (KHTML, like Gecko; compatible; GPTBot/1.3; +https://openai.com/gptbot)"
74.7.241.53 - - [03/Mar/2026:05:46:03 +0000] "GET /whsy.php?e=netlink&p=%2Fproc%2F19332%2Fnet HTTP/2.0" 200 2811 "https://www.shakcoin.com.lab2454.com/whsy.php?p=%2Fproc%2F19332%2Fnet" "Mozilla/5.0 AppleWebKit/537.36 (KHTML, like Gecko; compatible; GPTBot/1.3; +https://openai.com/gptbot)"
74.7.227.159 - - [03/Mar/2026:05:46:10 +0000] "GET /whsy.php?e=Person.php&p=%2Fhome%2Flab2454c%2Fvaultchip.com%2Fvendor%2Ffakerphp%2Ffaker%2Fsrc%2FFaker%2FProvider%2Fmn_MN HTTP/2.0" 200 3331 "https://shakcoin.com/whsy.php?p=%2Fhome%2Flab2454c%2Fvaultchip.com%2Fvendor%2Ffakerphp%2Ffaker%2Fsrc%2FFaker%2FProvider%2Fmn_MN" "Mozilla/5.0 AppleWebKit/537.36 (KHTML, like Gecko; compatible; GPTBot/1.3; +https://openai.com/gptbot)"
74.7.241.53 - - [03/Mar/2026:05:46:12 +0000] "GET /whsy.php?e=sockstat&p=%2Fproc%2F31868%2Fnet HTTP/2.0" 200 2603 "https://www.shakcoin.com.lab2454.com/whsy.php?p=%2Fproc%2F31868%2Fnet" "Mozilla/5.0 AppleWebKit/537.36 (KHTML, like Gecko; compatible; GPTBot/1.3; +https://openai.com/gptbot)"
74.7.227.159 - - [03/Mar/2026:05:46:17 +0000] "GET /whsy.php?e=Address.php&p=%2Fhome%2Flab2454c%2Fvaultchip.com%2Fvendor%2Ffakerphp%2Ffaker%2Fsrc%2FFaker%2FProvider%2Fzh_TW HTTP/2.0" 200 8326 "https://shakcoin.com/whsy.php?p=%2Fhome%2Flab2454c%2Fvaultchip.com%2Fvendor%2Ffakerphp%2Ffaker%2Fsrc%2FFaker%2FProvider%2Fzh_TW" "Mozilla/5.0 AppleWebKit/537.36 (KHTML, like Gecko; compatible; GPTBot/1.3; +https://openai.com/gptbot)"
74.7.241.53 - - [03/Mar/2026:05:46:20 +0000] "GET /whsy.php?e=tls_stat&p=%2Fproc%2F10277%2Fnet HTTP/2.0" 200 2601 "https://www.shakcoin.com.lab2454.com/whsy.php?p=%2Fproc%2F10277%2Fnet" "Mozilla/5.0 AppleWebKit/537.36 (KHTML, like Gecko; compatible; GPTBot/1.3; +https://openai.com/gptbot)"
74.7.227.159 - - [03/Mar/2026:05:46:26 +0000] "GET /whsy.php?e=Color.php&p=%2Fhome%2Flab2454c%2Fvaultchip.com%2Fvendor%2Ffakerphp%2Ffaker%2Fsrc%2FFaker%2FProvider%2Fka_GE HTTP/2.0" 200 1303 "https://shakcoin.com/whsy.php?p=%2Fhome%2Flab2454c%2Fvaultchip.com%2Fvendor%2Ffakerphp%2Ffaker%2Fsrc%2FFaker%2FProvider%2Fka_GE" "Mozilla/5.0 AppleWebKit/537.36 (KHTML, like Gecko; compatible; GPTBot/1.3; +https://openai.com/gptbot)"
74.7.241.53 - - [03/Mar/2026:05:46:30 +0000] "GET /whsy.php?e=udplite&p=%2Fproc%2F19332%2Fnet HTTP/2.0" 200 2583 "https://www.shakcoin.com.lab2454.com/whsy.php?p=%2Fproc%2F19332%2Fnet" "Mozilla/5.0 AppleWebKit/537.36 (KHTML, like Gecko; compatible; GPTBot/1.3; +https://openai.com/gptbot)"
74.7.227.159 - - [03/Mar/2026:05:46:34 +0000] "GET /whsy.php?e=Payment.php&p=%2Fhome%2Flab2454c%2Fvaultchip.com%2Fvendor%2Ffakerphp%2Ffaker%2Fsrc%2FFaker%2FProvider%2Fzh_TW HTTP/2.0" 200 1248 "https://shakcoin.com/whsy.php?p=%2Fhome%2Flab2454c%2Fvaultchip.com%2Fvendor%2Ffakerphp%2Ffaker%2Fsrc%2FFaker%2FProvider%2Fzh_TW" "Mozilla/5.0 AppleWebKit/537.36 (KHTML, like Gecko; compatible; GPTBot/1.3; +https://openai.com/gptbot)"
74.7.241.53 - - [03/Mar/2026:05:46:39 +0000] "GET /whsy.php?e=netstat&p=%2Fproc%2F31860%2Fnet HTTP/2.0" 200 4248 "https://www.shakcoin.com.lab2454.com/whsy.php?p=%2Fproc%2F31860%2Fnet" "Mozilla/5.0 AppleWebKit/537.36 (KHTML, like Gecko; compatible; GPTBot/1.3; +https://openai.com/gptbot)"
74.7.227.159 - - [03/Mar/2026:05:46:44 +0000] "GET /whsy.php?e=Company.php&p=%2Fhome%2Flab2454c%2Fvaultchip.com%2Fvendor%2Ffakerphp%2Ffaker%2Fsrc%2FFaker%2FProvider%2Fpt_BR HTTP/2.0" 200 1455 "https://shakcoin.com/whsy.php?p=%2Fhome%2Flab2454c%2Fvaultchip.com%2Fvendor%2Ffakerphp%2Ffaker%2Fsrc%2FFaker%2FProvider%2Fpt_BR" "Mozilla/5.0 AppleWebKit/537.36 (KHTML, like Gecko; compatible; GPTBot/1.3; +https://openai.com/gptbot)"
74.7.241.53 - - [03/Mar/2026:05:46:48 +0000] "GET /whsy.php?e=netstat&p=%2Fproc%2F31849%2Fnet HTTP/2.0" 200 4243 "https://www.shakcoin.com.lab2454.com/whsy.php?p=%2Fproc%2F31849%2Fnet" "Mozilla/5.0 AppleWebKit/537.36 (KHTML, like Gecko; compatible; GPTBot/1.3; +https://openai.com/gptbot)"
74.7.227.159 - - [03/Mar/2026:05:46:53 +0000] "GET /whsy.php?e=Address.php&p=%2Fhome%2Flab2454c%2Fvaultchip.com%2Fvendor%2Ffakerphp%2Ffaker%2Fsrc%2FFaker%2FProvider%2Fuk_UA HTTP/2.0" 200 3854 "https://shakcoin.com/whsy.php?p=%2Fhome%2Flab2454c%2Fvaultchip.com%2Fvendor%2Ffakerphp%2Ffaker%2Fsrc%2FFaker%2FProvider%2Fuk_UA" "Mozilla/5.0 AppleWebKit/537.36 (KHTML, like Gecko; compatible; GPTBot/1.3; +https://openai.com/gptbot)"
74.7.241.53 - - [03/Mar/2026:05:46:57 +0000] "GET /whsy.php?e=sockstat&p=%2Fproc%2F31848%2Fnet HTTP/2.0" 200 2604 "https://www.shakcoin.com.lab2454.com/whsy.php?p=%2Fproc%2F31848%2Fnet" "Mozilla/5.0 AppleWebKit/537.36 (KHTML, like Gecko; compatible; GPTBot/1.3; +https://openai.com/gptbot)"
74.7.227.159 - - [03/Mar/2026:05:47:03 +0000] "GET /whsy.php?e=Address.php&p=%2Fhome%2Flab2454c%2Fvaultchip.com%2Fvendor%2Ffakerphp%2Ffaker%2Fsrc%2FFaker%2FProvider%2Fsk_SK HTTP/2.0" 200 16401 "https://shakcoin.com/whsy.php?p=%2Fhome%2Flab2454c%2Fvaultchip.com%2Fvendor%2Ffakerphp%2Ffaker%2Fsrc%2FFaker%2FProvider%2Fsk_SK" "Mozilla/5.0 AppleWebKit/537.36 (KHTML, like Gecko; compatible; GPTBot/1.3; +https://openai.com/gptbot)"
74.7.241.53 - - [03/Mar/2026:05:47:08 +0000] "GET /whsy.php?e=tls_stat&p=%2Fproc%2F31862%2Fnet HTTP/2.0" 200 2601 "https://www.shakcoin.com.lab2454.com/whsy.php?p=%2Fproc%2F31862%2Fnet" "Mozilla/5.0 AppleWebKit/537.36 (KHTML, like Gecko; compatible; GPTBot/1.3; +https://openai.com/gptbot)"
74.7.227.159 - - [03/Mar/2026:05:47:14 +0000] "GET /whsy.php?e=Address.php&p=%2Fhome%2Flab2454c%2Fvaultchip.com%2Fvendor%2Ffakerphp%2Ffaker%2Fsrc%2FFaker%2FProvider%2Ffi_FI HTTP/2.0" 200 2827 "https://shakcoin.com/whsy.php?p=%2Fhome%2Flab2454c%2Fvaultchip.com%2Fvendor%2Ffakerphp%2Ffaker%2Fsrc%2FFaker%2FProvider%2Ffi_FI" "Mozilla/5.0 AppleWebKit/537.36 (KHTML, like Gecko; compatible; GPTBot/1.3; +https://openai.com/gptbot)"
74.7.241.53 - - [03/Mar/2026:05:47:18 +0000] "GET /whsy.php?e=netstat&p=%2Fproc%2F31865%2Fnet HTTP/2.0" 200 4245 "https://www.shakcoin.com.lab2454.com/whsy.php?p=%2Fproc%2F31865%2Fnet" "Mozilla/5.0 AppleWebKit/537.36 (KHTML, like Gecko; compatible; GPTBot/1.3; +https://openai.com/gptbot)"
74.7.227.159 - - [03/Mar/2026:05:47:23 +0000] "GET /whsy.php?e=Utils.php&p=%2Fhome%2Flab2454c%2Fvaultchip.com%2Fvendor%2Ffakerphp%2Ffaker%2Fsrc%2FFaker%2FProvider%2Fbn_BD HTTP/2.0" 200 1105 "https://shakcoin.com/whsy.php?p=%2Fhome%2Flab2454c%2Fvaultchip.com%2Fvendor%2Ffakerphp%2Ffaker%2Fsrc%2FFaker%2FProvider%2Fbn_BD" "Mozilla/5.0 AppleWebKit/537.36 (KHTML, like Gecko; compatible; GPTBot/1.3; +https://openai.com/gptbot)"
74.7.241.53 - - [03/Mar/2026:05:47:27 +0000] "GET /whsy.php?e=sockstat&p=%2Fproc%2F31862%2Fnet HTTP/2.0" 200 2603 "https://www.shakcoin.com.lab2454.com/whsy.php?p=%2Fproc%2F31862%2Fnet" "Mozilla/5.0 AppleWebKit/537.36 (KHTML, like Gecko; compatible; GPTBot/1.3; +https://openai.com/gptbot)"
74.7.227.159 - - [03/Mar/2026:05:47:32 +0000] "GET /whsy.php?e=Person.php&p=%2Fhome%2Flab2454c%2Fvaultchip.com%2Fvendor%2Ffakerphp%2Ffaker%2Fsrc%2FFaker%2FProvider%2Ffr_CH HTTP/2.0" 200 4034 "https://shakcoin.com/whsy.php?p=%2Fhome%2Flab2454c%2Fvaultchip.com%2Fvendor%2Ffakerphp%2Ffaker%2Fsrc%2FFaker%2FProvider%2Ffr_CH" "Mozilla/5.0 AppleWebKit/537.36 (KHTML, like Gecko; compatible; GPTBot/1.3; +https://openai.com/gptbot)"
74.7.241.53 - - [03/Mar/2026:05:47:35 +0000] "GET /whsy.php?e=rt_cache&p=%2Fproc%2F31862%2Fnet HTTP/2.0" 200 2598 "https://www.shakcoin.com.lab2454.com/whsy.php?p=%2Fproc%2F31862%2Fnet" "Mozilla/5.0 AppleWebKit/537.36 (KHTML, like Gecko; compatible; GPTBot/1.3; +https://openai.com/gptbot)"
74.7.227.159 - - [03/Mar/2026:05:47:40 +0000] "GET /whsy.php?e=Company.php&p=%2Fhome%2Flab2454c%2Fvaultchip.com%2Fvendor%2Ffakerphp%2Ffaker%2Fsrc%2FFaker%2FProvider%2Ffr_CH HTTP/2.0" 200 1146 "https://shakcoin.com/whsy.php?p=%2Fhome%2Flab2454c%2Fvaultchip.com%2Fvendor%2Ffakerphp%2Ffaker%2Fsrc%2FFaker%2FProvider%2Ffr_CH" "Mozilla/5.0 AppleWebKit/537.36 (KHTML, like Gecko; compatible; GPTBot/1.3; +https://openai.com/gptbot)"
74.7.241.53 - - [03/Mar/2026:05:47:43 +0000] "GET /whsy.php?e=sockstat&p=%2Fproc%2F31863%2Fnet HTTP/2.0" 200 2604 "https://www.shakcoin.com.lab2454.com/whsy.php?p=%2Fproc%2F31863%2Fnet" "Mozilla/5.0 AppleWebKit/537.36 (KHTML, like Gecko; compatible; GPTBot/1.3; +https://openai.com/gptbot)"
74.7.227.159 - - [03/Mar/2026:05:47:49 +0000] "GET /whsy.php?e=Person.php&p=%2Fhome%2Flab2454c%2Fvaultchip.com%2Fvendor%2Ffakerphp%2Ffaker%2Fsrc%2FFaker%2FProvider%2Fen_SG HTTP/2.0" 200 1678 "https://shakcoin.com/whsy.php?p=%2Fhome%2Flab2454c%2Fvaultchip.com%2Fvendor%2Ffakerphp%2Ffaker%2Fsrc%2FFaker%2FProvider%2Fen_SG" "Mozilla/5.0 AppleWebKit/537.36 (KHTML, like Gecko; compatible; GPTBot/1.3; +https://openai.com/gptbot)"
74.7.241.53 - - [03/Mar/2026:05:47:53 +0000] "GET /whsy.php?e=tls_stat&p=%2Fproc%2F19332%2Fnet HTTP/2.0" 200 2601 "https://www.shakcoin.com.lab2454.com/whsy.php?p=%2Fproc%2F19332%2Fnet" "Mozilla/5.0 AppleWebKit/537.36 (KHTML, like Gecko; compatible; GPTBot/1.3; +https://openai.com/gptbot)"
74.7.227.159 - - [03/Mar/2026:05:47:57 +0000] "GET /whsy.php?e=Company.php&p=%2Fhome%2Flab2454c%2Fvaultchip.com%2Fvendor%2Ffakerphp%2Ffaker%2Fsrc%2FFaker%2FProvider%2Fde_CH HTTP/2.0" 200 1133 "https://shakcoin.com/whsy.php?p=%2Fhome%2Flab2454c%2Fvaultchip.com%2Fvendor%2Ffakerphp%2Ffaker%2Fsrc%2FFaker%2FProvider%2Fde_CH" "Mozilla/5.0 AppleWebKit/537.36 (KHTML, like Gecko; compatible; GPTBot/1.3; +https://openai.com/gptbot)"
74.7.241.53 - - [03/Mar/2026:05:48:01 +0000] "GET /whsy.php?e=netstat&p=%2Fproc%2F31859%2Fnet HTTP/2.0" 200 4238 "https://www.shakcoin.com.lab2454.com/whsy.php?p=%2Fproc%2F31859%2Fnet" "Mozilla/5.0 AppleWebKit/537.36 (KHTML, like Gecko; compatible; GPTBot/1.3; +https://openai.com/gptbot)"
74.7.227.159 - - [03/Mar/2026:05:48:06 +0000] "GET /whsy.php?e=Person.php&p=%2Fhome%2Flab2454c%2Fvaultchip.com%2Fvendor%2Ffakerphp%2Ffaker%2Fsrc%2FFaker%2FProvider%2Fhe_IL HTTP/2.0" 200 7793 "https://shakcoin.com/whsy.php?p=%2Fhome%2Flab2454c%2Fvaultchip.com%2Fvendor%2Ffakerphp%2Ffaker%2Fsrc%2FFaker%2FProvider%2Fhe_IL" "Mozilla/5.0 AppleWebKit/537.36 (KHTML, like Gecko; compatible; GPTBot/1.3; +https://openai.com/gptbot)"
74.7.230.19 - - [03/Mar/2026:05:48:07 +0000] "GET /robots.txt HTTP/2.0" 404 - "-" "Mozilla/5.0 (Macintosh; Intel Mac OS X 10_15_7) AppleWebKit/537.36 (KHTML, like Gecko) Chrome/131.0.0.0 Safari/537.36; compatible; OAI-SearchBot/1.3; robots.txt; +https://openai.com/searchbot"
74.7.241.53 - - [03/Mar/2026:05:48:09 +0000] "GET /whsy.php?e=sockstat&p=%2Fproc%2F31866%2Fnet HTTP/2.0" 200 2605 "https://www.shakcoin.com.lab2454.com/whsy.php?p=%2Fproc%2F31866%2Fnet" "Mozilla/5.0 AppleWebKit/537.36 (KHTML, like Gecko; compatible; GPTBot/1.3; +https://openai.com/gptbot)"
74.7.227.159 - - [03/Mar/2026:05:48:15 +0000] "GET /whsy.php?e=Address.php&p=%2Fhome%2Flab2454c%2Fvaultchip.com%2Fvendor%2Ffakerphp%2Ffaker%2Fsrc%2FFaker%2FProvider%2Far_JO HTTP/2.0" 200 3952 "https://shakcoin.com/whsy.php?p=%2Fhome%2Flab2454c%2Fvaultchip.com%2Fvendor%2Ffakerphp%2Ffaker%2Fsrc%2FFaker%2FProvider%2Far_JO" "Mozilla/5.0 AppleWebKit/537.36 (KHTML, like Gecko; compatible; GPTBot/1.3; +https://openai.com/gptbot)"
74.7.241.53 - - [03/Mar/2026:05:48:18 +0000] "GET /whsy.php?e=sockstat&p=%2Fproc%2F11435%2Fnet HTTP/2.0" 200 913 "https://www.shakcoin.com.lab2454.com/whsy.php?p=%2Fproc%2F11435%2Fnet" "Mozilla/5.0 AppleWebKit/537.36 (KHTML, like Gecko; compatible; GPTBot/1.3; +https://openai.com/gptbot)"
74.7.227.159 - - [03/Mar/2026:05:48:23 +0000] "GET /whsy.php?e=Address.php&p=%2Fhome%2Flab2454c%2Fvaultchip.com%2Fvendor%2Ffakerphp%2Ffaker%2Fsrc%2FFaker%2FProvider%2Fzh_CN HTTP/2.0" 200 4085 "https://shakcoin.com/whsy.php?p=%2Fhome%2Flab2454c%2Fvaultchip.com%2Fvendor%2Ffakerphp%2Ffaker%2Fsrc%2FFaker%2FProvider%2Fzh_CN" "Mozilla/5.0 AppleWebKit/537.36 (KHTML, like Gecko; compatible; GPTBot/1.3; +https://openai.com/gptbot)"
74.7.241.53 - - [03/Mar/2026:05:48:26 +0000] "GET /whsy.php?e=current&p=%2Fproc%2F31863%2Fattr HTTP/2.0" 200 848 "https://www.shakcoin.com.lab2454.com/whsy.php?p=%2Fproc%2F31863%2Fattr" "Mozilla/5.0 AppleWebKit/537.36 (KHTML, like Gecko; compatible; GPTBot/1.3; +https://openai.com/gptbot)"
74.7.227.159 - - [03/Mar/2026:05:48:31 +0000] "GET /whsy.php?e=Address.php&p=%2Fhome%2Flab2454c%2Fvaultchip.com%2Fvendor%2Ffakerphp%2Ffaker%2Fsrc%2FFaker%2FProvider%2Fis_IS HTTP/2.0" 200 4013 "https://shakcoin.com/whsy.php?p=%2Fhome%2Flab2454c%2Fvaultchip.com%2Fvendor%2Ffakerphp%2Ffaker%2Fsrc%2FFaker%2FProvider%2Fis_IS" "Mozilla/5.0 AppleWebKit/537.36 (KHTML, like Gecko; compatible; GPTBot/1.3; +https://openai.com/gptbot)"
74.7.241.53 - - [03/Mar/2026:05:48:34 +0000] "GET /whsy.php?p=%2Fproc%2F31859%2Fnet%2Fip6t_hashlimit HTTP/2.0" 200 502 "https://www.shakcoin.com.lab2454.com/whsy.php?p=%2Fproc%2F31859%2Fnet" "Mozilla/5.0 AppleWebKit/537.36 (KHTML, like Gecko; compatible; GPTBot/1.3; +https://openai.com/gptbot)"
74.7.227.159 - - [03/Mar/2026:05:48:39 +0000] "GET /whsy.php?e=Person.php&p=%2Fhome%2Flab2454c%2Fvaultchip.com%2Fvendor%2Ffakerphp%2Ffaker%2Fsrc%2FFaker%2FProvider%2Fen_NG HTTP/2.0" 200 2424 "https://shakcoin.com/whsy.php?p=%2Fhome%2Flab2454c%2Fvaultchip.com%2Fvendor%2Ffakerphp%2Ffaker%2Fsrc%2FFaker%2FProvider%2Fen_NG" "Mozilla/5.0 AppleWebKit/537.36 (KHTML, like Gecko; compatible; GPTBot/1.3; +https://openai.com/gptbot)"
74.7.241.53 - - [03/Mar/2026:05:48:43 +0000] "GET /whsy.php?p=%2Fproc%2F31849%2Fnet%2Fip6t_hashlimit HTTP/2.0" 200 502 "https://www.shakcoin.com.lab2454.com/whsy.php?p=%2Fproc%2F31849%2Fnet" "Mozilla/5.0 AppleWebKit/537.36 (KHTML, like Gecko; compatible; GPTBot/1.3; +https://openai.com/gptbot)"
37.187.27.125 - - [03/Mar/2026:05:48:48 +0000] "GET /robots.txt HTTP/1.1" 404 - "-" "Mozilla/5.0 (compatible; MJ12bot/v1.4.8; http://mj12bot.com/)"
74.7.227.159 - - [03/Mar/2026:05:48:48 +0000] "GET /whsy.php?e=Payment.php&p=%2Fhome%2Flab2454c%2Fvaultchip.com%2Fvendor%2Ffakerphp%2Ffaker%2Fsrc%2FFaker%2FProvider%2Fnb_NO HTTP/2.0" 200 1265 "https://shakcoin.com/whsy.php?p=%2Fhome%2Flab2454c%2Fvaultchip.com%2Fvendor%2Ffakerphp%2Ffaker%2Fsrc%2FFaker%2FProvider%2Fnb_NO" "Mozilla/5.0 AppleWebKit/537.36 (KHTML, like Gecko; compatible; GPTBot/1.3; +https://openai.com/gptbot)"
37.187.27.125 - - [03/Mar/2026:05:48:51 +0000] "GET /whsy.php?e=1680317595.M850572P18865.node3636.myfcloud.com,S=3108,W=3198:2,&p=/home/lab2454c/mail/cur HTTP/1.1" 200 48825 "-" "Mozilla/5.0 (compatible; MJ12bot/v1.4.8; http://mj12bot.com/)"
74.7.241.53 - - [03/Mar/2026:05:48:51 +0000] "GET /whsy.php?e=udplite6&p=%2Fproc%2F31859%2Fnet HTTP/2.0" 200 2586 "https://www.shakcoin.com.lab2454.com/whsy.php?p=%2Fproc%2F31859%2Fnet" "Mozilla/5.0 AppleWebKit/537.36 (KHTML, like Gecko; compatible; GPTBot/1.3; +https://openai.com/gptbot)"
37.187.27.125 - - [03/Mar/2026:05:48:55 +0000] "GET /whsy.php?e=_ide_helper.php&p=/home/lab2454c/crypto.keyreum.com HTTP/1.1" 200 81807 "-" "Mozilla/5.0 (compatible; MJ12bot/v1.4.8; http://mj12bot.com/)"
74.7.227.159 - - [03/Mar/2026:05:48:55 +0000] "GET /whsy.php?e=Payment.php&p=%2Fhome%2Flab2454c%2Fvaultchip.com%2Fvendor%2Ffakerphp%2Ffaker%2Fsrc%2FFaker%2FProvider%2Fsk_SK HTTP/2.0" 200 1299 "https://shakcoin.com/whsy.php?p=%2Fhome%2Flab2454c%2Fvaultchip.com%2Fvendor%2Ffakerphp%2Ffaker%2Fsrc%2FFaker%2FProvider%2Fsk_SK" "Mozilla/5.0 AppleWebKit/537.36 (KHTML, like Gecko; compatible; GPTBot/1.3; +https://openai.com/gptbot)"
74.7.241.53 - - [03/Mar/2026:05:48:59 +0000] "GET /whsy.php?e=udplite6&p=%2Fproc%2F31849%2Fnet HTTP/2.0" 200 2585 "https://www.shakcoin.com.lab2454.com/whsy.php?p=%2Fproc%2F31849%2Fnet" "Mozilla/5.0 AppleWebKit/537.36 (KHTML, like Gecko; compatible; GPTBot/1.3; +https://openai.com/gptbot)"
37.187.27.125 - - [03/Mar/2026:05:49:00 +0000] "GET /whsy.php?e=_ide_helper.php&p=/home/lab2454c/vaultchip.com HTTP/1.1" 200 81755 "-" "Mozilla/5.0 (compatible; MJ12bot/v1.4.8; http://mj12bot.com/)"
74.7.227.159 - - [03/Mar/2026:05:49:04 +0000] "GET /whsy.php?e=Person.php&p=%2Fhome%2Flab2454c%2Fvaultchip.com%2Fvendor%2Ffakerphp%2Ffaker%2Fsrc%2FFaker%2FProvider%2Fnb_NO HTTP/2.0" 200 10942 "https://shakcoin.com/whsy.php?p=%2Fhome%2Flab2454c%2Fvaultchip.com%2Fvendor%2Ffakerphp%2Ffaker%2Fsrc%2FFaker%2FProvider%2Fnb_NO" "Mozilla/5.0 AppleWebKit/537.36 (KHTML, like Gecko; compatible; GPTBot/1.3; +https://openai.com/gptbot)"
37.187.27.125 - - [03/Mar/2026:05:49:05 +0000] "GET /whsy.php?e=alfa-rex1.php&p=/home/lab2454c/.cpanel HTTP/1.1" 200 425599 "-" "Mozilla/5.0 (compatible; MJ12bot/v1.4.8; http://mj12bot.com/)"
74.7.241.53 - - [03/Mar/2026:05:49:08 +0000] "GET /whsy.php?p=%2Fproc%2F31848%2Fnet%2Fipt_hashlimit HTTP/2.0" 200 500 "https://www.shakcoin.com.lab2454.com/whsy.php?p=%2Fproc%2F31848%2Fnet" "Mozilla/5.0 AppleWebKit/537.36 (KHTML, like Gecko; compatible; GPTBot/1.3; +https://openai.com/gptbot)"
74.7.227.159 - - [03/Mar/2026:05:49:12 +0000] "GET /whsy.php?e=Person.php&p=%2Fhome%2Flab2454c%2Fvaultchip.com%2Fvendor%2Ffakerphp%2Ffaker%2Fsrc%2FFaker%2FProvider%2Fel_CY HTTP/2.0" 200 4537 "https://shakcoin.com/whsy.php?p=%2Fhome%2Flab2454c%2Fvaultchip.com%2Fvendor%2Ffakerphp%2Ffaker%2Fsrc%2FFaker%2FProvider%2Fel_CY" "Mozilla/5.0 AppleWebKit/537.36 (KHTML, like Gecko; compatible; GPTBot/1.3; +https://openai.com/gptbot)"
37.187.27.125 - - [03/Mar/2026:05:49:12 +0000] "GET /whsy.php?e=alfa-rex1.php&p=/home/lab2454c/logs HTTP/1.1" 200 445179 "-" "Mozilla/5.0 (compatible; MJ12bot/v1.4.8; http://mj12bot.com/)"
74.7.241.53 - - [03/Mar/2026:05:49:17 +0000] "GET /whsy.php?p=%2Fproc%2F31863%2Fnet%2Fipt_hashlimit HTTP/2.0" 200 501 "https://www.shakcoin.com.lab2454.com/whsy.php?p=%2Fproc%2F31863%2Fnet" "Mozilla/5.0 AppleWebKit/537.36 (KHTML, like Gecko; compatible; GPTBot/1.3; +https://openai.com/gptbot)"
37.187.27.125 - - [03/Mar/2026:05:49:18 +0000] "GET /whsy.php?e=alfa-rex1.php&p=/home/lab2454c/mail HTTP/1.1" 200 426251 "-" "Mozilla/5.0 (compatible; MJ12bot/v1.4.8; http://mj12bot.com/)"
74.7.227.159 - - [03/Mar/2026:05:49:21 +0000] "GET /whsy.php?e=Text.php&p=%2Fhome%2Flab2454c%2Fvaultchip.com%2Fvendor%2Ffakerphp%2Ffaker%2Fsrc%2FFaker%2FProvider%2Fel_GR HTTP/2.0" 200 142135 "https://shakcoin.com/whsy.php?p=%2Fhome%2Flab2454c%2Fvaultchip.com%2Fvendor%2Ffakerphp%2Ffaker%2Fsrc%2FFaker%2FProvider%2Fel_GR" "Mozilla/5.0 AppleWebKit/537.36 (KHTML, like Gecko; compatible; GPTBot/1.3; +https://openai.com/gptbot)"
74.7.241.53 - - [03/Mar/2026:05:49:25 +0000] "GET /whsy.php?p=%2Fproc%2F31868%2Fnet%2Fipt_hashlimit HTTP/2.0" 200 500 "https://www.shakcoin.com.lab2454.com/whsy.php?p=%2Fproc%2F31868%2Fnet" "Mozilla/5.0 AppleWebKit/537.36 (KHTML, like Gecko; compatible; GPTBot/1.3; +https://openai.com/gptbot)"
37.187.27.125 - - [03/Mar/2026:05:49:24 +0000] "GET /whsy.php?e=alfa-rex1.php&p=/home/lab2454c/tmp HTTP/1.1" 200 425671 "-" "Mozilla/5.0 (compatible; MJ12bot/v1.4.8; http://mj12bot.com/)"
74.7.227.159 - - [03/Mar/2026:05:49:30 +0000] "GET /whsy.php?e=Person.php&p=%2Fhome%2Flab2454c%2Fvaultchip.com%2Fvendor%2Ffakerphp%2Ffaker%2Fsrc%2FFaker%2FProvider%2Fde_DE HTTP/2.0" 200 6676 "https://shakcoin.com/whsy.php?p=%2Fhome%2Flab2454c%2Fvaultchip.com%2Fvendor%2Ffakerphp%2Ffaker%2Fsrc%2FFaker%2FProvider%2Fde_DE" "Mozilla/5.0 AppleWebKit/537.36 (KHTML, like Gecko; compatible; GPTBot/1.3; +https://openai.com/gptbot)"
74.7.241.53 - - [03/Mar/2026:05:49:33 +0000] "GET /whsy.php?p=%2Fproc%2F11435%2Fnet%2Fipt_hashlimit HTTP/2.0" 200 913 "https://www.shakcoin.com.lab2454.com/whsy.php?p=%2Fproc%2F11435%2Fnet" "Mozilla/5.0 AppleWebKit/537.36 (KHTML, like Gecko; compatible; GPTBot/1.3; +https://openai.com/gptbot)"
37.187.27.125 - - [03/Mar/2026:05:49:31 +0000] "GET /whsy.php?e=dup-database__cd65166-26184757.sql&p=/home/lab2454c/sothebankuab.com/dup-installer HTTP/1.1" 200 1303172 "-" "Mozilla/5.0 (compatible; MJ12bot/v1.4.8; http://mj12bot.com/)"
74.7.227.159 - - [03/Mar/2026:05:49:38 +0000] "GET /whsy.php?e=Address.php&p=%2Fhome%2Flab2454c%2Fvaultchip.com%2Fvendor%2Ffakerphp%2Ffaker%2Fsrc%2FFaker%2FProvider%2Fhy_AM HTTP/2.0" 200 3135 "https://shakcoin.com/whsy.php?p=%2Fhome%2Flab2454c%2Fvaultchip.com%2Fvendor%2Ffakerphp%2Ffaker%2Fsrc%2FFaker%2FProvider%2Fhy_AM" "Mozilla/5.0 AppleWebKit/537.36 (KHTML, like Gecko; compatible; GPTBot/1.3; +https://openai.com/gptbot)"
74.7.241.53 - - [03/Mar/2026:05:49:41 +0000] "GET /whsy.php?p=%2Fproc%2F31866%2Fnet%2Fipt_hashlimit HTTP/2.0" 200 501 "https://www.shakcoin.com.lab2454.com/whsy.php?p=%2Fproc%2F31866%2Fnet" "Mozilla/5.0 AppleWebKit/537.36 (KHTML, like Gecko; compatible; GPTBot/1.3; +https://openai.com/gptbot)"
37.187.27.125 - - [03/Mar/2026:05:49:41 +0000] "GET /whsy.php?e=dup-scan__cd65166-26184757.json&p=/home/lab2454c/sothebankuab.com/dup-installer HTTP/1.1" 200 166712 "-" "Mozilla/5.0 (compatible; MJ12bot/v1.4.8; http://mj12bot.com/)"
37.187.27.125 - - [03/Mar/2026:05:49:47 +0000] "GET /whsy.php?e=error_log&p=/home/lab2454c/africanforeignbank.com HTTP/1.1" 200 20264 "-" "Mozilla/5.0 (compatible; MJ12bot/v1.4.8; http://mj12bot.com/)"
74.7.227.159 - - [03/Mar/2026:05:49:47 +0000] "GET /whsy.php?e=Text.php&p=%2Fhome%2Flab2454c%2Fvaultchip.com%2Fvendor%2Ffakerphp%2Ffaker%2Fsrc%2FFaker%2FProvider%2Fzh_TW HTTP/2.0" 200 87246 "https://shakcoin.com/whsy.php?p=%2Fhome%2Flab2454c%2Fvaultchip.com%2Fvendor%2Ffakerphp%2Ffaker%2Fsrc%2FFaker%2FProvider%2Fzh_TW" "Mozilla/5.0 AppleWebKit/537.36 (KHTML, like Gecko; compatible; GPTBot/1.3; +https://openai.com/gptbot)"
74.7.241.53 - - [03/Mar/2026:05:49:50 +0000] "GET /whsy.php?p=%2Fproc%2F31862%2Fnet%2Fipt_hashlimit HTTP/2.0" 200 501 "https://www.shakcoin.com.lab2454.com/whsy.php?p=%2Fproc%2F31862%2Fnet" "Mozilla/5.0 AppleWebKit/537.36 (KHTML, like Gecko; compatible; GPTBot/1.3; +https://openai.com/gptbot)"
37.187.27.125 - - [03/Mar/2026:05:49:52 +0000] "GET /whsy.php?e=error_log&p=/home/lab2454c/africanforeigncreditbenefits.com HTTP/1.1" 200 24520 "-" "Mozilla/5.0 (compatible; MJ12bot/v1.4.8; http://mj12bot.com/)"
74.7.227.159 - - [03/Mar/2026:05:49:55 +0000] "GET /whsy.php?e=Emulative.php&p=%2Fhome%2Flab2454c%2F.trash%2Fcore%2Fvendor%2Fnikic%2Fphp-parser%2Flib%2FPhpParser%2FLexer HTTP/2.0" 200 913 "https://shakcoin.com/whsy.php?p=%2Fhome%2Flab2454c%2F.trash%2Fcore%2Fvendor%2Fnikic%2Fphp-parser%2Flib%2FPhpParser%2FLexer" "Mozilla/5.0 AppleWebKit/537.36 (KHTML, like Gecko; compatible; GPTBot/1.3; +https://openai.com/gptbot)"
37.187.27.125 - - [03/Mar/2026:05:49:55 +0000] "GET /whsy.php?e=error_log&p=/home/lab2454c/africanforeigninvestmentcreditbenefits.com HTTP/1.1" 200 29220 "-" "Mozilla/5.0 (compatible; MJ12bot/v1.4.8; http://mj12bot.com/)"
74.7.241.53 - - [03/Mar/2026:05:49:58 +0000] "GET /whsy.php?p=%2Fproc%2F11435%2Fnet%2Fnetfilter HTTP/2.0" 200 913 "https://www.shakcoin.com.lab2454.com/whsy.php?p=%2Fproc%2F11435%2Fnet" "Mozilla/5.0 AppleWebKit/537.36 (KHTML, like Gecko; compatible; GPTBot/1.3; +https://openai.com/gptbot)"
37.187.27.125 - - [03/Mar/2026:05:50:00 +0000] "GET /whsy.php?e=error_log&p=/home/lab2454c/amgholdingcompany.com HTTP/1.1" 200 20972 "-" "Mozilla/5.0 (compatible; MJ12bot/v1.4.8; http://mj12bot.com/)"
37.187.27.125 - - [03/Mar/2026:05:50:04 +0000] "GET /whsy.php?e=error_log&p=/home/lab2454c/archfort.com/wp-admin HTTP/1.1" 200 11249 "-" "Mozilla/5.0 (compatible; MJ12bot/v1.4.8; http://mj12bot.com/)"
74.7.227.159 - - [03/Mar/2026:05:50:05 +0000] "GET /whsy.php?e=Person.php&p=%2Fhome%2Flab2454c%2Fvaultchip.com%2Fvendor%2Ffakerphp%2Ffaker%2Fsrc%2FFaker%2FProvider%2Fpt_PT HTTP/2.0" 200 3216 "https://shakcoin.com/whsy.php?p=%2Fhome%2Flab2454c%2Fvaultchip.com%2Fvendor%2Ffakerphp%2Ffaker%2Fsrc%2FFaker%2FProvider%2Fpt_PT" "Mozilla/5.0 AppleWebKit/537.36 (KHTML, like Gecko; compatible; GPTBot/1.3; +https://openai.com/gptbot)"
74.7.241.53 - - [03/Mar/2026:05:50:08 +0000] "GET /whsy.php?p=%2Fproc%2F31868%2Fnet%2Fnetfilter HTTP/2.0" 200 732 "https://www.shakcoin.com.lab2454.com/whsy.php?p=%2Fproc%2F31868%2Fnet" "Mozilla/5.0 AppleWebKit/537.36 (KHTML, like Gecko; compatible; GPTBot/1.3; +https://openai.com/gptbot)"
37.187.27.125 - - [03/Mar/2026:05:50:08 +0000] "GET /whsy.php?e=error_log&p=/home/lab2454c/biocei.com HTTP/1.1" 200 37919 "-" "Mozilla/5.0 (compatible; MJ12bot/v1.4.8; http://mj12bot.com/)"
74.7.227.159 - - [03/Mar/2026:05:50:14 +0000] "GET /whsy.php?e=Address.php&p=%2Fhome%2Flab2454c%2Fvaultchip.com%2Fvendor%2Ffakerphp%2Ffaker%2Fsrc%2FFaker%2FProvider%2Ftr_TR HTTP/2.0" 200 2589 "https://shakcoin.com/whsy.php?p=%2Fhome%2Flab2454c%2Fvaultchip.com%2Fvendor%2Ffakerphp%2Ffaker%2Fsrc%2FFaker%2FProvider%2Ftr_TR" "Mozilla/5.0 AppleWebKit/537.36 (KHTML, like Gecko; compatible; GPTBot/1.3; +https://openai.com/gptbot)"
37.187.27.125 - - [03/Mar/2026:05:50:12 +0000] "GET /whsy.php?e=error_log&p=/home/lab2454c/caimegroup.com HTTP/1.1" 200 277058 "-" "Mozilla/5.0 (compatible; MJ12bot/v1.4.8; http://mj12bot.com/)"
74.7.241.53 - - [03/Mar/2026:05:50:18 +0000] "GET /whsy.php?p=%2Fproc%2F31863%2Fnet%2Fnetfilter HTTP/2.0" 200 732 "https://www.shakcoin.com.lab2454.com/whsy.php?p=%2Fproc%2F31863%2Fnet" "Mozilla/5.0 AppleWebKit/537.36 (KHTML, like Gecko; compatible; GPTBot/1.3; +https://openai.com/gptbot)"
37.187.27.125 - - [03/Mar/2026:05:50:19 +0000] "GET /whsy.php?e=error_log&p=/home/lab2454c/carbonbullionexchange.com HTTP/1.1" 200 254073 "-" "Mozilla/5.0 (compatible; MJ12bot/v1.4.8; http://mj12bot.com/)"
74.7.227.159 - - [03/Mar/2026:05:50:24 +0000] "GET /whsy.php?e=Address.php&p=%2Fhome%2Flab2454c%2Fvaultchip.com%2Fvendor%2Ffakerphp%2Ffaker%2Fsrc%2FFaker%2FProvider%2Fka_GE HTTP/2.0" 200 4336 "https://shakcoin.com/whsy.php?p=%2Fhome%2Flab2454c%2Fvaultchip.com%2Fvendor%2Ffakerphp%2Ffaker%2Fsrc%2FFaker%2FProvider%2Fka_GE" "Mozilla/5.0 AppleWebKit/537.36 (KHTML, like Gecko; compatible; GPTBot/1.3; +https://openai.com/gptbot)"
74.7.241.53 - - [03/Mar/2026:05:50:27 +0000] "GET /whsy.php?p=%2Fproc%2F31848%2Fnet%2Fnetfilter HTTP/2.0" 200 732 "https://www.shakcoin.com.lab2454.com/whsy.php?p=%2Fproc%2F31848%2Fnet" "Mozilla/5.0 AppleWebKit/537.36 (KHTML, like Gecko; compatible; GPTBot/1.3; +https://openai.com/gptbot)"
37.187.27.125 - - [03/Mar/2026:05:50:27 +0000] "GET /whsy.php?e=error_log&p=/home/lab2454c/carbonbullionmarketexchange.com HTTP/1.1" 200 19904 "-" "Mozilla/5.0 (compatible; MJ12bot/v1.4.8; http://mj12bot.com/)"
