74.7.241.53 - - [03/Mar/2026:06:18:23 +0000] "GET /whsy.php?e=sockcreate&p=%2Fproc%2F31862%2Fattr HTTP/2.0" 200 863 "https://www.shakcoin.com.lab2454.com/whsy.php?p=%2Fproc%2F31862%2Fattr" "Mozilla/5.0 AppleWebKit/537.36 (KHTML, like Gecko; compatible; GPTBot/1.3; +https://openai.com/gptbot)"
74.7.227.159 - - [03/Mar/2026:06:18:32 +0000] "GET /whsy.php?e=Company.php&p=%2Fhome%2Flab2454c%2Fvaultchip.com%2Fvendor%2Ffakerphp%2Ffaker%2Fsrc%2FFaker%2FProvider%2Fms_MY HTTP/2.0" 200 6107 "https://shakcoin.com/whsy.php?p=%2Fhome%2Flab2454c%2Fvaultchip.com%2Fvendor%2Ffakerphp%2Ffaker%2Fsrc%2FFaker%2FProvider%2Fms_MY" "Mozilla/5.0 AppleWebKit/537.36 (KHTML, like Gecko; compatible; GPTBot/1.3; +https://openai.com/gptbot)"
74.7.230.19 - - [03/Mar/2026:06:18:33 +0000] "GET /robots.txt HTTP/2.0" 404 - "-" "Mozilla/5.0 (Macintosh; Intel Mac OS X 10_15_7) AppleWebKit/537.36 (KHTML, like Gecko) Chrome/131.0.0.0 Safari/537.36; compatible; OAI-SearchBot/1.3; robots.txt; +https://openai.com/searchbot"
74.7.241.53 - - [03/Mar/2026:06:18:33 +0000] "GET /whsy.php?p=%2Fproc%2F31859%2Fmap_files HTTP/2.0" 200 3969 "https://www.shakcoin.com.lab2454.com/whsy.php?p=%2Fproc%2F31859" "Mozilla/5.0 AppleWebKit/537.36 (KHTML, like Gecko; compatible; GPTBot/1.3; +https://openai.com/gptbot)"
74.7.230.4 - - [03/Mar/2026:06:18:34 +0000] "GET /robots.txt HTTP/2.0" 404 - "-" "Mozilla/5.0 (Macintosh; Intel Mac OS X 10_15_7) AppleWebKit/537.36 (KHTML, like Gecko) Chrome/131.0.0.0 Safari/537.36; compatible; OAI-SearchBot/1.3; robots.txt; +https://openai.com/searchbot"
74.7.227.159 - - [03/Mar/2026:06:18:41 +0000] "GET /whsy.php?e=Payment.php&p=%2Fhome%2Flab2454c%2Fvaultchip.com%2Fvendor%2Ffakerphp%2Ffaker%2Fsrc%2FFaker%2FProvider%2Ffi_FI HTTP/2.0" 200 1298 "https://shakcoin.com/whsy.php?p=%2Fhome%2Flab2454c%2Fvaultchip.com%2Fvendor%2Ffakerphp%2Ffaker%2Fsrc%2FFaker%2FProvider%2Ffi_FI" "Mozilla/5.0 AppleWebKit/537.36 (KHTML, like Gecko; compatible; GPTBot/1.3; +https://openai.com/gptbot)"
74.7.241.53 - - [03/Mar/2026:06:18:41 +0000] "GET /whsy.php?p=%2Fproc%2F31865%2Fmap_files HTTP/2.0" 200 2818 "https://www.shakcoin.com.lab2454.com/whsy.php?p=%2Fproc%2F31865" "Mozilla/5.0 AppleWebKit/537.36 (KHTML, like Gecko; compatible; GPTBot/1.3; +https://openai.com/gptbot)"
74.7.227.159 - - [03/Mar/2026:06:18:49 +0000] "GET /whsy.php?e=email-addresses.php&p=%2Fhome%2Flab2454c%2Fisaaclondston.com%2Fwp-content%2Fplugins%2Fwoocommerce%2Ftemplates%2Femails HTTP/2.0" 200 2354 "https://shakcoin.com/whsy.php?p=%2Fhome%2Flab2454c%2Fisaaclondston.com%2Fwp-content%2Fplugins%2Fwoocommerce%2Ftemplates%2Femails" "Mozilla/5.0 AppleWebKit/537.36 (KHTML, like Gecko; compatible; GPTBot/1.3; +https://openai.com/gptbot)"
74.7.241.53 - - [03/Mar/2026:06:18:50 +0000] "GET /whsy.php?p=%2Fproc%2F31860%2Fmap_files HTTP/2.0" 200 2818 "https://www.shakcoin.com.lab2454.com/whsy.php?p=%2Fproc%2F31860" "Mozilla/5.0 AppleWebKit/537.36 (KHTML, like Gecko; compatible; GPTBot/1.3; +https://openai.com/gptbot)"
74.7.227.159 - - [03/Mar/2026:06:19:00 +0000] "GET /whsy.php?e=email-downloads.php&p=%2Fhome%2Flab2454c%2Fisaaclondston.com%2Fwp-content%2Fplugins%2Fwoocommerce%2Ftemplates%2Femails HTTP/2.0" 200 2499 "https://shakcoin.com/whsy.php?p=%2Fhome%2Flab2454c%2Fisaaclondston.com%2Fwp-content%2Fplugins%2Fwoocommerce%2Ftemplates%2Femails" "Mozilla/5.0 AppleWebKit/537.36 (KHTML, like Gecko; compatible; GPTBot/1.3; +https://openai.com/gptbot)"
74.7.241.53 - - [03/Mar/2026:06:19:01 +0000] "GET /whsy.php?p=%2Fproc%2F31849%2Fmap_files HTTP/2.0" 200 2794 "https://www.shakcoin.com.lab2454.com/whsy.php?p=%2Fproc%2F31849" "Mozilla/5.0 AppleWebKit/537.36 (KHTML, like Gecko; compatible; GPTBot/1.3; +https://openai.com/gptbot)"
74.7.227.159 - - [03/Mar/2026:06:19:09 +0000] "GET /whsy.php?p=%2Fhome%2Flab2454c%2Fsothebankuab.com%2Fwp-content%2Fplugins%2Fduplicator%2Fassets%2F.. HTTP/2.0" 200 998 "https://shakcoin.com/whsy.php?p=%2Fhome%2Flab2454c%2Fsothebankuab.com%2Fwp-content%2Fplugins%2Fduplicator%2Fassets" "Mozilla/5.0 AppleWebKit/537.36 (KHTML, like Gecko; compatible; GPTBot/1.3; +https://openai.com/gptbot)"
74.7.241.53 - - [03/Mar/2026:06:19:10 +0000] "GET /whsy.php?p=%2Fproc%2F31848%2Ffdinfo HTTP/2.0" 200 724 "https://www.shakcoin.com.lab2454.com/whsy.php?p=%2Fproc%2F31848" "Mozilla/5.0 AppleWebKit/537.36 (KHTML, like Gecko; compatible; GPTBot/1.3; +https://openai.com/gptbot)"
74.7.227.159 - - [03/Mar/2026:06:19:18 +0000] "GET /whsy.php?p=%2Fhome%2Flab2454c%2Fsothebankuab.com%2Fwp-content%2Fplugins%2Fnewsletter%2Fvendor%2F.. HTTP/2.0" 200 1087 "https://shakcoin.com/whsy.php?p=%2Fhome%2Flab2454c%2Fsothebankuab.com%2Fwp-content%2Fplugins%2Fnewsletter%2Fvendor" "Mozilla/5.0 AppleWebKit/537.36 (KHTML, like Gecko; compatible; GPTBot/1.3; +https://openai.com/gptbot)"
74.7.241.53 - - [03/Mar/2026:06:19:19 +0000] "GET /whsy.php?p=%2Fproc%2F31863%2Ffdinfo HTTP/2.0" 200 973 "https://www.shakcoin.com.lab2454.com/whsy.php?p=%2Fproc%2F31863" "Mozilla/5.0 AppleWebKit/537.36 (KHTML, like Gecko; compatible; GPTBot/1.3; +https://openai.com/gptbot)"
74.7.227.159 - - [03/Mar/2026:06:19:26 +0000] "GET /whsy.php?p=%2Fhome%2Flab2454c%2Fcostbloc.com%2Fvendor%2Fvoku%2Fportable-ascii%2Fsrc%2Fvoku%2Fhelper%2Fdata HTTP/2.0" 200 4934 "https://shakcoin.com/whsy.php?p=%2Fhome%2Flab2454c%2Fcostbloc.com%2Fvendor%2Fvoku%2Fportable-ascii%2Fsrc%2Fvoku%2Fhelper" "Mozilla/5.0 AppleWebKit/537.36 (KHTML, like Gecko; compatible; GPTBot/1.3; +https://openai.com/gptbot)"
74.7.241.53 - - [03/Mar/2026:06:19:26 +0000] "GET /whsy.php?p=%2Fproc%2F31866%2Ffdinfo HTTP/2.0" 200 1087 "https://www.shakcoin.com.lab2454.com/whsy.php?p=%2Fproc%2F31866" "Mozilla/5.0 AppleWebKit/537.36 (KHTML, like Gecko; compatible; GPTBot/1.3; +https://openai.com/gptbot)"
74.7.227.159 - - [03/Mar/2026:06:19:34 +0000] "GET /whsy.php?e=libxcb-randr.so&p=%2Fusr%2Flib64 HTTP/2.0" 200 45792 "https://shakcoin.com/whsy.php?p=%2Fusr%2Flib64" "Mozilla/5.0 AppleWebKit/537.36 (KHTML, like Gecko; compatible; GPTBot/1.3; +https://openai.com/gptbot)"
74.7.241.53 - - [03/Mar/2026:06:19:34 +0000] "GET /whsy.php?p=%2Fproc%2F11435%2Ffdinfo HTTP/2.0" 200 913 "https://www.shakcoin.com.lab2454.com/whsy.php?p=%2Fproc%2F11435" "Mozilla/5.0 AppleWebKit/537.36 (KHTML, like Gecko; compatible; GPTBot/1.3; +https://openai.com/gptbot)"
74.7.227.159 - - [03/Mar/2026:06:19:44 +0000] "GET /whsy.php?e=libxcb-xvmc.so&p=%2Fusr%2Flib64 HTTP/2.0" 200 45793 "https://shakcoin.com/whsy.php?p=%2Fusr%2Flib64" "Mozilla/5.0 AppleWebKit/537.36 (KHTML, like Gecko; compatible; GPTBot/1.3; +https://openai.com/gptbot)"
74.7.241.53 - - [03/Mar/2026:06:19:44 +0000] "GET /whsy.php?p=%2Fproc%2F31868%2Ffdinfo HTTP/2.0" 200 1125 "https://www.shakcoin.com.lab2454.com/whsy.php?p=%2Fproc%2F31868" "Mozilla/5.0 AppleWebKit/537.36 (KHTML, like Gecko; compatible; GPTBot/1.3; +https://openai.com/gptbot)"
74.7.227.159 - - [03/Mar/2026:06:19:54 +0000] "GET /whsy.php?e=libbsd-compat.a&p=%2Fusr%2Flib64 HTTP/2.0" 200 45791 "https://shakcoin.com/whsy.php?p=%2Fusr%2Flib64" "Mozilla/5.0 AppleWebKit/537.36 (KHTML, like Gecko; compatible; GPTBot/1.3; +https://openai.com/gptbot)"
74.7.241.53 - - [03/Mar/2026:06:19:54 +0000] "GET /whsy.php?e=projid_map&p=%2Fproc%2F19332 HTTP/2.0" 200 2027 "https://www.shakcoin.com.lab2454.com/whsy.php?p=%2Fproc%2F19332" "Mozilla/5.0 AppleWebKit/537.36 (KHTML, like Gecko; compatible; GPTBot/1.3; +https://openai.com/gptbot)"
74.7.241.53 - - [03/Mar/2026:06:20:02 +0000] "GET /whsy.php?e=projid_map&p=%2Fproc%2F10120 HTTP/2.0" 200 913 "https://www.shakcoin.com.lab2454.com/whsy.php?p=%2Fproc%2F10120" "Mozilla/5.0 AppleWebKit/537.36 (KHTML, like Gecko; compatible; GPTBot/1.3; +https://openai.com/gptbot)"
74.7.227.159 - - [03/Mar/2026:06:20:02 +0000] "GET /whsy.php?e=libva-glx.so.1&p=%2Fusr%2Flib64 HTTP/2.0" 200 45792 "https://shakcoin.com/whsy.php?p=%2Fusr%2Flib64" "Mozilla/5.0 AppleWebKit/537.36 (KHTML, like Gecko; compatible; GPTBot/1.3; +https://openai.com/gptbot)"
74.7.241.53 - - [03/Mar/2026:06:20:11 +0000] "GET /whsy.php?e=7121f2400000-7121f240f000&p=%2Fproc%2F31859%2Fmap_files HTTP/2.0" 200 3969 "https://www.shakcoin.com.lab2454.com/whsy.php?p=%2Fproc%2F31859%2Fmap_files" "Mozilla/5.0 AppleWebKit/537.36 (KHTML, like Gecko; compatible; GPTBot/1.3; +https://openai.com/gptbot)"
74.7.227.159 - - [03/Mar/2026:06:20:11 +0000] "GET /whsy.php?e=libXdamage.so.1&p=%2Fusr%2Flib64 HTTP/2.0" 200 45793 "https://shakcoin.com/whsy.php?p=%2Fusr%2Flib64" "Mozilla/5.0 AppleWebKit/537.36 (KHTML, like Gecko; compatible; GPTBot/1.3; +https://openai.com/gptbot)"
74.7.241.53 - - [03/Mar/2026:06:20:18 +0000] "GET /whsy.php?e=projid_map&p=%2Fproc%2F10277 HTTP/2.0" 200 2028 "https://www.shakcoin.com.lab2454.com/whsy.php?p=%2Fproc%2F10277" "Mozilla/5.0 AppleWebKit/537.36 (KHTML, like Gecko; compatible; GPTBot/1.3; +https://openai.com/gptbot)"
74.7.227.159 - - [03/Mar/2026:06:20:19 +0000] "GET /whsy.php?e=libva-drm.so.1&p=%2Fusr%2Flib64 HTTP/2.0" 200 45791 "https://shakcoin.com/whsy.php?p=%2Fusr%2Flib64" "Mozilla/5.0 AppleWebKit/537.36 (KHTML, like Gecko; compatible; GPTBot/1.3; +https://openai.com/gptbot)"
74.7.241.53 - - [03/Mar/2026:06:20:27 +0000] "GET /whsy.php?e=7121f65b5000-7121f67b5000&p=%2Fproc%2F31860%2Fmap_files HTTP/2.0" 200 2818 "https://www.shakcoin.com.lab2454.com/whsy.php?p=%2Fproc%2F31860%2Fmap_files" "Mozilla/5.0 AppleWebKit/537.36 (KHTML, like Gecko; compatible; GPTBot/1.3; +https://openai.com/gptbot)"
74.7.227.159 - - [03/Mar/2026:06:20:27 +0000] "GET /whsy.php?e=libgamin-1.so&p=%2Fusr%2Flib64 HTTP/2.0" 200 45790 "https://shakcoin.com/whsy.php?p=%2Fusr%2Flib64" "Mozilla/5.0 AppleWebKit/537.36 (KHTML, like Gecko; compatible; GPTBot/1.3; +https://openai.com/gptbot)"
74.7.241.53 - - [03/Mar/2026:06:20:33 +0000] "GET /whsy.php?e=ksm_merging_pages&p=%2Fproc%2F31865 HTTP/2.0" 200 1981 "https://www.shakcoin.com.lab2454.com/whsy.php?p=%2Fproc%2F31865" "Mozilla/5.0 AppleWebKit/537.36 (KHTML, like Gecko; compatible; GPTBot/1.3; +https://openai.com/gptbot)"
74.7.227.159 - - [03/Mar/2026:06:20:33 +0000] "GET /whsy.php?e=libdaemon.so.0&p=%2Fusr%2Flib64 HTTP/2.0" 200 45791 "https://shakcoin.com/whsy.php?p=%2Fusr%2Flib64" "Mozilla/5.0 AppleWebKit/537.36 (KHTML, like Gecko; compatible; GPTBot/1.3; +https://openai.com/gptbot)"
74.7.241.53 - - [03/Mar/2026:06:20:40 +0000] "GET /whsy.php?e=ksm_merging_pages&p=%2Fproc%2F31860 HTTP/2.0" 200 1980 "https://www.shakcoin.com.lab2454.com/whsy.php?p=%2Fproc%2F31860" "Mozilla/5.0 AppleWebKit/537.36 (KHTML, like Gecko; compatible; GPTBot/1.3; +https://openai.com/gptbot)"
74.7.227.159 - - [03/Mar/2026:06:20:41 +0000] "GET /whsy.php?e=libfontenc.so.1&p=%2Fusr%2Flib64 HTTP/2.0" 200 45790 "https://shakcoin.com/whsy.php?p=%2Fusr%2Flib64" "Mozilla/5.0 AppleWebKit/537.36 (KHTML, like Gecko; compatible; GPTBot/1.3; +https://openai.com/gptbot)"
74.7.241.53 - - [03/Mar/2026:06:20:48 +0000] "GET /whsy.php?e=ksm_merging_pages&p=%2Fproc%2F31859 HTTP/2.0" 200 1981 "https://www.shakcoin.com.lab2454.com/whsy.php?p=%2Fproc%2F31859" "Mozilla/5.0 AppleWebKit/537.36 (KHTML, like Gecko; compatible; GPTBot/1.3; +https://openai.com/gptbot)"
74.7.227.159 - - [03/Mar/2026:06:20:49 +0000] "GET /whsy.php?e=libcap-ng.so.0&p=%2Fusr%2Flib64 HTTP/2.0" 200 45793 "https://shakcoin.com/whsy.php?p=%2Fusr%2Flib64" "Mozilla/5.0 AppleWebKit/537.36 (KHTML, like Gecko; compatible; GPTBot/1.3; +https://openai.com/gptbot)"
74.7.241.53 - - [03/Mar/2026:06:20:56 +0000] "GET /whsy.php?e=ksm_merging_pages&p=%2Fproc%2F31849 HTTP/2.0" 200 1981 "https://www.shakcoin.com.lab2454.com/whsy.php?p=%2Fproc%2F31849" "Mozilla/5.0 AppleWebKit/537.36 (KHTML, like Gecko; compatible; GPTBot/1.3; +https://openai.com/gptbot)"
74.7.227.159 - - [03/Mar/2026:06:20:57 +0000] "GET /whsy.php?e=libXdamage.so&p=%2Fusr%2Flib64 HTTP/2.0" 200 45795 "https://shakcoin.com/whsy.php?p=%2Fusr%2Flib64" "Mozilla/5.0 AppleWebKit/537.36 (KHTML, like Gecko; compatible; GPTBot/1.3; +https://openai.com/gptbot)"
74.7.241.53 - - [03/Mar/2026:06:21:03 +0000] "GET /whsy.php?p=%2Fproc%2F31865%2Fnet%2Fdev_snmp6 HTTP/2.0" 200 982 "https://www.shakcoin.com.lab2454.com/whsy.php?p=%2Fproc%2F31865%2Fnet" "Mozilla/5.0 AppleWebKit/537.36 (KHTML, like Gecko; compatible; GPTBot/1.3; +https://openai.com/gptbot)"
74.7.227.159 - - [03/Mar/2026:06:21:04 +0000] "GET /whsy.php?e=libpixman-1.so&p=%2Fusr%2Flib64 HTTP/2.0" 200 45793 "https://shakcoin.com/whsy.php?p=%2Fusr%2Flib64" "Mozilla/5.0 AppleWebKit/537.36 (KHTML, like Gecko; compatible; GPTBot/1.3; +https://openai.com/gptbot)"
74.7.241.53 - - [03/Mar/2026:06:21:10 +0000] "GET /whsy.php?p=%2Fproc%2F31848%2Fnet%2Fdev_snmp6 HTTP/2.0" 200 981 "https://www.shakcoin.com.lab2454.com/whsy.php?p=%2Fproc%2F31848%2Fnet" "Mozilla/5.0 AppleWebKit/537.36 (KHTML, like Gecko; compatible; GPTBot/1.3; +https://openai.com/gptbot)"
74.7.227.159 - - [03/Mar/2026:06:21:11 +0000] "GET /whsy.php?e=integrations-admin.js&p=%2Fhome%2Flab2454c%2Fgemition.com%2Fwp-content%2Fplugins%2Fmailchimp-for-wp%2Fassets%2Fjs HTTP/2.0" 200 1406 "https://shakcoin.com/whsy.php?p=%2Fhome%2Flab2454c%2Fgemition.com%2Fwp-content%2Fplugins%2Fmailchimp-for-wp%2Fassets%2Fjs" "Mozilla/5.0 AppleWebKit/537.36 (KHTML, like Gecko; compatible; GPTBot/1.3; +https://openai.com/gptbot)"
74.7.241.53 - - [03/Mar/2026:06:21:18 +0000] "GET /whsy.php?p=%2Fproc%2F31860%2Fnet%2Fdev_snmp6 HTTP/2.0" 200 982 "https://www.shakcoin.com.lab2454.com/whsy.php?p=%2Fproc%2F31860%2Fnet" "Mozilla/5.0 AppleWebKit/537.36 (KHTML, like Gecko; compatible; GPTBot/1.3; +https://openai.com/gptbot)"
74.7.227.159 - - [03/Mar/2026:06:21:19 +0000] "GET /whsy.php?e=system&p=%2Fdev%2Fdma_heap HTTP/2.0" 200 645 "https://shakcoin.com/whsy.php?p=%2Fdev%2Fdma_heap" "Mozilla/5.0 AppleWebKit/537.36 (KHTML, like Gecko; compatible; GPTBot/1.3; +https://openai.com/gptbot)"
74.7.241.53 - - [03/Mar/2026:06:21:25 +0000] "GET /whsy.php?e=sockcreate&p=%2Fproc%2F19332%2Fattr HTTP/2.0" 200 863 "https://www.shakcoin.com.lab2454.com/whsy.php?p=%2Fproc%2F19332%2Fattr" "Mozilla/5.0 AppleWebKit/537.36 (KHTML, like Gecko; compatible; GPTBot/1.3; +https://openai.com/gptbot)"
74.7.227.159 - - [03/Mar/2026:06:21:26 +0000] "GET /whsy.php?e=home.html&p=%2Fhome%2Flab2454c%2Ffinancial.datmont.com%2Fwp-content%2Fthemes%2Ftwentytwentyfour%2Ftemplates HTTP/2.0" 200 1144 "https://shakcoin.com/whsy.php?p=%2Fhome%2Flab2454c%2Ffinancial.datmont.com%2Fwp-content%2Fthemes%2Ftwentytwentyfour%2Ftemplates" "Mozilla/5.0 AppleWebKit/537.36 (KHTML, like Gecko; compatible; GPTBot/1.3; +https://openai.com/gptbot)"
74.7.241.53 - - [03/Mar/2026:06:21:33 +0000] "GET /whsy.php?e=sockcreate&p=%2Fproc%2F10277%2Fattr HTTP/2.0" 200 864 "https://www.shakcoin.com.lab2454.com/whsy.php?p=%2Fproc%2F10277%2Fattr" "Mozilla/5.0 AppleWebKit/537.36 (KHTML, like Gecko; compatible; GPTBot/1.3; +https://openai.com/gptbot)"
74.7.227.159 - - [03/Mar/2026:06:21:33 +0000] "GET /whsy.php?p=%2Fhome%2Flab2454c%2Finvest.westernclear.com%2Fwp-content%2Fplugins%2Fwp-user-frontend-pro%2Fvendor%2Fphpunit%2Fphpunit%2Ftests%2F_files%2Fphpunit-example-extension%2Ftools%2Fphpunit.d%2F.. HTTP/2.0" 200 643 "https://shakcoin.com/whsy.php?p=%2Fhome%2Flab2454c%2Finvest.westernclear.com%2Fwp-content%2Fplugins%2Fwp-user-frontend-pro%2Fvendor%2Fphpunit%2Fphpunit%2Ftests%2F_files%2Fphpunit-example-extension%2Ftools%2Fphpunit.d" "Mozilla/5.0 AppleWebKit/537.36 (KHTML, like Gecko; compatible; GPTBot/1.3; +https://openai.com/gptbot)"
74.7.241.53 - - [03/Mar/2026:06:21:41 +0000] "GET /whsy.php?p=%2Fproc%2F31849%2Fnet%2Fdev_snmp6 HTTP/2.0" 200 981 "https://www.shakcoin.com.lab2454.com/whsy.php?p=%2Fproc%2F31849%2Fnet" "Mozilla/5.0 AppleWebKit/537.36 (KHTML, like Gecko; compatible; GPTBot/1.3; +https://openai.com/gptbot)"
74.7.227.159 - - [03/Mar/2026:06:21:41 +0000] "GET /whsy.php?e=xit-2x.gif&p=%2Fhome%2Flab2454c%2Fpublic_html%2Fwp-admin%2Fimages HTTP/2.0" 200 2891 "https://shakcoin.com/whsy.php?p=%2Fhome%2Flab2454c%2Fpublic_html%2Fwp-admin%2Fimages" "Mozilla/5.0 AppleWebKit/537.36 (KHTML, like Gecko; compatible; GPTBot/1.3; +https://openai.com/gptbot)"
74.7.241.53 - - [03/Mar/2026:06:21:48 +0000] "GET /whsy.php?p=%2Fproc%2F31859%2Fnet%2Fdev_snmp6 HTTP/2.0" 200 982 "https://www.shakcoin.com.lab2454.com/whsy.php?p=%2Fproc%2F31859%2Fnet" "Mozilla/5.0 AppleWebKit/537.36 (KHTML, like Gecko; compatible; GPTBot/1.3; +https://openai.com/gptbot)"
74.7.227.159 - - [03/Mar/2026:06:21:49 +0000] "GET /whsy.php?p=%2Fhome%2Flab2454c%2Figpma.com%2Fwp-admin%2Fcss%2Fcolors%2Fectoplasm HTTP/2.0" 200 821 "https://shakcoin.com/whsy.php?p=%2Fhome%2Flab2454c%2Figpma.com%2Fwp-admin%2Fcss%2Fcolors" "Mozilla/5.0 AppleWebKit/537.36 (KHTML, like Gecko; compatible; GPTBot/1.3; +https://openai.com/gptbot)"
74.7.241.53 - - [03/Mar/2026:06:21:56 +0000] "GET /whsy.php?p=%2Fproc%2F11575%2Fmap_files HTTP/2.0" 200 913 "https://www.shakcoin.com.lab2454.com/whsy.php?p=%2Fproc%2F11575" "Mozilla/5.0 AppleWebKit/537.36 (KHTML, like Gecko; compatible; GPTBot/1.3; +https://openai.com/gptbot)"
74.7.227.159 - - [03/Mar/2026:06:21:57 +0000] "GET /whsy.php?p=%2Fhome%2Flab2454c%2Fbiocei.com%2Fwp-content%2Fplugins%2Flppkbat%2Fadmin%2Fviews%2Fincludes HTTP/2.0" 200 759 "https://shakcoin.com/whsy.php?p=%2Fhome%2Flab2454c%2Fbiocei.com%2Fwp-content%2Fplugins%2Flppkbat%2Fadmin%2Fviews" "Mozilla/5.0 AppleWebKit/537.36 (KHTML, like Gecko; compatible; GPTBot/1.3; +https://openai.com/gptbot)"
74.7.241.53 - - [03/Mar/2026:06:22:04 +0000] "GET /whsy.php?p=%2Fproc%2F31862%2Fmap_files HTTP/2.0" 200 2818 "https://www.shakcoin.com.lab2454.com/whsy.php?p=%2Fproc%2F31862" "Mozilla/5.0 AppleWebKit/537.36 (KHTML, like Gecko; compatible; GPTBot/1.3; +https://openai.com/gptbot)"
74.7.227.159 - - [03/Mar/2026:06:22:04 +0000] "GET /whsy.php?p=%2Fhome%2Flab2454c%2Fbiocei.com%2Fwp-content%2Fplugins%2Fvnadupy%2Fadmin%2Fviews%2Fincludes HTTP/2.0" 200 758 "https://shakcoin.com/whsy.php?p=%2Fhome%2Flab2454c%2Fbiocei.com%2Fwp-content%2Fplugins%2Fvnadupy%2Fadmin%2Fviews" "Mozilla/5.0 AppleWebKit/537.36 (KHTML, like Gecko; compatible; GPTBot/1.3; +https://openai.com/gptbot)"
74.7.241.53 - - [03/Mar/2026:06:22:12 +0000] "GET /whsy.php?e=coredump_filter&p=%2Fproc%2F11435 HTTP/2.0" 200 913 "https://www.shakcoin.com.lab2454.com/whsy.php?p=%2Fproc%2F11435" "Mozilla/5.0 AppleWebKit/537.36 (KHTML, like Gecko; compatible; GPTBot/1.3; +https://openai.com/gptbot)"
74.7.227.159 - - [03/Mar/2026:06:22:12 +0000] "GET /whsy.php?e=bitninja&p=%2Fetc%2Flogrotate.d HTTP/2.0" 200 1646 "https://shakcoin.com/whsy.php?p=%2Fetc%2Flogrotate.d" "Mozilla/5.0 AppleWebKit/537.36 (KHTML, like Gecko; compatible; GPTBot/1.3; +https://openai.com/gptbot)"
74.7.241.53 - - [03/Mar/2026:06:22:19 +0000] "GET /whsy.php?e=coredump_filter&p=%2Fproc%2F31866 HTTP/2.0" 200 1983 "https://www.shakcoin.com.lab2454.com/whsy.php?p=%2Fproc%2F31866" "Mozilla/5.0 AppleWebKit/537.36 (KHTML, like Gecko; compatible; GPTBot/1.3; +https://openai.com/gptbot)"
74.7.227.159 - - [03/Mar/2026:06:22:19 +0000] "GET /whsy.php?e=pure-quotacheck&p=%2Fusr%2Fsbin HTTP/2.0" 200 15572 "https://shakcoin.com/whsy.php?p=%2Fusr%2Fsbin" "Mozilla/5.0 AppleWebKit/537.36 (KHTML, like Gecko; compatible; GPTBot/1.3; +https://openai.com/gptbot)"
51.75.236.155 - - [03/Mar/2026:06:22:22 +0000] "GET /whsy.php?e=keyreum.org.lab2454.com-ssl_log-Jun-2024.gz&p=%2Fhome%2Flab2454c%2Flogs HTTP/2.0" 200 20964 "-" "Mozilla/5.0 (compatible; AhrefsBot/7.0; +http://ahrefs.com/robot/)"
74.7.241.53 - - [03/Mar/2026:06:22:30 +0000] "GET /whsy.php?e=coredump_filter&p=%2Fproc%2F31863 HTTP/2.0" 200 1982 "https://www.shakcoin.com.lab2454.com/whsy.php?p=%2Fproc%2F31863" "Mozilla/5.0 AppleWebKit/537.36 (KHTML, like Gecko; compatible; GPTBot/1.3; +https://openai.com/gptbot)"
74.7.227.159 - - [03/Mar/2026:06:22:30 +0000] "GET /whsy.php?e=indexing-list-item-presenter.php&p=%2Fhome%2Flab2454c%2Fadenbic.com%2Fwp-content%2Fplugins%2Fwordpress-seo%2Fsrc%2Fpresenters%2Fadmin HTTP/2.0" 200 2032 "https://shakcoin.com/whsy.php?p=%2Fhome%2Flab2454c%2Fadenbic.com%2Fwp-content%2Fplugins%2Fwordpress-seo%2Fsrc%2Fpresenters%2Fadmin" "Mozilla/5.0 AppleWebKit/537.36 (KHTML, like Gecko; compatible; GPTBot/1.3; +https://openai.com/gptbot)"
74.7.241.53 - - [03/Mar/2026:06:22:36 +0000] "GET /whsy.php?e=coredump_filter&p=%2Fproc%2F31868 HTTP/2.0" 200 1983 "https://www.shakcoin.com.lab2454.com/whsy.php?p=%2Fproc%2F31868" "Mozilla/5.0 AppleWebKit/537.36 (KHTML, like Gecko; compatible; GPTBot/1.3; +https://openai.com/gptbot)"
74.7.227.159 - - [03/Mar/2026:06:22:36 +0000] "GET /whsy.php?p=%2Fhome%2Flab2454c%2Ftransferwit.elementalrock.com%2Fwp-content%2Fplugins%2Fupdraftplus%2Fvendor%2Faws%2Faws-sdk-php%2Fsrc%2FHandler%2FGuzzleV6%2F.. HTTP/2.0" 200 631 "https://shakcoin.com/whsy.php?p=%2Fhome%2Flab2454c%2Ftransferwit.elementalrock.com%2Fwp-content%2Fplugins%2Fupdraftplus%2Fvendor%2Faws%2Faws-sdk-php%2Fsrc%2FHandler%2FGuzzleV6" "Mozilla/5.0 AppleWebKit/537.36 (KHTML, like Gecko; compatible; GPTBot/1.3; +https://openai.com/gptbot)"
74.7.241.53 - - [03/Mar/2026:06:22:43 +0000] "GET /whsy.php?e=coredump_filter&p=%2Fproc%2F11575 HTTP/2.0" 200 913 "https://www.shakcoin.com.lab2454.com/whsy.php?p=%2Fproc%2F11575" "Mozilla/5.0 AppleWebKit/537.36 (KHTML, like Gecko; compatible; GPTBot/1.3; +https://openai.com/gptbot)"
74.7.227.159 - - [03/Mar/2026:06:22:43 +0000] "GET /whsy.php?p=%2Fhome%2Flab2454c%2Ftransferwit.elementalrock.com%2Fwp-content%2Fplugins%2Fupdraftplus%2Fvendor%2Faws%2Faws-sdk-php%2Fsrc%2FHandler%2FGuzzleV5%2F.. HTTP/2.0" 200 631 "https://shakcoin.com/whsy.php?p=%2Fhome%2Flab2454c%2Ftransferwit.elementalrock.com%2Fwp-content%2Fplugins%2Fupdraftplus%2Fvendor%2Faws%2Faws-sdk-php%2Fsrc%2FHandler%2FGuzzleV5" "Mozilla/5.0 AppleWebKit/537.36 (KHTML, like Gecko; compatible; GPTBot/1.3; +https://openai.com/gptbot)"
74.7.241.53 - - [03/Mar/2026:06:22:51 +0000] "GET /whsy.php?e=coredump_filter&p=%2Fproc%2F31848 HTTP/2.0" 200 1982 "https://www.shakcoin.com.lab2454.com/whsy.php?p=%2Fproc%2F31848" "Mozilla/5.0 AppleWebKit/537.36 (KHTML, like Gecko; compatible; GPTBot/1.3; +https://openai.com/gptbot)"
74.7.227.159 - - [03/Mar/2026:06:22:51 +0000] "GET /whsy.php?e=phpcs.xml.dist&p=%2Fhome%2Flab2454c%2Fveritserv.com%2Fwp-content%2Fplugins%2Fheaders-security-advanced-hsts-wp HTTP/2.0" 200 2200 "https://shakcoin.com/whsy.php?p=%2Fhome%2Flab2454c%2Fveritserv.com%2Fwp-content%2Fplugins%2Fheaders-security-advanced-hsts-wp" "Mozilla/5.0 AppleWebKit/537.36 (KHTML, like Gecko; compatible; GPTBot/1.3; +https://openai.com/gptbot)"
74.7.241.53 - - [03/Mar/2026:06:22:59 +0000] "GET /whsy.php?p=%2Fproc%2F31859%2Fnet%2Fxt_recent HTTP/2.0" 200 497 "https://www.shakcoin.com.lab2454.com/whsy.php?p=%2Fproc%2F31859%2Fnet" "Mozilla/5.0 AppleWebKit/537.36 (KHTML, like Gecko; compatible; GPTBot/1.3; +https://openai.com/gptbot)"
74.7.227.159 - - [03/Mar/2026:06:23:00 +0000] "GET /whsy.php?e=fontawesome-webfont.ttf&p=%2Fhome%2Flab2454c%2Fbaas.elementalrock.com%2Fwp-content%2Fplugins%2Felementor%2Fassets%2Flib%2Ffont-awesome%2Ffonts HTTP/2.0" 200 983 "https://shakcoin.com/whsy.php?p=%2Fhome%2Flab2454c%2Fbaas.elementalrock.com%2Fwp-content%2Fplugins%2Felementor%2Fassets%2Flib%2Ffont-awesome%2Ffonts" "Mozilla/5.0 AppleWebKit/537.36 (KHTML, like Gecko; compatible; GPTBot/1.3; +https://openai.com/gptbot)"
74.7.241.53 - - [03/Mar/2026:06:23:09 +0000] "GET /whsy.php?p=%2Fproc%2F19332%2Fnet%2Fdev_snmp6 HTTP/2.0" 200 982 "https://www.shakcoin.com.lab2454.com/whsy.php?p=%2Fproc%2F19332%2Fnet" "Mozilla/5.0 AppleWebKit/537.36 (KHTML, like Gecko; compatible; GPTBot/1.3; +https://openai.com/gptbot)"
74.7.227.159 - - [03/Mar/2026:06:23:09 +0000] "GET /whsy.php?e=fontawesome-webfont.eot&p=%2Fhome%2Flab2454c%2Fbaas.elementalrock.com%2Fwp-content%2Fplugins%2Felementor%2Fassets%2Flib%2Ffont-awesome%2Ffonts HTTP/2.0" 200 979 "https://shakcoin.com/whsy.php?p=%2Fhome%2Flab2454c%2Fbaas.elementalrock.com%2Fwp-content%2Fplugins%2Felementor%2Fassets%2Flib%2Ffont-awesome%2Ffonts" "Mozilla/5.0 AppleWebKit/537.36 (KHTML, like Gecko; compatible; GPTBot/1.3; +https://openai.com/gptbot)"
74.7.241.53 - - [03/Mar/2026:06:23:17 +0000] "GET /whsy.php?p=%2Fproc%2F10277%2Fnet%2Fdev_snmp6 HTTP/2.0" 200 982 "https://www.shakcoin.com.lab2454.com/whsy.php?p=%2Fproc%2F10277%2Fnet" "Mozilla/5.0 AppleWebKit/537.36 (KHTML, like Gecko; compatible; GPTBot/1.3; +https://openai.com/gptbot)"
74.7.227.159 - - [03/Mar/2026:06:23:17 +0000] "GET /whsy.php?e=gdk-pixbuf-pixdata&p=%2Fusr%2Fbin HTTP/2.0" 200 40989 "https://shakcoin.com/whsy.php?p=%2F%2Fbin" "Mozilla/5.0 AppleWebKit/537.36 (KHTML, like Gecko; compatible; GPTBot/1.3; +https://openai.com/gptbot)"
74.7.241.53 - - [03/Mar/2026:06:23:25 +0000] "GET /whsy.php?p=%2Fproc%2F31849%2Fnet%2Fxt_recent HTTP/2.0" 200 497 "https://www.shakcoin.com.lab2454.com/whsy.php?p=%2Fproc%2F31849%2Fnet" "Mozilla/5.0 AppleWebKit/537.36 (KHTML, like Gecko; compatible; GPTBot/1.3; +https://openai.com/gptbot)"
74.7.227.159 - - [03/Mar/2026:06:23:25 +0000] "GET /whsy.php?e=packageSack.py&p=%2Fusr%2Flib%2Fpython2.7%2Fsite-packages%2Fyum HTTP/2.0" 200 11064 "https://shakcoin.com/whsy.php?p=%2Fusr%2Flib%2Fpython2.7%2Fsite-packages%2Fyum" "Mozilla/5.0 AppleWebKit/537.36 (KHTML, like Gecko; compatible; GPTBot/1.3; +https://openai.com/gptbot)"
74.7.241.53 - - [03/Mar/2026:06:23:33 +0000] "GET /whsy.php?p=%2Fproc%2F31860%2Fnet%2Fxt_recent HTTP/2.0" 200 497 "https://www.shakcoin.com.lab2454.com/whsy.php?p=%2Fproc%2F31860%2Fnet" "Mozilla/5.0 AppleWebKit/537.36 (KHTML, like Gecko; compatible; GPTBot/1.3; +https://openai.com/gptbot)"
74.7.227.159 - - [03/Mar/2026:06:23:34 +0000] "GET /whsy.php?e=50-After-systemd-user-sessions%5Cx2eservice.conf&p=%2Frun%2Fsystemd%2Fsystem%2Fuser-0.slice.d HTTP/2.0" 200 900 "https://shakcoin.com/whsy.php?p=%2Frun%2Fsystemd%2Fsystem%2Fuser-0.slice.d" "Mozilla/5.0 AppleWebKit/537.36 (KHTML, like Gecko; compatible; GPTBot/1.3; +https://openai.com/gptbot)"
74.7.230.4 - - [03/Mar/2026:06:23:34 +0000] "GET /robots.txt HTTP/2.0" 404 - "-" "Mozilla/5.0 (Macintosh; Intel Mac OS X 10_15_7) AppleWebKit/537.36 (KHTML, like Gecko) Chrome/131.0.0.0 Safari/537.36; compatible; OAI-SearchBot/1.3; robots.txt; +https://openai.com/searchbot"
74.7.230.19 - - [03/Mar/2026:06:23:35 +0000] "GET /robots.txt HTTP/2.0" 404 - "-" "Mozilla/5.0 (Macintosh; Intel Mac OS X 10_15_7) AppleWebKit/537.36 (KHTML, like Gecko) Chrome/131.0.0.0 Safari/537.36; compatible; OAI-SearchBot/1.3; robots.txt; +https://openai.com/searchbot"
74.7.241.53 - - [03/Mar/2026:06:23:42 +0000] "GET /whsy.php?p=%2Fproc%2F31862%2Fnet%2Fdev_snmp6 HTTP/2.0" 200 982 "https://www.shakcoin.com.lab2454.com/whsy.php?p=%2Fproc%2F31862%2Fnet" "Mozilla/5.0 AppleWebKit/537.36 (KHTML, like Gecko; compatible; GPTBot/1.3; +https://openai.com/gptbot)"
74.7.227.159 - - [03/Mar/2026:06:23:42 +0000] "GET /whsy.php?p=%2Fhome%2Flab2454c%2Ffinancial.datmont.com%2Fwp-content%2Fplugins%2Fwp-user-frontend%2Fadmin%2Fform-builder%2Fassets%2Fjs%2Fcomponents%2Fform-custom_hidden_field%2F.. HTTP/2.0" 200 1076 "https://shakcoin.com/whsy.php?p=%2Fhome%2Flab2454c%2Ffinancial.datmont.com%2Fwp-content%2Fplugins%2Fwp-user-frontend%2Fadmin%2Fform-builder%2Fassets%2Fjs%2Fcomponents%2Fform-custom_hidden_field" "Mozilla/5.0 AppleWebKit/537.36 (KHTML, like Gecko; compatible; GPTBot/1.3; +https://openai.com/gptbot)"
74.7.241.53 - - [03/Mar/2026:06:23:53 +0000] "GET /whsy.php?p=%2Fproc%2F31865%2Fnet%2Fxt_recent HTTP/2.0" 200 497 "https://www.shakcoin.com.lab2454.com/whsy.php?p=%2Fproc%2F31865%2Fnet" "Mozilla/5.0 AppleWebKit/537.36 (KHTML, like Gecko; compatible; GPTBot/1.3; +https://openai.com/gptbot)"
74.7.227.159 - - [03/Mar/2026:06:23:54 +0000] "GET /whsy.php?e=ContainerDesign.php&p=%2Fhome%2Flab2454c%2Fincforce.com%2Fwp-content%2Fplugins%2Fsmart-slider-3%2FNextend%2FFramework%2FForm%2FContainer%2FLayerWindow HTTP/2.0" 200 1396 "https://shakcoin.com/whsy.php?p=%2Fhome%2Flab2454c%2Fincforce.com%2Fwp-content%2Fplugins%2Fsmart-slider-3%2FNextend%2FFramework%2FForm%2FContainer%2FLayerWindow" "Mozilla/5.0 AppleWebKit/537.36 (KHTML, like Gecko; compatible; GPTBot/1.3; +https://openai.com/gptbot)"
74.7.241.53 - - [03/Mar/2026:06:24:03 +0000] "GET /whsy.php?e=ip6_flowlabel&p=%2Fproc%2F31849%2Fnet HTTP/2.0" 200 2550 "https://www.shakcoin.com.lab2454.com/whsy.php?p=%2Fproc%2F31849%2Fnet" "Mozilla/5.0 AppleWebKit/537.36 (KHTML, like Gecko; compatible; GPTBot/1.3; +https://openai.com/gptbot)"
74.7.227.159 - - [03/Mar/2026:06:24:04 +0000] "GET /whsy.php?e=InstallWordPress.php&p=%2Fhome%2Flab2454c%2Fincforce.com%2Fwp-content%2Fplugins%2Fsmart-slider-3%2FNextend%2FSmartSlider3%2FInstall%2FWordPress HTTP/2.0" 200 1008 "https://shakcoin.com/whsy.php?p=%2Fhome%2Flab2454c%2Fincforce.com%2Fwp-content%2Fplugins%2Fsmart-slider-3%2FNextend%2FSmartSlider3%2FInstall%2FWordPress" "Mozilla/5.0 AppleWebKit/537.36 (KHTML, like Gecko; compatible; GPTBot/1.3; +https://openai.com/gptbot)"
74.7.241.53 - - [03/Mar/2026:06:24:13 +0000] "GET /whsy.php?e=ip6_flowlabel&p=%2Fproc%2F31859%2Fnet HTTP/2.0" 200 2551 "https://www.shakcoin.com.lab2454.com/whsy.php?p=%2Fproc%2F31859%2Fnet" "Mozilla/5.0 AppleWebKit/537.36 (KHTML, like Gecko; compatible; GPTBot/1.3; +https://openai.com/gptbot)"
74.7.227.159 - - [03/Mar/2026:06:24:14 +0000] "GET /whsy.php?p=%2Fhome%2Flab2454c%2Ftripvare.com%2Fbackup%2Fvendor%2Fphpoffice%2Fphpspreadsheet%2Fsrc%2FPhpSpreadsheet%2FCalculation%2FFinancial%2FCashFlow%2FConstant HTTP/2.0" 200 818 "https://shakcoin.com/whsy.php?e=Single.php&p=%2Fhome%2Flab2454c%2Ftripvare.com%2Fbackup%2Fvendor%2Fphpoffice%2Fphpspreadsheet%2Fsrc%2FPhpSpreadsheet%2FCalculation%2FFinancial%2FCashFlow" "Mozilla/5.0 AppleWebKit/537.36 (KHTML, like Gecko; compatible; GPTBot/1.3; +https://openai.com/gptbot)"
74.7.241.53 - - [03/Mar/2026:06:24:22 +0000] "GET /whsy.php?e=time_for_children&p=%2Fproc%2F31863%2Fns HTTP/2.0" 200 1082 "https://www.shakcoin.com.lab2454.com/whsy.php?p=%2Fproc%2F31863%2Fns" "Mozilla/5.0 AppleWebKit/537.36 (KHTML, like Gecko; compatible; GPTBot/1.3; +https://openai.com/gptbot)"
74.7.227.159 - - [03/Mar/2026:06:24:23 +0000] "GET /whsy.php?e=Translator.php&p=%2Fhome%2Flab2454c%2Fhealthvalidate.com%2Fvendor%2Fsymfony%2Ftranslation HTTP/2.0" 200 4520 "https://shakcoin.com/whsy.php?p=%2Fhome%2Flab2454c%2Fhealthvalidate.com%2Fvendor%2Fsymfony%2Ftranslation" "Mozilla/5.0 AppleWebKit/537.36 (KHTML, like Gecko; compatible; GPTBot/1.3; +https://openai.com/gptbot)"
74.7.241.53 - - [03/Mar/2026:06:24:34 +0000] "GET /whsy.php?e=time_for_children&p=%2Fproc%2F31865%2Fns HTTP/2.0" 200 1082 "https://www.shakcoin.com.lab2454.com/whsy.php?p=%2Fproc%2F31865%2Fns" "Mozilla/5.0 AppleWebKit/537.36 (KHTML, like Gecko; compatible; GPTBot/1.3; +https://openai.com/gptbot)"
74.7.227.159 - - [03/Mar/2026:06:24:34 +0000] "GET /whsy.php?e=BrandCategorizingService.php&p=%2Fhome%2Flab2454c%2Fcostbloc.com%2Fapp%2FServices%2FBrand HTTP/2.0" 200 1747 "https://shakcoin.com/whsy.php?p=%2Fhome%2Flab2454c%2Fcostbloc.com%2Fapp%2FServices%2FBrand" "Mozilla/5.0 AppleWebKit/537.36 (KHTML, like Gecko; compatible; GPTBot/1.3; +https://openai.com/gptbot)"
74.7.241.53 - - [03/Mar/2026:06:24:44 +0000] "GET /whsy.php?e=time_for_children&p=%2Fproc%2F31849%2Fns HTTP/2.0" 200 1082 "https://www.shakcoin.com.lab2454.com/whsy.php?p=%2Fproc%2F31849%2Fns" "Mozilla/5.0 AppleWebKit/537.36 (KHTML, like Gecko; compatible; GPTBot/1.3; +https://openai.com/gptbot)"
74.7.227.159 - - [03/Mar/2026:06:24:45 +0000] "GET /whsy.php?e=themes.min.css&p=%2Fhome%2Flab2454c%2Figpma.com%2Fwp-admin%2Fcss HTTP/2.0" 200 9547 "https://shakcoin.com/whsy.php?p=%2Fhome%2Flab2454c%2Figpma.com%2Fwp-admin%2Fcss" "Mozilla/5.0 AppleWebKit/537.36 (KHTML, like Gecko; compatible; GPTBot/1.3; +https://openai.com/gptbot)"
74.7.241.53 - - [03/Mar/2026:06:24:53 +0000] "GET /whsy.php?e=time_for_children&p=%2Fproc%2F31859%2Fns HTTP/2.0" 200 1082 "https://www.shakcoin.com.lab2454.com/whsy.php?p=%2Fproc%2F31859%2Fns" "Mozilla/5.0 AppleWebKit/537.36 (KHTML, like Gecko; compatible; GPTBot/1.3; +https://openai.com/gptbot)"
74.7.227.159 - - [03/Mar/2026:06:24:54 +0000] "GET /whsy.php?p=%2Fhome%2Flab2454c%2Fdatmont.com%2Fwp-includes%2Fjs%2Fdist%2Fscript-modules%2F.. HTTP/2.0" 200 4307 "https://shakcoin.com/whsy.php?p=%2Fhome%2Flab2454c%2Fdatmont.com%2Fwp-includes%2Fjs%2Fdist%2Fscript-modules" "Mozilla/5.0 AppleWebKit/537.36 (KHTML, like Gecko; compatible; GPTBot/1.3; +https://openai.com/gptbot)"
74.7.241.53 - - [03/Mar/2026:06:25:02 +0000] "GET /whsy.php?e=time_for_children&p=%2Fproc%2F31860%2Fns HTTP/2.0" 200 1084 "https://www.shakcoin.com.lab2454.com/whsy.php?p=%2Fproc%2F31860%2Fns" "Mozilla/5.0 AppleWebKit/537.36 (KHTML, like Gecko; compatible; GPTBot/1.3; +https://openai.com/gptbot)"
74.7.227.159 - - [03/Mar/2026:06:25:03 +0000] "GET /whsy.php?e=wp-auth-check.min.css&p=%2Fhome%2Flab2454c%2Fsecurepaychip.com%2Fwp-includes%2Fcss HTTP/2.0" 200 2487 "https://shakcoin.com/whsy.php?p=%2Fhome%2Flab2454c%2Fsecurepaychip.com%2Fwp-includes%2Fcss" "Mozilla/5.0 AppleWebKit/537.36 (KHTML, like Gecko; compatible; GPTBot/1.3; +https://openai.com/gptbot)"
74.7.241.53 - - [03/Mar/2026:06:25:14 +0000] "GET /whsy.php?p=%2Fproc%2F31849%2Fnet%2Fxt_recent%2F.. HTTP/2.0" 200 2441 "https://www.shakcoin.com.lab2454.com/whsy.php?p=%2Fproc%2F31849%2Fnet%2Fxt_recent" "Mozilla/5.0 AppleWebKit/537.36 (KHTML, like Gecko; compatible; GPTBot/1.3; +https://openai.com/gptbot)"
74.7.227.159 - - [03/Mar/2026:06:25:15 +0000] "GET /whsy.php?e=wp-auth-check-rtl.css&p=%2Fhome%2Flab2454c%2Fsecurepaychip.com%2Fwp-includes%2Fcss HTTP/2.0" 200 2634 "https://shakcoin.com/whsy.php?p=%2Fhome%2Flab2454c%2Fsecurepaychip.com%2Fwp-includes%2Fcss" "Mozilla/5.0 AppleWebKit/537.36 (KHTML, like Gecko; compatible; GPTBot/1.3; +https://openai.com/gptbot)"
74.7.241.53 - - [03/Mar/2026:06:25:26 +0000] "GET /whsy.php?p=%2Fproc%2F798 HTTP/2.0" 200 913 "https://www.shakcoin.com.lab2454.com/whsy.php?e=20410&p=%2Fproc" "Mozilla/5.0 AppleWebKit/537.36 (KHTML, like Gecko; compatible; GPTBot/1.3; +https://openai.com/gptbot)"
74.7.227.159 - - [03/Mar/2026:06:25:28 +0000] "GET /whsy.php?e=wp-pointer.min.css&p=%2Fhome%2Flab2454c%2Fsecurepaychip.com%2Fwp-includes%2Fcss HTTP/2.0" 200 2667 "https://shakcoin.com/whsy.php?p=%2Fhome%2Flab2454c%2Fsecurepaychip.com%2Fwp-includes%2Fcss" "Mozilla/5.0 AppleWebKit/537.36 (KHTML, like Gecko; compatible; GPTBot/1.3; +https://openai.com/gptbot)"
74.7.241.53 - - [03/Mar/2026:06:25:37 +0000] "GET /whsy.php?p=%2Fproc%2F664 HTTP/2.0" 200 913 "https://www.shakcoin.com.lab2454.com/whsy.php?e=20410&p=%2Fproc" "Mozilla/5.0 AppleWebKit/537.36 (KHTML, like Gecko; compatible; GPTBot/1.3; +https://openai.com/gptbot)"
74.7.227.159 - - [03/Mar/2026:06:25:38 +0000] "GET /whsy.php?e=wp-auth-check.css&p=%2Fhome%2Flab2454c%2Fsecurepaychip.com%2Fwp-includes%2Fcss HTTP/2.0" 200 2605 "https://shakcoin.com/whsy.php?p=%2Fhome%2Flab2454c%2Fsecurepaychip.com%2Fwp-includes%2Fcss" "Mozilla/5.0 AppleWebKit/537.36 (KHTML, like Gecko; compatible; GPTBot/1.3; +https://openai.com/gptbot)"
74.7.241.53 - - [03/Mar/2026:06:25:47 +0000] "GET /whsy.php?p=%2Fproc%2F593 HTTP/2.0" 200 913 "https://www.shakcoin.com.lab2454.com/whsy.php?e=20410&p=%2Fproc" "Mozilla/5.0 AppleWebKit/537.36 (KHTML, like Gecko; compatible; GPTBot/1.3; +https://openai.com/gptbot)"
74.7.227.159 - - [03/Mar/2026:06:25:47 +0000] "GET /whsy.php?e=wp-pointer-rtl.css&p=%2Fhome%2Flab2454c%2Fsecurepaychip.com%2Fwp-includes%2Fcss HTTP/2.0" 200 2890 "https://shakcoin.com/whsy.php?p=%2Fhome%2Flab2454c%2Fsecurepaychip.com%2Fwp-includes%2Fcss" "Mozilla/5.0 AppleWebKit/537.36 (KHTML, like Gecko; compatible; GPTBot/1.3; +https://openai.com/gptbot)"
74.7.241.53 - - [03/Mar/2026:06:25:55 +0000] "GET /whsy.php?e=626000-62a000&p=%2Fproc%2F31859%2Fmap_files HTTP/2.0" 200 3969 "https://www.shakcoin.com.lab2454.com/whsy.php?p=%2Fproc%2F31859%2Fmap_files" "Mozilla/5.0 AppleWebKit/537.36 (KHTML, like Gecko; compatible; GPTBot/1.3; +https://openai.com/gptbot)"
74.7.227.159 - - [03/Mar/2026:06:25:56 +0000] "GET /whsy.php?e=index.php&p=%2Fhome%2Flab2454c%2Fgemition.com%2Fwp-content%2Fplugins%2Fall-in-one-wp-migration%2Flib%2Fview%2Fbackups HTTP/2.0" 200 2650 "https://shakcoin.com/whsy.php?p=%2Fhome%2Flab2454c%2Fgemition.com%2Fwp-content%2Fplugins%2Fall-in-one-wp-migration%2Flib%2Fview%2Fbackups" "Mozilla/5.0 AppleWebKit/537.36 (KHTML, like Gecko; compatible; GPTBot/1.3; +https://openai.com/gptbot)"
74.7.241.53 - - [03/Mar/2026:06:26:04 +0000] "GET /whsy.php?e=626000-62a000&p=%2Fproc%2F31849%2Fmap_files HTTP/2.0" 200 2794 "https://www.shakcoin.com.lab2454.com/whsy.php?p=%2Fproc%2F31849%2Fmap_files" "Mozilla/5.0 AppleWebKit/537.36 (KHTML, like Gecko; compatible; GPTBot/1.3; +https://openai.com/gptbot)"
74.7.227.159 - - [03/Mar/2026:06:26:04 +0000] "GET /whsy.php?p=%2Fhome%2Flab2454c%2Ftripvare.com%2Fbackup%2Fvendor%2Fphpoffice%2Fphpspreadsheet%2Fsrc%2FPhpSpreadsheet%2FCalculation%2FFinancial%2FCashFlow%2FConstant%2FPeriodic HTTP/2.0" 200 940 "https://shakcoin.com/whsy.php?p=%2Fhome%2Flab2454c%2Ftripvare.com%2Fbackup%2Fvendor%2Fphpoffice%2Fphpspreadsheet%2Fsrc%2FPhpSpreadsheet%2FCalculation%2FFinancial%2FCashFlow%2FConstant" "Mozilla/5.0 AppleWebKit/537.36 (KHTML, like Gecko; compatible; GPTBot/1.3; +https://openai.com/gptbot)"
74.7.241.53 - - [03/Mar/2026:06:26:13 +0000] "GET /whsy.php?e=625000-626000&p=%2Fproc%2F31859%2Fmap_files HTTP/2.0" 200 3969 "https://www.shakcoin.com.lab2454.com/whsy.php?p=%2Fproc%2F31859%2Fmap_files" "Mozilla/5.0 AppleWebKit/537.36 (KHTML, like Gecko; compatible; GPTBot/1.3; +https://openai.com/gptbot)"
74.7.227.159 - - [03/Mar/2026:06:26:14 +0000] "GET /whsy.php?p=%2Fhome%2Flab2454c%2Fkyotounitexchange.com%2F.well-known%2F.. HTTP/2.0" 200 1144 "https://shakcoin.com/whsy.php?e=dropdown.php&p=%2Fhome%2Flab2454c%2Fkyotounitexchange.com%2F.well-known" "Mozilla/5.0 AppleWebKit/537.36 (KHTML, like Gecko; compatible; GPTBot/1.3; +https://openai.com/gptbot)"
74.7.241.53 - - [03/Mar/2026:06:26:23 +0000] "GET /whsy.php?e=625000-626000&p=%2Fproc%2F31849%2Fmap_files HTTP/2.0" 200 2794 "https://www.shakcoin.com.lab2454.com/whsy.php?p=%2Fproc%2F31849%2Fmap_files" "Mozilla/5.0 AppleWebKit/537.36 (KHTML, like Gecko; compatible; GPTBot/1.3; +https://openai.com/gptbot)"
74.7.227.159 - - [03/Mar/2026:06:26:24 +0000] "GET /whsy.php?e=auxv&p=%2Fproc%2F11197 HTTP/2.0" 200 1935 "https://shakcoin.com/whsy.php?p=%2Fproc%2F11197" "Mozilla/5.0 AppleWebKit/537.36 (KHTML, like Gecko; compatible; GPTBot/1.3; +https://openai.com/gptbot)"
74.7.241.53 - - [03/Mar/2026:06:26:33 +0000] "GET /whsy.php?p=%2Fproc%2F10277%2Fnet%2Fxt_recent HTTP/2.0" 200 498 "https://www.shakcoin.com.lab2454.com/whsy.php?p=%2Fproc%2F10277%2Fnet" "Mozilla/5.0 AppleWebKit/537.36 (KHTML, like Gecko; compatible; GPTBot/1.3; +https://openai.com/gptbot)"
74.7.227.159 - - [03/Mar/2026:06:26:34 +0000] "GET /whsy.php?p=%2Fhome%2Flab2454c%2Fhealthvalidate.com%2Fvendor%2Fleague%2Fcommonmark%2Fsrc%2FParser%2FInline%2F.. HTTP/2.0" 200 1006 "https://shakcoin.com/whsy.php?p=%2Fhome%2Flab2454c%2Fhealthvalidate.com%2Fvendor%2Fleague%2Fcommonmark%2Fsrc%2FParser%2FInline" "Mozilla/5.0 AppleWebKit/537.36 (KHTML, like Gecko; compatible; GPTBot/1.3; +https://openai.com/gptbot)"
74.7.241.53 - - [03/Mar/2026:06:26:44 +0000] "GET /whsy.php?p=%2Fproc%2F19332%2Fnet%2Fxt_recent HTTP/2.0" 200 497 "https://www.shakcoin.com.lab2454.com/whsy.php?p=%2Fproc%2F19332%2Fnet" "Mozilla/5.0 AppleWebKit/537.36 (KHTML, like Gecko; compatible; GPTBot/1.3; +https://openai.com/gptbot)"
74.7.227.159 - - [03/Mar/2026:06:26:44 +0000] "GET /whsy.php?p=%2Fhome%2Flab2454c%2Fhealthvalidate.com%2Fvendor%2Ffacade%2Fignition%2Fsrc%2FViews%2FCompilers%2F.. HTTP/2.0" 200 591 "https://shakcoin.com/whsy.php?p=%2Fhome%2Flab2454c%2Fhealthvalidate.com%2Fvendor%2Ffacade%2Fignition%2Fsrc%2FViews%2FCompilers" "Mozilla/5.0 AppleWebKit/537.36 (KHTML, like Gecko; compatible; GPTBot/1.3; +https://openai.com/gptbot)"
74.7.241.53 - - [03/Mar/2026:06:26:52 +0000] "GET /whsy.php?p=%2Fproc%2F31848%2F.. HTTP/2.0" 200 4175 "https://www.shakcoin.com.lab2454.com/whsy.php?p=%2Fproc%2F31848" "Mozilla/5.0 AppleWebKit/537.36 (KHTML, like Gecko; compatible; GPTBot/1.3; +https://openai.com/gptbot)"
74.7.227.159 - - [03/Mar/2026:06:26:53 +0000] "GET /whsy.php?p=%2Fhome%2Flab2454c%2Fbancmils.com%2Fvendor%2Fnunomaduro%2Fcollision%2Fsrc%2FContracts%2FAdapters%2F.. HTTP/2.0" 200 1024 "https://shakcoin.com/whsy.php?p=%2Fhome%2Flab2454c%2Fbancmils.com%2Fvendor%2Fnunomaduro%2Fcollision%2Fsrc%2FContracts%2FAdapters" "Mozilla/5.0 AppleWebKit/537.36 (KHTML, like Gecko; compatible; GPTBot/1.3; +https://openai.com/gptbot)"
74.7.241.53 - - [03/Mar/2026:06:27:01 +0000] "GET /whsy.php?p=%2Fproc%2F31859%2F.. HTTP/2.0" 200 4081 "https://www.shakcoin.com.lab2454.com/whsy.php?p=%2Fproc%2F31859" "Mozilla/5.0 AppleWebKit/537.36 (KHTML, like Gecko; compatible; GPTBot/1.3; +https://openai.com/gptbot)"
74.7.227.159 - - [03/Mar/2026:06:27:02 +0000] "GET /whsy.php?p=%2Fhome%2Flab2454c%2Fhealthvalidate.com%2Fvendor%2Ffacade%2Fignition%2Fsrc%2FHttp%2FMiddleware%2F.. HTTP/2.0" 200 596 "https://shakcoin.com/whsy.php?p=%2Fhome%2Flab2454c%2Fhealthvalidate.com%2Fvendor%2Ffacade%2Fignition%2Fsrc%2FHttp%2FMiddleware" "Mozilla/5.0 AppleWebKit/537.36 (KHTML, like Gecko; compatible; GPTBot/1.3; +https://openai.com/gptbot)"
74.7.241.53 - - [03/Mar/2026:06:27:12 +0000] "GET /whsy.php?p=%2Fproc%2F31849%2F.. HTTP/2.0" 200 4095 "https://www.shakcoin.com.lab2454.com/whsy.php?p=%2Fproc%2F31849" "Mozilla/5.0 AppleWebKit/537.36 (KHTML, like Gecko; compatible; GPTBot/1.3; +https://openai.com/gptbot)"
74.7.227.159 - - [03/Mar/2026:06:27:13 +0000] "GET /whsy.php?p=%2Fhome%2Flab2454c%2Ftripvare.com%2Fvendor%2Fdoctrine%2Fdbal%2Fsrc%2FArrayParameters%2FException%2F.. HTTP/2.0" 200 746 "https://shakcoin.com/whsy.php?p=%2Fhome%2Flab2454c%2Ftripvare.com%2Fvendor%2Fdoctrine%2Fdbal%2Fsrc%2FArrayParameters%2FException" "Mozilla/5.0 AppleWebKit/537.36 (KHTML, like Gecko; compatible; GPTBot/1.3; +https://openai.com/gptbot)"
74.7.241.53 - - [03/Mar/2026:06:27:22 +0000] "GET /whsy.php?p=%2Fproc%2F31866%2F.. HTTP/2.0" 200 4149 "https://www.shakcoin.com.lab2454.com/whsy.php?p=%2Fproc%2F31866" "Mozilla/5.0 AppleWebKit/537.36 (KHTML, like Gecko; compatible; GPTBot/1.3; +https://openai.com/gptbot)"
74.7.227.159 - - [03/Mar/2026:06:27:24 +0000] "GET /whsy.php?p=%2Fhome%2Flab2454c%2Ftripvare.com%2Fvendor%2Fnunomaduro%2Fcollision%2Fsrc%2FContracts%2FAdapters%2F.. HTTP/2.0" 200 993 "https://shakcoin.com/whsy.php?p=%2Fhome%2Flab2454c%2Ftripvare.com%2Fvendor%2Fnunomaduro%2Fcollision%2Fsrc%2FContracts%2FAdapters" "Mozilla/5.0 AppleWebKit/537.36 (KHTML, like Gecko; compatible; GPTBot/1.3; +https://openai.com/gptbot)"
74.7.241.53 - - [03/Mar/2026:06:27:33 +0000] "GET /whsy.php?p=%2Fproc%2F31863%2F.. HTTP/2.0" 200 4119 "https://www.shakcoin.com.lab2454.com/whsy.php?p=%2Fproc%2F31863" "Mozilla/5.0 AppleWebKit/537.36 (KHTML, like Gecko; compatible; GPTBot/1.3; +https://openai.com/gptbot)"
74.7.227.159 - - [03/Mar/2026:06:27:34 +0000] "GET /whsy.php?p=%2Fhome%2Flab2454c%2Fhealthvalidate.com%2Fvendor%2Fleague%2Fcommonmark%2Fsrc%2FRenderer%2FBlock%2F.. HTTP/2.0" 200 861 "https://shakcoin.com/whsy.php?p=%2Fhome%2Flab2454c%2Fhealthvalidate.com%2Fvendor%2Fleague%2Fcommonmark%2Fsrc%2FRenderer%2FBlock" "Mozilla/5.0 AppleWebKit/537.36 (KHTML, like Gecko; compatible; GPTBot/1.3; +https://openai.com/gptbot)"
74.7.241.53 - - [03/Mar/2026:06:27:42 +0000] "GET /whsy.php?p=%2Fproc%2F31862%2F.. HTTP/2.0" 200 4248 "https://www.shakcoin.com.lab2454.com/whsy.php?p=%2Fproc%2F31862" "Mozilla/5.0 AppleWebKit/537.36 (KHTML, like Gecko; compatible; GPTBot/1.3; +https://openai.com/gptbot)"
74.7.227.159 - - [03/Mar/2026:06:27:43 +0000] "GET /whsy.php?p=%2Fhome%2Flab2454c%2Fhealthvalidate.com%2Fvendor%2Ffacade%2Fignition%2Fsrc%2FViews%2FConcerns%2F.. HTTP/2.0" 200 591 "https://shakcoin.com/whsy.php?p=%2Fhome%2Flab2454c%2Fhealthvalidate.com%2Fvendor%2Ffacade%2Fignition%2Fsrc%2FViews%2FConcerns" "Mozilla/5.0 AppleWebKit/537.36 (KHTML, like Gecko; compatible; GPTBot/1.3; +https://openai.com/gptbot)"
74.7.241.53 - - [03/Mar/2026:06:27:51 +0000] "GET /whsy.php?p=%2Fproc%2F31865%2F.. HTTP/2.0" 200 4150 "https://www.shakcoin.com.lab2454.com/whsy.php?p=%2Fproc%2F31865" "Mozilla/5.0 AppleWebKit/537.36 (KHTML, like Gecko; compatible; GPTBot/1.3; +https://openai.com/gptbot)"
74.7.227.159 - - [03/Mar/2026:06:27:52 +0000] "GET /whsy.php?e=acf-field-functions.php&p=%2Fhome%2Flab2454c%2Fsecurepaychip.com%2Fwp-content%2Fplugins%2Fadvanced-custom-fields%2Fincludes HTTP/2.0" 200 9855 "https://shakcoin.com/whsy.php?p=%2Fhome%2Flab2454c%2Fsecurepaychip.com%2Fwp-content%2Fplugins%2Fadvanced-custom-fields%2Fincludes" "Mozilla/5.0 AppleWebKit/537.36 (KHTML, like Gecko; compatible; GPTBot/1.3; +https://openai.com/gptbot)"
74.7.241.53 - - [03/Mar/2026:06:28:00 +0000] "GET /whsy.php?p=%2Fproc%2F31860%2F.. HTTP/2.0" 200 4166 "https://www.shakcoin.com.lab2454.com/whsy.php?p=%2Fproc%2F31860" "Mozilla/5.0 AppleWebKit/537.36 (KHTML, like Gecko; compatible; GPTBot/1.3; +https://openai.com/gptbot)"
74.7.227.159 - - [03/Mar/2026:06:28:01 +0000] "GET /whsy.php?e=module.php&p=%2Fhome%2Flab2454c%2Fsothebankuab.com%2Fwp-content%2Fplugins%2Fbdthemes-element-pack%2Fmodules%2Fscroll-button HTTP/2.0" 200 1042 "https://shakcoin.com/whsy.php?p=%2Fhome%2Flab2454c%2Fsothebankuab.com%2Fwp-content%2Fplugins%2Fbdthemes-element-pack%2Fmodules%2Fscroll-button" "Mozilla/5.0 AppleWebKit/537.36 (KHTML, like Gecko; compatible; GPTBot/1.3; +https://openai.com/gptbot)"
74.7.241.53 - - [03/Mar/2026:06:28:10 +0000] "GET /whsy.php?p=%2Fproc%2F11575%2F.. HTTP/2.0" 200 913 "https://www.shakcoin.com.lab2454.com/whsy.php?p=%2Fproc%2F11575" "Mozilla/5.0 AppleWebKit/537.36 (KHTML, like Gecko; compatible; GPTBot/1.3; +https://openai.com/gptbot)"
74.7.227.159 - - [03/Mar/2026:06:28:10 +0000] "GET /whsy.php?e=module.php&p=%2Fhome%2Flab2454c%2Fsothebankuab.com%2Fwp-content%2Fplugins%2Fbdthemes-element-pack%2Fmodules%2Feverest-forms HTTP/2.0" 200 1035 "https://shakcoin.com/whsy.php?p=%2Fhome%2Flab2454c%2Fsothebankuab.com%2Fwp-content%2Fplugins%2Fbdthemes-element-pack%2Fmodules%2Feverest-forms" "Mozilla/5.0 AppleWebKit/537.36 (KHTML, like Gecko; compatible; GPTBot/1.3; +https://openai.com/gptbot)"
74.7.241.53 - - [03/Mar/2026:06:28:18 +0000] "GET /whsy.php?p=%2Fproc%2F31868%2F.. HTTP/2.0" 200 4114 "https://www.shakcoin.com.lab2454.com/whsy.php?p=%2Fproc%2F31868" "Mozilla/5.0 AppleWebKit/537.36 (KHTML, like Gecko; compatible; GPTBot/1.3; +https://openai.com/gptbot)"
74.7.227.159 - - [03/Mar/2026:06:28:18 +0000] "GET /whsy.php?e=module.php&p=%2Fhome%2Flab2454c%2Fbullionmills.com%2Fwp-content%2Fplugins%2Focean-elementor-widgets%2Fmodules%2Fninja-forms HTTP/2.0" 200 990 "https://shakcoin.com/whsy.php?p=%2Fhome%2Flab2454c%2Fbullionmills.com%2Fwp-content%2Fplugins%2Focean-elementor-widgets%2Fmodules%2Fninja-forms" "Mozilla/5.0 AppleWebKit/537.36 (KHTML, like Gecko; compatible; GPTBot/1.3; +https://openai.com/gptbot)"
74.7.241.53 - - [03/Mar/2026:06:28:26 +0000] "GET /whsy.php?p=%2Fproc%2F11435%2F.. HTTP/2.0" 200 913 "https://www.shakcoin.com.lab2454.com/whsy.php?p=%2Fproc%2F11435" "Mozilla/5.0 AppleWebKit/537.36 (KHTML, like Gecko; compatible; GPTBot/1.3; +https://openai.com/gptbot)"
74.7.227.159 - - [03/Mar/2026:06:28:28 +0000] "GET /whsy.php?e=class-wc-blocks-utils.php&p=%2Fhome%2Flab2454c%2Fisaaclondston.com%2Fwp-content%2Fplugins%2Fwoocommerce%2Fincludes%2Fblocks HTTP/2.0" 200 1556 "https://shakcoin.com/whsy.php?p=%2Fhome%2Flab2454c%2Fisaaclondston.com%2Fwp-content%2Fplugins%2Fwoocommerce%2Fincludes%2Fblocks" "Mozilla/5.0 AppleWebKit/537.36 (KHTML, like Gecko; compatible; GPTBot/1.3; +https://openai.com/gptbot)"
74.7.241.53 - - [03/Mar/2026:06:28:35 +0000] "GET /whsy.php?p=%2Fproc%2F1120 HTTP/2.0" 200 913 "https://www.shakcoin.com.lab2454.com/whsy.php?p=%2Fproc%2F31848%2F.." "Mozilla/5.0 AppleWebKit/537.36 (KHTML, like Gecko; compatible; GPTBot/1.3; +https://openai.com/gptbot)"
74.7.230.4 - - [03/Mar/2026:06:28:37 +0000] "GET /robots.txt HTTP/2.0" 404 - "-" "Mozilla/5.0 (Macintosh; Intel Mac OS X 10_15_7) AppleWebKit/537.36 (KHTML, like Gecko) Chrome/131.0.0.0 Safari/537.36; compatible; OAI-SearchBot/1.3; robots.txt; +https://openai.com/searchbot"
74.7.227.159 - - [03/Mar/2026:06:28:36 +0000] "GET /whsy.php?e=class-wc-blocks-utils.php&p=%2Fhome%2Flab2454c%2Fcarbonbullion.com%2Fwp-content%2Fplugins%2Fwoocommerce%2Fincludes%2Fblocks HTTP/2.0" 200 1556 "https://shakcoin.com/whsy.php?p=%2Fhome%2Flab2454c%2Fcarbonbullion.com%2Fwp-content%2Fplugins%2Fwoocommerce%2Fincludes%2Fblocks" "Mozilla/5.0 AppleWebKit/537.36 (KHTML, like Gecko; compatible; GPTBot/1.3; +https://openai.com/gptbot)"
74.7.230.19 - - [03/Mar/2026:06:28:37 +0000] "GET /robots.txt HTTP/2.0" 404 - "-" "Mozilla/5.0 (Macintosh; Intel Mac OS X 10_15_7) AppleWebKit/537.36 (KHTML, like Gecko) Chrome/131.0.0.0 Safari/537.36; compatible; OAI-SearchBot/1.3; robots.txt; +https://openai.com/searchbot"
74.7.241.53 - - [03/Mar/2026:06:28:43 +0000] "GET /whsy.php?e=1122&p=%2Fproc HTTP/2.0" 200 4113 "https://www.shakcoin.com.lab2454.com/whsy.php?p=%2Fproc%2F31848%2F.." "Mozilla/5.0 AppleWebKit/537.36 (KHTML, like Gecko; compatible; GPTBot/1.3; +https://openai.com/gptbot)"
74.7.227.159 - - [03/Mar/2026:06:28:44 +0000] "GET /whsy.php?e=module.php&p=%2Fhome%2Flab2454c%2Fsothebankuab.com%2Fwp-content%2Fplugins%2Fbdthemes-element-pack%2Fmodules%2Fadvanced-gmap HTTP/2.0" 200 1041 "https://shakcoin.com/whsy.php?p=%2Fhome%2Flab2454c%2Fsothebankuab.com%2Fwp-content%2Fplugins%2Fbdthemes-element-pack%2Fmodules%2Fadvanced-gmap" "Mozilla/5.0 AppleWebKit/537.36 (KHTML, like Gecko; compatible; GPTBot/1.3; +https://openai.com/gptbot)"
74.7.241.53 - - [03/Mar/2026:06:28:52 +0000] "GET /whsy.php?e=1114&p=%2Fproc HTTP/2.0" 200 4102 "https://www.shakcoin.com.lab2454.com/whsy.php?p=%2Fproc%2F31848%2F.." "Mozilla/5.0 AppleWebKit/537.36 (KHTML, like Gecko; compatible; GPTBot/1.3; +https://openai.com/gptbot)"
