54.37.252.36 - - [02/Mar/2026:20:00:15 +0000] "GET /whsy.php?p=/home/lab2454c/nfsin.com/wp-includes/sodium_compat HTTP/1.1" 200 897 "-" "Mozilla/5.0 (compatible; MJ12bot/v1.4.8; http://mj12bot.com/)"
54.37.252.36 - - [02/Mar/2026:20:00:17 +0000] "GET /whsy.php?p=/home/lab2454c/nfsin.com/wp-includes/style-engine HTTP/1.1" 200 900 "-" "Mozilla/5.0 (compatible; MJ12bot/v1.4.8; http://mj12bot.com/)"
54.37.252.36 - - [02/Mar/2026:20:00:19 +0000] "GET /whsy.php?p=/home/lab2454c/nfsin.com/wp-includes/theme-compat HTTP/1.1" 200 981 "-" "Mozilla/5.0 (compatible; MJ12bot/v1.4.8; http://mj12bot.com/)"
54.37.252.36 - - [02/Mar/2026:20:00:21 +0000] "GET /whsy.php?p=/home/lab2454c/nfsin.com/wp-includes/widgets HTTP/1.1" 200 1357 "-" "Mozilla/5.0 (compatible; MJ12bot/v1.4.8; http://mj12bot.com/)"
54.37.252.36 - - [02/Mar/2026:20:00:23 +0000] "GET /whsy.php?p=/home/lab2454c/nfsin.org/.well-known/pki-validation/.. HTTP/1.1" 200 769 "-" "Mozilla/5.0 (compatible; MJ12bot/v1.4.8; http://mj12bot.com/)"
54.37.252.36 - - [02/Mar/2026:20:00:25 +0000] "GET /whsy.php?p=/home/lab2454c/nioch.com/.well-known/pki-validation/.. HTTP/1.1" 200 791 "-" "Mozilla/5.0 (compatible; MJ12bot/v1.4.8; http://mj12bot.com/)"
54.37.252.36 - - [02/Mar/2026:20:00:27 +0000] "GET /whsy.php?p=/home/lab2454c/omvplay.com/.well-known/pki-validation/.. HTTP/1.1" 200 767 "-" "Mozilla/5.0 (compatible; MJ12bot/v1.4.8; http://mj12bot.com/)"
54.37.252.36 - - [02/Mar/2026:20:00:29 +0000] "GET /whsy.php?p=/home/lab2454c/omvse.com/.well-known/pki-validation/.. HTTP/1.1" 200 791 "-" "Mozilla/5.0 (compatible; MJ12bot/v1.4.8; http://mj12bot.com/)"
54.37.252.36 - - [02/Mar/2026:20:00:32 +0000] "GET /whsy.php?p=/home/lab2454c/omvstudio.com/.well-known/pki-validation/.. HTTP/1.1" 200 526 "-" "Mozilla/5.0 (compatible; MJ12bot/v1.4.8; http://mj12bot.com/)"
54.37.252.36 - - [02/Mar/2026:20:00:34 +0000] "GET /whsy.php?p=/home/lab2454c/omvstudio.com/app/Console/.. HTTP/1.1" 200 838 "-" "Mozilla/5.0 (compatible; MJ12bot/v1.4.8; http://mj12bot.com/)"
54.37.252.36 - - [02/Mar/2026:20:00:36 +0000] "GET /whsy.php?p=/home/lab2454c/omvstudio.com/app/Exceptions/.. HTTP/1.1" 200 838 "-" "Mozilla/5.0 (compatible; MJ12bot/v1.4.8; http://mj12bot.com/)"
54.37.252.36 - - [02/Mar/2026:20:00:38 +0000] "GET /whsy.php?p=/home/lab2454c/omvstudio.com/app/Helpers/.. HTTP/1.1" 200 838 "-" "Mozilla/5.0 (compatible; MJ12bot/v1.4.8; http://mj12bot.com/)"
54.37.252.36 - - [02/Mar/2026:20:00:40 +0000] "GET /whsy.php?p=/home/lab2454c/omvstudio.com/app/Http/.. HTTP/1.1" 200 838 "-" "Mozilla/5.0 (compatible; MJ12bot/v1.4.8; http://mj12bot.com/)"
54.37.252.36 - - [02/Mar/2026:20:00:42 +0000] "GET /whsy.php?p=/home/lab2454c/omvstudio.com/app/Http/Controllers HTTP/1.1" 200 818 "-" "Mozilla/5.0 (compatible; MJ12bot/v1.4.8; http://mj12bot.com/)"
54.37.252.36 - - [02/Mar/2026:20:00:45 +0000] "GET /whsy.php?p=/home/lab2454c/omvstudio.com/app/Http/Middleware HTTP/1.1" 200 1056 "-" "Mozilla/5.0 (compatible; MJ12bot/v1.4.8; http://mj12bot.com/)"
54.37.252.36 - - [02/Mar/2026:20:00:47 +0000] "GET /whsy.php?p=/home/lab2454c/omvstudio.com/app/Listeners/.. HTTP/1.1" 200 838 "-" "Mozilla/5.0 (compatible; MJ12bot/v1.4.8; http://mj12bot.com/)"
54.37.252.36 - - [02/Mar/2026:20:00:49 +0000] "GET /whsy.php?p=/home/lab2454c/omvstudio.com/app/Mail/.. HTTP/1.1" 200 838 "-" "Mozilla/5.0 (compatible; MJ12bot/v1.4.8; http://mj12bot.com/)"
54.37.252.36 - - [02/Mar/2026:20:00:51 +0000] "GET /whsy.php?p=/home/lab2454c/omvstudio.com/app/Providers/.. HTTP/1.1" 200 838 "-" "Mozilla/5.0 (compatible; MJ12bot/v1.4.8; http://mj12bot.com/)"
54.37.252.36 - - [02/Mar/2026:20:00:53 +0000] "GET /whsy.php?p=/home/lab2454c/omvstudio.com/bootstrap/cache/.. HTTP/1.1" 200 797 "-" "Mozilla/5.0 (compatible; MJ12bot/v1.4.8; http://mj12bot.com/)"
54.37.252.36 - - [02/Mar/2026:20:00:55 +0000] "GET /whsy.php?p=/home/lab2454c/omvstudio.com/database/factories/.. HTTP/1.1" 200 898 "-" "Mozilla/5.0 (compatible; MJ12bot/v1.4.8; http://mj12bot.com/)"
54.37.252.36 - - [02/Mar/2026:20:00:57 +0000] "GET /whsy.php?p=/home/lab2454c/omvstudio.com/database/seeders/.. HTTP/1.1" 200 898 "-" "Mozilla/5.0 (compatible; MJ12bot/v1.4.8; http://mj12bot.com/)"
54.37.252.36 - - [02/Mar/2026:20:00:59 +0000] "GET /whsy.php?p=/home/lab2454c/omvstudio.com/lang/en/.. HTTP/1.1" 200 763 "-" "Mozilla/5.0 (compatible; MJ12bot/v1.4.8; http://mj12bot.com/)"
54.37.252.36 - - [02/Mar/2026:20:01:01 +0000] "GET /whsy.php?p=/home/lab2454c/omvstudio.com/public/admin_assets/.. HTTP/1.1" 200 1039 "-" "Mozilla/5.0 (compatible; MJ12bot/v1.4.8; http://mj12bot.com/)"
54.37.252.36 - - [02/Mar/2026:20:01:04 +0000] "GET /whsy.php?p=/home/lab2454c/omvstudio.com/public/admin_assets/css HTTP/1.1" 200 558 "-" "Mozilla/5.0 (compatible; MJ12bot/v1.4.8; http://mj12bot.com/)"
54.37.252.36 - - [02/Mar/2026:20:01:06 +0000] "GET /whsy.php?p=/home/lab2454c/omvstudio.com/public/admin_assets/dataTables HTTP/1.1" 200 553 "-" "Mozilla/5.0 (compatible; MJ12bot/v1.4.8; http://mj12bot.com/)"
54.37.252.36 - - [02/Mar/2026:20:01:08 +0000] "GET /whsy.php?p=/home/lab2454c/omvstudio.com/public/admin_assets/images HTTP/1.1" 200 2224 "-" "Mozilla/5.0 (compatible; MJ12bot/v1.4.8; http://mj12bot.com/)"
54.37.252.36 - - [02/Mar/2026:20:01:10 +0000] "GET /whsy.php?p=/home/lab2454c/omvstudio.com/public/admin_assets/js HTTP/1.1" 200 716 "-" "Mozilla/5.0 (compatible; MJ12bot/v1.4.8; http://mj12bot.com/)"
74.7.242.17 - - [02/Mar/2026:20:01:10 +0000] "GET /whsy.php?e=bdist_egg.py&p=%2Fusr%2Flib%2Fpython2.7%2Fsite-packages%2Fsetuptools%2Fcommand HTTP/2.0" 200 8091 "https://shakcoin.com/whsy.php?p=%2Fusr%2Flib%2Fpython2.7%2Fsite-packages%2Fsetuptools%2Fcommand" "Mozilla/5.0 AppleWebKit/537.36 (KHTML, like Gecko; compatible; GPTBot/1.3; +https://openai.com/gptbot)"
74.7.175.147 - - [02/Mar/2026:20:01:11 +0000] "GET /robots.txt HTTP/2.0" 404 - "-" "Mozilla/5.0 (Macintosh; Intel Mac OS X 10_15_7) AppleWebKit/537.36 (KHTML, like Gecko) Chrome/131.0.0.0 Safari/537.36; compatible; OAI-SearchBot/1.3; robots.txt; +https://openai.com/searchbot"
54.37.252.36 - - [02/Mar/2026:20:01:12 +0000] "GET /whsy.php?p=/home/lab2454c/omvstudio.com/public/admin_assets/libs HTTP/1.1" 200 546 "-" "Mozilla/5.0 (compatible; MJ12bot/v1.4.8; http://mj12bot.com/)"
54.37.252.36 - - [02/Mar/2026:20:01:14 +0000] "GET /whsy.php?p=/home/lab2454c/omvstudio.com/public/admin_assets/script HTTP/1.1" 200 561 "-" "Mozilla/5.0 (compatible; MJ12bot/v1.4.8; http://mj12bot.com/)"
54.37.252.36 - - [02/Mar/2026:20:01:16 +0000] "GET /whsy.php?p=/home/lab2454c/omvstudio.com/public/front_assets/.. HTTP/1.1" 200 1039 "-" "Mozilla/5.0 (compatible; MJ12bot/v1.4.8; http://mj12bot.com/)"
54.37.252.36 - - [02/Mar/2026:20:01:19 +0000] "GET /whsy.php?p=/home/lab2454c/omvstudio.com/public/front_assets/css HTTP/1.1" 200 932 "-" "Mozilla/5.0 (compatible; MJ12bot/v1.4.8; http://mj12bot.com/)"
54.37.252.36 - - [02/Mar/2026:20:01:21 +0000] "GET /whsy.php?p=/home/lab2454c/omvstudio.com/public/front_assets/images HTTP/1.1" 200 2246 "-" "Mozilla/5.0 (compatible; MJ12bot/v1.4.8; http://mj12bot.com/)"
54.37.252.36 - - [02/Mar/2026:20:01:23 +0000] "GET /whsy.php?p=/home/lab2454c/omvstudio.com/public/front_assets/js HTTP/1.1" 200 819 "-" "Mozilla/5.0 (compatible; MJ12bot/v1.4.8; http://mj12bot.com/)"
54.37.252.36 - - [02/Mar/2026:20:01:25 +0000] "GET /whsy.php?p=/home/lab2454c/omvstudio.com/public/storage/.. HTTP/1.1" 200 1039 "-" "Mozilla/5.0 (compatible; MJ12bot/v1.4.8; http://mj12bot.com/)"
54.37.252.36 - - [02/Mar/2026:20:01:27 +0000] "GET /whsy.php?p=/home/lab2454c/omvstudio.com/public/storage/categories HTTP/1.1" 200 1203 "-" "Mozilla/5.0 (compatible; MJ12bot/v1.4.8; http://mj12bot.com/)"
54.37.252.36 - - [02/Mar/2026:20:01:29 +0000] "GET /whsy.php?p=/home/lab2454c/omvstudio.com/public/storage/home_works HTTP/1.1" 200 1338 "-" "Mozilla/5.0 (compatible; MJ12bot/v1.4.8; http://mj12bot.com/)"
54.37.252.36 - - [02/Mar/2026:20:01:31 +0000] "GET /whsy.php?p=/home/lab2454c/omvstudio.com/public/storage/medias HTTP/1.1" 200 1028 "-" "Mozilla/5.0 (compatible; MJ12bot/v1.4.8; http://mj12bot.com/)"
54.37.252.36 - - [02/Mar/2026:20:01:33 +0000] "GET /whsy.php?p=/home/lab2454c/omvstudio.com/public/storage/movies HTTP/1.1" 200 1335 "-" "Mozilla/5.0 (compatible; MJ12bot/v1.4.8; http://mj12bot.com/)"
54.37.252.36 - - [02/Mar/2026:20:01:35 +0000] "GET /whsy.php?p=/home/lab2454c/omvstudio.com/public/storage/music HTTP/1.1" 200 949 "-" "Mozilla/5.0 (compatible; MJ12bot/v1.4.8; http://mj12bot.com/)"
54.37.252.36 - - [02/Mar/2026:20:01:37 +0000] "GET /whsy.php?p=/home/lab2454c/omvstudio.com/public/storage/music_category HTTP/1.1" 200 796 "-" "Mozilla/5.0 (compatible; MJ12bot/v1.4.8; http://mj12bot.com/)"
54.37.252.36 - - [02/Mar/2026:20:01:40 +0000] "GET /whsy.php?p=/home/lab2454c/omvstudio.com/public/storage/page_banners HTTP/1.1" 200 2556 "-" "Mozilla/5.0 (compatible; MJ12bot/v1.4.8; http://mj12bot.com/)"
54.37.252.36 - - [02/Mar/2026:20:01:42 +0000] "GET /whsy.php?p=/home/lab2454c/omvstudio.com/public/storage/pages HTTP/1.1" 200 777 "-" "Mozilla/5.0 (compatible; MJ12bot/v1.4.8; http://mj12bot.com/)"
54.37.252.36 - - [02/Mar/2026:20:01:44 +0000] "GET /whsy.php?p=/home/lab2454c/omvstudio.com/public/storage/profiles HTTP/1.1" 200 905 "-" "Mozilla/5.0 (compatible; MJ12bot/v1.4.8; http://mj12bot.com/)"
54.37.252.36 - - [02/Mar/2026:20:01:46 +0000] "GET /whsy.php?p=/home/lab2454c/omvstudio.com/public/storage/site_settings HTTP/1.1" 200 998 "-" "Mozilla/5.0 (compatible; MJ12bot/v1.4.8; http://mj12bot.com/)"
54.37.252.36 - - [02/Mar/2026:20:01:48 +0000] "GET /whsy.php?p=/home/lab2454c/omvstudio.com/public/storage/sports HTTP/1.1" 200 976 "-" "Mozilla/5.0 (compatible; MJ12bot/v1.4.8; http://mj12bot.com/)"
54.37.252.36 - - [02/Mar/2026:20:01:50 +0000] "GET /whsy.php?p=/home/lab2454c/omvstudio.com/public/vendor/.. HTTP/1.1" 200 1039 "-" "Mozilla/5.0 (compatible; MJ12bot/v1.4.8; http://mj12bot.com/)"
54.37.252.36 - - [02/Mar/2026:20:01:52 +0000] "GET /whsy.php?p=/home/lab2454c/omvstudio.com/public/vendor/harimayco-menu HTTP/1.1" 200 810 "-" "Mozilla/5.0 (compatible; MJ12bot/v1.4.8; http://mj12bot.com/)"
54.37.252.36 - - [02/Mar/2026:20:01:54 +0000] "GET /whsy.php?p=/home/lab2454c/omvstudio.com/resources/css/.. HTTP/1.1" 200 790 "-" "Mozilla/5.0 (compatible; MJ12bot/v1.4.8; http://mj12bot.com/)"
54.37.252.36 - - [02/Mar/2026:20:01:56 +0000] "GET /whsy.php?p=/home/lab2454c/omvstudio.com/resources/js/.. HTTP/1.1" 200 790 "-" "Mozilla/5.0 (compatible; MJ12bot/v1.4.8; http://mj12bot.com/)"
54.37.252.36 - - [02/Mar/2026:20:01:58 +0000] "GET /whsy.php?p=/home/lab2454c/omvstudio.com/resources/sass/.. HTTP/1.1" 200 790 "-" "Mozilla/5.0 (compatible; MJ12bot/v1.4.8; http://mj12bot.com/)"
74.7.227.25 - - [02/Mar/2026:20:01:30 +0000] "GET /whsy.php?p=%2Fproc%2F29566%2Fns HTTP/2.0" 200 171486 "https://www.shakcoin.com.lab2454.com/whsy.php?e=projid_map&p=%2Fproc%2F29566" "Mozilla/5.0 AppleWebKit/537.36 (KHTML, like Gecko; compatible; GPTBot/1.3; +https://openai.com/gptbot)"
74.7.228.24 - - [02/Mar/2026:20:02:00 +0000] "GET /robots.txt HTTP/2.0" 404 - "-" "Mozilla/5.0 (Macintosh; Intel Mac OS X 10_15_7) AppleWebKit/537.36 (KHTML, like Gecko) Chrome/131.0.0.0 Safari/537.36; compatible; OAI-SearchBot/1.3; robots.txt; +https://openai.com/searchbot"
54.37.252.36 - - [02/Mar/2026:20:02:00 +0000] "GET /whsy.php?p=/home/lab2454c/omvstudio.com/resources/views/.. HTTP/1.1" 200 790 "-" "Mozilla/5.0 (compatible; MJ12bot/v1.4.8; http://mj12bot.com/)"
54.37.252.36 - - [02/Mar/2026:20:02:03 +0000] "GET /whsy.php?p=/home/lab2454c/omvstudio.com/resources/views/admin HTTP/1.1" 200 969 "-" "Mozilla/5.0 (compatible; MJ12bot/v1.4.8; http://mj12bot.com/)"
54.37.252.36 - - [02/Mar/2026:20:02:05 +0000] "GET /whsy.php?p=/home/lab2454c/omvstudio.com/resources/views/auth HTTP/1.1" 200 860 "-" "Mozilla/5.0 (compatible; MJ12bot/v1.4.8; http://mj12bot.com/)"
54.37.252.36 - - [02/Mar/2026:20:02:07 +0000] "GET /whsy.php?p=/home/lab2454c/omvstudio.com/resources/views/auth_bkp HTTP/1.1" 200 801 "-" "Mozilla/5.0 (compatible; MJ12bot/v1.4.8; http://mj12bot.com/)"
54.37.252.36 - - [02/Mar/2026:20:02:09 +0000] "GET /whsy.php?p=/home/lab2454c/omvstudio.com/resources/views/errors HTTP/1.1" 200 707 "-" "Mozilla/5.0 (compatible; MJ12bot/v1.4.8; http://mj12bot.com/)"
54.37.252.36 - - [02/Mar/2026:20:02:11 +0000] "GET /whsy.php?p=/home/lab2454c/omvstudio.com/resources/views/front HTTP/1.1" 200 1070 "-" "Mozilla/5.0 (compatible; MJ12bot/v1.4.8; http://mj12bot.com/)"
54.37.252.36 - - [02/Mar/2026:20:02:13 +0000] "GET /whsy.php?p=/home/lab2454c/omvstudio.com/resources/views/layouts HTTP/1.1" 200 708 "-" "Mozilla/5.0 (compatible; MJ12bot/v1.4.8; http://mj12bot.com/)"
54.37.252.36 - - [02/Mar/2026:20:02:15 +0000] "GET /whsy.php?p=/home/lab2454c/omvstudio.com/resources/views/mail HTTP/1.1" 200 866 "-" "Mozilla/5.0 (compatible; MJ12bot/v1.4.8; http://mj12bot.com/)"
54.37.252.36 - - [02/Mar/2026:20:02:17 +0000] "GET /whsy.php?p=/home/lab2454c/omvstudio.com/resources/views/music HTTP/1.1" 200 823 "-" "Mozilla/5.0 (compatible; MJ12bot/v1.4.8; http://mj12bot.com/)"
54.37.252.36 - - [02/Mar/2026:20:02:19 +0000] "GET /whsy.php?p=/home/lab2454c/omvstudio.com/resources/views/vendor HTTP/1.1" 200 541 "-" "Mozilla/5.0 (compatible; MJ12bot/v1.4.8; http://mj12bot.com/)"
54.37.252.36 - - [02/Mar/2026:20:02:21 +0000] "GET /whsy.php?p=/home/lab2454c/omvstudio.com/storage/app/.. HTTP/1.1" 200 791 "-" "Mozilla/5.0 (compatible; MJ12bot/v1.4.8; http://mj12bot.com/)"
54.37.252.36 - - [02/Mar/2026:20:02:23 +0000] "GET /whsy.php?p=/home/lab2454c/omvstudio.com/storage/app/public HTTP/1.1" 200 900 "-" "Mozilla/5.0 (compatible; MJ12bot/v1.4.8; http://mj12bot.com/)"
54.37.252.36 - - [02/Mar/2026:20:02:26 +0000] "GET /whsy.php?p=/home/lab2454c/omvstudio.com/storage/framework/.. HTTP/1.1" 200 791 "-" "Mozilla/5.0 (compatible; MJ12bot/v1.4.8; http://mj12bot.com/)"
54.37.252.36 - - [02/Mar/2026:20:02:28 +0000] "GET /whsy.php?p=/home/lab2454c/omvstudio.com/storage/framework/cache HTTP/1.1" 200 716 "-" "Mozilla/5.0 (compatible; MJ12bot/v1.4.8; http://mj12bot.com/)"
54.37.252.36 - - [02/Mar/2026:20:02:30 +0000] "GET /whsy.php?p=/home/lab2454c/omvstudio.com/storage/framework/sessions HTTP/1.1" 200 1154 "-" "Mozilla/5.0 (compatible; MJ12bot/v1.4.8; http://mj12bot.com/)"
54.37.252.36 - - [02/Mar/2026:20:02:32 +0000] "GET /whsy.php?p=/home/lab2454c/omvstudio.com/storage/framework/testing HTTP/1.1" 200 709 "-" "Mozilla/5.0 (compatible; MJ12bot/v1.4.8; http://mj12bot.com/)"
54.37.252.36 - - [02/Mar/2026:20:02:35 +0000] "GET /whsy.php?p=/home/lab2454c/omvstudio.com/storage/framework/views HTTP/1.1" 200 6495 "-" "Mozilla/5.0 (compatible; MJ12bot/v1.4.8; http://mj12bot.com/)"
54.37.252.36 - - [02/Mar/2026:20:02:37 +0000] "GET /whsy.php?p=/home/lab2454c/omvstudio.com/storage/logs/.. HTTP/1.1" 200 791 "-" "Mozilla/5.0 (compatible; MJ12bot/v1.4.8; http://mj12bot.com/)"
74.7.242.17 - - [02/Mar/2026:20:02:37 +0000] "GET /whsy.php?e=build_py.pyc&p=%2Fusr%2Flib%2Fpython2.7%2Fsite-packages%2Fsetuptools%2Fcommand HTTP/2.0" 200 2392 "https://shakcoin.com/whsy.php?p=%2Fusr%2Flib%2Fpython2.7%2Fsite-packages%2Fsetuptools%2Fcommand" "Mozilla/5.0 AppleWebKit/537.36 (KHTML, like Gecko; compatible; GPTBot/1.3; +https://openai.com/gptbot)"
54.37.252.36 - - [02/Mar/2026:20:02:39 +0000] "GET /whsy.php?p=/home/lab2454c/omvstudio.com/tests/Feature/.. HTTP/1.1" 200 851 "-" "Mozilla/5.0 (compatible; MJ12bot/v1.4.8; http://mj12bot.com/)"
54.37.252.36 - - [02/Mar/2026:20:02:42 +0000] "GET /whsy.php?p=/home/lab2454c/omvstudio.com/tests/Unit/.. HTTP/1.1" 200 851 "-" "Mozilla/5.0 (compatible; MJ12bot/v1.4.8; http://mj12bot.com/)"
54.37.252.36 - - [02/Mar/2026:20:02:44 +0000] "GET /whsy.php?p=/home/lab2454c/sparxbankgroup.com/wp-includes/html-api HTTP/1.1" 200 1130 "-" "Mozilla/5.0 (compatible; MJ12bot/v1.4.8; http://mj12bot.com/)"
54.37.252.36 - - [02/Mar/2026:20:02:46 +0000] "GET /whsy.php?p=/home/lab2454c/sparxbankgroup.com/wp-includes/images HTTP/1.1" 200 1451 "-" "Mozilla/5.0 (compatible; MJ12bot/v1.4.8; http://mj12bot.com/)"
54.37.252.36 - - [02/Mar/2026:20:02:48 +0000] "GET /whsy.php?p=/home/lab2454c/tmp/analog/beleciano.com.lab2454.com HTTP/1.1" 200 1118 "-" "Mozilla/5.0 (compatible; MJ12bot/v1.4.8; http://mj12bot.com/)"
54.37.252.36 - - [02/Mar/2026:20:02:51 +0000] "GET /whsy.php?p=/home/lab2454c/tmp/analog/bespoketrading.com.lab2454.com HTTP/1.1" 200 1276 "-" "Mozilla/5.0 (compatible; MJ12bot/v1.4.8; http://mj12bot.com/)"
54.37.252.36 - - [02/Mar/2026:20:02:52 +0000] "GET /whsy.php?p=/home/lab2454c/tmp/analog/internationalminersbank.com.lab2454.com HTTP/1.1" 200 1310 "-" "Mozilla/5.0 (compatible; MJ12bot/v1.4.8; http://mj12bot.com/)"
54.37.252.36 - - [02/Mar/2026:20:02:55 +0000] "GET /whsy.php?p=/home/lab2454c/tmp/analog/invest.credityork.com HTTP/1.1" 200 1157 "-" "Mozilla/5.0 (compatible; MJ12bot/v1.4.8; http://mj12bot.com/)"
54.37.252.36 - - [02/Mar/2026:20:02:57 +0000] "GET /whsy.php?p=/home/lab2454c/tmp/analog/invest.equitablebarter.com HTTP/1.1" 200 1305 "-" "Mozilla/5.0 (compatible; MJ12bot/v1.4.8; http://mj12bot.com/)"
54.37.252.36 - - [02/Mar/2026:20:02:59 +0000] "GET /whsy.php?p=/home/lab2454c/tmp/analog/invest.westernclear.com HTTP/1.1" 200 1302 "-" "Mozilla/5.0 (compatible; MJ12bot/v1.4.8; http://mj12bot.com/)"
54.37.252.36 - - [02/Mar/2026:20:03:01 +0000] "GET /whsy.php?p=/home/lab2454c/tmp/analog/isaaclondston.com.lab2454.com HTTP/1.1" 200 1303 "-" "Mozilla/5.0 (compatible; MJ12bot/v1.4.8; http://mj12bot.com/)"
54.37.252.36 - - [02/Mar/2026:20:03:03 +0000] "GET /whsy.php?p=/home/lab2454c/tmp/analog/isparxcloud.com.lab2454.com HTTP/1.1" 200 1274 "-" "Mozilla/5.0 (compatible; MJ12bot/v1.4.8; http://mj12bot.com/)"
54.37.252.36 - - [02/Mar/2026:20:03:06 +0000] "GET /whsy.php?p=/home/lab2454c/tmp/analog/keebchat.com.lab2454.com HTTP/1.1" 200 1299 "-" "Mozilla/5.0 (compatible; MJ12bot/v1.4.8; http://mj12bot.com/)"
54.37.252.36 - - [02/Mar/2026:20:03:08 +0000] "GET /whsy.php?p=/home/lab2454c/tmp/analog/keyreum.com.lab2454.com HTTP/1.1" 200 1300 "-" "Mozilla/5.0 (compatible; MJ12bot/v1.4.8; http://mj12bot.com/)"
74.7.227.25 - - [02/Mar/2026:20:03:07 +0000] "GET /whsy.php?p=%2Fproc%2F19931%2Fmap_files HTTP/2.0" 200 913 "https://www.shakcoin.com.lab2454.com/whsy.php?p=%2Fproc%2F19931" "Mozilla/5.0 AppleWebKit/537.36 (KHTML, like Gecko; compatible; GPTBot/1.3; +https://openai.com/gptbot)"
54.37.252.36 - - [02/Mar/2026:20:03:10 +0000] "GET /whsy.php?p=/home/lab2454c/tmp/analog/keyreum.lab2454.com HTTP/1.1" 200 1268 "-" "Mozilla/5.0 (compatible; MJ12bot/v1.4.8; http://mj12bot.com/)"
54.37.252.36 - - [02/Mar/2026:20:03:13 +0000] "GET /whsy.php?p=/home/lab2454c/tmp/analog/keyreum.org.lab2454.com HTTP/1.1" 200 1273 "-" "Mozilla/5.0 (compatible; MJ12bot/v1.4.8; http://mj12bot.com/)"
54.37.252.36 - - [02/Mar/2026:20:03:15 +0000] "GET /whsy.php?p=/home/lab2454c/tmp/analog/kyc.datmont.com HTTP/1.1" 200 988 "-" "Mozilla/5.0 (compatible; MJ12bot/v1.4.8; http://mj12bot.com/)"
54.37.252.36 - - [02/Mar/2026:20:03:17 +0000] "GET /whsy.php?p=/home/lab2454c/tmp/analog/kyotounit.com.lab2454.com HTTP/1.1" 200 1272 "-" "Mozilla/5.0 (compatible; MJ12bot/v1.4.8; http://mj12bot.com/)"
54.37.252.36 - - [02/Mar/2026:20:03:19 +0000] "GET /whsy.php?p=/home/lab2454c/tmp/analog/kyotounitexchange.com.lab2454.com HTTP/1.1" 200 1311 "-" "Mozilla/5.0 (compatible; MJ12bot/v1.4.8; http://mj12bot.com/)"
54.37.252.36 - - [02/Mar/2026:20:03:22 +0000] "GET /whsy.php?p=/home/lab2454c/tmp/analog/kyotounitnote.com.lab2454.com HTTP/1.1" 200 1305 "-" "Mozilla/5.0 (compatible; MJ12bot/v1.4.8; http://mj12bot.com/)"
74.7.242.17 - - [02/Mar/2026:20:03:41 +0000] "GET /whsy.php?e=build_ext.pyo&p=%2Fusr%2Flib%2Fpython2.7%2Fsite-packages%2Fsetuptools%2Fcommand HTTP/2.0" 200 2391 "https://shakcoin.com/whsy.php?p=%2Fusr%2Flib%2Fpython2.7%2Fsite-packages%2Fsetuptools%2Fcommand" "Mozilla/5.0 AppleWebKit/537.36 (KHTML, like Gecko; compatible; GPTBot/1.3; +https://openai.com/gptbot)"
74.7.227.25 - - [02/Mar/2026:20:04:27 +0000] "GET /whsy.php?e=coredump_filter&p=%2Fproc%2F11483 HTTP/2.0" 200 913 "https://www.shakcoin.com.lab2454.com/whsy.php?p=%2Fproc%2F11483" "Mozilla/5.0 AppleWebKit/537.36 (KHTML, like Gecko; compatible; GPTBot/1.3; +https://openai.com/gptbot)"
74.7.242.17 - - [02/Mar/2026:20:05:16 +0000] "GET /whsy.php?e=build_ext.py&p=%2Fusr%2Flib%2Fpython2.7%2Fsite-packages%2Fsetuptools%2Fcommand HTTP/2.0" 200 5645 "https://shakcoin.com/whsy.php?p=%2Fusr%2Flib%2Fpython2.7%2Fsite-packages%2Fsetuptools%2Fcommand" "Mozilla/5.0 AppleWebKit/537.36 (KHTML, like Gecko; compatible; GPTBot/1.3; +https://openai.com/gptbot)"
74.7.227.25 - - [02/Mar/2026:20:05:36 +0000] "GET /whsy.php?p=%2Fproc%2F29782%2Ffdinfo HTTP/2.0" 200 147255 "https://www.shakcoin.com.lab2454.com/whsy.php?e=projid_map&p=%2Fproc%2F29782" "Mozilla/5.0 AppleWebKit/537.36 (KHTML, like Gecko; compatible; GPTBot/1.3; +https://openai.com/gptbot)"
74.7.242.17 - - [02/Mar/2026:20:06:30 +0000] "GET /whsy.php?e=egg_info.pyo&p=%2Fusr%2Flib%2Fpython2.7%2Fsite-packages%2Fsetuptools%2Fcommand HTTP/2.0" 200 2388 "https://shakcoin.com/whsy.php?p=%2Fusr%2Flib%2Fpython2.7%2Fsite-packages%2Fsetuptools%2Fcommand" "Mozilla/5.0 AppleWebKit/537.36 (KHTML, like Gecko; compatible; GPTBot/1.3; +https://openai.com/gptbot)"
74.7.227.25 - - [02/Mar/2026:20:07:28 +0000] "GET /whsy.php?p=%2Fproc%2F29782%2Fmap_files HTTP/2.0" 200 206673 "https://www.shakcoin.com.lab2454.com/whsy.php?e=projid_map&p=%2Fproc%2F29782" "Mozilla/5.0 AppleWebKit/537.36 (KHTML, like Gecko; compatible; GPTBot/1.3; +https://openai.com/gptbot)"
74.7.228.24 - - [02/Mar/2026:20:07:58 +0000] "GET /robots.txt HTTP/2.0" 404 - "-" "Mozilla/5.0 (Macintosh; Intel Mac OS X 10_15_7) AppleWebKit/537.36 (KHTML, like Gecko) Chrome/131.0.0.0 Safari/537.36; compatible; OAI-SearchBot/1.3; robots.txt; +https://openai.com/searchbot"
74.7.242.17 - - [02/Mar/2026:20:07:58 +0000] "GET /whsy.php?e=URWBookman-DemiItalic&p=%2Fusr%2Fshare%2Fghostscript%2FResource%2FFont HTTP/2.0" 200 1702 "https://shakcoin.com/whsy.php?p=%2Fusr%2Fshare%2Fghostscript%2FResource%2FFont" "Mozilla/5.0 AppleWebKit/537.36 (KHTML, like Gecko; compatible; GPTBot/1.3; +https://openai.com/gptbot)"
74.7.227.25 - - [02/Mar/2026:20:09:14 +0000] "GET /whsy.php?e=coredump_filter&p=%2Fproc%2F32580 HTTP/2.0" 200 913 "https://www.shakcoin.com.lab2454.com/whsy.php?p=%2Fproc%2F32580" "Mozilla/5.0 AppleWebKit/537.36 (KHTML, like Gecko; compatible; GPTBot/1.3; +https://openai.com/gptbot)"
74.7.242.17 - - [02/Mar/2026:20:09:16 +0000] "GET /whsy.php?e=NimbusRoman-BoldItalic&p=%2Fusr%2Fshare%2Fghostscript%2FResource%2FFont HTTP/2.0" 200 1708 "https://shakcoin.com/whsy.php?p=%2Fusr%2Fshare%2Fghostscript%2FResource%2FFont" "Mozilla/5.0 AppleWebKit/537.36 (KHTML, like Gecko; compatible; GPTBot/1.3; +https://openai.com/gptbot)"
74.7.227.25 - - [02/Mar/2026:20:10:32 +0000] "GET /whsy.php?e=coredump_filter&p=%2Fproc%2F14165 HTTP/2.0" 200 913 "https://www.shakcoin.com.lab2454.com/whsy.php?p=%2Fproc%2F14165" "Mozilla/5.0 AppleWebKit/537.36 (KHTML, like Gecko; compatible; GPTBot/1.3; +https://openai.com/gptbot)"
74.7.242.17 - - [02/Mar/2026:20:10:37 +0000] "GET /whsy.php?e=NimbusSans-BoldItalic&p=%2Fusr%2Fshare%2Fghostscript%2FResource%2FFont HTTP/2.0" 200 1709 "https://shakcoin.com/whsy.php?p=%2Fusr%2Fshare%2Fghostscript%2FResource%2FFont" "Mozilla/5.0 AppleWebKit/537.36 (KHTML, like Gecko; compatible; GPTBot/1.3; +https://openai.com/gptbot)"
74.7.227.25 - - [02/Mar/2026:20:11:44 +0000] "GET /whsy.php?e=coredump_filter&p=%2Fproc%2F31534 HTTP/2.0" 200 913 "https://www.shakcoin.com.lab2454.com/whsy.php?p=%2Fproc%2F31534" "Mozilla/5.0 AppleWebKit/537.36 (KHTML, like Gecko; compatible; GPTBot/1.3; +https://openai.com/gptbot)"
74.7.242.17 - - [02/Mar/2026:20:11:49 +0000] "GET /whsy.php?e=NimbusSansNarrow-Bold&p=%2Fusr%2Fshare%2Fghostscript%2FResource%2FFont HTTP/2.0" 200 1702 "https://shakcoin.com/whsy.php?p=%2Fusr%2Fshare%2Fghostscript%2FResource%2FFont" "Mozilla/5.0 AppleWebKit/537.36 (KHTML, like Gecko; compatible; GPTBot/1.3; +https://openai.com/gptbot)"
74.7.175.147 - - [02/Mar/2026:20:11:51 +0000] "GET /robots.txt HTTP/2.0" 404 - "-" "Mozilla/5.0 (Macintosh; Intel Mac OS X 10_15_7) AppleWebKit/537.36 (KHTML, like Gecko) Chrome/131.0.0.0 Safari/537.36; compatible; OAI-SearchBot/1.3; robots.txt; +https://openai.com/searchbot"
74.7.227.25 - - [02/Mar/2026:20:13:03 +0000] "GET /whsy.php?e=coredump_filter&p=%2Fproc%2F19931 HTTP/2.0" 200 913 "https://www.shakcoin.com.lab2454.com/whsy.php?p=%2Fproc%2F19931" "Mozilla/5.0 AppleWebKit/537.36 (KHTML, like Gecko; compatible; GPTBot/1.3; +https://openai.com/gptbot)"
74.7.228.24 - - [02/Mar/2026:20:13:03 +0000] "GET /robots.txt HTTP/2.0" 404 - "-" "Mozilla/5.0 (Macintosh; Intel Mac OS X 10_15_7) AppleWebKit/537.36 (KHTML, like Gecko) Chrome/131.0.0.0 Safari/537.36; compatible; OAI-SearchBot/1.3; robots.txt; +https://openai.com/searchbot"
74.7.242.17 - - [02/Mar/2026:20:13:03 +0000] "GET /whsy.php?e=URWGothic-BookOblique&p=%2Fusr%2Fshare%2Fghostscript%2FResource%2FFont HTTP/2.0" 200 1706 "https://shakcoin.com/whsy.php?p=%2Fusr%2Fshare%2Fghostscript%2FResource%2FFont" "Mozilla/5.0 AppleWebKit/537.36 (KHTML, like Gecko; compatible; GPTBot/1.3; +https://openai.com/gptbot)"
74.7.227.25 - - [02/Mar/2026:20:14:23 +0000] "GET /whsy.php?p=%2Fproc%2F27773%2Fns HTTP/2.0" 200 913 "https://www.shakcoin.com.lab2454.com/whsy.php?p=%2Fproc%2F27773" "Mozilla/5.0 AppleWebKit/537.36 (KHTML, like Gecko; compatible; GPTBot/1.3; +https://openai.com/gptbot)"
74.7.242.17 - - [02/Mar/2026:20:14:23 +0000] "GET /whsy.php?e=URWBookman-LightItalic&p=%2Fusr%2Fshare%2Fghostscript%2FResource%2FFont HTTP/2.0" 200 1707 "https://shakcoin.com/whsy.php?p=%2Fusr%2Fshare%2Fghostscript%2FResource%2FFont" "Mozilla/5.0 AppleWebKit/537.36 (KHTML, like Gecko; compatible; GPTBot/1.3; +https://openai.com/gptbot)"
74.7.227.25 - - [02/Mar/2026:20:15:50 +0000] "GET /whsy.php?p=%2Fproc%2F27773%2Ffd HTTP/2.0" 200 913 "https://www.shakcoin.com.lab2454.com/whsy.php?p=%2Fproc%2F27773" "Mozilla/5.0 AppleWebKit/537.36 (KHTML, like Gecko; compatible; GPTBot/1.3; +https://openai.com/gptbot)"
74.7.242.17 - - [02/Mar/2026:20:16:08 +0000] "GET /whsy.php?e=URWGothic-DemiOblique&p=%2Fusr%2Fshare%2Fghostscript%2FResource%2FFont HTTP/2.0" 200 1705 "https://shakcoin.com/whsy.php?p=%2Fusr%2Fshare%2Fghostscript%2FResource%2FFont" "Mozilla/5.0 AppleWebKit/537.36 (KHTML, like Gecko; compatible; GPTBot/1.3; +https://openai.com/gptbot)"
74.7.227.25 - - [02/Mar/2026:20:17:09 +0000] "GET /whsy.php?p=%2Fproc%2F548 HTTP/2.0" 200 913 "https://www.shakcoin.com.lab2454.com/whsy.php?p=%2Fproc%2F9974%2F.." "Mozilla/5.0 AppleWebKit/537.36 (KHTML, like Gecko; compatible; GPTBot/1.3; +https://openai.com/gptbot)"
74.7.242.17 - - [02/Mar/2026:20:17:32 +0000] "GET /whsy.php?e=NimbusMonoPS-BoldItalic&p=%2Fusr%2Fshare%2Fghostscript%2FResource%2FFont HTTP/2.0" 200 1710 "https://shakcoin.com/whsy.php?p=%2Fusr%2Fshare%2Fghostscript%2FResource%2FFont" "Mozilla/5.0 AppleWebKit/537.36 (KHTML, like Gecko; compatible; GPTBot/1.3; +https://openai.com/gptbot)"
74.7.175.147 - - [02/Mar/2026:20:17:33 +0000] "GET /robots.txt HTTP/2.0" 404 - "-" "Mozilla/5.0 (Macintosh; Intel Mac OS X 10_15_7) AppleWebKit/537.36 (KHTML, like Gecko) Chrome/131.0.0.0 Safari/537.36; compatible; OAI-SearchBot/1.3; robots.txt; +https://openai.com/searchbot"
74.7.227.25 - - [02/Mar/2026:20:18:42 +0000] "GET /whsy.php?p=%2Fproc%2F673 HTTP/2.0" 200 913 "https://www.shakcoin.com.lab2454.com/whsy.php?e=16583&p=%2Fproc" "Mozilla/5.0 AppleWebKit/537.36 (KHTML, like Gecko; compatible; GPTBot/1.3; +https://openai.com/gptbot)"
74.7.228.24 - - [02/Mar/2026:20:18:44 +0000] "GET /robots.txt HTTP/2.0" 404 - "-" "Mozilla/5.0 (Macintosh; Intel Mac OS X 10_15_7) AppleWebKit/537.36 (KHTML, like Gecko) Chrome/131.0.0.0 Safari/537.36; compatible; OAI-SearchBot/1.3; robots.txt; +https://openai.com/searchbot"
74.7.242.17 - - [02/Mar/2026:20:18:59 +0000] "GET /whsy.php?e=named.rfc1912.zones&p=%2Fetc HTTP/2.0" 200 8934 "https://shakcoin.com/whsy.php?p=%2F%2Fetc" "Mozilla/5.0 AppleWebKit/537.36 (KHTML, like Gecko; compatible; GPTBot/1.3; +https://openai.com/gptbot)"
74.7.227.25 - - [02/Mar/2026:20:19:49 +0000] "GET /whsy.php?p=%2Fproc%2F901 HTTP/2.0" 200 913 "https://www.shakcoin.com.lab2454.com/whsy.php?e=16583&p=%2Fproc" "Mozilla/5.0 AppleWebKit/537.36 (KHTML, like Gecko; compatible; GPTBot/1.3; +https://openai.com/gptbot)"
74.7.242.17 - - [02/Mar/2026:20:20:25 +0000] "GET /whsy.php?p=%2Fhome%2Flab2454c%2Fwesternclear.net%2Fvendor%2Fpsy%2Fpsysh%2Fsrc%2FCommand HTTP/2.0" 200 1294 "https://shakcoin.com/whsy.php?p=%2Fhome%2Flab2454c%2Fwesternclear.net%2Fvendor%2Fpsy%2Fpsysh%2Fsrc" "Mozilla/5.0 AppleWebKit/537.36 (KHTML, like Gecko; compatible; GPTBot/1.3; +https://openai.com/gptbot)"
74.7.227.25 - - [02/Mar/2026:20:21:18 +0000] "GET /whsy.php?p=%2Fproc%2F26963%2Fnet%2Fxt_recent HTTP/2.0" 200 497 "https://www.shakcoin.com.lab2454.com/whsy.php?p=%2Fproc%2F26963%2Fnet" "Mozilla/5.0 AppleWebKit/537.36 (KHTML, like Gecko; compatible; GPTBot/1.3; +https://openai.com/gptbot)"
74.7.242.17 - - [02/Mar/2026:20:22:01 +0000] "GET /whsy.php?e=elfinder.fr.js&p=%2Fhome%2Flab2454c%2Fequitablegold.com%2Fwp-content%2Fplugins%2Fwp-file-manager%2Flib%2Fjs%2Fi18n HTTP/2.0" 200 12203 "https://shakcoin.com/whsy.php?p=%2Fhome%2Flab2454c%2Fequitablegold.com%2Fwp-content%2Fplugins%2Fwp-file-manager%2Flib%2Fjs%2Fi18n" "Mozilla/5.0 AppleWebKit/537.36 (KHTML, like Gecko; compatible; GPTBot/1.3; +https://openai.com/gptbot)"
74.7.227.25 - - [02/Mar/2026:20:22:40 +0000] "GET /whsy.php?p=%2Fproc%2F29566%2Fnet%2Fxt_recent HTTP/2.0" 200 497 "https://www.shakcoin.com.lab2454.com/whsy.php?p=%2Fproc%2F29566%2Fnet" "Mozilla/5.0 AppleWebKit/537.36 (KHTML, like Gecko; compatible; GPTBot/1.3; +https://openai.com/gptbot)"
74.7.242.17 - - [02/Mar/2026:20:23:32 +0000] "GET /whsy.php?e=elfinder.fr.js&p=%2Fhome%2Flab2454c%2Fcarbonbullion.com%2Fwp-content%2Fplugins%2Fwp-file-manager%2Flib%2Fjs%2Fi18n HTTP/2.0" 200 12207 "https://shakcoin.com/whsy.php?p=%2Fhome%2Flab2454c%2Fcarbonbullion.com%2Fwp-content%2Fplugins%2Fwp-file-manager%2Flib%2Fjs%2Fi18n" "Mozilla/5.0 AppleWebKit/537.36 (KHTML, like Gecko; compatible; GPTBot/1.3; +https://openai.com/gptbot)"
74.7.175.147 - - [02/Mar/2026:20:23:33 +0000] "GET /robots.txt HTTP/2.0" 404 - "-" "Mozilla/5.0 (Macintosh; Intel Mac OS X 10_15_7) AppleWebKit/537.36 (KHTML, like Gecko) Chrome/131.0.0.0 Safari/537.36; compatible; OAI-SearchBot/1.3; robots.txt; +https://openai.com/searchbot"
74.7.227.25 - - [02/Mar/2026:20:24:21 +0000] "GET /whsy.php?p=%2Fproc%2F32580%2F.. HTTP/2.0" 200 913 "https://www.shakcoin.com.lab2454.com/whsy.php?p=%2Fproc%2F32580" "Mozilla/5.0 AppleWebKit/537.36 (KHTML, like Gecko; compatible; GPTBot/1.3; +https://openai.com/gptbot)"
74.7.228.24 - - [02/Mar/2026:20:24:22 +0000] "GET /robots.txt HTTP/2.0" 404 - "-" "Mozilla/5.0 (Macintosh; Intel Mac OS X 10_15_7) AppleWebKit/537.36 (KHTML, like Gecko) Chrome/131.0.0.0 Safari/537.36; compatible; OAI-SearchBot/1.3; robots.txt; +https://openai.com/searchbot"
74.7.242.17 - - [02/Mar/2026:20:25:38 +0000] "GET /whsy.php?e=elfinder.fr.js&p=%2Fhome%2Flab2454c%2Fisaaclondston.com%2Fwp-content%2Fplugins%2Fwp-file-manager%2Flib%2Fjs%2Fi18n HTTP/2.0" 200 12204 "https://shakcoin.com/whsy.php?p=%2Fhome%2Flab2454c%2Fisaaclondston.com%2Fwp-content%2Fplugins%2Fwp-file-manager%2Flib%2Fjs%2Fi18n" "Mozilla/5.0 AppleWebKit/537.36 (KHTML, like Gecko; compatible; GPTBot/1.3; +https://openai.com/gptbot)"
74.7.227.25 - - [02/Mar/2026:20:25:46 +0000] "GET /whsy.php?p=%2Fproc%2F19570%2F.. HTTP/2.0" 200 913 "https://www.shakcoin.com.lab2454.com/whsy.php?p=%2Fproc%2F19570" "Mozilla/5.0 AppleWebKit/537.36 (KHTML, like Gecko; compatible; GPTBot/1.3; +https://openai.com/gptbot)"
82.29.157.105 - - [02/Mar/2026:20:27:07 +0000] "GET /.env HTTP/1.1" 404 - "-" "Mozilla/5.0 (Macintosh; Intel Mac OS X 10_15_7) AppleWebKit/537.36 (KHTML, like Gecko) Chrome/91.0.4472.124 Safari/537.36"
74.7.227.25 - - [02/Mar/2026:20:27:33 +0000] "GET /whsy.php?p=%2Fproc%2F31534%2F.. HTTP/2.0" 200 913 "https://www.shakcoin.com.lab2454.com/whsy.php?p=%2Fproc%2F31534" "Mozilla/5.0 AppleWebKit/537.36 (KHTML, like Gecko; compatible; GPTBot/1.3; +https://openai.com/gptbot)"
74.7.242.17 - - [02/Mar/2026:20:27:44 +0000] "GET /whsy.php?e=Directory.php&p=%2Fhome%2Flab2454c%2Fvaultchip.com%2Fvendor%2Fphpunit%2Fphp-code-coverage%2Fsrc%2FReport%2FXml HTTP/2.0" 200 1428 "https://shakcoin.com/whsy.php?p=%2Fhome%2Flab2454c%2Fvaultchip.com%2Fvendor%2Fphpunit%2Fphp-code-coverage%2Fsrc%2FReport%2FXml" "Mozilla/5.0 AppleWebKit/537.36 (KHTML, like Gecko; compatible; GPTBot/1.3; +https://openai.com/gptbot)"
74.7.227.25 - - [02/Mar/2026:20:29:09 +0000] "GET /whsy.php?p=%2Fproc%2F11483%2F.. HTTP/2.0" 200 913 "https://www.shakcoin.com.lab2454.com/whsy.php?p=%2Fproc%2F11483" "Mozilla/5.0 AppleWebKit/537.36 (KHTML, like Gecko; compatible; GPTBot/1.3; +https://openai.com/gptbot)"
74.7.242.17 - - [02/Mar/2026:20:29:48 +0000] "GET /whsy.php?e=Renderer.php&p=%2Fhome%2Flab2454c%2Fvaultchip.com%2Fvendor%2Fphpunit%2Fphp-code-coverage%2Fsrc%2FReport%2FHtml HTTP/2.0" 200 3059 "https://shakcoin.com/whsy.php?p=%2Fhome%2Flab2454c%2Fvaultchip.com%2Fvendor%2Fphpunit%2Fphp-code-coverage%2Fsrc%2FReport%2FHtml" "Mozilla/5.0 AppleWebKit/537.36 (KHTML, like Gecko; compatible; GPTBot/1.3; +https://openai.com/gptbot)"
74.7.175.147 - - [02/Mar/2026:20:29:48 +0000] "GET /robots.txt HTTP/2.0" 404 - "-" "Mozilla/5.0 (Macintosh; Intel Mac OS X 10_15_7) AppleWebKit/537.36 (KHTML, like Gecko) Chrome/131.0.0.0 Safari/537.36; compatible; OAI-SearchBot/1.3; robots.txt; +https://openai.com/searchbot"
74.7.227.25 - - [02/Mar/2026:20:30:50 +0000] "GET /whsy.php?p=%2Fproc%2F19931%2F.. HTTP/2.0" 200 913 "https://www.shakcoin.com.lab2454.com/whsy.php?p=%2Fproc%2F19931" "Mozilla/5.0 AppleWebKit/537.36 (KHTML, like Gecko; compatible; GPTBot/1.3; +https://openai.com/gptbot)"
74.7.228.24 - - [02/Mar/2026:20:30:51 +0000] "GET /robots.txt HTTP/2.0" 404 - "-" "Mozilla/5.0 (Macintosh; Intel Mac OS X 10_15_7) AppleWebKit/537.36 (KHTML, like Gecko) Chrome/131.0.0.0 Safari/537.36; compatible; OAI-SearchBot/1.3; robots.txt; +https://openai.com/searchbot"
74.7.242.17 - - [02/Mar/2026:20:31:50 +0000] "GET /whsy.php?p=%2Fhome%2Flab2454c%2Fcrypto.keyreum.com%2Fvendor%2Fphpunit%2Fphpunit%2Fsrc%2FFramework%2FMockObject HTTP/2.0" 200 1246 "https://shakcoin.com/whsy.php?p=%2Fhome%2Flab2454c%2Fcrypto.keyreum.com%2Fvendor%2Fphpunit%2Fphpunit%2Fsrc%2FFramework" "Mozilla/5.0 AppleWebKit/537.36 (KHTML, like Gecko; compatible; GPTBot/1.3; +https://openai.com/gptbot)"
74.7.227.25 - - [02/Mar/2026:20:32:18 +0000] "GET /whsy.php?p=%2Fproc%2F14165%2F.. HTTP/2.0" 200 913 "https://www.shakcoin.com.lab2454.com/whsy.php?p=%2Fproc%2F14165" "Mozilla/5.0 AppleWebKit/537.36 (KHTML, like Gecko; compatible; GPTBot/1.3; +https://openai.com/gptbot)"
74.7.242.17 - - [02/Mar/2026:20:33:46 +0000] "GET /whsy.php?p=%2Fhome%2Flab2454c%2Fhealthvalidate.com%2Fvendor%2Fcloudinary%2Fcloudinary_php%2Ftests%2FUnit%2FTag HTTP/2.0" 200 1203 "https://shakcoin.com/whsy.php?p=%2Fhome%2Flab2454c%2Fhealthvalidate.com%2Fvendor%2Fcloudinary%2Fcloudinary_php%2Ftests%2FUnit" "Mozilla/5.0 AppleWebKit/537.36 (KHTML, like Gecko; compatible; GPTBot/1.3; +https://openai.com/gptbot)"
74.7.227.25 - - [02/Mar/2026:20:33:53 +0000] "GET /whsy.php?p=%2Fproc%2F23222%2Ffd HTTP/2.0" 200 913 "https://www.shakcoin.com.lab2454.com/whsy.php?p=%2Fproc%2F23222" "Mozilla/5.0 AppleWebKit/537.36 (KHTML, like Gecko; compatible; GPTBot/1.3; +https://openai.com/gptbot)"
74.7.242.17 - - [02/Mar/2026:20:35:13 +0000] "GET /whsy.php?e=post-type-by-author.php&p=%2Fhome%2Flab2454c%2Felementalmill.com%2Fwp-content%2Fplugins%2Felementor-pro%2Fmodules%2Ftheme-builder%2Fconditions HTTP/2.0" 200 1971 "https://shakcoin.com/whsy.php?p=%2Fhome%2Flab2454c%2Felementalmill.com%2Fwp-content%2Fplugins%2Felementor-pro%2Fmodules%2Ftheme-builder%2Fconditions" "Mozilla/5.0 AppleWebKit/537.36 (KHTML, like Gecko; compatible; GPTBot/1.3; +https://openai.com/gptbot)"
74.7.175.147 - - [02/Mar/2026:20:35:14 +0000] "GET /robots.txt HTTP/2.0" 404 - "-" "Mozilla/5.0 (Macintosh; Intel Mac OS X 10_15_7) AppleWebKit/537.36 (KHTML, like Gecko) Chrome/131.0.0.0 Safari/537.36; compatible; OAI-SearchBot/1.3; robots.txt; +https://openai.com/searchbot"
74.7.227.25 - - [02/Mar/2026:20:35:14 +0000] "GET /whsy.php?p=%2Fproc%2F29782%2Fnet%2Fxt_recent HTTP/2.0" 200 498 "https://www.shakcoin.com.lab2454.com/whsy.php?p=%2Fproc%2F29782%2Fnet" "Mozilla/5.0 AppleWebKit/537.36 (KHTML, like Gecko; compatible; GPTBot/1.3; +https://openai.com/gptbot)"
74.7.227.25 - - [02/Mar/2026:20:36:46 +0000] "GET /whsy.php?p=%2Fproc%2F29782%2Fnet%2Fdev_snmp6 HTTP/2.0" 200 982 "https://www.shakcoin.com.lab2454.com/whsy.php?p=%2Fproc%2F29782%2Fnet" "Mozilla/5.0 AppleWebKit/537.36 (KHTML, like Gecko; compatible; GPTBot/1.3; +https://openai.com/gptbot)"
74.7.228.24 - - [02/Mar/2026:20:36:47 +0000] "GET /robots.txt HTTP/2.0" 404 - "-" "Mozilla/5.0 (Macintosh; Intel Mac OS X 10_15_7) AppleWebKit/537.36 (KHTML, like Gecko) Chrome/131.0.0.0 Safari/537.36; compatible; OAI-SearchBot/1.3; robots.txt; +https://openai.com/searchbot"
74.7.242.17 - - [02/Mar/2026:20:36:56 +0000] "GET /whsy.php?e=index.blade.php&p=%2Fhome%2Flab2454c%2Fsothebry.softkinesis.com%2Fbackups%2Fcore%2Fresources%2Fviews%2Fadmin%2Fspecification HTTP/2.0" 200 2185 "https://shakcoin.com/whsy.php?p=%2Fhome%2Flab2454c%2Fsothebry.softkinesis.com%2Fbackups%2Fcore%2Fresources%2Fviews%2Fadmin%2Fspecification" "Mozilla/5.0 AppleWebKit/537.36 (KHTML, like Gecko; compatible; GPTBot/1.3; +https://openai.com/gptbot)"
74.7.227.25 - - [02/Mar/2026:20:37:53 +0000] "GET /whsy.php?p=%2Fproc%2F26963%2Fnet%2Fdev_snmp6 HTTP/2.0" 200 982 "https://www.shakcoin.com.lab2454.com/whsy.php?p=%2Fproc%2F26963%2Fnet" "Mozilla/5.0 AppleWebKit/537.36 (KHTML, like Gecko; compatible; GPTBot/1.3; +https://openai.com/gptbot)"
74.7.242.17 - - [02/Mar/2026:20:38:16 +0000] "GET /whsy.php?e=fr.svg&p=%2Fhome%2Flab2454c%2Fvaultchip.com%2Fvendor%2Fbotble%2Fplatform%2Fbase%2Fpublic%2Fimages%2Fflags HTTP/2.0" 200 6557 "https://shakcoin.com/whsy.php?p=%2Fhome%2Flab2454c%2Fvaultchip.com%2Fvendor%2Fbotble%2Fplatform%2Fbase%2Fpublic%2Fimages%2Fflags" "Mozilla/5.0 AppleWebKit/537.36 (KHTML, like Gecko; compatible; GPTBot/1.3; +https://openai.com/gptbot)"
74.7.227.25 - - [02/Mar/2026:20:39:32 +0000] "GET /whsy.php?p=%2Fproc%2F29566%2Fnet%2Fdev_snmp6 HTTP/2.0" 200 982 "https://www.shakcoin.com.lab2454.com/whsy.php?p=%2Fproc%2F29566%2Fnet" "Mozilla/5.0 AppleWebKit/537.36 (KHTML, like Gecko; compatible; GPTBot/1.3; +https://openai.com/gptbot)"
74.7.242.17 - - [02/Mar/2026:20:40:10 +0000] "GET /whsy.php?e=sortable.js&p=%2Fhome%2Flab2454c%2Fveritserv.net%2Fwp-includes%2Fjs%2Fjquery%2Fui HTTP/2.0" 200 14702 "https://shakcoin.com/whsy.php?p=%2Fhome%2Flab2454c%2Fveritserv.net%2Fwp-includes%2Fjs%2Fjquery%2Fui" "Mozilla/5.0 AppleWebKit/537.36 (KHTML, like Gecko; compatible; GPTBot/1.3; +https://openai.com/gptbot)"
74.7.227.25 - - [02/Mar/2026:20:40:58 +0000] "GET /whsy.php?p=%2Fproc%2F17266%2F.. HTTP/2.0" 200 913 "https://www.shakcoin.com.lab2454.com/whsy.php?p=%2Fproc%2F17266" "Mozilla/5.0 AppleWebKit/537.36 (KHTML, like Gecko; compatible; GPTBot/1.3; +https://openai.com/gptbot)"
74.7.242.17 - - [02/Mar/2026:20:42:09 +0000] "GET /whsy.php?e=tooltip.js&p=%2Fhome%2Flab2454c%2Fveritserv.net%2Fwp-includes%2Fjs%2Fjquery%2Fui HTTP/2.0" 200 7331 "https://shakcoin.com/whsy.php?p=%2Fhome%2Flab2454c%2Fveritserv.net%2Fwp-includes%2Fjs%2Fjquery%2Fui" "Mozilla/5.0 AppleWebKit/537.36 (KHTML, like Gecko; compatible; GPTBot/1.3; +https://openai.com/gptbot)"
74.7.175.147 - - [02/Mar/2026:20:42:10 +0000] "GET /robots.txt HTTP/2.0" 404 - "-" "Mozilla/5.0 (Macintosh; Intel Mac OS X 10_15_7) AppleWebKit/537.36 (KHTML, like Gecko) Chrome/131.0.0.0 Safari/537.36; compatible; OAI-SearchBot/1.3; robots.txt; +https://openai.com/searchbot"
74.7.227.25 - - [02/Mar/2026:20:42:44 +0000] "GET /whsy.php?p=%2Fproc%2F31217%2F.. HTTP/2.0" 200 913 "https://www.shakcoin.com.lab2454.com/whsy.php?p=%2Fproc%2F31217" "Mozilla/5.0 AppleWebKit/537.36 (KHTML, like Gecko; compatible; GPTBot/1.3; +https://openai.com/gptbot)"
74.7.242.17 - - [02/Mar/2026:20:43:44 +0000] "GET /whsy.php?e=spinner.js&p=%2Fhome%2Flab2454c%2Fveritserv.net%2Fwp-includes%2Fjs%2Fjquery%2Fui HTTP/2.0" 200 7137 "https://shakcoin.com/whsy.php?p=%2Fhome%2Flab2454c%2Fveritserv.net%2Fwp-includes%2Fjs%2Fjquery%2Fui" "Mozilla/5.0 AppleWebKit/537.36 (KHTML, like Gecko; compatible; GPTBot/1.3; +https://openai.com/gptbot)"
74.7.227.25 - - [02/Mar/2026:20:44:11 +0000] "GET /whsy.php?p=%2Fproc%2F26963%2F.. HTTP/2.0" 200 4257 "https://www.shakcoin.com.lab2454.com/whsy.php?p=%2Fproc%2F26963" "Mozilla/5.0 AppleWebKit/537.36 (KHTML, like Gecko; compatible; GPTBot/1.3; +https://openai.com/gptbot)"
74.7.242.17 - - [02/Mar/2026:20:45:41 +0000] "GET /whsy.php?e=resizable.js&p=%2Fhome%2Flab2454c%2Fveritserv.net%2Fwp-includes%2Fjs%2Fjquery%2Fui HTTP/2.0" 200 10410 "https://shakcoin.com/whsy.php?p=%2Fhome%2Flab2454c%2Fveritserv.net%2Fwp-includes%2Fjs%2Fjquery%2Fui" "Mozilla/5.0 AppleWebKit/537.36 (KHTML, like Gecko; compatible; GPTBot/1.3; +https://openai.com/gptbot)"
74.7.227.25 - - [02/Mar/2026:20:45:59 +0000] "GET /whsy.php?p=%2Fproc%2F29782%2F.. HTTP/2.0" 200 4246 "https://www.shakcoin.com.lab2454.com/whsy.php?p=%2Fproc%2F29782" "Mozilla/5.0 AppleWebKit/537.36 (KHTML, like Gecko; compatible; GPTBot/1.3; +https://openai.com/gptbot)"
74.7.227.25 - - [02/Mar/2026:20:47:32 +0000] "GET /whsy.php?p=%2Fproc%2F25774%2F.. HTTP/2.0" 200 913 "https://www.shakcoin.com.lab2454.com/whsy.php?p=%2Fproc%2F25774" "Mozilla/5.0 AppleWebKit/537.36 (KHTML, like Gecko; compatible; GPTBot/1.3; +https://openai.com/gptbot)"
74.7.242.17 - - [02/Mar/2026:20:47:36 +0000] "GET /whsy.php?e=admin-global-lite.asset.php&p=%2Fhome%2Flab2454c%2Farchswipe.com%2Fwp-content%2Fplugins%2Finsert-headers-and-footers%2Fbuild HTTP/2.0" 200 1196 "https://shakcoin.com/whsy.php?p=%2Fhome%2Flab2454c%2Farchswipe.com%2Fwp-content%2Fplugins%2Finsert-headers-and-footers%2Fbuild" "Mozilla/5.0 AppleWebKit/537.36 (KHTML, like Gecko; compatible; GPTBot/1.3; +https://openai.com/gptbot)"
74.7.175.147 - - [02/Mar/2026:20:47:37 +0000] "GET /robots.txt HTTP/2.0" 404 - "-" "Mozilla/5.0 (Macintosh; Intel Mac OS X 10_15_7) AppleWebKit/537.36 (KHTML, like Gecko) Chrome/131.0.0.0 Safari/537.36; compatible; OAI-SearchBot/1.3; robots.txt; +https://openai.com/searchbot"
74.7.227.25 - - [02/Mar/2026:20:49:11 +0000] "GET /whsy.php?p=%2Fproc%2F29566%2F.. HTTP/2.0" 200 4148 "https://www.shakcoin.com.lab2454.com/whsy.php?p=%2Fproc%2F29566" "Mozilla/5.0 AppleWebKit/537.36 (KHTML, like Gecko; compatible; GPTBot/1.3; +https://openai.com/gptbot)"
74.7.228.24 - - [02/Mar/2026:20:49:12 +0000] "GET /robots.txt HTTP/2.0" 404 - "-" "Mozilla/5.0 (Macintosh; Intel Mac OS X 10_15_7) AppleWebKit/537.36 (KHTML, like Gecko) Chrome/131.0.0.0 Safari/537.36; compatible; OAI-SearchBot/1.3; robots.txt; +https://openai.com/searchbot"
74.7.242.17 - - [02/Mar/2026:20:49:31 +0000] "GET /whsy.php?p=%2Fhome%2Flab2454c%2Fcrypto.keyreum.com%2Fplatform%2Fcore%2Fbase%2Fpublic%2Flibraries%2Fjquery-inputmask%2Finputmask%2Fphone-codes HTTP/2.0" 200 957 "https://shakcoin.com/whsy.php?p=%2Fhome%2Flab2454c%2Fcrypto.keyreum.com%2Fplatform%2Fcore%2Fbase%2Fpublic%2Flibraries%2Fjquery-inputmask%2Finputmask" "Mozilla/5.0 AppleWebKit/537.36 (KHTML, like Gecko; compatible; GPTBot/1.3; +https://openai.com/gptbot)"
74.7.227.25 - - [02/Mar/2026:20:50:36 +0000] "GET /whsy.php?p=%2Fproc%2F25899%2F.. HTTP/2.0" 200 913 "https://www.shakcoin.com.lab2454.com/whsy.php?p=%2Fproc%2F25899" "Mozilla/5.0 AppleWebKit/537.36 (KHTML, like Gecko; compatible; GPTBot/1.3; +https://openai.com/gptbot)"
74.7.242.17 - - [02/Mar/2026:20:51:17 +0000] "GET /whsy.php?e=class-acf-walker-taxonomy-field.php&p=%2Fhome%2Flab2454c%2Fvalidatekey.com%2Fwp-content%2Fplugins%2Fadvanced-custom-fields%2Fincludes%2Fwalkers HTTP/2.0" 200 1899 "https://shakcoin.com/whsy.php?p=%2Fhome%2Flab2454c%2Fvalidatekey.com%2Fwp-content%2Fplugins%2Fadvanced-custom-fields%2Fincludes%2Fwalkers" "Mozilla/5.0 AppleWebKit/537.36 (KHTML, like Gecko; compatible; GPTBot/1.3; +https://openai.com/gptbot)"
74.7.227.25 - - [02/Mar/2026:20:52:24 +0000] "GET /whsy.php?e=ksm_merging_pages&p=%2Fproc%2F31534 HTTP/2.0" 200 913 "https://www.shakcoin.com.lab2454.com/whsy.php?p=%2Fproc%2F31534" "Mozilla/5.0 AppleWebKit/537.36 (KHTML, like Gecko; compatible; GPTBot/1.3; +https://openai.com/gptbot)"
74.7.242.17 - - [02/Mar/2026:20:53:11 +0000] "GET /whsy.php?e=RuntimeException.php&p=%2Fhome%2Flab2454c%2Fspaxtac.com%2Fwp-content%2Fplugins%2Fwp-user-frontend-pro%2Fvendor%2Fphpunit%2Fphp-code-coverage%2Fsrc%2FException HTTP/2.0" 200 1227 "https://shakcoin.com/whsy.php?p=%2Fhome%2Flab2454c%2Fspaxtac.com%2Fwp-content%2Fplugins%2Fwp-user-frontend-pro%2Fvendor%2Fphpunit%2Fphp-code-coverage%2Fsrc%2FException" "Mozilla/5.0 AppleWebKit/537.36 (KHTML, like Gecko; compatible; GPTBot/1.3; +https://openai.com/gptbot)"
74.7.175.147 - - [02/Mar/2026:20:53:12 +0000] "GET /robots.txt HTTP/2.0" 404 - "-" "Mozilla/5.0 (Macintosh; Intel Mac OS X 10_15_7) AppleWebKit/537.36 (KHTML, like Gecko) Chrome/131.0.0.0 Safari/537.36; compatible; OAI-SearchBot/1.3; robots.txt; +https://openai.com/searchbot"
74.7.227.25 - - [02/Mar/2026:20:54:15 +0000] "GET /whsy.php?e=ksm_merging_pages&p=%2Fproc%2F11483 HTTP/2.0" 200 913 "https://www.shakcoin.com.lab2454.com/whsy.php?p=%2Fproc%2F11483" "Mozilla/5.0 AppleWebKit/537.36 (KHTML, like Gecko; compatible; GPTBot/1.3; +https://openai.com/gptbot)"
74.7.228.24 - - [02/Mar/2026:20:54:16 +0000] "GET /robots.txt HTTP/2.0" 404 - "-" "Mozilla/5.0 (Macintosh; Intel Mac OS X 10_15_7) AppleWebKit/537.36 (KHTML, like Gecko) Chrome/131.0.0.0 Safari/537.36; compatible; OAI-SearchBot/1.3; robots.txt; +https://openai.com/searchbot"
74.7.242.17 - - [02/Mar/2026:20:55:04 +0000] "GET /whsy.php?e=error_log&p=%2Fhome%2Flab2454c%2Fspaxtac.com%2Fwp-content%2Fplugins%2Felementskit%2Fwidgets%2Ftwitter-feed HTTP/2.0" 200 1221 "https://shakcoin.com/whsy.php?p=%2Fhome%2Flab2454c%2Fspaxtac.com%2Fwp-content%2Fplugins%2Felementskit%2Fwidgets%2Ftwitter-feed" "Mozilla/5.0 AppleWebKit/537.36 (KHTML, like Gecko; compatible; GPTBot/1.3; +https://openai.com/gptbot)"
74.7.227.25 - - [02/Mar/2026:20:55:54 +0000] "GET /whsy.php?e=ksm_merging_pages&p=%2Fproc%2F14165 HTTP/2.0" 200 913 "https://www.shakcoin.com.lab2454.com/whsy.php?p=%2Fproc%2F14165" "Mozilla/5.0 AppleWebKit/537.36 (KHTML, like Gecko; compatible; GPTBot/1.3; +https://openai.com/gptbot)"
74.7.242.17 - - [02/Mar/2026:20:57:23 +0000] "GET /whsy.php?p=%2Fhome%2Flab2454c%2Fmact34.com%2F.wp-cli%2Fcache%2Fplugin HTTP/2.0" 200 527 "https://shakcoin.com/whsy.php?p=%2Fhome%2Flab2454c%2Fmact34.com%2F.wp-cli%2Fcache" "Mozilla/5.0 AppleWebKit/537.36 (KHTML, like Gecko; compatible; GPTBot/1.3; +https://openai.com/gptbot)"
74.7.227.25 - - [02/Mar/2026:20:57:53 +0000] "GET /whsy.php?e=ksm_merging_pages&p=%2Fproc%2F32580 HTTP/2.0" 200 913 "https://www.shakcoin.com.lab2454.com/whsy.php?p=%2Fproc%2F32580" "Mozilla/5.0 AppleWebKit/537.36 (KHTML, like Gecko; compatible; GPTBot/1.3; +https://openai.com/gptbot)"
74.7.175.147 - - [02/Mar/2026:20:59:14 +0000] "GET /robots.txt HTTP/2.0" 404 - "-" "Mozilla/5.0 (Macintosh; Intel Mac OS X 10_15_7) AppleWebKit/537.36 (KHTML, like Gecko) Chrome/131.0.0.0 Safari/537.36; compatible; OAI-SearchBot/1.3; robots.txt; +https://openai.com/searchbot"
74.7.242.17 - - [02/Mar/2026:21:00:19 +0000] "GET /whsy.php?p=%2Fhome%2Flab2454c%2Fcrypto.keyreum.com%2Fplatform%2Fcore%2Fbase%2Fpublic%2Fcss%2Fthemes%2F.. HTTP/2.0" 200 900 "https://shakcoin.com/whsy.php?p=%2Fhome%2Flab2454c%2Fcrypto.keyreum.com%2Fplatform%2Fcore%2Fbase%2Fpublic%2Fcss%2Fthemes" "Mozilla/5.0 AppleWebKit/537.36 (KHTML, like Gecko; compatible; GPTBot/1.3; +https://openai.com/gptbot)"
74.7.227.25 - - [02/Mar/2026:21:00:28 +0000] "GET /whsy.php?p=%2Fproc%2F28868%2F.. HTTP/2.0" 200 913 "https://www.shakcoin.com.lab2454.com/whsy.php?p=%2Fproc%2F28868" "Mozilla/5.0 AppleWebKit/537.36 (KHTML, like Gecko; compatible; GPTBot/1.3; +https://openai.com/gptbot)"
74.7.228.24 - - [02/Mar/2026:21:00:29 +0000] "GET /robots.txt HTTP/2.0" 404 - "-" "Mozilla/5.0 (Macintosh; Intel Mac OS X 10_15_7) AppleWebKit/537.36 (KHTML, like Gecko) Chrome/131.0.0.0 Safari/537.36; compatible; OAI-SearchBot/1.3; robots.txt; +https://openai.com/searchbot"
185.26.174.55 - - [02/Mar/2026:21:01:32 +0000] "POST /xmlrpc.php HTTP/1.1" 404 - "-" "Mozilla/5.0 (Windows NT 6.2; x64) AppleWebKit/537.36 (KHTML, like Gecko) Firefox/84.0.0.0 Safari/537.36"
74.7.227.25 - - [02/Mar/2026:21:02:57 +0000] "GET /whsy.php?p=%2Fproc%2F32533%2F.. HTTP/2.0" 200 913 "https://www.shakcoin.com.lab2454.com/whsy.php?p=%2Fproc%2F32533" "Mozilla/5.0 AppleWebKit/537.36 (KHTML, like Gecko; compatible; GPTBot/1.3; +https://openai.com/gptbot)"
74.7.242.17 - - [02/Mar/2026:21:03:04 +0000] "GET /whsy.php?e=edit-tags.php&p=%2Fhome%2Flab2454c%2Figpma.com%2Fwp-admin HTTP/2.0" 200 9508 "https://shakcoin.com/whsy.php?p=%2Fhome%2Flab2454c%2Figpma.com%2Fwp-admin" "Mozilla/5.0 AppleWebKit/537.36 (KHTML, like Gecko; compatible; GPTBot/1.3; +https://openai.com/gptbot)"
74.7.227.25 - - [02/Mar/2026:21:05:06 +0000] "GET /whsy.php?p=%2Fproc%2F27514 HTTP/2.0" 200 913 "https://www.shakcoin.com.lab2454.com/whsy.php?p=%2Fproc%2F26963%2F.." "Mozilla/5.0 AppleWebKit/537.36 (KHTML, like Gecko; compatible; GPTBot/1.3; +https://openai.com/gptbot)"
74.7.242.17 - - [02/Mar/2026:21:05:24 +0000] "GET /whsy.php?p=%2Fhome%2Flab2454c%2Fspaxtac.com%2Fwp-content%2Fplugins%2Felementskit%2Fwidgets%2Ftwitter-feed%2Flib%2F.. HTTP/2.0" 200 821 "https://shakcoin.com/whsy.php?p=%2Fhome%2Flab2454c%2Fspaxtac.com%2Fwp-content%2Fplugins%2Felementskit%2Fwidgets%2Ftwitter-feed%2Flib" "Mozilla/5.0 AppleWebKit/537.36 (KHTML, like Gecko; compatible; GPTBot/1.3; +https://openai.com/gptbot)"
