157.173.127.72 - - [02/Mar/2026:19:01:45 +0000] "GET /whsy.php?p=/home/lab2454c/omvstudio.com/app/Listeners/.. HTTP/1.1" 200 838 "-" "Mozilla/5.0 (compatible; MJ12bot/v1.4.8; http://mj12bot.com/)"
157.173.127.72 - - [02/Mar/2026:19:01:47 +0000] "GET /whsy.php?p=/home/lab2454c/omvstudio.com/app/Mail/.. HTTP/1.1" 200 838 "-" "Mozilla/5.0 (compatible; MJ12bot/v1.4.8; http://mj12bot.com/)"
157.173.127.72 - - [02/Mar/2026:19:01:49 +0000] "GET /whsy.php?p=/home/lab2454c/omvstudio.com/app/Providers/.. HTTP/1.1" 200 838 "-" "Mozilla/5.0 (compatible; MJ12bot/v1.4.8; http://mj12bot.com/)"
157.173.127.72 - - [02/Mar/2026:19:01:51 +0000] "GET /whsy.php?p=/home/lab2454c/omvstudio.com/bootstrap/cache/.. HTTP/1.1" 200 797 "-" "Mozilla/5.0 (compatible; MJ12bot/v1.4.8; http://mj12bot.com/)"
157.173.127.72 - - [02/Mar/2026:19:01:53 +0000] "GET /whsy.php?p=/home/lab2454c/omvstudio.com/database/factories/.. HTTP/1.1" 200 898 "-" "Mozilla/5.0 (compatible; MJ12bot/v1.4.8; http://mj12bot.com/)"
157.173.127.72 - - [02/Mar/2026:19:01:55 +0000] "GET /whsy.php?p=/home/lab2454c/omvstudio.com/database/seeders/.. HTTP/1.1" 200 898 "-" "Mozilla/5.0 (compatible; MJ12bot/v1.4.8; http://mj12bot.com/)"
157.173.127.72 - - [02/Mar/2026:19:01:57 +0000] "GET /whsy.php?p=/home/lab2454c/omvstudio.com/lang/en/.. HTTP/1.1" 200 763 "-" "Mozilla/5.0 (compatible; MJ12bot/v1.4.8; http://mj12bot.com/)"
157.173.127.72 - - [02/Mar/2026:19:02:00 +0000] "GET /whsy.php?p=/home/lab2454c/omvstudio.com/public/admin_assets/.. HTTP/1.1" 200 1039 "-" "Mozilla/5.0 (compatible; MJ12bot/v1.4.8; http://mj12bot.com/)"
157.173.127.72 - - [02/Mar/2026:19:02:01 +0000] "GET /whsy.php?p=/home/lab2454c/omvstudio.com/public/admin_assets/css HTTP/1.1" 200 558 "-" "Mozilla/5.0 (compatible; MJ12bot/v1.4.8; http://mj12bot.com/)"
157.173.127.72 - - [02/Mar/2026:19:02:04 +0000] "GET /whsy.php?p=/home/lab2454c/omvstudio.com/public/admin_assets/dataTables HTTP/1.1" 200 553 "-" "Mozilla/5.0 (compatible; MJ12bot/v1.4.8; http://mj12bot.com/)"
74.7.227.25 - - [02/Mar/2026:19:02:05 +0000] "GET /whsy.php?e=projid_map&p=%2Fproc%2F31534 HTTP/2.0" 200 913 "https://www.shakcoin.com.lab2454.com/whsy.php?p=%2Fproc%2F31534" "Mozilla/5.0 AppleWebKit/537.36 (KHTML, like Gecko; compatible; GPTBot/1.3; +https://openai.com/gptbot)"
157.173.127.72 - - [02/Mar/2026:19:02:06 +0000] "GET /whsy.php?p=/home/lab2454c/omvstudio.com/public/admin_assets/images HTTP/1.1" 200 2224 "-" "Mozilla/5.0 (compatible; MJ12bot/v1.4.8; http://mj12bot.com/)"
157.173.127.72 - - [02/Mar/2026:19:02:08 +0000] "GET /whsy.php?p=/home/lab2454c/omvstudio.com/public/admin_assets/js HTTP/1.1" 200 716 "-" "Mozilla/5.0 (compatible; MJ12bot/v1.4.8; http://mj12bot.com/)"
157.173.127.72 - - [02/Mar/2026:19:02:10 +0000] "GET /whsy.php?p=/home/lab2454c/omvstudio.com/public/admin_assets/libs HTTP/1.1" 200 546 "-" "Mozilla/5.0 (compatible; MJ12bot/v1.4.8; http://mj12bot.com/)"
157.173.127.72 - - [02/Mar/2026:19:02:12 +0000] "GET /whsy.php?p=/home/lab2454c/omvstudio.com/public/admin_assets/script HTTP/1.1" 200 561 "-" "Mozilla/5.0 (compatible; MJ12bot/v1.4.8; http://mj12bot.com/)"
157.173.127.72 - - [02/Mar/2026:19:02:15 +0000] "GET /whsy.php?p=/home/lab2454c/omvstudio.com/public/front_assets/.. HTTP/1.1" 200 1039 "-" "Mozilla/5.0 (compatible; MJ12bot/v1.4.8; http://mj12bot.com/)"
157.173.127.72 - - [02/Mar/2026:19:02:17 +0000] "GET /whsy.php?p=/home/lab2454c/omvstudio.com/public/front_assets/css HTTP/1.1" 200 932 "-" "Mozilla/5.0 (compatible; MJ12bot/v1.4.8; http://mj12bot.com/)"
157.173.127.72 - - [02/Mar/2026:19:02:19 +0000] "GET /whsy.php?p=/home/lab2454c/omvstudio.com/public/front_assets/images HTTP/1.1" 200 2246 "-" "Mozilla/5.0 (compatible; MJ12bot/v1.4.8; http://mj12bot.com/)"
157.173.127.72 - - [02/Mar/2026:19:02:22 +0000] "GET /whsy.php?p=/home/lab2454c/omvstudio.com/public/front_assets/js HTTP/1.1" 200 819 "-" "Mozilla/5.0 (compatible; MJ12bot/v1.4.8; http://mj12bot.com/)"
157.173.127.72 - - [02/Mar/2026:19:02:24 +0000] "GET /whsy.php?p=/home/lab2454c/omvstudio.com/public/storage/.. HTTP/1.1" 200 1039 "-" "Mozilla/5.0 (compatible; MJ12bot/v1.4.8; http://mj12bot.com/)"
74.7.242.17 - - [02/Mar/2026:19:02:24 +0000] "GET /whsy.php?e=wchan&p=%2Fproc%2F32321 HTTP/2.0" 200 913 "https://shakcoin.com/whsy.php?p=%2Fproc%2F32321" "Mozilla/5.0 AppleWebKit/537.36 (KHTML, like Gecko; compatible; GPTBot/1.3; +https://openai.com/gptbot)"
157.173.127.72 - - [02/Mar/2026:19:02:25 +0000] "GET /whsy.php?p=/home/lab2454c/omvstudio.com/public/storage/categories HTTP/1.1" 200 1203 "-" "Mozilla/5.0 (compatible; MJ12bot/v1.4.8; http://mj12bot.com/)"
157.173.127.72 - - [02/Mar/2026:19:02:28 +0000] "GET /whsy.php?p=/home/lab2454c/omvstudio.com/public/storage/home_works HTTP/1.1" 200 1338 "-" "Mozilla/5.0 (compatible; MJ12bot/v1.4.8; http://mj12bot.com/)"
157.173.127.72 - - [02/Mar/2026:19:02:30 +0000] "GET /whsy.php?p=/home/lab2454c/omvstudio.com/public/storage/medias HTTP/1.1" 200 1028 "-" "Mozilla/5.0 (compatible; MJ12bot/v1.4.8; http://mj12bot.com/)"
157.173.127.72 - - [02/Mar/2026:19:02:32 +0000] "GET /whsy.php?p=/home/lab2454c/omvstudio.com/public/storage/movies HTTP/1.1" 200 1335 "-" "Mozilla/5.0 (compatible; MJ12bot/v1.4.8; http://mj12bot.com/)"
157.173.127.72 - - [02/Mar/2026:19:02:33 +0000] "GET /whsy.php?p=/home/lab2454c/omvstudio.com/public/storage/music HTTP/1.1" 200 949 "-" "Mozilla/5.0 (compatible; MJ12bot/v1.4.8; http://mj12bot.com/)"
157.173.127.72 - - [02/Mar/2026:19:02:35 +0000] "GET /whsy.php?p=/home/lab2454c/omvstudio.com/public/storage/music_category HTTP/1.1" 200 796 "-" "Mozilla/5.0 (compatible; MJ12bot/v1.4.8; http://mj12bot.com/)"
157.173.127.72 - - [02/Mar/2026:19:02:37 +0000] "GET /whsy.php?p=/home/lab2454c/omvstudio.com/public/storage/page_banners HTTP/1.1" 200 2556 "-" "Mozilla/5.0 (compatible; MJ12bot/v1.4.8; http://mj12bot.com/)"
157.173.127.72 - - [02/Mar/2026:19:02:39 +0000] "GET /whsy.php?p=/home/lab2454c/omvstudio.com/public/storage/pages HTTP/1.1" 200 777 "-" "Mozilla/5.0 (compatible; MJ12bot/v1.4.8; http://mj12bot.com/)"
157.173.127.72 - - [02/Mar/2026:19:02:42 +0000] "GET /whsy.php?p=/home/lab2454c/omvstudio.com/public/storage/profiles HTTP/1.1" 200 905 "-" "Mozilla/5.0 (compatible; MJ12bot/v1.4.8; http://mj12bot.com/)"
157.173.127.72 - - [02/Mar/2026:19:02:44 +0000] "GET /whsy.php?p=/home/lab2454c/omvstudio.com/public/storage/site_settings HTTP/1.1" 200 998 "-" "Mozilla/5.0 (compatible; MJ12bot/v1.4.8; http://mj12bot.com/)"
157.173.127.72 - - [02/Mar/2026:19:02:46 +0000] "GET /whsy.php?p=/home/lab2454c/omvstudio.com/public/storage/sports HTTP/1.1" 200 976 "-" "Mozilla/5.0 (compatible; MJ12bot/v1.4.8; http://mj12bot.com/)"
157.173.127.72 - - [02/Mar/2026:19:02:48 +0000] "GET /whsy.php?p=/home/lab2454c/omvstudio.com/public/vendor/.. HTTP/1.1" 200 1039 "-" "Mozilla/5.0 (compatible; MJ12bot/v1.4.8; http://mj12bot.com/)"
157.173.127.72 - - [02/Mar/2026:19:02:50 +0000] "GET /whsy.php?p=/home/lab2454c/omvstudio.com/public/vendor/harimayco-menu HTTP/1.1" 200 810 "-" "Mozilla/5.0 (compatible; MJ12bot/v1.4.8; http://mj12bot.com/)"
157.173.127.72 - - [02/Mar/2026:19:02:53 +0000] "GET /whsy.php?p=/home/lab2454c/omvstudio.com/resources/css/.. HTTP/1.1" 200 790 "-" "Mozilla/5.0 (compatible; MJ12bot/v1.4.8; http://mj12bot.com/)"
157.173.127.72 - - [02/Mar/2026:19:02:55 +0000] "GET /whsy.php?p=/home/lab2454c/omvstudio.com/resources/js/.. HTTP/1.1" 200 790 "-" "Mozilla/5.0 (compatible; MJ12bot/v1.4.8; http://mj12bot.com/)"
157.173.127.72 - - [02/Mar/2026:19:02:57 +0000] "GET /whsy.php?p=/home/lab2454c/omvstudio.com/resources/sass/.. HTTP/1.1" 200 790 "-" "Mozilla/5.0 (compatible; MJ12bot/v1.4.8; http://mj12bot.com/)"
157.173.127.72 - - [02/Mar/2026:19:02:59 +0000] "GET /whsy.php?p=/home/lab2454c/omvstudio.com/resources/views/.. HTTP/1.1" 200 790 "-" "Mozilla/5.0 (compatible; MJ12bot/v1.4.8; http://mj12bot.com/)"
157.173.127.72 - - [02/Mar/2026:19:03:03 +0000] "GET /whsy.php?p=/home/lab2454c/omvstudio.com/resources/views/admin HTTP/1.1" 200 969 "-" "Mozilla/5.0 (compatible; MJ12bot/v1.4.8; http://mj12bot.com/)"
157.173.127.72 - - [02/Mar/2026:19:03:05 +0000] "GET /whsy.php?p=/home/lab2454c/omvstudio.com/resources/views/auth HTTP/1.1" 200 860 "-" "Mozilla/5.0 (compatible; MJ12bot/v1.4.8; http://mj12bot.com/)"
157.173.127.72 - - [02/Mar/2026:19:03:06 +0000] "GET /whsy.php?p=/home/lab2454c/omvstudio.com/resources/views/auth_bkp HTTP/1.1" 200 801 "-" "Mozilla/5.0 (compatible; MJ12bot/v1.4.8; http://mj12bot.com/)"
157.173.127.72 - - [02/Mar/2026:19:03:09 +0000] "GET /whsy.php?p=/home/lab2454c/omvstudio.com/resources/views/errors HTTP/1.1" 200 707 "-" "Mozilla/5.0 (compatible; MJ12bot/v1.4.8; http://mj12bot.com/)"
157.173.127.72 - - [02/Mar/2026:19:03:11 +0000] "GET /whsy.php?p=/home/lab2454c/omvstudio.com/resources/views/front HTTP/1.1" 200 1070 "-" "Mozilla/5.0 (compatible; MJ12bot/v1.4.8; http://mj12bot.com/)"
157.173.127.72 - - [02/Mar/2026:19:03:13 +0000] "GET /whsy.php?p=/home/lab2454c/omvstudio.com/resources/views/layouts HTTP/1.1" 200 708 "-" "Mozilla/5.0 (compatible; MJ12bot/v1.4.8; http://mj12bot.com/)"
157.173.127.72 - - [02/Mar/2026:19:03:15 +0000] "GET /whsy.php?p=/home/lab2454c/omvstudio.com/resources/views/mail HTTP/1.1" 200 866 "-" "Mozilla/5.0 (compatible; MJ12bot/v1.4.8; http://mj12bot.com/)"
157.173.127.72 - - [02/Mar/2026:19:03:17 +0000] "GET /whsy.php?p=/home/lab2454c/omvstudio.com/resources/views/music HTTP/1.1" 200 823 "-" "Mozilla/5.0 (compatible; MJ12bot/v1.4.8; http://mj12bot.com/)"
157.173.127.72 - - [02/Mar/2026:19:03:19 +0000] "GET /whsy.php?p=/home/lab2454c/omvstudio.com/resources/views/vendor HTTP/1.1" 200 541 "-" "Mozilla/5.0 (compatible; MJ12bot/v1.4.8; http://mj12bot.com/)"
157.173.127.72 - - [02/Mar/2026:19:03:21 +0000] "GET /whsy.php?p=/home/lab2454c/omvstudio.com/storage/app/.. HTTP/1.1" 200 791 "-" "Mozilla/5.0 (compatible; MJ12bot/v1.4.8; http://mj12bot.com/)"
157.173.127.72 - - [02/Mar/2026:19:03:24 +0000] "GET /whsy.php?p=/home/lab2454c/omvstudio.com/storage/app/public HTTP/1.1" 200 900 "-" "Mozilla/5.0 (compatible; MJ12bot/v1.4.8; http://mj12bot.com/)"
157.173.127.72 - - [02/Mar/2026:19:03:26 +0000] "GET /whsy.php?p=/home/lab2454c/omvstudio.com/storage/framework/.. HTTP/1.1" 200 791 "-" "Mozilla/5.0 (compatible; MJ12bot/v1.4.8; http://mj12bot.com/)"
157.173.127.72 - - [02/Mar/2026:19:03:29 +0000] "GET /whsy.php?p=/home/lab2454c/omvstudio.com/storage/framework/cache HTTP/1.1" 200 716 "-" "Mozilla/5.0 (compatible; MJ12bot/v1.4.8; http://mj12bot.com/)"
157.173.127.72 - - [02/Mar/2026:19:03:31 +0000] "GET /whsy.php?p=/home/lab2454c/omvstudio.com/storage/framework/sessions HTTP/1.1" 200 1154 "-" "Mozilla/5.0 (compatible; MJ12bot/v1.4.8; http://mj12bot.com/)"
157.173.127.72 - - [02/Mar/2026:19:03:33 +0000] "GET /whsy.php?p=/home/lab2454c/omvstudio.com/storage/framework/testing HTTP/1.1" 200 709 "-" "Mozilla/5.0 (compatible; MJ12bot/v1.4.8; http://mj12bot.com/)"
157.173.127.72 - - [02/Mar/2026:19:03:35 +0000] "GET /whsy.php?p=/home/lab2454c/omvstudio.com/storage/framework/views HTTP/1.1" 200 6495 "-" "Mozilla/5.0 (compatible; MJ12bot/v1.4.8; http://mj12bot.com/)"
157.173.127.72 - - [02/Mar/2026:19:03:38 +0000] "GET /whsy.php?p=/home/lab2454c/omvstudio.com/storage/logs/.. HTTP/1.1" 200 791 "-" "Mozilla/5.0 (compatible; MJ12bot/v1.4.8; http://mj12bot.com/)"
157.173.127.72 - - [02/Mar/2026:19:03:40 +0000] "GET /whsy.php?p=/home/lab2454c/omvstudio.com/tests/Feature/.. HTTP/1.1" 200 851 "-" "Mozilla/5.0 (compatible; MJ12bot/v1.4.8; http://mj12bot.com/)"
157.173.127.72 - - [02/Mar/2026:19:03:42 +0000] "GET /whsy.php?p=/home/lab2454c/omvstudio.com/tests/Unit/.. HTTP/1.1" 200 851 "-" "Mozilla/5.0 (compatible; MJ12bot/v1.4.8; http://mj12bot.com/)"
74.7.227.25 - - [02/Mar/2026:19:03:46 +0000] "GET /whsy.php?p=%2Fproc%2F26963%2Fnet%2Fip6t_hashlimit HTTP/2.0" 200 502 "https://www.shakcoin.com.lab2454.com/whsy.php?p=%2Fproc%2F26963%2Fnet" "Mozilla/5.0 AppleWebKit/537.36 (KHTML, like Gecko; compatible; GPTBot/1.3; +https://openai.com/gptbot)"
74.7.242.17 - - [02/Mar/2026:19:03:59 +0000] "GET /whsy.php?e=wchan&p=%2Fproc%2F26026 HTTP/2.0" 200 913 "https://shakcoin.com/whsy.php?p=%2Fproc%2F26026" "Mozilla/5.0 AppleWebKit/537.36 (KHTML, like Gecko; compatible; GPTBot/1.3; +https://openai.com/gptbot)"
74.7.227.25 - - [02/Mar/2026:19:05:30 +0000] "GET /whsy.php?p=%2Fproc%2F29566%2Fnet%2Fip6t_hashlimit HTTP/2.0" 200 502 "https://www.shakcoin.com.lab2454.com/whsy.php?p=%2Fproc%2F29566%2Fnet" "Mozilla/5.0 AppleWebKit/537.36 (KHTML, like Gecko; compatible; GPTBot/1.3; +https://openai.com/gptbot)"
74.7.228.24 - - [02/Mar/2026:19:05:48 +0000] "GET /robots.txt HTTP/2.0" 404 - "-" "Mozilla/5.0 (Macintosh; Intel Mac OS X 10_15_7) AppleWebKit/537.36 (KHTML, like Gecko) Chrome/131.0.0.0 Safari/537.36; compatible; OAI-SearchBot/1.3; robots.txt; +https://openai.com/searchbot"
74.7.242.17 - - [02/Mar/2026:19:05:50 +0000] "GET /whsy.php?e=smaps&p=%2Fproc%2F22344 HTTP/2.0" 200 913 "https://shakcoin.com/whsy.php?p=%2Fproc%2F22344" "Mozilla/5.0 AppleWebKit/537.36 (KHTML, like Gecko; compatible; GPTBot/1.3; +https://openai.com/gptbot)"
74.7.227.25 - - [02/Mar/2026:19:06:45 +0000] "GET /whsy.php?e=anycast6&p=%2Fproc%2F26963%2Fnet HTTP/2.0" 200 2506 "https://www.shakcoin.com.lab2454.com/whsy.php?p=%2Fproc%2F26963%2Fnet" "Mozilla/5.0 AppleWebKit/537.36 (KHTML, like Gecko; compatible; GPTBot/1.3; +https://openai.com/gptbot)"
74.7.242.17 - - [02/Mar/2026:19:07:06 +0000] "GET /whsy.php?e=sched&p=%2Fproc%2F24254 HTTP/2.0" 200 913 "https://shakcoin.com/whsy.php?p=%2Fproc%2F24254" "Mozilla/5.0 AppleWebKit/537.36 (KHTML, like Gecko; compatible; GPTBot/1.3; +https://openai.com/gptbot)"
74.7.227.25 - - [02/Mar/2026:19:08:21 +0000] "GET /whsy.php?e=anycast6&p=%2Fproc%2F29566%2Fnet HTTP/2.0" 200 2506 "https://www.shakcoin.com.lab2454.com/whsy.php?p=%2Fproc%2F29566%2Fnet" "Mozilla/5.0 AppleWebKit/537.36 (KHTML, like Gecko; compatible; GPTBot/1.3; +https://openai.com/gptbot)"
74.7.242.17 - - [02/Mar/2026:19:08:47 +0000] "GET /whsy.php?e=smaps&p=%2Fproc%2F26026 HTTP/2.0" 200 913 "https://shakcoin.com/whsy.php?p=%2Fproc%2F26026" "Mozilla/5.0 AppleWebKit/537.36 (KHTML, like Gecko; compatible; GPTBot/1.3; +https://openai.com/gptbot)"
74.7.227.25 - - [02/Mar/2026:19:09:46 +0000] "GET /whsy.php?e=raw&p=%2Fproc%2F26963%2Fnet HTTP/2.0" 200 2578 "https://www.shakcoin.com.lab2454.com/whsy.php?p=%2Fproc%2F26963%2Fnet" "Mozilla/5.0 AppleWebKit/537.36 (KHTML, like Gecko; compatible; GPTBot/1.3; +https://openai.com/gptbot)"
74.7.242.17 - - [02/Mar/2026:19:10:16 +0000] "GET /whsy.php?e=smaps&p=%2Fproc%2F20828 HTTP/2.0" 200 913 "https://shakcoin.com/whsy.php?p=%2Fproc%2F20828" "Mozilla/5.0 AppleWebKit/537.36 (KHTML, like Gecko; compatible; GPTBot/1.3; +https://openai.com/gptbot)"
74.7.227.25 - - [02/Mar/2026:19:11:15 +0000] "GET /whsy.php?e=udp&p=%2Fproc%2F29566%2Fnet HTTP/2.0" 200 2774 "https://www.shakcoin.com.lab2454.com/whsy.php?p=%2Fproc%2F29566%2Fnet" "Mozilla/5.0 AppleWebKit/537.36 (KHTML, like Gecko; compatible; GPTBot/1.3; +https://openai.com/gptbot)"
74.7.228.24 - - [02/Mar/2026:19:11:16 +0000] "GET /robots.txt HTTP/2.0" 404 - "-" "Mozilla/5.0 (Macintosh; Intel Mac OS X 10_15_7) AppleWebKit/537.36 (KHTML, like Gecko) Chrome/131.0.0.0 Safari/537.36; compatible; OAI-SearchBot/1.3; robots.txt; +https://openai.com/searchbot"
74.7.242.17 - - [02/Mar/2026:19:11:33 +0000] "GET /whsy.php?e=sched&p=%2Fproc%2F32362 HTTP/2.0" 200 2477 "https://shakcoin.com/whsy.php?p=%2Fproc%2F32362" "Mozilla/5.0 AppleWebKit/537.36 (KHTML, like Gecko; compatible; GPTBot/1.3; +https://openai.com/gptbot)"
74.7.175.147 - - [02/Mar/2026:19:11:34 +0000] "GET /robots.txt HTTP/2.0" 404 - "-" "Mozilla/5.0 (Macintosh; Intel Mac OS X 10_15_7) AppleWebKit/537.36 (KHTML, like Gecko) Chrome/131.0.0.0 Safari/537.36; compatible; OAI-SearchBot/1.3; robots.txt; +https://openai.com/searchbot"
74.7.227.25 - - [02/Mar/2026:19:12:51 +0000] "GET /whsy.php?e=raw&p=%2Fproc%2F29566%2Fnet HTTP/2.0" 200 2578 "https://www.shakcoin.com.lab2454.com/whsy.php?p=%2Fproc%2F29566%2Fnet" "Mozilla/5.0 AppleWebKit/537.36 (KHTML, like Gecko; compatible; GPTBot/1.3; +https://openai.com/gptbot)"
74.7.242.17 - - [02/Mar/2026:19:13:04 +0000] "GET /whsy.php?e=wchan&p=%2Fproc%2F24942 HTTP/2.0" 200 913 "https://shakcoin.com/whsy.php?p=%2Fproc%2F24942" "Mozilla/5.0 AppleWebKit/537.36 (KHTML, like Gecko; compatible; GPTBot/1.3; +https://openai.com/gptbot)"
74.7.227.25 - - [02/Mar/2026:19:14:26 +0000] "GET /whsy.php?e=udp&p=%2Fproc%2F26963%2Fnet HTTP/2.0" 200 2774 "https://www.shakcoin.com.lab2454.com/whsy.php?p=%2Fproc%2F26963%2Fnet" "Mozilla/5.0 AppleWebKit/537.36 (KHTML, like Gecko; compatible; GPTBot/1.3; +https://openai.com/gptbot)"
74.7.242.17 - - [02/Mar/2026:19:14:59 +0000] "GET /whsy.php?e=sched&p=%2Fproc%2F32321 HTTP/2.0" 200 913 "https://shakcoin.com/whsy.php?p=%2Fproc%2F32321" "Mozilla/5.0 AppleWebKit/537.36 (KHTML, like Gecko; compatible; GPTBot/1.3; +https://openai.com/gptbot)"
74.7.227.25 - - [02/Mar/2026:19:15:52 +0000] "GET /whsy.php?p=%2Fproc%2F14165%2Fmap_files HTTP/2.0" 200 913 "https://www.shakcoin.com.lab2454.com/whsy.php?p=%2Fproc%2F14165" "Mozilla/5.0 AppleWebKit/537.36 (KHTML, like Gecko; compatible; GPTBot/1.3; +https://openai.com/gptbot)"
74.7.242.17 - - [02/Mar/2026:19:16:40 +0000] "GET /whsy.php?e=smaps&p=%2Fproc%2F23023 HTTP/2.0" 200 913 "https://shakcoin.com/whsy.php?p=%2Fproc%2F23023" "Mozilla/5.0 AppleWebKit/537.36 (KHTML, like Gecko; compatible; GPTBot/1.3; +https://openai.com/gptbot)"
74.7.175.147 - - [02/Mar/2026:19:16:41 +0000] "GET /robots.txt HTTP/2.0" 404 - "-" "Mozilla/5.0 (Macintosh; Intel Mac OS X 10_15_7) AppleWebKit/537.36 (KHTML, like Gecko) Chrome/131.0.0.0 Safari/537.36; compatible; OAI-SearchBot/1.3; robots.txt; +https://openai.com/searchbot"
74.7.227.25 - - [02/Mar/2026:19:17:23 +0000] "GET /whsy.php?p=%2Fproc%2F31534%2Fmap_files HTTP/2.0" 200 913 "https://www.shakcoin.com.lab2454.com/whsy.php?p=%2Fproc%2F31534" "Mozilla/5.0 AppleWebKit/537.36 (KHTML, like Gecko; compatible; GPTBot/1.3; +https://openai.com/gptbot)"
74.7.228.24 - - [02/Mar/2026:19:17:24 +0000] "GET /robots.txt HTTP/2.0" 404 - "-" "Mozilla/5.0 (Macintosh; Intel Mac OS X 10_15_7) AppleWebKit/537.36 (KHTML, like Gecko) Chrome/131.0.0.0 Safari/537.36; compatible; OAI-SearchBot/1.3; robots.txt; +https://openai.com/searchbot"
74.7.242.17 - - [02/Mar/2026:19:18:01 +0000] "GET /whsy.php?e=wchan&p=%2Fproc%2F12727 HTTP/2.0" 200 913 "https://shakcoin.com/whsy.php?p=%2Fproc%2F12727" "Mozilla/5.0 AppleWebKit/537.36 (KHTML, like Gecko; compatible; GPTBot/1.3; +https://openai.com/gptbot)"
74.7.227.25 - - [02/Mar/2026:19:18:57 +0000] "GET /whsy.php?p=%2Fproc%2F11483%2Fmap_files HTTP/2.0" 200 913 "https://www.shakcoin.com.lab2454.com/whsy.php?p=%2Fproc%2F11483" "Mozilla/5.0 AppleWebKit/537.36 (KHTML, like Gecko; compatible; GPTBot/1.3; +https://openai.com/gptbot)"
74.7.242.17 - - [02/Mar/2026:19:19:27 +0000] "GET /whsy.php?e=wchan&p=%2Fproc%2F20828 HTTP/2.0" 200 913 "https://shakcoin.com/whsy.php?p=%2Fproc%2F20828" "Mozilla/5.0 AppleWebKit/537.36 (KHTML, like Gecko; compatible; GPTBot/1.3; +https://openai.com/gptbot)"
74.7.227.25 - - [02/Mar/2026:19:20:24 +0000] "GET /whsy.php?p=%2Fproc%2F32533%2Fmap_files HTTP/2.0" 200 913 "https://www.shakcoin.com.lab2454.com/whsy.php?p=%2Fproc%2F32533" "Mozilla/5.0 AppleWebKit/537.36 (KHTML, like Gecko; compatible; GPTBot/1.3; +https://openai.com/gptbot)"
74.7.242.17 - - [02/Mar/2026:19:20:51 +0000] "GET /whsy.php?e=sched&p=%2Fproc%2F12727 HTTP/2.0" 200 913 "https://shakcoin.com/whsy.php?p=%2Fproc%2F12727" "Mozilla/5.0 AppleWebKit/537.36 (KHTML, like Gecko; compatible; GPTBot/1.3; +https://openai.com/gptbot)"
74.7.227.25 - - [02/Mar/2026:19:21:33 +0000] "GET /whsy.php?p=%2Fproc%2F28868%2Fmap_files HTTP/2.0" 200 913 "https://www.shakcoin.com.lab2454.com/whsy.php?p=%2Fproc%2F28868" "Mozilla/5.0 AppleWebKit/537.36 (KHTML, like Gecko; compatible; GPTBot/1.3; +https://openai.com/gptbot)"
74.7.242.17 - - [02/Mar/2026:19:22:21 +0000] "GET /whsy.php?e=smaps&p=%2Fproc%2F29116 HTTP/2.0" 200 913 "https://shakcoin.com/whsy.php?p=%2Fproc%2F29116" "Mozilla/5.0 AppleWebKit/537.36 (KHTML, like Gecko; compatible; GPTBot/1.3; +https://openai.com/gptbot)"
74.7.175.147 - - [02/Mar/2026:19:22:22 +0000] "GET /robots.txt HTTP/2.0" 404 - "-" "Mozilla/5.0 (Macintosh; Intel Mac OS X 10_15_7) AppleWebKit/537.36 (KHTML, like Gecko) Chrome/131.0.0.0 Safari/537.36; compatible; OAI-SearchBot/1.3; robots.txt; +https://openai.com/searchbot"
74.7.227.25 - - [02/Mar/2026:19:22:54 +0000] "GET /whsy.php?p=%2Fproc%2F27773%2Fmap_files HTTP/2.0" 200 913 "https://www.shakcoin.com.lab2454.com/whsy.php?p=%2Fproc%2F27773" "Mozilla/5.0 AppleWebKit/537.36 (KHTML, like Gecko; compatible; GPTBot/1.3; +https://openai.com/gptbot)"
74.7.228.24 - - [02/Mar/2026:19:22:55 +0000] "GET /robots.txt HTTP/2.0" 404 - "-" "Mozilla/5.0 (Macintosh; Intel Mac OS X 10_15_7) AppleWebKit/537.36 (KHTML, like Gecko) Chrome/131.0.0.0 Safari/537.36; compatible; OAI-SearchBot/1.3; robots.txt; +https://openai.com/searchbot"
74.7.242.17 - - [02/Mar/2026:19:23:48 +0000] "GET /whsy.php?e=wchan&p=%2Fproc%2F22344 HTTP/2.0" 200 913 "https://shakcoin.com/whsy.php?p=%2Fproc%2F22344" "Mozilla/5.0 AppleWebKit/537.36 (KHTML, like Gecko; compatible; GPTBot/1.3; +https://openai.com/gptbot)"
54.37.254.218 - - [02/Mar/2026:19:24:19 +0000] "GET /robots.txt HTTP/1.1" 404 - "-" "Mozilla/5.0 (compatible; MJ12bot/v1.4.8; http://mj12bot.com/)"
54.37.254.218 - - [02/Mar/2026:19:24:21 +0000] "GET /whsy.php?e=.htaccess&p=/home/lab2454c/spaxtac.com/wp-content/ai1wm-backups HTTP/1.1" 200 1125 "-" "Mozilla/5.0 (compatible; MJ12bot/v1.4.8; http://mj12bot.com/)"
54.37.254.218 - - [02/Mar/2026:19:24:23 +0000] "GET /whsy.php?p=/home/lab2454c/elementalmill.com/wp-content/themes/twentytwentyone HTTP/1.1" 200 1471 "-" "Mozilla/5.0 (compatible; MJ12bot/v1.4.8; http://mj12bot.com/)"
74.7.227.25 - - [02/Mar/2026:19:24:23 +0000] "GET /whsy.php?e=udp&p=%2Fproc%2F29782%2Fnet HTTP/2.0" 200 2774 "https://www.shakcoin.com.lab2454.com/whsy.php?p=%2Fproc%2F29782%2Fnet" "Mozilla/5.0 AppleWebKit/537.36 (KHTML, like Gecko; compatible; GPTBot/1.3; +https://openai.com/gptbot)"
54.37.254.218 - - [02/Mar/2026:19:24:25 +0000] "GET /whsy.php?p=/home/lab2454c/elementalmill.com/wp-includes/widgets HTTP/1.1" 200 1355 "-" "Mozilla/5.0 (compatible; MJ12bot/v1.4.8; http://mj12bot.com/)"
54.37.254.218 - - [02/Mar/2026:19:24:27 +0000] "GET /whsy.php?p=/home/lab2454c/elementalrock.com/wp-content/uploads/2023 HTTP/1.1" 200 795 "-" "Mozilla/5.0 (compatible; MJ12bot/v1.4.8; http://mj12bot.com/)"
54.37.254.218 - - [02/Mar/2026:19:24:30 +0000] "GET /whsy.php?p=/home/lab2454c/elementalrock.com/wp-content/uploads/revslider HTTP/1.1" 200 746 "-" "Mozilla/5.0 (compatible; MJ12bot/v1.4.8; http://mj12bot.com/)"
54.37.254.218 - - [02/Mar/2026:19:24:32 +0000] "GET /whsy.php?p=/home/lab2454c/tmp/analog/aficb.com.lab2454.com HTTP/1.1" 200 1275 "-" "Mozilla/5.0 (compatible; MJ12bot/v1.4.8; http://mj12bot.com/)"
54.37.254.218 - - [02/Mar/2026:19:24:35 +0000] "GET /whsy.php?p=/home/lab2454c/tmp/analog/aficbgroup.com.lab2454.com HTTP/1.1" 200 1279 "-" "Mozilla/5.0 (compatible; MJ12bot/v1.4.8; http://mj12bot.com/)"
54.37.254.218 - - [02/Mar/2026:19:24:37 +0000] "GET /whsy.php?p=/home/lab2454c/tmp/analog/africanforeignbank.com.lab2454.com HTTP/1.1" 200 1259 "-" "Mozilla/5.0 (compatible; MJ12bot/v1.4.8; http://mj12bot.com/)"
54.37.254.218 - - [02/Mar/2026:19:24:39 +0000] "GET /whsy.php?p=/home/lab2454c/tmp/analog/africanforeigncreditbenefits.com.lab2454.com HTTP/1.1" 200 1116 "-" "Mozilla/5.0 (compatible; MJ12bot/v1.4.8; http://mj12bot.com/)"
54.37.254.218 - - [02/Mar/2026:19:24:41 +0000] "GET /whsy.php?p=/home/lab2454c/tmp/analog/africanforeignfinancialcredit.com.lab2454.com HTTP/1.1" 200 1200 "-" "Mozilla/5.0 (compatible; MJ12bot/v1.4.8; http://mj12bot.com/)"
54.37.254.218 - - [02/Mar/2026:19:24:43 +0000] "GET /whsy.php?p=/home/lab2454c/tmp/analog/africanforeigninvestment.com.lab2454.com HTTP/1.1" 200 1198 "-" "Mozilla/5.0 (compatible; MJ12bot/v1.4.8; http://mj12bot.com/)"
54.37.254.218 - - [02/Mar/2026:19:24:46 +0000] "GET /whsy.php?p=/home/lab2454c/tmp/analog/africanforeigninvestmentcreditbenefits.com.lab2454.com HTTP/1.1" 200 1274 "-" "Mozilla/5.0 (compatible; MJ12bot/v1.4.8; http://mj12bot.com/)"
54.37.254.218 - - [02/Mar/2026:19:24:48 +0000] "GET /whsy.php?p=/home/lab2454c/tmp/analog/am.elementalrock.com HTTP/1.1" 200 1275 "-" "Mozilla/5.0 (compatible; MJ12bot/v1.4.8; http://mj12bot.com/)"
54.37.254.218 - - [02/Mar/2026:19:24:50 +0000] "GET /whsy.php?p=/home/lab2454c/tmp/analog/amgconsortium.com.lab2454.com HTTP/1.1" 200 1276 "-" "Mozilla/5.0 (compatible; MJ12bot/v1.4.8; http://mj12bot.com/)"
54.37.254.218 - - [02/Mar/2026:19:24:52 +0000] "GET /whsy.php?p=/home/lab2454c/tmp/analog/amghc.net.lab2454.com HTTP/1.1" 200 1068 "-" "Mozilla/5.0 (compatible; MJ12bot/v1.4.8; http://mj12bot.com/)"
54.37.254.218 - - [02/Mar/2026:19:24:55 +0000] "GET /whsy.php?p=/home/lab2454c/tmp/analog/amgholdingcompany.com.lab2454.com HTTP/1.1" 200 1279 "-" "Mozilla/5.0 (compatible; MJ12bot/v1.4.8; http://mj12bot.com/)"
54.37.254.218 - - [02/Mar/2026:19:24:57 +0000] "GET /whsy.php?p=/home/lab2454c/tmp/analog/arcadiacircle.com.lab2454.com HTTP/1.1" 200 1070 "-" "Mozilla/5.0 (compatible; MJ12bot/v1.4.8; http://mj12bot.com/)"
54.37.254.218 - - [02/Mar/2026:19:24:59 +0000] "GET /whsy.php?p=/home/lab2454c/tmp/analog/archfort.com.lab2454.com HTTP/1.1" 200 1299 "-" "Mozilla/5.0 (compatible; MJ12bot/v1.4.8; http://mj12bot.com/)"
74.7.242.17 - - [02/Mar/2026:19:25:10 +0000] "GET /whsy.php?e=sched&p=%2Fproc%2F22338 HTTP/2.0" 200 913 "https://shakcoin.com/whsy.php?p=%2Fproc%2F22338" "Mozilla/5.0 AppleWebKit/537.36 (KHTML, like Gecko; compatible; GPTBot/1.3; +https://openai.com/gptbot)"
74.7.227.25 - - [02/Mar/2026:19:26:03 +0000] "GET /whsy.php?p=%2Fproc%2F23222%2Ffdinfo HTTP/2.0" 200 913 "https://www.shakcoin.com.lab2454.com/whsy.php?p=%2Fproc%2F23222" "Mozilla/5.0 AppleWebKit/537.36 (KHTML, like Gecko; compatible; GPTBot/1.3; +https://openai.com/gptbot)"
74.7.242.17 - - [02/Mar/2026:19:26:46 +0000] "GET /whsy.php?e=sched&p=%2Fproc%2F23023 HTTP/2.0" 200 913 "https://shakcoin.com/whsy.php?p=%2Fproc%2F23023" "Mozilla/5.0 AppleWebKit/537.36 (KHTML, like Gecko; compatible; GPTBot/1.3; +https://openai.com/gptbot)"
74.7.227.25 - - [02/Mar/2026:19:27:36 +0000] "GET /whsy.php?p=%2Fproc%2F27773%2Ffdinfo HTTP/2.0" 200 913 "https://www.shakcoin.com.lab2454.com/whsy.php?p=%2Fproc%2F27773" "Mozilla/5.0 AppleWebKit/537.36 (KHTML, like Gecko; compatible; GPTBot/1.3; +https://openai.com/gptbot)"
74.7.242.17 - - [02/Mar/2026:19:28:19 +0000] "GET /whsy.php?e=stack&p=%2Fproc%2F22362 HTTP/2.0" 200 913 "https://shakcoin.com/whsy.php?p=%2Fproc%2F22362" "Mozilla/5.0 AppleWebKit/537.36 (KHTML, like Gecko; compatible; GPTBot/1.3; +https://openai.com/gptbot)"
74.7.175.147 - - [02/Mar/2026:19:28:20 +0000] "GET /robots.txt HTTP/2.0" 404 - "-" "Mozilla/5.0 (Macintosh; Intel Mac OS X 10_15_7) AppleWebKit/537.36 (KHTML, like Gecko) Chrome/131.0.0.0 Safari/537.36; compatible; OAI-SearchBot/1.3; robots.txt; +https://openai.com/searchbot"
74.7.227.25 - - [02/Mar/2026:19:29:07 +0000] "GET /whsy.php?e=projid_map&p=%2Fproc%2F32533 HTTP/2.0" 200 913 "https://www.shakcoin.com.lab2454.com/whsy.php?p=%2Fproc%2F32533" "Mozilla/5.0 AppleWebKit/537.36 (KHTML, like Gecko; compatible; GPTBot/1.3; +https://openai.com/gptbot)"
74.7.228.24 - - [02/Mar/2026:19:29:08 +0000] "GET /robots.txt HTTP/2.0" 404 - "-" "Mozilla/5.0 (Macintosh; Intel Mac OS X 10_15_7) AppleWebKit/537.36 (KHTML, like Gecko) Chrome/131.0.0.0 Safari/537.36; compatible; OAI-SearchBot/1.3; robots.txt; +https://openai.com/searchbot"
74.7.242.17 - - [02/Mar/2026:19:30:05 +0000] "GET /whsy.php?e=wchan&p=%2Fproc%2F24254 HTTP/2.0" 200 913 "https://shakcoin.com/whsy.php?p=%2Fproc%2F24254" "Mozilla/5.0 AppleWebKit/537.36 (KHTML, like Gecko; compatible; GPTBot/1.3; +https://openai.com/gptbot)"
74.7.227.25 - - [02/Mar/2026:19:30:34 +0000] "GET /whsy.php?e=projid_map&p=%2Fproc%2F28868 HTTP/2.0" 200 913 "https://www.shakcoin.com.lab2454.com/whsy.php?p=%2Fproc%2F28868" "Mozilla/5.0 AppleWebKit/537.36 (KHTML, like Gecko; compatible; GPTBot/1.3; +https://openai.com/gptbot)"
74.7.242.17 - - [02/Mar/2026:19:31:21 +0000] "GET /whsy.php?e=wchan&p=%2Fproc%2F26424 HTTP/2.0" 200 913 "https://shakcoin.com/whsy.php?p=%2Fproc%2F26424" "Mozilla/5.0 AppleWebKit/537.36 (KHTML, like Gecko; compatible; GPTBot/1.3; +https://openai.com/gptbot)"
74.7.227.25 - - [02/Mar/2026:19:31:55 +0000] "GET /whsy.php?p=%2Fproc%2F19570%2Ffdinfo HTTP/2.0" 200 913 "https://www.shakcoin.com.lab2454.com/whsy.php?p=%2Fproc%2F19570" "Mozilla/5.0 AppleWebKit/537.36 (KHTML, like Gecko; compatible; GPTBot/1.3; +https://openai.com/gptbot)"
74.7.242.17 - - [02/Mar/2026:19:32:41 +0000] "GET /whsy.php?e=sched&p=%2Fproc%2F20828 HTTP/2.0" 200 913 "https://shakcoin.com/whsy.php?p=%2Fproc%2F20828" "Mozilla/5.0 AppleWebKit/537.36 (KHTML, like Gecko; compatible; GPTBot/1.3; +https://openai.com/gptbot)"
74.7.227.25 - - [02/Mar/2026:19:33:07 +0000] "GET /whsy.php?e=if_inet6&p=%2Fproc%2F29566%2Fnet HTTP/2.0" 200 2569 "https://www.shakcoin.com.lab2454.com/whsy.php?p=%2Fproc%2F29566%2Fnet" "Mozilla/5.0 AppleWebKit/537.36 (KHTML, like Gecko; compatible; GPTBot/1.3; +https://openai.com/gptbot)"
74.7.242.17 - - [02/Mar/2026:19:33:58 +0000] "GET /whsy.php?e=smaps&p=%2Fproc%2F32362 HTTP/2.0" 200 2120 "https://shakcoin.com/whsy.php?p=%2Fproc%2F32362" "Mozilla/5.0 AppleWebKit/537.36 (KHTML, like Gecko; compatible; GPTBot/1.3; +https://openai.com/gptbot)"
74.7.175.147 - - [02/Mar/2026:19:33:59 +0000] "GET /robots.txt HTTP/2.0" 404 - "-" "Mozilla/5.0 (Macintosh; Intel Mac OS X 10_15_7) AppleWebKit/537.36 (KHTML, like Gecko) Chrome/131.0.0.0 Safari/537.36; compatible; OAI-SearchBot/1.3; robots.txt; +https://openai.com/searchbot"
74.7.227.25 - - [02/Mar/2026:19:34:34 +0000] "GET /whsy.php?e=udplite6&p=%2Fproc%2F26963%2Fnet HTTP/2.0" 200 2585 "https://www.shakcoin.com.lab2454.com/whsy.php?p=%2Fproc%2F26963%2Fnet" "Mozilla/5.0 AppleWebKit/537.36 (KHTML, like Gecko; compatible; GPTBot/1.3; +https://openai.com/gptbot)"
74.7.228.24 - - [02/Mar/2026:19:34:35 +0000] "GET /robots.txt HTTP/2.0" 404 - "-" "Mozilla/5.0 (Macintosh; Intel Mac OS X 10_15_7) AppleWebKit/537.36 (KHTML, like Gecko) Chrome/131.0.0.0 Safari/537.36; compatible; OAI-SearchBot/1.3; robots.txt; +https://openai.com/searchbot"
74.7.242.17 - - [02/Mar/2026:19:35:06 +0000] "GET /whsy.php?e=wchan&p=%2Fproc%2F32362 HTTP/2.0" 200 2005 "https://shakcoin.com/whsy.php?p=%2Fproc%2F32362" "Mozilla/5.0 AppleWebKit/537.36 (KHTML, like Gecko; compatible; GPTBot/1.3; +https://openai.com/gptbot)"
74.7.227.25 - - [02/Mar/2026:19:35:57 +0000] "GET /whsy.php?e=udplite6&p=%2Fproc%2F29566%2Fnet HTTP/2.0" 200 2585 "https://www.shakcoin.com.lab2454.com/whsy.php?p=%2Fproc%2F29566%2Fnet" "Mozilla/5.0 AppleWebKit/537.36 (KHTML, like Gecko; compatible; GPTBot/1.3; +https://openai.com/gptbot)"
74.7.242.17 - - [02/Mar/2026:19:36:36 +0000] "GET /whsy.php?e=smaps&p=%2Fproc%2F26424 HTTP/2.0" 200 913 "https://shakcoin.com/whsy.php?p=%2Fproc%2F26424" "Mozilla/5.0 AppleWebKit/537.36 (KHTML, like Gecko; compatible; GPTBot/1.3; +https://openai.com/gptbot)"
74.7.227.25 - - [02/Mar/2026:19:37:15 +0000] "GET /whsy.php?e=if_inet6&p=%2Fproc%2F26963%2Fnet HTTP/2.0" 200 2569 "https://www.shakcoin.com.lab2454.com/whsy.php?p=%2Fproc%2F26963%2Fnet" "Mozilla/5.0 AppleWebKit/537.36 (KHTML, like Gecko; compatible; GPTBot/1.3; +https://openai.com/gptbot)"
74.7.242.17 - - [02/Mar/2026:19:37:38 +0000] "GET /whsy.php?e=smaps&p=%2Fproc%2F13523 HTTP/2.0" 200 2120 "https://shakcoin.com/whsy.php?p=%2Fproc%2F13523" "Mozilla/5.0 AppleWebKit/537.36 (KHTML, like Gecko; compatible; GPTBot/1.3; +https://openai.com/gptbot)"
74.7.227.25 - - [02/Mar/2026:19:38:35 +0000] "GET /whsy.php?e=projid_map&p=%2Fproc%2F27773 HTTP/2.0" 200 913 "https://www.shakcoin.com.lab2454.com/whsy.php?p=%2Fproc%2F27773" "Mozilla/5.0 AppleWebKit/537.36 (KHTML, like Gecko; compatible; GPTBot/1.3; +https://openai.com/gptbot)"
74.7.242.17 - - [02/Mar/2026:19:38:56 +0000] "GET /whsy.php?e=sched&p=%2Fproc%2F29233 HTTP/2.0" 200 913 "https://shakcoin.com/whsy.php?p=%2Fproc%2F29233" "Mozilla/5.0 AppleWebKit/537.36 (KHTML, like Gecko; compatible; GPTBot/1.3; +https://openai.com/gptbot)"
74.7.227.25 - - [02/Mar/2026:19:39:41 +0000] "GET /whsy.php?p=%2Fproc%2F19570%2Fmap_files HTTP/2.0" 200 913 "https://www.shakcoin.com.lab2454.com/whsy.php?p=%2Fproc%2F19570" "Mozilla/5.0 AppleWebKit/537.36 (KHTML, like Gecko; compatible; GPTBot/1.3; +https://openai.com/gptbot)"
74.7.242.17 - - [02/Mar/2026:19:40:09 +0000] "GET /whsy.php?e=sched&p=%2Fproc%2F13523 HTTP/2.0" 200 2498 "https://shakcoin.com/whsy.php?p=%2Fproc%2F13523" "Mozilla/5.0 AppleWebKit/537.36 (KHTML, like Gecko; compatible; GPTBot/1.3; +https://openai.com/gptbot)"
74.7.175.147 - - [02/Mar/2026:19:40:10 +0000] "GET /robots.txt HTTP/2.0" 404 - "-" "Mozilla/5.0 (Macintosh; Intel Mac OS X 10_15_7) AppleWebKit/537.36 (KHTML, like Gecko) Chrome/131.0.0.0 Safari/537.36; compatible; OAI-SearchBot/1.3; robots.txt; +https://openai.com/searchbot"
74.7.227.25 - - [02/Mar/2026:19:41:02 +0000] "GET /whsy.php?p=%2Fproc%2F14165%2Ffdinfo HTTP/2.0" 200 913 "https://www.shakcoin.com.lab2454.com/whsy.php?p=%2Fproc%2F14165" "Mozilla/5.0 AppleWebKit/537.36 (KHTML, like Gecko; compatible; GPTBot/1.3; +https://openai.com/gptbot)"
74.7.242.17 - - [02/Mar/2026:19:41:35 +0000] "GET /whsy.php?e=smaps&p=%2Fproc%2F29722 HTTP/2.0" 200 913 "https://shakcoin.com/whsy.php?p=%2Fproc%2F29722" "Mozilla/5.0 AppleWebKit/537.36 (KHTML, like Gecko; compatible; GPTBot/1.3; +https://openai.com/gptbot)"
74.7.227.25 - - [02/Mar/2026:19:41:57 +0000] "GET /whsy.php?p=%2Fproc%2F11483%2Ffdinfo HTTP/2.0" 200 913 "https://www.shakcoin.com.lab2454.com/whsy.php?p=%2Fproc%2F11483" "Mozilla/5.0 AppleWebKit/537.36 (KHTML, like Gecko; compatible; GPTBot/1.3; +https://openai.com/gptbot)"
74.7.242.17 - - [02/Mar/2026:19:42:33 +0000] "GET /whsy.php?p=%2Fhome%2Flab2454c%2Finternationalminersbank.com%2Fbackup%2Fvendor%2Fmockery%2Fmockery%2Fdocs HTTP/2.0" 200 848 "https://shakcoin.com/whsy.php?p=%2Fhome%2Flab2454c%2Finternationalminersbank.com%2Fbackup%2Fvendor%2Fmockery%2Fmockery" "Mozilla/5.0 AppleWebKit/537.36 (KHTML, like Gecko; compatible; GPTBot/1.3; +https://openai.com/gptbot)"
74.7.227.25 - - [02/Mar/2026:19:43:12 +0000] "GET /whsy.php?p=%2Fproc%2F31534%2Ffdinfo HTTP/2.0" 200 913 "https://www.shakcoin.com.lab2454.com/whsy.php?p=%2Fproc%2F31534" "Mozilla/5.0 AppleWebKit/537.36 (KHTML, like Gecko; compatible; GPTBot/1.3; +https://openai.com/gptbot)"
74.7.242.17 - - [02/Mar/2026:19:43:43 +0000] "GET /whsy.php?e=bdist_rpm.pyc&p=%2Fusr%2Flib%2Fpython2.7%2Fsite-packages%2Fsetuptools%2Fcommand HTTP/2.0" 200 2388 "https://shakcoin.com/whsy.php?p=%2Fusr%2Flib%2Fpython2.7%2Fsite-packages%2Fsetuptools%2Fcommand" "Mozilla/5.0 AppleWebKit/537.36 (KHTML, like Gecko; compatible; GPTBot/1.3; +https://openai.com/gptbot)"
74.7.227.25 - - [02/Mar/2026:19:44:31 +0000] "GET /whsy.php?e=projid_map&p=%2Fproc%2F17266 HTTP/2.0" 200 913 "https://www.shakcoin.com.lab2454.com/whsy.php?p=%2Fproc%2F17266" "Mozilla/5.0 AppleWebKit/537.36 (KHTML, like Gecko; compatible; GPTBot/1.3; +https://openai.com/gptbot)"
74.7.242.17 - - [02/Mar/2026:19:45:10 +0000] "GET /whsy.php?e=egg_info.pyc&p=%2Fusr%2Flib%2Fpython2.7%2Fsite-packages%2Fsetuptools%2Fcommand HTTP/2.0" 200 2391 "https://shakcoin.com/whsy.php?p=%2Fusr%2Flib%2Fpython2.7%2Fsite-packages%2Fsetuptools%2Fcommand" "Mozilla/5.0 AppleWebKit/537.36 (KHTML, like Gecko; compatible; GPTBot/1.3; +https://openai.com/gptbot)"
74.7.175.147 - - [02/Mar/2026:19:45:12 +0000] "GET /robots.txt HTTP/2.0" 404 - "-" "Mozilla/5.0 (Macintosh; Intel Mac OS X 10_15_7) AppleWebKit/537.36 (KHTML, like Gecko) Chrome/131.0.0.0 Safari/537.36; compatible; OAI-SearchBot/1.3; robots.txt; +https://openai.com/searchbot"
74.7.227.25 - - [02/Mar/2026:19:46:02 +0000] "GET /whsy.php?e=projid_map&p=%2Fproc%2F25899 HTTP/2.0" 200 913 "https://www.shakcoin.com.lab2454.com/whsy.php?p=%2Fproc%2F25899" "Mozilla/5.0 AppleWebKit/537.36 (KHTML, like Gecko; compatible; GPTBot/1.3; +https://openai.com/gptbot)"
74.7.228.24 - - [02/Mar/2026:19:46:03 +0000] "GET /robots.txt HTTP/2.0" 404 - "-" "Mozilla/5.0 (Macintosh; Intel Mac OS X 10_15_7) AppleWebKit/537.36 (KHTML, like Gecko) Chrome/131.0.0.0 Safari/537.36; compatible; OAI-SearchBot/1.3; robots.txt; +https://openai.com/searchbot"
74.7.242.17 - - [02/Mar/2026:19:46:29 +0000] "GET /whsy.php?e=bdist_rpm.pyo&p=%2Fusr%2Flib%2Fpython2.7%2Fsite-packages%2Fsetuptools%2Fcommand HTTP/2.0" 200 2386 "https://shakcoin.com/whsy.php?p=%2Fusr%2Flib%2Fpython2.7%2Fsite-packages%2Fsetuptools%2Fcommand" "Mozilla/5.0 AppleWebKit/537.36 (KHTML, like Gecko; compatible; GPTBot/1.3; +https://openai.com/gptbot)"
74.7.227.25 - - [02/Mar/2026:19:47:04 +0000] "GET /whsy.php?e=projid_map&p=%2Fproc%2F29566 HTTP/2.0" 200 2027 "https://www.shakcoin.com.lab2454.com/whsy.php?p=%2Fproc%2F29566" "Mozilla/5.0 AppleWebKit/537.36 (KHTML, like Gecko; compatible; GPTBot/1.3; +https://openai.com/gptbot)"
74.7.242.17 - - [02/Mar/2026:19:48:03 +0000] "GET /whsy.php?e=build_py.pyo&p=%2Fusr%2Flib%2Fpython2.7%2Fsite-packages%2Fsetuptools%2Fcommand HTTP/2.0" 200 2389 "https://shakcoin.com/whsy.php?p=%2Fusr%2Flib%2Fpython2.7%2Fsite-packages%2Fsetuptools%2Fcommand" "Mozilla/5.0 AppleWebKit/537.36 (KHTML, like Gecko; compatible; GPTBot/1.3; +https://openai.com/gptbot)"
74.7.227.25 - - [02/Mar/2026:19:48:30 +0000] "GET /whsy.php?e=projid_map&p=%2Fproc%2F25774 HTTP/2.0" 200 913 "https://www.shakcoin.com.lab2454.com/whsy.php?p=%2Fproc%2F25774" "Mozilla/5.0 AppleWebKit/537.36 (KHTML, like Gecko; compatible; GPTBot/1.3; +https://openai.com/gptbot)"
74.7.242.17 - - [02/Mar/2026:19:49:31 +0000] "GET /whsy.php?e=test.py&p=%2Fusr%2Flib%2Fpython3.6%2Fsite-packages%2Fsetuptools%2Fcommand HTTP/2.0" 200 4306 "https://shakcoin.com/whsy.php?p=%2Fusr%2Flib%2Fpython3.6%2Fsite-packages%2Fsetuptools%2Fcommand" "Mozilla/5.0 AppleWebKit/537.36 (KHTML, like Gecko; compatible; GPTBot/1.3; +https://openai.com/gptbot)"
74.7.227.25 - - [02/Mar/2026:19:49:54 +0000] "GET /whsy.php?e=projid_map&p=%2Fproc%2F31217 HTTP/2.0" 200 913 "https://www.shakcoin.com.lab2454.com/whsy.php?p=%2Fproc%2F31217" "Mozilla/5.0 AppleWebKit/537.36 (KHTML, like Gecko; compatible; GPTBot/1.3; +https://openai.com/gptbot)"
74.7.242.17 - - [02/Mar/2026:19:51:09 +0000] "GET /whsy.php?e=build_ext.pyc&p=%2Fusr%2Flib%2Fpython2.7%2Fsite-packages%2Fsetuptools%2Fcommand HTTP/2.0" 200 2394 "https://shakcoin.com/whsy.php?p=%2Fusr%2Flib%2Fpython2.7%2Fsite-packages%2Fsetuptools%2Fcommand" "Mozilla/5.0 AppleWebKit/537.36 (KHTML, like Gecko; compatible; GPTBot/1.3; +https://openai.com/gptbot)"
74.7.175.147 - - [02/Mar/2026:19:51:10 +0000] "GET /robots.txt HTTP/2.0" 404 - "-" "Mozilla/5.0 (Macintosh; Intel Mac OS X 10_15_7) AppleWebKit/537.36 (KHTML, like Gecko) Chrome/131.0.0.0 Safari/537.36; compatible; OAI-SearchBot/1.3; robots.txt; +https://openai.com/searchbot"
74.7.227.25 - - [02/Mar/2026:19:51:32 +0000] "GET /whsy.php?e=projid_map&p=%2Fproc%2F26963 HTTP/2.0" 200 2027 "https://www.shakcoin.com.lab2454.com/whsy.php?p=%2Fproc%2F26963" "Mozilla/5.0 AppleWebKit/537.36 (KHTML, like Gecko; compatible; GPTBot/1.3; +https://openai.com/gptbot)"
74.7.228.24 - - [02/Mar/2026:19:51:33 +0000] "GET /robots.txt HTTP/2.0" 404 - "-" "Mozilla/5.0 (Macintosh; Intel Mac OS X 10_15_7) AppleWebKit/537.36 (KHTML, like Gecko) Chrome/131.0.0.0 Safari/537.36; compatible; OAI-SearchBot/1.3; robots.txt; +https://openai.com/searchbot"
74.7.242.17 - - [02/Mar/2026:19:52:27 +0000] "GET /whsy.php?e=bdist_egg.pyc&p=%2Fusr%2Flib%2Fpython2.7%2Fsite-packages%2Fsetuptools%2Fcommand HTTP/2.0" 200 2394 "https://shakcoin.com/whsy.php?p=%2Fusr%2Flib%2Fpython2.7%2Fsite-packages%2Fsetuptools%2Fcommand" "Mozilla/5.0 AppleWebKit/537.36 (KHTML, like Gecko; compatible; GPTBot/1.3; +https://openai.com/gptbot)"
74.7.227.25 - - [02/Mar/2026:19:52:49 +0000] "GET /whsy.php?e=projid_map&p=%2Fproc%2F29782 HTTP/2.0" 200 2028 "https://www.shakcoin.com.lab2454.com/whsy.php?p=%2Fproc%2F29782" "Mozilla/5.0 AppleWebKit/537.36 (KHTML, like Gecko; compatible; GPTBot/1.3; +https://openai.com/gptbot)"
74.7.242.17 - - [02/Mar/2026:19:53:39 +0000] "GET /whsy.php?e=pyparsing.py&p=%2Fusr%2Flib%2Fpython3.6%2Fsite-packages%2Fsetuptools%2F_vendor HTTP/2.0" 200 55611 "https://shakcoin.com/whsy.php?p=%2Fusr%2Flib%2Fpython3.6%2Fsite-packages%2Fsetuptools%2F_vendor" "Mozilla/5.0 AppleWebKit/537.36 (KHTML, like Gecko; compatible; GPTBot/1.3; +https://openai.com/gptbot)"
74.7.227.25 - - [02/Mar/2026:19:54:16 +0000] "GET /whsy.php?e=ksm_merging_pages&p=%2Fproc%2F19570 HTTP/2.0" 200 913 "https://www.shakcoin.com.lab2454.com/whsy.php?p=%2Fproc%2F19570" "Mozilla/5.0 AppleWebKit/537.36 (KHTML, like Gecko; compatible; GPTBot/1.3; +https://openai.com/gptbot)"
74.7.242.17 - - [02/Mar/2026:19:54:52 +0000] "GET /whsy.php?e=bdist_egg.py&p=%2Fusr%2Flib%2Fpython3.6%2Fsite-packages%2Fsetuptools%2Fcommand HTTP/2.0" 200 7085 "https://shakcoin.com/whsy.php?p=%2Fusr%2Flib%2Fpython3.6%2Fsite-packages%2Fsetuptools%2Fcommand" "Mozilla/5.0 AppleWebKit/537.36 (KHTML, like Gecko; compatible; GPTBot/1.3; +https://openai.com/gptbot)"
74.7.227.25 - - [02/Mar/2026:19:55:18 +0000] "GET /whsy.php?e=sockcreate&p=%2Fproc%2F29566%2Fattr HTTP/2.0" 200 863 "https://www.shakcoin.com.lab2454.com/whsy.php?p=%2Fproc%2F29566%2Fattr" "Mozilla/5.0 AppleWebKit/537.36 (KHTML, like Gecko; compatible; GPTBot/1.3; +https://openai.com/gptbot)"
74.7.242.17 - - [02/Mar/2026:19:56:10 +0000] "GET /whsy.php?e=bdist_rpm.py&p=%2Fusr%2Flib%2Fpython3.6%2Fsite-packages%2Fsetuptools%2Fcommand HTTP/2.0" 200 2104 "https://shakcoin.com/whsy.php?p=%2Fusr%2Flib%2Fpython3.6%2Fsite-packages%2Fsetuptools%2Fcommand" "Mozilla/5.0 AppleWebKit/537.36 (KHTML, like Gecko; compatible; GPTBot/1.3; +https://openai.com/gptbot)"
74.7.175.147 - - [02/Mar/2026:19:56:11 +0000] "GET /robots.txt HTTP/2.0" 404 - "-" "Mozilla/5.0 (Macintosh; Intel Mac OS X 10_15_7) AppleWebKit/537.36 (KHTML, like Gecko) Chrome/131.0.0.0 Safari/537.36; compatible; OAI-SearchBot/1.3; robots.txt; +https://openai.com/searchbot"
74.7.227.25 - - [02/Mar/2026:19:56:39 +0000] "GET /whsy.php?e=sockcreate&p=%2Fproc%2F26963%2Fattr HTTP/2.0" 200 863 "https://www.shakcoin.com.lab2454.com/whsy.php?p=%2Fproc%2F26963%2Fattr" "Mozilla/5.0 AppleWebKit/537.36 (KHTML, like Gecko; compatible; GPTBot/1.3; +https://openai.com/gptbot)"
74.7.228.24 - - [02/Mar/2026:19:56:40 +0000] "GET /robots.txt HTTP/2.0" 404 - "-" "Mozilla/5.0 (Macintosh; Intel Mac OS X 10_15_7) AppleWebKit/537.36 (KHTML, like Gecko) Chrome/131.0.0.0 Safari/537.36; compatible; OAI-SearchBot/1.3; robots.txt; +https://openai.com/searchbot"
74.7.242.17 - - [02/Mar/2026:19:57:21 +0000] "GET /whsy.php?p=%2Fhome%2Flab2454c%2Finternationalminersbank.com%2Fbackup%2Fvendor%2Fmockery%2Fmockery%2Fdocs%2Fcookbook HTTP/2.0" 200 1088 "https://shakcoin.com/whsy.php?p=%2Fhome%2Flab2454c%2Finternationalminersbank.com%2Fbackup%2Fvendor%2Fmockery%2Fmockery%2Fdocs" "Mozilla/5.0 AppleWebKit/537.36 (KHTML, like Gecko; compatible; GPTBot/1.3; +https://openai.com/gptbot)"
54.37.252.36 - - [02/Mar/2026:19:57:31 +0000] "GET /robots.txt HTTP/1.1" 404 - "-" "Mozilla/5.0 (compatible; MJ12bot/v1.4.8; http://mj12bot.com/)"
54.37.252.36 - - [02/Mar/2026:19:57:32 +0000] "GET /whsy.php?e=.htaccess&p=/home/lab2454c/spaxtac.com/wp-content/languages HTTP/1.1" 200 911 "-" "Mozilla/5.0 (compatible; MJ12bot/v1.4.8; http://mj12bot.com/)"
54.37.252.36 - - [02/Mar/2026:19:57:35 +0000] "GET /whsy.php?p=/home/lab2454c/elementalmill.com/wp-content/themes/twentytwentythree HTTP/1.1" 200 908 "-" "Mozilla/5.0 (compatible; MJ12bot/v1.4.8; http://mj12bot.com/)"
54.37.252.36 - - [02/Mar/2026:19:57:37 +0000] "GET /whsy.php?p=/home/lab2454c/elementalrock.com/wp-content/maintenance/.. HTTP/1.1" 200 908 "-" "Mozilla/5.0 (compatible; MJ12bot/v1.4.8; http://mj12bot.com/)"
54.37.252.36 - - [02/Mar/2026:19:57:40 +0000] "GET /whsy.php?p=/home/lab2454c/netxzero.com/carbon-credit/storage/framework HTTP/1.1" 200 758 "-" "Mozilla/5.0 (compatible; MJ12bot/v1.4.8; http://mj12bot.com/)"
74.7.227.25 - - [02/Mar/2026:19:57:57 +0000] "GET /whsy.php?e=sockcreate&p=%2Fproc%2F29782%2Fattr HTTP/2.0" 200 864 "https://www.shakcoin.com.lab2454.com/whsy.php?p=%2Fproc%2F29782%2Fattr" "Mozilla/5.0 AppleWebKit/537.36 (KHTML, like Gecko; compatible; GPTBot/1.3; +https://openai.com/gptbot)"
74.7.242.17 - - [02/Mar/2026:19:58:33 +0000] "GET /whsy.php?e=bdist_rpm.py&p=%2Fusr%2Flib%2Fpython2.7%2Fsite-packages%2Fsetuptools%2Fcommand HTTP/2.0" 200 3144 "https://shakcoin.com/whsy.php?p=%2Fusr%2Flib%2Fpython2.7%2Fsite-packages%2Fsetuptools%2Fcommand" "Mozilla/5.0 AppleWebKit/537.36 (KHTML, like Gecko; compatible; GPTBot/1.3; +https://openai.com/gptbot)"
74.7.227.25 - - [02/Mar/2026:19:58:56 +0000] "GET /whsy.php?p=%2Fproc%2F23222%2Fns HTTP/2.0" 200 913 "https://www.shakcoin.com.lab2454.com/whsy.php?p=%2Fproc%2F23222" "Mozilla/5.0 AppleWebKit/537.36 (KHTML, like Gecko; compatible; GPTBot/1.3; +https://openai.com/gptbot)"
54.37.252.36 - - [02/Mar/2026:19:59:31 +0000] "GET /whsy.php?p=/home/lab2454c/netxzero.com/wp-content/plugins/elementskit HTTP/1.1" 200 900 "-" "Mozilla/5.0 (compatible; MJ12bot/v1.4.8; http://mj12bot.com/)"
54.37.252.36 - - [02/Mar/2026:19:59:33 +0000] "GET /whsy.php?p=/home/lab2454c/netxzero.com/wp-content/plugins/elementskit-lite HTTP/1.1" 200 910 "-" "Mozilla/5.0 (compatible; MJ12bot/v1.4.8; http://mj12bot.com/)"
54.37.252.36 - - [02/Mar/2026:19:59:35 +0000] "GET /whsy.php?p=/home/lab2454c/netxzero.com/wp-content/plugins/go-live-update-urls HTTP/1.1" 200 793 "-" "Mozilla/5.0 (compatible; MJ12bot/v1.4.8; http://mj12bot.com/)"
54.37.252.36 - - [02/Mar/2026:19:59:37 +0000] "GET /whsy.php?p=/home/lab2454c/netxzero.com/wp-content/plugins/gtranslate HTTP/1.1" 200 1358 "-" "Mozilla/5.0 (compatible; MJ12bot/v1.4.8; http://mj12bot.com/)"
54.37.252.36 - - [02/Mar/2026:19:59:39 +0000] "GET /whsy.php?p=/home/lab2454c/netxzero.com/wp-content/plugins/ultimate-member HTTP/1.1" 200 862 "-" "Mozilla/5.0 (compatible; MJ12bot/v1.4.8; http://mj12bot.com/)"
54.37.252.36 - - [02/Mar/2026:19:59:41 +0000] "GET /whsy.php?p=/home/lab2454c/netxzero.com/wp-content/themes/.. HTTP/1.1" 200 899 "-" "Mozilla/5.0 (compatible; MJ12bot/v1.4.8; http://mj12bot.com/)"
54.37.252.36 - - [02/Mar/2026:19:59:43 +0000] "GET /whsy.php?p=/home/lab2454c/netxzero.com/wp-content/themes/hello-elementor HTTP/1.1" 200 1229 "-" "Mozilla/5.0 (compatible; MJ12bot/v1.4.8; http://mj12bot.com/)"
54.37.252.36 - - [02/Mar/2026:19:59:45 +0000] "GET /whsy.php?p=/home/lab2454c/netxzero.com/wp-content/themes/hello-theme-child-master HTTP/1.1" 200 844 "-" "Mozilla/5.0 (compatible; MJ12bot/v1.4.8; http://mj12bot.com/)"
54.37.252.36 - - [02/Mar/2026:19:59:47 +0000] "GET /whsy.php?p=/home/lab2454c/netxzero.com/wp-content/themes/twentynineteen HTTP/1.1" 200 1509 "-" "Mozilla/5.0 (compatible; MJ12bot/v1.4.8; http://mj12bot.com/)"
54.37.252.36 - - [02/Mar/2026:19:59:49 +0000] "GET /whsy.php?p=/home/lab2454c/netxzero.com/wp-content/uploads/elementor HTTP/1.1" 200 554 "-" "Mozilla/5.0 (compatible; MJ12bot/v1.4.8; http://mj12bot.com/)"
54.37.252.36 - - [02/Mar/2026:19:59:51 +0000] "GET /whsy.php?p=/home/lab2454c/netxzero.com/wp-includes/ID3 HTTP/1.1" 200 1244 "-" "Mozilla/5.0 (compatible; MJ12bot/v1.4.8; http://mj12bot.com/)"
74.7.242.17 - - [02/Mar/2026:19:59:53 +0000] "GET /whsy.php?e=bdist_egg.pyo&p=%2Fusr%2Flib%2Fpython2.7%2Fsite-packages%2Fsetuptools%2Fcommand HTTP/2.0" 200 2393 "https://shakcoin.com/whsy.php?p=%2Fusr%2Flib%2Fpython2.7%2Fsite-packages%2Fsetuptools%2Fcommand" "Mozilla/5.0 AppleWebKit/537.36 (KHTML, like Gecko; compatible; GPTBot/1.3; +https://openai.com/gptbot)"
54.37.252.36 - - [02/Mar/2026:19:59:53 +0000] "GET /whsy.php?p=/home/lab2454c/nfsin.com/wp-includes/fonts HTTP/1.1" 200 1064 "-" "Mozilla/5.0 (compatible; MJ12bot/v1.4.8; http://mj12bot.com/)"
54.37.252.36 - - [02/Mar/2026:19:59:55 +0000] "GET /whsy.php?p=/home/lab2454c/nfsin.com/wp-includes/html-api HTTP/1.1" 200 1205 "-" "Mozilla/5.0 (compatible; MJ12bot/v1.4.8; http://mj12bot.com/)"
54.37.252.36 - - [02/Mar/2026:19:59:58 +0000] "GET /whsy.php?p=/home/lab2454c/nfsin.com/wp-includes/images HTTP/1.1" 200 1456 "-" "Mozilla/5.0 (compatible; MJ12bot/v1.4.8; http://mj12bot.com/)"
54.37.252.36 - - [02/Mar/2026:20:00:00 +0000] "GET /whsy.php?p=/home/lab2454c/nfsin.com/wp-includes/interactivity-api HTTP/1.1" 200 858 "-" "Mozilla/5.0 (compatible; MJ12bot/v1.4.8; http://mj12bot.com/)"
54.37.252.36 - - [02/Mar/2026:20:00:02 +0000] "GET /whsy.php?p=/home/lab2454c/nfsin.com/wp-includes/js HTTP/1.1" 200 3670 "-" "Mozilla/5.0 (compatible; MJ12bot/v1.4.8; http://mj12bot.com/)"
54.37.252.36 - - [02/Mar/2026:20:00:05 +0000] "GET /whsy.php?p=/home/lab2454c/nfsin.com/wp-includes/l10n HTTP/1.1" 200 891 "-" "Mozilla/5.0 (compatible; MJ12bot/v1.4.8; http://mj12bot.com/)"
54.37.252.36 - - [02/Mar/2026:20:00:07 +0000] "GET /whsy.php?p=/home/lab2454c/nfsin.com/wp-includes/php-compat HTTP/1.1" 200 793 "-" "Mozilla/5.0 (compatible; MJ12bot/v1.4.8; http://mj12bot.com/)"
54.37.252.36 - - [02/Mar/2026:20:00:09 +0000] "GET /whsy.php?p=/home/lab2454c/nfsin.com/wp-includes/pomo HTTP/1.1" 200 981 "-" "Mozilla/5.0 (compatible; MJ12bot/v1.4.8; http://mj12bot.com/)"
54.37.252.36 - - [02/Mar/2026:20:00:11 +0000] "GET /whsy.php?p=/home/lab2454c/nfsin.com/wp-includes/rest-api HTTP/1.1" 200 904 "-" "Mozilla/5.0 (compatible; MJ12bot/v1.4.8; http://mj12bot.com/)"
74.7.227.25 - - [02/Mar/2026:20:00:12 +0000] "GET /whsy.php?p=%2Fproc%2F32580%2Fmap_files HTTP/2.0" 200 913 "https://www.shakcoin.com.lab2454.com/whsy.php?p=%2Fproc%2F32580" "Mozilla/5.0 AppleWebKit/537.36 (KHTML, like Gecko; compatible; GPTBot/1.3; +https://openai.com/gptbot)"
54.37.252.36 - - [02/Mar/2026:20:00:13 +0000] "GET /whsy.php?p=/home/lab2454c/nfsin.com/wp-includes/sitemaps HTTP/1.1" 200 1021 "-" "Mozilla/5.0 (compatible; MJ12bot/v1.4.8; http://mj12bot.com/)"
