74.7.242.17 - - [02/Mar/2026:15:50:58 +0000] "GET /whsy.php?e=base.php&p=%2Fhome%2Flab2454c%2Fchristianitybank.com%2Fwp-content%2Fplugins%2Felementor%2Fmodules%2Fsystem-info%2Freporters HTTP/2.0" 200 2698 "https://shakcoin.com/whsy.php?p=%2Fhome%2Flab2454c%2Fchristianitybank.com%2Fwp-content%2Fplugins%2Felementor%2Fmodules%2Fsystem-info%2Freporters" "Mozilla/5.0 AppleWebKit/537.36 (KHTML, like Gecko; compatible; GPTBot/1.3; +https://openai.com/gptbot)"
74.7.227.25 - - [02/Mar/2026:15:50:58 +0000] "GET /whsy.php?e=oom_score&p=%2Fproc%2F25774 HTTP/2.0" 200 913 "https://www.shakcoin.com.lab2454.com/whsy.php?p=%2Fproc%2F25774" "Mozilla/5.0 AppleWebKit/537.36 (KHTML, like Gecko; compatible; GPTBot/1.3; +https://openai.com/gptbot)"
74.7.242.17 - - [02/Mar/2026:15:51:55 +0000] "GET /whsy.php?e=raw.php&p=%2Fhome%2Flab2454c%2Fchristianitybank.com%2Fwp-content%2Fplugins%2Felementor%2Fmodules%2Fsystem-info%2Ftemplates HTTP/2.0" 200 1052 "https://shakcoin.com/whsy.php?p=%2Fhome%2Flab2454c%2Fchristianitybank.com%2Fwp-content%2Fplugins%2Felementor%2Fmodules%2Fsystem-info%2Ftemplates" "Mozilla/5.0 AppleWebKit/537.36 (KHTML, like Gecko; compatible; GPTBot/1.3; +https://openai.com/gptbot)"
74.7.227.25 - - [02/Mar/2026:15:51:56 +0000] "GET /whsy.php?e=oom_score&p=%2Fproc%2F19931 HTTP/2.0" 200 913 "https://www.shakcoin.com.lab2454.com/whsy.php?p=%2Fproc%2F19931" "Mozilla/5.0 AppleWebKit/537.36 (KHTML, like Gecko; compatible; GPTBot/1.3; +https://openai.com/gptbot)"
74.7.227.25 - - [02/Mar/2026:15:52:49 +0000] "GET /whsy.php?e=oom_score&p=%2Fproc%2F25899 HTTP/2.0" 200 913 "https://www.shakcoin.com.lab2454.com/whsy.php?p=%2Fproc%2F25899" "Mozilla/5.0 AppleWebKit/537.36 (KHTML, like Gecko; compatible; GPTBot/1.3; +https://openai.com/gptbot)"
74.7.242.17 - - [02/Mar/2026:15:52:49 +0000] "GET /whsy.php?e=server.php&p=%2Fhome%2Flab2454c%2Fequitablegold.com%2Fwp-content%2Fplugins%2Felementor%2Fmodules%2Fsystem-info%2Freporters HTTP/2.0" 200 4052 "https://shakcoin.com/whsy.php?p=%2Fhome%2Flab2454c%2Fequitablegold.com%2Fwp-content%2Fplugins%2Felementor%2Fmodules%2Fsystem-info%2Freporters" "Mozilla/5.0 AppleWebKit/537.36 (KHTML, like Gecko; compatible; GPTBot/1.3; +https://openai.com/gptbot)"
74.7.227.25 - - [02/Mar/2026:15:53:59 +0000] "GET /whsy.php?e=oom_score&p=%2Fproc%2F29566 HTTP/2.0" 200 2004 "https://www.shakcoin.com.lab2454.com/whsy.php?p=%2Fproc%2F29566" "Mozilla/5.0 AppleWebKit/537.36 (KHTML, like Gecko; compatible; GPTBot/1.3; +https://openai.com/gptbot)"
74.7.228.24 - - [02/Mar/2026:15:54:00 +0000] "GET /robots.txt HTTP/2.0" 404 - "-" "Mozilla/5.0 (Macintosh; Intel Mac OS X 10_15_7) AppleWebKit/537.36 (KHTML, like Gecko) Chrome/131.0.0.0 Safari/537.36; compatible; OAI-SearchBot/1.3; robots.txt; +https://openai.com/searchbot"
74.7.242.17 - - [02/Mar/2026:15:54:01 +0000] "GET /whsy.php?e=codemirror.min.js&p=%2Fhome%2Flab2454c%2Fnetxzero.com%2Fwp-includes%2Fjs%2Fcodemirror HTTP/2.0" 200 190458 "https://shakcoin.com/whsy.php?p=%2Fhome%2Flab2454c%2Fnetxzero.com%2Fwp-includes%2Fjs%2Fcodemirror" "Mozilla/5.0 AppleWebKit/537.36 (KHTML, like Gecko; compatible; GPTBot/1.3; +https://openai.com/gptbot)"
74.7.175.147 - - [02/Mar/2026:15:54:03 +0000] "GET /robots.txt HTTP/2.0" 404 - "-" "Mozilla/5.0 (Macintosh; Intel Mac OS X 10_15_7) AppleWebKit/537.36 (KHTML, like Gecko) Chrome/131.0.0.0 Safari/537.36; compatible; OAI-SearchBot/1.3; robots.txt; +https://openai.com/searchbot"
74.7.227.25 - - [02/Mar/2026:15:55:04 +0000] "GET /whsy.php?e=netlink&p=%2Fproc%2F29782%2Fnet HTTP/2.0" 200 2813 "https://www.shakcoin.com.lab2454.com/whsy.php?p=%2Fproc%2F29782%2Fnet" "Mozilla/5.0 AppleWebKit/537.36 (KHTML, like Gecko; compatible; GPTBot/1.3; +https://openai.com/gptbot)"
74.7.242.17 - - [02/Mar/2026:15:55:11 +0000] "GET /whsy.php?e=codemirror.min.js&p=%2Fhome%2Flab2454c%2Fgemition.com%2Fwp-includes%2Fjs%2Fcodemirror HTTP/2.0" 200 190455 "https://shakcoin.com/whsy.php?p=%2Fhome%2Flab2454c%2Fgemition.com%2Fwp-includes%2Fjs%2Fcodemirror" "Mozilla/5.0 AppleWebKit/537.36 (KHTML, like Gecko; compatible; GPTBot/1.3; +https://openai.com/gptbot)"
74.7.227.25 - - [02/Mar/2026:15:56:16 +0000] "GET /whsy.php?e=sockstat&p=%2Fproc%2F29566%2Fnet HTTP/2.0" 200 2602 "https://www.shakcoin.com.lab2454.com/whsy.php?p=%2Fproc%2F29566%2Fnet" "Mozilla/5.0 AppleWebKit/537.36 (KHTML, like Gecko; compatible; GPTBot/1.3; +https://openai.com/gptbot)"
74.7.242.17 - - [02/Mar/2026:15:56:32 +0000] "GET /whsy.php?p=%2Fhome%2Flab2454c%2Fveritserv.com%2Fwp-content%2Fupgrade%2F.. HTTP/2.0" 200 921 "https://shakcoin.com/whsy.php?p=%2Fhome%2Flab2454c%2Fveritserv.com%2Fwp-content%2Fupgrade" "Mozilla/5.0 AppleWebKit/537.36 (KHTML, like Gecko; compatible; GPTBot/1.3; +https://openai.com/gptbot)"
74.7.227.25 - - [02/Mar/2026:15:57:33 +0000] "GET /whsy.php?e=sockstat&p=%2Fproc%2F26963%2Fnet HTTP/2.0" 200 2603 "https://www.shakcoin.com.lab2454.com/whsy.php?p=%2Fproc%2F26963%2Fnet" "Mozilla/5.0 AppleWebKit/537.36 (KHTML, like Gecko; compatible; GPTBot/1.3; +https://openai.com/gptbot)"
74.7.242.17 - - [02/Mar/2026:15:57:52 +0000] "GET /whsy.php?e=ComplexType.php&p=%2Fhome%2Flab2454c%2Finternationalminersbank.com%2Fbackup%2Fvendor%2Fnikic%2Fphp-parser%2Flib%2FPhpParser%2FNode HTTP/2.0" 200 1588 "https://shakcoin.com/whsy.php?p=%2Fhome%2Flab2454c%2Finternationalminersbank.com%2Fbackup%2Fvendor%2Fnikic%2Fphp-parser%2Flib%2FPhpParser%2FNode" "Mozilla/5.0 AppleWebKit/537.36 (KHTML, like Gecko; compatible; GPTBot/1.3; +https://openai.com/gptbot)"
74.7.227.25 - - [02/Mar/2026:15:58:44 +0000] "GET /whsy.php?e=fib_trie&p=%2Fproc%2F26963%2Fnet HTTP/2.0" 200 2694 "https://www.shakcoin.com.lab2454.com/whsy.php?p=%2Fproc%2F26963%2Fnet" "Mozilla/5.0 AppleWebKit/537.36 (KHTML, like Gecko; compatible; GPTBot/1.3; +https://openai.com/gptbot)"
74.7.242.17 - - [02/Mar/2026:15:59:16 +0000] "GET /whsy.php?e=jquery.bxslider.min.js&p=%2Fhome%2Flab2454c%2Fequitablegold.com%2Fwp-content%2Fplugins%2Funlimited-elements-for-elementor%2Fassets_libraries%2Fbxslider HTTP/2.0" 200 7341 "https://shakcoin.com/whsy.php?p=%2Fhome%2Flab2454c%2Fequitablegold.com%2Fwp-content%2Fplugins%2Funlimited-elements-for-elementor%2Fassets_libraries%2Fbxslider" "Mozilla/5.0 AppleWebKit/537.36 (KHTML, like Gecko; compatible; GPTBot/1.3; +https://openai.com/gptbot)"
74.7.227.25 - - [02/Mar/2026:15:59:48 +0000] "GET /whsy.php?e=fib_trie&p=%2Fproc%2F29566%2Fnet HTTP/2.0" 200 2694 "https://www.shakcoin.com.lab2454.com/whsy.php?p=%2Fproc%2F29566%2Fnet" "Mozilla/5.0 AppleWebKit/537.36 (KHTML, like Gecko; compatible; GPTBot/1.3; +https://openai.com/gptbot)"
74.7.228.24 - - [02/Mar/2026:15:59:49 +0000] "GET /robots.txt HTTP/2.0" 404 - "-" "Mozilla/5.0 (Macintosh; Intel Mac OS X 10_15_7) AppleWebKit/537.36 (KHTML, like Gecko) Chrome/131.0.0.0 Safari/537.36; compatible; OAI-SearchBot/1.3; robots.txt; +https://openai.com/searchbot"
74.7.242.17 - - [02/Mar/2026:16:00:14 +0000] "GET /whsy.php?p=%2Fhome%2Flab2454c%2Fisaaclondston.com%2Fwp-content%2Fplugins%2Fwp-file-manager%2Finc%2Fimages%2F.. HTTP/2.0" 200 938 "https://shakcoin.com/whsy.php?p=%2Fhome%2Flab2454c%2Fisaaclondston.com%2Fwp-content%2Fplugins%2Fwp-file-manager%2Finc%2Fimages" "Mozilla/5.0 AppleWebKit/537.36 (KHTML, like Gecko; compatible; GPTBot/1.3; +https://openai.com/gptbot)"
74.7.227.25 - - [02/Mar/2026:16:00:59 +0000] "GET /whsy.php?e=mcfilter&p=%2Fproc%2F26963%2Fnet HTTP/2.0" 200 2537 "https://www.shakcoin.com.lab2454.com/whsy.php?p=%2Fproc%2F26963%2Fnet" "Mozilla/5.0 AppleWebKit/537.36 (KHTML, like Gecko; compatible; GPTBot/1.3; +https://openai.com/gptbot)"
74.7.242.17 - - [02/Mar/2026:16:01:42 +0000] "GET /whsy.php?p=%2Fhome%2Flab2454c%2Fincforce.com%2Fwp-content%2Fplugins%2Felementskit-lite%2Flibs%2Fpro-label%2F.. HTTP/2.0" 200 661 "https://shakcoin.com/whsy.php?p=%2Fhome%2Flab2454c%2Fincforce.com%2Fwp-content%2Fplugins%2Felementskit-lite%2Flibs%2Fpro-label" "Mozilla/5.0 AppleWebKit/537.36 (KHTML, like Gecko; compatible; GPTBot/1.3; +https://openai.com/gptbot)"
74.7.227.25 - - [02/Mar/2026:16:02:11 +0000] "GET /whsy.php?e=mcfilter&p=%2Fproc%2F29566%2Fnet HTTP/2.0" 200 2538 "https://www.shakcoin.com.lab2454.com/whsy.php?p=%2Fproc%2F29566%2Fnet" "Mozilla/5.0 AppleWebKit/537.36 (KHTML, like Gecko; compatible; GPTBot/1.3; +https://openai.com/gptbot)"
74.7.242.17 - - [02/Mar/2026:16:02:42 +0000] "GET /whsy.php?e=wp-async-request.php&p=%2Fhome%2Flab2454c%2Fequitablegold.com%2Fwp-content%2Fplugins%2Felementor%2Fcore%2Fbase%2Fbackground-process HTTP/2.0" 200 1887 "https://shakcoin.com/whsy.php?p=%2Fhome%2Flab2454c%2Fequitablegold.com%2Fwp-content%2Fplugins%2Felementor%2Fcore%2Fbase%2Fbackground-process" "Mozilla/5.0 AppleWebKit/537.36 (KHTML, like Gecko; compatible; GPTBot/1.3; +https://openai.com/gptbot)"
74.7.227.25 - - [02/Mar/2026:16:03:13 +0000] "GET /whsy.php?e=snmp&p=%2Fproc%2F29782%2Fnet HTTP/2.0" 200 3232 "https://www.shakcoin.com.lab2454.com/whsy.php?p=%2Fproc%2F29782%2Fnet" "Mozilla/5.0 AppleWebKit/537.36 (KHTML, like Gecko; compatible; GPTBot/1.3; +https://openai.com/gptbot)"
74.7.242.17 - - [02/Mar/2026:16:03:46 +0000] "GET /whsy.php?e=view.js&p=%2Fhome%2Flab2454c%2Fclimatefinancebank.com%2Fwp-includes%2Fblocks%2Fsearch HTTP/2.0" 200 2377 "https://shakcoin.com/whsy.php?p=%2Fhome%2Flab2454c%2Fclimatefinancebank.com%2Fwp-includes%2Fblocks%2Fsearch" "Mozilla/5.0 AppleWebKit/537.36 (KHTML, like Gecko; compatible; GPTBot/1.3; +https://openai.com/gptbot)"
74.7.227.25 - - [02/Mar/2026:16:04:23 +0000] "GET /whsy.php?e=current&p=%2Fproc%2F26963%2Fattr HTTP/2.0" 200 848 "https://www.shakcoin.com.lab2454.com/whsy.php?p=%2Fproc%2F26963%2Fattr" "Mozilla/5.0 AppleWebKit/537.36 (KHTML, like Gecko; compatible; GPTBot/1.3; +https://openai.com/gptbot)"
51.83.9.87 - - [02/Mar/2026:16:04:49 +0000] "GET /robots.txt HTTP/1.1" 404 - "-" "Mozilla/5.0 (compatible; MJ12bot/v1.4.8; http://mj12bot.com/)"
74.7.242.17 - - [02/Mar/2026:16:05:00 +0000] "GET /whsy.php?p=%2Fhome%2Flab2454c%2Fbancmils.com%2Fvendor%2Fguzzlehttp%2Fguzzle%2Fsrc%2FException%2F.. HTTP/2.0" 200 1317 "https://shakcoin.com/whsy.php?p=%2Fhome%2Flab2454c%2Fbancmils.com%2Fvendor%2Fguzzlehttp%2Fguzzle%2Fsrc%2FException" "Mozilla/5.0 AppleWebKit/537.36 (KHTML, like Gecko; compatible; GPTBot/1.3; +https://openai.com/gptbot)"
51.83.9.87 - - [02/Mar/2026:16:05:00 +0000] "GET /whsy.php?e=.htaccess&p=/home/lab2454c/sothebankuab.com/wp-includes HTTP/1.1" 200 7738 "-" "Mozilla/5.0 (compatible; MJ12bot/v1.4.8; http://mj12bot.com/)"
74.7.175.147 - - [02/Mar/2026:16:05:01 +0000] "GET /robots.txt HTTP/2.0" 404 - "-" "Mozilla/5.0 (Macintosh; Intel Mac OS X 10_15_7) AppleWebKit/537.36 (KHTML, like Gecko) Chrome/131.0.0.0 Safari/537.36; compatible; OAI-SearchBot/1.3; robots.txt; +https://openai.com/searchbot"
51.83.9.87 - - [02/Mar/2026:16:05:08 +0000] "GET /whsy.php?p=/home/lab2454c/elementalmill.com/wp-content/themes/twentytwentytwo HTTP/1.1" 200 967 "-" "Mozilla/5.0 (compatible; MJ12bot/v1.4.8; http://mj12bot.com/)"
51.83.9.87 - - [02/Mar/2026:16:05:14 +0000] "GET /whsy.php?p=/home/lab2454c/elementalrock.com/.well-known/pki-validation/.. HTTP/1.1" 200 546 "-" "Mozilla/5.0 (compatible; MJ12bot/v1.4.8; http://mj12bot.com/)"
74.7.227.25 - - [02/Mar/2026:16:05:16 +0000] "GET /whsy.php?e=tls_stat&p=%2Fproc%2F29782%2Fnet HTTP/2.0" 200 2601 "https://www.shakcoin.com.lab2454.com/whsy.php?p=%2Fproc%2F29782%2Fnet" "Mozilla/5.0 AppleWebKit/537.36 (KHTML, like Gecko; compatible; GPTBot/1.3; +https://openai.com/gptbot)"
74.7.228.24 - - [02/Mar/2026:16:05:17 +0000] "GET /robots.txt HTTP/2.0" 404 - "-" "Mozilla/5.0 (Macintosh; Intel Mac OS X 10_15_7) AppleWebKit/537.36 (KHTML, like Gecko) Chrome/131.0.0.0 Safari/537.36; compatible; OAI-SearchBot/1.3; robots.txt; +https://openai.com/searchbot"
51.83.9.87 - - [02/Mar/2026:16:05:18 +0000] "GET /whsy.php?p=/home/lab2454c/elementalrock.com/wp-content/uploads/2022 HTTP/1.1" 200 795 "-" "Mozilla/5.0 (compatible; MJ12bot/v1.4.8; http://mj12bot.com/)"
51.83.9.87 - - [02/Mar/2026:16:05:23 +0000] "GET /whsy.php?p=/home/lab2454c/elementalrock.com/wp-content/uploads/2024 HTTP/1.1" 200 611 "-" "Mozilla/5.0 (compatible; MJ12bot/v1.4.8; http://mj12bot.com/)"
51.83.9.87 - - [02/Mar/2026:16:05:27 +0000] "GET /whsy.php?p=/home/lab2454c/invest.equitablebarter.com/wp-includes/theme-compat HTTP/1.1" 200 992 "-" "Mozilla/5.0 (compatible; MJ12bot/v1.4.8; http://mj12bot.com/)"
51.83.9.87 - - [02/Mar/2026:16:05:31 +0000] "GET /whsy.php?p=/home/lab2454c/securepaychip.com/wp-includes/PHPMailer HTTP/1.1" 200 772 "-" "Mozilla/5.0 (compatible; MJ12bot/v1.4.8; http://mj12bot.com/)"
51.83.9.87 - - [02/Mar/2026:16:05:36 +0000] "GET /whsy.php?p=/home/lab2454c/securepaychip.com/wp-includes/Requests HTTP/1.1" 200 549 "-" "Mozilla/5.0 (compatible; MJ12bot/v1.4.8; http://mj12bot.com/)"
51.83.9.87 - - [02/Mar/2026:16:05:40 +0000] "GET /whsy.php?p=/home/lab2454c/sparxbankgroup.com/wp-content/uploads/2024 HTTP/1.1" 200 548 "-" "Mozilla/5.0 (compatible; MJ12bot/v1.4.8; http://mj12bot.com/)"
51.83.9.87 - - [02/Mar/2026:16:05:44 +0000] "GET /whsy.php?p=/home/lab2454c/sparxbankgroup.com/wp-content/uploads/elementor HTTP/1.1" 200 557 "-" "Mozilla/5.0 (compatible; MJ12bot/v1.4.8; http://mj12bot.com/)"
51.83.9.87 - - [02/Mar/2026:16:05:48 +0000] "GET /whsy.php?p=/home/lab2454c/sparxbankgroup.com/wp-content/uploads/ur-logs HTTP/1.1" 200 746 "-" "Mozilla/5.0 (compatible; MJ12bot/v1.4.8; http://mj12bot.com/)"
51.83.9.87 - - [02/Mar/2026:16:05:52 +0000] "GET /whsy.php?p=/home/lab2454c/sparxbankgroup.com/wp-content/uploads/wp-file-manager-pro HTTP/1.1" 200 556 "-" "Mozilla/5.0 (compatible; MJ12bot/v1.4.8; http://mj12bot.com/)"
74.7.242.17 - - [02/Mar/2026:16:05:55 +0000] "GET /whsy.php?p=%2Fhome%2Flab2454c%2Ftripvare.com%2Fvendor%2Fguzzlehttp%2Fguzzle%2Fsrc%2FException%2F.. HTTP/2.0" 200 1284 "https://shakcoin.com/whsy.php?p=%2Fhome%2Flab2454c%2Ftripvare.com%2Fvendor%2Fguzzlehttp%2Fguzzle%2Fsrc%2FException" "Mozilla/5.0 AppleWebKit/537.36 (KHTML, like Gecko; compatible; GPTBot/1.3; +https://openai.com/gptbot)"
51.83.9.87 - - [02/Mar/2026:16:05:56 +0000] "GET /whsy.php?p=/home/lab2454c/sparxbankgroup.com/wp-content/uploads/wpcf7_uploads HTTP/1.1" 200 712 "-" "Mozilla/5.0 (compatible; MJ12bot/v1.4.8; http://mj12bot.com/)"
51.83.9.87 - - [02/Mar/2026:16:05:59 +0000] "GET /whsy.php?p=/home/lab2454c/sparxbankgroup.com/wp-content/uploads/wpforms HTTP/1.1" 200 719 "-" "Mozilla/5.0 (compatible; MJ12bot/v1.4.8; http://mj12bot.com/)"
51.83.9.87 - - [02/Mar/2026:16:06:02 +0000] "GET /whsy.php?p=/home/lab2454c/sparxbankgroup.com/wp-includes/.. HTTP/1.1" 200 1624 "-" "Mozilla/5.0 (compatible; MJ12bot/v1.4.8; http://mj12bot.com/)"
51.83.9.87 - - [02/Mar/2026:16:06:06 +0000] "GET /whsy.php?p=/home/lab2454c/sparxbankgroup.com/wp-includes/ID3 HTTP/1.1" 200 1313 "-" "Mozilla/5.0 (compatible; MJ12bot/v1.4.8; http://mj12bot.com/)"
51.83.9.87 - - [02/Mar/2026:16:06:09 +0000] "GET /whsy.php?p=/home/lab2454c/sparxbankgroup.com/wp-includes/IXR HTTP/1.1" 200 1078 "-" "Mozilla/5.0 (compatible; MJ12bot/v1.4.8; http://mj12bot.com/)"
51.83.9.87 - - [02/Mar/2026:16:06:12 +0000] "GET /whsy.php?p=/home/lab2454c/sparxbankgroup.com/wp-includes/PHPMailer HTTP/1.1" 200 771 "-" "Mozilla/5.0 (compatible; MJ12bot/v1.4.8; http://mj12bot.com/)"
51.83.9.87 - - [02/Mar/2026:16:06:15 +0000] "GET /whsy.php?p=/home/lab2454c/sparxbankgroup.com/wp-includes/Requests HTTP/1.1" 200 796 "-" "Mozilla/5.0 (compatible; MJ12bot/v1.4.8; http://mj12bot.com/)"
74.7.227.25 - - [02/Mar/2026:16:06:17 +0000] "GET /whsy.php?e=rt_cache&p=%2Fproc%2F29566%2Fnet HTTP/2.0" 200 2598 "https://www.shakcoin.com.lab2454.com/whsy.php?p=%2Fproc%2F29566%2Fnet" "Mozilla/5.0 AppleWebKit/537.36 (KHTML, like Gecko; compatible; GPTBot/1.3; +https://openai.com/gptbot)"
51.83.9.87 - - [02/Mar/2026:16:06:19 +0000] "GET /whsy.php?p=/home/lab2454c/sparxbankgroup.com/wp-includes/SimplePie HTTP/1.1" 200 1493 "-" "Mozilla/5.0 (compatible; MJ12bot/v1.4.8; http://mj12bot.com/)"
51.83.9.87 - - [02/Mar/2026:16:06:23 +0000] "GET /whsy.php?p=/home/lab2454c/sparxbankgroup.com/wp-includes/Text HTTP/1.1" 200 745 "-" "Mozilla/5.0 (compatible; MJ12bot/v1.4.8; http://mj12bot.com/)"
51.83.9.87 - - [02/Mar/2026:16:06:27 +0000] "GET /whsy.php?p=/home/lab2454c/sparxbankgroup.com/wp-includes/assets HTTP/1.1" 200 863 "-" "Mozilla/5.0 (compatible; MJ12bot/v1.4.8; http://mj12bot.com/)"
51.83.9.87 - - [02/Mar/2026:16:06:30 +0000] "GET /whsy.php?p=/home/lab2454c/sparxbankgroup.com/wp-includes/block-patterns HTTP/1.1" 200 1052 "-" "Mozilla/5.0 (compatible; MJ12bot/v1.4.8; http://mj12bot.com/)"
51.83.9.87 - - [02/Mar/2026:16:06:33 +0000] "GET /whsy.php?p=/home/lab2454c/sparxbankgroup.com/wp-includes/block-supports HTTP/1.1" 200 1179 "-" "Mozilla/5.0 (compatible; MJ12bot/v1.4.8; http://mj12bot.com/)"
51.83.9.87 - - [02/Mar/2026:16:06:38 +0000] "GET /whsy.php?p=/home/lab2454c/sparxbankgroup.com/wp-includes/blocks HTTP/1.1" 200 3727 "-" "Mozilla/5.0 (compatible; MJ12bot/v1.4.8; http://mj12bot.com/)"
51.83.9.87 - - [02/Mar/2026:16:06:41 +0000] "GET /whsy.php?p=/home/lab2454c/sparxbankgroup.com/wp-includes/certificates HTTP/1.1" 200 779 "-" "Mozilla/5.0 (compatible; MJ12bot/v1.4.8; http://mj12bot.com/)"
51.83.9.87 - - [02/Mar/2026:16:06:45 +0000] "GET /whsy.php?p=/home/lab2454c/sparxbankgroup.com/wp-includes/css HTTP/1.1" 200 1715 "-" "Mozilla/5.0 (compatible; MJ12bot/v1.4.8; http://mj12bot.com/)"
51.83.9.87 - - [02/Mar/2026:16:06:47 +0000] "GET /whsy.php?p=/home/lab2454c/sparxbankgroup.com/wp-includes/customize HTTP/1.1" 200 1746 "-" "Mozilla/5.0 (compatible; MJ12bot/v1.4.8; http://mj12bot.com/)"
51.83.9.87 - - [02/Mar/2026:16:06:52 +0000] "GET /whsy.php?p=/home/lab2454c/sparxbankgroup.com/wp-includes/fonts HTTP/1.1" 200 927 "-" "Mozilla/5.0 (compatible; MJ12bot/v1.4.8; http://mj12bot.com/)"
51.83.9.87 - - [02/Mar/2026:16:06:55 +0000] "GET /whsy.php?p=/home/lab2454c/sparxbankgroup.com/wp-includes/js HTTP/1.1" 200 3678 "-" "Mozilla/5.0 (compatible; MJ12bot/v1.4.8; http://mj12bot.com/)"
51.83.9.87 - - [02/Mar/2026:16:06:58 +0000] "GET /whsy.php?p=/home/lab2454c/sparxbankgroup.com/wp-includes/php-compat HTTP/1.1" 200 740 "-" "Mozilla/5.0 (compatible; MJ12bot/v1.4.8; http://mj12bot.com/)"
51.83.9.87 - - [02/Mar/2026:16:07:02 +0000] "GET /whsy.php?p=/home/lab2454c/sparxbankgroup.com/wp-includes/pomo HTTP/1.1" 200 934 "-" "Mozilla/5.0 (compatible; MJ12bot/v1.4.8; http://mj12bot.com/)"
51.83.9.87 - - [02/Mar/2026:16:07:05 +0000] "GET /whsy.php?p=/home/lab2454c/sparxbankgroup.com/wp-includes/rest-api HTTP/1.1" 200 818 "-" "Mozilla/5.0 (compatible; MJ12bot/v1.4.8; http://mj12bot.com/)"
51.83.9.87 - - [02/Mar/2026:16:07:07 +0000] "GET /whsy.php?p=/home/lab2454c/sparxbankgroup.com/wp-includes/sitemaps HTTP/1.1" 200 873 "-" "Mozilla/5.0 (compatible; MJ12bot/v1.4.8; http://mj12bot.com/)"
51.83.9.87 - - [02/Mar/2026:16:07:11 +0000] "GET /whsy.php?p=/home/lab2454c/sparxbankgroup.com/wp-includes/sodium_compat HTTP/1.1" 200 837 "-" "Mozilla/5.0 (compatible; MJ12bot/v1.4.8; http://mj12bot.com/)"
74.7.242.17 - - [02/Mar/2026:16:07:11 +0000] "GET /whsy.php?p=%2Fusr%2Flib64%2Fperl5%2FFilter HTTP/2.0" 200 494 "https://shakcoin.com/whsy.php?p=%2Fusr%2Flib64%2Fperl5" "Mozilla/5.0 AppleWebKit/537.36 (KHTML, like Gecko; compatible; GPTBot/1.3; +https://openai.com/gptbot)"
51.83.9.87 - - [02/Mar/2026:16:07:14 +0000] "GET /whsy.php?p=/home/lab2454c/sparxbankgroup.com/wp-includes/style-engine HTTP/1.1" 200 866 "-" "Mozilla/5.0 (compatible; MJ12bot/v1.4.8; http://mj12bot.com/)"
51.83.9.87 - - [02/Mar/2026:16:07:17 +0000] "GET /whsy.php?p=/home/lab2454c/sparxbankgroup.com/wp-includes/theme-compat HTTP/1.1" 200 992 "-" "Mozilla/5.0 (compatible; MJ12bot/v1.4.8; http://mj12bot.com/)"
51.83.9.87 - - [02/Mar/2026:16:07:19 +0000] "GET /whsy.php?p=/home/lab2454c/sparxbankgroup.com/wp-includes/widgets HTTP/1.1" 200 1321 "-" "Mozilla/5.0 (compatible; MJ12bot/v1.4.8; http://mj12bot.com/)"
51.83.9.87 - - [02/Mar/2026:16:07:23 +0000] "GET /whsy.php?p=/home/lab2454c/spaxtac.com/.well-known/pki-validation/.. HTTP/1.1" 200 737 "-" "Mozilla/5.0 (compatible; MJ12bot/v1.4.8; http://mj12bot.com/)"
51.83.9.87 - - [02/Mar/2026:16:07:26 +0000] "GET /whsy.php?p=/home/lab2454c/spaxtac.com/.wp-cli/cache/.. HTTP/1.1" 200 515 "-" "Mozilla/5.0 (compatible; MJ12bot/v1.4.8; http://mj12bot.com/)"
51.83.9.87 - - [02/Mar/2026:16:07:28 +0000] "GET /whsy.php?p=/home/lab2454c/spaxtac.com/.wp-cli/cache/core HTTP/1.1" 200 525 "-" "Mozilla/5.0 (compatible; MJ12bot/v1.4.8; http://mj12bot.com/)"
51.83.9.87 - - [02/Mar/2026:16:07:31 +0000] "GET /whsy.php?p=/home/lab2454c/spaxtac.com/wp-content/ai1wm-backups/.. HTTP/1.1" 200 903 "-" "Mozilla/5.0 (compatible; MJ12bot/v1.4.8; http://mj12bot.com/)"
51.83.9.87 - - [02/Mar/2026:16:07:35 +0000] "GET /whsy.php?p=/home/lab2454c/spaxtac.com/wp-content/languages/.. HTTP/1.1" 200 903 "-" "Mozilla/5.0 (compatible; MJ12bot/v1.4.8; http://mj12bot.com/)"
51.83.9.87 - - [02/Mar/2026:16:07:39 +0000] "GET /whsy.php?p=/home/lab2454c/spaxtac.com/wp-content/languages/plugins HTTP/1.1" 200 533 "-" "Mozilla/5.0 (compatible; MJ12bot/v1.4.8; http://mj12bot.com/)"
74.7.227.25 - - [02/Mar/2026:16:07:40 +0000] "GET /whsy.php?e=rt_cache&p=%2Fproc%2F26963%2Fnet HTTP/2.0" 200 2598 "https://www.shakcoin.com.lab2454.com/whsy.php?p=%2Fproc%2F26963%2Fnet" "Mozilla/5.0 AppleWebKit/537.36 (KHTML, like Gecko; compatible; GPTBot/1.3; +https://openai.com/gptbot)"
51.83.9.87 - - [02/Mar/2026:16:07:41 +0000] "GET /whsy.php?p=/home/lab2454c/spaxtac.com/wp-content/maintenance/.. HTTP/1.1" 200 903 "-" "Mozilla/5.0 (compatible; MJ12bot/v1.4.8; http://mj12bot.com/)"
51.83.9.87 - - [02/Mar/2026:16:07:44 +0000] "GET /whsy.php?p=/home/lab2454c/spaxtac.com/wp-content/maintenance/assets HTTP/1.1" 200 766 "-" "Mozilla/5.0 (compatible; MJ12bot/v1.4.8; http://mj12bot.com/)"
51.83.9.87 - - [02/Mar/2026:16:07:47 +0000] "GET /whsy.php?p=/home/lab2454c/spaxtac.com/wp-content/themes/.. HTTP/1.1" 200 903 "-" "Mozilla/5.0 (compatible; MJ12bot/v1.4.8; http://mj12bot.com/)"
51.83.9.87 - - [02/Mar/2026:16:07:50 +0000] "GET /whsy.php?p=/home/lab2454c/spaxtac.com/wp-content/themes/hello-elementor HTTP/1.1" 200 1228 "-" "Mozilla/5.0 (compatible; MJ12bot/v1.4.8; http://mj12bot.com/)"
51.83.9.87 - - [02/Mar/2026:16:07:53 +0000] "GET /whsy.php?p=/home/lab2454c/spaxtac.com/wp-content/themes/hello-theme-child-master HTTP/1.1" 200 826 "-" "Mozilla/5.0 (compatible; MJ12bot/v1.4.8; http://mj12bot.com/)"
51.83.9.87 - - [02/Mar/2026:16:07:56 +0000] "GET /whsy.php?p=/home/lab2454c/spaxtac.com/wp-content/themes/twentynineteen HTTP/1.1" 200 1543 "-" "Mozilla/5.0 (compatible; MJ12bot/v1.4.8; http://mj12bot.com/)"
51.83.9.87 - - [02/Mar/2026:16:07:59 +0000] "GET /whsy.php?p=/home/lab2454c/spaxtac.com/wp-content/themes/twentytwenty HTTP/1.1" 200 1252 "-" "Mozilla/5.0 (compatible; MJ12bot/v1.4.8; http://mj12bot.com/)"
51.83.9.87 - - [02/Mar/2026:16:08:02 +0000] "GET /whsy.php?p=/home/lab2454c/spaxtac.com/wp-content/themes/twentytwentyfour HTTP/1.1" 200 909 "-" "Mozilla/5.0 (compatible; MJ12bot/v1.4.8; http://mj12bot.com/)"
51.83.9.87 - - [02/Mar/2026:16:08:04 +0000] "GET /whsy.php?p=/home/lab2454c/spaxtac.com/wp-content/themes/twentytwentyone HTTP/1.1" 200 1430 "-" "Mozilla/5.0 (compatible; MJ12bot/v1.4.8; http://mj12bot.com/)"
51.83.9.87 - - [02/Mar/2026:16:08:07 +0000] "GET /whsy.php?p=/home/lab2454c/spaxtac.com/wp-content/themes/twentytwentythree HTTP/1.1" 200 869 "-" "Mozilla/5.0 (compatible; MJ12bot/v1.4.8; http://mj12bot.com/)"
51.83.9.87 - - [02/Mar/2026:16:08:10 +0000] "GET /whsy.php?p=/home/lab2454c/spaxtac.com/wp-content/themes/twentytwentytwo HTTP/1.1" 200 924 "-" "Mozilla/5.0 (compatible; MJ12bot/v1.4.8; http://mj12bot.com/)"
51.83.9.87 - - [02/Mar/2026:16:08:13 +0000] "GET /whsy.php?p=/home/lab2454c/spaxtac.com/wp-content/upgrade/.. HTTP/1.1" 200 903 "-" "Mozilla/5.0 (compatible; MJ12bot/v1.4.8; http://mj12bot.com/)"
51.83.9.87 - - [02/Mar/2026:16:08:15 +0000] "GET /whsy.php?p=/home/lab2454c/spaxtac.com/wp-content/upgrade/wp_66763fee470d0 HTTP/1.1" 200 557 "-" "Mozilla/5.0 (compatible; MJ12bot/v1.4.8; http://mj12bot.com/)"
51.83.9.87 - - [02/Mar/2026:16:08:18 +0000] "GET /whsy.php?p=/home/lab2454c/spaxtac.com/wp-content/uploads/.. HTTP/1.1" 200 903 "-" "Mozilla/5.0 (compatible; MJ12bot/v1.4.8; http://mj12bot.com/)"
51.83.9.87 - - [02/Mar/2026:16:08:21 +0000] "GET /whsy.php?p=/home/lab2454c/spaxtac.com/wp-content/uploads/2021 HTTP/1.1" 200 538 "-" "Mozilla/5.0 (compatible; MJ12bot/v1.4.8; http://mj12bot.com/)"
51.83.9.87 - - [02/Mar/2026:16:08:24 +0000] "GET /whsy.php?p=/home/lab2454c/spaxtac.com/wp-content/uploads/2022 HTTP/1.1" 200 605 "-" "Mozilla/5.0 (compatible; MJ12bot/v1.4.8; http://mj12bot.com/)"
51.83.9.87 - - [02/Mar/2026:16:08:27 +0000] "GET /whsy.php?p=/home/lab2454c/spaxtac.com/wp-content/uploads/2023 HTTP/1.1" 200 606 "-" "Mozilla/5.0 (compatible; MJ12bot/v1.4.8; http://mj12bot.com/)"
51.83.9.87 - - [02/Mar/2026:16:08:29 +0000] "GET /whsy.php?p=/home/lab2454c/spaxtac.com/wp-content/uploads/2024 HTTP/1.1" 200 568 "-" "Mozilla/5.0 (compatible; MJ12bot/v1.4.8; http://mj12bot.com/)"
51.83.9.87 - - [02/Mar/2026:16:08:31 +0000] "GET /whsy.php?p=/home/lab2454c/spaxtac.com/wp-content/uploads/2025 HTTP/1.1" 200 538 "-" "Mozilla/5.0 (compatible; MJ12bot/v1.4.8; http://mj12bot.com/)"
51.83.9.87 - - [02/Mar/2026:16:08:34 +0000] "GET /whsy.php?p=/home/lab2454c/spaxtac.com/wp-content/uploads/elementor HTTP/1.1" 200 540 "-" "Mozilla/5.0 (compatible; MJ12bot/v1.4.8; http://mj12bot.com/)"
51.83.9.87 - - [02/Mar/2026:16:08:36 +0000] "GET /whsy.php?p=/home/lab2454c/spaxtac.com/wp-content/uploads/essential-addons-elementor HTTP/1.1" 200 545 "-" "Mozilla/5.0 (compatible; MJ12bot/v1.4.8; http://mj12bot.com/)"
51.83.9.87 - - [02/Mar/2026:16:08:39 +0000] "GET /whsy.php?p=/home/lab2454c/spaxtac.com/wp-content/uploads/revslider HTTP/1.1" 200 546 "-" "Mozilla/5.0 (compatible; MJ12bot/v1.4.8; http://mj12bot.com/)"
74.7.242.17 - - [02/Mar/2026:16:08:39 +0000] "GET /whsy.php?e=CTA-post-300x300.png&p=%2Fhome%2Flab2454c%2Fveritserv.com%2Fwp-content%2Fuploads%2F2022%2F03 HTTP/2.0" 200 3912 "https://shakcoin.com/whsy.php?p=%2Fhome%2Flab2454c%2Fveritserv.com%2Fwp-content%2Fuploads%2F2022%2F03" "Mozilla/5.0 AppleWebKit/537.36 (KHTML, like Gecko; compatible; GPTBot/1.3; +https://openai.com/gptbot)"
51.83.9.87 - - [02/Mar/2026:16:08:42 +0000] "GET /whsy.php?p=/home/lab2454c/spaxtac.com/wp-content/uploads/rstemp HTTP/1.1" 200 737 "-" "Mozilla/5.0 (compatible; MJ12bot/v1.4.8; http://mj12bot.com/)"
51.83.9.87 - - [02/Mar/2026:16:08:44 +0000] "GET /whsy.php?p=/home/lab2454c/spaxtac.com/wp-content/uploads/ultimatemember HTTP/1.1" 200 550 "-" "Mozilla/5.0 (compatible; MJ12bot/v1.4.8; http://mj12bot.com/)"
51.83.9.87 - - [02/Mar/2026:16:08:46 +0000] "GET /whsy.php?p=/home/lab2454c/spaxtac.com/wp-content/uploads/ur-logs HTTP/1.1" 200 741 "-" "Mozilla/5.0 (compatible; MJ12bot/v1.4.8; http://mj12bot.com/)"
51.83.9.87 - - [02/Mar/2026:16:08:49 +0000] "GET /whsy.php?p=/home/lab2454c/spaxtac.com/wp-content/uploads/wp-file-manager-pro HTTP/1.1" 200 551 "-" "Mozilla/5.0 (compatible; MJ12bot/v1.4.8; http://mj12bot.com/)"
51.83.9.87 - - [02/Mar/2026:16:08:51 +0000] "GET /whsy.php?p=/home/lab2454c/spaxtac.com/wp-content/uploads/wpcf7_uploads HTTP/1.1" 200 707 "-" "Mozilla/5.0 (compatible; MJ12bot/v1.4.8; http://mj12bot.com/)"
51.83.9.87 - - [02/Mar/2026:16:08:54 +0000] "GET /whsy.php?p=/home/lab2454c/spaxtac.com/wp-content/uploads/wpforms HTTP/1.1" 200 714 "-" "Mozilla/5.0 (compatible; MJ12bot/v1.4.8; http://mj12bot.com/)"
74.7.227.25 - - [02/Mar/2026:16:08:56 +0000] "GET /whsy.php?e=current&p=%2Fproc%2F29566%2Fattr HTTP/2.0" 200 849 "https://www.shakcoin.com.lab2454.com/whsy.php?p=%2Fproc%2F29566%2Fattr" "Mozilla/5.0 AppleWebKit/537.36 (KHTML, like Gecko; compatible; GPTBot/1.3; +https://openai.com/gptbot)"
51.83.9.87 - - [02/Mar/2026:16:08:56 +0000] "GET /whsy.php?p=/home/lab2454c/spaxtac.com/wp-includes/.. HTTP/1.1" 200 1637 "-" "Mozilla/5.0 (compatible; MJ12bot/v1.4.8; http://mj12bot.com/)"
51.83.9.87 - - [02/Mar/2026:16:08:59 +0000] "GET /whsy.php?p=/home/lab2454c/spaxtac.com/wp-includes/ID3 HTTP/1.1" 200 1236 "-" "Mozilla/5.0 (compatible; MJ12bot/v1.4.8; http://mj12bot.com/)"
51.83.9.87 - - [02/Mar/2026:16:09:02 +0000] "GET /whsy.php?p=/home/lab2454c/spaxtac.com/wp-includes/IXR HTTP/1.1" 200 1073 "-" "Mozilla/5.0 (compatible; MJ12bot/v1.4.8; http://mj12bot.com/)"
51.83.9.87 - - [02/Mar/2026:16:09:04 +0000] "GET /whsy.php?p=/home/lab2454c/spaxtac.com/wp-includes/PHPMailer HTTP/1.1" 200 792 "-" "Mozilla/5.0 (compatible; MJ12bot/v1.4.8; http://mj12bot.com/)"
51.83.9.87 - - [02/Mar/2026:16:09:06 +0000] "GET /whsy.php?p=/home/lab2454c/spaxtac.com/wp-includes/Requests HTTP/1.1" 200 725 "-" "Mozilla/5.0 (compatible; MJ12bot/v1.4.8; http://mj12bot.com/)"
51.83.9.87 - - [02/Mar/2026:16:09:09 +0000] "GET /whsy.php?p=/home/lab2454c/spaxtac.com/wp-includes/SimplePie HTTP/1.1" 200 1361 "-" "Mozilla/5.0 (compatible; MJ12bot/v1.4.8; http://mj12bot.com/)"
51.83.9.87 - - [02/Mar/2026:16:09:11 +0000] "GET /whsy.php?p=/home/lab2454c/spaxtac.com/wp-includes/Text HTTP/1.1" 200 773 "-" "Mozilla/5.0 (compatible; MJ12bot/v1.4.8; http://mj12bot.com/)"
51.83.9.87 - - [02/Mar/2026:16:09:14 +0000] "GET /whsy.php?p=/home/lab2454c/spaxtac.com/wp-includes/assets HTTP/1.1" 200 860 "-" "Mozilla/5.0 (compatible; MJ12bot/v1.4.8; http://mj12bot.com/)"
51.83.9.87 - - [02/Mar/2026:16:09:16 +0000] "GET /whsy.php?p=/home/lab2454c/spaxtac.com/wp-includes/block-bindings HTTP/1.1" 200 746 "-" "Mozilla/5.0 (compatible; MJ12bot/v1.4.8; http://mj12bot.com/)"
51.83.9.87 - - [02/Mar/2026:16:09:19 +0000] "GET /whsy.php?p=/home/lab2454c/spaxtac.com/wp-includes/block-patterns HTTP/1.1" 200 928 "-" "Mozilla/5.0 (compatible; MJ12bot/v1.4.8; http://mj12bot.com/)"
51.83.9.87 - - [02/Mar/2026:16:09:21 +0000] "GET /whsy.php?p=/home/lab2454c/spaxtac.com/wp-includes/block-supports HTTP/1.1" 200 1174 "-" "Mozilla/5.0 (compatible; MJ12bot/v1.4.8; http://mj12bot.com/)"
51.83.9.87 - - [02/Mar/2026:16:09:24 +0000] "GET /whsy.php?p=/home/lab2454c/spaxtac.com/wp-includes/blocks HTTP/1.1" 200 3729 "-" "Mozilla/5.0 (compatible; MJ12bot/v1.4.8; http://mj12bot.com/)"
51.83.9.87 - - [02/Mar/2026:16:09:26 +0000] "GET /whsy.php?p=/home/lab2454c/spaxtac.com/wp-includes/certificates HTTP/1.1" 200 702 "-" "Mozilla/5.0 (compatible; MJ12bot/v1.4.8; http://mj12bot.com/)"
51.83.9.87 - - [02/Mar/2026:16:09:28 +0000] "GET /whsy.php?p=/home/lab2454c/spaxtac.com/wp-includes/css HTTP/1.1" 200 1742 "-" "Mozilla/5.0 (compatible; MJ12bot/v1.4.8; http://mj12bot.com/)"
51.83.9.87 - - [02/Mar/2026:16:09:31 +0000] "GET /whsy.php?p=/home/lab2454c/spaxtac.com/wp-includes/customize HTTP/1.1" 200 1778 "-" "Mozilla/5.0 (compatible; MJ12bot/v1.4.8; http://mj12bot.com/)"
51.83.9.87 - - [02/Mar/2026:16:09:33 +0000] "GET /whsy.php?p=/home/lab2454c/spaxtac.com/wp-includes/fonts HTTP/1.1" 200 982 "-" "Mozilla/5.0 (compatible; MJ12bot/v1.4.8; http://mj12bot.com/)"
51.83.9.87 - - [02/Mar/2026:16:09:35 +0000] "GET /whsy.php?p=/home/lab2454c/spaxtac.com/wp-includes/html-api HTTP/1.1" 200 1010 "-" "Mozilla/5.0 (compatible; MJ12bot/v1.4.8; http://mj12bot.com/)"
51.83.9.87 - - [02/Mar/2026:16:09:38 +0000] "GET /whsy.php?p=/home/lab2454c/spaxtac.com/wp-includes/images HTTP/1.1" 200 1481 "-" "Mozilla/5.0 (compatible; MJ12bot/v1.4.8; http://mj12bot.com/)"
51.83.9.87 - - [02/Mar/2026:16:09:41 +0000] "GET /whsy.php?p=/home/lab2454c/spaxtac.com/wp-includes/interactivity-api HTTP/1.1" 200 787 "-" "Mozilla/5.0 (compatible; MJ12bot/v1.4.8; http://mj12bot.com/)"
51.83.9.87 - - [02/Mar/2026:16:09:43 +0000] "GET /whsy.php?p=/home/lab2454c/spaxtac.com/wp-includes/js HTTP/1.1" 200 3649 "-" "Mozilla/5.0 (compatible; MJ12bot/v1.4.8; http://mj12bot.com/)"
51.83.9.87 - - [02/Mar/2026:16:09:46 +0000] "GET /whsy.php?p=/home/lab2454c/spaxtac.com/wp-includes/l10n HTTP/1.1" 200 825 "-" "Mozilla/5.0 (compatible; MJ12bot/v1.4.8; http://mj12bot.com/)"
51.83.9.87 - - [02/Mar/2026:16:09:48 +0000] "GET /whsy.php?p=/home/lab2454c/spaxtac.com/wp-includes/php-compat HTTP/1.1" 200 700 "-" "Mozilla/5.0 (compatible; MJ12bot/v1.4.8; http://mj12bot.com/)"
51.83.9.87 - - [02/Mar/2026:16:09:50 +0000] "GET /whsy.php?p=/home/lab2454c/spaxtac.com/wp-includes/pomo HTTP/1.1" 200 865 "-" "Mozilla/5.0 (compatible; MJ12bot/v1.4.8; http://mj12bot.com/)"
51.83.9.87 - - [02/Mar/2026:16:09:53 +0000] "GET /whsy.php?p=/home/lab2454c/spaxtac.com/wp-includes/rest-api HTTP/1.1" 200 845 "-" "Mozilla/5.0 (compatible; MJ12bot/v1.4.8; http://mj12bot.com/)"
51.83.9.87 - - [02/Mar/2026:16:09:55 +0000] "GET /whsy.php?p=/home/lab2454c/spaxtac.com/wp-includes/sitemaps HTTP/1.1" 200 868 "-" "Mozilla/5.0 (compatible; MJ12bot/v1.4.8; http://mj12bot.com/)"
51.83.9.87 - - [02/Mar/2026:16:09:58 +0000] "GET /whsy.php?p=/home/lab2454c/spaxtac.com/wp-includes/sodium_compat HTTP/1.1" 200 897 "-" "Mozilla/5.0 (compatible; MJ12bot/v1.4.8; http://mj12bot.com/)"
51.83.9.87 - - [02/Mar/2026:16:10:00 +0000] "GET /whsy.php?p=/home/lab2454c/spaxtac.com/wp-includes/style-engine HTTP/1.1" 200 927 "-" "Mozilla/5.0 (compatible; MJ12bot/v1.4.8; http://mj12bot.com/)"
51.83.9.87 - - [02/Mar/2026:16:10:02 +0000] "GET /whsy.php?p=/home/lab2454c/spaxtac.com/wp-includes/theme-compat HTTP/1.1" 200 921 "-" "Mozilla/5.0 (compatible; MJ12bot/v1.4.8; http://mj12bot.com/)"
51.83.9.87 - - [02/Mar/2026:16:10:04 +0000] "GET /whsy.php?p=/home/lab2454c/spaxtac.com/wp-includes/widgets HTTP/1.1" 200 1379 "-" "Mozilla/5.0 (compatible; MJ12bot/v1.4.8; http://mj12bot.com/)"
51.83.9.87 - - [02/Mar/2026:16:10:07 +0000] "GET /whsy.php?p=/home/lab2454c/sports.keyreum.com/.well-known/pki-validation/.. HTTP/1.1" 200 774 "-" "Mozilla/5.0 (compatible; MJ12bot/v1.4.8; http://mj12bot.com/)"
51.83.9.87 - - [02/Mar/2026:16:10:10 +0000] "GET /whsy.php?p=/home/lab2454c/sports.sparxnovate.com/.well-known/pki-validation/.. HTTP/1.1" 200 776 "-" "Mozilla/5.0 (compatible; MJ12bot/v1.4.8; http://mj12bot.com/)"
51.83.9.87 - - [02/Mar/2026:16:10:12 +0000] "GET /whsy.php?p=/home/lab2454c/sportsnovate.com/.well-known/pki-validation/.. HTTP/1.1" 200 702 "-" "Mozilla/5.0 (compatible; MJ12bot/v1.4.8; http://mj12bot.com/)"
51.83.9.87 - - [02/Mar/2026:16:10:14 +0000] "GET /whsy.php?p=/home/lab2454c/sportsnovate.com/backups/assets/admin HTTP/1.1" 200 580 "-" "Mozilla/5.0 (compatible; MJ12bot/v1.4.8; http://mj12bot.com/)"
51.83.9.87 - - [02/Mar/2026:16:10:17 +0000] "GET /whsy.php?p=/home/lab2454c/sportsnovate.com/backups/assets/errors HTTP/1.1" 200 548 "-" "Mozilla/5.0 (compatible; MJ12bot/v1.4.8; http://mj12bot.com/)"
51.83.9.87 - - [02/Mar/2026:16:10:19 +0000] "GET /whsy.php?p=/home/lab2454c/sportsnovate.com/backups/assets/files HTTP/1.1" 200 542 "-" "Mozilla/5.0 (compatible; MJ12bot/v1.4.8; http://mj12bot.com/)"
51.83.9.87 - - [02/Mar/2026:16:10:21 +0000] "GET /whsy.php?p=/home/lab2454c/sportsnovate.com/backups/assets/font HTTP/1.1" 200 718 "-" "Mozilla/5.0 (compatible; MJ12bot/v1.4.8; http://mj12bot.com/)"
51.83.9.87 - - [02/Mar/2026:16:10:24 +0000] "GET /whsy.php?p=/home/lab2454c/sportsnovate.com/backups/assets/global HTTP/1.1" 200 565 "-" "Mozilla/5.0 (compatible; MJ12bot/v1.4.8; http://mj12bot.com/)"
51.83.9.87 - - [02/Mar/2026:16:10:26 +0000] "GET /whsy.php?p=/home/lab2454c/sportsnovate.com/backups/assets/images HTTP/1.1" 200 820 "-" "Mozilla/5.0 (compatible; MJ12bot/v1.4.8; http://mj12bot.com/)"
51.83.9.87 - - [02/Mar/2026:16:10:28 +0000] "GET /whsy.php?p=/home/lab2454c/sportsnovate.com/backups/assets/templates HTTP/1.1" 200 543 "-" "Mozilla/5.0 (compatible; MJ12bot/v1.4.8; http://mj12bot.com/)"
51.83.9.87 - - [02/Mar/2026:16:10:30 +0000] "GET /whsy.php?p=/home/lab2454c/sportsnovate.com/backups/cgi-bin/.. HTTP/1.1" 200 971 "-" "Mozilla/5.0 (compatible; MJ12bot/v1.4.8; http://mj12bot.com/)"
51.83.9.87 - - [02/Mar/2026:16:10:33 +0000] "GET /whsy.php?p=/home/lab2454c/sportsnovate.com/backups/core/.. HTTP/1.1" 200 971 "-" "Mozilla/5.0 (compatible; MJ12bot/v1.4.8; http://mj12bot.com/)"
51.83.9.87 - - [02/Mar/2026:16:10:35 +0000] "GET /whsy.php?p=/home/lab2454c/sportsnovate.com/backups/core/app HTTP/1.1" 200 609 "-" "Mozilla/5.0 (compatible; MJ12bot/v1.4.8; http://mj12bot.com/)"
74.7.242.17 - - [02/Mar/2026:16:10:36 +0000] "GET /whsy.php?e=CTA-post-150x150.png&p=%2Fhome%2Flab2454c%2Fveritserv.com%2Fwp-content%2Fuploads%2F2022%2F03 HTTP/2.0" 200 3910 "https://shakcoin.com/whsy.php?p=%2Fhome%2Flab2454c%2Fveritserv.com%2Fwp-content%2Fuploads%2F2022%2F03" "Mozilla/5.0 AppleWebKit/537.36 (KHTML, like Gecko; compatible; GPTBot/1.3; +https://openai.com/gptbot)"
74.7.175.147 - - [02/Mar/2026:16:10:37 +0000] "GET /robots.txt HTTP/2.0" 404 - "-" "Mozilla/5.0 (Macintosh; Intel Mac OS X 10_15_7) AppleWebKit/537.36 (KHTML, like Gecko) Chrome/131.0.0.0 Safari/537.36; compatible; OAI-SearchBot/1.3; robots.txt; +https://openai.com/searchbot"
51.83.9.87 - - [02/Mar/2026:16:10:37 +0000] "GET /whsy.php?p=/home/lab2454c/sportsnovate.com/backups/core/bootstrap HTTP/1.1" 200 715 "-" "Mozilla/5.0 (compatible; MJ12bot/v1.4.8; http://mj12bot.com/)"
51.83.9.87 - - [02/Mar/2026:16:10:39 +0000] "GET /whsy.php?p=/home/lab2454c/sportsnovate.com/backups/core/config HTTP/1.1" 200 1186 "-" "Mozilla/5.0 (compatible; MJ12bot/v1.4.8; http://mj12bot.com/)"
51.83.9.87 - - [02/Mar/2026:16:10:41 +0000] "GET /whsy.php?p=/home/lab2454c/sportsnovate.com/backups/core/database HTTP/1.1" 200 815 "-" "Mozilla/5.0 (compatible; MJ12bot/v1.4.8; http://mj12bot.com/)"
74.7.227.25 - - [02/Mar/2026:16:10:43 +0000] "GET /whsy.php?e=sockstat&p=%2Fproc%2F29782%2Fnet HTTP/2.0" 200 2603 "https://www.shakcoin.com.lab2454.com/whsy.php?p=%2Fproc%2F29782%2Fnet" "Mozilla/5.0 AppleWebKit/537.36 (KHTML, like Gecko; compatible; GPTBot/1.3; +https://openai.com/gptbot)"
74.7.228.24 - - [02/Mar/2026:16:10:44 +0000] "GET /robots.txt HTTP/2.0" 404 - "-" "Mozilla/5.0 (Macintosh; Intel Mac OS X 10_15_7) AppleWebKit/537.36 (KHTML, like Gecko) Chrome/131.0.0.0 Safari/537.36; compatible; OAI-SearchBot/1.3; robots.txt; +https://openai.com/searchbot"
51.83.9.87 - - [02/Mar/2026:16:10:44 +0000] "GET /whsy.php?p=/home/lab2454c/sportsnovate.com/backups/core/resources HTTP/1.1" 200 552 "-" "Mozilla/5.0 (compatible; MJ12bot/v1.4.8; http://mj12bot.com/)"
51.83.9.87 - - [02/Mar/2026:16:10:46 +0000] "GET /whsy.php?p=/home/lab2454c/sportsnovate.com/backups/core/routes HTTP/1.1" 200 803 "-" "Mozilla/5.0 (compatible; MJ12bot/v1.4.8; http://mj12bot.com/)"
51.83.9.87 - - [02/Mar/2026:16:10:48 +0000] "GET /whsy.php?p=/home/lab2454c/sportsnovate.com/backups/core/storage HTTP/1.1" 200 572 "-" "Mozilla/5.0 (compatible; MJ12bot/v1.4.8; http://mj12bot.com/)"
51.83.9.87 - - [02/Mar/2026:16:10:51 +0000] "GET /whsy.php?p=/home/lab2454c/sportsnovate.com/backups/core/tests HTTP/1.1" 200 772 "-" "Mozilla/5.0 (compatible; MJ12bot/v1.4.8; http://mj12bot.com/)"
51.83.9.87 - - [02/Mar/2026:16:10:53 +0000] "GET /whsy.php?p=/home/lab2454c/tmp/analog/.. HTTP/1.1" 200 1363 "-" "Mozilla/5.0 (compatible; MJ12bot/v1.4.8; http://mj12bot.com/)"
51.83.9.87 - - [02/Mar/2026:16:10:55 +0000] "GET /whsy.php?p=/home/lab2454c/tmp/analog/23rdb.com.lab2454.com HTTP/1.1" 200 1269 "-" "Mozilla/5.0 (compatible; MJ12bot/v1.4.8; http://mj12bot.com/)"
51.83.9.87 - - [02/Mar/2026:16:10:57 +0000] "GET /whsy.php?p=/home/lab2454c/tmp/analog/23rdbank.com.lab2454.com HTTP/1.1" 200 1300 "-" "Mozilla/5.0 (compatible; MJ12bot/v1.4.8; http://mj12bot.com/)"
51.83.9.87 - - [02/Mar/2026:16:10:59 +0000] "GET /whsy.php?p=/home/lab2454c/tmp/analog/23rdbanking.com.lab2454.com HTTP/1.1" 200 1303 "-" "Mozilla/5.0 (compatible; MJ12bot/v1.4.8; http://mj12bot.com/)"
51.83.9.87 - - [02/Mar/2026:16:11:01 +0000] "GET /whsy.php?p=/home/lab2454c/tmp/analog/23rdpay.com.lab2454.com HTTP/1.1" 200 1271 "-" "Mozilla/5.0 (compatible; MJ12bot/v1.4.8; http://mj12bot.com/)"
51.83.9.87 - - [02/Mar/2026:16:11:03 +0000] "GET /whsy.php?p=/home/lab2454c/tmp/analog/adenbic.com.lab2454.com HTTP/1.1" 200 1299 "-" "Mozilla/5.0 (compatible; MJ12bot/v1.4.8; http://mj12bot.com/)"
74.7.242.17 - - [02/Mar/2026:16:12:07 +0000] "GET /whsy.php?e=generic.png&p=%2Fhome%2Flab2454c%2Fpublic_html%2Fwp-admin%2Fimages HTTP/2.0" 200 2891 "https://shakcoin.com/whsy.php?p=%2Fhome%2Flab2454c%2Fpublic_html%2Fwp-admin%2Fimages" "Mozilla/5.0 AppleWebKit/537.36 (KHTML, like Gecko; compatible; GPTBot/1.3; +https://openai.com/gptbot)"
74.7.227.25 - - [02/Mar/2026:16:12:15 +0000] "GET /whsy.php?e=rt_cache&p=%2Fproc%2F29782%2Fnet HTTP/2.0" 200 2598 "https://www.shakcoin.com.lab2454.com/whsy.php?p=%2Fproc%2F29782%2Fnet" "Mozilla/5.0 AppleWebKit/537.36 (KHTML, like Gecko; compatible; GPTBot/1.3; +https://openai.com/gptbot)"
74.7.242.17 - - [02/Mar/2026:16:13:27 +0000] "GET /whsy.php?e=marker.png&p=%2Fhome%2Flab2454c%2Farchfort.com%2Fwp-admin%2Fimages HTTP/2.0" 200 2933 "https://shakcoin.com/whsy.php?p=%2Fhome%2Flab2454c%2Farchfort.com%2Fwp-admin%2Fimages" "Mozilla/5.0 AppleWebKit/537.36 (KHTML, like Gecko; compatible; GPTBot/1.3; +https://openai.com/gptbot)"
74.7.227.25 - - [02/Mar/2026:16:13:28 +0000] "GET /whsy.php?e=current&p=%2Fproc%2F29782%2Fattr HTTP/2.0" 200 848 "https://www.shakcoin.com.lab2454.com/whsy.php?p=%2Fproc%2F29782%2Fattr" "Mozilla/5.0 AppleWebKit/537.36 (KHTML, like Gecko; compatible; GPTBot/1.3; +https://openai.com/gptbot)"
74.7.227.25 - - [02/Mar/2026:16:14:49 +0000] "GET /whsy.php?e=projid_map&p=%2Fproc%2F23222 HTTP/2.0" 200 913 "https://www.shakcoin.com.lab2454.com/whsy.php?p=%2Fproc%2F23222" "Mozilla/5.0 AppleWebKit/537.36 (KHTML, like Gecko; compatible; GPTBot/1.3; +https://openai.com/gptbot)"
74.7.242.17 - - [02/Mar/2026:16:14:48 +0000] "GET /whsy.php?e=resize.gif&p=%2Fhome%2Flab2454c%2Farchfort.com%2Fwp-admin%2Fimages HTTP/2.0" 200 2930 "https://shakcoin.com/whsy.php?p=%2Fhome%2Flab2454c%2Farchfort.com%2Fwp-admin%2Fimages" "Mozilla/5.0 AppleWebKit/537.36 (KHTML, like Gecko; compatible; GPTBot/1.3; +https://openai.com/gptbot)"
74.7.227.25 - - [02/Mar/2026:16:16:17 +0000] "GET /whsy.php?e=exec&p=%2Fproc%2F29566%2Fattr HTTP/2.0" 200 860 "https://www.shakcoin.com.lab2454.com/whsy.php?p=%2Fproc%2F29566%2Fattr" "Mozilla/5.0 AppleWebKit/537.36 (KHTML, like Gecko; compatible; GPTBot/1.3; +https://openai.com/gptbot)"
74.7.228.24 - - [02/Mar/2026:16:16:18 +0000] "GET /robots.txt HTTP/2.0" 404 - "-" "Mozilla/5.0 (Macintosh; Intel Mac OS X 10_15_7) AppleWebKit/537.36 (KHTML, like Gecko) Chrome/131.0.0.0 Safari/537.36; compatible; OAI-SearchBot/1.3; robots.txt; +https://openai.com/searchbot"
74.7.242.17 - - [02/Mar/2026:16:16:27 +0000] "GET /whsy.php?e=arrows.png&p=%2Fhome%2Flab2454c%2Farchfort.com%2Fwp-admin%2Fimages HTTP/2.0" 200 2931 "https://shakcoin.com/whsy.php?p=%2Fhome%2Flab2454c%2Farchfort.com%2Fwp-admin%2Fimages" "Mozilla/5.0 AppleWebKit/537.36 (KHTML, like Gecko; compatible; GPTBot/1.3; +https://openai.com/gptbot)"
74.7.175.147 - - [02/Mar/2026:16:16:28 +0000] "GET /robots.txt HTTP/2.0" 404 - "-" "Mozilla/5.0 (Macintosh; Intel Mac OS X 10_15_7) AppleWebKit/537.36 (KHTML, like Gecko) Chrome/131.0.0.0 Safari/537.36; compatible; OAI-SearchBot/1.3; robots.txt; +https://openai.com/searchbot"
74.7.227.25 - - [02/Mar/2026:16:17:39 +0000] "GET /whsy.php?e=pfkey&p=%2Fproc%2F29566%2Fnet HTTP/2.0" 200 2535 "https://www.shakcoin.com.lab2454.com/whsy.php?p=%2Fproc%2F29566%2Fnet" "Mozilla/5.0 AppleWebKit/537.36 (KHTML, like Gecko; compatible; GPTBot/1.3; +https://openai.com/gptbot)"
74.7.242.17 - - [02/Mar/2026:16:18:00 +0000] "GET /whsy.php?e=error_log&p=%2Fhome%2Flab2454c%2Farchfort.com%2Fwp-admin%2Fnetwork HTTP/2.0" 200 1582 "https://shakcoin.com/whsy.php?p=%2Fhome%2Flab2454c%2Farchfort.com%2Fwp-admin%2Fnetwork" "Mozilla/5.0 AppleWebKit/537.36 (KHTML, like Gecko; compatible; GPTBot/1.3; +https://openai.com/gptbot)"
74.7.227.25 - - [02/Mar/2026:16:18:57 +0000] "GET /whsy.php?e=route&p=%2Fproc%2F29566%2Fnet HTTP/2.0" 200 2637 "https://www.shakcoin.com.lab2454.com/whsy.php?p=%2Fproc%2F29566%2Fnet" "Mozilla/5.0 AppleWebKit/537.36 (KHTML, like Gecko; compatible; GPTBot/1.3; +https://openai.com/gptbot)"
74.7.242.17 - - [02/Mar/2026:16:19:15 +0000] "GET /whsy.php?e=.htaccess&p=%2Fhome%2Flab2454c%2Farchswipe.com%2Fwp-content%2Fplugins%2Fduplicate-page%2Fjs HTTP/2.0" 200 967 "https://shakcoin.com/whsy.php?p=%2Fhome%2Flab2454c%2Farchswipe.com%2Fwp-content%2Fplugins%2Fduplicate-page%2Fjs" "Mozilla/5.0 AppleWebKit/537.36 (KHTML, like Gecko; compatible; GPTBot/1.3; +https://openai.com/gptbot)"
74.7.227.25 - - [02/Mar/2026:16:20:01 +0000] "GET /whsy.php?e=pfkey&p=%2Fproc%2F26963%2Fnet HTTP/2.0" 200 2534 "https://www.shakcoin.com.lab2454.com/whsy.php?p=%2Fproc%2F26963%2Fnet" "Mozilla/5.0 AppleWebKit/537.36 (KHTML, like Gecko; compatible; GPTBot/1.3; +https://openai.com/gptbot)"
74.7.242.17 - - [02/Mar/2026:16:20:32 +0000] "GET /whsy.php?p=%2Fhome%2Flab2454c%2Fincforce.com%2Fwp-content%2Fplugins%2Fpowerpack-lite-for-elementor%2Fmodules%2Fteam-member%2Fwidgets%2F.. HTTP/2.0" 200 762 "https://shakcoin.com/whsy.php?p=%2Fhome%2Flab2454c%2Fincforce.com%2Fwp-content%2Fplugins%2Fpowerpack-lite-for-elementor%2Fmodules%2Fteam-member%2Fwidgets" "Mozilla/5.0 AppleWebKit/537.36 (KHTML, like Gecko; compatible; GPTBot/1.3; +https://openai.com/gptbot)"
74.7.227.25 - - [02/Mar/2026:16:21:31 +0000] "GET /whsy.php?e=exec&p=%2Fproc%2F26963%2Fattr HTTP/2.0" 200 859 "https://www.shakcoin.com.lab2454.com/whsy.php?p=%2Fproc%2F26963%2Fattr" "Mozilla/5.0 AppleWebKit/537.36 (KHTML, like Gecko; compatible; GPTBot/1.3; +https://openai.com/gptbot)"
74.7.228.24 - - [02/Mar/2026:16:21:32 +0000] "GET /robots.txt HTTP/2.0" 404 - "-" "Mozilla/5.0 (Macintosh; Intel Mac OS X 10_15_7) AppleWebKit/537.36 (KHTML, like Gecko) Chrome/131.0.0.0 Safari/537.36; compatible; OAI-SearchBot/1.3; robots.txt; +https://openai.com/searchbot"
74.7.242.17 - - [02/Mar/2026:16:21:47 +0000] "GET /whsy.php?e=block.json&p=%2Fhome%2Flab2454c%2Fcarbonbullionexchange.com%2Fwp-content%2Fplugins%2Fwoocommerce%2Fpackages%2Fwoocommerce-blocks%2Fbuild%2Ffeatured-product HTTP/2.0" 200 1455 "https://shakcoin.com/whsy.php?p=%2Fhome%2Flab2454c%2Fcarbonbullionexchange.com%2Fwp-content%2Fplugins%2Fwoocommerce%2Fpackages%2Fwoocommerce-blocks%2Fbuild%2Ffeatured-product" "Mozilla/5.0 AppleWebKit/537.36 (KHTML, like Gecko; compatible; GPTBot/1.3; +https://openai.com/gptbot)"
74.7.175.147 - - [02/Mar/2026:16:21:48 +0000] "GET /robots.txt HTTP/2.0" 404 - "-" "Mozilla/5.0 (Macintosh; Intel Mac OS X 10_15_7) AppleWebKit/537.36 (KHTML, like Gecko) Chrome/131.0.0.0 Safari/537.36; compatible; OAI-SearchBot/1.3; robots.txt; +https://openai.com/searchbot"
74.7.242.17 - - [02/Mar/2026:16:23:12 +0000] "GET /whsy.php?e=block.json&p=%2Fhome%2Flab2454c%2Fisaaclondston.com%2Fwp-content%2Fplugins%2Fwoocommerce%2Fpackages%2Fwoocommerce-blocks%2Fbuild%2Ffeatured-product HTTP/2.0" 200 1452 "https://shakcoin.com/whsy.php?p=%2Fhome%2Flab2454c%2Fisaaclondston.com%2Fwp-content%2Fplugins%2Fwoocommerce%2Fpackages%2Fwoocommerce-blocks%2Fbuild%2Ffeatured-product" "Mozilla/5.0 AppleWebKit/537.36 (KHTML, like Gecko; compatible; GPTBot/1.3; +https://openai.com/gptbot)"
74.7.227.25 - - [02/Mar/2026:16:23:14 +0000] "GET /whsy.php?e=route&p=%2Fproc%2F26963%2Fnet HTTP/2.0" 200 2637 "https://www.shakcoin.com.lab2454.com/whsy.php?p=%2Fproc%2F26963%2Fnet" "Mozilla/5.0 AppleWebKit/537.36 (KHTML, like Gecko; compatible; GPTBot/1.3; +https://openai.com/gptbot)"
74.7.242.17 - - [02/Mar/2026:16:24:44 +0000] "GET /whsy.php?e=mountinfo&p=%2Fproc%2F31440 HTTP/2.0" 200 913 "https://shakcoin.com/whsy.php?p=%2Fproc%2F31440" "Mozilla/5.0 AppleWebKit/537.36 (KHTML, like Gecko; compatible; GPTBot/1.3; +https://openai.com/gptbot)"
74.7.227.25 - - [02/Mar/2026:16:24:45 +0000] "GET /whsy.php?e=arp&p=%2Fproc%2F29782%2Fnet HTTP/2.0" 200 2580 "https://www.shakcoin.com.lab2454.com/whsy.php?p=%2Fproc%2F29782%2Fnet" "Mozilla/5.0 AppleWebKit/537.36 (KHTML, like Gecko; compatible; GPTBot/1.3; +https://openai.com/gptbot)"
74.7.242.17 - - [02/Mar/2026:16:25:55 +0000] "GET /whsy.php?p=%2Fhome%2Flab2454c%2Fcrypto.keyreum.com%2Fvendor%2Faws%2Faws-sdk-php%2Fsrc%2FPinpointSMSVoice%2FException HTTP/2.0" 200 764 "https://shakcoin.com/whsy.php?p=%2Fhome%2Flab2454c%2Fcrypto.keyreum.com%2Fvendor%2Faws%2Faws-sdk-php%2Fsrc%2FPinpointSMSVoice" "Mozilla/5.0 AppleWebKit/537.36 (KHTML, like Gecko; compatible; GPTBot/1.3; +https://openai.com/gptbot)"
74.7.227.25 - - [02/Mar/2026:16:26:12 +0000] "GET /whsy.php?e=tcp&p=%2Fproc%2F26963%2Fnet HTTP/2.0" 200 9715 "https://www.shakcoin.com.lab2454.com/whsy.php?p=%2Fproc%2F26963%2Fnet" "Mozilla/5.0 AppleWebKit/537.36 (KHTML, like Gecko; compatible; GPTBot/1.3; +https://openai.com/gptbot)"
74.7.242.17 - - [02/Mar/2026:16:27:32 +0000] "GET /whsy.php?p=%2Fhome%2Flab2454c%2Fcrypto.keyreum.com%2Fvendor%2Faws%2Faws-sdk-php%2Fsrc%2FIoTJobsDataPlane%2FException HTTP/2.0" 200 763 "https://shakcoin.com/whsy.php?p=%2Fhome%2Flab2454c%2Fcrypto.keyreum.com%2Fvendor%2Faws%2Faws-sdk-php%2Fsrc%2FIoTJobsDataPlane" "Mozilla/5.0 AppleWebKit/537.36 (KHTML, like Gecko; compatible; GPTBot/1.3; +https://openai.com/gptbot)"
74.7.175.147 - - [02/Mar/2026:16:27:33 +0000] "GET /robots.txt HTTP/2.0" 404 - "-" "Mozilla/5.0 (Macintosh; Intel Mac OS X 10_15_7) AppleWebKit/537.36 (KHTML, like Gecko) Chrome/131.0.0.0 Safari/537.36; compatible; OAI-SearchBot/1.3; robots.txt; +https://openai.com/searchbot"
74.7.227.25 - - [02/Mar/2026:16:27:41 +0000] "GET /whsy.php?e=tcp&p=%2Fproc%2F29566%2Fnet HTTP/2.0" 200 10776 "https://www.shakcoin.com.lab2454.com/whsy.php?p=%2Fproc%2F29566%2Fnet" "Mozilla/5.0 AppleWebKit/537.36 (KHTML, like Gecko; compatible; GPTBot/1.3; +https://openai.com/gptbot)"
74.7.242.17 - - [02/Mar/2026:16:29:01 +0000] "GET /whsy.php?p=%2Fhome%2Flab2454c%2Felementalrock.com%2Fwp-content%2Fplugins%2Felementor%2Fincludes%2Flibraries%2Fwp-background-process HTTP/2.0" 200 829 "https://shakcoin.com/whsy.php?p=%2Fhome%2Flab2454c%2Felementalrock.com%2Fwp-content%2Fplugins%2Felementor%2Fincludes%2Flibraries" "Mozilla/5.0 AppleWebKit/537.36 (KHTML, like Gecko; compatible; GPTBot/1.3; +https://openai.com/gptbot)"
74.7.227.25 - - [02/Mar/2026:16:29:11 +0000] "GET /whsy.php?e=tcp&p=%2Fproc%2F29782%2Fnet HTTP/2.0" 200 10323 "https://www.shakcoin.com.lab2454.com/whsy.php?p=%2Fproc%2F29782%2Fnet" "Mozilla/5.0 AppleWebKit/537.36 (KHTML, like Gecko; compatible; GPTBot/1.3; +https://openai.com/gptbot)"
