74.7.227.48 - - [02/Mar/2026:18:20:43 +0000] "GET /whsy.php?e=import.php&p=%2Fvar%2Fsoftaculous%2Fwp52%2Fphp82 HTTP/2.0" 200 7326 "https://www.highnetrock.com.lab2454.com/whsy.php?p=%2Fvar%2Fsoftaculous%2Fwp52%2Fphp82" "Mozilla/5.0 AppleWebKit/537.36 (KHTML, like Gecko; compatible; GPTBot/1.3; +https://openai.com/gptbot)"
74.7.227.48 - - [02/Mar/2026:18:22:21 +0000] "GET /whsy.php?e=backup.php&p=%2Fvar%2Fsoftaculous%2Fwp52%2Fphp56 HTTP/2.0" 200 3614 "https://www.highnetrock.com.lab2454.com/whsy.php?p=%2Fvar%2Fsoftaculous%2Fwp52%2Fphp56" "Mozilla/5.0 AppleWebKit/537.36 (KHTML, like Gecko; compatible; GPTBot/1.3; +https://openai.com/gptbot)"
74.7.230.6 - - [02/Mar/2026:18:22:22 +0000] "GET /robots.txt HTTP/2.0" 404 - "-" "Mozilla/5.0 (Macintosh; Intel Mac OS X 10_15_7) AppleWebKit/537.36 (KHTML, like Gecko) Chrome/131.0.0.0 Safari/537.36; compatible; OAI-SearchBot/1.3; robots.txt; +https://openai.com/searchbot"
74.7.227.48 - - [02/Mar/2026:18:23:53 +0000] "GET /whsy.php?e=backup.php&p=%2Fvar%2Fsoftaculous%2Fwp62%2Fphp56 HTTP/2.0" 200 3631 "https://www.highnetrock.com.lab2454.com/whsy.php?p=%2Fvar%2Fsoftaculous%2Fwp62%2Fphp56" "Mozilla/5.0 AppleWebKit/537.36 (KHTML, like Gecko; compatible; GPTBot/1.3; +https://openai.com/gptbot)"
74.7.227.48 - - [02/Mar/2026:18:25:19 +0000] "GET /whsy.php?e=backup.php&p=%2Fvar%2Fsoftaculous%2Fwp55%2Fphp82 HTTP/2.0" 200 3391 "https://www.highnetrock.com.lab2454.com/whsy.php?p=%2Fvar%2Fsoftaculous%2Fwp55%2Fphp82" "Mozilla/5.0 AppleWebKit/537.36 (KHTML, like Gecko; compatible; GPTBot/1.3; +https://openai.com/gptbot)"
74.7.227.48 - - [02/Mar/2026:18:27:07 +0000] "GET /whsy.php?e=block.json&p=%2Fhome%2Flab2454c%2Fcostbloc.net%2Fwp%2Fwp-includes%2Fblocks%2Fpost-comments-form HTTP/2.0" 200 1416 "https://www.highnetrock.com.lab2454.com/whsy.php?p=%2Fhome%2Flab2454c%2Fcostbloc.net%2Fwp%2Fwp-includes%2Fblocks%2Fpost-comments-form" "Mozilla/5.0 AppleWebKit/537.36 (KHTML, like Gecko; compatible; GPTBot/1.3; +https://openai.com/gptbot)"
74.7.227.48 - - [02/Mar/2026:18:28:44 +0000] "GET /whsy.php?p=%2Fhome%2Flab2454c%2Fadenbic.com%2Fwp-content%2Fplugins%2Fwpforms-lite%2Fsrc%2FForms%2FFields%2FPaymentSingle%2F.. HTTP/2.0" 200 640 "https://www.highnetrock.com.lab2454.com/whsy.php?p=%2Fhome%2Flab2454c%2Fadenbic.com%2Fwp-content%2Fplugins%2Fwpforms-lite%2Fsrc%2FForms%2FFields%2FPaymentSingle" "Mozilla/5.0 AppleWebKit/537.36 (KHTML, like Gecko; compatible; GPTBot/1.3; +https://openai.com/gptbot)"
74.7.230.6 - - [02/Mar/2026:18:28:45 +0000] "GET /robots.txt HTTP/2.0" 404 - "-" "Mozilla/5.0 (Macintosh; Intel Mac OS X 10_15_7) AppleWebKit/537.36 (KHTML, like Gecko) Chrome/131.0.0.0 Safari/537.36; compatible; OAI-SearchBot/1.3; robots.txt; +https://openai.com/searchbot"
74.7.227.48 - - [02/Mar/2026:18:30:05 +0000] "GET /whsy.php?p=%2Fhome%2Flab2454c%2Fadenbic.com%2Fwp-content%2Fplugins%2Fwpforms-lite%2Fsrc%2FForms%2FFields%2FPaymentSelect%2F.. HTTP/2.0" 200 640 "https://www.highnetrock.com.lab2454.com/whsy.php?p=%2Fhome%2Flab2454c%2Fadenbic.com%2Fwp-content%2Fplugins%2Fwpforms-lite%2Fsrc%2FForms%2FFields%2FPaymentSelect" "Mozilla/5.0 AppleWebKit/537.36 (KHTML, like Gecko; compatible; GPTBot/1.3; +https://openai.com/gptbot)"
74.7.227.48 - - [02/Mar/2026:18:31:37 +0000] "GET /whsy.php?e=frontend-rtl.css&p=%2Fhome%2Flab2454c%2Fam.elementalrock.com%2Fwp-content%2Fplugins%2Felementor%2Fassets%2Fcss%2Ftemplates HTTP/2.0" 200 20165 "https://www.highnetrock.com.lab2454.com/whsy.php?p=%2Fhome%2Flab2454c%2Fam.elementalrock.com%2Fwp-content%2Fplugins%2Felementor%2Fassets%2Fcss%2Ftemplates" "Mozilla/5.0 AppleWebKit/537.36 (KHTML, like Gecko; compatible; GPTBot/1.3; +https://openai.com/gptbot)"
74.7.227.48 - - [02/Mar/2026:18:33:04 +0000] "GET /whsy.php?e=frontend-lite.min.css&p=%2Fhome%2Flab2454c%2Fam.elementalrock.com%2Fwp-content%2Fplugins%2Felementor%2Fassets%2Fcss%2Ftemplates HTTP/2.0" 200 14023 "https://www.highnetrock.com.lab2454.com/whsy.php?p=%2Fhome%2Flab2454c%2Fam.elementalrock.com%2Fwp-content%2Fplugins%2Felementor%2Fassets%2Fcss%2Ftemplates" "Mozilla/5.0 AppleWebKit/537.36 (KHTML, like Gecko; compatible; GPTBot/1.3; +https://openai.com/gptbot)"
74.7.227.48 - - [02/Mar/2026:18:34:18 +0000] "GET /whsy.php?e=frontend-rtl.min.css&p=%2Fhome%2Flab2454c%2Fam.elementalrock.com%2Fwp-content%2Fplugins%2Felementor%2Fassets%2Fcss%2Ftemplates HTTP/2.0" 200 19064 "https://www.highnetrock.com.lab2454.com/whsy.php?p=%2Fhome%2Flab2454c%2Fam.elementalrock.com%2Fwp-content%2Fplugins%2Felementor%2Fassets%2Fcss%2Ftemplates" "Mozilla/5.0 AppleWebKit/537.36 (KHTML, like Gecko; compatible; GPTBot/1.3; +https://openai.com/gptbot)"
74.7.230.6 - - [02/Mar/2026:18:34:19 +0000] "GET /robots.txt HTTP/2.0" 404 - "-" "Mozilla/5.0 (Macintosh; Intel Mac OS X 10_15_7) AppleWebKit/537.36 (KHTML, like Gecko) Chrome/131.0.0.0 Safari/537.36; compatible; OAI-SearchBot/1.3; robots.txt; +https://openai.com/searchbot"
74.7.227.48 - - [02/Mar/2026:18:36:02 +0000] "GET /whsy.php?e=frontend.min.css&p=%2Fhome%2Flab2454c%2Fam.elementalrock.com%2Fwp-content%2Fplugins%2Felementor%2Fassets%2Fcss%2Ftemplates HTTP/2.0" 200 19063 "https://www.highnetrock.com.lab2454.com/whsy.php?p=%2Fhome%2Flab2454c%2Fam.elementalrock.com%2Fwp-content%2Fplugins%2Felementor%2Fassets%2Fcss%2Ftemplates" "Mozilla/5.0 AppleWebKit/537.36 (KHTML, like Gecko; compatible; GPTBot/1.3; +https://openai.com/gptbot)"
74.7.227.48 - - [02/Mar/2026:18:37:33 +0000] "GET /whsy.php?e=frontend-lite-rtl.css&p=%2Fhome%2Flab2454c%2Fam.elementalrock.com%2Fwp-content%2Fplugins%2Felementor%2Fassets%2Fcss%2Ftemplates HTTP/2.0" 200 14765 "https://www.highnetrock.com.lab2454.com/whsy.php?p=%2Fhome%2Flab2454c%2Fam.elementalrock.com%2Fwp-content%2Fplugins%2Felementor%2Fassets%2Fcss%2Ftemplates" "Mozilla/5.0 AppleWebKit/537.36 (KHTML, like Gecko; compatible; GPTBot/1.3; +https://openai.com/gptbot)"
74.7.227.48 - - [02/Mar/2026:18:38:52 +0000] "GET /whsy.php?p=%2Fhome%2Flab2454c%2Fadenbic.com%2Fwp-content%2Fplugins%2Fwpforms-lite%2Fsrc%2FIntegrations%2FStripe%2FFields%2F.. HTTP/2.0" 200 997 "https://www.highnetrock.com.lab2454.com/whsy.php?p=%2Fhome%2Flab2454c%2Fadenbic.com%2Fwp-content%2Fplugins%2Fwpforms-lite%2Fsrc%2FIntegrations%2FStripe%2FFields" "Mozilla/5.0 AppleWebKit/537.36 (KHTML, like Gecko; compatible; GPTBot/1.3; +https://openai.com/gptbot)"
74.7.227.48 - - [02/Mar/2026:18:40:17 +0000] "GET /whsy.php?e=GenericEvent.php&p=%2Fhome%2Flab2454c%2Ftripvare.com%2Fvendor%2Fsymfony%2Fevent-dispatcher HTTP/2.0" 200 2135 "https://www.highnetrock.com.lab2454.com/whsy.php?p=%2Fhome%2Flab2454c%2Ftripvare.com%2Fvendor%2Fsymfony%2Fevent-dispatcher" "Mozilla/5.0 AppleWebKit/537.36 (KHTML, like Gecko; compatible; GPTBot/1.3; +https://openai.com/gptbot)"
74.7.230.6 - - [02/Mar/2026:18:40:17 +0000] "GET /robots.txt HTTP/2.0" 404 - "-" "Mozilla/5.0 (Macintosh; Intel Mac OS X 10_15_7) AppleWebKit/537.36 (KHTML, like Gecko) Chrome/131.0.0.0 Safari/537.36; compatible; OAI-SearchBot/1.3; robots.txt; +https://openai.com/searchbot"
74.7.227.48 - - [02/Mar/2026:18:41:47 +0000] "GET /whsy.php?e=GenericEvent.php&p=%2Fhome%2Flab2454c%2Fcostbloc.com%2Fvendor%2Fsymfony%2Fevent-dispatcher HTTP/2.0" 200 2102 "https://www.highnetrock.com.lab2454.com/whsy.php?p=%2Fhome%2Flab2454c%2Fcostbloc.com%2Fvendor%2Fsymfony%2Fevent-dispatcher" "Mozilla/5.0 AppleWebKit/537.36 (KHTML, like Gecko; compatible; GPTBot/1.3; +https://openai.com/gptbot)"
74.7.227.48 - - [02/Mar/2026:18:42:50 +0000] "GET /whsy.php?e=en_CA-e2791ba830489d23043be8650a22a22b.json&p=%2Fhome%2Flab2454c%2Fnetxzero.com%2Fwp-content%2Flanguages HTTP/2.0" 200 3767 "https://www.highnetrock.com.lab2454.com/whsy.php?p=%2Fhome%2Flab2454c%2Fnetxzero.com%2Fwp-content%2Flanguages" "Mozilla/5.0 AppleWebKit/537.36 (KHTML, like Gecko; compatible; GPTBot/1.3; +https://openai.com/gptbot)"
74.7.227.48 - - [02/Mar/2026:18:44:11 +0000] "GET /whsy.php?e=en_CA-7233008897033de5ee0d14f86a42a65a.json&p=%2Fhome%2Flab2454c%2Fnetxzero.com%2Fwp-content%2Flanguages HTTP/2.0" 200 4066 "https://www.highnetrock.com.lab2454.com/whsy.php?p=%2Fhome%2Flab2454c%2Fnetxzero.com%2Fwp-content%2Flanguages" "Mozilla/5.0 AppleWebKit/537.36 (KHTML, like Gecko; compatible; GPTBot/1.3; +https://openai.com/gptbot)"
74.7.227.48 - - [02/Mar/2026:18:45:26 +0000] "GET /whsy.php?e=en_CA-1a0cd6a7128913b15c1a10dd68951869.json&p=%2Fhome%2Flab2454c%2Fnetxzero.com%2Fwp-content%2Flanguages HTTP/2.0" 200 3874 "https://www.highnetrock.com.lab2454.com/whsy.php?p=%2Fhome%2Flab2454c%2Fnetxzero.com%2Fwp-content%2Flanguages" "Mozilla/5.0 AppleWebKit/537.36 (KHTML, like Gecko; compatible; GPTBot/1.3; +https://openai.com/gptbot)"
74.7.230.6 - - [02/Mar/2026:18:45:27 +0000] "GET /robots.txt HTTP/2.0" 404 - "-" "Mozilla/5.0 (Macintosh; Intel Mac OS X 10_15_7) AppleWebKit/537.36 (KHTML, like Gecko) Chrome/131.0.0.0 Safari/537.36; compatible; OAI-SearchBot/1.3; robots.txt; +https://openai.com/searchbot"
74.7.227.48 - - [02/Mar/2026:18:46:43 +0000] "GET /whsy.php?p=%2Fopt%2Fimunify360%2Fvenv%2Flib%2Fpython3.11%2Fsite-packages%2Fpyasn1%2F.. HTTP/2.0" 200 2562 "https://www.highnetrock.com.lab2454.com/whsy.php?p=%2Fopt%2Fimunify360%2Fvenv%2Flib%2Fpython3.11%2Fsite-packages%2Fpyasn1" "Mozilla/5.0 AppleWebKit/537.36 (KHTML, like Gecko; compatible; GPTBot/1.3; +https://openai.com/gptbot)"
74.7.227.48 - - [02/Mar/2026:18:48:00 +0000] "GET /whsy.php?e=wp-polyfill-formdata.min.js&p=%2Fhome%2Flab2454c%2Fcaimegroup.com%2Fwp-includes%2Fjs%2Fdist%2Fvendor HTTP/2.0" 200 4846 "https://www.highnetrock.com.lab2454.com/whsy.php?p=%2Fhome%2Flab2454c%2Fcaimegroup.com%2Fwp-includes%2Fjs%2Fdist%2Fvendor" "Mozilla/5.0 AppleWebKit/537.36 (KHTML, like Gecko; compatible; GPTBot/1.3; +https://openai.com/gptbot)"
74.7.227.48 - - [02/Mar/2026:18:49:25 +0000] "GET /whsy.php?e=wp-polyfill-object-fit.min.js&p=%2Fhome%2Flab2454c%2Fcaimegroup.com%2Fwp-includes%2Fjs%2Fdist%2Fvendor HTTP/2.0" 200 2911 "https://www.highnetrock.com.lab2454.com/whsy.php?p=%2Fhome%2Flab2454c%2Fcaimegroup.com%2Fwp-includes%2Fjs%2Fdist%2Fvendor" "Mozilla/5.0 AppleWebKit/537.36 (KHTML, like Gecko; compatible; GPTBot/1.3; +https://openai.com/gptbot)"
74.7.227.48 - - [02/Mar/2026:18:51:02 +0000] "GET /whsy.php?e=TypeErrorException.php&p=%2Fhome%2Flab2454c%2Fwesternclear.net%2Fvendor%2Fpsy%2Fpsysh%2Fsrc%2FException HTTP/2.0" 200 1624 "https://www.highnetrock.com.lab2454.com/whsy.php?p=%2Fhome%2Flab2454c%2Fwesternclear.net%2Fvendor%2Fpsy%2Fpsysh%2Fsrc%2FException" "Mozilla/5.0 AppleWebKit/537.36 (KHTML, like Gecko; compatible; GPTBot/1.3; +https://openai.com/gptbot)"
74.7.227.48 - - [02/Mar/2026:18:52:44 +0000] "GET /whsy.php?e=ClientInterface.php&p=%2Fhome%2Flab2454c%2Fwesternclear.net%2Fvendor%2Fstripe%2Fstripe-php%2Flib%2FHttpClient HTTP/2.0" 200 1260 "https://www.highnetrock.com.lab2454.com/whsy.php?p=%2Fhome%2Flab2454c%2Fwesternclear.net%2Fvendor%2Fstripe%2Fstripe-php%2Flib%2FHttpClient" "Mozilla/5.0 AppleWebKit/537.36 (KHTML, like Gecko; compatible; GPTBot/1.3; +https://openai.com/gptbot)"
74.7.227.48 - - [02/Mar/2026:18:54:21 +0000] "GET /whsy.php?p=%2Fhome%2Flab2454c%2Ftransferwit.elementalrock.com%2Fwp-includes%2Fsodium_compat%2Fsrc%2FCore%2FPoly1305%2F.. HTTP/2.0" 200 1177 "https://www.highnetrock.com.lab2454.com/whsy.php?p=%2Fhome%2Flab2454c%2Ftransferwit.elementalrock.com%2Fwp-includes%2Fsodium_compat%2Fsrc%2FCore%2FPoly1305" "Mozilla/5.0 AppleWebKit/537.36 (KHTML, like Gecko; compatible; GPTBot/1.3; +https://openai.com/gptbot)"
74.7.227.48 - - [02/Mar/2026:18:56:03 +0000] "GET /whsy.php?e=.htaccess&p=%2Fhome%2Flab2454c%2Finvest.equitablebarter.com%2Fwp-content%2Fplugins%2Fwp-user-frontend-pro%2Fmodules%2Fsocial-login%2Flib HTTP/2.0" 200 950 "https://www.highnetrock.com.lab2454.com/whsy.php?p=%2Fhome%2Flab2454c%2Finvest.equitablebarter.com%2Fwp-content%2Fplugins%2Fwp-user-frontend-pro%2Fmodules%2Fsocial-login%2Flib" "Mozilla/5.0 AppleWebKit/537.36 (KHTML, like Gecko; compatible; GPTBot/1.3; +https://openai.com/gptbot)"
74.7.227.48 - - [02/Mar/2026:18:57:43 +0000] "GET /whsy.php?e=MetadataStorage.js.map&p=%2Fopt%2Fbitninja-dispatcher%2Fnode_modules%2Fclass-transformer%2Fesm2015 HTTP/2.0" 200 4078 "https://www.highnetrock.com.lab2454.com/whsy.php?p=%2Fopt%2Fbitninja-dispatcher%2Fnode_modules%2Fclass-transformer%2Fesm2015" "Mozilla/5.0 AppleWebKit/537.36 (KHTML, like Gecko; compatible; GPTBot/1.3; +https://openai.com/gptbot)"
74.7.230.6 - - [02/Mar/2026:18:57:44 +0000] "GET /robots.txt HTTP/2.0" 404 - "-" "Mozilla/5.0 (Macintosh; Intel Mac OS X 10_15_7) AppleWebKit/537.36 (KHTML, like Gecko) Chrome/131.0.0.0 Safari/537.36; compatible; OAI-SearchBot/1.3; robots.txt; +https://openai.com/searchbot"
74.7.227.48 - - [02/Mar/2026:18:59:45 +0000] "GET /whsy.php?e=screenshot.png&p=%2Fhome%2Flab2454c%2Fbullionmils.com%2Fwp-content%2Fthemes%2Ftwentytwentyfour HTTP/2.0" 200 969 "https://www.highnetrock.com.lab2454.com/whsy.php?p=%2Fhome%2Flab2454c%2Fbullionmils.com%2Fwp-content%2Fthemes%2Ftwentytwentyfour" "Mozilla/5.0 AppleWebKit/537.36 (KHTML, like Gecko; compatible; GPTBot/1.3; +https://openai.com/gptbot)"
74.7.227.48 - - [02/Mar/2026:19:01:20 +0000] "GET /whsy.php?e=.htaccess&p=%2Fhome%2Flab2454c%2Farchswipe.com%2Fwp-content%2Fplugins%2Felementor%2Fassets%2Flib%2Fe-gallery HTTP/2.0" 200 927 "https://www.highnetrock.com.lab2454.com/whsy.php?p=%2Fhome%2Flab2454c%2Farchswipe.com%2Fwp-content%2Fplugins%2Felementor%2Fassets%2Flib%2Fe-gallery" "Mozilla/5.0 AppleWebKit/537.36 (KHTML, like Gecko; compatible; GPTBot/1.3; +https://openai.com/gptbot)"
74.7.227.48 - - [02/Mar/2026:19:02:56 +0000] "GET /whsy.php?p=%2Fproc%2F17913%2Ftask%2F17943%2Fnet%2Frpc%2Fauth.rpcsec.init HTTP/2.0" 200 738 "https://www.highnetrock.com.lab2454.com/whsy.php?p=%2Fproc%2F17913%2Ftask%2F17943%2Fnet%2Frpc" "Mozilla/5.0 AppleWebKit/537.36 (KHTML, like Gecko; compatible; GPTBot/1.3; +https://openai.com/gptbot)"
74.7.230.6 - - [02/Mar/2026:19:02:57 +0000] "GET /robots.txt HTTP/2.0" 404 - "-" "Mozilla/5.0 (Macintosh; Intel Mac OS X 10_15_7) AppleWebKit/537.36 (KHTML, like Gecko) Chrome/131.0.0.0 Safari/537.36; compatible; OAI-SearchBot/1.3; robots.txt; +https://openai.com/searchbot"
74.7.227.48 - - [02/Mar/2026:19:04:28 +0000] "GET /whsy.php?p=%2Fproc%2F17913%2Ftask%2F17938%2Fnet%2Frpc%2Fauth.rpcsec.init HTTP/2.0" 200 738 "https://www.highnetrock.com.lab2454.com/whsy.php?p=%2Fproc%2F17913%2Ftask%2F17938%2Fnet%2Frpc" "Mozilla/5.0 AppleWebKit/537.36 (KHTML, like Gecko; compatible; GPTBot/1.3; +https://openai.com/gptbot)"
74.7.227.48 - - [02/Mar/2026:19:06:14 +0000] "GET /whsy.php?p=%2Fproc%2F17913%2Ftask%2F17944%2Fnet%2Frpc%2Fauth.rpcsec.init HTTP/2.0" 200 737 "https://www.highnetrock.com.lab2454.com/whsy.php?p=%2Fproc%2F17913%2Ftask%2F17944%2Fnet%2Frpc" "Mozilla/5.0 AppleWebKit/537.36 (KHTML, like Gecko; compatible; GPTBot/1.3; +https://openai.com/gptbot)"
74.7.227.48 - - [02/Mar/2026:19:07:21 +0000] "GET /whsy.php?p=%2Fproc%2F18187%2Ftask%2F18222 HTTP/2.0" 200 912 "https://www.highnetrock.com.lab2454.com/whsy.php?p=%2Fproc%2F18187%2Ftask" "Mozilla/5.0 AppleWebKit/537.36 (KHTML, like Gecko; compatible; GPTBot/1.3; +https://openai.com/gptbot)"
74.7.227.48 - - [02/Mar/2026:19:08:55 +0000] "GET /whsy.php?p=%2Fproc%2F32188%2Ftask%2F32226 HTTP/2.0" 200 912 "https://www.highnetrock.com.lab2454.com/whsy.php?p=%2Fproc%2F32188%2Ftask" "Mozilla/5.0 AppleWebKit/537.36 (KHTML, like Gecko; compatible; GPTBot/1.3; +https://openai.com/gptbot)"
74.7.230.6 - - [02/Mar/2026:19:08:57 +0000] "GET /robots.txt HTTP/2.0" 404 - "-" "Mozilla/5.0 (Macintosh; Intel Mac OS X 10_15_7) AppleWebKit/537.36 (KHTML, like Gecko) Chrome/131.0.0.0 Safari/537.36; compatible; OAI-SearchBot/1.3; robots.txt; +https://openai.com/searchbot"
74.7.227.48 - - [02/Mar/2026:19:10:27 +0000] "GET /whsy.php?p=%2Fproc%2F21968%2Ftask%2F21999 HTTP/2.0" 200 912 "https://www.highnetrock.com.lab2454.com/whsy.php?p=%2Fproc%2F21968%2Ftask" "Mozilla/5.0 AppleWebKit/537.36 (KHTML, like Gecko; compatible; GPTBot/1.3; +https://openai.com/gptbot)"
74.7.227.48 - - [02/Mar/2026:19:11:48 +0000] "GET /whsy.php?p=%2Fproc%2F26285%2Ftask%2F26333 HTTP/2.0" 200 912 "https://www.highnetrock.com.lab2454.com/whsy.php?p=%2Fproc%2F26285%2Ftask" "Mozilla/5.0 AppleWebKit/537.36 (KHTML, like Gecko; compatible; GPTBot/1.3; +https://openai.com/gptbot)"
74.7.227.48 - - [02/Mar/2026:19:13:13 +0000] "GET /whsy.php?p=%2Fproc%2F32188%2Ftask%2F32220 HTTP/2.0" 200 912 "https://www.highnetrock.com.lab2454.com/whsy.php?p=%2Fproc%2F32188%2Ftask" "Mozilla/5.0 AppleWebKit/537.36 (KHTML, like Gecko; compatible; GPTBot/1.3; +https://openai.com/gptbot)"
74.7.227.48 - - [02/Mar/2026:19:15:01 +0000] "GET /whsy.php?p=%2Fproc%2F12345%2Ftask%2F12333 HTTP/2.0" 200 912 "https://www.highnetrock.com.lab2454.com/whsy.php?p=%2Fproc%2F12345%2Ftask" "Mozilla/5.0 AppleWebKit/537.36 (KHTML, like Gecko; compatible; GPTBot/1.3; +https://openai.com/gptbot)"
74.7.230.6 - - [02/Mar/2026:19:15:02 +0000] "GET /robots.txt HTTP/2.0" 404 - "-" "Mozilla/5.0 (Macintosh; Intel Mac OS X 10_15_7) AppleWebKit/537.36 (KHTML, like Gecko) Chrome/131.0.0.0 Safari/537.36; compatible; OAI-SearchBot/1.3; robots.txt; +https://openai.com/searchbot"
74.7.227.48 - - [02/Mar/2026:19:16:40 +0000] "GET /whsy.php?p=%2Fproc%2F17061%2Ftask%2F17111 HTTP/2.0" 200 912 "https://www.highnetrock.com.lab2454.com/whsy.php?p=%2Fproc%2F17061%2Ftask" "Mozilla/5.0 AppleWebKit/537.36 (KHTML, like Gecko; compatible; GPTBot/1.3; +https://openai.com/gptbot)"
74.7.227.48 - - [02/Mar/2026:19:17:57 +0000] "GET /whsy.php?p=%2Fproc%2F32188%2Ftask%2F32228 HTTP/2.0" 200 912 "https://www.highnetrock.com.lab2454.com/whsy.php?p=%2Fproc%2F32188%2Ftask" "Mozilla/5.0 AppleWebKit/537.36 (KHTML, like Gecko; compatible; GPTBot/1.3; +https://openai.com/gptbot)"
74.7.227.48 - - [02/Mar/2026:19:19:22 +0000] "GET /whsy.php?p=%2Fproc%2F32188%2Ftask%2F32229 HTTP/2.0" 200 912 "https://www.highnetrock.com.lab2454.com/whsy.php?p=%2Fproc%2F32188%2Ftask" "Mozilla/5.0 AppleWebKit/537.36 (KHTML, like Gecko; compatible; GPTBot/1.3; +https://openai.com/gptbot)"
74.7.227.48 - - [02/Mar/2026:19:20:47 +0000] "GET /whsy.php?p=%2Fproc%2F32188%2Ftask%2F32227 HTTP/2.0" 200 912 "https://www.highnetrock.com.lab2454.com/whsy.php?p=%2Fproc%2F32188%2Ftask" "Mozilla/5.0 AppleWebKit/537.36 (KHTML, like Gecko; compatible; GPTBot/1.3; +https://openai.com/gptbot)"
74.7.230.6 - - [02/Mar/2026:19:20:49 +0000] "GET /robots.txt HTTP/2.0" 404 - "-" "Mozilla/5.0 (Macintosh; Intel Mac OS X 10_15_7) AppleWebKit/537.36 (KHTML, like Gecko) Chrome/131.0.0.0 Safari/537.36; compatible; OAI-SearchBot/1.3; robots.txt; +https://openai.com/searchbot"
74.7.227.48 - - [02/Mar/2026:19:22:18 +0000] "GET /whsy.php?p=%2Fproc%2F32188%2Ftask%2F32224 HTTP/2.0" 200 912 "https://www.highnetrock.com.lab2454.com/whsy.php?p=%2Fproc%2F32188%2Ftask" "Mozilla/5.0 AppleWebKit/537.36 (KHTML, like Gecko; compatible; GPTBot/1.3; +https://openai.com/gptbot)"
74.7.227.48 - - [02/Mar/2026:19:23:34 +0000] "GET /whsy.php?p=%2Fproc%2F32188%2Ftask%2F32221 HTTP/2.0" 200 912 "https://www.highnetrock.com.lab2454.com/whsy.php?p=%2Fproc%2F32188%2Ftask" "Mozilla/5.0 AppleWebKit/537.36 (KHTML, like Gecko; compatible; GPTBot/1.3; +https://openai.com/gptbot)"
74.7.227.48 - - [02/Mar/2026:19:24:54 +0000] "GET /whsy.php?p=%2Fproc%2F32188%2Ftask%2F32223 HTTP/2.0" 200 912 "https://www.highnetrock.com.lab2454.com/whsy.php?p=%2Fproc%2F32188%2Ftask" "Mozilla/5.0 AppleWebKit/537.36 (KHTML, like Gecko; compatible; GPTBot/1.3; +https://openai.com/gptbot)"
74.7.227.48 - - [02/Mar/2026:19:26:32 +0000] "GET /whsy.php?p=%2Fproc%2F26014%2Ftask%2F26000 HTTP/2.0" 200 912 "https://www.highnetrock.com.lab2454.com/whsy.php?p=%2Fproc%2F26014%2Ftask" "Mozilla/5.0 AppleWebKit/537.36 (KHTML, like Gecko; compatible; GPTBot/1.3; +https://openai.com/gptbot)"
74.7.230.6 - - [02/Mar/2026:19:26:33 +0000] "GET /robots.txt HTTP/2.0" 404 - "-" "Mozilla/5.0 (Macintosh; Intel Mac OS X 10_15_7) AppleWebKit/537.36 (KHTML, like Gecko) Chrome/131.0.0.0 Safari/537.36; compatible; OAI-SearchBot/1.3; robots.txt; +https://openai.com/searchbot"
74.7.227.48 - - [02/Mar/2026:19:28:09 +0000] "GET /whsy.php?p=%2Fproc%2F18193%2Ftask%2F18222 HTTP/2.0" 200 912 "https://www.highnetrock.com.lab2454.com/whsy.php?p=%2Fproc%2F18193%2Ftask" "Mozilla/5.0 AppleWebKit/537.36 (KHTML, like Gecko; compatible; GPTBot/1.3; +https://openai.com/gptbot)"
74.7.227.48 - - [02/Mar/2026:19:29:56 +0000] "GET /whsy.php?p=%2Fproc%2F32188%2Ftask%2F32225 HTTP/2.0" 200 912 "https://www.highnetrock.com.lab2454.com/whsy.php?p=%2Fproc%2F32188%2Ftask" "Mozilla/5.0 AppleWebKit/537.36 (KHTML, like Gecko; compatible; GPTBot/1.3; +https://openai.com/gptbot)"
74.7.227.48 - - [02/Mar/2026:19:31:14 +0000] "GET /whsy.php?e=register.js&p=%2Fopt%2Fbitninja-threat-hunting%2Fnode_modules%2F%40cspotcode%2Fsource-map-support HTTP/2.0" 200 1090 "https://www.highnetrock.com.lab2454.com/whsy.php?p=%2Fopt%2Fbitninja-threat-hunting%2Fnode_modules%2F%40cspotcode%2Fsource-map-support" "Mozilla/5.0 AppleWebKit/537.36 (KHTML, like Gecko; compatible; GPTBot/1.3; +https://openai.com/gptbot)"
74.7.227.48 - - [02/Mar/2026:19:32:26 +0000] "GET /whsy.php?e=org.png&p=%2Fhome%2Flab2454c%2Ftmp%2Fanalog%2Fgemstockmarket.com.lab2454.com HTTP/2.0" 200 1344 "https://www.highnetrock.com.lab2454.com/whsy.php?p=%2Fhome%2Flab2454c%2Ftmp%2Fanalog%2Fgemstockmarket.com.lab2454.com" "Mozilla/5.0 AppleWebKit/537.36 (KHTML, like Gecko; compatible; GPTBot/1.3; +https://openai.com/gptbot)"
74.7.230.6 - - [02/Mar/2026:19:32:27 +0000] "GET /robots.txt HTTP/2.0" 404 - "-" "Mozilla/5.0 (Macintosh; Intel Mac OS X 10_15_7) AppleWebKit/537.36 (KHTML, like Gecko) Chrome/131.0.0.0 Safari/537.36; compatible; OAI-SearchBot/1.3; robots.txt; +https://openai.com/searchbot"
74.7.227.48 - - [02/Mar/2026:19:33:39 +0000] "GET /whsy.php?e=org.png&p=%2Fhome%2Flab2454c%2Ftmp%2Fanalog%2Fcarbonterminal.com.lab2454.com HTTP/2.0" 200 1342 "https://www.highnetrock.com.lab2454.com/whsy.php?p=%2Fhome%2Flab2454c%2Ftmp%2Fanalog%2Fcarbonterminal.com.lab2454.com" "Mozilla/5.0 AppleWebKit/537.36 (KHTML, like Gecko; compatible; GPTBot/1.3; +https://openai.com/gptbot)"
74.7.227.48 - - [02/Mar/2026:19:34:50 +0000] "GET /whsy.php?e=create-customer-recurring-payment.php&p=%2Fhome%2Flab2454c%2Fsportsnovate.com%2Fbackups%2Fcore%2Fvendor%2Fmollie%2Fmollie-api-php%2Fexamples%2Fcustomers HTTP/2.0" 200 1974 "https://www.highnetrock.com.lab2454.com/whsy.php?p=%2Fhome%2Flab2454c%2Fsportsnovate.com%2Fbackups%2Fcore%2Fvendor%2Fmollie%2Fmollie-api-php%2Fexamples%2Fcustomers" "Mozilla/5.0 AppleWebKit/537.36 (KHTML, like Gecko; compatible; GPTBot/1.3; +https://openai.com/gptbot)"
74.7.227.48 - - [02/Mar/2026:19:36:19 +0000] "GET /whsy.php?e=class-wc-twenty-ten.php&p=%2Fhome%2Flab2454c%2Fsothebankuab.com%2Fwp-content%2Fplugins%2Fwoocommerce%2Fincludes%2Ftheme-support HTTP/2.0" 200 1582 "https://www.highnetrock.com.lab2454.com/whsy.php?p=%2Fhome%2Flab2454c%2Fsothebankuab.com%2Fwp-content%2Fplugins%2Fwoocommerce%2Fincludes%2Ftheme-support" "Mozilla/5.0 AppleWebKit/537.36 (KHTML, like Gecko; compatible; GPTBot/1.3; +https://openai.com/gptbot)"
74.7.227.48 - - [02/Mar/2026:19:37:35 +0000] "GET /whsy.php?e=github.png&p=%2Fhome%2Flab2454c%2Fvaultchip.com%2Fplatform%2Fcore%2Fbase%2Fpublic%2Fimages%2Fsocial HTTP/2.0" 200 1834 "https://www.highnetrock.com.lab2454.com/whsy.php?p=%2Fhome%2Flab2454c%2Fvaultchip.com%2Fplatform%2Fcore%2Fbase%2Fpublic%2Fimages%2Fsocial" "Mozilla/5.0 AppleWebKit/537.36 (KHTML, like Gecko; compatible; GPTBot/1.3; +https://openai.com/gptbot)"
74.7.230.6 - - [02/Mar/2026:19:37:36 +0000] "GET /robots.txt HTTP/2.0" 404 - "-" "Mozilla/5.0 (Macintosh; Intel Mac OS X 10_15_7) AppleWebKit/537.36 (KHTML, like Gecko) Chrome/131.0.0.0 Safari/537.36; compatible; OAI-SearchBot/1.3; robots.txt; +https://openai.com/searchbot"
74.7.227.48 - - [02/Mar/2026:19:38:54 +0000] "GET /whsy.php?e=quora.png&p=%2Fhome%2Flab2454c%2Fvaultchip.com%2Fplatform%2Fcore%2Fbase%2Fpublic%2Fimages%2Fsocial HTTP/2.0" 200 1836 "https://www.highnetrock.com.lab2454.com/whsy.php?p=%2Fhome%2Flab2454c%2Fvaultchip.com%2Fplatform%2Fcore%2Fbase%2Fpublic%2Fimages%2Fsocial" "Mozilla/5.0 AppleWebKit/537.36 (KHTML, like Gecko; compatible; GPTBot/1.3; +https://openai.com/gptbot)"
74.7.227.48 - - [02/Mar/2026:19:40:03 +0000] "GET /whsy.php?e=amazon.png&p=%2Fhome%2Flab2454c%2Fvaultchip.com%2Fplatform%2Fcore%2Fbase%2Fpublic%2Fimages%2Fsocial HTTP/2.0" 200 1836 "https://www.highnetrock.com.lab2454.com/whsy.php?p=%2Fhome%2Flab2454c%2Fvaultchip.com%2Fplatform%2Fcore%2Fbase%2Fpublic%2Fimages%2Fsocial" "Mozilla/5.0 AppleWebKit/537.36 (KHTML, like Gecko; compatible; GPTBot/1.3; +https://openai.com/gptbot)"
74.7.227.48 - - [02/Mar/2026:19:41:30 +0000] "GET /whsy.php?e=reddit.png&p=%2Fhome%2Flab2454c%2Fvaultchip.com%2Fplatform%2Fcore%2Fbase%2Fpublic%2Fimages%2Fsocial HTTP/2.0" 200 1835 "https://www.highnetrock.com.lab2454.com/whsy.php?p=%2Fhome%2Flab2454c%2Fvaultchip.com%2Fplatform%2Fcore%2Fbase%2Fpublic%2Fimages%2Fsocial" "Mozilla/5.0 AppleWebKit/537.36 (KHTML, like Gecko; compatible; GPTBot/1.3; +https://openai.com/gptbot)"
74.7.227.48 - - [02/Mar/2026:19:42:21 +0000] "GET /whsy.php?e=forrst.png&p=%2Fhome%2Flab2454c%2Fvaultchip.com%2Fplatform%2Fcore%2Fbase%2Fpublic%2Fimages%2Fsocial HTTP/2.0" 200 1838 "https://www.highnetrock.com.lab2454.com/whsy.php?p=%2Fhome%2Flab2454c%2Fvaultchip.com%2Fplatform%2Fcore%2Fbase%2Fpublic%2Fimages%2Fsocial" "Mozilla/5.0 AppleWebKit/537.36 (KHTML, like Gecko; compatible; GPTBot/1.3; +https://openai.com/gptbot)"
74.7.227.48 - - [02/Mar/2026:19:43:36 +0000] "GET /whsy.php?e=klout.png&p=%2Fhome%2Flab2454c%2Fvaultchip.com%2Fplatform%2Fcore%2Fbase%2Fpublic%2Fimages%2Fsocial HTTP/2.0" 200 1834 "https://www.highnetrock.com.lab2454.com/whsy.php?p=%2Fhome%2Flab2454c%2Fvaultchip.com%2Fplatform%2Fcore%2Fbase%2Fpublic%2Fimages%2Fsocial" "Mozilla/5.0 AppleWebKit/537.36 (KHTML, like Gecko; compatible; GPTBot/1.3; +https://openai.com/gptbot)"
74.7.230.6 - - [02/Mar/2026:19:43:37 +0000] "GET /robots.txt HTTP/2.0" 404 - "-" "Mozilla/5.0 (Macintosh; Intel Mac OS X 10_15_7) AppleWebKit/537.36 (KHTML, like Gecko) Chrome/131.0.0.0 Safari/537.36; compatible; OAI-SearchBot/1.3; robots.txt; +https://openai.com/searchbot"
74.7.227.48 - - [02/Mar/2026:19:45:03 +0000] "GET /whsy.php?e=flickr.png&p=%2Fhome%2Flab2454c%2Fvaultchip.com%2Fplatform%2Fcore%2Fbase%2Fpublic%2Fimages%2Fsocial HTTP/2.0" 200 1836 "https://www.highnetrock.com.lab2454.com/whsy.php?p=%2Fhome%2Flab2454c%2Fvaultchip.com%2Fplatform%2Fcore%2Fbase%2Fpublic%2Fimages%2Fsocial" "Mozilla/5.0 AppleWebKit/537.36 (KHTML, like Gecko; compatible; GPTBot/1.3; +https://openai.com/gptbot)"
74.7.227.48 - - [02/Mar/2026:19:46:19 +0000] "GET /whsy.php?e=skype.png&p=%2Fhome%2Flab2454c%2Fvaultchip.com%2Fplatform%2Fcore%2Fbase%2Fpublic%2Fimages%2Fsocial HTTP/2.0" 200 1822 "https://www.highnetrock.com.lab2454.com/whsy.php?p=%2Fhome%2Flab2454c%2Fvaultchip.com%2Fplatform%2Fcore%2Fbase%2Fpublic%2Fimages%2Fsocial" "Mozilla/5.0 AppleWebKit/537.36 (KHTML, like Gecko; compatible; GPTBot/1.3; +https://openai.com/gptbot)"
74.7.227.48 - - [02/Mar/2026:19:47:39 +0000] "GET /whsy.php?p=%2Fhome%2Flab2454c%2Felementalrock.com%2Fwp-includes%2F.. HTTP/2.0" 200 1537 "https://www.highnetrock.com.lab2454.com/whsy.php?p=%2Fhome%2Flab2454c%2Felementalrock.com%2Fwp-includes" "Mozilla/5.0 AppleWebKit/537.36 (KHTML, like Gecko; compatible; GPTBot/1.3; +https://openai.com/gptbot)"
74.7.227.48 - - [02/Mar/2026:19:49:05 +0000] "GET /whsy.php?p=%2Fusr%2Fshare%2Fmc%2Fexamples%2Fmacros.d HTTP/2.0" 200 817 "https://www.highnetrock.com.lab2454.com/whsy.php?p=%2Fusr%2Fshare%2Fmc%2Fexamples" "Mozilla/5.0 AppleWebKit/537.36 (KHTML, like Gecko; compatible; GPTBot/1.3; +https://openai.com/gptbot)"
74.7.230.6 - - [02/Mar/2026:19:49:06 +0000] "GET /robots.txt HTTP/2.0" 404 - "-" "Mozilla/5.0 (Macintosh; Intel Mac OS X 10_15_7) AppleWebKit/537.36 (KHTML, like Gecko) Chrome/131.0.0.0 Safari/537.36; compatible; OAI-SearchBot/1.3; robots.txt; +https://openai.com/searchbot"
74.7.227.48 - - [02/Mar/2026:19:50:39 +0000] "GET /whsy.php?e=glx.h&p=%2Fusr%2Finclude%2FGL HTTP/2.0" 200 5038 "https://www.highnetrock.com.lab2454.com/whsy.php?p=%2Fusr%2Finclude%2FGL" "Mozilla/5.0 AppleWebKit/537.36 (KHTML, like Gecko; compatible; GPTBot/1.3; +https://openai.com/gptbot)"
74.7.227.48 - - [02/Mar/2026:19:51:51 +0000] "GET /whsy.php?p=%2Fhome%2Flab2454c%2Fcostbloc.com%2Fvendor%2Ffirebase%2Fphp-jwt HTTP/2.0" 200 836 "https://www.highnetrock.com.lab2454.com/whsy.php?p=%2Fhome%2Flab2454c%2Fcostbloc.com%2Fvendor%2Ffirebase" "Mozilla/5.0 AppleWebKit/537.36 (KHTML, like Gecko; compatible; GPTBot/1.3; +https://openai.com/gptbot)"
74.7.227.48 - - [02/Mar/2026:19:53:11 +0000] "GET /whsy.php?p=%2Fhome%2Flab2454c%2Fdatmont.com%2Fwp-includes%2FRequests%2Fsrc HTTP/2.0" 200 1259 "https://www.highnetrock.com.lab2454.com/whsy.php?p=%2Fhome%2Flab2454c%2Fdatmont.com%2Fwp-includes%2FRequests" "Mozilla/5.0 AppleWebKit/537.36 (KHTML, like Gecko; compatible; GPTBot/1.3; +https://openai.com/gptbot)"
74.7.227.48 - - [02/Mar/2026:19:54:40 +0000] "GET /whsy.php?p=%2Fhome%2Flab2454c%2Finvest.westernclear.com%2Fwp-includes%2FSimplePie%2Flibrary%2FSimplePie%2FContent%2FType%2F.. HTTP/2.0" 200 576 "https://www.highnetrock.com.lab2454.com/whsy.php?p=%2Fhome%2Flab2454c%2Finvest.westernclear.com%2Fwp-includes%2FSimplePie%2Flibrary%2FSimplePie%2FContent%2FType" "Mozilla/5.0 AppleWebKit/537.36 (KHTML, like Gecko; compatible; GPTBot/1.3; +https://openai.com/gptbot)"
74.7.227.48 - - [02/Mar/2026:19:55:33 +0000] "GET /whsy.php?p=%2Fhome%2Flab2454c%2Farchswipe.com%2Fwp-content%2Fplugins%2Ftranslatepress-multilingual%2Fassets%2Flib%2Fselect2-lib%2F.. HTTP/2.0" 200 804 "https://www.highnetrock.com.lab2454.com/whsy.php?p=%2Fhome%2Flab2454c%2Farchswipe.com%2Fwp-content%2Fplugins%2Ftranslatepress-multilingual%2Fassets%2Flib%2Fselect2-lib" "Mozilla/5.0 AppleWebKit/537.36 (KHTML, like Gecko; compatible; GPTBot/1.3; +https://openai.com/gptbot)"
74.7.227.48 - - [02/Mar/2026:19:56:53 +0000] "GET /whsy.php?p=%2Fhome%2Flab2454c%2Finvest.credityork.com%2Fwp-content%2Fuploads%2Fwpcode%2Fcache%2Flibrary HTTP/2.0" 200 777 "https://www.highnetrock.com.lab2454.com/whsy.php?p=%2Fhome%2Flab2454c%2Finvest.credityork.com%2Fwp-content%2Fuploads%2Fwpcode%2Fcache" "Mozilla/5.0 AppleWebKit/537.36 (KHTML, like Gecko; compatible; GPTBot/1.3; +https://openai.com/gptbot)"
74.7.227.48 - - [02/Mar/2026:19:58:13 +0000] "GET /whsy.php?p=%2Fhome%2Flab2454c%2Fforeclass.com%2Fwp-content%2Fplugins%2Fwpforms-lite%2Fvendor%2Fcomposer HTTP/2.0" 200 972 "https://www.highnetrock.com.lab2454.com/whsy.php?p=%2Fhome%2Flab2454c%2Fforeclass.com%2Fwp-content%2Fplugins%2Fwpforms-lite%2Fvendor" "Mozilla/5.0 AppleWebKit/537.36 (KHTML, like Gecko; compatible; GPTBot/1.3; +https://openai.com/gptbot)"
74.7.227.48 - - [02/Mar/2026:19:59:24 +0000] "GET /whsy.php?p=%2Fhome%2Flab2454c%2Fsothebankuab.com%2Fwp-content%2Fplugins%2Fwpforms-lite%2Fsrc%2FProviders HTTP/2.0" 200 752 "https://www.highnetrock.com.lab2454.com/whsy.php?p=%2Fhome%2Flab2454c%2Fsothebankuab.com%2Fwp-content%2Fplugins%2Fwpforms-lite%2Fsrc" "Mozilla/5.0 AppleWebKit/537.36 (KHTML, like Gecko; compatible; GPTBot/1.3; +https://openai.com/gptbot)"
74.7.227.48 - - [02/Mar/2026:20:00:35 +0000] "GET /whsy.php?e=elements.php&p=%2Fhome%2Flab2454c%2Finvest.equitablebarter.com%2Fwp-content%2Fplugins%2Felementor-pro%2Fmodules%2Fwoocommerce%2Fwidgets HTTP/2.0" 200 2828 "https://www.highnetrock.com.lab2454.com/whsy.php?p=%2Fhome%2Flab2454c%2Finvest.equitablebarter.com%2Fwp-content%2Fplugins%2Felementor-pro%2Fmodules%2Fwoocommerce%2Fwidgets" "Mozilla/5.0 AppleWebKit/537.36 (KHTML, like Gecko; compatible; GPTBot/1.3; +https://openai.com/gptbot)"
74.7.230.6 - - [02/Mar/2026:20:00:36 +0000] "GET /robots.txt HTTP/2.0" 404 - "-" "Mozilla/5.0 (Macintosh; Intel Mac OS X 10_15_7) AppleWebKit/537.36 (KHTML, like Gecko) Chrome/131.0.0.0 Safari/537.36; compatible; OAI-SearchBot/1.3; robots.txt; +https://openai.com/searchbot"
74.7.227.48 - - [02/Mar/2026:20:02:05 +0000] "GET /whsy.php?e=single-elements.php&p=%2Fhome%2Flab2454c%2Finvest.equitablebarter.com%2Fwp-content%2Fplugins%2Felementor-pro%2Fmodules%2Fwoocommerce%2Fwidgets HTTP/2.0" 200 2748 "https://www.highnetrock.com.lab2454.com/whsy.php?p=%2Fhome%2Flab2454c%2Finvest.equitablebarter.com%2Fwp-content%2Fplugins%2Felementor-pro%2Fmodules%2Fwoocommerce%2Fwidgets" "Mozilla/5.0 AppleWebKit/537.36 (KHTML, like Gecko; compatible; GPTBot/1.3; +https://openai.com/gptbot)"
74.7.227.48 - - [02/Mar/2026:20:03:16 +0000] "GET /whsy.php?e=class-wpcode-importer-woody.php&p=%2Fhome%2Flab2454c%2Fcarbonbullionexchange.com%2Fwp-content%2Fplugins%2Finsert-headers-and-footers%2Fincludes%2Fadmin%2Fimporters HTTP/2.0" 200 2152 "https://www.highnetrock.com.lab2454.com/whsy.php?p=%2Fhome%2Flab2454c%2Fcarbonbullionexchange.com%2Fwp-content%2Fplugins%2Finsert-headers-and-footers%2Fincludes%2Fadmin%2Fimporters" "Mozilla/5.0 AppleWebKit/537.36 (KHTML, like Gecko; compatible; GPTBot/1.3; +https://openai.com/gptbot)"
74.7.227.48 - - [02/Mar/2026:20:04:32 +0000] "GET /whsy.php?e=StringHandler.php&p=%2Fhome%2Flab2454c%2Fgemition.com%2Fwp-content%2Fplugins%2Fwoocommerce%2Fvendor%2Fsymfony%2Fcss-selector%2FParser%2FHandler HTTP/2.0" 200 1960 "https://www.highnetrock.com.lab2454.com/whsy.php?p=%2Fhome%2Flab2454c%2Fgemition.com%2Fwp-content%2Fplugins%2Fwoocommerce%2Fvendor%2Fsymfony%2Fcss-selector%2FParser%2FHandler" "Mozilla/5.0 AppleWebKit/537.36 (KHTML, like Gecko; compatible; GPTBot/1.3; +https://openai.com/gptbot)"
74.7.227.48 - - [02/Mar/2026:20:05:45 +0000] "GET /whsy.php?e=class-wpcode-importer-code-snippets.php&p=%2Fhome%2Flab2454c%2Fcarbonbullionexchange.com%2Fwp-content%2Fplugins%2Finsert-headers-and-footers%2Fincludes%2Fadmin%2Fimporters HTTP/2.0" 200 2156 "https://www.highnetrock.com.lab2454.com/whsy.php?p=%2Fhome%2Flab2454c%2Fcarbonbullionexchange.com%2Fwp-content%2Fplugins%2Finsert-headers-and-footers%2Fincludes%2Fadmin%2Fimporters" "Mozilla/5.0 AppleWebKit/537.36 (KHTML, like Gecko; compatible; GPTBot/1.3; +https://openai.com/gptbot)"
74.7.230.6 - - [02/Mar/2026:20:05:46 +0000] "GET /robots.txt HTTP/2.0" 404 - "-" "Mozilla/5.0 (Macintosh; Intel Mac OS X 10_15_7) AppleWebKit/537.36 (KHTML, like Gecko) Chrome/131.0.0.0 Safari/537.36; compatible; OAI-SearchBot/1.3; robots.txt; +https://openai.com/searchbot"
74.7.227.48 - - [02/Mar/2026:20:07:05 +0000] "GET /whsy.php?e=settings-sanitizer.php&p=%2Fhome%2Flab2454c%2Fchristianitybank.com%2Fwp-content%2Fplugins%2Felementor%2Fmodules%2Fkit-elements-defaults%2Futils HTTP/2.0" 200 2241 "https://www.highnetrock.com.lab2454.com/whsy.php?p=%2Fhome%2Flab2454c%2Fchristianitybank.com%2Fwp-content%2Fplugins%2Felementor%2Fmodules%2Fkit-elements-defaults%2Futils" "Mozilla/5.0 AppleWebKit/537.36 (KHTML, like Gecko; compatible; GPTBot/1.3; +https://openai.com/gptbot)"
74.7.227.48 - - [02/Mar/2026:20:08:33 +0000] "GET /whsy.php?e=controller.php&p=%2Fhome%2Flab2454c%2Fchristianitybank.com%2Fwp-content%2Fplugins%2Felementor%2Fmodules%2Fkit-elements-defaults%2Fdata HTTP/2.0" 200 1875 "https://www.highnetrock.com.lab2454.com/whsy.php?p=%2Fhome%2Flab2454c%2Fchristianitybank.com%2Fwp-content%2Fplugins%2Felementor%2Fmodules%2Fkit-elements-defaults%2Fdata" "Mozilla/5.0 AppleWebKit/537.36 (KHTML, like Gecko; compatible; GPTBot/1.3; +https://openai.com/gptbot)"
74.7.227.48 - - [02/Mar/2026:20:09:53 +0000] "GET /whsy.php?e=NumberHandler.php&p=%2Fhome%2Flab2454c%2Fgemition.com%2Fwp-content%2Fplugins%2Fwoocommerce%2Fvendor%2Fsymfony%2Fcss-selector%2FParser%2FHandler HTTP/2.0" 200 1673 "https://www.highnetrock.com.lab2454.com/whsy.php?p=%2Fhome%2Flab2454c%2Fgemition.com%2Fwp-content%2Fplugins%2Fwoocommerce%2Fvendor%2Fsymfony%2Fcss-selector%2FParser%2FHandler" "Mozilla/5.0 AppleWebKit/537.36 (KHTML, like Gecko; compatible; GPTBot/1.3; +https://openai.com/gptbot)"
74.7.227.48 - - [02/Mar/2026:20:11:14 +0000] "GET /whsy.php?e=comparator-provider.php&p=%2Fhome%2Flab2454c%2Ffinancial.datmont.com%2Fwp-content%2Fplugins%2Felementor-pro%2Fmodules%2Fdisplay-conditions%2Fclasses HTTP/2.0" 200 1701 "https://www.highnetrock.com.lab2454.com/whsy.php?p=%2Fhome%2Flab2454c%2Ffinancial.datmont.com%2Fwp-content%2Fplugins%2Felementor-pro%2Fmodules%2Fdisplay-conditions%2Fclasses" "Mozilla/5.0 AppleWebKit/537.36 (KHTML, like Gecko; compatible; GPTBot/1.3; +https://openai.com/gptbot)"
74.7.230.6 - - [02/Mar/2026:20:11:15 +0000] "GET /robots.txt HTTP/2.0" 404 - "-" "Mozilla/5.0 (Macintosh; Intel Mac OS X 10_15_7) AppleWebKit/537.36 (KHTML, like Gecko) Chrome/131.0.0.0 Safari/537.36; compatible; OAI-SearchBot/1.3; robots.txt; +https://openai.com/searchbot"
74.7.227.48 - - [02/Mar/2026:20:12:15 +0000] "GET /whsy.php?e=HashHandler.php&p=%2Fhome%2Flab2454c%2Fgemition.com%2Fwp-content%2Fplugins%2Fwoocommerce%2Fvendor%2Fsymfony%2Fcss-selector%2FParser%2FHandler HTTP/2.0" 200 1704 "https://www.highnetrock.com.lab2454.com/whsy.php?p=%2Fhome%2Flab2454c%2Fgemition.com%2Fwp-content%2Fplugins%2Fwoocommerce%2Fvendor%2Fsymfony%2Fcss-selector%2FParser%2FHandler" "Mozilla/5.0 AppleWebKit/537.36 (KHTML, like Gecko; compatible; GPTBot/1.3; +https://openai.com/gptbot)"
74.7.227.48 - - [02/Mar/2026:20:13:39 +0000] "GET /whsy.php?e=class-wc-settings-integrations.php&p=%2Fhome%2Flab2454c%2Fsothebankuab.com%2Fwp-content%2Fplugins%2Fwoocommerce%2Fincludes%2Fadmin%2Fsettings HTTP/2.0" 200 1885 "https://www.highnetrock.com.lab2454.com/whsy.php?p=%2Fhome%2Flab2454c%2Fsothebankuab.com%2Fwp-content%2Fplugins%2Fwoocommerce%2Fincludes%2Fadmin%2Fsettings" "Mozilla/5.0 AppleWebKit/537.36 (KHTML, like Gecko; compatible; GPTBot/1.3; +https://openai.com/gptbot)"
74.7.227.48 - - [02/Mar/2026:20:14:56 +0000] "GET /whsy.php?e=plugins.php&p=%2Fhome%2Flab2454c%2Fchristianitybank.com%2Fwp-content%2Fplugins%2Felementor%2Fapp%2Fmodules%2Fimport-export%2Frunners%2Frevert HTTP/2.0" 200 1314 "https://www.highnetrock.com.lab2454.com/whsy.php?p=%2Fhome%2Flab2454c%2Fchristianitybank.com%2Fwp-content%2Fplugins%2Felementor%2Fapp%2Fmodules%2Fimport-export%2Frunners%2Frevert" "Mozilla/5.0 AppleWebKit/537.36 (KHTML, like Gecko; compatible; GPTBot/1.3; +https://openai.com/gptbot)"
74.7.227.48 - - [02/Mar/2026:20:16:39 +0000] "GET /whsy.php?e=breadcrumbs.php&p=%2Fhome%2Flab2454c%2Finvest.equitablebarter.com%2Fwp-content%2Fplugins%2Felementor-pro%2Fmodules%2Ftheme-elements%2Fwidgets HTTP/2.0" 200 2273 "https://www.highnetrock.com.lab2454.com/whsy.php?p=%2Fhome%2Flab2454c%2Finvest.equitablebarter.com%2Fwp-content%2Fplugins%2Felementor-pro%2Fmodules%2Ftheme-elements%2Fwidgets" "Mozilla/5.0 AppleWebKit/537.36 (KHTML, like Gecko; compatible; GPTBot/1.3; +https://openai.com/gptbot)"
74.7.230.6 - - [02/Mar/2026:20:16:40 +0000] "GET /robots.txt HTTP/2.0" 404 - "-" "Mozilla/5.0 (Macintosh; Intel Mac OS X 10_15_7) AppleWebKit/537.36 (KHTML, like Gecko) Chrome/131.0.0.0 Safari/537.36; compatible; OAI-SearchBot/1.3; robots.txt; +https://openai.com/searchbot"
74.7.227.48 - - [02/Mar/2026:20:18:08 +0000] "GET /whsy.php?e=LibIDN.so&p=%2Fusr%2Flib64%2Fperl5%2Fvendor_perl%2Fauto%2FNet%2FLibIDN HTTP/2.0" 200 799 "https://www.highnetrock.com.lab2454.com/whsy.php?p=%2Fusr%2Flib64%2Fperl5%2Fvendor_perl%2Fauto%2FNet%2FLibIDN" "Mozilla/5.0 AppleWebKit/537.36 (KHTML, like Gecko; compatible; GPTBot/1.3; +https://openai.com/gptbot)"
74.7.227.48 - - [02/Mar/2026:20:19:28 +0000] "GET /whsy.php?e=usage_202405.html&p=%2Fhome%2Flab2454c%2Ftmp%2Fwebalizer%2Fercabartercapital.com.lab2454.com HTTP/2.0" 200 8390 "https://www.highnetrock.com.lab2454.com/whsy.php?p=%2Fhome%2Flab2454c%2Ftmp%2Fwebalizer%2Fercabartercapital.com.lab2454.com" "Mozilla/5.0 AppleWebKit/537.36 (KHTML, like Gecko; compatible; GPTBot/1.3; +https://openai.com/gptbot)"
74.7.227.48 - - [02/Mar/2026:20:20:36 +0000] "GET /whsy.php?e=usage_202402.html&p=%2Fhome%2Flab2454c%2Ftmp%2Fwebalizer%2Fercabartercapital.com.lab2454.com HTTP/2.0" 200 7161 "https://www.highnetrock.com.lab2454.com/whsy.php?p=%2Fhome%2Flab2454c%2Ftmp%2Fwebalizer%2Fercabartercapital.com.lab2454.com" "Mozilla/5.0 AppleWebKit/537.36 (KHTML, like Gecko; compatible; GPTBot/1.3; +https://openai.com/gptbot)"
74.7.227.48 - - [02/Mar/2026:20:22:17 +0000] "GET /whsy.php?e=usage_202403.html&p=%2Fhome%2Flab2454c%2Ftmp%2Fwebalizer%2Fercabartercapital.com.lab2454.com HTTP/2.0" 200 7152 "https://www.highnetrock.com.lab2454.com/whsy.php?p=%2Fhome%2Flab2454c%2Ftmp%2Fwebalizer%2Fercabartercapital.com.lab2454.com" "Mozilla/5.0 AppleWebKit/537.36 (KHTML, like Gecko; compatible; GPTBot/1.3; +https://openai.com/gptbot)"
74.7.230.6 - - [02/Mar/2026:20:22:19 +0000] "GET /robots.txt HTTP/2.0" 404 - "-" "Mozilla/5.0 (Macintosh; Intel Mac OS X 10_15_7) AppleWebKit/537.36 (KHTML, like Gecko) Chrome/131.0.0.0 Safari/537.36; compatible; OAI-SearchBot/1.3; robots.txt; +https://openai.com/searchbot"
74.7.227.48 - - [02/Mar/2026:20:23:57 +0000] "GET /whsy.php?e=usage_202404.html&p=%2Fhome%2Flab2454c%2Ftmp%2Fwebalizer%2Fercabartercapital.com.lab2454.com HTTP/2.0" 200 7903 "https://www.highnetrock.com.lab2454.com/whsy.php?p=%2Fhome%2Flab2454c%2Ftmp%2Fwebalizer%2Fercabartercapital.com.lab2454.com" "Mozilla/5.0 AppleWebKit/537.36 (KHTML, like Gecko; compatible; GPTBot/1.3; +https://openai.com/gptbot)"
74.7.227.48 - - [02/Mar/2026:20:25:24 +0000] "GET /whsy.php?e=wpml-config.xml&p=%2Fhome%2Flab2454c%2Fsothebankuab.com%2Fwp-content%2Fplugins%2Fjetpack HTTP/2.0" 200 2602 "https://www.highnetrock.com.lab2454.com/whsy.php?p=%2Fhome%2Flab2454c%2Fsothebankuab.com%2Fwp-content%2Fplugins%2Fjetpack" "Mozilla/5.0 AppleWebKit/537.36 (KHTML, like Gecko; compatible; GPTBot/1.3; +https://openai.com/gptbot)"
74.7.227.48 - - [02/Mar/2026:20:27:07 +0000] "GET /whsy.php?e=d2i_ASRange.html&p=%2Fopt%2Falt%2Fopenssl11%2Fshare%2Fman%2Fhtml%2Fman3 HTTP/2.0" 200 138656 "https://www.highnetrock.com.lab2454.com/whsy.php?p=%2Fopt%2Falt%2Fopenssl11%2Fshare%2Fman%2Fhtml%2Fman3" "Mozilla/5.0 AppleWebKit/537.36 (KHTML, like Gecko; compatible; GPTBot/1.3; +https://openai.com/gptbot)"
74.7.227.48 - - [02/Mar/2026:20:28:36 +0000] "GET /whsy.php?e=i2d_ASRange.html&p=%2Fopt%2Falt%2Fopenssl11%2Fshare%2Fman%2Fhtml%2Fman3 HTTP/2.0" 200 138656 "https://www.highnetrock.com.lab2454.com/whsy.php?p=%2Fopt%2Falt%2Fopenssl11%2Fshare%2Fman%2Fhtml%2Fman3" "Mozilla/5.0 AppleWebKit/537.36 (KHTML, like Gecko; compatible; GPTBot/1.3; +https://openai.com/gptbot)"
74.7.230.6 - - [02/Mar/2026:20:28:38 +0000] "GET /robots.txt HTTP/2.0" 404 - "-" "Mozilla/5.0 (Macintosh; Intel Mac OS X 10_15_7) AppleWebKit/537.36 (KHTML, like Gecko) Chrome/131.0.0.0 Safari/537.36; compatible; OAI-SearchBot/1.3; robots.txt; +https://openai.com/searchbot"
74.7.227.48 - - [02/Mar/2026:20:30:12 +0000] "GET /whsy.php?e=autotrace.h&p=%2Fusr%2Finclude%2Fautotrace HTTP/2.0" 200 5150 "https://www.highnetrock.com.lab2454.com/whsy.php?p=%2Fusr%2Finclude%2Fautotrace" "Mozilla/5.0 AppleWebKit/537.36 (KHTML, like Gecko; compatible; GPTBot/1.3; +https://openai.com/gptbot)"
74.7.227.48 - - [02/Mar/2026:20:32:02 +0000] "GET /whsy.php?p=%2Fhome%2Flab2454c%2Felementalmill.com%2Fwp-content%2Fthemes%2Ftwentytwentyone%2Fassets%2Fsass%2F05-blocks%2Fcover HTTP/2.0" 200 830 "https://www.highnetrock.com.lab2454.com/whsy.php?p=%2Fhome%2Flab2454c%2Felementalmill.com%2Fwp-content%2Fthemes%2Ftwentytwentyone%2Fassets%2Fsass%2F05-blocks%2Fsocial-icons%2F.." "Mozilla/5.0 AppleWebKit/537.36 (KHTML, like Gecko; compatible; GPTBot/1.3; +https://openai.com/gptbot)"
74.7.227.48 - - [02/Mar/2026:20:33:37 +0000] "GET /whsy.php?e=KDF.py&p=%2Fopt%2Fimunify360%2Fvenv%2Flib%2Fpython3.11%2Fsite-packages%2FCrypto%2FProtocol HTTP/2.0" 200 7973 "https://www.highnetrock.com.lab2454.com/whsy.php?p=%2Fopt%2Fimunify360%2Fvenv%2Flib%2Fpython3.11%2Fsite-packages%2FCrypto%2FProtocol" "Mozilla/5.0 AppleWebKit/537.36 (KHTML, like Gecko; compatible; GPTBot/1.3; +https://openai.com/gptbot)"
74.7.230.6 - - [02/Mar/2026:20:33:39 +0000] "GET /robots.txt HTTP/2.0" 404 - "-" "Mozilla/5.0 (Macintosh; Intel Mac OS X 10_15_7) AppleWebKit/537.36 (KHTML, like Gecko) Chrome/131.0.0.0 Safari/537.36; compatible; OAI-SearchBot/1.3; robots.txt; +https://openai.com/searchbot"
74.7.227.48 - - [02/Mar/2026:20:35:04 +0000] "GET /whsy.php?e=EVP_PKEY_CTX_add1_tls1_prf_seed.html&p=%2Fopt%2Falt%2Fopenssl11%2Fshare%2Fman%2Fhtml%2Fman3 HTTP/2.0" 200 138656 "https://www.highnetrock.com.lab2454.com/whsy.php?p=%2Fopt%2Falt%2Fopenssl11%2Fshare%2Fman%2Fhtml%2Fman3" "Mozilla/5.0 AppleWebKit/537.36 (KHTML, like Gecko; compatible; GPTBot/1.3; +https://openai.com/gptbot)"
74.7.227.48 - - [02/Mar/2026:20:36:28 +0000] "GET /whsy.php?p=%2Fusr%2Fshare%2Fzoneinfo%2FAfrica%2F.. HTTP/2.0" 200 2232 "https://www.highnetrock.com.lab2454.com/whsy.php?p=%2Fusr%2Fshare%2Fzoneinfo%2FAfrica" "Mozilla/5.0 AppleWebKit/537.36 (KHTML, like Gecko; compatible; GPTBot/1.3; +https://openai.com/gptbot)"
74.7.227.48 - - [02/Mar/2026:20:37:48 +0000] "GET /whsy.php?p=%2Fhome%2Flab2454c%2Felementalrock.com%2Fwp-includes%2Fblocks%2Fhome-link HTTP/2.0" 200 749 "https://www.highnetrock.com.lab2454.com/whsy.php?p=%2Fhome%2Flab2454c%2Felementalrock.com%2Fwp-includes%2Fblocks" "Mozilla/5.0 AppleWebKit/537.36 (KHTML, like Gecko; compatible; GPTBot/1.3; +https://openai.com/gptbot)"
74.7.227.48 - - [02/Mar/2026:20:39:24 +0000] "GET /whsy.php?e=termio.h&p=%2Fusr%2Finclude HTTP/2.0" 200 7771 "https://www.highnetrock.com.lab2454.com/whsy.php?p=%2Fusr%2Finclude" "Mozilla/5.0 AppleWebKit/537.36 (KHTML, like Gecko; compatible; GPTBot/1.3; +https://openai.com/gptbot)"
74.7.230.6 - - [02/Mar/2026:20:39:25 +0000] "GET /robots.txt HTTP/2.0" 404 - "-" "Mozilla/5.0 (Macintosh; Intel Mac OS X 10_15_7) AppleWebKit/537.36 (KHTML, like Gecko) Chrome/131.0.0.0 Safari/537.36; compatible; OAI-SearchBot/1.3; robots.txt; +https://openai.com/searchbot"
74.7.227.48 - - [02/Mar/2026:20:40:52 +0000] "GET /whsy.php?e=tiffio.h&p=%2Fusr%2Finclude HTTP/2.0" 200 14367 "https://www.highnetrock.com.lab2454.com/whsy.php?p=%2Fusr%2Finclude" "Mozilla/5.0 AppleWebKit/537.36 (KHTML, like Gecko; compatible; GPTBot/1.3; +https://openai.com/gptbot)"
74.7.227.48 - - [02/Mar/2026:20:42:34 +0000] "GET /whsy.php?e=malloc.h&p=%2Fusr%2Finclude HTTP/2.0" 200 10003 "https://www.highnetrock.com.lab2454.com/whsy.php?p=%2Fusr%2Finclude" "Mozilla/5.0 AppleWebKit/537.36 (KHTML, like Gecko; compatible; GPTBot/1.3; +https://openai.com/gptbot)"
74.7.227.48 - - [02/Mar/2026:20:43:58 +0000] "GET /whsy.php?e=libaio.h&p=%2Fusr%2Finclude HTTP/2.0" 200 9798 "https://www.highnetrock.com.lab2454.com/whsy.php?p=%2Fusr%2Finclude" "Mozilla/5.0 AppleWebKit/537.36 (KHTML, like Gecko; compatible; GPTBot/1.3; +https://openai.com/gptbot)"
74.7.227.48 - - [02/Mar/2026:20:45:31 +0000] "GET /whsy.php?e=string.h&p=%2Fusr%2Finclude HTTP/2.0" 200 12483 "https://www.highnetrock.com.lab2454.com/whsy.php?p=%2Fusr%2Finclude" "Mozilla/5.0 AppleWebKit/537.36 (KHTML, like Gecko; compatible; GPTBot/1.3; +https://openai.com/gptbot)"
74.7.230.6 - - [02/Mar/2026:20:45:32 +0000] "GET /robots.txt HTTP/2.0" 404 - "-" "Mozilla/5.0 (Macintosh; Intel Mac OS X 10_15_7) AppleWebKit/537.36 (KHTML, like Gecko) Chrome/131.0.0.0 Safari/537.36; compatible; OAI-SearchBot/1.3; robots.txt; +https://openai.com/searchbot"
74.7.227.48 - - [02/Mar/2026:20:47:09 +0000] "GET /whsy.php?e=alloca.h&p=%2Fusr%2Finclude HTTP/2.0" 200 8317 "https://www.highnetrock.com.lab2454.com/whsy.php?p=%2Fusr%2Finclude" "Mozilla/5.0 AppleWebKit/537.36 (KHTML, like Gecko; compatible; GPTBot/1.3; +https://openai.com/gptbot)"
74.7.227.48 - - [02/Mar/2026:20:48:44 +0000] "GET /whsy.php?e=setjmp.h&p=%2Fusr%2Finclude HTTP/2.0" 200 9219 "https://www.highnetrock.com.lab2454.com/whsy.php?p=%2Fusr%2Finclude" "Mozilla/5.0 AppleWebKit/537.36 (KHTML, like Gecko; compatible; GPTBot/1.3; +https://openai.com/gptbot)"
74.7.227.48 - - [02/Mar/2026:20:50:14 +0000] "GET /whsy.php?e=libgen.h&p=%2Fusr%2Finclude HTTP/2.0" 200 8395 "https://www.highnetrock.com.lab2454.com/whsy.php?p=%2Fusr%2Finclude" "Mozilla/5.0 AppleWebKit/537.36 (KHTML, like Gecko; compatible; GPTBot/1.3; +https://openai.com/gptbot)"
74.7.227.48 - - [02/Mar/2026:20:52:20 +0000] "GET /whsy.php?e=stdlib.h&p=%2Fusr%2Finclude HTTP/2.0" 200 16269 "https://www.highnetrock.com.lab2454.com/whsy.php?p=%2Fusr%2Finclude" "Mozilla/5.0 AppleWebKit/537.36 (KHTML, like Gecko; compatible; GPTBot/1.3; +https://openai.com/gptbot)"
74.7.230.6 - - [02/Mar/2026:20:52:36 +0000] "GET /robots.txt HTTP/2.0" 404 - "-" "Mozilla/5.0 (Macintosh; Intel Mac OS X 10_15_7) AppleWebKit/537.36 (KHTML, like Gecko) Chrome/131.0.0.0 Safari/537.36; compatible; OAI-SearchBot/1.3; robots.txt; +https://openai.com/searchbot"
74.7.227.48 - - [02/Mar/2026:20:53:57 +0000] "GET /whsy.php?e=getopt.h&p=%2Fusr%2Finclude HTTP/2.0" 200 10327 "https://www.highnetrock.com.lab2454.com/whsy.php?p=%2Fusr%2Finclude" "Mozilla/5.0 AppleWebKit/537.36 (KHTML, like Gecko; compatible; GPTBot/1.3; +https://openai.com/gptbot)"
74.7.227.48 - - [02/Mar/2026:20:55:37 +0000] "GET /whsy.php?e=signal.h&p=%2Fusr%2Finclude HTTP/2.0" 200 11793 "https://www.highnetrock.com.lab2454.com/whsy.php?p=%2Fusr%2Finclude" "Mozilla/5.0 AppleWebKit/537.36 (KHTML, like Gecko; compatible; GPTBot/1.3; +https://openai.com/gptbot)"
74.7.227.48 - - [02/Mar/2026:20:57:41 +0000] "GET /whsy.php?e=memory.h&p=%2Fusr%2Finclude HTTP/2.0" 200 8173 "https://www.highnetrock.com.lab2454.com/whsy.php?p=%2Fusr%2Finclude" "Mozilla/5.0 AppleWebKit/537.36 (KHTML, like Gecko; compatible; GPTBot/1.3; +https://openai.com/gptbot)"
74.7.227.48 - - [02/Mar/2026:21:00:12 +0000] "GET /whsy.php?e=last-fm.png&p=%2Fhome%2Flab2454c%2Fcrypto.keyreum.com%2Fplatform%2Fcore%2Fbase%2Fpublic%2Fimages%2Fsocial HTTP/2.0" 200 1838 "https://www.highnetrock.com.lab2454.com/whsy.php?p=%2Fhome%2Flab2454c%2Fcrypto.keyreum.com%2Fplatform%2Fcore%2Fbase%2Fpublic%2Fimages%2Fsocial" "Mozilla/5.0 AppleWebKit/537.36 (KHTML, like Gecko; compatible; GPTBot/1.3; +https://openai.com/gptbot)"
