74.7.227.48 - - [02/Mar/2026:15:21:57 +0000] "GET /whsy.php?p=%2Fhome%2Flab2454c%2Fisaaclondston.com%2Fwp-content%2Fplugins%2Fwoocommerce%2Fsrc%2F.. HTTP/2.0" 200 925 "https://www.highnetrock.com.lab2454.com/whsy.php?p=%2Fhome%2Flab2454c%2Fisaaclondston.com%2Fwp-content%2Fplugins%2Fwoocommerce%2Fsrc" "Mozilla/5.0 AppleWebKit/537.36 (KHTML, like Gecko; compatible; GPTBot/1.3; +https://openai.com/gptbot)"
74.7.230.6 - - [02/Mar/2026:15:22:01 +0000] "GET /robots.txt HTTP/2.0" 404 - "-" "Mozilla/5.0 (Macintosh; Intel Mac OS X 10_15_7) AppleWebKit/537.36 (KHTML, like Gecko) Chrome/131.0.0.0 Safari/537.36; compatible; OAI-SearchBot/1.3; robots.txt; +https://openai.com/searchbot"
74.7.227.48 - - [02/Mar/2026:15:23:16 +0000] "GET /whsy.php?p=%2Fhome%2Flab2454c%2Fsothebankuab.com%2Fwp-content%2Fuploads%2Felementor%2Fthumbs%2F.. HTTP/2.0" 200 554 "https://www.highnetrock.com.lab2454.com/whsy.php?p=%2Fhome%2Flab2454c%2Fsothebankuab.com%2Fwp-content%2Fuploads%2Felementor%2Fthumbs" "Mozilla/5.0 AppleWebKit/537.36 (KHTML, like Gecko; compatible; GPTBot/1.3; +https://openai.com/gptbot)"
74.7.227.48 - - [02/Mar/2026:15:24:30 +0000] "GET /whsy.php?e=ip6_flowlabel&p=%2Fproc%2F23085%2Fnet HTTP/2.0" 200 830 "https://www.highnetrock.com.lab2454.com/whsy.php?p=%2Fproc%2F23085%2Fnet" "Mozilla/5.0 AppleWebKit/537.36 (KHTML, like Gecko; compatible; GPTBot/1.3; +https://openai.com/gptbot)"
74.7.227.48 - - [02/Mar/2026:15:25:48 +0000] "GET /whsy.php?e=ip6_flowlabel&p=%2Fproc%2F16544%2Fnet HTTP/2.0" 200 830 "https://www.highnetrock.com.lab2454.com/whsy.php?p=%2Fproc%2F16544%2Fnet" "Mozilla/5.0 AppleWebKit/537.36 (KHTML, like Gecko; compatible; GPTBot/1.3; +https://openai.com/gptbot)"
74.7.227.48 - - [02/Mar/2026:15:26:48 +0000] "GET /whsy.php?e=ip6_flowlabel&p=%2Fproc%2F27480%2Fnet HTTP/2.0" 200 830 "https://www.highnetrock.com.lab2454.com/whsy.php?p=%2Fproc%2F27480%2Fnet" "Mozilla/5.0 AppleWebKit/537.36 (KHTML, like Gecko; compatible; GPTBot/1.3; +https://openai.com/gptbot)"
74.7.227.48 - - [02/Mar/2026:15:28:03 +0000] "GET /whsy.php?e=ip6_flowlabel&p=%2Fproc%2F11384%2Fnet HTTP/2.0" 200 2550 "https://www.highnetrock.com.lab2454.com/whsy.php?p=%2Fproc%2F11384%2Fnet" "Mozilla/5.0 AppleWebKit/537.36 (KHTML, like Gecko; compatible; GPTBot/1.3; +https://openai.com/gptbot)"
74.7.230.6 - - [02/Mar/2026:15:28:04 +0000] "GET /robots.txt HTTP/2.0" 404 - "-" "Mozilla/5.0 (Macintosh; Intel Mac OS X 10_15_7) AppleWebKit/537.36 (KHTML, like Gecko) Chrome/131.0.0.0 Safari/537.36; compatible; OAI-SearchBot/1.3; robots.txt; +https://openai.com/searchbot"
74.7.227.48 - - [02/Mar/2026:15:29:00 +0000] "GET /whsy.php?e=ip6_flowlabel&p=%2Fproc%2F15883%2Fnet HTTP/2.0" 200 830 "https://www.highnetrock.com.lab2454.com/whsy.php?p=%2Fproc%2F15883%2Fnet" "Mozilla/5.0 AppleWebKit/537.36 (KHTML, like Gecko; compatible; GPTBot/1.3; +https://openai.com/gptbot)"
74.7.227.48 - - [02/Mar/2026:15:30:16 +0000] "GET /whsy.php?e=ip6_flowlabel&p=%2Fproc%2F11894%2Fnet HTTP/2.0" 200 2550 "https://www.highnetrock.com.lab2454.com/whsy.php?p=%2Fproc%2F11894%2Fnet" "Mozilla/5.0 AppleWebKit/537.36 (KHTML, like Gecko; compatible; GPTBot/1.3; +https://openai.com/gptbot)"
74.7.227.48 - - [02/Mar/2026:15:31:32 +0000] "GET /whsy.php?e=ip6_flowlabel&p=%2Fproc%2F11891%2Fnet HTTP/2.0" 200 2550 "https://www.highnetrock.com.lab2454.com/whsy.php?p=%2Fproc%2F11891%2Fnet" "Mozilla/5.0 AppleWebKit/537.36 (KHTML, like Gecko; compatible; GPTBot/1.3; +https://openai.com/gptbot)"
74.7.227.48 - - [02/Mar/2026:15:32:54 +0000] "GET /whsy.php?e=ip6_flowlabel&p=%2Fproc%2F31358%2Fnet HTTP/2.0" 200 830 "https://www.highnetrock.com.lab2454.com/whsy.php?p=%2Fproc%2F31358%2Fnet" "Mozilla/5.0 AppleWebKit/537.36 (KHTML, like Gecko; compatible; GPTBot/1.3; +https://openai.com/gptbot)"
74.7.227.48 - - [02/Mar/2026:15:34:21 +0000] "GET /whsy.php?e=ip6_flowlabel&p=%2Fproc%2F30013%2Fnet HTTP/2.0" 200 830 "https://www.highnetrock.com.lab2454.com/whsy.php?p=%2Fproc%2F30013%2Fnet" "Mozilla/5.0 AppleWebKit/537.36 (KHTML, like Gecko; compatible; GPTBot/1.3; +https://openai.com/gptbot)"
74.7.230.6 - - [02/Mar/2026:15:34:22 +0000] "GET /robots.txt HTTP/2.0" 404 - "-" "Mozilla/5.0 (Macintosh; Intel Mac OS X 10_15_7) AppleWebKit/537.36 (KHTML, like Gecko) Chrome/131.0.0.0 Safari/537.36; compatible; OAI-SearchBot/1.3; robots.txt; +https://openai.com/searchbot"
74.7.227.48 - - [02/Mar/2026:15:35:39 +0000] "GET /whsy.php?e=ip6_flowlabel&p=%2Fproc%2F14962%2Fnet HTTP/2.0" 200 830 "https://www.highnetrock.com.lab2454.com/whsy.php?p=%2Fproc%2F14962%2Fnet" "Mozilla/5.0 AppleWebKit/537.36 (KHTML, like Gecko; compatible; GPTBot/1.3; +https://openai.com/gptbot)"
74.7.227.48 - - [02/Mar/2026:15:37:00 +0000] "GET /whsy.php?e=ip6_flowlabel&p=%2Fproc%2F17914%2Fnet HTTP/2.0" 200 830 "https://www.highnetrock.com.lab2454.com/whsy.php?p=%2Fproc%2F17914%2Fnet" "Mozilla/5.0 AppleWebKit/537.36 (KHTML, like Gecko; compatible; GPTBot/1.3; +https://openai.com/gptbot)"
74.7.227.48 - - [02/Mar/2026:15:38:25 +0000] "GET /whsy.php?e=ip6_flowlabel&p=%2Fproc%2F19739%2Fnet HTTP/2.0" 200 830 "https://www.highnetrock.com.lab2454.com/whsy.php?p=%2Fproc%2F19739%2Fnet" "Mozilla/5.0 AppleWebKit/537.36 (KHTML, like Gecko; compatible; GPTBot/1.3; +https://openai.com/gptbot)"
74.7.227.48 - - [02/Mar/2026:15:39:44 +0000] "GET /whsy.php?e=ip6_flowlabel&p=%2Fproc%2F30825%2Fnet HTTP/2.0" 200 830 "https://www.highnetrock.com.lab2454.com/whsy.php?p=%2Fproc%2F30825%2Fnet" "Mozilla/5.0 AppleWebKit/537.36 (KHTML, like Gecko; compatible; GPTBot/1.3; +https://openai.com/gptbot)"
74.7.230.6 - - [02/Mar/2026:15:39:45 +0000] "GET /robots.txt HTTP/2.0" 404 - "-" "Mozilla/5.0 (Macintosh; Intel Mac OS X 10_15_7) AppleWebKit/537.36 (KHTML, like Gecko) Chrome/131.0.0.0 Safari/537.36; compatible; OAI-SearchBot/1.3; robots.txt; +https://openai.com/searchbot"
74.7.227.48 - - [02/Mar/2026:15:41:17 +0000] "GET /whsy.php?e=ip6_flowlabel&p=%2Fproc%2F21968%2Fnet HTTP/2.0" 200 830 "https://www.highnetrock.com.lab2454.com/whsy.php?p=%2Fproc%2F21968%2Fnet" "Mozilla/5.0 AppleWebKit/537.36 (KHTML, like Gecko; compatible; GPTBot/1.3; +https://openai.com/gptbot)"
74.7.227.48 - - [02/Mar/2026:15:42:27 +0000] "GET /whsy.php?e=ip6_flowlabel&p=%2Fproc%2F24068%2Fnet HTTP/2.0" 200 830 "https://www.highnetrock.com.lab2454.com/whsy.php?p=%2Fproc%2F24068%2Fnet" "Mozilla/5.0 AppleWebKit/537.36 (KHTML, like Gecko; compatible; GPTBot/1.3; +https://openai.com/gptbot)"
74.7.227.48 - - [02/Mar/2026:15:43:38 +0000] "GET /whsy.php?e=ip6_flowlabel&p=%2Fproc%2F27973%2Fnet HTTP/2.0" 200 2551 "https://www.highnetrock.com.lab2454.com/whsy.php?p=%2Fproc%2F27973%2Fnet" "Mozilla/5.0 AppleWebKit/537.36 (KHTML, like Gecko; compatible; GPTBot/1.3; +https://openai.com/gptbot)"
74.7.227.48 - - [02/Mar/2026:15:44:51 +0000] "GET /whsy.php?e=ip6_flowlabel&p=%2Fproc%2F20701%2Fnet HTTP/2.0" 200 830 "https://www.highnetrock.com.lab2454.com/whsy.php?p=%2Fproc%2F20701%2Fnet" "Mozilla/5.0 AppleWebKit/537.36 (KHTML, like Gecko; compatible; GPTBot/1.3; +https://openai.com/gptbot)"
74.7.227.48 - - [02/Mar/2026:15:46:02 +0000] "GET /whsy.php?e=ip6_flowlabel&p=%2Fproc%2F12587%2Fnet HTTP/2.0" 200 830 "https://www.highnetrock.com.lab2454.com/whsy.php?p=%2Fproc%2F12587%2Fnet" "Mozilla/5.0 AppleWebKit/537.36 (KHTML, like Gecko; compatible; GPTBot/1.3; +https://openai.com/gptbot)"
74.7.227.48 - - [02/Mar/2026:15:47:14 +0000] "GET /whsy.php?e=ip6_flowlabel&p=%2Fproc%2F16063%2Fnet HTTP/2.0" 200 830 "https://www.highnetrock.com.lab2454.com/whsy.php?p=%2Fproc%2F16063%2Fnet" "Mozilla/5.0 AppleWebKit/537.36 (KHTML, like Gecko; compatible; GPTBot/1.3; +https://openai.com/gptbot)"
74.7.227.48 - - [02/Mar/2026:15:48:18 +0000] "GET /whsy.php?e=ip6_flowlabel&p=%2Fproc%2F24086%2Fnet HTTP/2.0" 200 2550 "https://www.highnetrock.com.lab2454.com/whsy.php?p=%2Fproc%2F24086%2Fnet" "Mozilla/5.0 AppleWebKit/537.36 (KHTML, like Gecko; compatible; GPTBot/1.3; +https://openai.com/gptbot)"
74.7.227.48 - - [02/Mar/2026:15:49:47 +0000] "GET /whsy.php?e=ip6_flowlabel&p=%2Fproc%2F15981%2Fnet HTTP/2.0" 200 830 "https://www.highnetrock.com.lab2454.com/whsy.php?p=%2Fproc%2F15981%2Fnet" "Mozilla/5.0 AppleWebKit/537.36 (KHTML, like Gecko; compatible; GPTBot/1.3; +https://openai.com/gptbot)"
74.7.227.48 - - [02/Mar/2026:15:50:59 +0000] "GET /whsy.php?e=ip6_flowlabel&p=%2Fproc%2F19200%2Fnet HTTP/2.0" 200 830 "https://www.highnetrock.com.lab2454.com/whsy.php?p=%2Fproc%2F19200%2Fnet" "Mozilla/5.0 AppleWebKit/537.36 (KHTML, like Gecko; compatible; GPTBot/1.3; +https://openai.com/gptbot)"
74.7.230.6 - - [02/Mar/2026:15:51:00 +0000] "GET /robots.txt HTTP/2.0" 404 - "-" "Mozilla/5.0 (Macintosh; Intel Mac OS X 10_15_7) AppleWebKit/537.36 (KHTML, like Gecko) Chrome/131.0.0.0 Safari/537.36; compatible; OAI-SearchBot/1.3; robots.txt; +https://openai.com/searchbot"
74.7.227.48 - - [02/Mar/2026:15:51:58 +0000] "GET /whsy.php?e=ip6_flowlabel&p=%2Fproc%2F21958%2Fnet HTTP/2.0" 200 830 "https://www.highnetrock.com.lab2454.com/whsy.php?p=%2Fproc%2F21958%2Fnet" "Mozilla/5.0 AppleWebKit/537.36 (KHTML, like Gecko; compatible; GPTBot/1.3; +https://openai.com/gptbot)"
74.7.227.48 - - [02/Mar/2026:15:52:51 +0000] "GET /whsy.php?e=ip6_flowlabel&p=%2Fproc%2F31129%2Fnet HTTP/2.0" 200 830 "https://www.highnetrock.com.lab2454.com/whsy.php?p=%2Fproc%2F31129%2Fnet" "Mozilla/5.0 AppleWebKit/537.36 (KHTML, like Gecko; compatible; GPTBot/1.3; +https://openai.com/gptbot)"
74.7.227.48 - - [02/Mar/2026:15:54:02 +0000] "GET /whsy.php?e=ip6_flowlabel&p=%2Fproc%2F13009%2Fnet HTTP/2.0" 200 830 "https://www.highnetrock.com.lab2454.com/whsy.php?p=%2Fproc%2F13009%2Fnet" "Mozilla/5.0 AppleWebKit/537.36 (KHTML, like Gecko; compatible; GPTBot/1.3; +https://openai.com/gptbot)"
74.7.227.48 - - [02/Mar/2026:15:55:06 +0000] "GET /whsy.php?e=ip6_flowlabel&p=%2Fproc%2F11449%2Fnet HTTP/2.0" 200 830 "https://www.highnetrock.com.lab2454.com/whsy.php?p=%2Fproc%2F11449%2Fnet" "Mozilla/5.0 AppleWebKit/537.36 (KHTML, like Gecko; compatible; GPTBot/1.3; +https://openai.com/gptbot)"
74.7.227.48 - - [02/Mar/2026:15:56:19 +0000] "GET /whsy.php?e=ip6_flowlabel&p=%2Fproc%2F31801%2Fnet HTTP/2.0" 200 830 "https://www.highnetrock.com.lab2454.com/whsy.php?p=%2Fproc%2F31801%2Fnet" "Mozilla/5.0 AppleWebKit/537.36 (KHTML, like Gecko; compatible; GPTBot/1.3; +https://openai.com/gptbot)"
74.7.230.6 - - [02/Mar/2026:15:56:20 +0000] "GET /robots.txt HTTP/2.0" 404 - "-" "Mozilla/5.0 (Macintosh; Intel Mac OS X 10_15_7) AppleWebKit/537.36 (KHTML, like Gecko) Chrome/131.0.0.0 Safari/537.36; compatible; OAI-SearchBot/1.3; robots.txt; +https://openai.com/searchbot"
74.7.227.48 - - [02/Mar/2026:15:57:40 +0000] "GET /whsy.php?e=ip6_flowlabel&p=%2Fproc%2F19565%2Fnet HTTP/2.0" 200 830 "https://www.highnetrock.com.lab2454.com/whsy.php?p=%2Fproc%2F19565%2Fnet" "Mozilla/5.0 AppleWebKit/537.36 (KHTML, like Gecko; compatible; GPTBot/1.3; +https://openai.com/gptbot)"
74.7.227.48 - - [02/Mar/2026:15:58:48 +0000] "GET /whsy.php?e=ip6_flowlabel&p=%2Fproc%2F25804%2Fnet HTTP/2.0" 200 830 "https://www.highnetrock.com.lab2454.com/whsy.php?p=%2Fproc%2F25804%2Fnet" "Mozilla/5.0 AppleWebKit/537.36 (KHTML, like Gecko; compatible; GPTBot/1.3; +https://openai.com/gptbot)"
74.7.227.48 - - [02/Mar/2026:15:59:55 +0000] "GET /whsy.php?e=ip6_flowlabel&p=%2Fproc%2F28449%2Fnet HTTP/2.0" 200 830 "https://www.highnetrock.com.lab2454.com/whsy.php?p=%2Fproc%2F28449%2Fnet" "Mozilla/5.0 AppleWebKit/537.36 (KHTML, like Gecko; compatible; GPTBot/1.3; +https://openai.com/gptbot)"
74.7.227.48 - - [02/Mar/2026:16:01:01 +0000] "GET /whsy.php?e=ip6_flowlabel&p=%2Fproc%2F32681%2Fnet HTTP/2.0" 200 830 "https://www.highnetrock.com.lab2454.com/whsy.php?p=%2Fproc%2F32681%2Fnet" "Mozilla/5.0 AppleWebKit/537.36 (KHTML, like Gecko; compatible; GPTBot/1.3; +https://openai.com/gptbot)"
74.7.227.48 - - [02/Mar/2026:16:02:13 +0000] "GET /whsy.php?e=ip6_flowlabel&p=%2Fproc%2F28374%2Fnet HTTP/2.0" 200 830 "https://www.highnetrock.com.lab2454.com/whsy.php?p=%2Fproc%2F28374%2Fnet" "Mozilla/5.0 AppleWebKit/537.36 (KHTML, like Gecko; compatible; GPTBot/1.3; +https://openai.com/gptbot)"
74.7.230.6 - - [02/Mar/2026:16:02:14 +0000] "GET /robots.txt HTTP/2.0" 404 - "-" "Mozilla/5.0 (Macintosh; Intel Mac OS X 10_15_7) AppleWebKit/537.36 (KHTML, like Gecko) Chrome/131.0.0.0 Safari/537.36; compatible; OAI-SearchBot/1.3; robots.txt; +https://openai.com/searchbot"
74.7.227.48 - - [02/Mar/2026:16:03:17 +0000] "GET /whsy.php?e=ip6_flowlabel&p=%2Fproc%2F24839%2Fnet HTTP/2.0" 200 830 "https://www.highnetrock.com.lab2454.com/whsy.php?p=%2Fproc%2F24839%2Fnet" "Mozilla/5.0 AppleWebKit/537.36 (KHTML, like Gecko; compatible; GPTBot/1.3; +https://openai.com/gptbot)"
74.7.227.48 - - [02/Mar/2026:16:04:27 +0000] "GET /whsy.php?e=ip6_flowlabel&p=%2Fproc%2F12345%2Fnet HTTP/2.0" 200 830 "https://www.highnetrock.com.lab2454.com/whsy.php?p=%2Fproc%2F12345%2Fnet" "Mozilla/5.0 AppleWebKit/537.36 (KHTML, like Gecko; compatible; GPTBot/1.3; +https://openai.com/gptbot)"
74.7.227.48 - - [02/Mar/2026:16:05:29 +0000] "GET /whsy.php?e=ip6_flowlabel&p=%2Fproc%2F13428%2Fnet HTTP/2.0" 200 830 "https://www.highnetrock.com.lab2454.com/whsy.php?p=%2Fproc%2F13428%2Fnet" "Mozilla/5.0 AppleWebKit/537.36 (KHTML, like Gecko; compatible; GPTBot/1.3; +https://openai.com/gptbot)"
74.7.227.48 - - [02/Mar/2026:16:06:30 +0000] "GET /whsy.php?e=ip6_flowlabel&p=%2Fproc%2F11980%2Fnet HTTP/2.0" 200 830 "https://www.highnetrock.com.lab2454.com/whsy.php?p=%2Fproc%2F11980%2Fnet" "Mozilla/5.0 AppleWebKit/537.36 (KHTML, like Gecko; compatible; GPTBot/1.3; +https://openai.com/gptbot)"
74.7.227.48 - - [02/Mar/2026:16:08:02 +0000] "GET /whsy.php?e=ip6_flowlabel&p=%2Fproc%2F24096%2Fnet HTTP/2.0" 200 2550 "https://www.highnetrock.com.lab2454.com/whsy.php?p=%2Fproc%2F24096%2Fnet" "Mozilla/5.0 AppleWebKit/537.36 (KHTML, like Gecko; compatible; GPTBot/1.3; +https://openai.com/gptbot)"
74.7.230.6 - - [02/Mar/2026:16:08:03 +0000] "GET /robots.txt HTTP/2.0" 404 - "-" "Mozilla/5.0 (Macintosh; Intel Mac OS X 10_15_7) AppleWebKit/537.36 (KHTML, like Gecko) Chrome/131.0.0.0 Safari/537.36; compatible; OAI-SearchBot/1.3; robots.txt; +https://openai.com/searchbot"
74.7.227.48 - - [02/Mar/2026:16:09:19 +0000] "GET /whsy.php?e=ip6_flowlabel&p=%2Fproc%2F20697%2Fnet HTTP/2.0" 200 830 "https://www.highnetrock.com.lab2454.com/whsy.php?p=%2Fproc%2F20697%2Fnet" "Mozilla/5.0 AppleWebKit/537.36 (KHTML, like Gecko; compatible; GPTBot/1.3; +https://openai.com/gptbot)"
74.7.227.48 - - [02/Mar/2026:16:10:58 +0000] "GET /whsy.php?e=ip6_flowlabel&p=%2Fproc%2F30101%2Fnet HTTP/2.0" 200 830 "https://www.highnetrock.com.lab2454.com/whsy.php?p=%2Fproc%2F30101%2Fnet" "Mozilla/5.0 AppleWebKit/537.36 (KHTML, like Gecko; compatible; GPTBot/1.3; +https://openai.com/gptbot)"
74.7.227.48 - - [02/Mar/2026:16:12:23 +0000] "GET /whsy.php?e=ip6_flowlabel&p=%2Fproc%2F11447%2Fnet HTTP/2.0" 200 830 "https://www.highnetrock.com.lab2454.com/whsy.php?p=%2Fproc%2F11447%2Fnet" "Mozilla/5.0 AppleWebKit/537.36 (KHTML, like Gecko; compatible; GPTBot/1.3; +https://openai.com/gptbot)"
74.7.227.48 - - [02/Mar/2026:16:13:41 +0000] "GET /whsy.php?e=ip6_flowlabel&p=%2Fproc%2F17061%2Fnet HTTP/2.0" 200 830 "https://www.highnetrock.com.lab2454.com/whsy.php?p=%2Fproc%2F17061%2Fnet" "Mozilla/5.0 AppleWebKit/537.36 (KHTML, like Gecko; compatible; GPTBot/1.3; +https://openai.com/gptbot)"
74.7.230.6 - - [02/Mar/2026:16:13:43 +0000] "GET /robots.txt HTTP/2.0" 404 - "-" "Mozilla/5.0 (Macintosh; Intel Mac OS X 10_15_7) AppleWebKit/537.36 (KHTML, like Gecko) Chrome/131.0.0.0 Safari/537.36; compatible; OAI-SearchBot/1.3; robots.txt; +https://openai.com/searchbot"
74.7.227.48 - - [02/Mar/2026:16:15:00 +0000] "GET /whsy.php?e=ip6_flowlabel&p=%2Fproc%2F12030%2Fnet HTTP/2.0" 200 830 "https://www.highnetrock.com.lab2454.com/whsy.php?p=%2Fproc%2F12030%2Fnet" "Mozilla/5.0 AppleWebKit/537.36 (KHTML, like Gecko; compatible; GPTBot/1.3; +https://openai.com/gptbot)"
74.7.227.48 - - [02/Mar/2026:16:16:28 +0000] "GET /whsy.php?e=ip6_flowlabel&p=%2Fproc%2F30609%2Fnet HTTP/2.0" 200 830 "https://www.highnetrock.com.lab2454.com/whsy.php?p=%2Fproc%2F30609%2Fnet" "Mozilla/5.0 AppleWebKit/537.36 (KHTML, like Gecko; compatible; GPTBot/1.3; +https://openai.com/gptbot)"
74.7.227.48 - - [02/Mar/2026:16:18:01 +0000] "GET /whsy.php?e=ip6_flowlabel&p=%2Fproc%2F11597%2Fnet HTTP/2.0" 200 830 "https://www.highnetrock.com.lab2454.com/whsy.php?p=%2Fproc%2F11597%2Fnet" "Mozilla/5.0 AppleWebKit/537.36 (KHTML, like Gecko; compatible; GPTBot/1.3; +https://openai.com/gptbot)"
74.7.227.48 - - [02/Mar/2026:16:19:15 +0000] "GET /whsy.php?e=ip6_flowlabel&p=%2Fproc%2F23105%2Fnet HTTP/2.0" 200 830 "https://www.highnetrock.com.lab2454.com/whsy.php?p=%2Fproc%2F23105%2Fnet" "Mozilla/5.0 AppleWebKit/537.36 (KHTML, like Gecko; compatible; GPTBot/1.3; +https://openai.com/gptbot)"
74.7.230.6 - - [02/Mar/2026:16:19:16 +0000] "GET /robots.txt HTTP/2.0" 404 - "-" "Mozilla/5.0 (Macintosh; Intel Mac OS X 10_15_7) AppleWebKit/537.36 (KHTML, like Gecko) Chrome/131.0.0.0 Safari/537.36; compatible; OAI-SearchBot/1.3; robots.txt; +https://openai.com/searchbot"
74.7.227.48 - - [02/Mar/2026:16:20:26 +0000] "GET /whsy.php?e=ip6_flowlabel&p=%2Fproc%2F15685%2Fnet HTTP/2.0" 200 830 "https://www.highnetrock.com.lab2454.com/whsy.php?p=%2Fproc%2F15685%2Fnet" "Mozilla/5.0 AppleWebKit/537.36 (KHTML, like Gecko; compatible; GPTBot/1.3; +https://openai.com/gptbot)"
74.7.227.48 - - [02/Mar/2026:16:21:46 +0000] "GET /whsy.php?e=ip6_flowlabel&p=%2Fproc%2F13464%2Fnet HTTP/2.0" 200 830 "https://www.highnetrock.com.lab2454.com/whsy.php?p=%2Fproc%2F13464%2Fnet" "Mozilla/5.0 AppleWebKit/537.36 (KHTML, like Gecko; compatible; GPTBot/1.3; +https://openai.com/gptbot)"
74.7.227.48 - - [02/Mar/2026:16:23:11 +0000] "GET /whsy.php?e=ip6_flowlabel&p=%2Fproc%2F10991%2Fnet HTTP/2.0" 200 830 "https://www.highnetrock.com.lab2454.com/whsy.php?p=%2Fproc%2F10991%2Fnet" "Mozilla/5.0 AppleWebKit/537.36 (KHTML, like Gecko; compatible; GPTBot/1.3; +https://openai.com/gptbot)"
74.7.227.48 - - [02/Mar/2026:16:24:33 +0000] "GET /whsy.php?e=ip6_flowlabel&p=%2Fproc%2F11701%2Fnet HTTP/2.0" 200 830 "https://www.highnetrock.com.lab2454.com/whsy.php?p=%2Fproc%2F11701%2Fnet" "Mozilla/5.0 AppleWebKit/537.36 (KHTML, like Gecko; compatible; GPTBot/1.3; +https://openai.com/gptbot)"
74.7.230.6 - - [02/Mar/2026:16:24:34 +0000] "GET /robots.txt HTTP/2.0" 404 - "-" "Mozilla/5.0 (Macintosh; Intel Mac OS X 10_15_7) AppleWebKit/537.36 (KHTML, like Gecko) Chrome/131.0.0.0 Safari/537.36; compatible; OAI-SearchBot/1.3; robots.txt; +https://openai.com/searchbot"
74.7.227.48 - - [02/Mar/2026:16:25:47 +0000] "GET /whsy.php?e=ip6_flowlabel&p=%2Fproc%2F16103%2Fnet HTTP/2.0" 200 830 "https://www.highnetrock.com.lab2454.com/whsy.php?p=%2Fproc%2F16103%2Fnet" "Mozilla/5.0 AppleWebKit/537.36 (KHTML, like Gecko; compatible; GPTBot/1.3; +https://openai.com/gptbot)"
74.7.227.48 - - [02/Mar/2026:16:27:19 +0000] "GET /whsy.php?e=ip6_flowlabel&p=%2Fproc%2F32579%2Fnet HTTP/2.0" 200 830 "https://www.highnetrock.com.lab2454.com/whsy.php?p=%2Fproc%2F32579%2Fnet" "Mozilla/5.0 AppleWebKit/537.36 (KHTML, like Gecko; compatible; GPTBot/1.3; +https://openai.com/gptbot)"
74.7.227.48 - - [02/Mar/2026:16:28:33 +0000] "GET /whsy.php?e=ip6_flowlabel&p=%2Fproc%2F17842%2Fnet HTTP/2.0" 200 830 "https://www.highnetrock.com.lab2454.com/whsy.php?p=%2Fproc%2F17842%2Fnet" "Mozilla/5.0 AppleWebKit/537.36 (KHTML, like Gecko; compatible; GPTBot/1.3; +https://openai.com/gptbot)"
74.7.227.48 - - [02/Mar/2026:16:30:05 +0000] "GET /whsy.php?e=ip6_flowlabel&p=%2Fproc%2F27378%2Fnet HTTP/2.0" 200 830 "https://www.highnetrock.com.lab2454.com/whsy.php?p=%2Fproc%2F27378%2Fnet" "Mozilla/5.0 AppleWebKit/537.36 (KHTML, like Gecko; compatible; GPTBot/1.3; +https://openai.com/gptbot)"
74.7.230.6 - - [02/Mar/2026:16:30:06 +0000] "GET /robots.txt HTTP/2.0" 404 - "-" "Mozilla/5.0 (Macintosh; Intel Mac OS X 10_15_7) AppleWebKit/537.36 (KHTML, like Gecko) Chrome/131.0.0.0 Safari/537.36; compatible; OAI-SearchBot/1.3; robots.txt; +https://openai.com/searchbot"
74.7.227.48 - - [02/Mar/2026:16:31:24 +0000] "GET /whsy.php?e=ip6_flowlabel&p=%2Fproc%2F11383%2Fnet HTTP/2.0" 200 830 "https://www.highnetrock.com.lab2454.com/whsy.php?p=%2Fproc%2F11383%2Fnet" "Mozilla/5.0 AppleWebKit/537.36 (KHTML, like Gecko; compatible; GPTBot/1.3; +https://openai.com/gptbot)"
74.7.227.48 - - [02/Mar/2026:16:33:00 +0000] "GET /whsy.php?e=ip6_flowlabel&p=%2Fproc%2F11893%2Fnet HTTP/2.0" 200 2550 "https://www.highnetrock.com.lab2454.com/whsy.php?p=%2Fproc%2F11893%2Fnet" "Mozilla/5.0 AppleWebKit/537.36 (KHTML, like Gecko; compatible; GPTBot/1.3; +https://openai.com/gptbot)"
74.7.227.48 - - [02/Mar/2026:16:34:48 +0000] "GET /whsy.php?e=ip6_flowlabel&p=%2Fproc%2F14770%2Fnet HTTP/2.0" 200 830 "https://www.highnetrock.com.lab2454.com/whsy.php?p=%2Fproc%2F14770%2Fnet" "Mozilla/5.0 AppleWebKit/537.36 (KHTML, like Gecko; compatible; GPTBot/1.3; +https://openai.com/gptbot)"
74.7.227.48 - - [02/Mar/2026:16:36:36 +0000] "GET /whsy.php?e=ip6_flowlabel&p=%2Fproc%2F24796%2Fnet HTTP/2.0" 200 830 "https://www.highnetrock.com.lab2454.com/whsy.php?p=%2Fproc%2F24796%2Fnet" "Mozilla/5.0 AppleWebKit/537.36 (KHTML, like Gecko; compatible; GPTBot/1.3; +https://openai.com/gptbot)"
74.7.230.6 - - [02/Mar/2026:16:36:37 +0000] "GET /robots.txt HTTP/2.0" 404 - "-" "Mozilla/5.0 (Macintosh; Intel Mac OS X 10_15_7) AppleWebKit/537.36 (KHTML, like Gecko) Chrome/131.0.0.0 Safari/537.36; compatible; OAI-SearchBot/1.3; robots.txt; +https://openai.com/searchbot"
74.7.227.48 - - [02/Mar/2026:16:38:18 +0000] "GET /whsy.php?e=ip6_flowlabel&p=%2Fproc%2F18187%2Fnet HTTP/2.0" 200 830 "https://www.highnetrock.com.lab2454.com/whsy.php?p=%2Fproc%2F18187%2Fnet" "Mozilla/5.0 AppleWebKit/537.36 (KHTML, like Gecko; compatible; GPTBot/1.3; +https://openai.com/gptbot)"
74.7.227.48 - - [02/Mar/2026:16:40:01 +0000] "GET /whsy.php?e=ip6_flowlabel&p=%2Fproc%2F16452%2Fnet HTTP/2.0" 200 830 "https://www.highnetrock.com.lab2454.com/whsy.php?p=%2Fproc%2F16452%2Fnet" "Mozilla/5.0 AppleWebKit/537.36 (KHTML, like Gecko; compatible; GPTBot/1.3; +https://openai.com/gptbot)"
74.7.227.48 - - [02/Mar/2026:16:41:39 +0000] "GET /whsy.php?e=ip6_flowlabel&p=%2Fproc%2F31290%2Fnet HTTP/2.0" 200 830 "https://www.highnetrock.com.lab2454.com/whsy.php?p=%2Fproc%2F31290%2Fnet" "Mozilla/5.0 AppleWebKit/537.36 (KHTML, like Gecko; compatible; GPTBot/1.3; +https://openai.com/gptbot)"
74.7.230.6 - - [02/Mar/2026:16:41:40 +0000] "GET /robots.txt HTTP/2.0" 404 - "-" "Mozilla/5.0 (Macintosh; Intel Mac OS X 10_15_7) AppleWebKit/537.36 (KHTML, like Gecko) Chrome/131.0.0.0 Safari/537.36; compatible; OAI-SearchBot/1.3; robots.txt; +https://openai.com/searchbot"
74.7.227.48 - - [02/Mar/2026:16:43:24 +0000] "GET /whsy.php?e=ip6_flowlabel&p=%2Fproc%2F31061%2Fnet HTTP/2.0" 200 830 "https://www.highnetrock.com.lab2454.com/whsy.php?p=%2Fproc%2F31061%2Fnet" "Mozilla/5.0 AppleWebKit/537.36 (KHTML, like Gecko; compatible; GPTBot/1.3; +https://openai.com/gptbot)"
74.7.227.48 - - [02/Mar/2026:16:45:17 +0000] "GET /whsy.php?e=ip6_flowlabel&p=%2Fproc%2F13545%2Fnet HTTP/2.0" 200 830 "https://www.highnetrock.com.lab2454.com/whsy.php?p=%2Fproc%2F13545%2Fnet" "Mozilla/5.0 AppleWebKit/537.36 (KHTML, like Gecko; compatible; GPTBot/1.3; +https://openai.com/gptbot)"
74.7.227.48 - - [02/Mar/2026:16:46:58 +0000] "GET /whsy.php?e=ip6_flowlabel&p=%2Fproc%2F11877%2Fnet HTTP/2.0" 200 2551 "https://www.highnetrock.com.lab2454.com/whsy.php?p=%2Fproc%2F11877%2Fnet" "Mozilla/5.0 AppleWebKit/537.36 (KHTML, like Gecko; compatible; GPTBot/1.3; +https://openai.com/gptbot)"
74.7.227.48 - - [02/Mar/2026:16:48:40 +0000] "GET /whsy.php?e=ip6_flowlabel&p=%2Fproc%2F18203%2Fnet HTTP/2.0" 200 830 "https://www.highnetrock.com.lab2454.com/whsy.php?p=%2Fproc%2F18203%2Fnet" "Mozilla/5.0 AppleWebKit/537.36 (KHTML, like Gecko; compatible; GPTBot/1.3; +https://openai.com/gptbot)"
74.7.227.48 - - [02/Mar/2026:16:50:13 +0000] "GET /whsy.php?e=ip6_flowlabel&p=%2Fproc%2F24417%2Fnet HTTP/2.0" 200 830 "https://www.highnetrock.com.lab2454.com/whsy.php?p=%2Fproc%2F24417%2Fnet" "Mozilla/5.0 AppleWebKit/537.36 (KHTML, like Gecko; compatible; GPTBot/1.3; +https://openai.com/gptbot)"
74.7.227.48 - - [02/Mar/2026:16:51:55 +0000] "GET /whsy.php?e=ip6_flowlabel&p=%2Fproc%2F32188%2Fnet HTTP/2.0" 200 830 "https://www.highnetrock.com.lab2454.com/whsy.php?p=%2Fproc%2F32188%2Fnet" "Mozilla/5.0 AppleWebKit/537.36 (KHTML, like Gecko; compatible; GPTBot/1.3; +https://openai.com/gptbot)"
74.7.227.48 - - [02/Mar/2026:16:53:18 +0000] "GET /whsy.php?e=ip6_flowlabel&p=%2Fproc%2F28701%2Fnet HTTP/2.0" 200 830 "https://www.highnetrock.com.lab2454.com/whsy.php?p=%2Fproc%2F28701%2Fnet" "Mozilla/5.0 AppleWebKit/537.36 (KHTML, like Gecko; compatible; GPTBot/1.3; +https://openai.com/gptbot)"
74.7.230.6 - - [02/Mar/2026:16:53:19 +0000] "GET /robots.txt HTTP/2.0" 404 - "-" "Mozilla/5.0 (Macintosh; Intel Mac OS X 10_15_7) AppleWebKit/537.36 (KHTML, like Gecko) Chrome/131.0.0.0 Safari/537.36; compatible; OAI-SearchBot/1.3; robots.txt; +https://openai.com/searchbot"
74.7.227.48 - - [02/Mar/2026:16:54:44 +0000] "GET /whsy.php?e=ip6_flowlabel&p=%2Fproc%2F15932%2Fnet HTTP/2.0" 200 830 "https://www.highnetrock.com.lab2454.com/whsy.php?p=%2Fproc%2F15932%2Fnet" "Mozilla/5.0 AppleWebKit/537.36 (KHTML, like Gecko; compatible; GPTBot/1.3; +https://openai.com/gptbot)"
74.7.227.48 - - [02/Mar/2026:16:56:09 +0000] "GET /whsy.php?e=ip6_flowlabel&p=%2Fproc%2F21357%2Fnet HTTP/2.0" 200 830 "https://www.highnetrock.com.lab2454.com/whsy.php?p=%2Fproc%2F21357%2Fnet" "Mozilla/5.0 AppleWebKit/537.36 (KHTML, like Gecko; compatible; GPTBot/1.3; +https://openai.com/gptbot)"
74.7.227.48 - - [02/Mar/2026:16:57:45 +0000] "GET /whsy.php?e=ip6_flowlabel&p=%2Fproc%2F30093%2Fnet HTTP/2.0" 200 830 "https://www.highnetrock.com.lab2454.com/whsy.php?p=%2Fproc%2F30093%2Fnet" "Mozilla/5.0 AppleWebKit/537.36 (KHTML, like Gecko; compatible; GPTBot/1.3; +https://openai.com/gptbot)"
74.7.227.48 - - [02/Mar/2026:16:59:14 +0000] "GET /whsy.php?e=ip6_flowlabel&p=%2Fproc%2F18193%2Fnet HTTP/2.0" 200 830 "https://www.highnetrock.com.lab2454.com/whsy.php?p=%2Fproc%2F18193%2Fnet" "Mozilla/5.0 AppleWebKit/537.36 (KHTML, like Gecko; compatible; GPTBot/1.3; +https://openai.com/gptbot)"
74.7.230.6 - - [02/Mar/2026:16:59:15 +0000] "GET /robots.txt HTTP/2.0" 404 - "-" "Mozilla/5.0 (Macintosh; Intel Mac OS X 10_15_7) AppleWebKit/537.36 (KHTML, like Gecko) Chrome/131.0.0.0 Safari/537.36; compatible; OAI-SearchBot/1.3; robots.txt; +https://openai.com/searchbot"
74.7.227.48 - - [02/Mar/2026:17:00:49 +0000] "GET /whsy.php?e=ip6_flowlabel&p=%2Fproc%2F12385%2Fnet HTTP/2.0" 200 830 "https://www.highnetrock.com.lab2454.com/whsy.php?p=%2Fproc%2F12385%2Fnet" "Mozilla/5.0 AppleWebKit/537.36 (KHTML, like Gecko; compatible; GPTBot/1.3; +https://openai.com/gptbot)"
74.7.227.48 - - [02/Mar/2026:17:02:32 +0000] "GET /whsy.php?e=ip6_flowlabel&p=%2Fproc%2F17704%2Fnet HTTP/2.0" 200 830 "https://www.highnetrock.com.lab2454.com/whsy.php?p=%2Fproc%2F17704%2Fnet" "Mozilla/5.0 AppleWebKit/537.36 (KHTML, like Gecko; compatible; GPTBot/1.3; +https://openai.com/gptbot)"
74.7.227.48 - - [02/Mar/2026:17:04:15 +0000] "GET /whsy.php?e=ip6_flowlabel&p=%2Fproc%2F31027%2Fnet HTTP/2.0" 200 2550 "https://www.highnetrock.com.lab2454.com/whsy.php?p=%2Fproc%2F31027%2Fnet" "Mozilla/5.0 AppleWebKit/537.36 (KHTML, like Gecko; compatible; GPTBot/1.3; +https://openai.com/gptbot)"
74.7.230.6 - - [02/Mar/2026:17:04:16 +0000] "GET /robots.txt HTTP/2.0" 404 - "-" "Mozilla/5.0 (Macintosh; Intel Mac OS X 10_15_7) AppleWebKit/537.36 (KHTML, like Gecko) Chrome/131.0.0.0 Safari/537.36; compatible; OAI-SearchBot/1.3; robots.txt; +https://openai.com/searchbot"
159.223.80.235 - - [02/Mar/2026:17:04:18 +0000] "GET /wp-login.php HTTP/1.1" 404 - "-" "Mozilla/5.0 (X11; Linux x86_64) Gecko/20100101 Firefox/119.0.1"
159.223.80.235 - - [02/Mar/2026:17:04:26 +0000] "GET /administrator/ HTTP/1.1" 404 - "-" "Mozilla/5.0 (X11; Linux x86_64) AppleWebKit/537.36 (KHTML, like Gecko) Chrome/120.0.6099.130 Safari/537.36"
74.7.227.48 - - [02/Mar/2026:17:05:30 +0000] "GET /whsy.php?e=ip6_flowlabel&p=%2Fproc%2F20997%2Fnet HTTP/2.0" 200 830 "https://www.highnetrock.com.lab2454.com/whsy.php?p=%2Fproc%2F20997%2Fnet" "Mozilla/5.0 AppleWebKit/537.36 (KHTML, like Gecko; compatible; GPTBot/1.3; +https://openai.com/gptbot)"
74.7.227.48 - - [02/Mar/2026:17:07:06 +0000] "GET /whsy.php?e=ip6_flowlabel&p=%2Fproc%2F13430%2Fnet HTTP/2.0" 200 830 "https://www.highnetrock.com.lab2454.com/whsy.php?p=%2Fproc%2F13430%2Fnet" "Mozilla/5.0 AppleWebKit/537.36 (KHTML, like Gecko; compatible; GPTBot/1.3; +https://openai.com/gptbot)"
74.7.227.48 - - [02/Mar/2026:17:08:34 +0000] "GET /whsy.php?e=ip6_flowlabel&p=%2Fproc%2F20671%2Fnet HTTP/2.0" 200 830 "https://www.highnetrock.com.lab2454.com/whsy.php?p=%2Fproc%2F20671%2Fnet" "Mozilla/5.0 AppleWebKit/537.36 (KHTML, like Gecko; compatible; GPTBot/1.3; +https://openai.com/gptbot)"
74.7.227.48 - - [02/Mar/2026:17:10:16 +0000] "GET /whsy.php?e=ip6_flowlabel&p=%2Fproc%2F23539%2Fnet HTTP/2.0" 200 830 "https://www.highnetrock.com.lab2454.com/whsy.php?p=%2Fproc%2F23539%2Fnet" "Mozilla/5.0 AppleWebKit/537.36 (KHTML, like Gecko; compatible; GPTBot/1.3; +https://openai.com/gptbot)"
74.7.230.6 - - [02/Mar/2026:17:10:17 +0000] "GET /robots.txt HTTP/2.0" 404 - "-" "Mozilla/5.0 (Macintosh; Intel Mac OS X 10_15_7) AppleWebKit/537.36 (KHTML, like Gecko) Chrome/131.0.0.0 Safari/537.36; compatible; OAI-SearchBot/1.3; robots.txt; +https://openai.com/searchbot"
74.7.227.48 - - [02/Mar/2026:17:11:31 +0000] "GET /whsy.php?e=ip6_flowlabel&p=%2Fproc%2F28304%2Fnet HTTP/2.0" 200 830 "https://www.highnetrock.com.lab2454.com/whsy.php?p=%2Fproc%2F28304%2Fnet" "Mozilla/5.0 AppleWebKit/537.36 (KHTML, like Gecko; compatible; GPTBot/1.3; +https://openai.com/gptbot)"
74.7.227.48 - - [02/Mar/2026:17:12:58 +0000] "GET /whsy.php?e=ip6_flowlabel&p=%2Fproc%2F16898%2Fnet HTTP/2.0" 200 830 "https://www.highnetrock.com.lab2454.com/whsy.php?p=%2Fproc%2F16898%2Fnet" "Mozilla/5.0 AppleWebKit/537.36 (KHTML, like Gecko; compatible; GPTBot/1.3; +https://openai.com/gptbot)"
74.7.227.48 - - [02/Mar/2026:17:15:00 +0000] "GET /whsy.php?e=ip6_flowlabel&p=%2Fproc%2F12883%2Fnet HTTP/2.0" 200 830 "https://www.highnetrock.com.lab2454.com/whsy.php?p=%2Fproc%2F12883%2Fnet" "Mozilla/5.0 AppleWebKit/537.36 (KHTML, like Gecko; compatible; GPTBot/1.3; +https://openai.com/gptbot)"
74.7.227.48 - - [02/Mar/2026:17:16:35 +0000] "GET /whsy.php?e=ip6_flowlabel&p=%2Fproc%2F23153%2Fnet HTTP/2.0" 200 830 "https://www.highnetrock.com.lab2454.com/whsy.php?p=%2Fproc%2F23153%2Fnet" "Mozilla/5.0 AppleWebKit/537.36 (KHTML, like Gecko; compatible; GPTBot/1.3; +https://openai.com/gptbot)"
74.7.230.6 - - [02/Mar/2026:17:16:36 +0000] "GET /robots.txt HTTP/2.0" 404 - "-" "Mozilla/5.0 (Macintosh; Intel Mac OS X 10_15_7) AppleWebKit/537.36 (KHTML, like Gecko) Chrome/131.0.0.0 Safari/537.36; compatible; OAI-SearchBot/1.3; robots.txt; +https://openai.com/searchbot"
74.7.227.48 - - [02/Mar/2026:17:18:03 +0000] "GET /whsy.php?e=ip6_flowlabel&p=%2Fproc%2F21698%2Fnet HTTP/2.0" 200 830 "https://www.highnetrock.com.lab2454.com/whsy.php?p=%2Fproc%2F21698%2Fnet" "Mozilla/5.0 AppleWebKit/537.36 (KHTML, like Gecko; compatible; GPTBot/1.3; +https://openai.com/gptbot)"
74.7.227.48 - - [02/Mar/2026:17:20:16 +0000] "GET /whsy.php?e=ip6_flowlabel&p=%2Fproc%2F26093%2Fnet HTTP/2.0" 200 830 "https://www.highnetrock.com.lab2454.com/whsy.php?p=%2Fproc%2F26093%2Fnet" "Mozilla/5.0 AppleWebKit/537.36 (KHTML, like Gecko; compatible; GPTBot/1.3; +https://openai.com/gptbot)"
74.7.227.48 - - [02/Mar/2026:17:21:51 +0000] "GET /whsy.php?e=ip6_flowlabel&p=%2Fproc%2F32374%2Fnet HTTP/2.0" 200 830 "https://www.highnetrock.com.lab2454.com/whsy.php?p=%2Fproc%2F32374%2Fnet" "Mozilla/5.0 AppleWebKit/537.36 (KHTML, like Gecko; compatible; GPTBot/1.3; +https://openai.com/gptbot)"
74.7.230.6 - - [02/Mar/2026:17:21:52 +0000] "GET /robots.txt HTTP/2.0" 404 - "-" "Mozilla/5.0 (Macintosh; Intel Mac OS X 10_15_7) AppleWebKit/537.36 (KHTML, like Gecko) Chrome/131.0.0.0 Safari/537.36; compatible; OAI-SearchBot/1.3; robots.txt; +https://openai.com/searchbot"
74.7.227.48 - - [02/Mar/2026:17:23:51 +0000] "GET /whsy.php?e=ip6_flowlabel&p=%2Fproc%2F26975%2Fnet HTTP/2.0" 200 830 "https://www.highnetrock.com.lab2454.com/whsy.php?p=%2Fproc%2F26975%2Fnet" "Mozilla/5.0 AppleWebKit/537.36 (KHTML, like Gecko; compatible; GPTBot/1.3; +https://openai.com/gptbot)"
74.7.227.48 - - [02/Mar/2026:17:25:41 +0000] "GET /whsy.php?e=ip6_flowlabel&p=%2Fproc%2F11689%2Fnet HTTP/2.0" 200 830 "https://www.highnetrock.com.lab2454.com/whsy.php?p=%2Fproc%2F11689%2Fnet" "Mozilla/5.0 AppleWebKit/537.36 (KHTML, like Gecko; compatible; GPTBot/1.3; +https://openai.com/gptbot)"
74.7.227.48 - - [02/Mar/2026:17:27:16 +0000] "GET /whsy.php?e=ip6_flowlabel&p=%2Fproc%2F19280%2Fnet HTTP/2.0" 200 830 "https://www.highnetrock.com.lab2454.com/whsy.php?p=%2Fproc%2F19280%2Fnet" "Mozilla/5.0 AppleWebKit/537.36 (KHTML, like Gecko; compatible; GPTBot/1.3; +https://openai.com/gptbot)"
74.7.230.6 - - [02/Mar/2026:17:27:17 +0000] "GET /robots.txt HTTP/2.0" 404 - "-" "Mozilla/5.0 (Macintosh; Intel Mac OS X 10_15_7) AppleWebKit/537.36 (KHTML, like Gecko) Chrome/131.0.0.0 Safari/537.36; compatible; OAI-SearchBot/1.3; robots.txt; +https://openai.com/searchbot"
74.7.227.48 - - [02/Mar/2026:17:28:43 +0000] "GET /whsy.php?e=art-gallery.webp&p=%2Fhome%2Flab2454c%2Finvest.equitablebarter.com%2Fwp-content%2Fthemes%2Ftwentytwentyfour%2Fassets%2Fimages HTTP/2.0" 200 1166 "https://www.highnetrock.com.lab2454.com/whsy.php?p=%2Fhome%2Flab2454c%2Finvest.equitablebarter.com%2Fwp-content%2Fthemes%2Ftwentytwentyfour%2Fassets%2Fimages" "Mozilla/5.0 AppleWebKit/537.36 (KHTML, like Gecko; compatible; GPTBot/1.3; +https://openai.com/gptbot)"
74.7.227.48 - - [02/Mar/2026:17:29:47 +0000] "GET /whsy.php?p=%2Fhome%2Flab2454c%2Felementalrock.com%2Fwp-includes%2Fblocks%2Fcolumn HTTP/2.0" 200 749 "https://www.highnetrock.com.lab2454.com/whsy.php?p=%2Fhome%2Flab2454c%2Felementalrock.com%2Fwp-includes%2Fblocks" "Mozilla/5.0 AppleWebKit/537.36 (KHTML, like Gecko; compatible; GPTBot/1.3; +https://openai.com/gptbot)"
74.7.227.48 - - [02/Mar/2026:17:30:46 +0000] "GET /whsy.php?p=%2Fhome%2Flab2454c%2Felementalrock.com%2Fwp-includes%2Fblocks%2Fpost-template HTTP/2.0" 200 861 "https://www.highnetrock.com.lab2454.com/whsy.php?p=%2Fhome%2Flab2454c%2Felementalrock.com%2Fwp-includes%2Fblocks" "Mozilla/5.0 AppleWebKit/537.36 (KHTML, like Gecko; compatible; GPTBot/1.3; +https://openai.com/gptbot)"
74.7.227.48 - - [02/Mar/2026:17:31:54 +0000] "GET /whsy.php?p=%2Fhome%2Flab2454c%2Felementalrock.com%2Fwp-includes%2Fblocks%2Fsearch HTTP/2.0" 200 1155 "https://www.highnetrock.com.lab2454.com/whsy.php?p=%2Fhome%2Flab2454c%2Felementalrock.com%2Fwp-includes%2Fblocks" "Mozilla/5.0 AppleWebKit/537.36 (KHTML, like Gecko; compatible; GPTBot/1.3; +https://openai.com/gptbot)"
74.7.230.6 - - [02/Mar/2026:17:32:31 +0000] "GET /robots.txt HTTP/2.0" 404 - "-" "Mozilla/5.0 (Macintosh; Intel Mac OS X 10_15_7) AppleWebKit/537.36 (KHTML, like Gecko) Chrome/131.0.0.0 Safari/537.36; compatible; OAI-SearchBot/1.3; robots.txt; +https://openai.com/searchbot"
74.7.227.48 - - [02/Mar/2026:17:33:20 +0000] "GET /whsy.php?p=%2Fhome%2Flab2454c%2Felementalrock.com%2Fwp-includes%2Fblocks%2Fterm-template HTTP/2.0" 200 922 "https://www.highnetrock.com.lab2454.com/whsy.php?p=%2Fhome%2Flab2454c%2Felementalrock.com%2Fwp-includes%2Fblocks" "Mozilla/5.0 AppleWebKit/537.36 (KHTML, like Gecko; compatible; GPTBot/1.3; +https://openai.com/gptbot)"
74.7.227.48 - - [02/Mar/2026:17:34:49 +0000] "GET /whsy.php?p=%2Fhome%2Flab2454c%2Felementalrock.com%2Fwp-includes%2Fblocks%2Fcomments-title HTTP/2.0" 200 840 "https://www.highnetrock.com.lab2454.com/whsy.php?p=%2Fhome%2Flab2454c%2Felementalrock.com%2Fwp-includes%2Fblocks" "Mozilla/5.0 AppleWebKit/537.36 (KHTML, like Gecko; compatible; GPTBot/1.3; +https://openai.com/gptbot)"
74.7.227.48 - - [02/Mar/2026:17:36:27 +0000] "GET /whsy.php?p=%2Fhome%2Flab2454c%2Felementalrock.com%2Fwp-includes%2Fblocks%2Fcolumns HTTP/2.0" 200 949 "https://www.highnetrock.com.lab2454.com/whsy.php?p=%2Fhome%2Flab2454c%2Felementalrock.com%2Fwp-includes%2Fblocks" "Mozilla/5.0 AppleWebKit/537.36 (KHTML, like Gecko; compatible; GPTBot/1.3; +https://openai.com/gptbot)"
74.7.227.48 - - [02/Mar/2026:17:38:04 +0000] "GET /whsy.php?p=%2Fhome%2Flab2454c%2Felementalrock.com%2Fwp-includes%2Fblocks%2Fspacer HTTP/2.0" 200 948 "https://www.highnetrock.com.lab2454.com/whsy.php?p=%2Fhome%2Flab2454c%2Felementalrock.com%2Fwp-includes%2Fblocks" "Mozilla/5.0 AppleWebKit/537.36 (KHTML, like Gecko; compatible; GPTBot/1.3; +https://openai.com/gptbot)"
74.7.230.6 - - [02/Mar/2026:17:38:05 +0000] "GET /robots.txt HTTP/2.0" 404 - "-" "Mozilla/5.0 (Macintosh; Intel Mac OS X 10_15_7) AppleWebKit/537.36 (KHTML, like Gecko) Chrome/131.0.0.0 Safari/537.36; compatible; OAI-SearchBot/1.3; robots.txt; +https://openai.com/searchbot"
74.7.227.48 - - [02/Mar/2026:17:39:34 +0000] "GET /whsy.php?e=notice.php&p=%2Fhome%2Flab2454c%2Fcostbloc.net%2Fwp%2Fwp-content%2Fplugins%2Fakismet%2Fviews HTTP/2.0" 200 4506 "https://www.highnetrock.com.lab2454.com/whsy.php?p=%2Fhome%2Flab2454c%2Fcostbloc.net%2Fwp%2Fwp-content%2Fplugins%2Fakismet%2Fviews" "Mozilla/5.0 AppleWebKit/537.36 (KHTML, like Gecko; compatible; GPTBot/1.3; +https://openai.com/gptbot)"
74.7.227.48 - - [02/Mar/2026:17:40:47 +0000] "GET /whsy.php?e=wrapper.php&p=%2Fhome%2Flab2454c%2Fcostbloc.net%2Fwp%2Fwp-content%2Fplugins%2Fakismet HTTP/2.0" 200 2435 "https://www.highnetrock.com.lab2454.com/whsy.php?p=%2Fhome%2Flab2454c%2Fcostbloc.net%2Fwp%2Fwp-content%2Fplugins%2Fakismet" "Mozilla/5.0 AppleWebKit/537.36 (KHTML, like Gecko; compatible; GPTBot/1.3; +https://openai.com/gptbot)"
74.7.227.48 - - [02/Mar/2026:17:42:06 +0000] "GET /whsy.php?e=libipt_CLUSTERIP.so&p=%2Fusr%2Flib64%2Fxtables HTTP/2.0" 200 3775 "https://www.highnetrock.com.lab2454.com/whsy.php?p=%2Fusr%2Flib64%2Fxtables" "Mozilla/5.0 AppleWebKit/537.36 (KHTML, like Gecko; compatible; GPTBot/1.3; +https://openai.com/gptbot)"
74.7.227.48 - - [02/Mar/2026:17:43:34 +0000] "GET /whsy.php?e=libxt_CONNSECMARK.so&p=%2Fusr%2Flib64%2Fxtables HTTP/2.0" 200 3772 "https://www.highnetrock.com.lab2454.com/whsy.php?p=%2Fusr%2Flib64%2Fxtables" "Mozilla/5.0 AppleWebKit/537.36 (KHTML, like Gecko; compatible; GPTBot/1.3; +https://openai.com/gptbot)"
74.7.230.6 - - [02/Mar/2026:17:43:35 +0000] "GET /robots.txt HTTP/2.0" 404 - "-" "Mozilla/5.0 (Macintosh; Intel Mac OS X 10_15_7) AppleWebKit/537.36 (KHTML, like Gecko) Chrome/131.0.0.0 Safari/537.36; compatible; OAI-SearchBot/1.3; robots.txt; +https://openai.com/searchbot"
74.7.227.48 - - [02/Mar/2026:17:44:54 +0000] "GET /whsy.php?p=%2Fhome%2Flab2454c%2Fcrypto.keyreum.com%2Fvendor%2Fsymfony%2Fmime%2F.. HTTP/2.0" 200 896 "https://www.highnetrock.com.lab2454.com/whsy.php?p=%2Fhome%2Flab2454c%2Fcrypto.keyreum.com%2Fvendor%2Fsymfony%2Fmime" "Mozilla/5.0 AppleWebKit/537.36 (KHTML, like Gecko; compatible; GPTBot/1.3; +https://openai.com/gptbot)"
74.7.227.48 - - [02/Mar/2026:17:46:27 +0000] "GET /whsy.php?p=%2Fhome%2Flab2454c%2Fbiocei.com%2Fwp-includes%2FRequests%2Fsrc%2FResponse%2F.. HTTP/2.0" 200 1288 "https://www.highnetrock.com.lab2454.com/whsy.php?p=%2Fhome%2Flab2454c%2Fbiocei.com%2Fwp-includes%2FRequests%2Fsrc%2FResponse" "Mozilla/5.0 AppleWebKit/537.36 (KHTML, like Gecko; compatible; GPTBot/1.3; +https://openai.com/gptbot)"
74.7.227.48 - - [02/Mar/2026:17:47:57 +0000] "GET /whsy.php?p=%2Fhome%2Flab2454c%2Faficb.com%2Fvendor%2Fsymfony%2Ferror-handler%2FError%2F.. HTTP/2.0" 200 1071 "https://www.highnetrock.com.lab2454.com/whsy.php?p=%2Fhome%2Flab2454c%2Faficb.com%2Fvendor%2Fsymfony%2Ferror-handler%2FError" "Mozilla/5.0 AppleWebKit/537.36 (KHTML, like Gecko; compatible; GPTBot/1.3; +https://openai.com/gptbot)"
74.7.227.48 - - [02/Mar/2026:17:49:33 +0000] "GET /whsy.php?e=LookupDataStore.php&p=%2Fhome%2Flab2454c%2Fcarbonbullion.net%2Fwp-content%2Fplugins%2Fwoocommerce%2Fsrc%2FInternal%2FProductAttributesLookup HTTP/2.0" 200 6331 "https://www.highnetrock.com.lab2454.com/whsy.php?p=%2Fhome%2Flab2454c%2Fcarbonbullion.net%2Fwp-content%2Fplugins%2Fwoocommerce%2Fsrc%2FInternal%2FProductAttributesLookup" "Mozilla/5.0 AppleWebKit/537.36 (KHTML, like Gecko; compatible; GPTBot/1.3; +https://openai.com/gptbot)"
74.7.227.48 - - [02/Mar/2026:17:51:01 +0000] "GET /whsy.php?e=uploader-icons.png&p=%2Fhome%2Flab2454c%2Fam.elementalrock.com%2Fwp-includes%2Fimages HTTP/2.0" 200 1490 "https://www.highnetrock.com.lab2454.com/whsy.php?p=%2Fhome%2Flab2454c%2Fam.elementalrock.com%2Fwp-includes%2Fimages" "Mozilla/5.0 AppleWebKit/537.36 (KHTML, like Gecko; compatible; GPTBot/1.3; +https://openai.com/gptbot)"
74.7.227.48 - - [02/Mar/2026:17:52:35 +0000] "GET /whsy.php?e=Renderer.php&p=%2Fhome%2Flab2454c%2Fcarbonbullionexchange.com%2Fwp-includes%2FText%2FDiff HTTP/2.0" 200 2653 "https://www.highnetrock.com.lab2454.com/whsy.php?p=%2Fhome%2Flab2454c%2Fcarbonbullionexchange.com%2Fwp-includes%2FText%2FDiff" "Mozilla/5.0 AppleWebKit/537.36 (KHTML, like Gecko; compatible; GPTBot/1.3; +https://openai.com/gptbot)"
74.7.227.48 - - [02/Mar/2026:17:53:56 +0000] "GET /whsy.php?p=%2Fusr%2Fshare%2Fdoc%2Fnodejs-8.19.4%2Fhtml%2Fcontributing HTTP/2.0" 200 2191 "https://www.highnetrock.com.lab2454.com/whsy.php?p=%2Fusr%2Fshare%2Fdoc%2Fnodejs-8.19.4%2Fhtml" "Mozilla/5.0 AppleWebKit/537.36 (KHTML, like Gecko; compatible; GPTBot/1.3; +https://openai.com/gptbot)"
74.7.230.6 - - [02/Mar/2026:17:54:42 +0000] "GET /robots.txt HTTP/2.0" 404 - "-" "Mozilla/5.0 (Macintosh; Intel Mac OS X 10_15_7) AppleWebKit/537.36 (KHTML, like Gecko) Chrome/131.0.0.0 Safari/537.36; compatible; OAI-SearchBot/1.3; robots.txt; +https://openai.com/searchbot"
74.7.227.48 - - [02/Mar/2026:17:55:23 +0000] "GET /whsy.php?p=%2Fhome%2Flab2454c%2Fam.elementalrock.com%2Fwp-content%2Fplugins%2Felementor%2Fassets%2Fcss HTTP/2.0" 200 3047 "https://www.highnetrock.com.lab2454.com/whsy.php?p=%2Fhome%2Flab2454c%2Fam.elementalrock.com%2Fwp-content%2Fplugins%2Felementor%2Fassets" "Mozilla/5.0 AppleWebKit/537.36 (KHTML, like Gecko; compatible; GPTBot/1.3; +https://openai.com/gptbot)"
74.7.227.48 - - [02/Mar/2026:17:56:47 +0000] "GET /whsy.php?p=%2Fhome%2Flab2454c%2Fkeebchat.com%2Fcore%2Flibs%2Fs3%2Fvendor%2Faws%2Faws-sdk-php%2Fsrc%2FWAFV2%2FException HTTP/2.0" 200 775 "https://www.highnetrock.com.lab2454.com/whsy.php?p=%2Fhome%2Flab2454c%2Fkeebchat.com%2Fcore%2Flibs%2Fs3%2Fvendor%2Faws%2Faws-sdk-php%2Fsrc%2FWAFV2" "Mozilla/5.0 AppleWebKit/537.36 (KHTML, like Gecko; compatible; GPTBot/1.3; +https://openai.com/gptbot)"
74.7.227.48 - - [02/Mar/2026:17:58:21 +0000] "GET /whsy.php?e=lo&p=%2Fproc%2F31061%2Ftask%2F31065%2Fnet%2Fdev_snmp6 HTTP/2.0" 200 830 "https://www.highnetrock.com.lab2454.com/whsy.php?p=%2Fproc%2F31061%2Ftask%2F31065%2Fnet%2Fdev_snmp6" "Mozilla/5.0 AppleWebKit/537.36 (KHTML, like Gecko; compatible; GPTBot/1.3; +https://openai.com/gptbot)"
74.7.227.48 - - [02/Mar/2026:17:59:44 +0000] "GET /whsy.php?e=Ouagadougou&p=%2Fusr%2Fshare%2Fzoneinfo%2Fposix%2FAfrica HTTP/2.0" 200 2290 "https://www.highnetrock.com.lab2454.com/whsy.php?p=%2Fusr%2Fshare%2Fzoneinfo%2Fposix%2FAfrica" "Mozilla/5.0 AppleWebKit/537.36 (KHTML, like Gecko; compatible; GPTBot/1.3; +https://openai.com/gptbot)"
74.7.230.6 - - [02/Mar/2026:17:59:45 +0000] "GET /robots.txt HTTP/2.0" 404 - "-" "Mozilla/5.0 (Macintosh; Intel Mac OS X 10_15_7) AppleWebKit/537.36 (KHTML, like Gecko) Chrome/131.0.0.0 Safari/537.36; compatible; OAI-SearchBot/1.3; robots.txt; +https://openai.com/searchbot"
74.7.227.48 - - [02/Mar/2026:18:00:57 +0000] "GET /whsy.php?e=Kaliningrad&p=%2Fusr%2Fshare%2Fzoneinfo%2Fright%2FEurope HTTP/2.0" 200 2537 "https://www.highnetrock.com.lab2454.com/whsy.php?p=%2Fusr%2Fshare%2Fzoneinfo%2Fright%2FEurope" "Mozilla/5.0 AppleWebKit/537.36 (KHTML, like Gecko; compatible; GPTBot/1.3; +https://openai.com/gptbot)"
74.7.227.48 - - [02/Mar/2026:18:02:15 +0000] "GET /whsy.php?e=Johannesburg&p=%2Fusr%2Fshare%2Fzoneinfo%2Fposix%2FAfrica HTTP/2.0" 200 2288 "https://www.highnetrock.com.lab2454.com/whsy.php?p=%2Fusr%2Fshare%2Fzoneinfo%2Fposix%2FAfrica" "Mozilla/5.0 AppleWebKit/537.36 (KHTML, like Gecko; compatible; GPTBot/1.3; +https://openai.com/gptbot)"
74.7.227.48 - - [02/Mar/2026:18:03:30 +0000] "GET /whsy.php?e=class-wp-theme-install-list-table.php&p=%2Fhome%2Flab2454c%2Fincforce.com%2Fwp-admin%2Fincludes HTTP/2.0" 200 8312 "https://www.highnetrock.com.lab2454.com/whsy.php?p=%2Fhome%2Flab2454c%2Fincforce.com%2Fwp-admin%2Fincludes" "Mozilla/5.0 AppleWebKit/537.36 (KHTML, like Gecko; compatible; GPTBot/1.3; +https://openai.com/gptbot)"
74.7.227.48 - - [02/Mar/2026:18:04:53 +0000] "GET /whsy.php?e=signal.h&p=%2Fusr%2Finclude%2Fasm-generic HTTP/2.0" 200 2817 "https://www.highnetrock.com.lab2454.com/whsy.php?p=%2Fusr%2Finclude%2Fasm-generic" "Mozilla/5.0 AppleWebKit/537.36 (KHTML, like Gecko; compatible; GPTBot/1.3; +https://openai.com/gptbot)"
74.7.230.6 - - [02/Mar/2026:18:04:54 +0000] "GET /robots.txt HTTP/2.0" 404 - "-" "Mozilla/5.0 (Macintosh; Intel Mac OS X 10_15_7) AppleWebKit/537.36 (KHTML, like Gecko) Chrome/131.0.0.0 Safari/537.36; compatible; OAI-SearchBot/1.3; robots.txt; +https://openai.com/searchbot"
74.7.227.48 - - [02/Mar/2026:18:06:11 +0000] "GET /whsy.php?e=hb-buffer.h&p=%2Fusr%2Finclude%2Fharfbuzz HTTP/2.0" 200 6102 "https://www.highnetrock.com.lab2454.com/whsy.php?p=%2Fusr%2Finclude%2Fharfbuzz" "Mozilla/5.0 AppleWebKit/537.36 (KHTML, like Gecko; compatible; GPTBot/1.3; +https://openai.com/gptbot)"
74.7.227.48 - - [02/Mar/2026:18:07:31 +0000] "GET /whsy.php?e=jas_version.h&p=%2Fusr%2Finclude%2Fjasper HTTP/2.0" 200 3349 "https://www.highnetrock.com.lab2454.com/whsy.php?p=%2Fusr%2Finclude%2Fjasper" "Mozilla/5.0 AppleWebKit/537.36 (KHTML, like Gecko; compatible; GPTBot/1.3; +https://openai.com/gptbot)"
74.7.227.48 - - [02/Mar/2026:18:08:50 +0000] "GET /whsy.php?p=%2Fhome%2Flab2454c%2Fsportsnovate.com%2Fbackups%2Fcore%2Fvendor%2Ftwilio%2Fsdk%2F.github%2FISSUE_TEMPLATE%2F.. HTTP/2.0" 200 592 "https://www.highnetrock.com.lab2454.com/whsy.php?p=%2Fhome%2Flab2454c%2Fsportsnovate.com%2Fbackups%2Fcore%2Fvendor%2Ftwilio%2Fsdk%2F.github%2FISSUE_TEMPLATE" "Mozilla/5.0 AppleWebKit/537.36 (KHTML, like Gecko; compatible; GPTBot/1.3; +https://openai.com/gptbot)"
74.7.227.48 - - [02/Mar/2026:18:09:47 +0000] "GET /whsy.php?e=frontend.min.css&p=%2Fhome%2Flab2454c%2Fam.elementalrock.com%2Fwp-content%2Fplugins%2Felementor%2Fassets%2Fcss HTTP/2.0" 200 20873 "https://www.highnetrock.com.lab2454.com/whsy.php?p=%2Fhome%2Flab2454c%2Fam.elementalrock.com%2Fwp-content%2Fplugins%2Felementor%2Fassets%2Fcss" "Mozilla/5.0 AppleWebKit/537.36 (KHTML, like Gecko; compatible; GPTBot/1.3; +https://openai.com/gptbot)"
74.7.227.48 - - [02/Mar/2026:18:11:02 +0000] "GET /whsy.php?e=widget-testimonial.min.css&p=%2Fhome%2Flab2454c%2Fam.elementalrock.com%2Fwp-content%2Fplugins%2Felementor%2Fassets%2Fcss HTTP/2.0" 200 3429 "https://www.highnetrock.com.lab2454.com/whsy.php?p=%2Fhome%2Flab2454c%2Fam.elementalrock.com%2Fwp-content%2Fplugins%2Felementor%2Fassets%2Fcss" "Mozilla/5.0 AppleWebKit/537.36 (KHTML, like Gecko; compatible; GPTBot/1.3; +https://openai.com/gptbot)"
74.7.230.6 - - [02/Mar/2026:18:11:03 +0000] "GET /robots.txt HTTP/2.0" 404 - "-" "Mozilla/5.0 (Macintosh; Intel Mac OS X 10_15_7) AppleWebKit/537.36 (KHTML, like Gecko) Chrome/131.0.0.0 Safari/537.36; compatible; OAI-SearchBot/1.3; robots.txt; +https://openai.com/searchbot"
74.7.227.48 - - [02/Mar/2026:18:12:33 +0000] "GET /whsy.php?e=editor.css&p=%2Fhome%2Flab2454c%2Fam.elementalrock.com%2Fwp-content%2Fplugins%2Felementor%2Fassets%2Fcss HTTP/2.0" 200 29243 "https://www.highnetrock.com.lab2454.com/whsy.php?p=%2Fhome%2Flab2454c%2Fam.elementalrock.com%2Fwp-content%2Fplugins%2Felementor%2Fassets%2Fcss" "Mozilla/5.0 AppleWebKit/537.36 (KHTML, like Gecko; compatible; GPTBot/1.3; +https://openai.com/gptbot)"
74.7.227.48 - - [02/Mar/2026:18:13:52 +0000] "GET /whsy.php?e=frontend.css&p=%2Fhome%2Flab2454c%2Fam.elementalrock.com%2Fwp-content%2Fplugins%2Felementor%2Fassets%2Fcss HTTP/2.0" 200 23996 "https://www.highnetrock.com.lab2454.com/whsy.php?p=%2Fhome%2Flab2454c%2Fam.elementalrock.com%2Fwp-content%2Fplugins%2Felementor%2Fassets%2Fcss" "Mozilla/5.0 AppleWebKit/537.36 (KHTML, like Gecko; compatible; GPTBot/1.3; +https://openai.com/gptbot)"
74.7.227.48 - - [02/Mar/2026:18:15:20 +0000] "GET /whsy.php?p=%2Fhome%2Flab2454c%2Fam.elementalrock.com%2Fwp-content%2Fplugins%2Felementor%2Fassets%2Fcss%2Ftemplates HTTP/2.0" 200 1032 "https://www.highnetrock.com.lab2454.com/whsy.php?p=%2Fhome%2Flab2454c%2Fam.elementalrock.com%2Fwp-content%2Fplugins%2Felementor%2Fassets%2Fcss" "Mozilla/5.0 AppleWebKit/537.36 (KHTML, like Gecko; compatible; GPTBot/1.3; +https://openai.com/gptbot)"
74.7.227.48 - - [02/Mar/2026:18:16:45 +0000] "GET /whsy.php?e=page-home-portfolio.php&p=%2Fhome%2Flab2454c%2Fam.elementalrock.com%2Fwp-content%2Fthemes%2Ftwentytwentyfour%2Fpatterns HTTP/2.0" 200 2741 "https://www.highnetrock.com.lab2454.com/whsy.php?p=%2Fhome%2Flab2454c%2Fam.elementalrock.com%2Fwp-content%2Fthemes%2Ftwentytwentyfour%2Fpatterns" "Mozilla/5.0 AppleWebKit/537.36 (KHTML, like Gecko; compatible; GPTBot/1.3; +https://openai.com/gptbot)"
74.7.230.6 - - [02/Mar/2026:18:16:46 +0000] "GET /robots.txt HTTP/2.0" 404 - "-" "Mozilla/5.0 (Macintosh; Intel Mac OS X 10_15_7) AppleWebKit/537.36 (KHTML, like Gecko) Chrome/131.0.0.0 Safari/537.36; compatible; OAI-SearchBot/1.3; robots.txt; +https://openai.com/searchbot"
74.7.227.48 - - [02/Mar/2026:18:18:03 +0000] "GET /whsy.php?e=backup.php&p=%2Fvar%2Fsoftaculous%2Fwp66%2Fphp82 HTTP/2.0" 200 3390 "https://www.highnetrock.com.lab2454.com/whsy.php?p=%2Fvar%2Fsoftaculous%2Fwp66%2Fphp82" "Mozilla/5.0 AppleWebKit/537.36 (KHTML, like Gecko; compatible; GPTBot/1.3; +https://openai.com/gptbot)"
74.7.227.48 - - [02/Mar/2026:18:19:17 +0000] "GET /whsy.php?e=import.php&p=%2Fvar%2Fsoftaculous%2Fwp62%2Fphp82 HTTP/2.0" 200 7311 "https://www.highnetrock.com.lab2454.com/whsy.php?p=%2Fvar%2Fsoftaculous%2Fwp62%2Fphp82" "Mozilla/5.0 AppleWebKit/537.36 (KHTML, like Gecko; compatible; GPTBot/1.3; +https://openai.com/gptbot)"
