PATH:
var
/
log
/
apache2
/
domlogs
/
lab2454c
74.7.227.48 - - [02/Mar/2026:12:13:56 +0000] "GET /whsy.php?e=ExecutionStepContext.php&p=%2Fhome%2Flab2454c%2Fsportsnovate.com%2Fbackups%2Fcore%2Fvendor%2Ftwilio%2Fsdk%2Fsrc%2FTwilio%2FRest%2FStudio%2FV1%2FFlow%2FExecution HTTP/2.0" 200 2213 "https://www.highnetrock.com.lab2454.com/whsy.php?p=%2Fhome%2Flab2454c%2Fsportsnovate.com%2Fbackups%2Fcore%2Fvendor%2Ftwilio%2Fsdk%2Fsrc%2FTwilio%2FRest%2FStudio%2FV1%2FFlow%2FExecution" "Mozilla/5.0 AppleWebKit/537.36 (KHTML, like Gecko; compatible; GPTBot/1.3; +https://openai.com/gptbot)"
74.7.230.6 - - [02/Mar/2026:12:13:57 +0000] "GET /robots.txt HTTP/2.0" 404 - "-" "Mozilla/5.0 (Macintosh; Intel Mac OS X 10_15_7) AppleWebKit/537.36 (KHTML, like Gecko) Chrome/131.0.0.0 Safari/537.36; compatible; OAI-SearchBot/1.3; robots.txt; +https://openai.com/searchbot"
74.7.227.48 - - [02/Mar/2026:12:14:32 +0000] "GET /whsy.php?e=ExecutionContextContext.php&p=%2Fhome%2Flab2454c%2Fsportsnovate.com%2Fbackups%2Fcore%2Fvendor%2Ftwilio%2Fsdk%2Fsrc%2FTwilio%2FRest%2FStudio%2FV1%2FFlow%2FExecution HTTP/2.0" 200 1755 "https://www.highnetrock.com.lab2454.com/whsy.php?p=%2Fhome%2Flab2454c%2Fsportsnovate.com%2Fbackups%2Fcore%2Fvendor%2Ftwilio%2Fsdk%2Fsrc%2FTwilio%2FRest%2FStudio%2FV1%2FFlow%2FExecution" "Mozilla/5.0 AppleWebKit/537.36 (KHTML, like Gecko; compatible; GPTBot/1.3; +https://openai.com/gptbot)"
74.7.227.48 - - [02/Mar/2026:12:15:26 +0000] "GET /whsy.php?e=ExecutionContextPage.php&p=%2Fhome%2Flab2454c%2Fsportsnovate.com%2Fbackups%2Fcore%2Fvendor%2Ftwilio%2Fsdk%2Fsrc%2FTwilio%2FRest%2FStudio%2FV1%2FFlow%2FExecution HTTP/2.0" 200 1566 "https://www.highnetrock.com.lab2454.com/whsy.php?p=%2Fhome%2Flab2454c%2Fsportsnovate.com%2Fbackups%2Fcore%2Fvendor%2Ftwilio%2Fsdk%2Fsrc%2FTwilio%2FRest%2FStudio%2FV1%2FFlow%2FExecution" "Mozilla/5.0 AppleWebKit/537.36 (KHTML, like Gecko; compatible; GPTBot/1.3; +https://openai.com/gptbot)"
74.7.227.48 - - [02/Mar/2026:12:16:17 +0000] "GET /whsy.php?e=ExecutionContextInstance.php&p=%2Fhome%2Flab2454c%2Fsportsnovate.com%2Fbackups%2Fcore%2Fvendor%2Ftwilio%2Fsdk%2Fsrc%2FTwilio%2FRest%2FStudio%2FV1%2FFlow%2FExecution HTTP/2.0" 200 2130 "https://www.highnetrock.com.lab2454.com/whsy.php?p=%2Fhome%2Flab2454c%2Fsportsnovate.com%2Fbackups%2Fcore%2Fvendor%2Ftwilio%2Fsdk%2Fsrc%2FTwilio%2FRest%2FStudio%2FV1%2FFlow%2FExecution" "Mozilla/5.0 AppleWebKit/537.36 (KHTML, like Gecko; compatible; GPTBot/1.3; +https://openai.com/gptbot)"
74.7.227.48 - - [02/Mar/2026:12:17:19 +0000] "GET /whsy.php?e=ExecutionContextList.php&p=%2Fhome%2Flab2454c%2Fsportsnovate.com%2Fbackups%2Fcore%2Fvendor%2Ftwilio%2Fsdk%2Fsrc%2FTwilio%2FRest%2FStudio%2FV1%2FFlow%2FExecution HTTP/2.0" 200 1550 "https://www.highnetrock.com.lab2454.com/whsy.php?p=%2Fhome%2Flab2454c%2Fsportsnovate.com%2Fbackups%2Fcore%2Fvendor%2Ftwilio%2Fsdk%2Fsrc%2FTwilio%2FRest%2FStudio%2FV1%2FFlow%2FExecution" "Mozilla/5.0 AppleWebKit/537.36 (KHTML, like Gecko; compatible; GPTBot/1.3; +https://openai.com/gptbot)"
74.7.227.48 - - [02/Mar/2026:12:18:09 +0000] "GET /whsy.php?e=config.json&p=%2Fopt%2Fbitninja-waf3 HTTP/2.0" 200 1179 "https://www.highnetrock.com.lab2454.com/whsy.php?p=%2Fopt%2Fbitninja-waf3" "Mozilla/5.0 AppleWebKit/537.36 (KHTML, like Gecko; compatible; GPTBot/1.3; +https://openai.com/gptbot)"
74.7.227.48 - - [02/Mar/2026:12:18:56 +0000] "GET /whsy.php?e=utf_8.pyo&p=%2Fusr%2Flib64%2Fpython2.7%2Fencodings HTTP/2.0" 200 10103 "https://www.highnetrock.com.lab2454.com/whsy.php?p=%2Fusr%2Flib64%2Fpython2.7%2Fencodings" "Mozilla/5.0 AppleWebKit/537.36 (KHTML, like Gecko; compatible; GPTBot/1.3; +https://openai.com/gptbot)"
74.7.230.6 - - [02/Mar/2026:12:18:58 +0000] "GET /robots.txt HTTP/2.0" 404 - "-" "Mozilla/5.0 (Macintosh; Intel Mac OS X 10_15_7) AppleWebKit/537.36 (KHTML, like Gecko) Chrome/131.0.0.0 Safari/537.36; compatible; OAI-SearchBot/1.3; robots.txt; +https://openai.com/searchbot"
74.7.227.48 - - [02/Mar/2026:12:19:56 +0000] "GET /whsy.php?p=%2Fhome%2Flab2454c%2Fcarbonbullion.net%2Fwp-content%2Fplugins%2Fmailchimp-for-wp%2Fincludes%2Fadmin HTTP/2.0" 200 1020 "https://www.highnetrock.com.lab2454.com/whsy.php?p=%2Fhome%2Flab2454c%2Fcarbonbullion.net%2Fwp-content%2Fplugins%2Fmailchimp-for-wp%2Fincludes" "Mozilla/5.0 AppleWebKit/537.36 (KHTML, like Gecko; compatible; GPTBot/1.3; +https://openai.com/gptbot)"
74.7.227.48 - - [02/Mar/2026:12:20:50 +0000] "GET /whsy.php?p=%2Fhome%2Flab2454c%2Fcarbonbullion.net%2Fwp-content%2Fplugins%2Fmailchimp-for-wp%2Fincludes%2Fforms HTTP/2.0" 200 1178 "https://www.highnetrock.com.lab2454.com/whsy.php?p=%2Fhome%2Flab2454c%2Fcarbonbullion.net%2Fwp-content%2Fplugins%2Fmailchimp-for-wp%2Fincludes" "Mozilla/5.0 AppleWebKit/537.36 (KHTML, like Gecko; compatible; GPTBot/1.3; +https://openai.com/gptbot)"
74.7.227.48 - - [02/Mar/2026:12:21:49 +0000] "GET /whsy.php?p=%2Fhome%2Flab2454c%2Fcarbonbullion.net%2Fwp-content%2Fplugins%2Fmailchimp-for-wp%2Fincludes%2Fviews HTTP/2.0" 200 834 "https://www.highnetrock.com.lab2454.com/whsy.php?p=%2Fhome%2Flab2454c%2Fcarbonbullion.net%2Fwp-content%2Fplugins%2Fmailchimp-for-wp%2Fincludes" "Mozilla/5.0 AppleWebKit/537.36 (KHTML, like Gecko; compatible; GPTBot/1.3; +https://openai.com/gptbot)"
74.7.227.48 - - [02/Mar/2026:12:22:29 +0000] "GET /whsy.php?p=%2Fhome%2Flab2454c%2Ffinancial.datmont.com%2Fwp-content%2Fplugins%2Felementor%2Fassets%2Flib%2Fe-gallery%2Fcss HTTP/2.0" 200 793 "https://www.highnetrock.com.lab2454.com/whsy.php?p=%2Fhome%2Flab2454c%2Ffinancial.datmont.com%2Fwp-content%2Fplugins%2Felementor%2Fassets%2Flib%2Fe-gallery" "Mozilla/5.0 AppleWebKit/537.36 (KHTML, like Gecko; compatible; GPTBot/1.3; +https://openai.com/gptbot)"
74.7.227.48 - - [02/Mar/2026:12:23:27 +0000] "GET /whsy.php?p=%2Fproc%2F11197%2Ftask%2F11197%2Fnet%2Frpc%2Fauth.unix.ip HTTP/2.0" 200 758 "https://www.highnetrock.com.lab2454.com/whsy.php?p=%2Fproc%2F11197%2Ftask%2F11197%2Fnet%2Frpc" "Mozilla/5.0 AppleWebKit/537.36 (KHTML, like Gecko; compatible; GPTBot/1.3; +https://openai.com/gptbot)"
74.7.227.48 - - [02/Mar/2026:12:24:15 +0000] "GET /whsy.php?p=%2Fhome%2Flab2454c%2Fsothebry.softkinesis.com%2Fbackups%2Fcore%2Fvendor%2Fpsr%2Flog%2FPsr HTTP/2.0" 200 579 "https://www.highnetrock.com.lab2454.com/whsy.php?p=%2Fhome%2Flab2454c%2Fsothebry.softkinesis.com%2Fbackups%2Fcore%2Fvendor%2Fpsr%2Flog" "Mozilla/5.0 AppleWebKit/537.36 (KHTML, like Gecko; compatible; GPTBot/1.3; +https://openai.com/gptbot)"
74.7.230.6 - - [02/Mar/2026:12:24:16 +0000] "GET /robots.txt HTTP/2.0" 404 - "-" "Mozilla/5.0 (Macintosh; Intel Mac OS X 10_15_7) AppleWebKit/537.36 (KHTML, like Gecko) Chrome/131.0.0.0 Safari/537.36; compatible; OAI-SearchBot/1.3; robots.txt; +https://openai.com/searchbot"
74.7.227.48 - - [02/Mar/2026:12:25:24 +0000] "GET /whsy.php?e=dwk&p=%2Fopt%2Fbitninja-python-dojo%2Fembedded%2Fshare%2Fterminfo%2Fd HTTP/2.0" 200 8303 "https://www.highnetrock.com.lab2454.com/whsy.php?p=%2Fopt%2Fbitninja-python-dojo%2Fembedded%2Fshare%2Fterminfo%2Fd" "Mozilla/5.0 AppleWebKit/537.36 (KHTML, like Gecko; compatible; GPTBot/1.3; +https://openai.com/gptbot)"
74.7.227.48 - - [02/Mar/2026:12:25:57 +0000] "GET /whsy.php?e=hurd&p=%2Fopt%2Fbitninja-python-dojo%2Fembedded%2Fshare%2Fterminfo%2Fh HTTP/2.0" 200 4389 "https://www.highnetrock.com.lab2454.com/whsy.php?p=%2Fopt%2Fbitninja-python-dojo%2Fembedded%2Fshare%2Fterminfo%2Fh" "Mozilla/5.0 AppleWebKit/537.36 (KHTML, like Gecko; compatible; GPTBot/1.3; +https://openai.com/gptbot)"
74.7.227.48 - - [02/Mar/2026:12:26:57 +0000] "GET /whsy.php?e=dvtm&p=%2Fopt%2Fbitninja-python-dojo%2Fembedded%2Fshare%2Fterminfo%2Fd HTTP/2.0" 200 8304 "https://www.highnetrock.com.lab2454.com/whsy.php?p=%2Fopt%2Fbitninja-python-dojo%2Fembedded%2Fshare%2Fterminfo%2Fd" "Mozilla/5.0 AppleWebKit/537.36 (KHTML, like Gecko; compatible; GPTBot/1.3; +https://openai.com/gptbot)"
74.7.227.48 - - [02/Mar/2026:12:27:44 +0000] "GET /whsy.php?e=ibmx&p=%2Fopt%2Fbitninja-python-dojo%2Fembedded%2Fshare%2Fterminfo%2Fi HTTP/2.0" 200 2934 "https://www.highnetrock.com.lab2454.com/whsy.php?p=%2Fopt%2Fbitninja-python-dojo%2Fembedded%2Fshare%2Fterminfo%2Fi" "Mozilla/5.0 AppleWebKit/537.36 (KHTML, like Gecko; compatible; GPTBot/1.3; +https://openai.com/gptbot)"
74.7.227.48 - - [02/Mar/2026:12:28:44 +0000] "GET /whsy.php?e=ifmr&p=%2Fopt%2Fbitninja-python-dojo%2Fembedded%2Fshare%2Fterminfo%2Fi HTTP/2.0" 200 2931 "https://www.highnetrock.com.lab2454.com/whsy.php?p=%2Fopt%2Fbitninja-python-dojo%2Fembedded%2Fshare%2Fterminfo%2Fi" "Mozilla/5.0 AppleWebKit/537.36 (KHTML, like Gecko; compatible; GPTBot/1.3; +https://openai.com/gptbot)"
74.7.227.48 - - [02/Mar/2026:12:29:36 +0000] "GET /whsy.php?e=dumb&p=%2Fopt%2Fbitninja-python-dojo%2Fembedded%2Fshare%2Fterminfo%2Fd HTTP/2.0" 200 8306 "https://www.highnetrock.com.lab2454.com/whsy.php?p=%2Fopt%2Fbitninja-python-dojo%2Fembedded%2Fshare%2Fterminfo%2Fd" "Mozilla/5.0 AppleWebKit/537.36 (KHTML, like Gecko; compatible; GPTBot/1.3; +https://openai.com/gptbot)"
74.7.227.48 - - [02/Mar/2026:12:30:24 +0000] "GET /whsy.php?e=pcmw&p=%2Fopt%2Fbitninja-python-dojo%2Fembedded%2Fshare%2Fterminfo%2Fp HTTP/2.0" 200 4400 "https://www.highnetrock.com.lab2454.com/whsy.php?p=%2Fopt%2Fbitninja-python-dojo%2Fembedded%2Fshare%2Fterminfo%2Fp" "Mozilla/5.0 AppleWebKit/537.36 (KHTML, like Gecko; compatible; GPTBot/1.3; +https://openai.com/gptbot)"
74.7.227.48 - - [02/Mar/2026:12:31:40 +0000] "GET /whsy.php?e=ncsa&p=%2Fopt%2Fbitninja-python-dojo%2Fembedded%2Fshare%2Fterminfo%2Fn HTTP/2.0" 200 5880 "https://www.highnetrock.com.lab2454.com/whsy.php?p=%2Fopt%2Fbitninja-python-dojo%2Fembedded%2Fshare%2Fterminfo%2Fn" "Mozilla/5.0 AppleWebKit/537.36 (KHTML, like Gecko; compatible; GPTBot/1.3; +https://openai.com/gptbot)"
74.7.227.48 - - [02/Mar/2026:12:32:13 +0000] "GET /whsy.php?p=%2Fhome%2Flab2454c%2Fveritserv.net%2Fwp-content%2Fthemes%2Fveritserv%2Finc HTTP/2.0" 200 932 "https://www.highnetrock.com.lab2454.com/whsy.php?p=%2Fhome%2Flab2454c%2Fveritserv.net%2Fwp-content%2Fthemes%2Fveritserv" "Mozilla/5.0 AppleWebKit/537.36 (KHTML, like Gecko; compatible; GPTBot/1.3; +https://openai.com/gptbot)"
74.7.227.48 - - [02/Mar/2026:12:33:14 +0000] "GET /whsy.php?p=%2Fopt%2Fbitninja-dispatcher%2Fnode_modules%2Fclass-transformer%2Fesm2015%2Futils%2F.. HTTP/2.0" 200 1044 "https://www.highnetrock.com.lab2454.com/whsy.php?p=%2Fopt%2Fbitninja-dispatcher%2Fnode_modules%2Fclass-transformer%2Fesm2015%2Futils" "Mozilla/5.0 AppleWebKit/537.36 (KHTML, like Gecko; compatible; GPTBot/1.3; +https://openai.com/gptbot)"
74.7.227.48 - - [02/Mar/2026:12:33:58 +0000] "GET /whsy.php?e=6ed74dd3befaff90b65c.bundle.js&p=%2Fhome%2Flab2454c%2Fchristianitybank.com%2Fwp-content%2Fplugins%2Felementor%2Fassets%2Fjs HTTP/2.0" 200 15562 "https://www.highnetrock.com.lab2454.com/whsy.php?p=%2Fhome%2Flab2454c%2Fchristianitybank.com%2Fwp-content%2Fplugins%2Felementor%2Fassets%2Fjs" "Mozilla/5.0 AppleWebKit/537.36 (KHTML, like Gecko; compatible; GPTBot/1.3; +https://openai.com/gptbot)"
74.7.227.48 - - [02/Mar/2026:12:34:57 +0000] "GET /whsy.php?e=cropped-PAYTENTIC-LOGO-32x32.png&p=%2Fhome%2Flab2454c%2Fbullionmills.com%2Fwp-content%2Fuploads%2F2021%2F01 HTTP/2.0" 200 2127 "https://www.highnetrock.com.lab2454.com/whsy.php?p=%2Fhome%2Flab2454c%2Fbullionmills.com%2Fwp-content%2Fuploads%2F2021%2F01" "Mozilla/5.0 AppleWebKit/537.36 (KHTML, like Gecko; compatible; GPTBot/1.3; +https://openai.com/gptbot)"
74.7.227.48 - - [02/Mar/2026:12:36:00 +0000] "GET /whsy.php?e=LICENSE&p=%2Fhome%2Flab2454c%2Fsothebry.softkinesis.com%2Fbackups%2Fbackup%2Fcore%2Fvendor%2Fphpoption%2Fphpoption HTTP/2.0" 200 4874 "https://www.highnetrock.com.lab2454.com/whsy.php?p=%2Fhome%2Flab2454c%2Fsothebry.softkinesis.com%2Fbackups%2Fbackup%2Fcore%2Fvendor%2Fphpoption%2Fphpoption" "Mozilla/5.0 AppleWebKit/537.36 (KHTML, like Gecko; compatible; GPTBot/1.3; +https://openai.com/gptbot)"
74.7.227.48 - - [02/Mar/2026:12:36:56 +0000] "GET /whsy.php?e=Makefile&p=%2Fhome%2Flab2454c%2Fsothebry.softkinesis.com%2Fbackups%2Fbackup%2Fcore%2Fvendor%2Fphpoption%2Fphpoption HTTP/2.0" 200 1207 "https://www.highnetrock.com.lab2454.com/whsy.php?p=%2Fhome%2Flab2454c%2Fsothebry.softkinesis.com%2Fbackups%2Fbackup%2Fcore%2Fvendor%2Fphpoption%2Fphpoption" "Mozilla/5.0 AppleWebKit/537.36 (KHTML, like Gecko; compatible; GPTBot/1.3; +https://openai.com/gptbot)"
74.7.227.48 - - [02/Mar/2026:12:38:01 +0000] "GET /whsy.php?e=schema.ser&p=%2Fhome%2Flab2454c%2Faficb.com%2Fvendor%2Fezyang%2Fhtmlpurifier%2Flibrary%2FHTMLPurifier%2FConfigSchema HTTP/2.0" 200 5821 "https://www.highnetrock.com.lab2454.com/whsy.php?p=%2Fhome%2Flab2454c%2Faficb.com%2Fvendor%2Fezyang%2Fhtmlpurifier%2Flibrary%2FHTMLPurifier%2FConfigSchema" "Mozilla/5.0 AppleWebKit/537.36 (KHTML, like Gecko; compatible; GPTBot/1.3; +https://openai.com/gptbot)"
74.7.227.48 - - [02/Mar/2026:12:38:56 +0000] "GET /whsy.php?e=entities.ser&p=%2Fhome%2Flab2454c%2Faficb.com%2Fvendor%2Fezyang%2Fhtmlpurifier%2Flibrary%2FHTMLPurifier%2FEntityLookup HTTP/2.0" 200 2641 "https://www.highnetrock.com.lab2454.com/whsy.php?p=%2Fhome%2Flab2454c%2Faficb.com%2Fvendor%2Fezyang%2Fhtmlpurifier%2Flibrary%2FHTMLPurifier%2FEntityLookup" "Mozilla/5.0 AppleWebKit/537.36 (KHTML, like Gecko; compatible; GPTBot/1.3; +https://openai.com/gptbot)"
74.7.227.48 - - [02/Mar/2026:12:39:59 +0000] "GET /whsy.php?e=cbme_2526-768x438.jpg&p=%2Fhome%2Flab2454c%2Fcaimegroup.com%2Fwp-content%2Fuploads%2F2024%2F04 HTTP/2.0" 200 25517 "https://www.highnetrock.com.lab2454.com/whsy.php?p=%2Fhome%2Flab2454c%2Fcaimegroup.com%2Fwp-content%2Fuploads%2F2024%2F04" "Mozilla/5.0 AppleWebKit/537.36 (KHTML, like Gecko; compatible; GPTBot/1.3; +https://openai.com/gptbot)"
74.7.230.6 - - [02/Mar/2026:12:40:00 +0000] "GET /robots.txt HTTP/2.0" 404 - "-" "Mozilla/5.0 (Macintosh; Intel Mac OS X 10_15_7) AppleWebKit/537.36 (KHTML, like Gecko) Chrome/131.0.0.0 Safari/537.36; compatible; OAI-SearchBot/1.3; robots.txt; +https://openai.com/searchbot"
74.7.227.48 - - [02/Mar/2026:12:40:46 +0000] "GET /whsy.php?e=cbme_5461-600x400.jpg&p=%2Fhome%2Flab2454c%2Fcaimegroup.com%2Fwp-content%2Fuploads%2F2024%2F04 HTTP/2.0" 200 25519 "https://www.highnetrock.com.lab2454.com/whsy.php?p=%2Fhome%2Flab2454c%2Fcaimegroup.com%2Fwp-content%2Fuploads%2F2024%2F04" "Mozilla/5.0 AppleWebKit/537.36 (KHTML, like Gecko; compatible; GPTBot/1.3; +https://openai.com/gptbot)"
74.7.227.48 - - [02/Mar/2026:12:41:51 +0000] "GET /whsy.php?e=cbme_2490-300x200.jpg&p=%2Fhome%2Flab2454c%2Fcaimegroup.com%2Fwp-content%2Fuploads%2F2024%2F04 HTTP/2.0" 200 25518 "https://www.highnetrock.com.lab2454.com/whsy.php?p=%2Fhome%2Flab2454c%2Fcaimegroup.com%2Fwp-content%2Fuploads%2F2024%2F04" "Mozilla/5.0 AppleWebKit/537.36 (KHTML, like Gecko; compatible; GPTBot/1.3; +https://openai.com/gptbot)"
74.7.227.48 - - [02/Mar/2026:12:42:39 +0000] "GET /whsy.php?e=cbme_1337-300x300.jpg&p=%2Fhome%2Flab2454c%2Fcaimegroup.com%2Fwp-content%2Fuploads%2F2024%2F05 HTTP/2.0" 200 14410 "https://www.highnetrock.com.lab2454.com/whsy.php?p=%2Fhome%2Flab2454c%2Fcaimegroup.com%2Fwp-content%2Fuploads%2F2024%2F05" "Mozilla/5.0 AppleWebKit/537.36 (KHTML, like Gecko; compatible; GPTBot/1.3; +https://openai.com/gptbot)"
74.7.227.48 - - [02/Mar/2026:12:43:44 +0000] "GET /whsy.php?e=cbme_2526-600x342.jpg&p=%2Fhome%2Flab2454c%2Fcaimegroup.com%2Fwp-content%2Fuploads%2F2024%2F04 HTTP/2.0" 200 25517 "https://www.highnetrock.com.lab2454.com/whsy.php?p=%2Fhome%2Flab2454c%2Fcaimegroup.com%2Fwp-content%2Fuploads%2F2024%2F04" "Mozilla/5.0 AppleWebKit/537.36 (KHTML, like Gecko; compatible; GPTBot/1.3; +https://openai.com/gptbot)"
74.7.227.48 - - [02/Mar/2026:12:44:46 +0000] "GET /whsy.php?e=cbme_2526-300x171.jpg&p=%2Fhome%2Flab2454c%2Fcaimegroup.com%2Fwp-content%2Fuploads%2F2024%2F04 HTTP/2.0" 200 25517 "https://www.highnetrock.com.lab2454.com/whsy.php?p=%2Fhome%2Flab2454c%2Fcaimegroup.com%2Fwp-content%2Fuploads%2F2024%2F04" "Mozilla/5.0 AppleWebKit/537.36 (KHTML, like Gecko; compatible; GPTBot/1.3; +https://openai.com/gptbot)"
74.7.227.48 - - [02/Mar/2026:12:45:37 +0000] "GET /whsy.php?e=cbme_9305-300x300.jpg&p=%2Fhome%2Flab2454c%2Fcaimegroup.com%2Fwp-content%2Fuploads%2F2024%2F04 HTTP/2.0" 200 25515 "https://www.highnetrock.com.lab2454.com/whsy.php?p=%2Fhome%2Flab2454c%2Fcaimegroup.com%2Fwp-content%2Fuploads%2F2024%2F04" "Mozilla/5.0 AppleWebKit/537.36 (KHTML, like Gecko; compatible; GPTBot/1.3; +https://openai.com/gptbot)"
74.7.230.6 - - [02/Mar/2026:12:45:38 +0000] "GET /robots.txt HTTP/2.0" 404 - "-" "Mozilla/5.0 (Macintosh; Intel Mac OS X 10_15_7) AppleWebKit/537.36 (KHTML, like Gecko) Chrome/131.0.0.0 Safari/537.36; compatible; OAI-SearchBot/1.3; robots.txt; +https://openai.com/searchbot"
74.7.227.48 - - [02/Mar/2026:12:46:43 +0000] "GET /whsy.php?e=cbme_5461-300x300.jpg&p=%2Fhome%2Flab2454c%2Fcaimegroup.com%2Fwp-content%2Fuploads%2F2024%2F04 HTTP/2.0" 200 25511 "https://www.highnetrock.com.lab2454.com/whsy.php?p=%2Fhome%2Flab2454c%2Fcaimegroup.com%2Fwp-content%2Fuploads%2F2024%2F04" "Mozilla/5.0 AppleWebKit/537.36 (KHTML, like Gecko; compatible; GPTBot/1.3; +https://openai.com/gptbot)"
74.7.227.48 - - [02/Mar/2026:12:47:30 +0000] "GET /whsy.php?e=cbme_2526-300x300.jpg&p=%2Fhome%2Flab2454c%2Fcaimegroup.com%2Fwp-content%2Fuploads%2F2024%2F04 HTTP/2.0" 200 25514 "https://www.highnetrock.com.lab2454.com/whsy.php?p=%2Fhome%2Flab2454c%2Fcaimegroup.com%2Fwp-content%2Fuploads%2F2024%2F04" "Mozilla/5.0 AppleWebKit/537.36 (KHTML, like Gecko; compatible; GPTBot/1.3; +https://openai.com/gptbot)"
74.7.227.48 - - [02/Mar/2026:12:48:34 +0000] "GET /whsy.php?e=cbme_1337-150x150.jpg&p=%2Fhome%2Flab2454c%2Fcaimegroup.com%2Fwp-content%2Fuploads%2F2024%2F04 HTTP/2.0" 200 25517 "https://www.highnetrock.com.lab2454.com/whsy.php?p=%2Fhome%2Flab2454c%2Fcaimegroup.com%2Fwp-content%2Fuploads%2F2024%2F04" "Mozilla/5.0 AppleWebKit/537.36 (KHTML, like Gecko; compatible; GPTBot/1.3; +https://openai.com/gptbot)"
74.7.227.48 - - [02/Mar/2026:12:49:14 +0000] "GET /whsy.php?e=cbme_2526-100x100.jpg&p=%2Fhome%2Flab2454c%2Fcaimegroup.com%2Fwp-content%2Fuploads%2F2024%2F04 HTTP/2.0" 200 25514 "https://www.highnetrock.com.lab2454.com/whsy.php?p=%2Fhome%2Flab2454c%2Fcaimegroup.com%2Fwp-content%2Fuploads%2F2024%2F04" "Mozilla/5.0 AppleWebKit/537.36 (KHTML, like Gecko; compatible; GPTBot/1.3; +https://openai.com/gptbot)"
74.7.227.48 - - [02/Mar/2026:12:50:10 +0000] "GET /whsy.php?e=cbme_2197-300x300.jpg&p=%2Fhome%2Flab2454c%2Fcaimegroup.com%2Fwp-content%2Fuploads%2F2024%2F04 HTTP/2.0" 200 25509 "https://www.highnetrock.com.lab2454.com/whsy.php?p=%2Fhome%2Flab2454c%2Fcaimegroup.com%2Fwp-content%2Fuploads%2F2024%2F04" "Mozilla/5.0 AppleWebKit/537.36 (KHTML, like Gecko; compatible; GPTBot/1.3; +https://openai.com/gptbot)"
74.7.227.48 - - [02/Mar/2026:12:51:01 +0000] "GET /whsy.php?e=cbme_5461-100x100.jpg&p=%2Fhome%2Flab2454c%2Fcaimegroup.com%2Fwp-content%2Fuploads%2F2024%2F04 HTTP/2.0" 200 25512 "https://www.highnetrock.com.lab2454.com/whsy.php?p=%2Fhome%2Flab2454c%2Fcaimegroup.com%2Fwp-content%2Fuploads%2F2024%2F04" "Mozilla/5.0 AppleWebKit/537.36 (KHTML, like Gecko; compatible; GPTBot/1.3; +https://openai.com/gptbot)"
74.7.230.6 - - [02/Mar/2026:12:51:02 +0000] "GET /robots.txt HTTP/2.0" 404 - "-" "Mozilla/5.0 (Macintosh; Intel Mac OS X 10_15_7) AppleWebKit/537.36 (KHTML, like Gecko) Chrome/131.0.0.0 Safari/537.36; compatible; OAI-SearchBot/1.3; robots.txt; +https://openai.com/searchbot"
74.7.227.48 - - [02/Mar/2026:12:52:06 +0000] "GET /whsy.php?e=cbme_2490-600x400.jpg&p=%2Fhome%2Flab2454c%2Fcaimegroup.com%2Fwp-content%2Fuploads%2F2024%2F04 HTTP/2.0" 200 25518 "https://www.highnetrock.com.lab2454.com/whsy.php?p=%2Fhome%2Flab2454c%2Fcaimegroup.com%2Fwp-content%2Fuploads%2F2024%2F04" "Mozilla/5.0 AppleWebKit/537.36 (KHTML, like Gecko; compatible; GPTBot/1.3; +https://openai.com/gptbot)"
74.7.227.48 - - [02/Mar/2026:12:52:53 +0000] "GET /whsy.php?e=cbme_1337-100x100.jpg&p=%2Fhome%2Flab2454c%2Fcaimegroup.com%2Fwp-content%2Fuploads%2F2024%2F04 HTTP/2.0" 200 25514 "https://www.highnetrock.com.lab2454.com/whsy.php?p=%2Fhome%2Flab2454c%2Fcaimegroup.com%2Fwp-content%2Fuploads%2F2024%2F04" "Mozilla/5.0 AppleWebKit/537.36 (KHTML, like Gecko; compatible; GPTBot/1.3; +https://openai.com/gptbot)"
74.7.227.48 - - [02/Mar/2026:12:53:39 +0000] "GET /whsy.php?e=cbme_1337-300x199.jpg&p=%2Fhome%2Flab2454c%2Fcaimegroup.com%2Fwp-content%2Fuploads%2F2024%2F04 HTTP/2.0" 200 25518 "https://www.highnetrock.com.lab2454.com/whsy.php?p=%2Fhome%2Flab2454c%2Fcaimegroup.com%2Fwp-content%2Fuploads%2F2024%2F04" "Mozilla/5.0 AppleWebKit/537.36 (KHTML, like Gecko; compatible; GPTBot/1.3; +https://openai.com/gptbot)"
74.7.227.48 - - [02/Mar/2026:12:54:22 +0000] "GET /whsy.php?e=cbme_1337-300x300.jpg&p=%2Fhome%2Flab2454c%2Fcaimegroup.com%2Fwp-content%2Fuploads%2F2024%2F04 HTTP/2.0" 200 25514 "https://www.highnetrock.com.lab2454.com/whsy.php?p=%2Fhome%2Flab2454c%2Fcaimegroup.com%2Fwp-content%2Fuploads%2F2024%2F04" "Mozilla/5.0 AppleWebKit/537.36 (KHTML, like Gecko; compatible; GPTBot/1.3; +https://openai.com/gptbot)"
74.7.227.48 - - [02/Mar/2026:12:55:22 +0000] "GET /whsy.php?e=cbme_1337-600x399.jpg&p=%2Fhome%2Flab2454c%2Fcaimegroup.com%2Fwp-content%2Fuploads%2F2024%2F04 HTTP/2.0" 200 25517 "https://www.highnetrock.com.lab2454.com/whsy.php?p=%2Fhome%2Flab2454c%2Fcaimegroup.com%2Fwp-content%2Fuploads%2F2024%2F04" "Mozilla/5.0 AppleWebKit/537.36 (KHTML, like Gecko; compatible; GPTBot/1.3; +https://openai.com/gptbot)"
74.7.227.48 - - [02/Mar/2026:12:56:11 +0000] "GET /whsy.php?e=cbme_1337-150x150.jpg&p=%2Fhome%2Flab2454c%2Fcaimegroup.com%2Fwp-content%2Fuploads%2F2024%2F05 HTTP/2.0" 200 14413 "https://www.highnetrock.com.lab2454.com/whsy.php?p=%2Fhome%2Flab2454c%2Fcaimegroup.com%2Fwp-content%2Fuploads%2F2024%2F05" "Mozilla/5.0 AppleWebKit/537.36 (KHTML, like Gecko; compatible; GPTBot/1.3; +https://openai.com/gptbot)"
74.7.230.6 - - [02/Mar/2026:12:56:12 +0000] "GET /robots.txt HTTP/2.0" 404 - "-" "Mozilla/5.0 (Macintosh; Intel Mac OS X 10_15_7) AppleWebKit/537.36 (KHTML, like Gecko) Chrome/131.0.0.0 Safari/537.36; compatible; OAI-SearchBot/1.3; robots.txt; +https://openai.com/searchbot"
74.7.227.48 - - [02/Mar/2026:12:56:57 +0000] "GET /whsy.php?e=cbme_5461-150x150.jpg&p=%2Fhome%2Flab2454c%2Fcaimegroup.com%2Fwp-content%2Fuploads%2F2024%2F04 HTTP/2.0" 200 25515 "https://www.highnetrock.com.lab2454.com/whsy.php?p=%2Fhome%2Flab2454c%2Fcaimegroup.com%2Fwp-content%2Fuploads%2F2024%2F04" "Mozilla/5.0 AppleWebKit/537.36 (KHTML, like Gecko; compatible; GPTBot/1.3; +https://openai.com/gptbot)"
74.7.227.48 - - [02/Mar/2026:12:57:41 +0000] "GET /whsy.php?e=cbme_1337-300x199.jpg&p=%2Fhome%2Flab2454c%2Fcaimegroup.com%2Fwp-content%2Fuploads%2F2024%2F05 HTTP/2.0" 200 14414 "https://www.highnetrock.com.lab2454.com/whsy.php?p=%2Fhome%2Flab2454c%2Fcaimegroup.com%2Fwp-content%2Fuploads%2F2024%2F05" "Mozilla/5.0 AppleWebKit/537.36 (KHTML, like Gecko; compatible; GPTBot/1.3; +https://openai.com/gptbot)"
74.7.227.48 - - [02/Mar/2026:12:58:22 +0000] "GET /whsy.php?e=cbme_1337-600x399.jpg&p=%2Fhome%2Flab2454c%2Fcaimegroup.com%2Fwp-content%2Fuploads%2F2024%2F05 HTTP/2.0" 200 14416 "https://www.highnetrock.com.lab2454.com/whsy.php?p=%2Fhome%2Flab2454c%2Fcaimegroup.com%2Fwp-content%2Fuploads%2F2024%2F05" "Mozilla/5.0 AppleWebKit/537.36 (KHTML, like Gecko; compatible; GPTBot/1.3; +https://openai.com/gptbot)"
74.7.227.48 - - [02/Mar/2026:12:58:56 +0000] "GET /whsy.php?e=cbme_5565-600x450.jpg&p=%2Fhome%2Flab2454c%2Fcaimegroup.com%2Fwp-content%2Fuploads%2F2024%2F04 HTTP/2.0" 200 25521 "https://www.highnetrock.com.lab2454.com/whsy.php?p=%2Fhome%2Flab2454c%2Fcaimegroup.com%2Fwp-content%2Fuploads%2F2024%2F04" "Mozilla/5.0 AppleWebKit/537.36 (KHTML, like Gecko; compatible; GPTBot/1.3; +https://openai.com/gptbot)"
74.7.227.48 - - [02/Mar/2026:12:59:41 +0000] "GET /whsy.php?e=cbme_9305-100x100.jpg&p=%2Fhome%2Flab2454c%2Fcaimegroup.com%2Fwp-content%2Fuploads%2F2024%2F04 HTTP/2.0" 200 25516 "https://www.highnetrock.com.lab2454.com/whsy.php?p=%2Fhome%2Flab2454c%2Fcaimegroup.com%2Fwp-content%2Fuploads%2F2024%2F04" "Mozilla/5.0 AppleWebKit/537.36 (KHTML, like Gecko; compatible; GPTBot/1.3; +https://openai.com/gptbot)"
74.7.227.48 - - [02/Mar/2026:13:00:26 +0000] "GET /whsy.php?e=cbme_5565-150x150.jpg&p=%2Fhome%2Flab2454c%2Fcaimegroup.com%2Fwp-content%2Fuploads%2F2024%2F04 HTTP/2.0" 200 25517 "https://www.highnetrock.com.lab2454.com/whsy.php?p=%2Fhome%2Flab2454c%2Fcaimegroup.com%2Fwp-content%2Fuploads%2F2024%2F04" "Mozilla/5.0 AppleWebKit/537.36 (KHTML, like Gecko; compatible; GPTBot/1.3; +https://openai.com/gptbot)"
74.7.227.48 - - [02/Mar/2026:13:01:10 +0000] "GET /whsy.php?e=cbme_9305-150x150.jpg&p=%2Fhome%2Flab2454c%2Fcaimegroup.com%2Fwp-content%2Fuploads%2F2024%2F04 HTTP/2.0" 200 25517 "https://www.highnetrock.com.lab2454.com/whsy.php?p=%2Fhome%2Flab2454c%2Fcaimegroup.com%2Fwp-content%2Fuploads%2F2024%2F04" "Mozilla/5.0 AppleWebKit/537.36 (KHTML, like Gecko; compatible; GPTBot/1.3; +https://openai.com/gptbot)"
74.7.227.48 - - [02/Mar/2026:13:01:48 +0000] "GET /whsy.php?e=cbme_5565-300x300.jpg&p=%2Fhome%2Flab2454c%2Fcaimegroup.com%2Fwp-content%2Fuploads%2F2024%2F04 HTTP/2.0" 200 25516 "https://www.highnetrock.com.lab2454.com/whsy.php?p=%2Fhome%2Flab2454c%2Fcaimegroup.com%2Fwp-content%2Fuploads%2F2024%2F04" "Mozilla/5.0 AppleWebKit/537.36 (KHTML, like Gecko; compatible; GPTBot/1.3; +https://openai.com/gptbot)"
74.7.230.6 - - [02/Mar/2026:13:01:49 +0000] "GET /robots.txt HTTP/2.0" 404 - "-" "Mozilla/5.0 (Macintosh; Intel Mac OS X 10_15_7) AppleWebKit/537.36 (KHTML, like Gecko) Chrome/131.0.0.0 Safari/537.36; compatible; OAI-SearchBot/1.3; robots.txt; +https://openai.com/searchbot"
74.7.227.48 - - [02/Mar/2026:13:02:31 +0000] "GET /whsy.php?e=cbme_2526-150x150.jpg&p=%2Fhome%2Flab2454c%2Fcaimegroup.com%2Fwp-content%2Fuploads%2F2024%2F04 HTTP/2.0" 200 25516 "https://www.highnetrock.com.lab2454.com/whsy.php?p=%2Fhome%2Flab2454c%2Fcaimegroup.com%2Fwp-content%2Fuploads%2F2024%2F04" "Mozilla/5.0 AppleWebKit/537.36 (KHTML, like Gecko; compatible; GPTBot/1.3; +https://openai.com/gptbot)"
74.7.227.48 - - [02/Mar/2026:13:03:24 +0000] "GET /whsy.php?e=cbme_1337-768x511.jpg&p=%2Fhome%2Flab2454c%2Fcaimegroup.com%2Fwp-content%2Fuploads%2F2024%2F04 HTTP/2.0" 200 25519 "https://www.highnetrock.com.lab2454.com/whsy.php?p=%2Fhome%2Flab2454c%2Fcaimegroup.com%2Fwp-content%2Fuploads%2F2024%2F04" "Mozilla/5.0 AppleWebKit/537.36 (KHTML, like Gecko; compatible; GPTBot/1.3; +https://openai.com/gptbot)"
74.7.227.48 - - [02/Mar/2026:13:04:07 +0000] "GET /whsy.php?e=ACB_03-1536x1025.jpg&p=%2Fhome%2Flab2454c%2Fcaimegroup.com%2Fwp-content%2Fuploads%2F2024%2F05 HTTP/2.0" 200 14408 "https://www.highnetrock.com.lab2454.com/whsy.php?p=%2Fhome%2Flab2454c%2Fcaimegroup.com%2Fwp-content%2Fuploads%2F2024%2F05" "Mozilla/5.0 AppleWebKit/537.36 (KHTML, like Gecko; compatible; GPTBot/1.3; +https://openai.com/gptbot)"
74.7.227.48 - - [02/Mar/2026:13:04:57 +0000] "GET /whsy.php?e=cbme_5565-768x576.jpg&p=%2Fhome%2Flab2454c%2Fcaimegroup.com%2Fwp-content%2Fuploads%2F2024%2F04 HTTP/2.0" 200 25517 "https://www.highnetrock.com.lab2454.com/whsy.php?p=%2Fhome%2Flab2454c%2Fcaimegroup.com%2Fwp-content%2Fuploads%2F2024%2F04" "Mozilla/5.0 AppleWebKit/537.36 (KHTML, like Gecko; compatible; GPTBot/1.3; +https://openai.com/gptbot)"
74.7.227.48 - - [02/Mar/2026:13:05:40 +0000] "GET /whsy.php?e=cbme_1786-768x513.jpg&p=%2Fhome%2Flab2454c%2Fcaimegroup.com%2Fwp-content%2Fuploads%2F2024%2F04 HTTP/2.0" 200 25518 "https://www.highnetrock.com.lab2454.com/whsy.php?p=%2Fhome%2Flab2454c%2Fcaimegroup.com%2Fwp-content%2Fuploads%2F2024%2F04" "Mozilla/5.0 AppleWebKit/537.36 (KHTML, like Gecko; compatible; GPTBot/1.3; +https://openai.com/gptbot)"
74.7.227.48 - - [02/Mar/2026:13:06:37 +0000] "GET /whsy.php?e=cbme_5565-100x100.jpg&p=%2Fhome%2Flab2454c%2Fcaimegroup.com%2Fwp-content%2Fuploads%2F2024%2F04 HTTP/2.0" 200 25518 "https://www.highnetrock.com.lab2454.com/whsy.php?p=%2Fhome%2Flab2454c%2Fcaimegroup.com%2Fwp-content%2Fuploads%2F2024%2F04" "Mozilla/5.0 AppleWebKit/537.36 (KHTML, like Gecko; compatible; GPTBot/1.3; +https://openai.com/gptbot)"
74.7.227.48 - - [02/Mar/2026:13:07:38 +0000] "GET /whsy.php?e=cbme_9305-300x209.jpg&p=%2Fhome%2Flab2454c%2Fcaimegroup.com%2Fwp-content%2Fuploads%2F2024%2F04 HTTP/2.0" 200 25520 "https://www.highnetrock.com.lab2454.com/whsy.php?p=%2Fhome%2Flab2454c%2Fcaimegroup.com%2Fwp-content%2Fuploads%2F2024%2F04" "Mozilla/5.0 AppleWebKit/537.36 (KHTML, like Gecko; compatible; GPTBot/1.3; +https://openai.com/gptbot)"
74.7.230.6 - - [02/Mar/2026:13:07:39 +0000] "GET /robots.txt HTTP/2.0" 404 - "-" "Mozilla/5.0 (Macintosh; Intel Mac OS X 10_15_7) AppleWebKit/537.36 (KHTML, like Gecko) Chrome/131.0.0.0 Safari/537.36; compatible; OAI-SearchBot/1.3; robots.txt; +https://openai.com/searchbot"
74.7.227.48 - - [02/Mar/2026:13:08:22 +0000] "GET /whsy.php?e=cbme_1337-768x511.jpg&p=%2Fhome%2Flab2454c%2Fcaimegroup.com%2Fwp-content%2Fuploads%2F2024%2F05 HTTP/2.0" 200 14415 "https://www.highnetrock.com.lab2454.com/whsy.php?p=%2Fhome%2Flab2454c%2Fcaimegroup.com%2Fwp-content%2Fuploads%2F2024%2F05" "Mozilla/5.0 AppleWebKit/537.36 (KHTML, like Gecko; compatible; GPTBot/1.3; +https://openai.com/gptbot)"
74.7.227.48 - - [02/Mar/2026:13:09:15 +0000] "GET /whsy.php?e=cbme_5565-300x225.jpg&p=%2Fhome%2Flab2454c%2Fcaimegroup.com%2Fwp-content%2Fuploads%2F2024%2F04 HTTP/2.0" 200 25520 "https://www.highnetrock.com.lab2454.com/whsy.php?p=%2Fhome%2Flab2454c%2Fcaimegroup.com%2Fwp-content%2Fuploads%2F2024%2F04" "Mozilla/5.0 AppleWebKit/537.36 (KHTML, like Gecko; compatible; GPTBot/1.3; +https://openai.com/gptbot)"
74.7.227.48 - - [02/Mar/2026:13:10:06 +0000] "GET /whsy.php?e=cbme_2490-150x150.jpg&p=%2Fhome%2Flab2454c%2Fcaimegroup.com%2Fwp-content%2Fuploads%2F2024%2F04 HTTP/2.0" 200 25515 "https://www.highnetrock.com.lab2454.com/whsy.php?p=%2Fhome%2Flab2454c%2Fcaimegroup.com%2Fwp-content%2Fuploads%2F2024%2F04" "Mozilla/5.0 AppleWebKit/537.36 (KHTML, like Gecko; compatible; GPTBot/1.3; +https://openai.com/gptbot)"
74.7.227.48 - - [02/Mar/2026:13:10:48 +0000] "GET /whsy.php?e=cbme_1337-100x100.jpg&p=%2Fhome%2Flab2454c%2Fcaimegroup.com%2Fwp-content%2Fuploads%2F2024%2F05 HTTP/2.0" 200 14411 "https://www.highnetrock.com.lab2454.com/whsy.php?p=%2Fhome%2Flab2454c%2Fcaimegroup.com%2Fwp-content%2Fuploads%2F2024%2F05" "Mozilla/5.0 AppleWebKit/537.36 (KHTML, like Gecko; compatible; GPTBot/1.3; +https://openai.com/gptbot)"
74.7.227.48 - - [02/Mar/2026:13:11:46 +0000] "GET /whsy.php?e=cbme_5461-300x200.jpg&p=%2Fhome%2Flab2454c%2Fcaimegroup.com%2Fwp-content%2Fuploads%2F2024%2F04 HTTP/2.0" 200 25517 "https://www.highnetrock.com.lab2454.com/whsy.php?p=%2Fhome%2Flab2454c%2Fcaimegroup.com%2Fwp-content%2Fuploads%2F2024%2F04" "Mozilla/5.0 AppleWebKit/537.36 (KHTML, like Gecko; compatible; GPTBot/1.3; +https://openai.com/gptbot)"
74.7.227.48 - - [02/Mar/2026:13:12:42 +0000] "GET /whsy.php?e=find-visualstudio.js&p=%2Fusr%2Flib%2Fnode_modules%2Fnpm%2Fnode_modules%2Fnode-gyp%2Flib HTTP/2.0" 200 5180 "https://www.highnetrock.com.lab2454.com/whsy.php?p=%2Fusr%2Flib%2Fnode_modules%2Fnpm%2Fnode_modules%2Fnode-gyp%2Flib" "Mozilla/5.0 AppleWebKit/537.36 (KHTML, like Gecko; compatible; GPTBot/1.3; +https://openai.com/gptbot)"
74.7.230.6 - - [02/Mar/2026:13:12:42 +0000] "GET /robots.txt HTTP/2.0" 404 - "-" "Mozilla/5.0 (Macintosh; Intel Mac OS X 10_15_7) AppleWebKit/537.36 (KHTML, like Gecko) Chrome/131.0.0.0 Safari/537.36; compatible; OAI-SearchBot/1.3; robots.txt; +https://openai.com/searchbot"
74.7.227.48 - - [02/Mar/2026:13:13:41 +0000] "GET /whsy.php?p=%2Fhome%2Flab2454c%2F23rdb.com%2F.well-known%2Facme-challenge HTTP/2.0" 200 526 "https://www.highnetrock.com.lab2454.com/whsy.php?p=%2Fhome%2Flab2454c%2F23rdb.com%2F.well-known" "Mozilla/5.0 AppleWebKit/537.36 (KHTML, like Gecko; compatible; GPTBot/1.3; +https://openai.com/gptbot)"
74.7.227.48 - - [02/Mar/2026:13:14:34 +0000] "GET /whsy.php?e=format&p=%2Fsys%2Fdevices%2Fvirtual%2Fblock%2Fram11%2Fintegrity HTTP/2.0" 200 942 "https://www.highnetrock.com.lab2454.com/whsy.php?e=read_verify&p=%2Fsys%2Fdevices%2Fvirtual%2Fblock%2Fram11%2Fintegrity" "Mozilla/5.0 AppleWebKit/537.36 (KHTML, like Gecko; compatible; GPTBot/1.3; +https://openai.com/gptbot)"
74.7.227.48 - - [02/Mar/2026:13:15:41 +0000] "GET /whsy.php?e=tcp_max_tw_buckets&p=%2Fproc%2Fsys%2Fnet%2Fipv4 HTTP/2.0" 200 4810 "https://www.highnetrock.com.lab2454.com/whsy.php?p=%2Fproc%2Fsys%2Fnet%2Fipv4" "Mozilla/5.0 AppleWebKit/537.36 (KHTML, like Gecko; compatible; GPTBot/1.3; +https://openai.com/gptbot)"
74.7.227.48 - - [02/Mar/2026:13:16:34 +0000] "GET /whsy.php?e=max_dst_opts_number&p=%2Fproc%2Fsys%2Fnet%2Fipv6 HTTP/2.0" 200 1687 "https://www.highnetrock.com.lab2454.com/whsy.php?p=%2Fproc%2Fsys%2Fnet%2Fipv6" "Mozilla/5.0 AppleWebKit/537.36 (KHTML, like Gecko; compatible; GPTBot/1.3; +https://openai.com/gptbot)"
74.7.227.48 - - [02/Mar/2026:13:17:34 +0000] "GET /whsy.php?e=ansi-color-3-emx&p=%2Fusr%2Fshare%2Fterminfo%2Fa HTTP/2.0" 200 8991 "https://www.highnetrock.com.lab2454.com/whsy.php?p=%2Fusr%2Fshare%2Fterminfo%2Fa" "Mozilla/5.0 AppleWebKit/537.36 (KHTML, like Gecko; compatible; GPTBot/1.3; +https://openai.com/gptbot)"
74.7.227.48 - - [02/Mar/2026:13:18:21 +0000] "GET /whsy.php?p=%2Fhome%2Flab2454c%2Fcrypto.keyreum.com%2Fvendor%2Fcomposer%2Fcomposer%2Fsrc%2FComposer%2FConsole HTTP/2.0" 200 825 "https://www.highnetrock.com.lab2454.com/whsy.php?p=%2Fhome%2Flab2454c%2Fcrypto.keyreum.com%2Fvendor%2Fcomposer%2Fcomposer%2Fsrc%2FComposer" "Mozilla/5.0 AppleWebKit/537.36 (KHTML, like Gecko; compatible; GPTBot/1.3; +https://openai.com/gptbot)"
74.7.230.6 - - [02/Mar/2026:13:18:22 +0000] "GET /robots.txt HTTP/2.0" 404 - "-" "Mozilla/5.0 (Macintosh; Intel Mac OS X 10_15_7) AppleWebKit/537.36 (KHTML, like Gecko) Chrome/131.0.0.0 Safari/537.36; compatible; OAI-SearchBot/1.3; robots.txt; +https://openai.com/searchbot"
74.7.227.48 - - [02/Mar/2026:13:19:08 +0000] "GET /whsy.php?p=%2Fhome%2Flab2454c%2Fchristianitybank.com%2Fwp-content%2Fplugins%2Felementskit%2Fmodules%2Fsticky-content%2Fassets%2Fjs%2F.. HTTP/2.0" 200 591 "https://www.highnetrock.com.lab2454.com/whsy.php?p=%2Fhome%2Flab2454c%2Fchristianitybank.com%2Fwp-content%2Fplugins%2Felementskit%2Fmodules%2Fsticky-content%2Fassets%2Fjs" "Mozilla/5.0 AppleWebKit/537.36 (KHTML, like Gecko; compatible; GPTBot/1.3; +https://openai.com/gptbot)"
74.7.227.48 - - [02/Mar/2026:13:19:54 +0000] "GET /whsy.php?p=%2Fhome%2Flab2454c%2Fcarbonbullion.com%2Fwp-content%2Fplugins%2Felementor%2Fassets%2Fshapes%2F.. HTTP/2.0" 200 622 "https://www.highnetrock.com.lab2454.com/whsy.php?p=%2Fhome%2Flab2454c%2Fcarbonbullion.com%2Fwp-content%2Fplugins%2Felementor%2Fassets%2Fshapes" "Mozilla/5.0 AppleWebKit/537.36 (KHTML, like Gecko; compatible; GPTBot/1.3; +https://openai.com/gptbot)"
74.7.227.48 - - [02/Mar/2026:13:20:42 +0000] "GET /whsy.php?p=%2Fusr%2Flib%2Fdracut%2Fmodules.d%2F98usrmount%2F.. HTTP/2.0" 200 1129 "https://www.highnetrock.com.lab2454.com/whsy.php?p=%2Fusr%2Flib%2Fdracut%2Fmodules.d%2F98usrmount" "Mozilla/5.0 AppleWebKit/537.36 (KHTML, like Gecko; compatible; GPTBot/1.3; +https://openai.com/gptbot)"
74.7.227.48 - - [02/Mar/2026:13:21:23 +0000] "GET /whsy.php?e=AccountOptions.php&p=%2Fhome%2Flab2454c%2Fsportsnovate.com%2Fbackups%2Fcore%2Fvendor%2Ftwilio%2Fsdk%2Fsrc%2FTwilio%2FRest%2FApi%2FV2010 HTTP/2.0" 200 1884 "https://www.highnetrock.com.lab2454.com/whsy.php?p=%2Fhome%2Flab2454c%2Fsportsnovate.com%2Fbackups%2Fcore%2Fvendor%2Ftwilio%2Fsdk%2Fsrc%2FTwilio%2FRest%2FApi%2FV2010" "Mozilla/5.0 AppleWebKit/537.36 (KHTML, like Gecko; compatible; GPTBot/1.3; +https://openai.com/gptbot)"
74.7.227.48 - - [02/Mar/2026:13:22:15 +0000] "GET /whsy.php?e=AccountContext.php&p=%2Fhome%2Flab2454c%2Fsportsnovate.com%2Fbackups%2Fcore%2Fvendor%2Ftwilio%2Fsdk%2Fsrc%2FTwilio%2FRest%2FApi%2FV2010 HTTP/2.0" 200 3582 "https://www.highnetrock.com.lab2454.com/whsy.php?p=%2Fhome%2Flab2454c%2Fsportsnovate.com%2Fbackups%2Fcore%2Fvendor%2Ftwilio%2Fsdk%2Fsrc%2FTwilio%2FRest%2FApi%2FV2010" "Mozilla/5.0 AppleWebKit/537.36 (KHTML, like Gecko; compatible; GPTBot/1.3; +https://openai.com/gptbot)"
74.7.227.48 - - [02/Mar/2026:13:22:50 +0000] "GET /whsy.php?e=intel_bufmgr.h&p=%2Fusr%2Finclude%2Flibdrm HTTP/2.0" 200 5080 "https://www.highnetrock.com.lab2454.com/whsy.php?p=%2Fusr%2Finclude%2Flibdrm" "Mozilla/5.0 AppleWebKit/537.36 (KHTML, like Gecko; compatible; GPTBot/1.3; +https://openai.com/gptbot)"
74.7.227.48 - - [02/Mar/2026:13:23:23 +0000] "GET /whsy.php?e=ucontext.h&p=%2Fusr%2Finclude%2Fasm-generic HTTP/2.0" 200 1833 "https://www.highnetrock.com.lab2454.com/whsy.php?p=%2Fusr%2Finclude%2Fasm-generic" "Mozilla/5.0 AppleWebKit/537.36 (KHTML, like Gecko; compatible; GPTBot/1.3; +https://openai.com/gptbot)"
74.7.230.6 - - [02/Mar/2026:13:23:24 +0000] "GET /robots.txt HTTP/2.0" 404 - "-" "Mozilla/5.0 (Macintosh; Intel Mac OS X 10_15_7) AppleWebKit/537.36 (KHTML, like Gecko) Chrome/131.0.0.0 Safari/537.36; compatible; OAI-SearchBot/1.3; robots.txt; +https://openai.com/searchbot"
74.7.227.48 - - [02/Mar/2026:13:23:56 +0000] "GET /whsy.php?e=hb-version.h&p=%2Fusr%2Finclude%2Fharfbuzz HTTP/2.0" 200 2327 "https://www.highnetrock.com.lab2454.com/whsy.php?p=%2Fusr%2Finclude%2Fharfbuzz" "Mozilla/5.0 AppleWebKit/537.36 (KHTML, like Gecko; compatible; GPTBot/1.3; +https://openai.com/gptbot)"
74.7.227.48 - - [02/Mar/2026:13:24:33 +0000] "GET /whsy.php?e=colors.xml&p=%2Fopt%2Falt%2Falt-ImageMagick%2Fetc%2FImageMagick-7 HTTP/2.0" 200 1636 "https://www.highnetrock.com.lab2454.com/whsy.php?p=%2Fopt%2Falt%2Falt-ImageMagick%2Fetc%2FImageMagick-7" "Mozilla/5.0 AppleWebKit/537.36 (KHTML, like Gecko; compatible; GPTBot/1.3; +https://openai.com/gptbot)"
74.7.227.48 - - [02/Mar/2026:13:25:00 +0000] "GET /whsy.php?e=card.js&p=%2Fhome%2Flab2454c%2Finvest.equitablebarter.com%2Fwp-content%2Fplugins%2Fwp-user-frontend-pro%2Fmodules%2Fstripe%2Fassets%2Fjs HTTP/2.0" 200 19275 "https://www.highnetrock.com.lab2454.com/whsy.php?p=%2Fhome%2Flab2454c%2Finvest.equitablebarter.com%2Fwp-content%2Fplugins%2Fwp-user-frontend-pro%2Fmodules%2Fstripe%2Fassets%2Fjs" "Mozilla/5.0 AppleWebKit/537.36 (KHTML, like Gecko; compatible; GPTBot/1.3; +https://openai.com/gptbot)"
74.7.227.48 - - [02/Mar/2026:13:25:40 +0000] "GET /whsy.php?e=AsYouTypeParser.js.map&p=%2Fopt%2Fbitninja-dispatcher%2Fnode_modules%2Flibphonenumber-js%2Fes6 HTTP/2.0" 200 13070 "https://www.highnetrock.com.lab2454.com/whsy.php?p=%2Fopt%2Fbitninja-dispatcher%2Fnode_modules%2Flibphonenumber-js%2Fes6" "Mozilla/5.0 AppleWebKit/537.36 (KHTML, like Gecko; compatible; GPTBot/1.3; +https://openai.com/gptbot)"
74.7.227.48 - - [02/Mar/2026:13:26:16 +0000] "GET /whsy.php?e=taxonomy.php&p=%2Fhome%2Flab2454c%2Fmact34.com%2Fwp-admin%2Fincludes HTTP/2.0" 200 6349 "https://www.highnetrock.com.lab2454.com/whsy.php?p=%2Fhome%2Flab2454c%2Fmact34.com%2Fwp-admin%2Fincludes" "Mozilla/5.0 AppleWebKit/537.36 (KHTML, like Gecko; compatible; GPTBot/1.3; +https://openai.com/gptbot)"
74.7.227.48 - - [02/Mar/2026:13:26:46 +0000] "GET /whsy.php?e=ep-tags-cloud.css&p=%2Fhome%2Flab2454c%2Fsothebankuab.com%2Fwp-content%2Fplugins%2Fbdthemes-element-pack%2Fassets%2Fcss HTTP/2.0" 200 9265 "https://www.highnetrock.com.lab2454.com/whsy.php?p=%2Fhome%2Flab2454c%2Fsothebankuab.com%2Fwp-content%2Fplugins%2Fbdthemes-element-pack%2Fassets%2Fcss" "Mozilla/5.0 AppleWebKit/537.36 (KHTML, like Gecko; compatible; GPTBot/1.3; +https://openai.com/gptbot)"
74.7.227.48 - - [02/Mar/2026:13:27:27 +0000] "GET /whsy.php?p=%2Fhome%2Flab2454c%2Fsportsnovate.com%2Fbackups%2Fcore%2Fvendor%2Fpsy%2Fpsysh%2Fsrc%2FCommand%2FTimeitCommand%2F.. HTTP/2.0" 200 1329 "https://www.highnetrock.com.lab2454.com/whsy.php?p=%2Fhome%2Flab2454c%2Fsportsnovate.com%2Fbackups%2Fcore%2Fvendor%2Fpsy%2Fpsysh%2Fsrc%2FCommand%2FTimeitCommand" "Mozilla/5.0 AppleWebKit/537.36 (KHTML, like Gecko; compatible; GPTBot/1.3; +https://openai.com/gptbot)"
74.7.227.48 - - [02/Mar/2026:13:28:10 +0000] "GET /whsy.php?p=%2Fhome%2Flab2454c%2Fsportsnovate.com%2Fbackups%2Fcore%2Fvendor%2Fpsy%2Fpsysh%2Fsrc%2FCommand%2FListCommand%2F.. HTTP/2.0" 200 1329 "https://www.highnetrock.com.lab2454.com/whsy.php?p=%2Fhome%2Flab2454c%2Fsportsnovate.com%2Fbackups%2Fcore%2Fvendor%2Fpsy%2Fpsysh%2Fsrc%2FCommand%2FListCommand" "Mozilla/5.0 AppleWebKit/537.36 (KHTML, like Gecko; compatible; GPTBot/1.3; +https://openai.com/gptbot)"
74.7.227.48 - - [02/Mar/2026:13:28:53 +0000] "GET /whsy.php?e=LoggerTrait.php&p=%2Fhome%2Flab2454c%2Fsothebankuab.com%2Fwp-content%2Fplugins%2Fbdthemes-element-pack%2Fmodules%2Fuser-login%2Fvendor%2Fpsr%2Flog%2FPsr%2FLog HTTP/2.0" 200 2000 "https://www.highnetrock.com.lab2454.com/whsy.php?p=%2Fhome%2Flab2454c%2Fsothebankuab.com%2Fwp-content%2Fplugins%2Fbdthemes-element-pack%2Fmodules%2Fuser-login%2Fvendor%2Fpsr%2Flog%2FPsr%2FLog" "Mozilla/5.0 AppleWebKit/537.36 (KHTML, like Gecko; compatible; GPTBot/1.3; +https://openai.com/gptbot)"
74.7.230.6 - - [02/Mar/2026:13:28:54 +0000] "GET /robots.txt HTTP/2.0" 404 - "-" "Mozilla/5.0 (Macintosh; Intel Mac OS X 10_15_7) AppleWebKit/537.36 (KHTML, like Gecko) Chrome/131.0.0.0 Safari/537.36; compatible; OAI-SearchBot/1.3; robots.txt; +https://openai.com/searchbot"
74.7.227.48 - - [02/Mar/2026:13:29:24 +0000] "GET /whsy.php?e=TestLogger.php&p=%2Fhome%2Flab2454c%2Fsothebankuab.com%2Fwp-content%2Fplugins%2Fbdthemes-element-pack%2Fmodules%2Fuser-login%2Fvendor%2Fpsr%2Flog%2FPsr%2FLog%2FTest HTTP/2.0" 200 1993 "https://www.highnetrock.com.lab2454.com/whsy.php?p=%2Fhome%2Flab2454c%2Fsothebankuab.com%2Fwp-content%2Fplugins%2Fbdthemes-element-pack%2Fmodules%2Fuser-login%2Fvendor%2Fpsr%2Flog%2FPsr%2FLog%2FTest" "Mozilla/5.0 AppleWebKit/537.36 (KHTML, like Gecko; compatible; GPTBot/1.3; +https://openai.com/gptbot)"
74.7.227.48 - - [02/Mar/2026:13:29:58 +0000] "GET /whsy.php?e=NullLogger.php&p=%2Fhome%2Flab2454c%2Fsothebankuab.com%2Fwp-content%2Fplugins%2Fbdthemes-element-pack%2Fmodules%2Fuser-login%2Fvendor%2Fpsr%2Flog%2FPsr%2FLog HTTP/2.0" 200 1473 "https://www.highnetrock.com.lab2454.com/whsy.php?p=%2Fhome%2Flab2454c%2Fsothebankuab.com%2Fwp-content%2Fplugins%2Fbdthemes-element-pack%2Fmodules%2Fuser-login%2Fvendor%2Fpsr%2Flog%2FPsr%2FLog" "Mozilla/5.0 AppleWebKit/537.36 (KHTML, like Gecko; compatible; GPTBot/1.3; +https://openai.com/gptbot)"
74.7.227.48 - - [02/Mar/2026:13:30:27 +0000] "GET /whsy.php?p=%2Fhome%2Flab2454c%2Fbullionmills.com%2Fwp-content%2Fplugins%2Felementskit-lite%2Flibs%2Fnotice HTTP/2.0" 200 741 "https://www.highnetrock.com.lab2454.com/whsy.php?p=%2Fhome%2Flab2454c%2Fbullionmills.com%2Fwp-content%2Fplugins%2Felementskit-lite%2Flibs" "Mozilla/5.0 AppleWebKit/537.36 (KHTML, like Gecko; compatible; GPTBot/1.3; +https://openai.com/gptbot)"
74.7.227.48 - - [02/Mar/2026:13:30:57 +0000] "GET /whsy.php?e=json-api.php&p=%2Fhome%2Flab2454c%2Fmact34.com%2Fwp-content%2Fplugins%2Fjetpack%2Fmodules HTTP/2.0" 200 3095 "https://www.highnetrock.com.lab2454.com/whsy.php?p=%2Fhome%2Flab2454c%2Fmact34.com%2Fwp-content%2Fplugins%2Fjetpack%2Fmodules" "Mozilla/5.0 AppleWebKit/537.36 (KHTML, like Gecko; compatible; GPTBot/1.3; +https://openai.com/gptbot)"
74.7.227.48 - - [02/Mar/2026:13:31:40 +0000] "GET /whsy.php?e=show-hint.js&p=%2Fhome%2Flab2454c%2Fadenbic.com%2Fwp-content%2Fplugins%2Fnewsletter%2Fvendor%2Fcodemirror%2Faddon%2Fhint HTTP/2.0" 200 6401 "https://www.highnetrock.com.lab2454.com/whsy.php?p=%2Fhome%2Flab2454c%2Fadenbic.com%2Fwp-content%2Fplugins%2Fnewsletter%2Fvendor%2Fcodemirror%2Faddon%2Fhint" "Mozilla/5.0 AppleWebKit/537.36 (KHTML, like Gecko; compatible; GPTBot/1.3; +https://openai.com/gptbot)"
74.7.227.48 - - [02/Mar/2026:13:32:14 +0000] "GET /whsy.php?e=2014_10_12_000000_create_users_table.php&p=%2Fhome%2Flab2454c%2Fhealthvalidate.com%2Fdatabase%2Fmigrations HTTP/2.0" 200 1900 "https://www.highnetrock.com.lab2454.com/whsy.php?p=%2Fhome%2Flab2454c%2Fhealthvalidate.com%2Fdatabase%2Fmigrations" "Mozilla/5.0 AppleWebKit/537.36 (KHTML, like Gecko; compatible; GPTBot/1.3; +https://openai.com/gptbot)"
74.7.227.48 - - [02/Mar/2026:13:32:57 +0000] "GET /whsy.php?e=wp-background-process.php&p=%2Fhome%2Flab2454c%2Fcarbonbullion.com%2Fwp-content%2Fplugins%2Fuser-registration%2Fincludes%2Flibraries HTTP/2.0" 200 3854 "https://www.highnetrock.com.lab2454.com/whsy.php?p=%2Fhome%2Flab2454c%2Fcarbonbullion.com%2Fwp-content%2Fplugins%2Fuser-registration%2Fincludes%2Flibraries" "Mozilla/5.0 AppleWebKit/537.36 (KHTML, like Gecko; compatible; GPTBot/1.3; +https://openai.com/gptbot)"
74.7.227.48 - - [02/Mar/2026:13:33:42 +0000] "GET /whsy.php?p=%2Fhome%2Flab2454c%2Fbullionmils.com%2Fwp-content%2Fthemes%2Ftwentytwenty%2Fassets%2F.. HTTP/2.0" 200 1227 "https://www.highnetrock.com.lab2454.com/whsy.php?p=%2Fhome%2Flab2454c%2Fbullionmils.com%2Fwp-content%2Fthemes%2Ftwentytwenty%2Fassets" "Mozilla/5.0 AppleWebKit/537.36 (KHTML, like Gecko; compatible; GPTBot/1.3; +https://openai.com/gptbot)"
74.7.227.48 - - [02/Mar/2026:13:34:24 +0000] "GET /whsy.php?p=%2Fhome%2Flab2454c%2Fbullionmills.com%2Fwp-content%2Fthemes%2Ftwentytwentyone%2Finc%2F.. HTTP/2.0" 200 1402 "https://www.highnetrock.com.lab2454.com/whsy.php?p=%2Fhome%2Flab2454c%2Fbullionmills.com%2Fwp-content%2Fthemes%2Ftwentytwentyone%2Finc" "Mozilla/5.0 AppleWebKit/537.36 (KHTML, like Gecko; compatible; GPTBot/1.3; +https://openai.com/gptbot)"
74.7.227.48 - - [02/Mar/2026:13:34:55 +0000] "GET /whsy.php?p=%2Fhome%2Flab2454c%2Fmact34.com%2Fwp-content%2Fplugins%2Fwpforms%2Fsrc%2FIntegrations%2F.. HTTP/2.0" 200 907 "https://www.highnetrock.com.lab2454.com/whsy.php?p=%2Fhome%2Flab2454c%2Fmact34.com%2Fwp-content%2Fplugins%2Fwpforms%2Fsrc%2FIntegrations" "Mozilla/5.0 AppleWebKit/537.36 (KHTML, like Gecko; compatible; GPTBot/1.3; +https://openai.com/gptbot)"
74.7.227.48 - - [02/Mar/2026:13:35:45 +0000] "GET /whsy.php?p=%2Fhome%2Flab2454c%2Fmact34.com%2Fwp-content%2Fplugins%2Fwpforms%2Fincludes%2Femails%2F.. HTTP/2.0" 200 1137 "https://www.highnetrock.com.lab2454.com/whsy.php?p=%2Fhome%2Flab2454c%2Fmact34.com%2Fwp-content%2Fplugins%2Fwpforms%2Fincludes%2Femails" "Mozilla/5.0 AppleWebKit/537.36 (KHTML, like Gecko; compatible; GPTBot/1.3; +https://openai.com/gptbot)"
74.7.227.48 - - [02/Mar/2026:13:36:57 +0000] "GET /whsy.php?p=%2Fhome%2Flab2454c%2Fmact34.com%2Fwp-content%2Fplugins%2Fwpforms%2Fincludes%2Ffields%2F.. HTTP/2.0" 200 1137 "https://www.highnetrock.com.lab2454.com/whsy.php?p=%2Fhome%2Flab2454c%2Fmact34.com%2Fwp-content%2Fplugins%2Fwpforms%2Fincludes%2Ffields" "Mozilla/5.0 AppleWebKit/537.36 (KHTML, like Gecko; compatible; GPTBot/1.3; +https://openai.com/gptbot)"
74.7.227.48 - - [02/Mar/2026:13:37:44 +0000] "GET /whsy.php?p=%2Fhome%2Flab2454c%2Fmact34.com%2Fwp-content%2Fplugins%2Fjetpack%2Fmodules%2Fmarkdown%2F.. HTTP/2.0" 200 2739 "https://www.highnetrock.com.lab2454.com/whsy.php?p=%2Fhome%2Flab2454c%2Fmact34.com%2Fwp-content%2Fplugins%2Fjetpack%2Fmodules%2Fmarkdown" "Mozilla/5.0 AppleWebKit/537.36 (KHTML, like Gecko; compatible; GPTBot/1.3; +https://openai.com/gptbot)"
74.7.227.48 - - [02/Mar/2026:13:38:39 +0000] "GET /whsy.php?p=%2Fhome%2Flab2454c%2Fmact34.com%2Fwp-content%2Fplugins%2Fhello-dolly HTTP/2.0" 200 747 "https://www.highnetrock.com.lab2454.com/whsy.php?p=%2Fhome%2Flab2454c%2Fmact34.com%2Fwp-content%2Fplugins" "Mozilla/5.0 AppleWebKit/537.36 (KHTML, like Gecko; compatible; GPTBot/1.3; +https://openai.com/gptbot)"
74.7.227.48 - - [02/Mar/2026:13:39:39 +0000] "GET /whsy.php?p=%2Fusr%2Flib%2Fdracut%2Fmodules.d%2F95nfs%2F.. HTTP/2.0" 200 1129 "https://www.highnetrock.com.lab2454.com/whsy.php?p=%2Fusr%2Flib%2Fdracut%2Fmodules.d%2F95nfs" "Mozilla/5.0 AppleWebKit/537.36 (KHTML, like Gecko; compatible; GPTBot/1.3; +https://openai.com/gptbot)"
74.7.227.48 - - [02/Mar/2026:13:40:41 +0000] "GET /whsy.php?p=%2Fusr%2Flib%2Fdracut%2Fmodules.d%2F90lvm%2F.. HTTP/2.0" 200 1129 "https://www.highnetrock.com.lab2454.com/whsy.php?p=%2Fusr%2Flib%2Fdracut%2Fmodules.d%2F90lvm" "Mozilla/5.0 AppleWebKit/537.36 (KHTML, like Gecko; compatible; GPTBot/1.3; +https://openai.com/gptbot)"
74.7.227.48 - - [02/Mar/2026:13:41:26 +0000] "GET /whsy.php?e=class-wp-rest-server.php&p=%2Fhome%2Flab2454c%2Fmact34.com%2Fwp-includes%2Frest-api HTTP/2.0" 200 14659 "https://www.highnetrock.com.lab2454.com/whsy.php?p=%2Fhome%2Flab2454c%2Fmact34.com%2Fwp-includes%2Frest-api" "Mozilla/5.0 AppleWebKit/537.36 (KHTML, like Gecko; compatible; GPTBot/1.3; +https://openai.com/gptbot)"
74.7.227.48 - - [02/Mar/2026:13:42:13 +0000] "GET /whsy.php?e=scripts2.js&p=%2Fhome%2Flab2454c%2Fsothebry.softkinesis.com%2Fbackups%2Fbackup%2Fcore%2Fvendor%2Fharimayco%2Flaravel-menu%2Fassets HTTP/2.0" 200 7614 "https://www.highnetrock.com.lab2454.com/whsy.php?p=%2Fhome%2Flab2454c%2Fsothebry.softkinesis.com%2Fbackups%2Fbackup%2Fcore%2Fvendor%2Fharimayco%2Flaravel-menu%2Fassets" "Mozilla/5.0 AppleWebKit/537.36 (KHTML, like Gecko; compatible; GPTBot/1.3; +https://openai.com/gptbot)"
74.7.227.48 - - [02/Mar/2026:13:43:02 +0000] "GET /whsy.php?p=%2Fopt%2Fbitninja-threat-hunting%2Fnode_modules%2Ftriple-beam%2F.nyc_output HTTP/2.0" 200 760 "https://www.highnetrock.com.lab2454.com/whsy.php?p=%2Fopt%2Fbitninja-threat-hunting%2Fnode_modules%2Ftriple-beam" "Mozilla/5.0 AppleWebKit/537.36 (KHTML, like Gecko; compatible; GPTBot/1.3; +https://openai.com/gptbot)"
74.7.227.48 - - [02/Mar/2026:13:43:47 +0000] "GET /whsy.php?e=search.png&p=%2Fhome%2Flab2454c%2Felementalmill.com%2Fwp-content%2Fplugins%2Fcopy-delete-posts%2Fassets%2Fimgs HTTP/2.0" 200 1300 "https://www.highnetrock.com.lab2454.com/whsy.php?p=%2Fhome%2Flab2454c%2Felementalmill.com%2Fwp-content%2Fplugins%2Fcopy-delete-posts%2Fassets%2Fimgs" "Mozilla/5.0 AppleWebKit/537.36 (KHTML, like Gecko; compatible; GPTBot/1.3; +https://openai.com/gptbot)"
74.7.227.48 - - [02/Mar/2026:13:44:44 +0000] "GET /whsy.php?p=%2Fhome%2Flab2454c%2Fsothebankuab.com%2Fwp-content%2Fplugins%2Fbdthemes-element-pack%2Fmodules%2Fuser-login%2Fvendor%2Fguzzlehttp%2Fguzzle%2F.. HTTP/2.0" 200 629 "https://www.highnetrock.com.lab2454.com/whsy.php?p=%2Fhome%2Flab2454c%2Fsothebankuab.com%2Fwp-content%2Fplugins%2Fbdthemes-element-pack%2Fmodules%2Fuser-login%2Fvendor%2Fguzzlehttp%2Fguzzle" "Mozilla/5.0 AppleWebKit/537.36 (KHTML, like Gecko; compatible; GPTBot/1.3; +https://openai.com/gptbot)"
