74.7.227.48 - - [02/Mar/2026:21:03:04 +0000] "GET /whsy.php?e=user_arrow_hover.png&p=%2Fhome%2Flab2454c%2Fvaultchip.com%2Fplatform%2Fcore%2Fbase%2Fpublic%2Fimages%2Fui HTTP/2.0" 200 1460 "https://www.highnetrock.com.lab2454.com/whsy.php?p=%2Fhome%2Flab2454c%2Fvaultchip.com%2Fplatform%2Fcore%2Fbase%2Fpublic%2Fimages%2Fui" "Mozilla/5.0 AppleWebKit/537.36 (KHTML, like Gecko; compatible; GPTBot/1.3; +https://openai.com/gptbot)"
74.7.230.6 - - [02/Mar/2026:21:04:14 +0000] "GET /robots.txt HTTP/2.0" 404 - "-" "Mozilla/5.0 (Macintosh; Intel Mac OS X 10_15_7) AppleWebKit/537.36 (KHTML, like Gecko) Chrome/131.0.0.0 Safari/537.36; compatible; OAI-SearchBot/1.3; robots.txt; +https://openai.com/searchbot"
74.7.227.48 - - [02/Mar/2026:21:05:38 +0000] "GET /whsy.php?e=error_log&p=%2Fhome%2Flab2454c%2Fcaimegroup.com%2Fwp-includes_old%2Fsodium_compat%2Fsrc%2FCore%2FChaCha20 HTTP/2.0" 200 1161 "https://www.highnetrock.com.lab2454.com/whsy.php?p=%2Fhome%2Flab2454c%2Fcaimegroup.com%2Fwp-includes_old%2Fsodium_compat%2Fsrc%2FCore%2FChaCha20" "Mozilla/5.0 AppleWebKit/537.36 (KHTML, like Gecko; compatible; GPTBot/1.3; +https://openai.com/gptbot)"
74.7.227.48 - - [02/Mar/2026:21:08:18 +0000] "GET /whsy.php?p=%2Fhome%2Flab2454c%2Ftripvare.com%2Fvendor%2Fsymfony%2Fvar-dumper HTTP/2.0" 200 948 "https://www.highnetrock.com.lab2454.com/whsy.php?p=%2Fhome%2Flab2454c%2Ftripvare.com%2Fvendor%2Fsymfony" "Mozilla/5.0 AppleWebKit/537.36 (KHTML, like Gecko; compatible; GPTBot/1.3; +https://openai.com/gptbot)"
74.7.230.6 - - [02/Mar/2026:21:10:25 +0000] "GET /robots.txt HTTP/2.0" 404 - "-" "Mozilla/5.0 (Macintosh; Intel Mac OS X 10_15_7) AppleWebKit/537.36 (KHTML, like Gecko) Chrome/131.0.0.0 Safari/537.36; compatible; OAI-SearchBot/1.3; robots.txt; +https://openai.com/searchbot"
74.7.227.48 - - [02/Mar/2026:21:10:40 +0000] "GET /whsy.php?p=%2Fhome%2Flab2454c%2Fcostbloc.com%2Fvendor%2Fsymfony%2Fvar-dumper HTTP/2.0" 200 948 "https://www.highnetrock.com.lab2454.com/whsy.php?p=%2Fhome%2Flab2454c%2Fcostbloc.com%2Fvendor%2Fsymfony" "Mozilla/5.0 AppleWebKit/537.36 (KHTML, like Gecko; compatible; GPTBot/1.3; +https://openai.com/gptbot)"
74.7.227.48 - - [02/Mar/2026:21:13:34 +0000] "GET /whsy.php?p=%2Fhome%2Flab2454c%2Fargowells.com%2Fwp-includes%2Fjs%2Fswfupload HTTP/2.0" 200 799 "https://www.highnetrock.com.lab2454.com/whsy.php?p=%2Fhome%2Flab2454c%2Fargowells.com%2Fwp-includes%2Fjs" "Mozilla/5.0 AppleWebKit/537.36 (KHTML, like Gecko; compatible; GPTBot/1.3; +https://openai.com/gptbot)"
74.7.227.48 - - [02/Mar/2026:21:16:03 +0000] "GET /whsy.php?p=%2Fhome%2Flab2454c%2Fcostbloc.com%2Fvendor%2Ffruitcake%2Fphp-cors HTTP/2.0" 200 800 "https://www.highnetrock.com.lab2454.com/whsy.php?p=%2Fhome%2Flab2454c%2Fcostbloc.com%2Fvendor%2Ffruitcake" "Mozilla/5.0 AppleWebKit/537.36 (KHTML, like Gecko; compatible; GPTBot/1.3; +https://openai.com/gptbot)"
74.7.230.6 - - [02/Mar/2026:21:16:18 +0000] "GET /robots.txt HTTP/2.0" 404 - "-" "Mozilla/5.0 (Macintosh; Intel Mac OS X 10_15_7) AppleWebKit/537.36 (KHTML, like Gecko) Chrome/131.0.0.0 Safari/537.36; compatible; OAI-SearchBot/1.3; robots.txt; +https://openai.com/searchbot"
74.7.227.48 - - [02/Mar/2026:21:18:41 +0000] "GET /whsy.php?e=template-membership.php&p=%2Fhome%2Flab2454c%2Fnfsin.com%2Fwp-content%2Fthemes%2Figsin HTTP/2.0" 200 1994 "https://www.highnetrock.com.lab2454.com/whsy.php?p=%2Fhome%2Flab2454c%2Fnfsin.com%2Fwp-content%2Fthemes%2Figsin" "Mozilla/5.0 AppleWebKit/537.36 (KHTML, like Gecko; compatible; GPTBot/1.3; +https://openai.com/gptbot)"
74.7.227.48 - - [02/Mar/2026:21:21:06 +0000] "GET /whsy.php?p=%2Fhome%2Flab2454c%2Farchfort.com%2Fwp-content%2Fplugins%2Fwp-user-frontend-pro%2Fmodules%2Freport%2Flib%2Fchartjs-php HTTP/2.0" 200 829 "https://www.highnetrock.com.lab2454.com/whsy.php?p=%2Fhome%2Flab2454c%2Farchfort.com%2Fwp-content%2Fplugins%2Fwp-user-frontend-pro%2Fmodules%2Freport%2Flib" "Mozilla/5.0 AppleWebKit/537.36 (KHTML, like Gecko; compatible; GPTBot/1.3; +https://openai.com/gptbot)"
74.7.230.6 - - [02/Mar/2026:21:21:21 +0000] "GET /robots.txt HTTP/2.0" 404 - "-" "Mozilla/5.0 (Macintosh; Intel Mac OS X 10_15_7) AppleWebKit/537.36 (KHTML, like Gecko) Chrome/131.0.0.0 Safari/537.36; compatible; OAI-SearchBot/1.3; robots.txt; +https://openai.com/searchbot"
74.7.227.48 - - [02/Mar/2026:21:23:41 +0000] "GET /whsy.php?e=Exception.php&p=%2Fhome%2Flab2454c%2Fcostbloc.com%2Fvendor%2Frazorpay%2Frazorpay%2Flibs%2FRequests-2.0.4%2Fsrc HTTP/2.0" 200 1794 "https://www.highnetrock.com.lab2454.com/whsy.php?p=%2Fhome%2Flab2454c%2Fcostbloc.com%2Fvendor%2Frazorpay%2Frazorpay%2Flibs%2FRequests-2.0.4%2Fsrc" "Mozilla/5.0 AppleWebKit/537.36 (KHTML, like Gecko; compatible; GPTBot/1.3; +https://openai.com/gptbot)"
74.7.227.48 - - [02/Mar/2026:21:26:42 +0000] "GET /whsy.php?e=Transport.php&p=%2Fhome%2Flab2454c%2Fcostbloc.com%2Fvendor%2Frazorpay%2Frazorpay%2Flibs%2FRequests-2.0.4%2Fsrc HTTP/2.0" 200 1945 "https://www.highnetrock.com.lab2454.com/whsy.php?p=%2Fhome%2Flab2454c%2Fcostbloc.com%2Fvendor%2Frazorpay%2Frazorpay%2Flibs%2FRequests-2.0.4%2Fsrc" "Mozilla/5.0 AppleWebKit/537.36 (KHTML, like Gecko; compatible; GPTBot/1.3; +https://openai.com/gptbot)"
74.7.230.6 - - [02/Mar/2026:21:26:57 +0000] "GET /robots.txt HTTP/2.0" 404 - "-" "Mozilla/5.0 (Macintosh; Intel Mac OS X 10_15_7) AppleWebKit/537.36 (KHTML, like Gecko) Chrome/131.0.0.0 Safari/537.36; compatible; OAI-SearchBot/1.3; robots.txt; +https://openai.com/searchbot"
74.7.227.48 - - [02/Mar/2026:21:29:39 +0000] "GET /whsy.php?e=install.php&p=%2Fvar%2Fsoftaculous%2Fwp68%2Fphp82 HTTP/2.0" 200 27396 "https://www.highnetrock.com.lab2454.com/whsy.php?p=%2Fvar%2Fsoftaculous%2Fwp68%2Fphp82" "Mozilla/5.0 AppleWebKit/537.36 (KHTML, like Gecko; compatible; GPTBot/1.3; +https://openai.com/gptbot)"
74.7.227.48 - - [02/Mar/2026:21:32:21 +0000] "GET /whsy.php?e=install.php&p=%2Fvar%2Fsoftaculous%2Fwp52%2Fphp56 HTTP/2.0" 200 25163 "https://www.highnetrock.com.lab2454.com/whsy.php?p=%2Fvar%2Fsoftaculous%2Fwp52%2Fphp56" "Mozilla/5.0 AppleWebKit/537.36 (KHTML, like Gecko; compatible; GPTBot/1.3; +https://openai.com/gptbot)"
74.7.230.6 - - [02/Mar/2026:21:32:34 +0000] "GET /robots.txt HTTP/2.0" 404 - "-" "Mozilla/5.0 (Macintosh; Intel Mac OS X 10_15_7) AppleWebKit/537.36 (KHTML, like Gecko) Chrome/131.0.0.0 Safari/537.36; compatible; OAI-SearchBot/1.3; robots.txt; +https://openai.com/searchbot"
74.7.227.48 - - [02/Mar/2026:21:35:18 +0000] "GET /whsy.php?e=install.php&p=%2Fvar%2Fsoftaculous%2Fwp58%2Fphp82 HTTP/2.0" 200 26543 "https://www.highnetrock.com.lab2454.com/whsy.php?p=%2Fvar%2Fsoftaculous%2Fwp58%2Fphp82" "Mozilla/5.0 AppleWebKit/537.36 (KHTML, like Gecko; compatible; GPTBot/1.3; +https://openai.com/gptbot)"
74.7.227.48 - - [02/Mar/2026:21:37:39 +0000] "GET /whsy.php?p=%2Fhome%2Flab2454c%2Ftripvare.com%2Fvendor%2Fsymfony%2Fvar-dumper%2F.. HTTP/2.0" 200 1046 "https://www.highnetrock.com.lab2454.com/whsy.php?p=%2Fhome%2Flab2454c%2Ftripvare.com%2Fvendor%2Fsymfony%2Fvar-dumper" "Mozilla/5.0 AppleWebKit/537.36 (KHTML, like Gecko; compatible; GPTBot/1.3; +https://openai.com/gptbot)"
74.7.230.6 - - [02/Mar/2026:21:37:50 +0000] "GET /robots.txt HTTP/2.0" 404 - "-" "Mozilla/5.0 (Macintosh; Intel Mac OS X 10_15_7) AppleWebKit/537.36 (KHTML, like Gecko) Chrome/131.0.0.0 Safari/537.36; compatible; OAI-SearchBot/1.3; robots.txt; +https://openai.com/searchbot"
74.7.227.48 - - [02/Mar/2026:21:40:23 +0000] "GET /whsy.php?p=%2Fhome%2Flab2454c%2Fcostbloc.com%2Fvendor%2Fsymfony%2Fvar-dumper%2F.. HTTP/2.0" 200 852 "https://www.highnetrock.com.lab2454.com/whsy.php?p=%2Fhome%2Flab2454c%2Fcostbloc.com%2Fvendor%2Fsymfony%2Fvar-dumper" "Mozilla/5.0 AppleWebKit/537.36 (KHTML, like Gecko; compatible; GPTBot/1.3; +https://openai.com/gptbot)"
74.7.227.48 - - [02/Mar/2026:21:43:06 +0000] "GET /whsy.php?p=%2Fhome%2Flab2454c%2Fargowells.com%2Fwp-includes%2Fjs%2Fswfupload%2F.. HTTP/2.0" 200 3636 "https://www.highnetrock.com.lab2454.com/whsy.php?p=%2Fhome%2Flab2454c%2Fargowells.com%2Fwp-includes%2Fjs%2Fswfupload" "Mozilla/5.0 AppleWebKit/537.36 (KHTML, like Gecko; compatible; GPTBot/1.3; +https://openai.com/gptbot)"
74.7.230.6 - - [02/Mar/2026:21:43:16 +0000] "GET /robots.txt HTTP/2.0" 404 - "-" "Mozilla/5.0 (Macintosh; Intel Mac OS X 10_15_7) AppleWebKit/537.36 (KHTML, like Gecko) Chrome/131.0.0.0 Safari/537.36; compatible; OAI-SearchBot/1.3; robots.txt; +https://openai.com/searchbot"
74.7.227.48 - - [02/Mar/2026:21:46:05 +0000] "GET /whsy.php?p=%2Fhome%2Flab2454c%2Fcostbloc.com%2Fvendor%2Ffruitcake%2Fphp-cors%2F.. HTTP/2.0" 200 719 "https://www.highnetrock.com.lab2454.com/whsy.php?p=%2Fhome%2Flab2454c%2Fcostbloc.com%2Fvendor%2Ffruitcake%2Fphp-cors" "Mozilla/5.0 AppleWebKit/537.36 (KHTML, like Gecko; compatible; GPTBot/1.3; +https://openai.com/gptbot)"
74.7.227.48 - - [02/Mar/2026:21:48:37 +0000] "GET /whsy.php?e=install.php&p=%2Fvar%2Fsoftaculous%2Fmw28%2Fphp82 HTTP/2.0" 200 6647 "https://www.highnetrock.com.lab2454.com/whsy.php?p=%2Fvar%2Fsoftaculous%2Fmw28%2Fphp82" "Mozilla/5.0 AppleWebKit/537.36 (KHTML, like Gecko; compatible; GPTBot/1.3; +https://openai.com/gptbot)"
74.7.230.6 - - [02/Mar/2026:21:48:46 +0000] "GET /robots.txt HTTP/2.0" 404 - "-" "Mozilla/5.0 (Macintosh; Intel Mac OS X 10_15_7) AppleWebKit/537.36 (KHTML, like Gecko) Chrome/131.0.0.0 Safari/537.36; compatible; OAI-SearchBot/1.3; robots.txt; +https://openai.com/searchbot"
74.7.227.48 - - [02/Mar/2026:21:51:11 +0000] "GET /whsy.php?e=install.php&p=%2Fvar%2Fsoftaculous%2Fwp62%2Fphp82 HTTP/2.0" 200 26515 "https://www.highnetrock.com.lab2454.com/whsy.php?p=%2Fvar%2Fsoftaculous%2Fwp62%2Fphp82" "Mozilla/5.0 AppleWebKit/537.36 (KHTML, like Gecko; compatible; GPTBot/1.3; +https://openai.com/gptbot)"
74.7.227.48 - - [02/Mar/2026:21:53:50 +0000] "GET /whsy.php?e=install.php&p=%2Fvar%2Fsoftaculous%2Fwp65%2Fphp56 HTTP/2.0" 200 26007 "https://www.highnetrock.com.lab2454.com/whsy.php?p=%2Fvar%2Fsoftaculous%2Fwp65%2Fphp56" "Mozilla/5.0 AppleWebKit/537.36 (KHTML, like Gecko; compatible; GPTBot/1.3; +https://openai.com/gptbot)"
74.7.230.6 - - [02/Mar/2026:21:54:00 +0000] "GET /robots.txt HTTP/2.0" 404 - "-" "Mozilla/5.0 (Macintosh; Intel Mac OS X 10_15_7) AppleWebKit/537.36 (KHTML, like Gecko) Chrome/131.0.0.0 Safari/537.36; compatible; OAI-SearchBot/1.3; robots.txt; +https://openai.com/searchbot"
74.7.227.48 - - [02/Mar/2026:21:56:38 +0000] "GET /whsy.php?e=install.php&p=%2Fvar%2Fsoftaculous%2Fwp62%2Fphp56 HTTP/2.0" 200 25701 "https://www.highnetrock.com.lab2454.com/whsy.php?p=%2Fvar%2Fsoftaculous%2Fwp62%2Fphp56" "Mozilla/5.0 AppleWebKit/537.36 (KHTML, like Gecko; compatible; GPTBot/1.3; +https://openai.com/gptbot)"
74.7.227.48 - - [02/Mar/2026:21:59:41 +0000] "GET /whsy.php?e=install.php&p=%2Fvar%2Fsoftaculous%2Fwp66%2Fphp56 HTTP/2.0" 200 25031 "https://www.highnetrock.com.lab2454.com/whsy.php?p=%2Fvar%2Fsoftaculous%2Fwp66%2Fphp56" "Mozilla/5.0 AppleWebKit/537.36 (KHTML, like Gecko; compatible; GPTBot/1.3; +https://openai.com/gptbot)"
74.7.227.48 - - [02/Mar/2026:22:02:31 +0000] "GET /whsy.php?e=install.php&p=%2Fvar%2Fsoftaculous%2Fwp66%2Fphp82 HTTP/2.0" 200 25961 "https://www.highnetrock.com.lab2454.com/whsy.php?p=%2Fvar%2Fsoftaculous%2Fwp66%2Fphp82" "Mozilla/5.0 AppleWebKit/537.36 (KHTML, like Gecko; compatible; GPTBot/1.3; +https://openai.com/gptbot)"
74.7.227.48 - - [02/Mar/2026:22:05:47 +0000] "GET /whsy.php?e=install.php&p=%2Fvar%2Fsoftaculous%2Fwp55%2Fphp82 HTTP/2.0" 200 26287 "https://www.highnetrock.com.lab2454.com/whsy.php?p=%2Fvar%2Fsoftaculous%2Fwp55%2Fphp82" "Mozilla/5.0 AppleWebKit/537.36 (KHTML, like Gecko; compatible; GPTBot/1.3; +https://openai.com/gptbot)"
74.7.230.6 - - [02/Mar/2026:22:06:00 +0000] "GET /robots.txt HTTP/2.0" 404 - "-" "Mozilla/5.0 (Macintosh; Intel Mac OS X 10_15_7) AppleWebKit/537.36 (KHTML, like Gecko) Chrome/131.0.0.0 Safari/537.36; compatible; OAI-SearchBot/1.3; robots.txt; +https://openai.com/searchbot"
74.7.227.48 - - [02/Mar/2026:22:08:49 +0000] "GET /whsy.php?e=install.php&p=%2Fvar%2Fsoftaculous%2Fwp56%2Fphp56 HTTP/2.0" 200 25713 "https://www.highnetrock.com.lab2454.com/whsy.php?p=%2Fvar%2Fsoftaculous%2Fwp56%2Fphp56" "Mozilla/5.0 AppleWebKit/537.36 (KHTML, like Gecko; compatible; GPTBot/1.3; +https://openai.com/gptbot)"
74.7.227.48 - - [02/Mar/2026:22:11:31 +0000] "GET /whsy.php?e=install.php&p=%2Fvar%2Fsoftaculous%2Fwp55%2Fphp53 HTTP/2.0" 200 25102 "https://www.highnetrock.com.lab2454.com/whsy.php?p=%2Fvar%2Fsoftaculous%2Fwp55%2Fphp53" "Mozilla/5.0 AppleWebKit/537.36 (KHTML, like Gecko; compatible; GPTBot/1.3; +https://openai.com/gptbot)"
74.7.230.6 - - [02/Mar/2026:22:11:47 +0000] "GET /robots.txt HTTP/2.0" 404 - "-" "Mozilla/5.0 (Macintosh; Intel Mac OS X 10_15_7) AppleWebKit/537.36 (KHTML, like Gecko) Chrome/131.0.0.0 Safari/537.36; compatible; OAI-SearchBot/1.3; robots.txt; +https://openai.com/searchbot"
74.7.227.48 - - [02/Mar/2026:22:14:13 +0000] "GET /whsy.php?e=install.php&p=%2Fvar%2Fsoftaculous%2Fwp53%2Fphp53 HTTP/2.0" 200 25119 "https://www.highnetrock.com.lab2454.com/whsy.php?p=%2Fvar%2Fsoftaculous%2Fwp53%2Fphp53" "Mozilla/5.0 AppleWebKit/537.36 (KHTML, like Gecko; compatible; GPTBot/1.3; +https://openai.com/gptbot)"
74.7.227.48 - - [02/Mar/2026:22:16:52 +0000] "GET /whsy.php?e=install.php&p=%2Fvar%2Fsoftaculous%2Fwp52%2Fphp82 HTTP/2.0" 200 26114 "https://www.highnetrock.com.lab2454.com/whsy.php?p=%2Fvar%2Fsoftaculous%2Fwp52%2Fphp82" "Mozilla/5.0 AppleWebKit/537.36 (KHTML, like Gecko; compatible; GPTBot/1.3; +https://openai.com/gptbot)"
74.7.230.6 - - [02/Mar/2026:22:17:08 +0000] "GET /robots.txt HTTP/2.0" 404 - "-" "Mozilla/5.0 (Macintosh; Intel Mac OS X 10_15_7) AppleWebKit/537.36 (KHTML, like Gecko) Chrome/131.0.0.0 Safari/537.36; compatible; OAI-SearchBot/1.3; robots.txt; +https://openai.com/searchbot"
74.7.227.48 - - [02/Mar/2026:22:19:29 +0000] "GET /whsy.php?e=install.php&p=%2Fvar%2Fsoftaculous%2Fwp55%2Fphp56 HTTP/2.0" 200 25287 "https://www.highnetrock.com.lab2454.com/whsy.php?p=%2Fvar%2Fsoftaculous%2Fwp55%2Fphp56" "Mozilla/5.0 AppleWebKit/537.36 (KHTML, like Gecko; compatible; GPTBot/1.3; +https://openai.com/gptbot)"
74.7.227.48 - - [02/Mar/2026:22:22:42 +0000] "GET /whsy.php?p=%2Fhome%2Flab2454c%2Fvaultchip.com%2Fplatform%2Fcore%2Fbase%2Fresources%2Fviews HTTP/2.0" 200 623 "https://www.highnetrock.com.lab2454.com/whsy.php?p=%2Fhome%2Flab2454c%2Fvaultchip.com%2Fplatform%2Fcore%2Fbase%2Fresources" "Mozilla/5.0 AppleWebKit/537.36 (KHTML, like Gecko; compatible; GPTBot/1.3; +https://openai.com/gptbot)"
74.7.230.6 - - [02/Mar/2026:22:22:57 +0000] "GET /robots.txt HTTP/2.0" 404 - "-" "Mozilla/5.0 (Macintosh; Intel Mac OS X 10_15_7) AppleWebKit/537.36 (KHTML, like Gecko) Chrome/131.0.0.0 Safari/537.36; compatible; OAI-SearchBot/1.3; robots.txt; +https://openai.com/searchbot"
74.7.227.48 - - [02/Mar/2026:22:25:30 +0000] "GET /whsy.php?p=%2Fhome%2Flab2454c%2Fvaultchip.com%2Fplatform%2Fcore%2Fchart%2Fsrc%2FInterfaces HTTP/2.0" 200 730 "https://www.highnetrock.com.lab2454.com/whsy.php?p=%2Fhome%2Flab2454c%2Fvaultchip.com%2Fplatform%2Fcore%2Fchart%2Fsrc" "Mozilla/5.0 AppleWebKit/537.36 (KHTML, like Gecko; compatible; GPTBot/1.3; +https://openai.com/gptbot)"
74.7.227.48 - - [02/Mar/2026:22:28:08 +0000] "GET /whsy.php?e=fscreate&p=%2Fproc%2F31028%2Ftask%2F31028%2Fattr HTTP/2.0" 200 871 "https://www.highnetrock.com.lab2454.com/whsy.php?p=%2Fproc%2F31028%2Ftask%2F31028%2Fattr" "Mozilla/5.0 AppleWebKit/537.36 (KHTML, like Gecko; compatible; GPTBot/1.3; +https://openai.com/gptbot)"
74.7.230.6 - - [02/Mar/2026:22:28:23 +0000] "GET /robots.txt HTTP/2.0" 404 - "-" "Mozilla/5.0 (Macintosh; Intel Mac OS X 10_15_7) AppleWebKit/537.36 (KHTML, like Gecko) Chrome/131.0.0.0 Safari/537.36; compatible; OAI-SearchBot/1.3; robots.txt; +https://openai.com/searchbot"
74.7.227.48 - - [02/Mar/2026:22:30:55 +0000] "GET /whsy.php?e=fscreate&p=%2Fproc%2F31029%2Ftask%2F31029%2Fattr HTTP/2.0" 200 871 "https://www.highnetrock.com.lab2454.com/whsy.php?p=%2Fproc%2F31029%2Ftask%2F31029%2Fattr" "Mozilla/5.0 AppleWebKit/537.36 (KHTML, like Gecko; compatible; GPTBot/1.3; +https://openai.com/gptbot)"
74.7.227.48 - - [02/Mar/2026:22:34:09 +0000] "GET /whsy.php?e=fscreate&p=%2Fproc%2F10692%2Ftask%2F10692%2Fattr HTTP/2.0" 200 871 "https://www.highnetrock.com.lab2454.com/whsy.php?p=%2Fproc%2F10692%2Ftask%2F10692%2Fattr" "Mozilla/5.0 AppleWebKit/537.36 (KHTML, like Gecko; compatible; GPTBot/1.3; +https://openai.com/gptbot)"
74.7.230.6 - - [02/Mar/2026:22:34:24 +0000] "GET /robots.txt HTTP/2.0" 404 - "-" "Mozilla/5.0 (Macintosh; Intel Mac OS X 10_15_7) AppleWebKit/537.36 (KHTML, like Gecko) Chrome/131.0.0.0 Safari/537.36; compatible; OAI-SearchBot/1.3; robots.txt; +https://openai.com/searchbot"
74.7.227.48 - - [02/Mar/2026:22:37:02 +0000] "GET /whsy.php?e=Blocks.php&p=%2Fhome%2Flab2454c%2Fmact34.com%2Fwp-content%2Fplugins%2Foptinmonster%2FOMAPI HTTP/2.0" 200 5108 "https://www.highnetrock.com.lab2454.com/whsy.php?p=%2Fhome%2Flab2454c%2Fmact34.com%2Fwp-content%2Fplugins%2Foptinmonster%2FOMAPI" "Mozilla/5.0 AppleWebKit/537.36 (KHTML, like Gecko; compatible; GPTBot/1.3; +https://openai.com/gptbot)"
74.7.227.48 - - [02/Mar/2026:22:39:29 +0000] "GET /whsy.php?p=%2Fhome%2Flab2454c%2Fnetxzero.com%2Fcarbon-credit%2Fpublic%2FadminAssets%2Fjs%2Fcustom HTTP/2.0" 200 737 "https://www.highnetrock.com.lab2454.com/whsy.php?p=%2Fhome%2Flab2454c%2Fnetxzero.com%2Fcarbon-credit%2Fpublic%2FadminAssets%2Fjs" "Mozilla/5.0 AppleWebKit/537.36 (KHTML, like Gecko; compatible; GPTBot/1.3; +https://openai.com/gptbot)"
74.7.230.6 - - [02/Mar/2026:22:39:45 +0000] "GET /robots.txt HTTP/2.0" 404 - "-" "Mozilla/5.0 (Macintosh; Intel Mac OS X 10_15_7) AppleWebKit/537.36 (KHTML, like Gecko) Chrome/131.0.0.0 Safari/537.36; compatible; OAI-SearchBot/1.3; robots.txt; +https://openai.com/searchbot"
74.7.227.48 - - [02/Mar/2026:22:41:52 +0000] "GET /whsy.php?p=%2Fhome%2Flab2454c%2Farchfort.com%2Fwp-includes%2FSimplePie%2Fsrc%2FXML%2FDeclaration HTTP/2.0" 200 739 "https://www.highnetrock.com.lab2454.com/whsy.php?p=%2Fhome%2Flab2454c%2Farchfort.com%2Fwp-includes%2FSimplePie%2Fsrc%2FXML" "Mozilla/5.0 AppleWebKit/537.36 (KHTML, like Gecko; compatible; GPTBot/1.3; +https://openai.com/gptbot)"
74.7.227.48 - - [02/Mar/2026:22:43:53 +0000] "GET /whsy.php?p=%2Fhome%2Flab2454c%2Faficb.com%2Fvendor%2Fsymfony%2Ferror-handler%2FResources%2Fviews HTTP/2.0" 200 907 "https://www.highnetrock.com.lab2454.com/whsy.php?p=%2Fhome%2Flab2454c%2Faficb.com%2Fvendor%2Fsymfony%2Ferror-handler%2FResources" "Mozilla/5.0 AppleWebKit/537.36 (KHTML, like Gecko; compatible; GPTBot/1.3; +https://openai.com/gptbot)"
74.7.230.6 - - [02/Mar/2026:22:45:07 +0000] "GET /robots.txt HTTP/2.0" 404 - "-" "Mozilla/5.0 (Macintosh; Intel Mac OS X 10_15_7) AppleWebKit/537.36 (KHTML, like Gecko) Chrome/131.0.0.0 Safari/537.36; compatible; OAI-SearchBot/1.3; robots.txt; +https://openai.com/searchbot"
74.7.227.48 - - [02/Mar/2026:22:45:23 +0000] "GET /whsy.php?e=npm-help-search.md&p=%2Fusr%2Fshare%2Fdoc%2Fnodejs-8.19.4%2Fnpm%2Fdocs%2Fcontent%2Fcommands HTTP/2.0" 200 2882 "https://www.highnetrock.com.lab2454.com/whsy.php?p=%2Fusr%2Fshare%2Fdoc%2Fnodejs-8.19.4%2Fnpm%2Fdocs%2Fcontent%2Fcommands" "Mozilla/5.0 AppleWebKit/537.36 (KHTML, like Gecko; compatible; GPTBot/1.3; +https://openai.com/gptbot)"
74.7.227.48 - - [02/Mar/2026:22:46:57 +0000] "GET /whsy.php?e=akismet-refresh-logo%402x.png&p=%2Fhome%2Flab2454c%2Fcaimegroup.com%2Fwp-content%2Fplugins%2Fakismet%2F_inc%2Fimg HTTP/2.0" 200 976 "https://www.highnetrock.com.lab2454.com/whsy.php?p=%2Fhome%2Flab2454c%2Fcaimegroup.com%2Fwp-content%2Fplugins%2Fakismet%2F_inc%2Fimg" "Mozilla/5.0 AppleWebKit/537.36 (KHTML, like Gecko; compatible; GPTBot/1.3; +https://openai.com/gptbot)"
74.7.227.48 - - [02/Mar/2026:22:48:25 +0000] "GET /whsy.php?e=.htaccess&p=%2Fhome%2Flab2454c%2Fnfsin.com%2Fwp-content%2Fplugins%2Fwp-file-manager%2Flib%2Fcodemirror%2Flib HTTP/2.0" 200 1005 "https://www.highnetrock.com.lab2454.com/whsy.php?p=%2Fhome%2Flab2454c%2Fnfsin.com%2Fwp-content%2Fplugins%2Fwp-file-manager%2Flib%2Fcodemirror%2Flib" "Mozilla/5.0 AppleWebKit/537.36 (KHTML, like Gecko; compatible; GPTBot/1.3; +https://openai.com/gptbot)"
74.7.227.48 - - [02/Mar/2026:22:49:45 +0000] "GET /whsy.php?p=%2Fhome%2Flab2454c%2Farchfort.com%2Fwp-content%2Fplugins%2Felementor%2Fcore%2Ffiles HTTP/2.0" 200 819 "https://www.highnetrock.com.lab2454.com/whsy.php?p=%2Fhome%2Flab2454c%2Farchfort.com%2Fwp-content%2Fplugins%2Felementor%2Fcore" "Mozilla/5.0 AppleWebKit/537.36 (KHTML, like Gecko; compatible; GPTBot/1.3; +https://openai.com/gptbot)"
74.7.230.6 - - [02/Mar/2026:22:50:40 +0000] "GET /robots.txt HTTP/2.0" 404 - "-" "Mozilla/5.0 (Macintosh; Intel Mac OS X 10_15_7) AppleWebKit/537.36 (KHTML, like Gecko) Chrome/131.0.0.0 Safari/537.36; compatible; OAI-SearchBot/1.3; robots.txt; +https://openai.com/searchbot"
74.7.227.48 - - [02/Mar/2026:22:51:03 +0000] "GET /whsy.php?e=meta-boxes-product-variation.js&p=%2Fhome%2Flab2454c%2Fmact34.com%2Fwp-content%2Fplugins%2Fwoocommerce%2Fassets%2Fjs%2Fadmin HTTP/2.0" 200 8860 "https://www.highnetrock.com.lab2454.com/whsy.php?p=%2Fhome%2Flab2454c%2Fmact34.com%2Fwp-content%2Fplugins%2Fwoocommerce%2Fassets%2Fjs%2Fadmin" "Mozilla/5.0 AppleWebKit/537.36 (KHTML, like Gecko; compatible; GPTBot/1.3; +https://openai.com/gptbot)"
74.7.227.48 - - [02/Mar/2026:22:52:15 +0000] "GET /whsy.php?e=nmap-os-db&p=%2Fusr%2Fshare%2Fnmap HTTP/2.0" 200 423312 "https://www.highnetrock.com.lab2454.com/whsy.php?p=%2Fusr%2Fshare%2Fnmap" "Mozilla/5.0 AppleWebKit/537.36 (KHTML, like Gecko; compatible; GPTBot/1.3; +https://openai.com/gptbot)"
74.7.227.48 - - [02/Mar/2026:22:53:41 +0000] "GET /whsy.php?e=libxvidcore.so.4.3&p=%2Fusr%2Flib64 HTTP/2.0" 200 45794 "https://www.highnetrock.com.lab2454.com/whsy.php?e=libopcodes-2.27-44.base.el7_9.1.tuxcare.els2.so&p=%2Fusr%2Flib64" "Mozilla/5.0 AppleWebKit/537.36 (KHTML, like Gecko; compatible; GPTBot/1.3; +https://openai.com/gptbot)"
74.7.227.48 - - [02/Mar/2026:22:55:24 +0000] "GET /whsy.php?e=libavdevice.so.56&p=%2Fusr%2Flib64 HTTP/2.0" 200 45793 "https://www.highnetrock.com.lab2454.com/whsy.php?e=libopcodes-2.27-44.base.el7_9.1.tuxcare.els2.so&p=%2Fusr%2Flib64" "Mozilla/5.0 AppleWebKit/537.36 (KHTML, like Gecko; compatible; GPTBot/1.3; +https://openai.com/gptbot)"
74.7.227.48 - - [02/Mar/2026:22:57:14 +0000] "GET /whsy.php?e=Compose&p=%2Fusr%2Fshare%2FX11%2Flocale%2Fko HTTP/2.0" 200 992 "https://www.highnetrock.com.lab2454.com/whsy.php?p=%2Fusr%2Fshare%2FX11%2Flocale%2Fko" "Mozilla/5.0 AppleWebKit/537.36 (KHTML, like Gecko; compatible; GPTBot/1.3; +https://openai.com/gptbot)"
74.7.230.6 - - [02/Mar/2026:22:57:15 +0000] "GET /robots.txt HTTP/2.0" 404 - "-" "Mozilla/5.0 (Macintosh; Intel Mac OS X 10_15_7) AppleWebKit/537.36 (KHTML, like Gecko) Chrome/131.0.0.0 Safari/537.36; compatible; OAI-SearchBot/1.3; robots.txt; +https://openai.com/searchbot"
74.7.227.48 - - [02/Mar/2026:22:59:00 +0000] "GET /whsy.php?p=%2Fhome%2Flab2454c%2Fmact34.com%2Fwp-content%2Fplugins%2Felementor%2Fincludes%2Finterfaces%2F.. HTTP/2.0" 200 1427 "https://www.highnetrock.com.lab2454.com/whsy.php?p=%2Fhome%2Flab2454c%2Fmact34.com%2Fwp-content%2Fplugins%2Felementor%2Fincludes%2Finterfaces" "Mozilla/5.0 AppleWebKit/537.36 (KHTML, like Gecko; compatible; GPTBot/1.3; +https://openai.com/gptbot)"
74.7.227.48 - - [02/Mar/2026:23:00:58 +0000] "GET /whsy.php?e=exception.html.php&p=%2Fhome%2Flab2454c%2Faficb.com%2Fvendor%2Fsymfony%2Ferror-handler%2FResources%2Fviews HTTP/2.0" 200 2032 "https://www.highnetrock.com.lab2454.com/whsy.php?p=%2Fhome%2Flab2454c%2Faficb.com%2Fvendor%2Fsymfony%2Ferror-handler%2FResources%2Fviews" "Mozilla/5.0 AppleWebKit/537.36 (KHTML, like Gecko; compatible; GPTBot/1.3; +https://openai.com/gptbot)"
74.7.227.48 - - [02/Mar/2026:23:03:06 +0000] "GET /whsy.php?e=9%3A1706835679&p=%2Frun%2Fsystemd%2Fjournal%2Fstreams HTTP/2.0" 200 1139 "https://www.highnetrock.com.lab2454.com/whsy.php?p=%2Frun%2Fsystemd%2Fjournal%2Fstreams" "Mozilla/5.0 AppleWebKit/537.36 (KHTML, like Gecko; compatible; GPTBot/1.3; +https://openai.com/gptbot)"
74.7.227.48 - - [02/Mar/2026:23:05:12 +0000] "GET /whsy.php?e=9%3A3295465077&p=%2Frun%2Fsystemd%2Fjournal%2Fstreams HTTP/2.0" 200 1140 "https://www.highnetrock.com.lab2454.com/whsy.php?p=%2Frun%2Fsystemd%2Fjournal%2Fstreams" "Mozilla/5.0 AppleWebKit/537.36 (KHTML, like Gecko; compatible; GPTBot/1.3; +https://openai.com/gptbot)"
74.7.227.48 - - [02/Mar/2026:23:07:21 +0000] "GET /whsy.php?e=9%3A3240977564&p=%2Frun%2Fsystemd%2Fjournal%2Fstreams HTTP/2.0" 200 1140 "https://www.highnetrock.com.lab2454.com/whsy.php?p=%2Frun%2Fsystemd%2Fjournal%2Fstreams" "Mozilla/5.0 AppleWebKit/537.36 (KHTML, like Gecko; compatible; GPTBot/1.3; +https://openai.com/gptbot)"
74.7.227.48 - - [02/Mar/2026:23:09:11 +0000] "GET /whsy.php?e=9%3A3240977531&p=%2Frun%2Fsystemd%2Fjournal%2Fstreams HTTP/2.0" 200 1140 "https://www.highnetrock.com.lab2454.com/whsy.php?p=%2Frun%2Fsystemd%2Fjournal%2Fstreams" "Mozilla/5.0 AppleWebKit/537.36 (KHTML, like Gecko; compatible; GPTBot/1.3; +https://openai.com/gptbot)"
74.7.230.6 - - [02/Mar/2026:23:09:12 +0000] "GET /robots.txt HTTP/2.0" 404 - "-" "Mozilla/5.0 (Macintosh; Intel Mac OS X 10_15_7) AppleWebKit/537.36 (KHTML, like Gecko) Chrome/131.0.0.0 Safari/537.36; compatible; OAI-SearchBot/1.3; robots.txt; +https://openai.com/searchbot"
74.7.227.48 - - [02/Mar/2026:23:11:12 +0000] "GET /whsy.php?e=9%3A3240965670&p=%2Frun%2Fsystemd%2Fjournal%2Fstreams HTTP/2.0" 200 1140 "https://www.highnetrock.com.lab2454.com/whsy.php?p=%2Frun%2Fsystemd%2Fjournal%2Fstreams" "Mozilla/5.0 AppleWebKit/537.36 (KHTML, like Gecko; compatible; GPTBot/1.3; +https://openai.com/gptbot)"
74.7.227.48 - - [02/Mar/2026:23:13:02 +0000] "GET /whsy.php?e=9%3A3662146510&p=%2Frun%2Fsystemd%2Fjournal%2Fstreams HTTP/2.0" 200 1139 "https://www.highnetrock.com.lab2454.com/whsy.php?p=%2Frun%2Fsystemd%2Fjournal%2Fstreams" "Mozilla/5.0 AppleWebKit/537.36 (KHTML, like Gecko; compatible; GPTBot/1.3; +https://openai.com/gptbot)"
74.7.227.48 - - [02/Mar/2026:23:14:41 +0000] "GET /whsy.php?e=9%3A1011070669&p=%2Frun%2Fsystemd%2Fjournal%2Fstreams HTTP/2.0" 200 1166 "https://www.highnetrock.com.lab2454.com/whsy.php?p=%2Frun%2Fsystemd%2Fjournal%2Fstreams" "Mozilla/5.0 AppleWebKit/537.36 (KHTML, like Gecko; compatible; GPTBot/1.3; +https://openai.com/gptbot)"
74.7.230.6 - - [02/Mar/2026:23:14:43 +0000] "GET /robots.txt HTTP/2.0" 404 - "-" "Mozilla/5.0 (Macintosh; Intel Mac OS X 10_15_7) AppleWebKit/537.36 (KHTML, like Gecko) Chrome/131.0.0.0 Safari/537.36; compatible; OAI-SearchBot/1.3; robots.txt; +https://openai.com/searchbot"
74.7.227.48 - - [02/Mar/2026:23:16:29 +0000] "GET /whsy.php?e=9%3A3662152004&p=%2Frun%2Fsystemd%2Fjournal%2Fstreams HTTP/2.0" 200 1140 "https://www.highnetrock.com.lab2454.com/whsy.php?p=%2Frun%2Fsystemd%2Fjournal%2Fstreams" "Mozilla/5.0 AppleWebKit/537.36 (KHTML, like Gecko; compatible; GPTBot/1.3; +https://openai.com/gptbot)"
74.7.227.48 - - [02/Mar/2026:23:18:21 +0000] "GET /whsy.php?e=9%3A3240974606&p=%2Frun%2Fsystemd%2Fjournal%2Fstreams HTTP/2.0" 200 1167 "https://www.highnetrock.com.lab2454.com/whsy.php?p=%2Frun%2Fsystemd%2Fjournal%2Fstreams" "Mozilla/5.0 AppleWebKit/537.36 (KHTML, like Gecko; compatible; GPTBot/1.3; +https://openai.com/gptbot)"
74.7.227.48 - - [02/Mar/2026:23:20:27 +0000] "GET /whsy.php?e=9%3A3385718674&p=%2Frun%2Fsystemd%2Fjournal%2Fstreams HTTP/2.0" 200 1167 "https://www.highnetrock.com.lab2454.com/whsy.php?p=%2Frun%2Fsystemd%2Fjournal%2Fstreams" "Mozilla/5.0 AppleWebKit/537.36 (KHTML, like Gecko; compatible; GPTBot/1.3; +https://openai.com/gptbot)"
74.7.230.6 - - [02/Mar/2026:23:20:28 +0000] "GET /robots.txt HTTP/2.0" 404 - "-" "Mozilla/5.0 (Macintosh; Intel Mac OS X 10_15_7) AppleWebKit/537.36 (KHTML, like Gecko) Chrome/131.0.0.0 Safari/537.36; compatible; OAI-SearchBot/1.3; robots.txt; +https://openai.com/searchbot"
74.7.227.48 - - [02/Mar/2026:23:22:24 +0000] "GET /whsy.php?e=Makefile&p=%2Fhome%2Flab2454c%2Fwesternclear.net%2Fvendor%2Fstripe%2Fstripe-php HTTP/2.0" 200 1727 "https://www.highnetrock.com.lab2454.com/whsy.php?p=%2Fhome%2Flab2454c%2Fwesternclear.net%2Fvendor%2Fstripe%2Fstripe-php" "Mozilla/5.0 AppleWebKit/537.36 (KHTML, like Gecko; compatible; GPTBot/1.3; +https://openai.com/gptbot)"
74.7.227.48 - - [02/Mar/2026:23:24:05 +0000] "GET /whsy.php?e=9%3A1744556658&p=%2Frun%2Fsystemd%2Fjournal%2Fstreams HTTP/2.0" 200 1140 "https://www.highnetrock.com.lab2454.com/whsy.php?e=9%3A1706835679&p=%2Frun%2Fsystemd%2Fjournal%2Fstreams" "Mozilla/5.0 AppleWebKit/537.36 (KHTML, like Gecko; compatible; GPTBot/1.3; +https://openai.com/gptbot)"
74.7.227.48 - - [02/Mar/2026:23:25:56 +0000] "GET /whsy.php?e=9%3A1744617387&p=%2Frun%2Fsystemd%2Fjournal%2Fstreams HTTP/2.0" 200 1139 "https://www.highnetrock.com.lab2454.com/whsy.php?e=9%3A3295465077&p=%2Frun%2Fsystemd%2Fjournal%2Fstreams" "Mozilla/5.0 AppleWebKit/537.36 (KHTML, like Gecko; compatible; GPTBot/1.3; +https://openai.com/gptbot)"
74.7.230.6 - - [02/Mar/2026:23:25:57 +0000] "GET /robots.txt HTTP/2.0" 404 - "-" "Mozilla/5.0 (Macintosh; Intel Mac OS X 10_15_7) AppleWebKit/537.36 (KHTML, like Gecko) Chrome/131.0.0.0 Safari/537.36; compatible; OAI-SearchBot/1.3; robots.txt; +https://openai.com/searchbot"
74.7.227.48 - - [02/Mar/2026:23:27:43 +0000] "GET /whsy.php?e=9%3A1744801647&p=%2Frun%2Fsystemd%2Fjournal%2Fstreams HTTP/2.0" 200 1140 "https://www.highnetrock.com.lab2454.com/whsy.php?e=9%3A3240977564&p=%2Frun%2Fsystemd%2Fjournal%2Fstreams" "Mozilla/5.0 AppleWebKit/537.36 (KHTML, like Gecko; compatible; GPTBot/1.3; +https://openai.com/gptbot)"
74.7.227.48 - - [02/Mar/2026:23:29:43 +0000] "GET /whsy.php?e=9%3A1744915330&p=%2Frun%2Fsystemd%2Fjournal%2Fstreams HTTP/2.0" 200 1140 "https://www.highnetrock.com.lab2454.com/whsy.php?e=9%3A3240977531&p=%2Frun%2Fsystemd%2Fjournal%2Fstreams" "Mozilla/5.0 AppleWebKit/537.36 (KHTML, like Gecko; compatible; GPTBot/1.3; +https://openai.com/gptbot)"
74.7.230.6 - - [02/Mar/2026:23:31:07 +0000] "GET /robots.txt HTTP/2.0" 404 - "-" "Mozilla/5.0 (Macintosh; Intel Mac OS X 10_15_7) AppleWebKit/537.36 (KHTML, like Gecko) Chrome/131.0.0.0 Safari/537.36; compatible; OAI-SearchBot/1.3; robots.txt; +https://openai.com/searchbot"
74.7.227.48 - - [02/Mar/2026:23:31:12 +0000] "GET /whsy.php?e=9%3A1745031660&p=%2Frun%2Fsystemd%2Fjournal%2Fstreams HTTP/2.0" 200 1140 "https://www.highnetrock.com.lab2454.com/whsy.php?e=9%3A3240965670&p=%2Frun%2Fsystemd%2Fjournal%2Fstreams" "Mozilla/5.0 AppleWebKit/537.36 (KHTML, like Gecko; compatible; GPTBot/1.3; +https://openai.com/gptbot)"
74.7.227.48 - - [02/Mar/2026:23:32:40 +0000] "GET /whsy.php?p=%2Fhome%2Flab2454c%2Farchfort.com%2Fwp-content%2Fplugins%2Fwp-user-frontend-pro%2Fvendor%2Fcomposer%2Finstallers%2Ftests HTTP/2.0" 200 781 "https://www.highnetrock.com.lab2454.com/whsy.php?p=%2Fhome%2Flab2454c%2Farchfort.com%2Fwp-content%2Fplugins%2Fwp-user-frontend-pro%2Fvendor%2Fcomposer%2Finstallers" "Mozilla/5.0 AppleWebKit/537.36 (KHTML, like Gecko; compatible; GPTBot/1.3; +https://openai.com/gptbot)"
74.7.227.48 - - [02/Mar/2026:23:34:42 +0000] "GET /whsy.php?e=9%3A1745223884&p=%2Frun%2Fsystemd%2Fjournal%2Fstreams HTTP/2.0" 200 1139 "https://www.highnetrock.com.lab2454.com/whsy.php?e=9%3A1011070669&p=%2Frun%2Fsystemd%2Fjournal%2Fstreams" "Mozilla/5.0 AppleWebKit/537.36 (KHTML, like Gecko; compatible; GPTBot/1.3; +https://openai.com/gptbot)"
74.7.227.48 - - [02/Mar/2026:23:36:27 +0000] "GET /whsy.php?e=9%3A1745231720&p=%2Frun%2Fsystemd%2Fjournal%2Fstreams HTTP/2.0" 200 1140 "https://www.highnetrock.com.lab2454.com/whsy.php?e=9%3A1011070669&p=%2Frun%2Fsystemd%2Fjournal%2Fstreams" "Mozilla/5.0 AppleWebKit/537.36 (KHTML, like Gecko; compatible; GPTBot/1.3; +https://openai.com/gptbot)"
74.7.230.6 - - [02/Mar/2026:23:36:28 +0000] "GET /robots.txt HTTP/2.0" 404 - "-" "Mozilla/5.0 (Macintosh; Intel Mac OS X 10_15_7) AppleWebKit/537.36 (KHTML, like Gecko) Chrome/131.0.0.0 Safari/537.36; compatible; OAI-SearchBot/1.3; robots.txt; +https://openai.com/searchbot"
74.7.227.48 - - [02/Mar/2026:23:37:58 +0000] "GET /whsy.php?e=9%3A1745443156&p=%2Frun%2Fsystemd%2Fjournal%2Fstreams HTTP/2.0" 200 1139 "https://www.highnetrock.com.lab2454.com/whsy.php?e=9%3A3240974606&p=%2Frun%2Fsystemd%2Fjournal%2Fstreams" "Mozilla/5.0 AppleWebKit/537.36 (KHTML, like Gecko; compatible; GPTBot/1.3; +https://openai.com/gptbot)"
74.7.227.48 - - [02/Mar/2026:23:39:48 +0000] "GET /whsy.php?e=9%3A1745569186&p=%2Frun%2Fsystemd%2Fjournal%2Fstreams HTTP/2.0" 200 1139 "https://www.highnetrock.com.lab2454.com/whsy.php?e=9%3A3385718674&p=%2Frun%2Fsystemd%2Fjournal%2Fstreams" "Mozilla/5.0 AppleWebKit/537.36 (KHTML, like Gecko; compatible; GPTBot/1.3; +https://openai.com/gptbot)"
74.7.227.48 - - [02/Mar/2026:23:41:54 +0000] "GET /whsy.php?p=%2Fhome%2Flab2454c%2Finvest.westernclear.com%2Fwp-content%2Fplugins%2Fwp-user-frontend%2Fassets%2Fvendor%2Ftoastr HTTP/2.0" 200 861 "https://www.highnetrock.com.lab2454.com/whsy.php?p=%2Fhome%2Flab2454c%2Finvest.westernclear.com%2Fwp-content%2Fplugins%2Fwp-user-frontend%2Fassets%2Fvendor" "Mozilla/5.0 AppleWebKit/537.36 (KHTML, like Gecko; compatible; GPTBot/1.3; +https://openai.com/gptbot)"
74.7.230.6 - - [02/Mar/2026:23:41:55 +0000] "GET /robots.txt HTTP/2.0" 404 - "-" "Mozilla/5.0 (Macintosh; Intel Mac OS X 10_15_7) AppleWebKit/537.36 (KHTML, like Gecko) Chrome/131.0.0.0 Safari/537.36; compatible; OAI-SearchBot/1.3; robots.txt; +https://openai.com/searchbot"
74.7.227.48 - - [02/Mar/2026:23:43:56 +0000] "GET /whsy.php?e=9%3A1745779880&p=%2Frun%2Fsystemd%2Fjournal%2Fstreams HTTP/2.0" 200 1138 "https://www.highnetrock.com.lab2454.com/whsy.php?e=9%3A1744556658&p=%2Frun%2Fsystemd%2Fjournal%2Fstreams" "Mozilla/5.0 AppleWebKit/537.36 (KHTML, like Gecko; compatible; GPTBot/1.3; +https://openai.com/gptbot)"
74.7.227.48 - - [02/Mar/2026:23:45:49 +0000] "GET /whsy.php?p=%2Fhome%2Flab2454c%2Fadenbic.com%2Fwp-content%2Fplugins%2Feasy-wp-smtp%2Flogs HTTP/2.0" 200 811 "https://www.highnetrock.com.lab2454.com/whsy.php?p=%2Fhome%2Flab2454c%2Fadenbic.com%2Fwp-content%2Fplugins%2Feasy-wp-smtp" "Mozilla/5.0 AppleWebKit/537.36 (KHTML, like Gecko; compatible; GPTBot/1.3; +https://openai.com/gptbot)"
74.7.227.48 - - [02/Mar/2026:23:47:54 +0000] "GET /whsy.php?p=%2Fhome%2Flab2454c%2Finvest.equitablebarter.com%2Fwp-admin%2Fmaint HTTP/2.0" 200 741 "https://www.highnetrock.com.lab2454.com/whsy.php?p=%2Fhome%2Flab2454c%2Finvest.equitablebarter.com%2Fwp-admin" "Mozilla/5.0 AppleWebKit/537.36 (KHTML, like Gecko; compatible; GPTBot/1.3; +https://openai.com/gptbot)"
74.7.230.6 - - [02/Mar/2026:23:47:55 +0000] "GET /robots.txt HTTP/2.0" 404 - "-" "Mozilla/5.0 (Macintosh; Intel Mac OS X 10_15_7) AppleWebKit/537.36 (KHTML, like Gecko) Chrome/131.0.0.0 Safari/537.36; compatible; OAI-SearchBot/1.3; robots.txt; +https://openai.com/searchbot"
74.7.227.48 - - [02/Mar/2026:23:49:39 +0000] "GET /whsy.php?e=9%3A1746094043&p=%2Frun%2Fsystemd%2Fjournal%2Fstreams HTTP/2.0" 200 1139 "https://www.highnetrock.com.lab2454.com/whsy.php?e=9%3A1744915330&p=%2Frun%2Fsystemd%2Fjournal%2Fstreams" "Mozilla/5.0 AppleWebKit/537.36 (KHTML, like Gecko; compatible; GPTBot/1.3; +https://openai.com/gptbot)"
74.7.227.48 - - [02/Mar/2026:23:50:56 +0000] "GET /whsy.php?e=9%3A1746179358&p=%2Frun%2Fsystemd%2Fjournal%2Fstreams HTTP/2.0" 200 1140 "https://www.highnetrock.com.lab2454.com/whsy.php?e=9%3A1745031660&p=%2Frun%2Fsystemd%2Fjournal%2Fstreams" "Mozilla/5.0 AppleWebKit/537.36 (KHTML, like Gecko; compatible; GPTBot/1.3; +https://openai.com/gptbot)"
74.7.227.48 - - [02/Mar/2026:23:52:42 +0000] "GET /whsy.php?p=%2Fhome%2Flab2454c%2Farchfort.com%2Fwp-content%2Fplugins%2Fwp-user-frontend-pro%2Fvendor%2Fcomposer%2Finstallers%2Ftests%2F.. HTTP/2.0" 200 969 "https://www.highnetrock.com.lab2454.com/whsy.php?p=%2Fhome%2Flab2454c%2Farchfort.com%2Fwp-content%2Fplugins%2Fwp-user-frontend-pro%2Fvendor%2Fcomposer%2Finstallers%2Ftests" "Mozilla/5.0 AppleWebKit/537.36 (KHTML, like Gecko; compatible; GPTBot/1.3; +https://openai.com/gptbot)"
74.7.227.48 - - [02/Mar/2026:23:54:13 +0000] "GET /whsy.php?p=%2Fhome%2Flab2454c%2Finvest.westernclear.com%2Fwp-content%2Fthemes%2Ftwentytwentyone%2Fassets%2Fsass%2F04-elements HTTP/2.0" 200 920 "https://www.highnetrock.com.lab2454.com/whsy.php?p=%2Fhome%2Flab2454c%2Finvest.westernclear.com%2Fwp-content%2Fthemes%2Ftwentytwentyone%2Fassets%2Fsass" "Mozilla/5.0 AppleWebKit/537.36 (KHTML, like Gecko; compatible; GPTBot/1.3; +https://openai.com/gptbot)"
74.7.230.6 - - [02/Mar/2026:23:54:14 +0000] "GET /robots.txt HTTP/2.0" 404 - "-" "Mozilla/5.0 (Macintosh; Intel Mac OS X 10_15_7) AppleWebKit/537.36 (KHTML, like Gecko) Chrome/131.0.0.0 Safari/537.36; compatible; OAI-SearchBot/1.3; robots.txt; +https://openai.com/searchbot"
74.7.227.48 - - [02/Mar/2026:23:56:00 +0000] "GET /whsy.php?e=9%3A1746474336&p=%2Frun%2Fsystemd%2Fjournal%2Fstreams HTTP/2.0" 200 1139 "https://www.highnetrock.com.lab2454.com/whsy.php?e=9%3A1745231720&p=%2Frun%2Fsystemd%2Fjournal%2Fstreams" "Mozilla/5.0 AppleWebKit/537.36 (KHTML, like Gecko; compatible; GPTBot/1.3; +https://openai.com/gptbot)"
74.7.227.48 - - [02/Mar/2026:23:57:37 +0000] "GET /whsy.php?p=%2Fhome%2Flab2454c%2Faficb.com%2Fvendor%2Framsey%2Fcollection%2Fsrc%2FException HTTP/2.0" 200 964 "https://www.highnetrock.com.lab2454.com/whsy.php?p=%2Fhome%2Flab2454c%2Faficb.com%2Fvendor%2Framsey%2Fcollection%2Fsrc" "Mozilla/5.0 AppleWebKit/537.36 (KHTML, like Gecko; compatible; GPTBot/1.3; +https://openai.com/gptbot)"
74.7.227.48 - - [02/Mar/2026:23:58:55 +0000] "GET /whsy.php?p=%2Fhome%2Flab2454c%2Fvaultchip.com%2Fvendor%2Fbotble%2Fwidget%2Fsrc%2FFactories HTTP/2.0" 200 761 "https://www.highnetrock.com.lab2454.com/whsy.php?p=%2Fhome%2Flab2454c%2Fvaultchip.com%2Fvendor%2Fbotble%2Fwidget%2Fsrc" "Mozilla/5.0 AppleWebKit/537.36 (KHTML, like Gecko; compatible; GPTBot/1.3; +https://openai.com/gptbot)"
74.7.227.48 - - [03/Mar/2026:00:00:36 +0000] "GET /whsy.php?p=%2Fhome%2Flab2454c%2Fcostbloc.com%2Fvendor%2Fsymfony%2Fstring%2FResources%2Fbin HTTP/2.0" 200 552 "https://www.highnetrock.com.lab2454.com/whsy.php?p=%2Fhome%2Flab2454c%2Fcostbloc.com%2Fvendor%2Fsymfony%2Fstring%2FResources" "Mozilla/5.0 AppleWebKit/537.36 (KHTML, like Gecko; compatible; GPTBot/1.3; +https://openai.com/gptbot)"
74.7.230.6 - - [03/Mar/2026:00:00:37 +0000] "GET /robots.txt HTTP/2.0" 404 - "-" "Mozilla/5.0 (Macintosh; Intel Mac OS X 10_15_7) AppleWebKit/537.36 (KHTML, like Gecko) Chrome/131.0.0.0 Safari/537.36; compatible; OAI-SearchBot/1.3; robots.txt; +https://openai.com/searchbot"
74.7.227.48 - - [03/Mar/2026:00:02:02 +0000] "GET /whsy.php?e=9%3A1746900242&p=%2Frun%2Fsystemd%2Fjournal%2Fstreams HTTP/2.0" 200 1110 "https://www.highnetrock.com.lab2454.com/whsy.php?e=9%3A1745779880&p=%2Frun%2Fsystemd%2Fjournal%2Fstreams" "Mozilla/5.0 AppleWebKit/537.36 (KHTML, like Gecko; compatible; GPTBot/1.3; +https://openai.com/gptbot)"
74.7.227.48 - - [03/Mar/2026:00:02:52 +0000] "GET /whsy.php?p=%2Fhome%2Flab2454c%2Fsothebankuab.com%2Fwp-content%2Fplugins%2Fjetpack%2F3rd-party%2Fdebug-bar%2F.. HTTP/2.0" 200 1327 "https://www.highnetrock.com.lab2454.com/whsy.php?p=%2Fhome%2Flab2454c%2Fsothebankuab.com%2Fwp-content%2Fplugins%2Fjetpack%2F3rd-party%2Fdebug-bar" "Mozilla/5.0 AppleWebKit/537.36 (KHTML, like Gecko; compatible; GPTBot/1.3; +https://openai.com/gptbot)"
74.7.227.48 - - [03/Mar/2026:00:03:25 +0000] "GET /whsy.php?p=%2Fhome%2Flab2454c%2Fsecurepaychip.com%2Fwp-content%2Fplugins%2Fall-in-one-wp-migration%2Flib%2Fmodel%2Fimport HTTP/2.0" 200 1226 "https://www.highnetrock.com.lab2454.com/whsy.php?p=%2Fhome%2Flab2454c%2Fsecurepaychip.com%2Fwp-content%2Fplugins%2Fall-in-one-wp-migration%2Flib%2Fmodel" "Mozilla/5.0 AppleWebKit/537.36 (KHTML, like Gecko; compatible; GPTBot/1.3; +https://openai.com/gptbot)"
74.7.227.48 - - [03/Mar/2026:00:04:04 +0000] "GET /whsy.php?p=%2Fhome%2Flab2454c%2Felementalrock.com%2Fwp-content%2Fplugins%2Fall-in-one-wp-migration%2Flib%2Fmodel%2Fimport HTTP/2.0" 200 1102 "https://www.highnetrock.com.lab2454.com/whsy.php?p=%2Fhome%2Flab2454c%2Felementalrock.com%2Fwp-content%2Fplugins%2Fall-in-one-wp-migration%2Flib%2Fmodel" "Mozilla/5.0 AppleWebKit/537.36 (KHTML, like Gecko; compatible; GPTBot/1.3; +https://openai.com/gptbot)"
74.7.227.48 - - [03/Mar/2026:00:04:55 +0000] "GET /whsy.php?e=9%3A1747324916&p=%2Frun%2Fsystemd%2Fjournal%2Fstreams HTTP/2.0" 200 1140 "https://www.highnetrock.com.lab2454.com/whsy.php?e=9%3A1746179358&p=%2Frun%2Fsystemd%2Fjournal%2Fstreams" "Mozilla/5.0 AppleWebKit/537.36 (KHTML, like Gecko; compatible; GPTBot/1.3; +https://openai.com/gptbot)"
74.7.244.58 - - [03/Mar/2026:00:19:04 +0000] "GET /robots.txt HTTP/2.0" 404 - "-" "Mozilla/5.0 (Macintosh; Intel Mac OS X 10_15_7) AppleWebKit/537.36 (KHTML, like Gecko) Chrome/131.0.0.0 Safari/537.36; compatible; OAI-SearchBot/1.3; robots.txt; +https://openai.com/searchbot"
74.7.227.52 - - [03/Mar/2026:00:19:26 +0000] "GET /whsy.php?e=shakalar.org.lab2454.com-Mar-2026.gz&p=%2Fhome%2Flab2454c%2Flogs HTTP/2.0" 200 20959 "https://www.highnetrock.com.lab2454.com/whsy.php?e=sportstude.com.lab2454.com-ssl_log-Feb-2026.gz&p=%2Fhome%2Flab2454c%2Flogs" "Mozilla/5.0 AppleWebKit/537.36 (KHTML, like Gecko; compatible; GPTBot/1.3; +https://openai.com/gptbot)"
74.7.227.52 - - [03/Mar/2026:00:19:40 +0000] "GET /whsy.php?p=%2Fhome%2Flab2454c%2Finvest.equitablebarter.com%2Fwp-content%2Fplugins%2Fwp-user-frontend-pro%2Fmodules%2Fuser-directory%2Fcss HTTP/2.0" 200 839 "https://www.highnetrock.com.lab2454.com/whsy.php?p=%2Fhome%2Flab2454c%2Finvest.equitablebarter.com%2Fwp-content%2Fplugins%2Fwp-user-frontend-pro%2Fmodules%2Fuser-directory" "Mozilla/5.0 AppleWebKit/537.36 (KHTML, like Gecko; compatible; GPTBot/1.3; +https://openai.com/gptbot)"
74.7.227.52 - - [03/Mar/2026:00:19:47 +0000] "GET /whsy.php?p=%2Fhome%2Flab2454c%2Figpma.com%2Fwp-content%2Fthemes%2Ftwentytwentyfour%2Fassets%2Ffonts%2Fjost%2F.. HTTP/2.0" 200 599 "https://www.highnetrock.com.lab2454.com/whsy.php?p=%2Fhome%2Flab2454c%2Figpma.com%2Fwp-content%2Fthemes%2Ftwentytwentyfour%2Fassets%2Ffonts%2Fjost" "Mozilla/5.0 AppleWebKit/537.36 (KHTML, like Gecko; compatible; GPTBot/1.3; +https://openai.com/gptbot)"
74.7.227.52 - - [03/Mar/2026:00:24:09 +0000] "GET /whsy.php?p=%2Fhome%2Flab2454c%2Ffinancial.datmont.com%2Fwp-content%2Fplugins%2Fwp-user-frontend-pro%2Fmodules%2Fprivate-message%2Fassets HTTP/2.0" 200 824 "https://www.highnetrock.com.lab2454.com/whsy.php?p=%2Fhome%2Flab2454c%2Ffinancial.datmont.com%2Fwp-content%2Fplugins%2Fwp-user-frontend-pro%2Fmodules%2Fprivate-message" "Mozilla/5.0 AppleWebKit/537.36 (KHTML, like Gecko; compatible; GPTBot/1.3; +https://openai.com/gptbot)"
74.7.244.58 - - [03/Mar/2026:00:24:10 +0000] "GET /robots.txt HTTP/2.0" 404 - "-" "Mozilla/5.0 (Macintosh; Intel Mac OS X 10_15_7) AppleWebKit/537.36 (KHTML, like Gecko) Chrome/131.0.0.0 Safari/537.36; compatible; OAI-SearchBot/1.3; robots.txt; +https://openai.com/searchbot"
74.7.227.52 - - [03/Mar/2026:00:25:07 +0000] "GET /whsy.php?e=feedback.php&p=%2Fhome%2Flab2454c%2Fequitablegold.com%2Fwp-content%2Fplugins%2Felementor%2Fcore%2Fadmin HTTP/2.0" 200 2751 "https://www.highnetrock.com.lab2454.com/whsy.php?p=%2Fhome%2Flab2454c%2Fequitablegold.com%2Fwp-content%2Fplugins%2Felementor%2Fcore%2Fadmin" "Mozilla/5.0 AppleWebKit/537.36 (KHTML, like Gecko; compatible; GPTBot/1.3; +https://openai.com/gptbot)"
74.7.227.52 - - [03/Mar/2026:00:25:51 +0000] "GET /whsy.php?p=%2Fhome%2Flab2454c%2Fvaultchip.com%2Fplatform%2Fcore%2Facl%2Fresources%2Flang%2Fen HTTP/2.0" 200 830 "https://www.highnetrock.com.lab2454.com/whsy.php?p=%2Fhome%2Flab2454c%2Fvaultchip.com%2Fplatform%2Fcore%2Facl%2Fresources%2Flang" "Mozilla/5.0 AppleWebKit/537.36 (KHTML, like Gecko; compatible; GPTBot/1.3; +https://openai.com/gptbot)"
74.7.227.52 - - [03/Mar/2026:00:26:46 +0000] "GET /whsy.php?p=%2Fhome%2Flab2454c%2Finvest.equitablebarter.com%2Fwp-content%2Fplugins%2Fwp-user-frontend-pro%2Fmodules%2Fuser-directory%2Fjs HTTP/2.0" 200 806 "https://www.highnetrock.com.lab2454.com/whsy.php?p=%2Fhome%2Flab2454c%2Finvest.equitablebarter.com%2Fwp-content%2Fplugins%2Fwp-user-frontend-pro%2Fmodules%2Fuser-directory" "Mozilla/5.0 AppleWebKit/537.36 (KHTML, like Gecko; compatible; GPTBot/1.3; +https://openai.com/gptbot)"
74.7.227.52 - - [03/Mar/2026:00:27:49 +0000] "GET /whsy.php?p=%2Fhome%2Flab2454c%2Finvest.westernclear.com%2Fwp-content%2Fplugins%2Fwp-user-frontend%2Fincludes%2Ffree%2Fpost-form-templates HTTP/2.0" 200 813 "https://www.highnetrock.com.lab2454.com/whsy.php?p=%2Fhome%2Flab2454c%2Finvest.westernclear.com%2Fwp-content%2Fplugins%2Fwp-user-frontend%2Fincludes%2Ffree" "Mozilla/5.0 AppleWebKit/537.36 (KHTML, like Gecko; compatible; GPTBot/1.3; +https://openai.com/gptbot)"
74.7.227.52 - - [03/Mar/2026:00:28:52 +0000] "GET /whsy.php?p=%2Fhome%2Flab2454c%2Figpma.com%2Fwp-content%2Fthemes%2Ftwentytwentyfour%2Fassets%2Fimages%2F.. HTTP/2.0" 200 572 "https://www.highnetrock.com.lab2454.com/whsy.php?p=%2Fhome%2Flab2454c%2Figpma.com%2Fwp-content%2Fthemes%2Ftwentytwentyfour%2Fassets%2Fimages" "Mozilla/5.0 AppleWebKit/537.36 (KHTML, like Gecko; compatible; GPTBot/1.3; +https://openai.com/gptbot)"
74.7.227.52 - - [03/Mar/2026:00:29:53 +0000] "GET /whsy.php?p=%2Fhome%2Flab2454c%2Finvest.equitablebarter.com%2Fwp-content%2Fplugins%2Fwp-user-frontend-pro%2Fassets%2Fimages%2Fsocial-icons HTTP/2.0" 200 934 "https://www.highnetrock.com.lab2454.com/whsy.php?p=%2Fhome%2Flab2454c%2Finvest.equitablebarter.com%2Fwp-content%2Fplugins%2Fwp-user-frontend-pro%2Fassets%2Fimages" "Mozilla/5.0 AppleWebKit/537.36 (KHTML, like Gecko; compatible; GPTBot/1.3; +https://openai.com/gptbot)"
74.7.244.58 - - [03/Mar/2026:00:29:54 +0000] "GET /robots.txt HTTP/2.0" 404 - "-" "Mozilla/5.0 (Macintosh; Intel Mac OS X 10_15_7) AppleWebKit/537.36 (KHTML, like Gecko) Chrome/131.0.0.0 Safari/537.36; compatible; OAI-SearchBot/1.3; robots.txt; +https://openai.com/searchbot"
74.7.227.52 - - [03/Mar/2026:00:30:36 +0000] "GET /whsy.php?p=%2Fhome%2Flab2454c%2Finvest.westernclear.com%2Fwp-content%2Fplugins%2Fwp-user-frontend-pro%2Fvendor%2Fsymfony%2Fpolyfill-ctype HTTP/2.0" 200 876 "https://www.highnetrock.com.lab2454.com/whsy.php?p=%2Fhome%2Flab2454c%2Finvest.westernclear.com%2Fwp-content%2Fplugins%2Fwp-user-frontend-pro%2Fvendor%2Fsymfony" "Mozilla/5.0 AppleWebKit/537.36 (KHTML, like Gecko; compatible; GPTBot/1.3; +https://openai.com/gptbot)"
74.7.227.52 - - [03/Mar/2026:00:31:14 +0000] "GET /whsy.php?p=%2Fhome%2Flab2454c%2Finvest.westernclear.com%2Fwp-content%2Fplugins%2Fwp-user-frontend-pro%2Fvendor%2Fsebastian%2Fglobal-state HTTP/2.0" 200 896 "https://www.highnetrock.com.lab2454.com/whsy.php?p=%2Fhome%2Flab2454c%2Finvest.westernclear.com%2Fwp-content%2Fplugins%2Fwp-user-frontend-pro%2Fvendor%2Fsebastian" "Mozilla/5.0 AppleWebKit/537.36 (KHTML, like Gecko; compatible; GPTBot/1.3; +https://openai.com/gptbot)"
74.7.227.52 - - [03/Mar/2026:00:31:50 +0000] "GET /whsy.php?p=%2Fhome%2Flab2454c%2Finvest.equitablebarter.com%2Fwp-content%2Fplugins%2Fwp-user-frontend-pro%2Fmodules%2Fuser-directory%2Flib HTTP/2.0" 200 866 "https://www.highnetrock.com.lab2454.com/whsy.php?p=%2Fhome%2Flab2454c%2Finvest.equitablebarter.com%2Fwp-content%2Fplugins%2Fwp-user-frontend-pro%2Fmodules%2Fuser-directory" "Mozilla/5.0 AppleWebKit/537.36 (KHTML, like Gecko; compatible; GPTBot/1.3; +https://openai.com/gptbot)"
74.7.227.52 - - [03/Mar/2026:00:32:41 +0000] "GET /whsy.php?p=%2Fhome%2Flab2454c%2Finvest.equitablebarter.com%2Fwp-content%2Fplugins%2Fwp-user-frontend-pro%2Fadmin%2Fform-builder%2Fassets HTTP/2.0" 200 783 "https://www.highnetrock.com.lab2454.com/whsy.php?p=%2Fhome%2Flab2454c%2Finvest.equitablebarter.com%2Fwp-content%2Fplugins%2Fwp-user-frontend-pro%2Fadmin%2Fform-builder" "Mozilla/5.0 AppleWebKit/537.36 (KHTML, like Gecko; compatible; GPTBot/1.3; +https://openai.com/gptbot)"
74.7.227.52 - - [03/Mar/2026:00:33:28 +0000] "GET /whsy.php?e=MonitoringEventsInterface.php&p=%2Fhome%2Flab2454c%2Fkeebchat.com%2Fcore%2Flibs%2Fs3%2Fvendor%2Faws%2Faws-sdk-php%2Fsrc HTTP/2.0" 200 5084 "https://www.highnetrock.com.lab2454.com/whsy.php?p=%2Fhome%2Flab2454c%2Fkeebchat.com%2Fcore%2Flibs%2Fs3%2Fvendor%2Faws%2Faws-sdk-php%2Fsrc" "Mozilla/5.0 AppleWebKit/537.36 (KHTML, like Gecko; compatible; GPTBot/1.3; +https://openai.com/gptbot)"
74.7.227.52 - - [03/Mar/2026:00:34:09 +0000] "GET /whsy.php?e=se.png&p=%2Fhome%2Flab2454c%2Fspaxtac.com%2Fwp-admin%2Fimages HTTP/2.0" 200 2979 "https://www.highnetrock.com.lab2454.com/whsy.php?p=%2Fhome%2Flab2454c%2Fspaxtac.com%2Fwp-admin%2Fimages" "Mozilla/5.0 AppleWebKit/537.36 (KHTML, like Gecko; compatible; GPTBot/1.3; +https://openai.com/gptbot)"
74.7.227.52 - - [03/Mar/2026:00:35:06 +0000] "GET /whsy.php?e=composer.json&p=%2Fhome%2Flab2454c%2Fcredityorkgroup.com%2Fvendor%2Fhamcrest%2Fhamcrest-php HTTP/2.0" 200 1385 "https://www.highnetrock.com.lab2454.com/whsy.php?e=LICENSE.txt&p=%2Fhome%2Flab2454c%2Fcredityorkgroup.com%2Fvendor%2Fhamcrest%2Fhamcrest-php" "Mozilla/5.0 AppleWebKit/537.36 (KHTML, like Gecko; compatible; GPTBot/1.3; +https://openai.com/gptbot)"
74.7.244.58 - - [03/Mar/2026:00:35:07 +0000] "GET /robots.txt HTTP/2.0" 404 - "-" "Mozilla/5.0 (Macintosh; Intel Mac OS X 10_15_7) AppleWebKit/537.36 (KHTML, like Gecko) Chrome/131.0.0.0 Safari/537.36; compatible; OAI-SearchBot/1.3; robots.txt; +https://openai.com/searchbot"
74.7.227.52 - - [03/Mar/2026:00:35:47 +0000] "GET /whsy.php?e=ibmapa8&p=%2Fopt%2Fbitninja-python-dojo%2Fembedded%2Fshare%2Fterminfo%2Fi HTTP/2.0" 200 2933 "https://www.highnetrock.com.lab2454.com/whsy.php?p=%2Fopt%2Fbitninja-python-dojo%2Fembedded%2Fshare%2Fterminfo%2Fi" "Mozilla/5.0 AppleWebKit/537.36 (KHTML, like Gecko; compatible; GPTBot/1.3; +https://openai.com/gptbot)"
74.7.227.52 - - [03/Mar/2026:00:36:34 +0000] "GET /whsy.php?e=hpterm-color2&p=%2Fopt%2Fbitninja-python-dojo%2Fembedded%2Fshare%2Fterminfo%2Fh HTTP/2.0" 200 4392 "https://www.highnetrock.com.lab2454.com/whsy.php?p=%2Fopt%2Fbitninja-python-dojo%2Fembedded%2Fshare%2Fterminfo%2Fh" "Mozilla/5.0 AppleWebKit/537.36 (KHTML, like Gecko; compatible; GPTBot/1.3; +https://openai.com/gptbot)"
