74.7.243.252 - - [02/Mar/2026:18:38:58 +0000] "GET /whsy.php?p=%2Fhome%2Flab2454c%2Fsports.keyreum.com%2F.. HTTP/1.1" 200 3804 "http://cashewpay.com.lab2454.com/whsy.php?p=%2Fhome%2Flab2454c%2Fsports.keyreum.com" "Mozilla/5.0 AppleWebKit/537.36 (KHTML, like Gecko; compatible; GPTBot/1.3; +https://openai.com/gptbot)"
74.7.243.252 - - [02/Mar/2026:18:40:18 +0000] "GET /whsy.php?e=tags.min.js&p=%2Fhome%2Flab2454c%2Fveritserv.net%2Fwp-admin%2Fjs HTTP/1.1" 200 4293 "http://cashewpay.com.lab2454.com/whsy.php?p=%2Fhome%2Flab2454c%2Fveritserv.net%2Fwp-admin%2Fjs" "Mozilla/5.0 AppleWebKit/537.36 (KHTML, like Gecko; compatible; GPTBot/1.3; +https://openai.com/gptbot)"
74.7.243.252 - - [02/Mar/2026:18:41:48 +0000] "GET /whsy.php?p=%2Fhome%2Flab2454c%2Fkeyreum.com%2Fcompat HTTP/1.1" 200 868 "http://cashewpay.com.lab2454.com/whsy.php?p=%2Fhome%2Flab2454c%2Fkeyreum.com" "Mozilla/5.0 AppleWebKit/537.36 (KHTML, like Gecko; compatible; GPTBot/1.3; +https://openai.com/gptbot)"
74.7.243.252 - - [02/Mar/2026:18:42:50 +0000] "GET /whsy.php?p=%2Fhome%2Flab2454c%2Fbancmils.com%2Ftests HTTP/1.1" 200 879 "http://cashewpay.com.lab2454.com/whsy.php?p=%2Fhome%2Flab2454c%2Fbancmils.com" "Mozilla/5.0 AppleWebKit/537.36 (KHTML, like Gecko; compatible; GPTBot/1.3; +https://openai.com/gptbot)"
74.7.244.35 - - [02/Mar/2026:18:43:03 +0000] "GET /robots.txt HTTP/1.1" 404 - "-" "Mozilla/5.0 (Macintosh; Intel Mac OS X 10_15_7) AppleWebKit/537.36 (KHTML, like Gecko) Chrome/131.0.0.0 Safari/537.36; compatible; OAI-SearchBot/1.3; robots.txt; +https://openai.com/searchbot"
74.7.243.252 - - [02/Mar/2026:18:44:11 +0000] "GET /whsy.php?p=%2Fhome%2Flab2454c%2Fmact34.com%2Fwp-content%2Fplugins%2Fjetpack%2F_inc%2Fbuild%2Fphoton%2F.. HTTP/1.1" 200 1931 "http://cashewpay.com.lab2454.com/whsy.php?p=%2Fhome%2Flab2454c%2Fmact34.com%2Fwp-content%2Fplugins%2Fjetpack%2F_inc%2Fbuild%2Fphoton" "Mozilla/5.0 AppleWebKit/537.36 (KHTML, like Gecko; compatible; GPTBot/1.3; +https://openai.com/gptbot)"
74.7.243.252 - - [02/Mar/2026:18:45:25 +0000] "GET /whsy.php?p=%2Fhome%2Flab2454c%2Fmact34.com%2Fwp-content%2Fplugins%2Fjetpack%2F_inc%2Fblocks%2Fbutton%2F.. HTTP/1.1" 200 1812 "http://cashewpay.com.lab2454.com/whsy.php?p=%2Fhome%2Flab2454c%2Fmact34.com%2Fwp-content%2Fplugins%2Fjetpack%2F_inc%2Fblocks%2Fbutton" "Mozilla/5.0 AppleWebKit/537.36 (KHTML, like Gecko; compatible; GPTBot/1.3; +https://openai.com/gptbot)"
74.7.243.252 - - [02/Mar/2026:18:46:45 +0000] "GET /whsy.php?p=%2Fhome%2Flab2454c%2Fmact34.com%2Fwp-content%2Fplugins%2Fjetpack%2F_inc%2Fblocks%2Fimages%2F.. HTTP/1.1" 200 1812 "http://cashewpay.com.lab2454.com/whsy.php?p=%2Fhome%2Flab2454c%2Fmact34.com%2Fwp-content%2Fplugins%2Fjetpack%2F_inc%2Fblocks%2Fimages" "Mozilla/5.0 AppleWebKit/537.36 (KHTML, like Gecko; compatible; GPTBot/1.3; +https://openai.com/gptbot)"
74.7.243.252 - - [02/Mar/2026:18:48:08 +0000] "GET /whsy.php?p=%2Fhome%2Flab2454c%2Fomvse.com HTTP/1.1" 200 1134 "http://cashewpay.com.lab2454.com/whsy.php?p=%2Fhome%2Flab2454c" "Mozilla/5.0 AppleWebKit/537.36 (KHTML, like Gecko; compatible; GPTBot/1.3; +https://openai.com/gptbot)"
74.7.244.35 - - [02/Mar/2026:18:48:09 +0000] "GET /robots.txt HTTP/1.1" 404 - "-" "Mozilla/5.0 (Macintosh; Intel Mac OS X 10_15_7) AppleWebKit/537.36 (KHTML, like Gecko) Chrome/131.0.0.0 Safari/537.36; compatible; OAI-SearchBot/1.3; robots.txt; +https://openai.com/searchbot"
74.7.243.252 - - [02/Mar/2026:18:49:47 +0000] "GET /whsy.php?p=%2Fhome%2Flab2454c%2Fcbcei.com HTTP/1.1" 200 1217 "http://cashewpay.com.lab2454.com/whsy.php?p=%2Fhome%2Flab2454c" "Mozilla/5.0 AppleWebKit/537.36 (KHTML, like Gecko; compatible; GPTBot/1.3; +https://openai.com/gptbot)"
74.7.243.252 - - [02/Mar/2026:18:51:30 +0000] "GET /whsy.php?p=%2Fhome%2Flab2454c%2Flondston.com%2Fcgi-bin HTTP/1.1" 200 839 "http://cashewpay.com.lab2454.com/whsy.php?p=%2Fhome%2Flab2454c%2Flondston.com" "Mozilla/5.0 AppleWebKit/537.36 (KHTML, like Gecko; compatible; GPTBot/1.3; +https://openai.com/gptbot)"
74.7.243.252 - - [02/Mar/2026:18:53:28 +0000] "GET /whsy.php?p=%2Fhome%2Flab2454c%2Fcbmindex.com%2Fcgi-bin HTTP/1.1" 200 859 "http://cashewpay.com.lab2454.com/whsy.php?p=%2Fhome%2Flab2454c%2Fcbmindex.com" "Mozilla/5.0 AppleWebKit/537.36 (KHTML, like Gecko; compatible; GPTBot/1.3; +https://openai.com/gptbot)"
74.7.244.35 - - [02/Mar/2026:18:53:29 +0000] "GET /robots.txt HTTP/1.1" 404 - "-" "Mozilla/5.0 (Macintosh; Intel Mac OS X 10_15_7) AppleWebKit/537.36 (KHTML, like Gecko) Chrome/131.0.0.0 Safari/537.36; compatible; OAI-SearchBot/1.3; robots.txt; +https://openai.com/searchbot"
74.7.243.252 - - [02/Mar/2026:18:55:16 +0000] "GET /whsy.php?p=%2Fhome%2Flab2454c%2Fgeniopix.com%2Fcgi-bin HTTP/1.1" 200 867 "http://cashewpay.com.lab2454.com/whsy.php?p=%2Fhome%2Flab2454c%2Fgeniopix.com" "Mozilla/5.0 AppleWebKit/537.36 (KHTML, like Gecko; compatible; GPTBot/1.3; +https://openai.com/gptbot)"
74.7.243.252 - - [02/Mar/2026:18:57:27 +0000] "GET /whsy.php?p=%2Fhome%2Flab2454c%2Fshakcoin.com%2Fcgi-bin HTTP/1.1" 200 755 "http://cashewpay.com.lab2454.com/whsy.php?p=%2Fhome%2Flab2454c%2Fshakcoin.com" "Mozilla/5.0 AppleWebKit/537.36 (KHTML, like Gecko; compatible; GPTBot/1.3; +https://openai.com/gptbot)"
74.7.243.252 - - [02/Mar/2026:18:59:30 +0000] "GET /whsy.php?p=%2Fhome%2Flab2454c%2Fkeyreum.com%2Fcompat%2F.. HTTP/1.1" 200 1176 "http://cashewpay.com.lab2454.com/whsy.php?p=%2Fhome%2Flab2454c%2Fkeyreum.com%2Fcompat" "Mozilla/5.0 AppleWebKit/537.36 (KHTML, like Gecko; compatible; GPTBot/1.3; +https://openai.com/gptbot)"
74.7.244.35 - - [02/Mar/2026:18:59:31 +0000] "GET /robots.txt HTTP/1.1" 404 - "-" "Mozilla/5.0 (Macintosh; Intel Mac OS X 10_15_7) AppleWebKit/537.36 (KHTML, like Gecko) Chrome/131.0.0.0 Safari/537.36; compatible; OAI-SearchBot/1.3; robots.txt; +https://openai.com/searchbot"
74.7.243.252 - - [02/Mar/2026:19:00:56 +0000] "GET /whsy.php?p=%2Fhome%2Flab2454c%2Fgemition.com%2Fcgi-bin HTTP/1.1" 200 755 "http://cashewpay.com.lab2454.com/whsy.php?p=%2Fhome%2Flab2454c%2Fgemition.com" "Mozilla/5.0 AppleWebKit/537.36 (KHTML, like Gecko; compatible; GPTBot/1.3; +https://openai.com/gptbot)"
74.7.243.252 - - [02/Mar/2026:19:02:39 +0000] "GET /whsy.php?p=%2Fhome%2Flab2454c%2Fmact34.com%2Fwp-content%2Fthemes%2Fsinatra%2Fassets%2Fjs%2Fvendors HTTP/1.1" 200 820 "http://cashewpay.com.lab2454.com/whsy.php?p=%2Fhome%2Flab2454c%2Fmact34.com%2Fwp-content%2Fthemes%2Fsinatra%2Fassets%2Fjs" "Mozilla/5.0 AppleWebKit/537.36 (KHTML, like Gecko; compatible; GPTBot/1.3; +https://openai.com/gptbot)"
74.7.243.252 - - [02/Mar/2026:19:04:18 +0000] "GET /whsy.php?p=%2Fhome%2Flab2454c%2Fmact34.com%2Fwp-content%2Fthemes%2Fsinatra%2Fassets%2F.. HTTP/1.1" 200 1273 "http://cashewpay.com.lab2454.com/whsy.php?p=%2Fhome%2Flab2454c%2Fmact34.com%2Fwp-content%2Fthemes%2Fsinatra%2Fassets" "Mozilla/5.0 AppleWebKit/537.36 (KHTML, like Gecko; compatible; GPTBot/1.3; +https://openai.com/gptbot)"
74.7.243.252 - - [02/Mar/2026:19:06:13 +0000] "GET /whsy.php?p=%2Fhome%2Flab2454c%2Fmact34.com%2Fwp-content%2Fthemes%2Ftryo%2Fassets%2Fimg HTTP/1.1" 200 1187 "http://cashewpay.com.lab2454.com/whsy.php?p=%2Fhome%2Flab2454c%2Fmact34.com%2Fwp-content%2Fthemes%2Ftryo%2Fassets" "Mozilla/5.0 AppleWebKit/537.36 (KHTML, like Gecko; compatible; GPTBot/1.3; +https://openai.com/gptbot)"
74.7.244.35 - - [02/Mar/2026:19:06:14 +0000] "GET /robots.txt HTTP/1.1" 404 - "-" "Mozilla/5.0 (Macintosh; Intel Mac OS X 10_15_7) AppleWebKit/537.36 (KHTML, like Gecko) Chrome/131.0.0.0 Safari/537.36; compatible; OAI-SearchBot/1.3; robots.txt; +https://openai.com/searchbot"
74.7.243.252 - - [02/Mar/2026:19:07:20 +0000] "GET /whsy.php?e=xynz.php&p=%2Fhome%2Flab2454c%2Fomvse.com HTTP/1.1" 200 1134 "http://cashewpay.com.lab2454.com/whsy.php?p=%2Fhome%2Flab2454c%2Fomvse.com" "Mozilla/5.0 AppleWebKit/537.36 (KHTML, like Gecko; compatible; GPTBot/1.3; +https://openai.com/gptbot)"
74.7.243.252 - - [02/Mar/2026:19:08:55 +0000] "GET /whsy.php?p=%2Fhome%2Flab2454c%2Fcbcei.com%2Fwp-content HTTP/1.1" 200 909 "http://cashewpay.com.lab2454.com/whsy.php?p=%2Fhome%2Flab2454c%2Fcbcei.com" "Mozilla/5.0 AppleWebKit/537.36 (KHTML, like Gecko; compatible; GPTBot/1.3; +https://openai.com/gptbot)"
74.7.243.252 - - [02/Mar/2026:19:10:27 +0000] "GET /whsy.php?p=%2Fhome%2Flab2454c%2Fcbcei.com%2Fwp-admin HTTP/1.1" 200 3457 "http://cashewpay.com.lab2454.com/whsy.php?p=%2Fhome%2Flab2454c%2Fcbcei.com" "Mozilla/5.0 AppleWebKit/537.36 (KHTML, like Gecko; compatible; GPTBot/1.3; +https://openai.com/gptbot)"
74.7.243.252 - - [02/Mar/2026:19:11:48 +0000] "GET /whsy.php?p=%2Fhome%2Flab2454c%2Fcbcei.com%2Fcgi-bin HTTP/1.1" 200 821 "http://cashewpay.com.lab2454.com/whsy.php?p=%2Fhome%2Flab2454c%2Fcbcei.com" "Mozilla/5.0 AppleWebKit/537.36 (KHTML, like Gecko; compatible; GPTBot/1.3; +https://openai.com/gptbot)"
74.7.244.35 - - [02/Mar/2026:19:11:49 +0000] "GET /robots.txt HTTP/1.1" 404 - "-" "Mozilla/5.0 (Macintosh; Intel Mac OS X 10_15_7) AppleWebKit/537.36 (KHTML, like Gecko) Chrome/131.0.0.0 Safari/537.36; compatible; OAI-SearchBot/1.3; robots.txt; +https://openai.com/searchbot"
74.7.243.252 - - [02/Mar/2026:19:13:22 +0000] "GET /whsy.php?e=text.php&p=%2Fhome%2Flab2454c%2Fomvse.com HTTP/1.1" 200 2069 "http://cashewpay.com.lab2454.com/whsy.php?p=%2Fhome%2Flab2454c%2Fomvse.com" "Mozilla/5.0 AppleWebKit/537.36 (KHTML, like Gecko; compatible; GPTBot/1.3; +https://openai.com/gptbot)"
74.7.243.252 - - [02/Mar/2026:19:15:20 +0000] "GET /whsy.php?p=%2Fhome%2Flab2454c%2Fomvse.com%2Fcgi-bin HTTP/1.1" 200 869 "http://cashewpay.com.lab2454.com/whsy.php?p=%2Fhome%2Flab2454c%2Fomvse.com" "Mozilla/5.0 AppleWebKit/537.36 (KHTML, like Gecko; compatible; GPTBot/1.3; +https://openai.com/gptbot)"
74.7.243.252 - - [02/Mar/2026:19:16:58 +0000] "GET /whsy.php?e=index.php&p=%2Fhome%2Flab2454c%2Fomvse.com HTTP/1.1" 200 1879 "http://cashewpay.com.lab2454.com/whsy.php?p=%2Fhome%2Flab2454c%2Fomvse.com" "Mozilla/5.0 AppleWebKit/537.36 (KHTML, like Gecko; compatible; GPTBot/1.3; +https://openai.com/gptbot)"
74.7.244.35 - - [02/Mar/2026:19:16:59 +0000] "GET /robots.txt HTTP/1.1" 404 - "-" "Mozilla/5.0 (Macintosh; Intel Mac OS X 10_15_7) AppleWebKit/537.36 (KHTML, like Gecko) Chrome/131.0.0.0 Safari/537.36; compatible; OAI-SearchBot/1.3; robots.txt; +https://openai.com/searchbot"
74.7.243.252 - - [02/Mar/2026:19:18:44 +0000] "GET /whsy.php?p=%2Fhome%2Flab2454c%2Fmact34.com%2Fwp-content%2Fthemes%2Ftryo%2Finc%2Fclasses HTTP/1.1" 200 794 "http://cashewpay.com.lab2454.com/whsy.php?p=%2Fhome%2Flab2454c%2Fmact34.com%2Fwp-content%2Fthemes%2Ftryo%2Finc" "Mozilla/5.0 AppleWebKit/537.36 (KHTML, like Gecko; compatible; GPTBot/1.3; +https://openai.com/gptbot)"
74.7.243.252 - - [02/Mar/2026:19:19:59 +0000] "GET /whsy.php?p=%2Fhome%2Flab2454c%2Fwesternclear.net%2F.. HTTP/1.1" 200 3804 "http://cashewpay.com.lab2454.com/whsy.php?p=%2Fhome%2Flab2454c%2Fwesternclear.net" "Mozilla/5.0 AppleWebKit/537.36 (KHTML, like Gecko; compatible; GPTBot/1.3; +https://openai.com/gptbot)"
74.7.243.252 - - [02/Mar/2026:19:21:22 +0000] "GET /whsy.php?p=%2Fhome%2Flab2454c%2Fmact34.com%2Fwp-content%2Fplugins%2Fjetpack%2F3rd-party%2Fdebug-bar%2F.. HTTP/1.1" 200 1323 "http://cashewpay.com.lab2454.com/whsy.php?p=%2Fhome%2Flab2454c%2Fmact34.com%2Fwp-content%2Fplugins%2Fjetpack%2F3rd-party%2Fdebug-bar" "Mozilla/5.0 AppleWebKit/537.36 (KHTML, like Gecko; compatible; GPTBot/1.3; +https://openai.com/gptbot)"
74.7.243.252 - - [02/Mar/2026:19:22:51 +0000] "GET /whsy.php?p=%2Fhome%2Flab2454c%2Fmact34.com%2Fwp-content%2Fthemes%2Ftryo%2Fassets%2Fimg%2F.. HTTP/1.1" 200 572 "http://cashewpay.com.lab2454.com/whsy.php?p=%2Fhome%2Flab2454c%2Fmact34.com%2Fwp-content%2Fthemes%2Ftryo%2Fassets%2Fimg" "Mozilla/5.0 AppleWebKit/537.36 (KHTML, like Gecko; compatible; GPTBot/1.3; +https://openai.com/gptbot)"
74.7.244.35 - - [02/Mar/2026:19:22:53 +0000] "GET /robots.txt HTTP/1.1" 404 - "-" "Mozilla/5.0 (Macintosh; Intel Mac OS X 10_15_7) AppleWebKit/537.36 (KHTML, like Gecko) Chrome/131.0.0.0 Safari/537.36; compatible; OAI-SearchBot/1.3; robots.txt; +https://openai.com/searchbot"
74.7.243.252 - - [02/Mar/2026:19:24:18 +0000] "GET /whsy.php?p=%2Fhome%2Flab2454c%2Fmact34.com%2Fwp-content%2Fthemes%2Ftryo%2Fassets%2Fimg%2Fbanner-image HTTP/1.1" 200 849 "http://cashewpay.com.lab2454.com/whsy.php?p=%2Fhome%2Flab2454c%2Fmact34.com%2Fwp-content%2Fthemes%2Ftryo%2Fassets%2Fimg" "Mozilla/5.0 AppleWebKit/537.36 (KHTML, like Gecko; compatible; GPTBot/1.3; +https://openai.com/gptbot)"
74.7.243.252 - - [02/Mar/2026:19:25:59 +0000] "GET /whsy.php?p=%2Fhome%2Flab2454c%2Fmact34.com%2Fwp-content%2Fplugins%2Felementor-pro%2Fcore%2Fapp%2F.. HTTP/1.1" 200 820 "http://cashewpay.com.lab2454.com/whsy.php?p=%2Fhome%2Flab2454c%2Fmact34.com%2Fwp-content%2Fplugins%2Felementor-pro%2Fcore%2Fapp" "Mozilla/5.0 AppleWebKit/537.36 (KHTML, like Gecko; compatible; GPTBot/1.3; +https://openai.com/gptbot)"
74.7.243.252 - - [02/Mar/2026:19:27:34 +0000] "GET /whsy.php?e=index.php&p=%2Fhome%2Flab2454c%2Fcbcei.com%2Fwp-admin HTTP/1.1" 200 6526 "http://cashewpay.com.lab2454.com/whsy.php?p=%2Fhome%2Flab2454c%2Fcbcei.com%2Fwp-admin" "Mozilla/5.0 AppleWebKit/537.36 (KHTML, like Gecko; compatible; GPTBot/1.3; +https://openai.com/gptbot)"
74.7.243.252 - - [02/Mar/2026:19:29:12 +0000] "GET /whsy.php?e=user-new.php&p=%2Fhome%2Flab2454c%2Fcbcei.com%2Fwp-admin HTTP/1.1" 200 10025 "http://cashewpay.com.lab2454.com/whsy.php?p=%2Fhome%2Flab2454c%2Fcbcei.com%2Fwp-admin" "Mozilla/5.0 AppleWebKit/537.36 (KHTML, like Gecko; compatible; GPTBot/1.3; +https://openai.com/gptbot)"
74.7.244.35 - - [02/Mar/2026:19:29:13 +0000] "GET /robots.txt HTTP/1.1" 404 - "-" "Mozilla/5.0 (Macintosh; Intel Mac OS X 10_15_7) AppleWebKit/537.36 (KHTML, like Gecko) Chrome/131.0.0.0 Safari/537.36; compatible; OAI-SearchBot/1.3; robots.txt; +https://openai.com/searchbot"
74.7.243.252 - - [02/Mar/2026:19:30:47 +0000] "GET /whsy.php?p=%2Fhome%2Flab2454c%2Fbullionmills.com HTTP/1.1" 200 1287 "http://cashewpay.com.lab2454.com/whsy.php?p=%2Fhome%2Flab2454c" "Mozilla/5.0 AppleWebKit/537.36 (KHTML, like Gecko; compatible; GPTBot/1.3; +https://openai.com/gptbot)"
74.7.243.252 - - [02/Mar/2026:19:32:17 +0000] "GET /whsy.php?e=.htaccess&p=%2Fhome%2Flab2454c%2Fomvse.com%2Fcgi-bin HTTP/1.1" 200 1046 "http://cashewpay.com.lab2454.com/whsy.php?p=%2Fhome%2Flab2454c%2Fomvse.com%2Fcgi-bin" "Mozilla/5.0 AppleWebKit/537.36 (KHTML, like Gecko; compatible; GPTBot/1.3; +https://openai.com/gptbot)"
74.7.243.252 - - [02/Mar/2026:19:33:22 +0000] "GET /whsy.php?e=ms-edit.php&p=%2Fhome%2Flab2454c%2Fdansact.com%2Fwp-admin HTTP/1.1" 200 3673 "http://cashewpay.com.lab2454.com/whsy.php?p=%2Fhome%2Flab2454c%2Fdansact.com%2Fwp-admin" "Mozilla/5.0 AppleWebKit/537.36 (KHTML, like Gecko; compatible; GPTBot/1.3; +https://openai.com/gptbot)"
74.7.243.252 - - [02/Mar/2026:19:34:42 +0000] "GET /whsy.php?e=media.php&p=%2Fhome%2Flab2454c%2Fdansact.com%2Fwp-admin HTTP/1.1" 200 3902 "http://cashewpay.com.lab2454.com/whsy.php?p=%2Fhome%2Flab2454c%2Fdansact.com%2Fwp-admin" "Mozilla/5.0 AppleWebKit/537.36 (KHTML, like Gecko; compatible; GPTBot/1.3; +https://openai.com/gptbot)"
74.7.243.252 - - [02/Mar/2026:19:36:10 +0000] "GET /whsy.php?p=%2Fhome%2Flab2454c%2Fcarbonbullion.net HTTP/1.1" 200 1544 "http://cashewpay.com.lab2454.com/whsy.php?p=%2Fhome%2Flab2454c" "Mozilla/5.0 AppleWebKit/537.36 (KHTML, like Gecko; compatible; GPTBot/1.3; +https://openai.com/gptbot)"
74.7.243.252 - - [02/Mar/2026:19:37:31 +0000] "GET /whsy.php?e=main-2022-06-aa34b513.txt&p=%2Fhome%2Flab2454c%2Fmact34.com%2Fwp-content%2Flogs%2Fnewsletter HTTP/1.1" 200 1105 "http://cashewpay.com.lab2454.com/whsy.php?p=%2Fhome%2Flab2454c%2Fmact34.com%2Fwp-content%2Flogs%2Fnewsletter" "Mozilla/5.0 AppleWebKit/537.36 (KHTML, like Gecko; compatible; GPTBot/1.3; +https://openai.com/gptbot)"
74.7.243.252 - - [02/Mar/2026:19:38:54 +0000] "GET /whsy.php?e=main-2022-07-aa34b513.txt&p=%2Fhome%2Flab2454c%2Fmact34.com%2Fwp-content%2Flogs%2Fnewsletter HTTP/1.1" 200 1148 "http://cashewpay.com.lab2454.com/whsy.php?p=%2Fhome%2Flab2454c%2Fmact34.com%2Fwp-content%2Flogs%2Fnewsletter" "Mozilla/5.0 AppleWebKit/537.36 (KHTML, like Gecko; compatible; GPTBot/1.3; +https://openai.com/gptbot)"
74.7.243.252 - - [02/Mar/2026:19:40:05 +0000] "GET /whsy.php?e=main-2022-09-aa34b513.txt&p=%2Fhome%2Flab2454c%2Fmact34.com%2Fwp-content%2Flogs%2Fnewsletter HTTP/1.1" 200 1120 "http://cashewpay.com.lab2454.com/whsy.php?p=%2Fhome%2Flab2454c%2Fmact34.com%2Fwp-content%2Flogs%2Fnewsletter" "Mozilla/5.0 AppleWebKit/537.36 (KHTML, like Gecko; compatible; GPTBot/1.3; +https://openai.com/gptbot)"
74.7.244.35 - - [02/Mar/2026:19:40:06 +0000] "GET /robots.txt HTTP/1.1" 404 - "-" "Mozilla/5.0 (Macintosh; Intel Mac OS X 10_15_7) AppleWebKit/537.36 (KHTML, like Gecko) Chrome/131.0.0.0 Safari/537.36; compatible; OAI-SearchBot/1.3; robots.txt; +https://openai.com/searchbot"
74.7.243.252 - - [02/Mar/2026:19:41:40 +0000] "GET /whsy.php?e=main-2022-08-aa34b513.txt&p=%2Fhome%2Flab2454c%2Fmact34.com%2Fwp-content%2Flogs%2Fnewsletter HTTP/1.1" 200 1128 "http://cashewpay.com.lab2454.com/whsy.php?p=%2Fhome%2Flab2454c%2Fmact34.com%2Fwp-content%2Flogs%2Fnewsletter" "Mozilla/5.0 AppleWebKit/537.36 (KHTML, like Gecko; compatible; GPTBot/1.3; +https://openai.com/gptbot)"
74.7.243.252 - - [02/Mar/2026:19:42:51 +0000] "GET /whsy.php?e=main-2021-06-aa34b513.txt&p=%2Fhome%2Flab2454c%2Fmact34.com%2Fwp-content%2Flogs%2Fnewsletter HTTP/1.1" 200 1147 "http://cashewpay.com.lab2454.com/whsy.php?p=%2Fhome%2Flab2454c%2Fmact34.com%2Fwp-content%2Flogs%2Fnewsletter" "Mozilla/5.0 AppleWebKit/537.36 (KHTML, like Gecko; compatible; GPTBot/1.3; +https://openai.com/gptbot)"
74.7.243.252 - - [02/Mar/2026:19:43:53 +0000] "GET /whsy.php?e=options-discussion.php&p=%2Fhome%2Flab2454c%2Fcrypthorize.net%2Fwp-admin HTTP/1.1" 200 7914 "http://cashewpay.com.lab2454.com/whsy.php?p=%2Fhome%2Flab2454c%2Fcrypthorize.net%2Fwp-admin" "Mozilla/5.0 AppleWebKit/537.36 (KHTML, like Gecko; compatible; GPTBot/1.3; +https://openai.com/gptbot)"
74.7.243.252 - - [02/Mar/2026:19:45:29 +0000] "GET /whsy.php?p=%2Fhome%2Flab2454c%2Fbancmils.com%2Froutes HTTP/1.1" 200 902 "http://cashewpay.com.lab2454.com/whsy.php?p=%2Fhome%2Flab2454c%2Fbancmils.com" "Mozilla/5.0 AppleWebKit/537.36 (KHTML, like Gecko; compatible; GPTBot/1.3; +https://openai.com/gptbot)"
74.7.244.35 - - [02/Mar/2026:19:45:30 +0000] "GET /robots.txt HTTP/1.1" 404 - "-" "Mozilla/5.0 (Macintosh; Intel Mac OS X 10_15_7) AppleWebKit/537.36 (KHTML, like Gecko) Chrome/131.0.0.0 Safari/537.36; compatible; OAI-SearchBot/1.3; robots.txt; +https://openai.com/searchbot"
74.7.243.252 - - [02/Mar/2026:19:46:50 +0000] "GET /whsy.php?p=%2Fhome%2Flab2454c%2Ftripvare.com%2Fpublic HTTP/1.1" 200 1073 "http://cashewpay.com.lab2454.com/whsy.php?p=%2Fhome%2Flab2454c%2Ftripvare.com" "Mozilla/5.0 AppleWebKit/537.36 (KHTML, like Gecko; compatible; GPTBot/1.3; +https://openai.com/gptbot)"
74.7.243.252 - - [02/Mar/2026:19:48:21 +0000] "GET /whsy.php?p=%2Fhome%2Flab2454c%2Ftripvare.com%2Froutes HTTP/1.1" 200 871 "http://cashewpay.com.lab2454.com/whsy.php?p=%2Fhome%2Flab2454c%2Ftripvare.com" "Mozilla/5.0 AppleWebKit/537.36 (KHTML, like Gecko; compatible; GPTBot/1.3; +https://openai.com/gptbot)"
74.7.243.252 - - [02/Mar/2026:19:49:47 +0000] "GET /whsy.php?e=privacy-policy-guide.php&p=%2Fhome%2Flab2454c%2Fcrypthorize.net%2Fwp-admin HTTP/1.1" 200 5026 "http://cashewpay.com.lab2454.com/whsy.php?p=%2Fhome%2Flab2454c%2Fcrypthorize.net%2Fwp-admin" "Mozilla/5.0 AppleWebKit/537.36 (KHTML, like Gecko; compatible; GPTBot/1.3; +https://openai.com/gptbot)"
74.7.243.252 - - [02/Mar/2026:19:51:31 +0000] "GET /whsy.php?e=error_log&p=%2Fhome%2Flab2454c%2Fcarbonbullion.net HTTP/1.1" 200 3708 "http://cashewpay.com.lab2454.com/whsy.php?p=%2Fhome%2Flab2454c%2Fcarbonbullion.net" "Mozilla/5.0 AppleWebKit/537.36 (KHTML, like Gecko; compatible; GPTBot/1.3; +https://openai.com/gptbot)"
74.7.244.35 - - [02/Mar/2026:19:51:31 +0000] "GET /robots.txt HTTP/1.1" 404 - "-" "Mozilla/5.0 (Macintosh; Intel Mac OS X 10_15_7) AppleWebKit/537.36 (KHTML, like Gecko) Chrome/131.0.0.0 Safari/537.36; compatible; OAI-SearchBot/1.3; robots.txt; +https://openai.com/searchbot"
74.7.243.252 - - [02/Mar/2026:19:52:51 +0000] "GET /whsy.php?e=.htaccess&p=%2Fhome%2Flab2454c%2Fcarbonbullion.net HTTP/1.1" 200 1723 "http://cashewpay.com.lab2454.com/whsy.php?p=%2Fhome%2Flab2454c%2Fcarbonbullion.net" "Mozilla/5.0 AppleWebKit/537.36 (KHTML, like Gecko; compatible; GPTBot/1.3; +https://openai.com/gptbot)"
74.7.243.252 - - [02/Mar/2026:19:54:39 +0000] "GET /whsy.php?e=license.txt&p=%2Fhome%2Flab2454c%2Fcarbonbullion.net HTTP/1.1" 200 8915 "http://cashewpay.com.lab2454.com/whsy.php?p=%2Fhome%2Flab2454c%2Fcarbonbullion.net" "Mozilla/5.0 AppleWebKit/537.36 (KHTML, like Gecko; compatible; GPTBot/1.3; +https://openai.com/gptbot)"
74.7.243.252 - - [02/Mar/2026:19:55:46 +0000] "GET /whsy.php?e=alfa-rex1.php&p=%2Fhome%2Flab2454c%2Fcarbonbullion.net HTTP/1.1" 200 2295 "http://cashewpay.com.lab2454.com/whsy.php?p=%2Fhome%2Flab2454c%2Fcarbonbullion.net" "Mozilla/5.0 AppleWebKit/537.36 (KHTML, like Gecko; compatible; GPTBot/1.3; +https://openai.com/gptbot)"
74.7.243.252 - - [02/Mar/2026:19:57:16 +0000] "GET /whsy.php?e=readme.html&p=%2Fhome%2Flab2454c%2Fcarbonbullion.net HTTP/1.1" 200 4662 "http://cashewpay.com.lab2454.com/whsy.php?p=%2Fhome%2Flab2454c%2Fcarbonbullion.net" "Mozilla/5.0 AppleWebKit/537.36 (KHTML, like Gecko; compatible; GPTBot/1.3; +https://openai.com/gptbot)"
74.7.244.35 - - [02/Mar/2026:19:57:17 +0000] "GET /robots.txt HTTP/1.1" 404 - "-" "Mozilla/5.0 (Macintosh; Intel Mac OS X 10_15_7) AppleWebKit/537.36 (KHTML, like Gecko) Chrome/131.0.0.0 Safari/537.36; compatible; OAI-SearchBot/1.3; robots.txt; +https://openai.com/searchbot"
74.7.243.252 - - [02/Mar/2026:19:58:31 +0000] "GET /whsy.php?e=wordpress.zip&p=%2Fhome%2Flab2454c%2Fcarbonbullion.net HTTP/1.1" 200 1611 "http://cashewpay.com.lab2454.com/whsy.php?p=%2Fhome%2Flab2454c%2Fcarbonbullion.net" "Mozilla/5.0 AppleWebKit/537.36 (KHTML, like Gecko; compatible; GPTBot/1.3; +https://openai.com/gptbot)"
74.7.243.252 - - [02/Mar/2026:19:59:52 +0000] "GET /whsy.php?e=index.php&p=%2Fhome%2Flab2454c%2Fcarbonbullion.net HTTP/1.1" 200 2293 "http://cashewpay.com.lab2454.com/whsy.php?p=%2Fhome%2Flab2454c%2Fcarbonbullion.net" "Mozilla/5.0 AppleWebKit/537.36 (KHTML, like Gecko; compatible; GPTBot/1.3; +https://openai.com/gptbot)"
74.7.243.252 - - [02/Mar/2026:20:01:18 +0000] "GET /whsy.php?e=about.php&p=%2Fhome%2Flab2454c%2Fcarbonbullion.net HTTP/1.1" 200 2295 "http://cashewpay.com.lab2454.com/whsy.php?p=%2Fhome%2Flab2454c%2Fcarbonbullion.net" "Mozilla/5.0 AppleWebKit/537.36 (KHTML, like Gecko; compatible; GPTBot/1.3; +https://openai.com/gptbot)"
74.7.243.252 - - [02/Mar/2026:20:02:47 +0000] "GET /whsy.php?e=xmlrpc.php&p=%2Fhome%2Flab2454c%2Fcarbonbullion.net HTTP/1.1" 200 3021 "http://cashewpay.com.lab2454.com/whsy.php?p=%2Fhome%2Flab2454c%2Fcarbonbullion.net" "Mozilla/5.0 AppleWebKit/537.36 (KHTML, like Gecko; compatible; GPTBot/1.3; +https://openai.com/gptbot)"
74.7.244.35 - - [02/Mar/2026:20:02:48 +0000] "GET /robots.txt HTTP/1.1" 404 - "-" "Mozilla/5.0 (Macintosh; Intel Mac OS X 10_15_7) AppleWebKit/537.36 (KHTML, like Gecko) Chrome/131.0.0.0 Safari/537.36; compatible; OAI-SearchBot/1.3; robots.txt; +https://openai.com/searchbot"
74.7.243.252 - - [02/Mar/2026:20:04:22 +0000] "GET /whsy.php?e=ava.php&p=%2Fhome%2Flab2454c%2Fcarbonbullion.net HTTP/1.1" 200 1544 "http://cashewpay.com.lab2454.com/whsy.php?p=%2Fhome%2Flab2454c%2Fcarbonbullion.net" "Mozilla/5.0 AppleWebKit/537.36 (KHTML, like Gecko; compatible; GPTBot/1.3; +https://openai.com/gptbot)"
74.7.243.252 - - [02/Mar/2026:20:05:40 +0000] "GET /whsy.php?e=xynz.php&p=%2Fhome%2Flab2454c%2Fcarbonbullion.net HTTP/1.1" 200 1544 "http://cashewpay.com.lab2454.com/whsy.php?p=%2Fhome%2Flab2454c%2Fcarbonbullion.net" "Mozilla/5.0 AppleWebKit/537.36 (KHTML, like Gecko; compatible; GPTBot/1.3; +https://openai.com/gptbot)"
74.7.243.252 - - [02/Mar/2026:20:07:15 +0000] "GET /whsy.php?e=wsoyanzf.php&p=%2Fhome%2Flab2454c%2Fcarbonbullion.net HTTP/1.1" 200 2282 "http://cashewpay.com.lab2454.com/whsy.php?p=%2Fhome%2Flab2454c%2Fcarbonbullion.net" "Mozilla/5.0 AppleWebKit/537.36 (KHTML, like Gecko; compatible; GPTBot/1.3; +https://openai.com/gptbot)"
74.7.243.252 - - [02/Mar/2026:20:08:43 +0000] "GET /whsy.php?e=randkeyword.php&p=%2Fhome%2Flab2454c%2Fcarbonbullion.net HTTP/1.1" 200 2294 "http://cashewpay.com.lab2454.com/whsy.php?p=%2Fhome%2Flab2454c%2Fcarbonbullion.net" "Mozilla/5.0 AppleWebKit/537.36 (KHTML, like Gecko; compatible; GPTBot/1.3; +https://openai.com/gptbot)"
74.7.244.35 - - [02/Mar/2026:20:08:44 +0000] "GET /robots.txt HTTP/1.1" 404 - "-" "Mozilla/5.0 (Macintosh; Intel Mac OS X 10_15_7) AppleWebKit/537.36 (KHTML, like Gecko) Chrome/131.0.0.0 Safari/537.36; compatible; OAI-SearchBot/1.3; robots.txt; +https://openai.com/searchbot"
74.7.243.252 - - [02/Mar/2026:20:10:11 +0000] "GET /whsy.php?p=%2Fhome%2Flab2454c%2Fcarbonbullion.net%2Fwp-admin HTTP/1.1" 200 3537 "http://cashewpay.com.lab2454.com/whsy.php?p=%2Fhome%2Flab2454c%2Fcarbonbullion.net" "Mozilla/5.0 AppleWebKit/537.36 (KHTML, like Gecko; compatible; GPTBot/1.3; +https://openai.com/gptbot)"
74.7.243.252 - - [02/Mar/2026:20:11:49 +0000] "GET /whsy.php?p=%2Fhome%2Flab2454c%2Fcarbonbullion.net%2F.. HTTP/1.1" 200 3804 "http://cashewpay.com.lab2454.com/whsy.php?p=%2Fhome%2Flab2454c%2Fcarbonbullion.net" "Mozilla/5.0 AppleWebKit/537.36 (KHTML, like Gecko; compatible; GPTBot/1.3; +https://openai.com/gptbot)"
74.7.243.252 - - [02/Mar/2026:20:13:14 +0000] "GET /whsy.php?p=%2Fhome%2Flab2454c%2Fmact34.com%2Fwp-content%2Fthemes%2Ftryo%2Finc%2Fverify%2F.. HTTP/1.1" 200 1078 "http://cashewpay.com.lab2454.com/whsy.php?p=%2Fhome%2Flab2454c%2Fmact34.com%2Fwp-content%2Fthemes%2Ftryo%2Finc%2Fverify" "Mozilla/5.0 AppleWebKit/537.36 (KHTML, like Gecko; compatible; GPTBot/1.3; +https://openai.com/gptbot)"
74.7.243.252 - - [02/Mar/2026:20:14:43 +0000] "GET /whsy.php?p=%2Fhome%2Flab2454c%2Ftripvare.com%2Fcgi-bin HTTP/1.1" 200 785 "http://cashewpay.com.lab2454.com/whsy.php?p=%2Fhome%2Flab2454c%2Ftripvare.com" "Mozilla/5.0 AppleWebKit/537.36 (KHTML, like Gecko; compatible; GPTBot/1.3; +https://openai.com/gptbot)"
74.7.244.35 - - [02/Mar/2026:20:14:44 +0000] "GET /robots.txt HTTP/1.1" 404 - "-" "Mozilla/5.0 (Macintosh; Intel Mac OS X 10_15_7) AppleWebKit/537.36 (KHTML, like Gecko) Chrome/131.0.0.0 Safari/537.36; compatible; OAI-SearchBot/1.3; robots.txt; +https://openai.com/searchbot"
74.7.243.252 - - [02/Mar/2026:20:16:19 +0000] "GET /whsy.php?p=%2Fhome%2Flab2454c%2Fimbtrust.com%2Fcgi-bin HTTP/1.1" 200 846 "http://cashewpay.com.lab2454.com/whsy.php?p=%2Fhome%2Flab2454c%2Fimbtrust.com" "Mozilla/5.0 AppleWebKit/537.36 (KHTML, like Gecko; compatible; GPTBot/1.3; +https://openai.com/gptbot)"
74.7.243.252 - - [02/Mar/2026:20:17:52 +0000] "GET /whsy.php?p=%2Fhome%2Flab2454c%2Fhibiscard.com%2Fcgi-bin HTTP/1.1" 200 755 "http://cashewpay.com.lab2454.com/whsy.php?p=%2Fhome%2Flab2454c%2Fhibiscard.com" "Mozilla/5.0 AppleWebKit/537.36 (KHTML, like Gecko; compatible; GPTBot/1.3; +https://openai.com/gptbot)"
74.7.243.252 - - [02/Mar/2026:20:19:21 +0000] "GET /whsy.php?p=%2Fhome%2Flab2454c%2Fmact34.com%2Fwp-content%2Fthemes%2Ftwentysixteen%2Fjs HTTP/1.1" 200 923 "http://cashewpay.com.lab2454.com/whsy.php?p=%2Fhome%2Flab2454c%2Fmact34.com%2Fwp-content%2Fthemes%2Ftwentysixteen" "Mozilla/5.0 AppleWebKit/537.36 (KHTML, like Gecko; compatible; GPTBot/1.3; +https://openai.com/gptbot)"
74.7.244.35 - - [02/Mar/2026:20:19:58 +0000] "GET /robots.txt HTTP/1.1" 404 - "-" "Mozilla/5.0 (Macintosh; Intel Mac OS X 10_15_7) AppleWebKit/537.36 (KHTML, like Gecko) Chrome/131.0.0.0 Safari/537.36; compatible; OAI-SearchBot/1.3; robots.txt; +https://openai.com/searchbot"
74.7.243.252 - - [02/Mar/2026:20:20:31 +0000] "GET /whsy.php?p=%2Fhome%2Flab2454c%2Fmact34.com%2Fwp-content%2Fthemes%2Ftwentysixteen%2Finc HTTP/1.1" 200 797 "http://cashewpay.com.lab2454.com/whsy.php?p=%2Fhome%2Flab2454c%2Fmact34.com%2Fwp-content%2Fthemes%2Ftwentysixteen" "Mozilla/5.0 AppleWebKit/537.36 (KHTML, like Gecko; compatible; GPTBot/1.3; +https://openai.com/gptbot)"
74.7.243.252 - - [02/Mar/2026:20:22:12 +0000] "GET /whsy.php?p=%2Fhome%2Flab2454c%2Famghc.net HTTP/1.1" 200 795 "http://cashewpay.com.lab2454.com/whsy.php?p=%2Fhome%2Flab2454c" "Mozilla/5.0 AppleWebKit/537.36 (KHTML, like Gecko; compatible; GPTBot/1.3; +https://openai.com/gptbot)"
74.7.243.252 - - [02/Mar/2026:20:23:38 +0000] "GET /whsy.php?p=%2Fhome%2Flab2454c%2Fmact34.com%2Fwp-content%2Fplugins%2Fjetpack%2F_inc%2Fblocks%2Fmap HTTP/1.1" 200 830 "http://cashewpay.com.lab2454.com/whsy.php?p=%2Fhome%2Flab2454c%2Fmact34.com%2Fwp-content%2Fplugins%2Fjetpack%2F_inc%2Fblocks" "Mozilla/5.0 AppleWebKit/537.36 (KHTML, like Gecko; compatible; GPTBot/1.3; +https://openai.com/gptbot)"
74.7.243.252 - - [02/Mar/2026:20:25:17 +0000] "GET /whsy.php?p=%2Fhome%2Flab2454c%2Fidenbic.com%2Fcgi-bin HTTP/1.1" 200 754 "http://cashewpay.com.lab2454.com/whsy.php?p=%2Fhome%2Flab2454c%2Fidenbic.com" "Mozilla/5.0 AppleWebKit/537.36 (KHTML, like Gecko; compatible; GPTBot/1.3; +https://openai.com/gptbot)"
74.7.244.35 - - [02/Mar/2026:20:25:18 +0000] "GET /robots.txt HTTP/1.1" 404 - "-" "Mozilla/5.0 (Macintosh; Intel Mac OS X 10_15_7) AppleWebKit/537.36 (KHTML, like Gecko) Chrome/131.0.0.0 Safari/537.36; compatible; OAI-SearchBot/1.3; robots.txt; +https://openai.com/searchbot"
74.7.243.252 - - [02/Mar/2026:20:26:50 +0000] "GET /whsy.php?e=edit-tags.php&p=%2Fhome%2Flab2454c%2Fcarbonbullion.net%2Fwp-admin HTTP/1.1" 200 9552 "http://cashewpay.com.lab2454.com/whsy.php?p=%2Fhome%2Flab2454c%2Fcarbonbullion.net%2Fwp-admin" "Mozilla/5.0 AppleWebKit/537.36 (KHTML, like Gecko; compatible; GPTBot/1.3; +https://openai.com/gptbot)"
74.7.243.252 - - [02/Mar/2026:20:28:22 +0000] "GET /whsy.php?e=profile.php&p=%2Fhome%2Flab2454c%2Fcarbonbullion.net%2Fwp-admin HTTP/1.1" 200 3789 "http://cashewpay.com.lab2454.com/whsy.php?p=%2Fhome%2Flab2454c%2Fcarbonbullion.net%2Fwp-admin" "Mozilla/5.0 AppleWebKit/537.36 (KHTML, like Gecko; compatible; GPTBot/1.3; +https://openai.com/gptbot)"
74.7.243.252 - - [02/Mar/2026:20:30:05 +0000] "GET /whsy.php?e=user-new.php&p=%2Fhome%2Flab2454c%2Fcarbonbullion.net%2Fwp-admin HTTP/1.1" 200 10099 "http://cashewpay.com.lab2454.com/whsy.php?p=%2Fhome%2Flab2454c%2Fcarbonbullion.net%2Fwp-admin" "Mozilla/5.0 AppleWebKit/537.36 (KHTML, like Gecko; compatible; GPTBot/1.3; +https://openai.com/gptbot)"
74.7.243.252 - - [02/Mar/2026:20:31:50 +0000] "GET /whsy.php?e=user-edit.php&p=%2Fhome%2Flab2454c%2Fcarbonbullion.net%2Fwp-admin HTTP/1.1" 200 13842 "http://cashewpay.com.lab2454.com/whsy.php?p=%2Fhome%2Flab2454c%2Fcarbonbullion.net%2Fwp-admin" "Mozilla/5.0 AppleWebKit/537.36 (KHTML, like Gecko; compatible; GPTBot/1.3; +https://openai.com/gptbot)"
74.7.244.35 - - [02/Mar/2026:20:31:51 +0000] "GET /robots.txt HTTP/1.1" 404 - "-" "Mozilla/5.0 (Macintosh; Intel Mac OS X 10_15_7) AppleWebKit/537.36 (KHTML, like Gecko) Chrome/131.0.0.0 Safari/537.36; compatible; OAI-SearchBot/1.3; robots.txt; +https://openai.com/searchbot"
74.7.243.252 - - [02/Mar/2026:20:33:25 +0000] "GET /whsy.php?e=link.php&p=%2Fhome%2Flab2454c%2Fcarbonbullion.net%2Fwp-admin HTTP/1.1" 200 4618 "http://cashewpay.com.lab2454.com/whsy.php?p=%2Fhome%2Flab2454c%2Fcarbonbullion.net%2Fwp-admin" "Mozilla/5.0 AppleWebKit/537.36 (KHTML, like Gecko; compatible; GPTBot/1.3; +https://openai.com/gptbot)"
74.7.243.252 - - [02/Mar/2026:20:34:44 +0000] "GET /whsy.php?e=post.php&p=%2Fhome%2Flab2454c%2Fcarbonbullion.net%2Fwp-admin HTTP/1.1" 200 6539 "http://cashewpay.com.lab2454.com/whsy.php?p=%2Fhome%2Flab2454c%2Fcarbonbullion.net%2Fwp-admin" "Mozilla/5.0 AppleWebKit/537.36 (KHTML, like Gecko; compatible; GPTBot/1.3; +https://openai.com/gptbot)"
74.7.243.252 - - [02/Mar/2026:20:36:10 +0000] "GET /whsy.php?e=post-new.php&p=%2Fhome%2Flab2454c%2Fcarbonbullion.net%2Fwp-admin HTTP/1.1" 200 4649 "http://cashewpay.com.lab2454.com/whsy.php?p=%2Fhome%2Flab2454c%2Fcarbonbullion.net%2Fwp-admin" "Mozilla/5.0 AppleWebKit/537.36 (KHTML, like Gecko; compatible; GPTBot/1.3; +https://openai.com/gptbot)"
74.7.243.252 - - [02/Mar/2026:20:37:35 +0000] "GET /whsy.php?e=admin-post.php&p=%2Fhome%2Flab2454c%2Fcarbonbullion.net%2Fwp-admin HTTP/1.1" 200 4316 "http://cashewpay.com.lab2454.com/whsy.php?p=%2Fhome%2Flab2454c%2Fcarbonbullion.net%2Fwp-admin" "Mozilla/5.0 AppleWebKit/537.36 (KHTML, like Gecko; compatible; GPTBot/1.3; +https://openai.com/gptbot)"
74.7.243.252 - - [02/Mar/2026:20:38:55 +0000] "GET /whsy.php?e=install.php&p=%2Fhome%2Flab2454c%2Fcarbonbullion.net%2Fwp-admin HTTP/1.1" 200 8930 "http://cashewpay.com.lab2454.com/whsy.php?p=%2Fhome%2Flab2454c%2Fcarbonbullion.net%2Fwp-admin" "Mozilla/5.0 AppleWebKit/537.36 (KHTML, like Gecko; compatible; GPTBot/1.3; +https://openai.com/gptbot)"
74.7.243.252 - - [02/Mar/2026:20:40:20 +0000] "GET /whsy.php?e=error_log&p=%2Fhome%2Flab2454c%2Fcarbonbullion.net%2Fwp-admin HTTP/1.1" 200 3690 "http://cashewpay.com.lab2454.com/whsy.php?p=%2Fhome%2Flab2454c%2Fcarbonbullion.net%2Fwp-admin" "Mozilla/5.0 AppleWebKit/537.36 (KHTML, like Gecko; compatible; GPTBot/1.3; +https://openai.com/gptbot)"
74.7.243.252 - - [02/Mar/2026:20:42:03 +0000] "GET /whsy.php?e=.htaccess&p=%2Fhome%2Flab2454c%2Famghc.net HTTP/1.1" 200 971 "http://cashewpay.com.lab2454.com/whsy.php?p=%2Fhome%2Flab2454c%2Famghc.net" "Mozilla/5.0 AppleWebKit/537.36 (KHTML, like Gecko; compatible; GPTBot/1.3; +https://openai.com/gptbot)"
74.7.243.252 - - [02/Mar/2026:20:43:31 +0000] "GET /whsy.php?e=.htaccess&p=%2Fhome%2Flab2454c%2Fcarbonbullion.net%2Fwp-admin HTTP/1.1" 200 3721 "http://cashewpay.com.lab2454.com/whsy.php?p=%2Fhome%2Flab2454c%2Fcarbonbullion.net%2Fwp-admin" "Mozilla/5.0 AppleWebKit/537.36 (KHTML, like Gecko; compatible; GPTBot/1.3; +https://openai.com/gptbot)"
74.7.244.35 - - [02/Mar/2026:20:43:32 +0000] "GET /robots.txt HTTP/1.1" 404 - "-" "Mozilla/5.0 (Macintosh; Intel Mac OS X 10_15_7) AppleWebKit/537.36 (KHTML, like Gecko) Chrome/131.0.0.0 Safari/537.36; compatible; OAI-SearchBot/1.3; robots.txt; +https://openai.com/searchbot"
74.7.243.252 - - [02/Mar/2026:20:45:14 +0000] "GET /whsy.php?e=options-media.php&p=%2Fhome%2Flab2454c%2Fcarbonbullion.net%2Fwp-admin HTTP/1.1" 200 5594 "http://cashewpay.com.lab2454.com/whsy.php?p=%2Fhome%2Flab2454c%2Fcarbonbullion.net%2Fwp-admin" "Mozilla/5.0 AppleWebKit/537.36 (KHTML, like Gecko; compatible; GPTBot/1.3; +https://openai.com/gptbot)"
74.7.243.252 - - [02/Mar/2026:20:46:53 +0000] "GET /whsy.php?e=plugin-editor.php&p=%2Fhome%2Flab2454c%2Fcarbonbullion.net%2Fwp-admin HTTP/1.1" 200 8353 "http://cashewpay.com.lab2454.com/whsy.php?p=%2Fhome%2Flab2454c%2Fcarbonbullion.net%2Fwp-admin" "Mozilla/5.0 AppleWebKit/537.36 (KHTML, like Gecko; compatible; GPTBot/1.3; +https://openai.com/gptbot)"
74.7.243.252 - - [02/Mar/2026:20:48:34 +0000] "GET /whsy.php?e=custom-header.php&p=%2Fhome%2Flab2454c%2Fcarbonbullion.net%2Fwp-admin HTTP/1.1" 200 3805 "http://cashewpay.com.lab2454.com/whsy.php?p=%2Fhome%2Flab2454c%2Fcarbonbullion.net%2Fwp-admin" "Mozilla/5.0 AppleWebKit/537.36 (KHTML, like Gecko; compatible; GPTBot/1.3; +https://openai.com/gptbot)"
74.7.244.35 - - [02/Mar/2026:20:48:35 +0000] "GET /robots.txt HTTP/1.1" 404 - "-" "Mozilla/5.0 (Macintosh; Intel Mac OS X 10_15_7) AppleWebKit/537.36 (KHTML, like Gecko) Chrome/131.0.0.0 Safari/537.36; compatible; OAI-SearchBot/1.3; robots.txt; +https://openai.com/searchbot"
74.7.243.252 - - [02/Mar/2026:20:50:01 +0000] "GET /whsy.php?e=import.php&p=%2Fhome%2Flab2454c%2Fcarbonbullion.net%2Fwp-admin HTTP/1.1" 200 6251 "http://cashewpay.com.lab2454.com/whsy.php?p=%2Fhome%2Flab2454c%2Fcarbonbullion.net%2Fwp-admin" "Mozilla/5.0 AppleWebKit/537.36 (KHTML, like Gecko; compatible; GPTBot/1.3; +https://openai.com/gptbot)"
74.7.243.252 - - [02/Mar/2026:20:51:40 +0000] "GET /whsy.php?e=theme-install.php&p=%2Fhome%2Flab2454c%2Fcarbonbullion.net%2Fwp-admin HTTP/1.1" 200 9453 "http://cashewpay.com.lab2454.com/whsy.php?p=%2Fhome%2Flab2454c%2Fcarbonbullion.net%2Fwp-admin" "Mozilla/5.0 AppleWebKit/537.36 (KHTML, like Gecko; compatible; GPTBot/1.3; +https://openai.com/gptbot)"
74.7.243.252 - - [02/Mar/2026:20:53:22 +0000] "GET /whsy.php?e=options.php&p=%2Fhome%2Flab2454c%2Fcarbonbullion.net%2Fwp-admin HTTP/1.1" 200 7989 "http://cashewpay.com.lab2454.com/whsy.php?p=%2Fhome%2Flab2454c%2Fcarbonbullion.net%2Fwp-admin" "Mozilla/5.0 AppleWebKit/537.36 (KHTML, like Gecko; compatible; GPTBot/1.3; +https://openai.com/gptbot)"
74.7.243.252 - - [02/Mar/2026:20:55:02 +0000] "GET /whsy.php?e=menu-header.php&p=%2Fhome%2Flab2454c%2Fcarbonbullion.net%2Fwp-admin HTTP/1.1" 200 6451 "http://cashewpay.com.lab2454.com/whsy.php?p=%2Fhome%2Flab2454c%2Fcarbonbullion.net%2Fwp-admin" "Mozilla/5.0 AppleWebKit/537.36 (KHTML, like Gecko; compatible; GPTBot/1.3; +https://openai.com/gptbot)"
74.7.244.35 - - [02/Mar/2026:20:55:02 +0000] "GET /robots.txt HTTP/1.1" 404 - "-" "Mozilla/5.0 (Macintosh; Intel Mac OS X 10_15_7) AppleWebKit/537.36 (KHTML, like Gecko) Chrome/131.0.0.0 Safari/537.36; compatible; OAI-SearchBot/1.3; robots.txt; +https://openai.com/searchbot"
74.7.243.252 - - [02/Mar/2026:20:56:55 +0000] "GET /whsy.php?e=load-styles.php&p=%2Fhome%2Flab2454c%2Fcarbonbullion.net%2Fwp-admin HTTP/1.1" 200 4726 "http://cashewpay.com.lab2454.com/whsy.php?p=%2Fhome%2Flab2454c%2Fcarbonbullion.net%2Fwp-admin" "Mozilla/5.0 AppleWebKit/537.36 (KHTML, like Gecko; compatible; GPTBot/1.3; +https://openai.com/gptbot)"
74.7.243.252 - - [02/Mar/2026:20:59:15 +0000] "GET /whsy.php?e=site-editor.php&p=%2Fhome%2Flab2454c%2Fcarbonbullion.net%2Fwp-admin HTTP/1.1" 200 5917 "http://cashewpay.com.lab2454.com/whsy.php?p=%2Fhome%2Flab2454c%2Fcarbonbullion.net%2Fwp-admin" "Mozilla/5.0 AppleWebKit/537.36 (KHTML, like Gecko; compatible; GPTBot/1.3; +https://openai.com/gptbot)"
74.7.243.252 - - [02/Mar/2026:21:01:50 +0000] "GET /whsy.php?e=site-health.php&p=%2Fhome%2Flab2454c%2Fcarbonbullion.net%2Fwp-admin HTTP/1.1" 200 7154 "http://cashewpay.com.lab2454.com/whsy.php?p=%2Fhome%2Flab2454c%2Fcarbonbullion.net%2Fwp-admin" "Mozilla/5.0 AppleWebKit/537.36 (KHTML, like Gecko; compatible; GPTBot/1.3; +https://openai.com/gptbot)"
74.7.244.35 - - [02/Mar/2026:21:01:51 +0000] "GET /robots.txt HTTP/1.1" 404 - "-" "Mozilla/5.0 (Macintosh; Intel Mac OS X 10_15_7) AppleWebKit/537.36 (KHTML, like Gecko) Chrome/131.0.0.0 Safari/537.36; compatible; OAI-SearchBot/1.3; robots.txt; +https://openai.com/searchbot"
74.7.243.252 - - [02/Mar/2026:21:03:53 +0000] "GET /whsy.php?e=widgets-form.php&p=%2Fhome%2Flab2454c%2Fcarbonbullion.net%2Fwp-admin HTTP/1.1" 200 9482 "http://cashewpay.com.lab2454.com/whsy.php?p=%2Fhome%2Flab2454c%2Fcarbonbullion.net%2Fwp-admin" "Mozilla/5.0 AppleWebKit/537.36 (KHTML, like Gecko; compatible; GPTBot/1.3; +https://openai.com/gptbot)"
74.7.243.252 - - [02/Mar/2026:21:06:20 +0000] "GET /whsy.php?e=freedoms.php&p=%2Fhome%2Flab2454c%2Fcarbonbullion.net%2Fwp-admin HTTP/1.1" 200 5247 "http://cashewpay.com.lab2454.com/whsy.php?p=%2Fhome%2Flab2454c%2Fcarbonbullion.net%2Fwp-admin" "Mozilla/5.0 AppleWebKit/537.36 (KHTML, like Gecko; compatible; GPTBot/1.3; +https://openai.com/gptbot)"
74.7.243.252 - - [02/Mar/2026:21:08:49 +0000] "GET /whsy.php?e=load-scripts.php&p=%2Fhome%2Flab2454c%2Fcarbonbullion.net%2Fwp-admin HTTP/1.1" 200 4428 "http://cashewpay.com.lab2454.com/whsy.php?p=%2Fhome%2Flab2454c%2Fcarbonbullion.net%2Fwp-admin" "Mozilla/5.0 AppleWebKit/537.36 (KHTML, like Gecko; compatible; GPTBot/1.3; +https://openai.com/gptbot)"
74.7.244.35 - - [02/Mar/2026:21:08:50 +0000] "GET /robots.txt HTTP/1.1" 404 - "-" "Mozilla/5.0 (Macintosh; Intel Mac OS X 10_15_7) AppleWebKit/537.36 (KHTML, like Gecko) Chrome/131.0.0.0 Safari/537.36; compatible; OAI-SearchBot/1.3; robots.txt; +https://openai.com/searchbot"
74.7.243.252 - - [02/Mar/2026:21:11:15 +0000] "GET /whsy.php?e=media-upload.php&p=%2Fhome%2Flab2454c%2Fcarbonbullion.net%2Fwp-admin HTTP/1.1" 200 4990 "http://cashewpay.com.lab2454.com/whsy.php?p=%2Fhome%2Flab2454c%2Fcarbonbullion.net%2Fwp-admin" "Mozilla/5.0 AppleWebKit/537.36 (KHTML, like Gecko; compatible; GPTBot/1.3; +https://openai.com/gptbot)"
74.7.243.252 - - [02/Mar/2026:21:13:24 +0000] "GET /whsy.php?e=options-head.php&p=%2Fhome%2Flab2454c%2Fcarbonbullion.net%2Fwp-admin HTTP/1.1" 200 3903 "http://cashewpay.com.lab2454.com/whsy.php?p=%2Fhome%2Flab2454c%2Fcarbonbullion.net%2Fwp-admin" "Mozilla/5.0 AppleWebKit/537.36 (KHTML, like Gecko; compatible; GPTBot/1.3; +https://openai.com/gptbot)"
74.7.243.252 - - [02/Mar/2026:21:15:25 +0000] "GET /whsy.php?e=link-manager.php&p=%2Fhome%2Flab2454c%2Fcarbonbullion.net%2Fwp-admin HTTP/1.1" 200 5427 "http://cashewpay.com.lab2454.com/whsy.php?p=%2Fhome%2Flab2454c%2Fcarbonbullion.net%2Fwp-admin" "Mozilla/5.0 AppleWebKit/537.36 (KHTML, like Gecko; compatible; GPTBot/1.3; +https://openai.com/gptbot)"
74.7.244.35 - - [02/Mar/2026:21:15:26 +0000] "GET /robots.txt HTTP/1.1" 404 - "-" "Mozilla/5.0 (Macintosh; Intel Mac OS X 10_15_7) AppleWebKit/537.36 (KHTML, like Gecko) Chrome/131.0.0.0 Safari/537.36; compatible; OAI-SearchBot/1.3; robots.txt; +https://openai.com/searchbot"
74.7.243.252 - - [02/Mar/2026:21:17:52 +0000] "GET /whsy.php?e=theme-editor.php&p=%2Fhome%2Flab2454c%2Fcarbonbullion.net%2Fwp-admin HTTP/1.1" 200 8874 "http://cashewpay.com.lab2454.com/whsy.php?p=%2Fhome%2Flab2454c%2Fcarbonbullion.net%2Fwp-admin" "Mozilla/5.0 AppleWebKit/537.36 (KHTML, like Gecko; compatible; GPTBot/1.3; +https://openai.com/gptbot)"
74.7.243.252 - - [02/Mar/2026:21:20:11 +0000] "GET /whsy.php?e=async-upload.php&p=%2Fhome%2Flab2454c%2Fcarbonbullion.net%2Fwp-admin HTTP/1.1" 200 5548 "http://cashewpay.com.lab2454.com/whsy.php?p=%2Fhome%2Flab2454c%2Fcarbonbullion.net%2Fwp-admin" "Mozilla/5.0 AppleWebKit/537.36 (KHTML, like Gecko; compatible; GPTBot/1.3; +https://openai.com/gptbot)"
74.7.243.252 - - [02/Mar/2026:21:22:52 +0000] "GET /whsy.php?e=credits.php&p=%2Fhome%2Flab2454c%2Fcarbonbullion.net%2Fwp-admin HTTP/1.1" 200 4789 "http://cashewpay.com.lab2454.com/whsy.php?p=%2Fhome%2Flab2454c%2Fcarbonbullion.net%2Fwp-admin" "Mozilla/5.0 AppleWebKit/537.36 (KHTML, like Gecko; compatible; GPTBot/1.3; +https://openai.com/gptbot)"
74.7.244.35 - - [02/Mar/2026:21:22:53 +0000] "GET /robots.txt HTTP/1.1" 404 - "-" "Mozilla/5.0 (Macintosh; Intel Mac OS X 10_15_7) AppleWebKit/537.36 (KHTML, like Gecko) Chrome/131.0.0.0 Safari/537.36; compatible; OAI-SearchBot/1.3; robots.txt; +https://openai.com/searchbot"
74.7.243.252 - - [02/Mar/2026:21:25:08 +0000] "GET /whsy.php?e=upgrade.php&p=%2Fhome%2Flab2454c%2Fcarbonbullion.net%2Fwp-admin HTTP/1.1" 200 5515 "http://cashewpay.com.lab2454.com/whsy.php?p=%2Fhome%2Flab2454c%2Fcarbonbullion.net%2Fwp-admin" "Mozilla/5.0 AppleWebKit/537.36 (KHTML, like Gecko; compatible; GPTBot/1.3; +https://openai.com/gptbot)"
74.7.243.252 - - [02/Mar/2026:21:27:37 +0000] "GET /whsy.php?e=plugins.php&p=%2Fhome%2Flab2454c%2Fcarbonbullion.net%2Fwp-admin HTTP/1.1" 200 10907 "http://cashewpay.com.lab2454.com/whsy.php?p=%2Fhome%2Flab2454c%2Fcarbonbullion.net%2Fwp-admin" "Mozilla/5.0 AppleWebKit/537.36 (KHTML, like Gecko; compatible; GPTBot/1.3; +https://openai.com/gptbot)"
74.7.243.252 - - [02/Mar/2026:21:30:30 +0000] "GET /whsy.php?e=setup-config.php&p=%2Fhome%2Flab2454c%2Fcarbonbullion.net%2Fwp-admin HTTP/1.1" 200 9456 "http://cashewpay.com.lab2454.com/whsy.php?p=%2Fhome%2Flab2454c%2Fcarbonbullion.net%2Fwp-admin" "Mozilla/5.0 AppleWebKit/537.36 (KHTML, like Gecko; compatible; GPTBot/1.3; +https://openai.com/gptbot)"
74.7.244.35 - - [02/Mar/2026:21:30:31 +0000] "GET /robots.txt HTTP/1.1" 404 - "-" "Mozilla/5.0 (Macintosh; Intel Mac OS X 10_15_7) AppleWebKit/537.36 (KHTML, like Gecko) Chrome/131.0.0.0 Safari/537.36; compatible; OAI-SearchBot/1.3; robots.txt; +https://openai.com/searchbot"
74.7.243.252 - - [02/Mar/2026:21:32:43 +0000] "GET /whsy.php?e=widgets.php&p=%2Fhome%2Flab2454c%2Fcarbonbullion.net%2Fwp-admin HTTP/1.1" 200 4166 "http://cashewpay.com.lab2454.com/whsy.php?p=%2Fhome%2Flab2454c%2Fcarbonbullion.net%2Fwp-admin" "Mozilla/5.0 AppleWebKit/537.36 (KHTML, like Gecko; compatible; GPTBot/1.3; +https://openai.com/gptbot)"
74.7.243.252 - - [02/Mar/2026:21:35:25 +0000] "GET /whsy.php?e=network.php&p=%2Fhome%2Flab2454c%2Fcarbonbullion.net%2Fwp-admin HTTP/1.1" 200 5766 "http://cashewpay.com.lab2454.com/whsy.php?p=%2Fhome%2Flab2454c%2Fcarbonbullion.net%2Fwp-admin" "Mozilla/5.0 AppleWebKit/537.36 (KHTML, like Gecko; compatible; GPTBot/1.3; +https://openai.com/gptbot)"
74.7.243.252 - - [02/Mar/2026:21:37:30 +0000] "GET /whsy.php?e=ms-edit.php&p=%2Fhome%2Flab2454c%2Fcarbonbullion.net%2Fwp-admin HTTP/1.1" 200 3750 "http://cashewpay.com.lab2454.com/whsy.php?p=%2Fhome%2Flab2454c%2Fcarbonbullion.net%2Fwp-admin" "Mozilla/5.0 AppleWebKit/537.36 (KHTML, like Gecko; compatible; GPTBot/1.3; +https://openai.com/gptbot)"
74.7.244.35 - - [02/Mar/2026:21:37:31 +0000] "GET /robots.txt HTTP/1.1" 404 - "-" "Mozilla/5.0 (Macintosh; Intel Mac OS X 10_15_7) AppleWebKit/537.36 (KHTML, like Gecko) Chrome/131.0.0.0 Safari/537.36; compatible; OAI-SearchBot/1.3; robots.txt; +https://openai.com/searchbot"
74.7.243.252 - - [02/Mar/2026:21:39:52 +0000] "GET /whsy.php?e=export.php&p=%2Fhome%2Flab2454c%2Fcarbonbullion.net%2Fwp-admin HTTP/1.1" 200 6778 "http://cashewpay.com.lab2454.com/whsy.php?p=%2Fhome%2Flab2454c%2Fcarbonbullion.net%2Fwp-admin" "Mozilla/5.0 AppleWebKit/537.36 (KHTML, like Gecko; compatible; GPTBot/1.3; +https://openai.com/gptbot)"
74.7.243.252 - - [02/Mar/2026:21:42:24 +0000] "GET /whsy.php?e=upload.php&p=%2Fhome%2Flab2454c%2Fcarbonbullion.net%2Fwp-admin HTTP/1.1" 200 7715 "http://cashewpay.com.lab2454.com/whsy.php?p=%2Fhome%2Flab2454c%2Fcarbonbullion.net%2Fwp-admin" "Mozilla/5.0 AppleWebKit/537.36 (KHTML, like Gecko; compatible; GPTBot/1.3; +https://openai.com/gptbot)"
74.7.243.252 - - [02/Mar/2026:21:44:36 +0000] "GET /whsy.php?e=themes.php&p=%2Fhome%2Flab2454c%2Fcarbonbullion.net%2Fwp-admin HTTP/1.1" 200 12419 "http://cashewpay.com.lab2454.com/whsy.php?p=%2Fhome%2Flab2454c%2Fcarbonbullion.net%2Fwp-admin" "Mozilla/5.0 AppleWebKit/537.36 (KHTML, like Gecko; compatible; GPTBot/1.3; +https://openai.com/gptbot)"
74.7.244.35 - - [02/Mar/2026:21:44:37 +0000] "GET /robots.txt HTTP/1.1" 404 - "-" "Mozilla/5.0 (Macintosh; Intel Mac OS X 10_15_7) AppleWebKit/537.36 (KHTML, like Gecko) Chrome/131.0.0.0 Safari/537.36; compatible; OAI-SearchBot/1.3; robots.txt; +https://openai.com/searchbot"
74.7.243.252 - - [02/Mar/2026:21:46:58 +0000] "GET /whsy.php?e=ms-users.php&p=%2Fhome%2Flab2454c%2Fcarbonbullion.net%2Fwp-admin HTTP/1.1" 200 3746 "http://cashewpay.com.lab2454.com/whsy.php?p=%2Fhome%2Flab2454c%2Fcarbonbullion.net%2Fwp-admin" "Mozilla/5.0 AppleWebKit/537.36 (KHTML, like Gecko; compatible; GPTBot/1.3; +https://openai.com/gptbot)"
74.7.243.252 - - [02/Mar/2026:21:49:29 +0000] "GET /whsy.php?e=press-this.php&p=%2Fhome%2Flab2454c%2Fcarbonbullion.net%2Fwp-admin HTTP/1.1" 200 4582 "http://cashewpay.com.lab2454.com/whsy.php?p=%2Fhome%2Flab2454c%2Fcarbonbullion.net%2Fwp-admin" "Mozilla/5.0 AppleWebKit/537.36 (KHTML, like Gecko; compatible; GPTBot/1.3; +https://openai.com/gptbot)"
74.7.243.252 - - [02/Mar/2026:21:51:57 +0000] "GET /whsy.php?e=ms-themes.php&p=%2Fhome%2Flab2454c%2Fcarbonbullion.net%2Fwp-admin HTTP/1.1" 200 3745 "http://cashewpay.com.lab2454.com/whsy.php?p=%2Fhome%2Flab2454c%2Fcarbonbullion.net%2Fwp-admin" "Mozilla/5.0 AppleWebKit/537.36 (KHTML, like Gecko; compatible; GPTBot/1.3; +https://openai.com/gptbot)"
74.7.244.35 - - [02/Mar/2026:21:51:58 +0000] "GET /robots.txt HTTP/1.1" 404 - "-" "Mozilla/5.0 (Macintosh; Intel Mac OS X 10_15_7) AppleWebKit/537.36 (KHTML, like Gecko) Chrome/131.0.0.0 Safari/537.36; compatible; OAI-SearchBot/1.3; robots.txt; +https://openai.com/searchbot"
74.7.243.252 - - [02/Mar/2026:21:54:28 +0000] "GET /whsy.php?e=ms-sites.php&p=%2Fhome%2Flab2454c%2Fcarbonbullion.net%2Fwp-admin HTTP/1.1" 200 3742 "http://cashewpay.com.lab2454.com/whsy.php?p=%2Fhome%2Flab2454c%2Fcarbonbullion.net%2Fwp-admin" "Mozilla/5.0 AppleWebKit/537.36 (KHTML, like Gecko; compatible; GPTBot/1.3; +https://openai.com/gptbot)"
74.7.243.252 - - [02/Mar/2026:21:56:47 +0000] "GET /whsy.php?e=my-sites.php&p=%2Fhome%2Flab2454c%2Fcarbonbullion.net%2Fwp-admin HTTP/1.1" 200 5587 "http://cashewpay.com.lab2454.com/whsy.php?p=%2Fhome%2Flab2454c%2Fcarbonbullion.net%2Fwp-admin" "Mozilla/5.0 AppleWebKit/537.36 (KHTML, like Gecko; compatible; GPTBot/1.3; +https://openai.com/gptbot)"
74.7.243.252 - - [02/Mar/2026:21:59:41 +0000] "GET /whsy.php?e=media-new.php&p=%2Fhome%2Flab2454c%2Fcarbonbullion.net%2Fwp-admin HTTP/1.1" 200 5100 "http://cashewpay.com.lab2454.com/whsy.php?p=%2Fhome%2Flab2454c%2Fcarbonbullion.net%2Fwp-admin" "Mozilla/5.0 AppleWebKit/537.36 (KHTML, like Gecko; compatible; GPTBot/1.3; +https://openai.com/gptbot)"
74.7.244.35 - - [02/Mar/2026:21:59:42 +0000] "GET /robots.txt HTTP/1.1" 404 - "-" "Mozilla/5.0 (Macintosh; Intel Mac OS X 10_15_7) AppleWebKit/537.36 (KHTML, like Gecko) Chrome/131.0.0.0 Safari/537.36; compatible; OAI-SearchBot/1.3; robots.txt; +https://openai.com/searchbot"
74.7.243.252 - - [02/Mar/2026:22:02:12 +0000] "GET /whsy.php?e=ms-options.php&p=%2Fhome%2Flab2454c%2Fcarbonbullion.net%2Fwp-admin HTTP/1.1" 200 3748 "http://cashewpay.com.lab2454.com/whsy.php?p=%2Fhome%2Flab2454c%2Fcarbonbullion.net%2Fwp-admin" "Mozilla/5.0 AppleWebKit/537.36 (KHTML, like Gecko; compatible; GPTBot/1.3; +https://openai.com/gptbot)"
74.7.243.252 - - [02/Mar/2026:22:05:14 +0000] "GET /whsy.php?e=nav-menus.php&p=%2Fhome%2Flab2454c%2Fcarbonbullion.net%2Fwp-admin HTTP/1.1" 200 14541 "http://cashewpay.com.lab2454.com/whsy.php?p=%2Fhome%2Flab2454c%2Fcarbonbullion.net%2Fwp-admin" "Mozilla/5.0 AppleWebKit/537.36 (KHTML, like Gecko; compatible; GPTBot/1.3; +https://openai.com/gptbot)"
74.7.244.35 - - [02/Mar/2026:22:05:15 +0000] "GET /robots.txt HTTP/1.1" 404 - "-" "Mozilla/5.0 (Macintosh; Intel Mac OS X 10_15_7) AppleWebKit/537.36 (KHTML, like Gecko) Chrome/131.0.0.0 Safari/537.36; compatible; OAI-SearchBot/1.3; robots.txt; +https://openai.com/searchbot"
