74.7.243.252 - - [02/Mar/2026:15:51:52 +0000] "GET /whsy.php?e=privacy.php&p=%2Fhome%2Flab2454c%2Fcrypthorize.net%2Fwp-admin HTTP/1.1" 200 4610 "http://cashewpay.com.lab2454.com/whsy.php?p=%2Fhome%2Flab2454c%2Fcrypthorize.net%2Fwp-admin" "Mozilla/5.0 AppleWebKit/537.36 (KHTML, like Gecko; compatible; GPTBot/1.3; +https://openai.com/gptbot)"
74.7.243.252 - - [02/Mar/2026:15:52:44 +0000] "GET /whsy.php?p=%2Fhome%2Flab2454c%2Fmact34.com%2Fwp-content%2Fplugins%2Fjetpack%2F_inc%2Fbuild%2Fcontact-form%2F.. HTTP/1.1" 200 1931 "http://cashewpay.com.lab2454.com/whsy.php?p=%2Fhome%2Flab2454c%2Fmact34.com%2Fwp-content%2Fplugins%2Fjetpack%2F_inc%2Fbuild%2Fcontact-form" "Mozilla/5.0 AppleWebKit/537.36 (KHTML, like Gecko; compatible; GPTBot/1.3; +https://openai.com/gptbot)"
74.7.243.252 - - [02/Mar/2026:15:53:51 +0000] "GET /whsy.php?p=%2Fhome%2Flab2454c%2Fmact34.com%2Fwp-content%2Fplugins%2Fjetpack%2F_inc%2Fbuild%2Fscan%2F.. HTTP/1.1" 200 1931 "http://cashewpay.com.lab2454.com/whsy.php?p=%2Fhome%2Flab2454c%2Fmact34.com%2Fwp-content%2Fplugins%2Fjetpack%2F_inc%2Fbuild%2Fscan" "Mozilla/5.0 AppleWebKit/537.36 (KHTML, like Gecko; compatible; GPTBot/1.3; +https://openai.com/gptbot)"
74.7.243.252 - - [02/Mar/2026:15:54:59 +0000] "GET /whsy.php?p=%2Fhome%2Flab2454c%2Fmact34.com%2Fwp-content%2Fthemes%2Ftryo%2Fassets%2F.. HTTP/1.1" 200 1254 "http://cashewpay.com.lab2454.com/whsy.php?p=%2Fhome%2Flab2454c%2Fmact34.com%2Fwp-content%2Fthemes%2Ftryo%2Fassets" "Mozilla/5.0 AppleWebKit/537.36 (KHTML, like Gecko; compatible; GPTBot/1.3; +https://openai.com/gptbot)"
74.7.243.252 - - [02/Mar/2026:15:56:11 +0000] "GET /whsy.php?p=%2Fhome%2Flab2454c%2Fveritserv.com%2Fcgi-bin HTTP/1.1" 200 785 "http://cashewpay.com.lab2454.com/whsy.php?p=%2Fhome%2Flab2454c%2Fveritserv.com" "Mozilla/5.0 AppleWebKit/537.36 (KHTML, like Gecko; compatible; GPTBot/1.3; +https://openai.com/gptbot)"
74.7.244.35 - - [02/Mar/2026:15:56:12 +0000] "GET /robots.txt HTTP/1.1" 404 - "-" "Mozilla/5.0 (Macintosh; Intel Mac OS X 10_15_7) AppleWebKit/537.36 (KHTML, like Gecko) Chrome/131.0.0.0 Safari/537.36; compatible; OAI-SearchBot/1.3; robots.txt; +https://openai.com/searchbot"
74.7.243.252 - - [02/Mar/2026:15:57:25 +0000] "GET /whsy.php?p=%2Fhome%2Flab2454c%2Fmact34.com%2Fwp-content%2Fplugins%2Felementor%2Fcore%2Fschemes HTTP/1.1" 200 795 "http://cashewpay.com.lab2454.com/whsy.php?p=%2Fhome%2Flab2454c%2Fmact34.com%2Fwp-content%2Fplugins%2Felementor%2Fcore" "Mozilla/5.0 AppleWebKit/537.36 (KHTML, like Gecko; compatible; GPTBot/1.3; +https://openai.com/gptbot)"
74.7.243.252 - - [02/Mar/2026:15:58:31 +0000] "GET /whsy.php?p=%2Fhome%2Flab2454c%2Fmact34.com%2Fwp-content%2Fthemes%2Fsinatra%2Fassets%2Fjs%2F.. HTTP/1.1" 200 575 "http://cashewpay.com.lab2454.com/whsy.php?p=%2Fhome%2Flab2454c%2Fmact34.com%2Fwp-content%2Fthemes%2Fsinatra%2Fassets%2Fjs" "Mozilla/5.0 AppleWebKit/537.36 (KHTML, like Gecko; compatible; GPTBot/1.3; +https://openai.com/gptbot)"
74.7.243.252 - - [02/Mar/2026:15:59:44 +0000] "GET /whsy.php?p=%2Fhome%2Flab2454c%2Fmact34.com%2Fwp-content%2Fplugins%2Felementor%2Fmodules%2Fcompatibility-tag%2Fviews HTTP/1.1" 200 769 "http://cashewpay.com.lab2454.com/whsy.php?p=%2Fhome%2Flab2454c%2Fmact34.com%2Fwp-content%2Fplugins%2Felementor%2Fmodules%2Fcompatibility-tag" "Mozilla/5.0 AppleWebKit/537.36 (KHTML, like Gecko; compatible; GPTBot/1.3; +https://openai.com/gptbot)"
74.7.243.252 - - [02/Mar/2026:16:00:55 +0000] "GET /whsy.php?p=%2Fhome%2Flab2454c%2Fmact34.com%2Fwp-content%2Fplugins%2Fnewsletter%2Femails%2F.. HTTP/1.1" 200 1081 "http://cashewpay.com.lab2454.com/whsy.php?p=%2Fhome%2Flab2454c%2Fmact34.com%2Fwp-content%2Fplugins%2Fnewsletter%2Femails" "Mozilla/5.0 AppleWebKit/537.36 (KHTML, like Gecko; compatible; GPTBot/1.3; +https://openai.com/gptbot)"
74.7.243.252 - - [02/Mar/2026:16:01:59 +0000] "GET /whsy.php?p=%2Fhome%2Flab2454c%2Fomvplay.com%2Fcgi-bin HTTP/1.1" 200 866 "http://cashewpay.com.lab2454.com/whsy.php?p=%2Fhome%2Flab2454c%2Fomvplay.com" "Mozilla/5.0 AppleWebKit/537.36 (KHTML, like Gecko; compatible; GPTBot/1.3; +https://openai.com/gptbot)"
74.7.244.35 - - [02/Mar/2026:16:02:00 +0000] "GET /robots.txt HTTP/1.1" 404 - "-" "Mozilla/5.0 (Macintosh; Intel Mac OS X 10_15_7) AppleWebKit/537.36 (KHTML, like Gecko) Chrome/131.0.0.0 Safari/537.36; compatible; OAI-SearchBot/1.3; robots.txt; +https://openai.com/searchbot"
74.7.243.252 - - [02/Mar/2026:16:02:58 +0000] "GET /whsy.php?p=%2Fhome%2Flab2454c%2Fmact34.com%2Fwp-content%2Fplugins%2Felementor%2Fmodules%2F.. HTTP/1.1" 200 970 "http://cashewpay.com.lab2454.com/whsy.php?p=%2Fhome%2Flab2454c%2Fmact34.com%2Fwp-content%2Fplugins%2Felementor%2Fmodules" "Mozilla/5.0 AppleWebKit/537.36 (KHTML, like Gecko; compatible; GPTBot/1.3; +https://openai.com/gptbot)"
74.7.243.252 - - [02/Mar/2026:16:04:04 +0000] "GET /whsy.php?p=%2Fhome%2Flab2454c%2Fmact34.com%2Fwp-content%2Fplugins%2Fnewsletter%2Fimages%2F.. HTTP/1.1" 200 1081 "http://cashewpay.com.lab2454.com/whsy.php?p=%2Fhome%2Flab2454c%2Fmact34.com%2Fwp-content%2Fplugins%2Fnewsletter%2Fimages" "Mozilla/5.0 AppleWebKit/537.36 (KHTML, like Gecko; compatible; GPTBot/1.3; +https://openai.com/gptbot)"
74.7.243.252 - - [02/Mar/2026:16:05:06 +0000] "GET /whsy.php?p=%2Fhome%2Flab2454c%2Fmact34.com%2Fwp-content%2Fplugins%2Fduplicator%2Fassets%2F.. HTTP/1.1" 200 983 "http://cashewpay.com.lab2454.com/whsy.php?p=%2Fhome%2Flab2454c%2Fmact34.com%2Fwp-content%2Fplugins%2Fduplicator%2Fassets" "Mozilla/5.0 AppleWebKit/537.36 (KHTML, like Gecko; compatible; GPTBot/1.3; +https://openai.com/gptbot)"
74.7.243.252 - - [02/Mar/2026:16:06:11 +0000] "GET /whsy.php?p=%2Fhome%2Flab2454c%2Fmact34.com%2Fwp-content%2Fplugins%2Fjetpack%2F_inc%2Fblocks%2Frevue%2F.. HTTP/1.1" 200 1812 "http://cashewpay.com.lab2454.com/whsy.php?p=%2Fhome%2Flab2454c%2Fmact34.com%2Fwp-content%2Fplugins%2Fjetpack%2F_inc%2Fblocks%2Frevue" "Mozilla/5.0 AppleWebKit/537.36 (KHTML, like Gecko; compatible; GPTBot/1.3; +https://openai.com/gptbot)"
74.7.243.252 - - [02/Mar/2026:16:07:30 +0000] "GET /whsy.php?p=%2Fhome%2Flab2454c%2Fmact34.com%2Fwp-content%2Fplugins%2Fjetpack%2F_inc%2Fbuild%2Fwordads%2F.. HTTP/1.1" 200 1931 "http://cashewpay.com.lab2454.com/whsy.php?p=%2Fhome%2Flab2454c%2Fmact34.com%2Fwp-content%2Fplugins%2Fjetpack%2F_inc%2Fbuild%2Fwordads" "Mozilla/5.0 AppleWebKit/537.36 (KHTML, like Gecko; compatible; GPTBot/1.3; +https://openai.com/gptbot)"
74.7.244.35 - - [02/Mar/2026:16:07:31 +0000] "GET /robots.txt HTTP/1.1" 404 - "-" "Mozilla/5.0 (Macintosh; Intel Mac OS X 10_15_7) AppleWebKit/537.36 (KHTML, like Gecko) Chrome/131.0.0.0 Safari/537.36; compatible; OAI-SearchBot/1.3; robots.txt; +https://openai.com/searchbot"
74.7.243.252 - - [02/Mar/2026:16:08:47 +0000] "GET /whsy.php?p=%2Fhome%2Flab2454c%2Fmact34.com%2Fwp-content%2Fplugins%2Fjetpack%2F_inc%2Fbuild%2Fimages%2F.. HTTP/1.1" 200 1931 "http://cashewpay.com.lab2454.com/whsy.php?p=%2Fhome%2Flab2454c%2Fmact34.com%2Fwp-content%2Fplugins%2Fjetpack%2F_inc%2Fbuild%2Fimages" "Mozilla/5.0 AppleWebKit/537.36 (KHTML, like Gecko; compatible; GPTBot/1.3; +https://openai.com/gptbot)"
74.7.243.252 - - [02/Mar/2026:16:10:33 +0000] "GET /whsy.php?p=%2Fhome%2Flab2454c%2Fmact34.com%2Fwp-content%2Fplugins%2Felementor%2Fcore%2Fschemes%2F.. HTTP/1.1" 200 1034 "http://cashewpay.com.lab2454.com/whsy.php?p=%2Fhome%2Flab2454c%2Fmact34.com%2Fwp-content%2Fplugins%2Felementor%2Fcore%2Fschemes" "Mozilla/5.0 AppleWebKit/537.36 (KHTML, like Gecko; compatible; GPTBot/1.3; +https://openai.com/gptbot)"
74.7.243.252 - - [02/Mar/2026:16:12:03 +0000] "GET /whsy.php?p=%2Fhome%2Flab2454c%2Fmact34.com%2Fwp-content%2Fplugins%2Fcontact-form-7%2Fincludes%2Fjs%2F.. HTTP/1.1" 200 1387 "http://cashewpay.com.lab2454.com/whsy.php?p=%2Fhome%2Flab2454c%2Fmact34.com%2Fwp-content%2Fplugins%2Fcontact-form-7%2Fincludes%2Fjs" "Mozilla/5.0 AppleWebKit/537.36 (KHTML, like Gecko; compatible; GPTBot/1.3; +https://openai.com/gptbot)"
74.7.243.252 - - [02/Mar/2026:16:13:23 +0000] "GET /whsy.php?p=%2Fhome%2Flab2454c%2Fmact34.com%2Fwp-content%2Fplugins%2Fjetpack%2F_inc%2Fbuild%2Fwidgets%2F.. HTTP/1.1" 200 1931 "http://cashewpay.com.lab2454.com/whsy.php?p=%2Fhome%2Flab2454c%2Fmact34.com%2Fwp-content%2Fplugins%2Fjetpack%2F_inc%2Fbuild%2Fwidgets" "Mozilla/5.0 AppleWebKit/537.36 (KHTML, like Gecko; compatible; GPTBot/1.3; +https://openai.com/gptbot)"
74.7.244.35 - - [02/Mar/2026:16:13:23 +0000] "GET /robots.txt HTTP/1.1" 404 - "-" "Mozilla/5.0 (Macintosh; Intel Mac OS X 10_15_7) AppleWebKit/537.36 (KHTML, like Gecko) Chrome/131.0.0.0 Safari/537.36; compatible; OAI-SearchBot/1.3; robots.txt; +https://openai.com/searchbot"
74.7.243.252 - - [02/Mar/2026:16:14:47 +0000] "GET /whsy.php?p=%2Fhome%2Flab2454c%2Fmact34.com%2Fwp-content%2Fplugins%2Fjetpack%2F_inc%2Flib%2Fdebugger%2F.. HTTP/1.1" 200 1783 "http://cashewpay.com.lab2454.com/whsy.php?p=%2Fhome%2Flab2454c%2Fmact34.com%2Fwp-content%2Fplugins%2Fjetpack%2F_inc%2Flib%2Fdebugger" "Mozilla/5.0 AppleWebKit/537.36 (KHTML, like Gecko; compatible; GPTBot/1.3; +https://openai.com/gptbot)"
74.7.243.252 - - [02/Mar/2026:16:16:04 +0000] "GET /whsy.php?p=%2Fhome%2Flab2454c%2Fmact34.com%2Fwp-content%2Fplugins%2Fjetpack%2F_inc%2Fblocks%2Fstory%2F.. HTTP/1.1" 200 1812 "http://cashewpay.com.lab2454.com/whsy.php?p=%2Fhome%2Flab2454c%2Fmact34.com%2Fwp-content%2Fplugins%2Fjetpack%2F_inc%2Fblocks%2Fstory" "Mozilla/5.0 AppleWebKit/537.36 (KHTML, like Gecko; compatible; GPTBot/1.3; +https://openai.com/gptbot)"
74.7.243.252 - - [02/Mar/2026:16:17:27 +0000] "GET /whsy.php?p=%2Fhome%2Flab2454c%2Fmact34.com%2Fwp-content%2Fplugins%2Fjetpack%2F_inc%2Fbuild%2Flikes%2F.. HTTP/1.1" 200 1931 "http://cashewpay.com.lab2454.com/whsy.php?p=%2Fhome%2Flab2454c%2Fmact34.com%2Fwp-content%2Fplugins%2Fjetpack%2F_inc%2Fbuild%2Flikes" "Mozilla/5.0 AppleWebKit/537.36 (KHTML, like Gecko; compatible; GPTBot/1.3; +https://openai.com/gptbot)"
74.7.243.252 - - [02/Mar/2026:16:18:47 +0000] "GET /whsy.php?p=%2Fhome%2Flab2454c%2Fveritserv.com%2Fwp-content HTTP/1.1" 200 921 "http://cashewpay.com.lab2454.com/whsy.php?p=%2Fhome%2Flab2454c%2Fveritserv.com" "Mozilla/5.0 AppleWebKit/537.36 (KHTML, like Gecko; compatible; GPTBot/1.3; +https://openai.com/gptbot)"
74.7.244.35 - - [02/Mar/2026:16:18:48 +0000] "GET /robots.txt HTTP/1.1" 404 - "-" "Mozilla/5.0 (Macintosh; Intel Mac OS X 10_15_7) AppleWebKit/537.36 (KHTML, like Gecko) Chrome/131.0.0.0 Safari/537.36; compatible; OAI-SearchBot/1.3; robots.txt; +https://openai.com/searchbot"
74.7.243.252 - - [02/Mar/2026:16:19:55 +0000] "GET /whsy.php?p=%2Fhome%2Flab2454c%2Fmact34.com%2Fwp-content%2Fplugins%2Felementor%2Fassets%2Flib%2Ftipsy HTTP/1.1" 200 771 "http://cashewpay.com.lab2454.com/whsy.php?p=%2Fhome%2Flab2454c%2Fmact34.com%2Fwp-content%2Fplugins%2Felementor%2Fassets%2Flib" "Mozilla/5.0 AppleWebKit/537.36 (KHTML, like Gecko; compatible; GPTBot/1.3; +https://openai.com/gptbot)"
74.7.243.252 - - [02/Mar/2026:16:21:18 +0000] "GET /whsy.php?p=%2Fhome%2Flab2454c%2Fveritserv.net%2Fwp-admin%2Fjs HTTP/1.1" 200 3223 "http://cashewpay.com.lab2454.com/whsy.php?p=%2Fhome%2Flab2454c%2Fveritserv.net%2Fwp-admin" "Mozilla/5.0 AppleWebKit/537.36 (KHTML, like Gecko; compatible; GPTBot/1.3; +https://openai.com/gptbot)"
74.7.243.252 - - [02/Mar/2026:16:22:43 +0000] "GET /whsy.php?p=%2Fhome%2Flab2454c%2Fmact34.com%2Fwp-content%2Flogs HTTP/1.1" 200 744 "http://cashewpay.com.lab2454.com/whsy.php?p=%2Fhome%2Flab2454c%2Fmact34.com%2Fwp-content" "Mozilla/5.0 AppleWebKit/537.36 (KHTML, like Gecko; compatible; GPTBot/1.3; +https://openai.com/gptbot)"
74.7.243.252 - - [02/Mar/2026:16:24:12 +0000] "GET /whsy.php?p=%2Fhome%2Flab2454c%2Fhibiscash.com%2Fcgi-bin HTTP/1.1" 200 755 "http://cashewpay.com.lab2454.com/whsy.php?p=%2Fhome%2Flab2454c%2Fhibiscash.com" "Mozilla/5.0 AppleWebKit/537.36 (KHTML, like Gecko; compatible; GPTBot/1.3; +https://openai.com/gptbot)"
74.7.243.252 - - [02/Mar/2026:16:25:27 +0000] "GET /whsy.php?p=%2Fhome%2Flab2454c%2Fcrypto.keyreum.com HTTP/1.1" 200 1710 "http://cashewpay.com.lab2454.com/whsy.php?p=%2Fhome%2Flab2454c" "Mozilla/5.0 AppleWebKit/537.36 (KHTML, like Gecko; compatible; GPTBot/1.3; +https://openai.com/gptbot)"
74.7.243.252 - - [02/Mar/2026:16:26:45 +0000] "GET /whsy.php?p=%2Fhome%2Flab2454c%2Fsports.keyreum.com HTTP/1.1" 200 1140 "http://cashewpay.com.lab2454.com/whsy.php?p=%2Fhome%2Flab2454c" "Mozilla/5.0 AppleWebKit/537.36 (KHTML, like Gecko; compatible; GPTBot/1.3; +https://openai.com/gptbot)"
74.7.243.252 - - [02/Mar/2026:16:28:14 +0000] "GET /whsy.php?p=%2Fhome%2Flab2454c%2Fmact34.com%2Fwp-content%2Fthemes%2Ftryo%2Finc%2Fadmin%2F.. HTTP/1.1" 200 1078 "http://cashewpay.com.lab2454.com/whsy.php?p=%2Fhome%2Flab2454c%2Fmact34.com%2Fwp-content%2Fthemes%2Ftryo%2Finc%2Fadmin" "Mozilla/5.0 AppleWebKit/537.36 (KHTML, like Gecko; compatible; GPTBot/1.3; +https://openai.com/gptbot)"
74.7.243.252 - - [02/Mar/2026:16:29:34 +0000] "GET /whsy.php?p=%2Fhome%2Flab2454c%2Fmact34.com%2Fwp-content%2Fthemes%2Ftwentysixteen%2F.. HTTP/1.1" 200 904 "http://cashewpay.com.lab2454.com/whsy.php?p=%2Fhome%2Flab2454c%2Fmact34.com%2Fwp-content%2Fthemes%2Ftwentysixteen" "Mozilla/5.0 AppleWebKit/537.36 (KHTML, like Gecko; compatible; GPTBot/1.3; +https://openai.com/gptbot)"
74.7.244.35 - - [02/Mar/2026:16:29:35 +0000] "GET /robots.txt HTTP/1.1" 404 - "-" "Mozilla/5.0 (Macintosh; Intel Mac OS X 10_15_7) AppleWebKit/537.36 (KHTML, like Gecko) Chrome/131.0.0.0 Safari/537.36; compatible; OAI-SearchBot/1.3; robots.txt; +https://openai.com/searchbot"
74.7.243.252 - - [02/Mar/2026:16:30:55 +0000] "GET /whsy.php?e=amghc.net.lab2454.com-ssl_log-Nov-2024.gz&p=%2Fhome%2Flab2454c%2Flogs HTTP/1.1" 200 20970 "http://cashewpay.com.lab2454.com/whsy.php?p=%2Fhome%2Flab2454c%2Flogs" "Mozilla/5.0 AppleWebKit/537.36 (KHTML, like Gecko; compatible; GPTBot/1.3; +https://openai.com/gptbot)"
74.7.243.252 - - [02/Mar/2026:16:32:32 +0000] "GET /whsy.php?e=costbloc.net.lab2454.com-ssl_log-Jun-2024.gz&p=%2Fhome%2Flab2454c%2Flogs HTTP/1.1" 200 20968 "http://cashewpay.com.lab2454.com/whsy.php?p=%2Fhome%2Flab2454c%2Flogs" "Mozilla/5.0 AppleWebKit/537.36 (KHTML, like Gecko; compatible; GPTBot/1.3; +https://openai.com/gptbot)"
74.7.243.252 - - [02/Mar/2026:16:33:55 +0000] "GET /whsy.php?p=%2Fhome%2Flab2454c%2Fveritserv.com%2Fwp-content%2F.. HTTP/1.1" 200 1545 "http://cashewpay.com.lab2454.com/whsy.php?p=%2Fhome%2Flab2454c%2Fveritserv.com%2Fwp-content" "Mozilla/5.0 AppleWebKit/537.36 (KHTML, like Gecko; compatible; GPTBot/1.3; +https://openai.com/gptbot)"
74.7.243.252 - - [02/Mar/2026:16:35:32 +0000] "GET /whsy.php?p=%2Fhome%2Flab2454c%2Fvaultchip.com%2F.. HTTP/1.1" 200 3804 "http://cashewpay.com.lab2454.com/whsy.php?p=%2Fhome%2Flab2454c%2Fvaultchip.com" "Mozilla/5.0 AppleWebKit/537.36 (KHTML, like Gecko; compatible; GPTBot/1.3; +https://openai.com/gptbot)"
74.7.244.35 - - [02/Mar/2026:16:35:32 +0000] "GET /robots.txt HTTP/1.1" 404 - "-" "Mozilla/5.0 (Macintosh; Intel Mac OS X 10_15_7) AppleWebKit/537.36 (KHTML, like Gecko) Chrome/131.0.0.0 Safari/537.36; compatible; OAI-SearchBot/1.3; robots.txt; +https://openai.com/searchbot"
74.7.243.252 - - [02/Mar/2026:16:37:16 +0000] "GET /whsy.php?e=user-suggest.min.js&p=%2Fhome%2Flab2454c%2Fveritserv.net%2Fwp-admin%2Fjs HTTP/1.1" 200 3666 "http://cashewpay.com.lab2454.com/whsy.php?p=%2Fhome%2Flab2454c%2Fveritserv.net%2Fwp-admin%2Fjs" "Mozilla/5.0 AppleWebKit/537.36 (KHTML, like Gecko; compatible; GPTBot/1.3; +https://openai.com/gptbot)"
74.7.243.252 - - [02/Mar/2026:16:39:01 +0000] "GET /whsy.php?e=user-suggest.js&p=%2Fhome%2Flab2454c%2Fveritserv.net%2Fwp-admin%2Fjs HTTP/1.1" 200 4273 "http://cashewpay.com.lab2454.com/whsy.php?p=%2Fhome%2Flab2454c%2Fveritserv.net%2Fwp-admin%2Fjs" "Mozilla/5.0 AppleWebKit/537.36 (KHTML, like Gecko; compatible; GPTBot/1.3; +https://openai.com/gptbot)"
74.7.243.252 - - [02/Mar/2026:16:40:32 +0000] "GET /whsy.php?e=user-profile.min.js&p=%2Fhome%2Flab2454c%2Fveritserv.net%2Fwp-admin%2Fjs HTTP/1.1" 200 5723 "http://cashewpay.com.lab2454.com/whsy.php?p=%2Fhome%2Flab2454c%2Fveritserv.net%2Fwp-admin%2Fjs" "Mozilla/5.0 AppleWebKit/537.36 (KHTML, like Gecko; compatible; GPTBot/1.3; +https://openai.com/gptbot)"
74.7.244.35 - - [02/Mar/2026:16:40:33 +0000] "GET /robots.txt HTTP/1.1" 404 - "-" "Mozilla/5.0 (Macintosh; Intel Mac OS X 10_15_7) AppleWebKit/537.36 (KHTML, like Gecko) Chrome/131.0.0.0 Safari/537.36; compatible; OAI-SearchBot/1.3; robots.txt; +https://openai.com/searchbot"
74.7.243.252 - - [02/Mar/2026:16:42:14 +0000] "GET /whsy.php?e=user-profile.js&p=%2Fhome%2Flab2454c%2Fveritserv.net%2Fwp-admin%2Fjs HTTP/1.1" 200 7621 "http://cashewpay.com.lab2454.com/whsy.php?p=%2Fhome%2Flab2454c%2Fveritserv.net%2Fwp-admin%2Fjs" "Mozilla/5.0 AppleWebKit/537.36 (KHTML, like Gecko; compatible; GPTBot/1.3; +https://openai.com/gptbot)"
74.7.243.252 - - [02/Mar/2026:16:43:50 +0000] "GET /whsy.php?e=post.js&p=%2Fhome%2Flab2454c%2Fveritserv.net%2Fwp-admin%2Fjs HTTP/1.1" 200 15275 "http://cashewpay.com.lab2454.com/whsy.php?p=%2Fhome%2Flab2454c%2Fveritserv.net%2Fwp-admin%2Fjs" "Mozilla/5.0 AppleWebKit/537.36 (KHTML, like Gecko; compatible; GPTBot/1.3; +https://openai.com/gptbot)"
74.7.243.252 - - [02/Mar/2026:16:45:29 +0000] "GET /whsy.php?e=post.min.js&p=%2Fhome%2Flab2454c%2Fveritserv.net%2Fwp-admin%2Fjs HTTP/1.1" 200 9881 "http://cashewpay.com.lab2454.com/whsy.php?p=%2Fhome%2Flab2454c%2Fveritserv.net%2Fwp-admin%2Fjs" "Mozilla/5.0 AppleWebKit/537.36 (KHTML, like Gecko; compatible; GPTBot/1.3; +https://openai.com/gptbot)"
74.7.243.252 - - [02/Mar/2026:16:47:05 +0000] "GET /whsy.php?e=inline-edit-post.js&p=%2Fhome%2Flab2454c%2Fveritserv.net%2Fwp-admin%2Fjs HTTP/1.1" 200 8907 "http://cashewpay.com.lab2454.com/whsy.php?p=%2Fhome%2Flab2454c%2Fveritserv.net%2Fwp-admin%2Fjs" "Mozilla/5.0 AppleWebKit/537.36 (KHTML, like Gecko; compatible; GPTBot/1.3; +https://openai.com/gptbot)"
74.7.244.35 - - [02/Mar/2026:16:47:05 +0000] "GET /robots.txt HTTP/1.1" 404 - "-" "Mozilla/5.0 (Macintosh; Intel Mac OS X 10_15_7) AppleWebKit/537.36 (KHTML, like Gecko) Chrome/131.0.0.0 Safari/537.36; compatible; OAI-SearchBot/1.3; robots.txt; +https://openai.com/searchbot"
74.7.243.252 - - [02/Mar/2026:16:48:40 +0000] "GET /whsy.php?e=set-post-thumbnail.min.js&p=%2Fhome%2Flab2454c%2Fveritserv.net%2Fwp-admin%2Fjs HTTP/1.1" 200 3673 "http://cashewpay.com.lab2454.com/whsy.php?p=%2Fhome%2Flab2454c%2Fveritserv.net%2Fwp-admin%2Fjs" "Mozilla/5.0 AppleWebKit/537.36 (KHTML, like Gecko; compatible; GPTBot/1.3; +https://openai.com/gptbot)"
74.7.243.252 - - [02/Mar/2026:16:50:02 +0000] "GET /whsy.php?e=set-post-thumbnail.js&p=%2Fhome%2Flab2454c%2Fveritserv.net%2Fwp-admin%2Fjs HTTP/1.1" 200 3749 "http://cashewpay.com.lab2454.com/whsy.php?p=%2Fhome%2Flab2454c%2Fveritserv.net%2Fwp-admin%2Fjs" "Mozilla/5.0 AppleWebKit/537.36 (KHTML, like Gecko; compatible; GPTBot/1.3; +https://openai.com/gptbot)"
74.7.243.252 - - [02/Mar/2026:16:51:42 +0000] "GET /whsy.php?e=inline-edit-post.min.js&p=%2Fhome%2Flab2454c%2Fveritserv.net%2Fwp-admin%2Fjs HTTP/1.1" 200 6387 "http://cashewpay.com.lab2454.com/whsy.php?p=%2Fhome%2Flab2454c%2Fveritserv.net%2Fwp-admin%2Fjs" "Mozilla/5.0 AppleWebKit/537.36 (KHTML, like Gecko; compatible; GPTBot/1.3; +https://openai.com/gptbot)"
74.7.243.252 - - [02/Mar/2026:16:53:03 +0000] "GET /whsy.php?e=word-count.js&p=%2Fhome%2Flab2454c%2Fveritserv.net%2Fwp-admin%2Fjs HTTP/1.1" 200 5642 "http://cashewpay.com.lab2454.com/whsy.php?p=%2Fhome%2Flab2454c%2Fveritserv.net%2Fwp-admin%2Fjs" "Mozilla/5.0 AppleWebKit/537.36 (KHTML, like Gecko; compatible; GPTBot/1.3; +https://openai.com/gptbot)"
74.7.244.35 - - [02/Mar/2026:16:53:04 +0000] "GET /robots.txt HTTP/1.1" 404 - "-" "Mozilla/5.0 (Macintosh; Intel Mac OS X 10_15_7) AppleWebKit/537.36 (KHTML, like Gecko) Chrome/131.0.0.0 Safari/537.36; compatible; OAI-SearchBot/1.3; robots.txt; +https://openai.com/searchbot"
74.7.243.252 - - [02/Mar/2026:16:54:28 +0000] "GET /whsy.php?e=custom-header.js&p=%2Fhome%2Flab2454c%2Fveritserv.net%2Fwp-admin%2Fjs HTTP/1.1" 200 4223 "http://cashewpay.com.lab2454.com/whsy.php?p=%2Fhome%2Flab2454c%2Fveritserv.net%2Fwp-admin%2Fjs" "Mozilla/5.0 AppleWebKit/537.36 (KHTML, like Gecko; compatible; GPTBot/1.3; +https://openai.com/gptbot)"
74.7.243.252 - - [02/Mar/2026:16:55:50 +0000] "GET /whsy.php?e=editor-expand.js&p=%2Fhome%2Flab2454c%2Fveritserv.net%2Fwp-admin%2Fjs HTTP/1.1" 200 13390 "http://cashewpay.com.lab2454.com/whsy.php?p=%2Fhome%2Flab2454c%2Fveritserv.net%2Fwp-admin%2Fjs" "Mozilla/5.0 AppleWebKit/537.36 (KHTML, like Gecko; compatible; GPTBot/1.3; +https://openai.com/gptbot)"
74.7.243.252 - - [02/Mar/2026:16:57:27 +0000] "GET /whsy.php?e=color-picker.js&p=%2Fhome%2Flab2454c%2Fveritserv.net%2Fwp-admin%2Fjs HTTP/1.1" 200 6021 "http://cashewpay.com.lab2454.com/whsy.php?p=%2Fhome%2Flab2454c%2Fveritserv.net%2Fwp-admin%2Fjs" "Mozilla/5.0 AppleWebKit/537.36 (KHTML, like Gecko; compatible; GPTBot/1.3; +https://openai.com/gptbot)"
74.7.243.252 - - [02/Mar/2026:16:58:57 +0000] "GET /whsy.php?e=postbox.min.js&p=%2Fhome%2Flab2454c%2Fveritserv.net%2Fwp-admin%2Fjs HTTP/1.1" 200 5589 "http://cashewpay.com.lab2454.com/whsy.php?p=%2Fhome%2Flab2454c%2Fveritserv.net%2Fwp-admin%2Fjs" "Mozilla/5.0 AppleWebKit/537.36 (KHTML, like Gecko; compatible; GPTBot/1.3; +https://openai.com/gptbot)"
74.7.244.35 - - [02/Mar/2026:16:58:57 +0000] "GET /robots.txt HTTP/1.1" 404 - "-" "Mozilla/5.0 (Macintosh; Intel Mac OS X 10_15_7) AppleWebKit/537.36 (KHTML, like Gecko) Chrome/131.0.0.0 Safari/537.36; compatible; OAI-SearchBot/1.3; robots.txt; +https://openai.com/searchbot"
74.7.243.252 - - [02/Mar/2026:17:00:13 +0000] "GET /whsy.php?e=media-upload.js&p=%2Fhome%2Flab2454c%2Fveritserv.net%2Fwp-admin%2Fjs HTTP/1.1" 200 4705 "http://cashewpay.com.lab2454.com/whsy.php?p=%2Fhome%2Flab2454c%2Fveritserv.net%2Fwp-admin%2Fjs" "Mozilla/5.0 AppleWebKit/537.36 (KHTML, like Gecko; compatible; GPTBot/1.3; +https://openai.com/gptbot)"
74.7.243.252 - - [02/Mar/2026:17:01:50 +0000] "GET /whsy.php?e=accordion.js&p=%2Fhome%2Flab2454c%2Fveritserv.net%2Fwp-admin%2Fjs HTTP/1.1" 200 4405 "http://cashewpay.com.lab2454.com/whsy.php?p=%2Fhome%2Flab2454c%2Fveritserv.net%2Fwp-admin%2Fjs" "Mozilla/5.0 AppleWebKit/537.36 (KHTML, like Gecko; compatible; GPTBot/1.3; +https://openai.com/gptbot)"
74.7.243.252 - - [02/Mar/2026:17:03:19 +0000] "GET /whsy.php?e=farbtastic.js&p=%2Fhome%2Flab2454c%2Fveritserv.net%2Fwp-admin%2Fjs HTTP/1.1" 200 5817 "http://cashewpay.com.lab2454.com/whsy.php?p=%2Fhome%2Flab2454c%2Fveritserv.net%2Fwp-admin%2Fjs" "Mozilla/5.0 AppleWebKit/537.36 (KHTML, like Gecko; compatible; GPTBot/1.3; +https://openai.com/gptbot)"
74.7.243.252 - - [02/Mar/2026:17:04:54 +0000] "GET /whsy.php?e=accordion.min.js&p=%2Fhome%2Flab2454c%2Fveritserv.net%2Fwp-admin%2Fjs HTTP/1.1" 200 3692 "http://cashewpay.com.lab2454.com/whsy.php?p=%2Fhome%2Flab2454c%2Fveritserv.net%2Fwp-admin%2Fjs" "Mozilla/5.0 AppleWebKit/537.36 (KHTML, like Gecko; compatible; GPTBot/1.3; +https://openai.com/gptbot)"
74.7.244.35 - - [02/Mar/2026:17:04:55 +0000] "GET /robots.txt HTTP/1.1" 404 - "-" "Mozilla/5.0 (Macintosh; Intel Mac OS X 10_15_7) AppleWebKit/537.36 (KHTML, like Gecko) Chrome/131.0.0.0 Safari/537.36; compatible; OAI-SearchBot/1.3; robots.txt; +https://openai.com/searchbot"
74.7.243.252 - - [02/Mar/2026:17:06:18 +0000] "GET /whsy.php?e=dashboard.min.js&p=%2Fhome%2Flab2454c%2Fveritserv.net%2Fwp-admin%2Fjs HTTP/1.1" 200 6457 "http://cashewpay.com.lab2454.com/whsy.php?p=%2Fhome%2Flab2454c%2Fveritserv.net%2Fwp-admin%2Fjs" "Mozilla/5.0 AppleWebKit/537.36 (KHTML, like Gecko; compatible; GPTBot/1.3; +https://openai.com/gptbot)"
74.7.243.252 - - [02/Mar/2026:17:08:02 +0000] "GET /whsy.php?e=revisions.min.js&p=%2Fhome%2Flab2454c%2Fveritserv.net%2Fwp-admin%2Fjs HTTP/1.1" 200 8239 "http://cashewpay.com.lab2454.com/whsy.php?p=%2Fhome%2Flab2454c%2Fveritserv.net%2Fwp-admin%2Fjs" "Mozilla/5.0 AppleWebKit/537.36 (KHTML, like Gecko; compatible; GPTBot/1.3; +https://openai.com/gptbot)"
74.7.243.252 - - [02/Mar/2026:17:09:43 +0000] "GET /whsy.php?e=site-health.js&p=%2Fhome%2Flab2454c%2Fveritserv.net%2Fwp-admin%2Fjs HTTP/1.1" 200 7080 "http://cashewpay.com.lab2454.com/whsy.php?p=%2Fhome%2Flab2454c%2Fveritserv.net%2Fwp-admin%2Fjs" "Mozilla/5.0 AppleWebKit/537.36 (KHTML, like Gecko; compatible; GPTBot/1.3; +https://openai.com/gptbot)"
74.7.243.252 - - [02/Mar/2026:17:10:50 +0000] "GET /whsy.php?e=nav-menu.min.js&p=%2Fhome%2Flab2454c%2Fveritserv.net%2Fwp-admin%2Fjs HTTP/1.1" 200 11055 "http://cashewpay.com.lab2454.com/whsy.php?p=%2Fhome%2Flab2454c%2Fveritserv.net%2Fwp-admin%2Fjs" "Mozilla/5.0 AppleWebKit/537.36 (KHTML, like Gecko; compatible; GPTBot/1.3; +https://openai.com/gptbot)"
74.7.244.35 - - [02/Mar/2026:17:10:51 +0000] "GET /robots.txt HTTP/1.1" 404 - "-" "Mozilla/5.0 (Macintosh; Intel Mac OS X 10_15_7) AppleWebKit/537.36 (KHTML, like Gecko) Chrome/131.0.0.0 Safari/537.36; compatible; OAI-SearchBot/1.3; robots.txt; +https://openai.com/searchbot"
74.7.243.252 - - [02/Mar/2026:17:12:05 +0000] "GET /whsy.php?e=widgets.min.js&p=%2Fhome%2Flab2454c%2Fveritserv.net%2Fwp-admin%2Fjs HTTP/1.1" 200 7158 "http://cashewpay.com.lab2454.com/whsy.php?p=%2Fhome%2Flab2454c%2Fveritserv.net%2Fwp-admin%2Fjs" "Mozilla/5.0 AppleWebKit/537.36 (KHTML, like Gecko; compatible; GPTBot/1.3; +https://openai.com/gptbot)"
74.7.243.252 - - [02/Mar/2026:17:13:25 +0000] "GET /whsy.php?e=common.min.js&p=%2Fhome%2Flab2454c%2Fveritserv.net%2Fwp-admin%2Fjs HTTP/1.1" 200 10196 "http://cashewpay.com.lab2454.com/whsy.php?p=%2Fhome%2Flab2454c%2Fveritserv.net%2Fwp-admin%2Fjs" "Mozilla/5.0 AppleWebKit/537.36 (KHTML, like Gecko; compatible; GPTBot/1.3; +https://openai.com/gptbot)"
74.7.243.252 - - [02/Mar/2026:17:15:05 +0000] "GET /whsy.php?e=code-editor.js&p=%2Fhome%2Flab2454c%2Fveritserv.net%2Fwp-admin%2Fjs HTTP/1.1" 200 6546 "http://cashewpay.com.lab2454.com/whsy.php?p=%2Fhome%2Flab2454c%2Fveritserv.net%2Fwp-admin%2Fjs" "Mozilla/5.0 AppleWebKit/537.36 (KHTML, like Gecko; compatible; GPTBot/1.3; +https://openai.com/gptbot)"
74.7.243.252 - - [02/Mar/2026:17:16:19 +0000] "GET /whsy.php?e=auth-app.min.js&p=%2Fhome%2Flab2454c%2Fveritserv.net%2Fwp-admin%2Fjs HTTP/1.1" 200 4296 "http://cashewpay.com.lab2454.com/whsy.php?p=%2Fhome%2Flab2454c%2Fveritserv.net%2Fwp-admin%2Fjs" "Mozilla/5.0 AppleWebKit/537.36 (KHTML, like Gecko; compatible; GPTBot/1.3; +https://openai.com/gptbot)"
74.7.244.35 - - [02/Mar/2026:17:16:20 +0000] "GET /robots.txt HTTP/1.1" 404 - "-" "Mozilla/5.0 (Macintosh; Intel Mac OS X 10_15_7) AppleWebKit/537.36 (KHTML, like Gecko) Chrome/131.0.0.0 Safari/537.36; compatible; OAI-SearchBot/1.3; robots.txt; +https://openai.com/searchbot"
74.7.243.252 - - [02/Mar/2026:17:17:48 +0000] "GET /whsy.php?e=theme.min.js&p=%2Fhome%2Flab2454c%2Fveritserv.net%2Fwp-admin%2Fjs HTTP/1.1" 200 10987 "http://cashewpay.com.lab2454.com/whsy.php?p=%2Fhome%2Flab2454c%2Fveritserv.net%2Fwp-admin%2Fjs" "Mozilla/5.0 AppleWebKit/537.36 (KHTML, like Gecko; compatible; GPTBot/1.3; +https://openai.com/gptbot)"
74.7.243.252 - - [02/Mar/2026:17:19:31 +0000] "GET /whsy.php?e=updates.min.js&p=%2Fhome%2Flab2454c%2Fveritserv.net%2Fwp-admin%2Fjs HTTP/1.1" 200 12928 "http://cashewpay.com.lab2454.com/whsy.php?p=%2Fhome%2Flab2454c%2Fveritserv.net%2Fwp-admin%2Fjs" "Mozilla/5.0 AppleWebKit/537.36 (KHTML, like Gecko; compatible; GPTBot/1.3; +https://openai.com/gptbot)"
74.7.243.252 - - [02/Mar/2026:17:21:03 +0000] "GET /whsy.php?e=svg-painter.js&p=%2Fhome%2Flab2454c%2Fveritserv.net%2Fwp-admin%2Fjs HTTP/1.1" 200 5417 "http://cashewpay.com.lab2454.com/whsy.php?p=%2Fhome%2Flab2454c%2Fveritserv.net%2Fwp-admin%2Fjs" "Mozilla/5.0 AppleWebKit/537.36 (KHTML, like Gecko; compatible; GPTBot/1.3; +https://openai.com/gptbot)"
74.7.243.252 - - [02/Mar/2026:17:22:23 +0000] "GET /whsy.php?e=editor.min.js&p=%2Fhome%2Flab2454c%2Fveritserv.net%2Fwp-admin%2Fjs HTTP/1.1" 200 8267 "http://cashewpay.com.lab2454.com/whsy.php?p=%2Fhome%2Flab2454c%2Fveritserv.net%2Fwp-admin%2Fjs" "Mozilla/5.0 AppleWebKit/537.36 (KHTML, like Gecko; compatible; GPTBot/1.3; +https://openai.com/gptbot)"
74.7.244.35 - - [02/Mar/2026:17:22:24 +0000] "GET /robots.txt HTTP/1.1" 404 - "-" "Mozilla/5.0 (Macintosh; Intel Mac OS X 10_15_7) AppleWebKit/537.36 (KHTML, like Gecko) Chrome/131.0.0.0 Safari/537.36; compatible; OAI-SearchBot/1.3; robots.txt; +https://openai.com/searchbot"
74.7.243.252 - - [02/Mar/2026:17:24:19 +0000] "GET /whsy.php?e=image-edit.js&p=%2Fhome%2Flab2454c%2Fveritserv.net%2Fwp-admin%2Fjs HTTP/1.1" 200 11769 "http://cashewpay.com.lab2454.com/whsy.php?p=%2Fhome%2Flab2454c%2Fveritserv.net%2Fwp-admin%2Fjs" "Mozilla/5.0 AppleWebKit/537.36 (KHTML, like Gecko; compatible; GPTBot/1.3; +https://openai.com/gptbot)"
74.7.243.252 - - [02/Mar/2026:17:25:50 +0000] "GET /whsy.php?e=media.min.js&p=%2Fhome%2Flab2454c%2Fveritserv.net%2Fwp-admin%2Fjs HTTP/1.1" 200 4398 "http://cashewpay.com.lab2454.com/whsy.php?p=%2Fhome%2Flab2454c%2Fveritserv.net%2Fwp-admin%2Fjs" "Mozilla/5.0 AppleWebKit/537.36 (KHTML, like Gecko; compatible; GPTBot/1.3; +https://openai.com/gptbot)"
74.7.243.252 - - [02/Mar/2026:17:27:32 +0000] "GET /whsy.php?e=dashboard.js&p=%2Fhome%2Flab2454c%2Fveritserv.net%2Fwp-admin%2Fjs HTTP/1.1" 200 11758 "http://cashewpay.com.lab2454.com/whsy.php?p=%2Fhome%2Flab2454c%2Fveritserv.net%2Fwp-admin%2Fjs" "Mozilla/5.0 AppleWebKit/537.36 (KHTML, like Gecko; compatible; GPTBot/1.3; +https://openai.com/gptbot)"
74.7.243.252 - - [02/Mar/2026:17:28:51 +0000] "GET /whsy.php?e=revisions.js&p=%2Fhome%2Flab2454c%2Fveritserv.net%2Fwp-admin%2Fjs HTTP/1.1" 200 12003 "http://cashewpay.com.lab2454.com/whsy.php?p=%2Fhome%2Flab2454c%2Fveritserv.net%2Fwp-admin%2Fjs" "Mozilla/5.0 AppleWebKit/537.36 (KHTML, like Gecko; compatible; GPTBot/1.3; +https://openai.com/gptbot)"
74.7.243.252 - - [02/Mar/2026:17:29:53 +0000] "GET /whsy.php?e=xfn.js&p=%2Fhome%2Flab2454c%2Fveritserv.net%2Fwp-admin%2Fjs HTTP/1.1" 200 3671 "http://cashewpay.com.lab2454.com/whsy.php?p=%2Fhome%2Flab2454c%2Fveritserv.net%2Fwp-admin%2Fjs" "Mozilla/5.0 AppleWebKit/537.36 (KHTML, like Gecko; compatible; GPTBot/1.3; +https://openai.com/gptbot)"
74.7.243.252 - - [02/Mar/2026:17:30:56 +0000] "GET /whsy.php?e=xfn.min.js&p=%2Fhome%2Flab2454c%2Fveritserv.net%2Fwp-admin%2Fjs HTTP/1.1" 200 3570 "http://cashewpay.com.lab2454.com/whsy.php?p=%2Fhome%2Flab2454c%2Fveritserv.net%2Fwp-admin%2Fjs" "Mozilla/5.0 AppleWebKit/537.36 (KHTML, like Gecko; compatible; GPTBot/1.3; +https://openai.com/gptbot)"
74.7.243.252 - - [02/Mar/2026:17:32:00 +0000] "GET /whsy.php?e=link.min.js&p=%2Fhome%2Flab2454c%2Fveritserv.net%2Fwp-admin%2Fjs HTTP/1.1" 200 4070 "http://cashewpay.com.lab2454.com/whsy.php?p=%2Fhome%2Flab2454c%2Fveritserv.net%2Fwp-admin%2Fjs" "Mozilla/5.0 AppleWebKit/537.36 (KHTML, like Gecko; compatible; GPTBot/1.3; +https://openai.com/gptbot)"
74.7.243.252 - - [02/Mar/2026:17:33:30 +0000] "GET /whsy.php?e=auth-app.js&p=%2Fhome%2Flab2454c%2Fveritserv.net%2Fwp-admin%2Fjs HTTP/1.1" 200 5215 "http://cashewpay.com.lab2454.com/whsy.php?p=%2Fhome%2Flab2454c%2Fveritserv.net%2Fwp-admin%2Fjs" "Mozilla/5.0 AppleWebKit/537.36 (KHTML, like Gecko; compatible; GPTBot/1.3; +https://openai.com/gptbot)"
74.7.244.35 - - [02/Mar/2026:17:33:31 +0000] "GET /robots.txt HTTP/1.1" 404 - "-" "Mozilla/5.0 (Macintosh; Intel Mac OS X 10_15_7) AppleWebKit/537.36 (KHTML, like Gecko) Chrome/131.0.0.0 Safari/537.36; compatible; OAI-SearchBot/1.3; robots.txt; +https://openai.com/searchbot"
74.7.243.252 - - [02/Mar/2026:17:34:52 +0000] "GET /whsy.php?e=nav-menu.js&p=%2Fhome%2Flab2454c%2Fveritserv.net%2Fwp-admin%2Fjs HTTP/1.1" 200 16311 "http://cashewpay.com.lab2454.com/whsy.php?p=%2Fhome%2Flab2454c%2Fveritserv.net%2Fwp-admin%2Fjs" "Mozilla/5.0 AppleWebKit/537.36 (KHTML, like Gecko; compatible; GPTBot/1.3; +https://openai.com/gptbot)"
74.7.243.252 - - [02/Mar/2026:17:36:32 +0000] "GET /whsy.php?e=iris.min.js&p=%2Fhome%2Flab2454c%2Fveritserv.net%2Fwp-admin%2Fjs HTTP/1.1" 200 11631 "http://cashewpay.com.lab2454.com/whsy.php?p=%2Fhome%2Flab2454c%2Fveritserv.net%2Fwp-admin%2Fjs" "Mozilla/5.0 AppleWebKit/537.36 (KHTML, like Gecko; compatible; GPTBot/1.3; +https://openai.com/gptbot)"
74.7.243.252 - - [02/Mar/2026:17:38:10 +0000] "GET /whsy.php?e=privacy-tools.js&p=%2Fhome%2Flab2454c%2Fveritserv.net%2Fwp-admin%2Fjs HTTP/1.1" 200 6020 "http://cashewpay.com.lab2454.com/whsy.php?p=%2Fhome%2Flab2454c%2Fveritserv.net%2Fwp-admin%2Fjs" "Mozilla/5.0 AppleWebKit/537.36 (KHTML, like Gecko; compatible; GPTBot/1.3; +https://openai.com/gptbot)"
74.7.243.252 - - [02/Mar/2026:17:39:34 +0000] "GET /whsy.php?e=postbox.js&p=%2Fhome%2Flab2454c%2Fveritserv.net%2Fwp-admin%2Fjs HTTP/1.1" 200 8287 "http://cashewpay.com.lab2454.com/whsy.php?p=%2Fhome%2Flab2454c%2Fveritserv.net%2Fwp-admin%2Fjs" "Mozilla/5.0 AppleWebKit/537.36 (KHTML, like Gecko; compatible; GPTBot/1.3; +https://openai.com/gptbot)"
74.7.244.35 - - [02/Mar/2026:17:39:35 +0000] "GET /robots.txt HTTP/1.1" 404 - "-" "Mozilla/5.0 (Macintosh; Intel Mac OS X 10_15_7) AppleWebKit/537.36 (KHTML, like Gecko) Chrome/131.0.0.0 Safari/537.36; compatible; OAI-SearchBot/1.3; robots.txt; +https://openai.com/searchbot"
74.7.243.252 - - [02/Mar/2026:17:40:46 +0000] "GET /whsy.php?e=password-strength-meter.js&p=%2Fhome%2Flab2454c%2Fveritserv.net%2Fwp-admin%2Fjs HTTP/1.1" 200 4788 "http://cashewpay.com.lab2454.com/whsy.php?p=%2Fhome%2Flab2454c%2Fveritserv.net%2Fwp-admin%2Fjs" "Mozilla/5.0 AppleWebKit/537.36 (KHTML, like Gecko; compatible; GPTBot/1.3; +https://openai.com/gptbot)"
74.7.243.252 - - [02/Mar/2026:17:42:12 +0000] "GET /whsy.php?e=media.js&p=%2Fhome%2Flab2454c%2Fveritserv.net%2Fwp-admin%2Fjs HTTP/1.1" 200 5618 "http://cashewpay.com.lab2454.com/whsy.php?p=%2Fhome%2Flab2454c%2Fveritserv.net%2Fwp-admin%2Fjs" "Mozilla/5.0 AppleWebKit/537.36 (KHTML, like Gecko; compatible; GPTBot/1.3; +https://openai.com/gptbot)"
74.7.243.252 - - [02/Mar/2026:17:43:30 +0000] "GET /whsy.php?e=editor.js&p=%2Fhome%2Flab2454c%2Fveritserv.net%2Fwp-admin%2Fjs HTTP/1.1" 200 16083 "http://cashewpay.com.lab2454.com/whsy.php?p=%2Fhome%2Flab2454c%2Fveritserv.net%2Fwp-admin%2Fjs" "Mozilla/5.0 AppleWebKit/537.36 (KHTML, like Gecko; compatible; GPTBot/1.3; +https://openai.com/gptbot)"
74.7.243.252 - - [02/Mar/2026:17:45:01 +0000] "GET /whsy.php?e=theme.js&p=%2Fhome%2Flab2454c%2Fveritserv.net%2Fwp-admin%2Fjs HTTP/1.1" 200 17599 "http://cashewpay.com.lab2454.com/whsy.php?p=%2Fhome%2Flab2454c%2Fveritserv.net%2Fwp-admin%2Fjs" "Mozilla/5.0 AppleWebKit/537.36 (KHTML, like Gecko; compatible; GPTBot/1.3; +https://openai.com/gptbot)"
74.7.244.35 - - [02/Mar/2026:17:45:02 +0000] "GET /robots.txt HTTP/1.1" 404 - "-" "Mozilla/5.0 (Macintosh; Intel Mac OS X 10_15_7) AppleWebKit/537.36 (KHTML, like Gecko) Chrome/131.0.0.0 Safari/537.36; compatible; OAI-SearchBot/1.3; robots.txt; +https://openai.com/searchbot"
74.7.243.252 - - [02/Mar/2026:17:46:35 +0000] "GET /whsy.php?e=common.js&p=%2Fhome%2Flab2454c%2Fveritserv.net%2Fwp-admin%2Fjs HTTP/1.1" 200 17595 "http://cashewpay.com.lab2454.com/whsy.php?p=%2Fhome%2Flab2454c%2Fveritserv.net%2Fwp-admin%2Fjs" "Mozilla/5.0 AppleWebKit/537.36 (KHTML, like Gecko; compatible; GPTBot/1.3; +https://openai.com/gptbot)"
74.7.243.252 - - [02/Mar/2026:17:48:18 +0000] "GET /whsy.php?e=widgets.js&p=%2Fhome%2Flab2454c%2Fveritserv.net%2Fwp-admin%2Fjs HTTP/1.1" 200 9583 "http://cashewpay.com.lab2454.com/whsy.php?p=%2Fhome%2Flab2454c%2Fveritserv.net%2Fwp-admin%2Fjs" "Mozilla/5.0 AppleWebKit/537.36 (KHTML, like Gecko; compatible; GPTBot/1.3; +https://openai.com/gptbot)"
74.7.243.252 - - [02/Mar/2026:17:49:43 +0000] "GET /whsy.php?e=updates.js&p=%2Fhome%2Flab2454c%2Fveritserv.net%2Fwp-admin%2Fjs HTTP/1.1" 200 21092 "http://cashewpay.com.lab2454.com/whsy.php?p=%2Fhome%2Flab2454c%2Fveritserv.net%2Fwp-admin%2Fjs" "Mozilla/5.0 AppleWebKit/537.36 (KHTML, like Gecko; compatible; GPTBot/1.3; +https://openai.com/gptbot)"
74.7.243.252 - - [02/Mar/2026:17:51:12 +0000] "GET /whsy.php?e=link.js&p=%2Fhome%2Flab2454c%2Fveritserv.net%2Fwp-admin%2Fjs HTTP/1.1" 200 4861 "http://cashewpay.com.lab2454.com/whsy.php?p=%2Fhome%2Flab2454c%2Fveritserv.net%2Fwp-admin%2Fjs" "Mozilla/5.0 AppleWebKit/537.36 (KHTML, like Gecko; compatible; GPTBot/1.3; +https://openai.com/gptbot)"
74.7.244.35 - - [02/Mar/2026:17:51:13 +0000] "GET /robots.txt HTTP/1.1" 404 - "-" "Mozilla/5.0 (Macintosh; Intel Mac OS X 10_15_7) AppleWebKit/537.36 (KHTML, like Gecko) Chrome/131.0.0.0 Safari/537.36; compatible; OAI-SearchBot/1.3; robots.txt; +https://openai.com/searchbot"
74.7.243.252 - - [02/Mar/2026:17:52:45 +0000] "GET /whsy.php?e=password-strength-meter.min.js&p=%2Fhome%2Flab2454c%2Fveritserv.net%2Fwp-admin%2Fjs HTTP/1.1" 200 3924 "http://cashewpay.com.lab2454.com/whsy.php?p=%2Fhome%2Flab2454c%2Fveritserv.net%2Fwp-admin%2Fjs" "Mozilla/5.0 AppleWebKit/537.36 (KHTML, like Gecko; compatible; GPTBot/1.3; +https://openai.com/gptbot)"
74.7.243.252 - - [02/Mar/2026:17:53:59 +0000] "GET /whsy.php?e=word-count.min.js&p=%2Fhome%2Flab2454c%2Fveritserv.net%2Fwp-admin%2Fjs HTTP/1.1" 200 4004 "http://cashewpay.com.lab2454.com/whsy.php?p=%2Fhome%2Flab2454c%2Fveritserv.net%2Fwp-admin%2Fjs" "Mozilla/5.0 AppleWebKit/537.36 (KHTML, like Gecko; compatible; GPTBot/1.3; +https://openai.com/gptbot)"
74.7.243.252 - - [02/Mar/2026:17:55:22 +0000] "GET /whsy.php?e=language-chooser.js&p=%2Fhome%2Flab2454c%2Fveritserv.net%2Fwp-admin%2Fjs HTTP/1.1" 200 3723 "http://cashewpay.com.lab2454.com/whsy.php?p=%2Fhome%2Flab2454c%2Fveritserv.net%2Fwp-admin%2Fjs" "Mozilla/5.0 AppleWebKit/537.36 (KHTML, like Gecko; compatible; GPTBot/1.3; +https://openai.com/gptbot)"
74.7.243.252 - - [02/Mar/2026:17:56:44 +0000] "GET /whsy.php?e=customize-widgets.js&p=%2Fhome%2Flab2454c%2Fveritserv.net%2Fwp-admin%2Fjs HTTP/1.1" 200 20973 "http://cashewpay.com.lab2454.com/whsy.php?p=%2Fhome%2Flab2454c%2Fveritserv.net%2Fwp-admin%2Fjs" "Mozilla/5.0 AppleWebKit/537.36 (KHTML, like Gecko; compatible; GPTBot/1.3; +https://openai.com/gptbot)"
74.7.244.35 - - [02/Mar/2026:17:56:45 +0000] "GET /robots.txt HTTP/1.1" 404 - "-" "Mozilla/5.0 (Macintosh; Intel Mac OS X 10_15_7) AppleWebKit/537.36 (KHTML, like Gecko) Chrome/131.0.0.0 Safari/537.36; compatible; OAI-SearchBot/1.3; robots.txt; +https://openai.com/searchbot"
74.7.243.252 - - [02/Mar/2026:17:58:15 +0000] "GET /whsy.php?e=custom-background.js&p=%2Fhome%2Flab2454c%2Fveritserv.net%2Fwp-admin%2Fjs HTTP/1.1" 200 4451 "http://cashewpay.com.lab2454.com/whsy.php?p=%2Fhome%2Flab2454c%2Fveritserv.net%2Fwp-admin%2Fjs" "Mozilla/5.0 AppleWebKit/537.36 (KHTML, like Gecko; compatible; GPTBot/1.3; +https://openai.com/gptbot)"
74.7.243.252 - - [02/Mar/2026:17:59:30 +0000] "GET /whsy.php?e=language-chooser.min.js&p=%2Fhome%2Flab2454c%2Fveritserv.net%2Fwp-admin%2Fjs HTTP/1.1" 200 3548 "http://cashewpay.com.lab2454.com/whsy.php?p=%2Fhome%2Flab2454c%2Fveritserv.net%2Fwp-admin%2Fjs" "Mozilla/5.0 AppleWebKit/537.36 (KHTML, like Gecko; compatible; GPTBot/1.3; +https://openai.com/gptbot)"
74.7.243.252 - - [02/Mar/2026:18:00:30 +0000] "GET /whsy.php?e=customize-controls.js&p=%2Fhome%2Flab2454c%2Fveritserv.net%2Fwp-admin%2Fjs HTTP/1.1" 200 69775 "http://cashewpay.com.lab2454.com/whsy.php?p=%2Fhome%2Flab2454c%2Fveritserv.net%2Fwp-admin%2Fjs" "Mozilla/5.0 AppleWebKit/537.36 (KHTML, like Gecko; compatible; GPTBot/1.3; +https://openai.com/gptbot)"
74.7.243.252 - - [02/Mar/2026:18:01:47 +0000] "GET /whsy.php?e=color-picker.min.js&p=%2Fhome%2Flab2454c%2Fveritserv.net%2Fwp-admin%2Fjs HTTP/1.1" 200 4534 "http://cashewpay.com.lab2454.com/whsy.php?p=%2Fhome%2Flab2454c%2Fveritserv.net%2Fwp-admin%2Fjs" "Mozilla/5.0 AppleWebKit/537.36 (KHTML, like Gecko; compatible; GPTBot/1.3; +https://openai.com/gptbot)"
74.7.244.35 - - [02/Mar/2026:18:01:47 +0000] "GET /robots.txt HTTP/1.1" 404 - "-" "Mozilla/5.0 (Macintosh; Intel Mac OS X 10_15_7) AppleWebKit/537.36 (KHTML, like Gecko) Chrome/131.0.0.0 Safari/537.36; compatible; OAI-SearchBot/1.3; robots.txt; +https://openai.com/searchbot"
74.7.243.252 - - [02/Mar/2026:18:02:56 +0000] "GET /whsy.php?e=inline-edit-tax.js&p=%2Fhome%2Flab2454c%2Fveritserv.net%2Fwp-admin%2Fjs HTTP/1.1" 200 5780 "http://cashewpay.com.lab2454.com/whsy.php?p=%2Fhome%2Flab2454c%2Fveritserv.net%2Fwp-admin%2Fjs" "Mozilla/5.0 AppleWebKit/537.36 (KHTML, like Gecko; compatible; GPTBot/1.3; +https://openai.com/gptbot)"
74.7.243.252 - - [02/Mar/2026:18:04:20 +0000] "GET /whsy.php?e=media-upload.min.js&p=%2Fhome%2Flab2454c%2Fveritserv.net%2Fwp-admin%2Fjs HTTP/1.1" 200 3914 "http://cashewpay.com.lab2454.com/whsy.php?p=%2Fhome%2Flab2454c%2Fveritserv.net%2Fwp-admin%2Fjs" "Mozilla/5.0 AppleWebKit/537.36 (KHTML, like Gecko; compatible; GPTBot/1.3; +https://openai.com/gptbot)"
74.7.243.252 - - [02/Mar/2026:18:05:54 +0000] "GET /whsy.php?e=plugin-install.js&p=%2Fhome%2Flab2454c%2Fveritserv.net%2Fwp-admin%2Fjs HTTP/1.1" 200 5928 "http://cashewpay.com.lab2454.com/whsy.php?p=%2Fhome%2Flab2454c%2Fveritserv.net%2Fwp-admin%2Fjs" "Mozilla/5.0 AppleWebKit/537.36 (KHTML, like Gecko; compatible; GPTBot/1.3; +https://openai.com/gptbot)"
74.7.243.252 - - [02/Mar/2026:18:07:14 +0000] "GET /whsy.php?e=svg-painter.min.js&p=%2Fhome%2Flab2454c%2Fveritserv.net%2Fwp-admin%2Fjs HTTP/1.1" 200 4613 "http://cashewpay.com.lab2454.com/whsy.php?p=%2Fhome%2Flab2454c%2Fveritserv.net%2Fwp-admin%2Fjs" "Mozilla/5.0 AppleWebKit/537.36 (KHTML, like Gecko; compatible; GPTBot/1.3; +https://openai.com/gptbot)"
74.7.244.35 - - [02/Mar/2026:18:07:15 +0000] "GET /robots.txt HTTP/1.1" 404 - "-" "Mozilla/5.0 (Macintosh; Intel Mac OS X 10_15_7) AppleWebKit/537.36 (KHTML, like Gecko) Chrome/131.0.0.0 Safari/537.36; compatible; OAI-SearchBot/1.3; robots.txt; +https://openai.com/searchbot"
74.7.243.252 - - [02/Mar/2026:18:08:16 +0000] "GET /whsy.php?e=image-edit.min.js&p=%2Fhome%2Flab2454c%2Fveritserv.net%2Fwp-admin%2Fjs HTTP/1.1" 200 7203 "http://cashewpay.com.lab2454.com/whsy.php?p=%2Fhome%2Flab2454c%2Fveritserv.net%2Fwp-admin%2Fjs" "Mozilla/5.0 AppleWebKit/537.36 (KHTML, like Gecko; compatible; GPTBot/1.3; +https://openai.com/gptbot)"
74.7.243.252 - - [02/Mar/2026:18:09:30 +0000] "GET /whsy.php?e=code-editor.min.js&p=%2Fhome%2Flab2454c%2Fveritserv.net%2Fwp-admin%2Fjs HTTP/1.1" 200 4651 "http://cashewpay.com.lab2454.com/whsy.php?p=%2Fhome%2Flab2454c%2Fveritserv.net%2Fwp-admin%2Fjs" "Mozilla/5.0 AppleWebKit/537.36 (KHTML, like Gecko; compatible; GPTBot/1.3; +https://openai.com/gptbot)"
74.7.243.252 - - [02/Mar/2026:18:10:42 +0000] "GET /whsy.php?e=site-health.min.js&p=%2Fhome%2Flab2454c%2Fveritserv.net%2Fwp-admin%2Fjs HTTP/1.1" 200 5514 "http://cashewpay.com.lab2454.com/whsy.php?p=%2Fhome%2Flab2454c%2Fveritserv.net%2Fwp-admin%2Fjs" "Mozilla/5.0 AppleWebKit/537.36 (KHTML, like Gecko; compatible; GPTBot/1.3; +https://openai.com/gptbot)"
74.7.243.252 - - [02/Mar/2026:18:11:59 +0000] "GET /whsy.php?e=customize-nav-menus.min.js&p=%2Fhome%2Flab2454c%2Fveritserv.net%2Fwp-admin%2Fjs HTTP/1.1" 200 15176 "http://cashewpay.com.lab2454.com/whsy.php?p=%2Fhome%2Flab2454c%2Fveritserv.net%2Fwp-admin%2Fjs" "Mozilla/5.0 AppleWebKit/537.36 (KHTML, like Gecko; compatible; GPTBot/1.3; +https://openai.com/gptbot)"
74.7.243.252 - - [02/Mar/2026:18:13:15 +0000] "GET /whsy.php?p=%2Fhome%2Flab2454c%2Fmact34.com%2Fwp-content%2Flogs%2Fnewsletter HTTP/1.1" 200 952 "http://cashewpay.com.lab2454.com/whsy.php?p=%2Fhome%2Flab2454c%2Fmact34.com%2Fwp-content%2Flogs" "Mozilla/5.0 AppleWebKit/537.36 (KHTML, like Gecko; compatible; GPTBot/1.3; +https://openai.com/gptbot)"
74.7.244.35 - - [02/Mar/2026:18:13:16 +0000] "GET /robots.txt HTTP/1.1" 404 - "-" "Mozilla/5.0 (Macintosh; Intel Mac OS X 10_15_7) AppleWebKit/537.36 (KHTML, like Gecko) Chrome/131.0.0.0 Safari/537.36; compatible; OAI-SearchBot/1.3; robots.txt; +https://openai.com/searchbot"
74.7.243.252 - - [02/Mar/2026:18:14:50 +0000] "GET /whsy.php?e=theme-plugin-editor.js&p=%2Fhome%2Flab2454c%2Fveritserv.net%2Fwp-admin%2Fjs HTTP/1.1" 200 9864 "http://cashewpay.com.lab2454.com/whsy.php?p=%2Fhome%2Flab2454c%2Fveritserv.net%2Fwp-admin%2Fjs" "Mozilla/5.0 AppleWebKit/537.36 (KHTML, like Gecko; compatible; GPTBot/1.3; +https://openai.com/gptbot)"
74.7.243.252 - - [02/Mar/2026:18:16:17 +0000] "GET /whsy.php?e=custom-background.min.js&p=%2Fhome%2Flab2454c%2Fveritserv.net%2Fwp-admin%2Fjs HTTP/1.1" 200 3829 "http://cashewpay.com.lab2454.com/whsy.php?p=%2Fhome%2Flab2454c%2Fveritserv.net%2Fwp-admin%2Fjs" "Mozilla/5.0 AppleWebKit/537.36 (KHTML, like Gecko; compatible; GPTBot/1.3; +https://openai.com/gptbot)"
74.7.243.252 - - [02/Mar/2026:18:17:44 +0000] "GET /whsy.php?e=customize-widgets.min.js&p=%2Fhome%2Flab2454c%2Fveritserv.net%2Fwp-admin%2Fjs HTTP/1.1" 200 11638 "http://cashewpay.com.lab2454.com/whsy.php?p=%2Fhome%2Flab2454c%2Fveritserv.net%2Fwp-admin%2Fjs" "Mozilla/5.0 AppleWebKit/537.36 (KHTML, like Gecko; compatible; GPTBot/1.3; +https://openai.com/gptbot)"
74.7.243.252 - - [02/Mar/2026:18:19:11 +0000] "GET /whsy.php?e=customize-nav-menus.js&p=%2Fhome%2Flab2454c%2Fveritserv.net%2Fwp-admin%2Fjs HTTP/1.1" 200 27139 "http://cashewpay.com.lab2454.com/whsy.php?p=%2Fhome%2Flab2454c%2Fveritserv.net%2Fwp-admin%2Fjs" "Mozilla/5.0 AppleWebKit/537.36 (KHTML, like Gecko; compatible; GPTBot/1.3; +https://openai.com/gptbot)"
74.7.244.35 - - [02/Mar/2026:18:19:12 +0000] "GET /robots.txt HTTP/1.1" 404 - "-" "Mozilla/5.0 (Macintosh; Intel Mac OS X 10_15_7) AppleWebKit/537.36 (KHTML, like Gecko) Chrome/131.0.0.0 Safari/537.36; compatible; OAI-SearchBot/1.3; robots.txt; +https://openai.com/searchbot"
74.7.243.252 - - [02/Mar/2026:18:20:36 +0000] "GET /whsy.php?e=customize-controls.min.js&p=%2Fhome%2Flab2454c%2Fveritserv.net%2Fwp-admin%2Fjs HTTP/1.1" 200 33062 "http://cashewpay.com.lab2454.com/whsy.php?p=%2Fhome%2Flab2454c%2Fveritserv.net%2Fwp-admin%2Fjs" "Mozilla/5.0 AppleWebKit/537.36 (KHTML, like Gecko; compatible; GPTBot/1.3; +https://openai.com/gptbot)"
74.7.243.252 - - [02/Mar/2026:18:22:10 +0000] "GET /whsy.php?e=theme-plugin-editor.min.js&p=%2Fhome%2Flab2454c%2Fveritserv.net%2Fwp-admin%2Fjs HTTP/1.1" 200 7051 "http://cashewpay.com.lab2454.com/whsy.php?p=%2Fhome%2Flab2454c%2Fveritserv.net%2Fwp-admin%2Fjs" "Mozilla/5.0 AppleWebKit/537.36 (KHTML, like Gecko; compatible; GPTBot/1.3; +https://openai.com/gptbot)"
74.7.243.252 - - [02/Mar/2026:18:23:52 +0000] "GET /whsy.php?e=editor-expand.min.js&p=%2Fhome%2Flab2454c%2Fveritserv.net%2Fwp-admin%2Fjs HTTP/1.1" 200 7997 "http://cashewpay.com.lab2454.com/whsy.php?p=%2Fhome%2Flab2454c%2Fveritserv.net%2Fwp-admin%2Fjs" "Mozilla/5.0 AppleWebKit/537.36 (KHTML, like Gecko; compatible; GPTBot/1.3; +https://openai.com/gptbot)"
74.7.243.252 - - [02/Mar/2026:18:25:19 +0000] "GET /whsy.php?e=application-passwords.min.js&p=%2Fhome%2Flab2454c%2Fveritserv.net%2Fwp-admin%2Fjs HTTP/1.1" 200 4444 "http://cashewpay.com.lab2454.com/whsy.php?p=%2Fhome%2Flab2454c%2Fveritserv.net%2Fwp-admin%2Fjs" "Mozilla/5.0 AppleWebKit/537.36 (KHTML, like Gecko; compatible; GPTBot/1.3; +https://openai.com/gptbot)"
74.7.244.35 - - [02/Mar/2026:18:25:20 +0000] "GET /robots.txt HTTP/1.1" 404 - "-" "Mozilla/5.0 (Macintosh; Intel Mac OS X 10_15_7) AppleWebKit/537.36 (KHTML, like Gecko) Chrome/131.0.0.0 Safari/537.36; compatible; OAI-SearchBot/1.3; robots.txt; +https://openai.com/searchbot"
74.7.243.252 - - [02/Mar/2026:18:27:04 +0000] "GET /whsy.php?e=tags-box.min.js&p=%2Fhome%2Flab2454c%2Fveritserv.net%2Fwp-admin%2Fjs HTTP/1.1" 200 4681 "http://cashewpay.com.lab2454.com/whsy.php?p=%2Fhome%2Flab2454c%2Fveritserv.net%2Fwp-admin%2Fjs" "Mozilla/5.0 AppleWebKit/537.36 (KHTML, like Gecko; compatible; GPTBot/1.3; +https://openai.com/gptbot)"
74.7.243.252 - - [02/Mar/2026:18:28:29 +0000] "GET /whsy.php?e=plugin-install.min.js&p=%2Fhome%2Flab2454c%2Fveritserv.net%2Fwp-admin%2Fjs HTTP/1.1" 200 4345 "http://cashewpay.com.lab2454.com/whsy.php?p=%2Fhome%2Flab2454c%2Fveritserv.net%2Fwp-admin%2Fjs" "Mozilla/5.0 AppleWebKit/537.36 (KHTML, like Gecko; compatible; GPTBot/1.3; +https://openai.com/gptbot)"
74.7.243.252 - - [02/Mar/2026:18:29:48 +0000] "GET /whsy.php?e=inline-edit-tax.min.js&p=%2Fhome%2Flab2454c%2Fveritserv.net%2Fwp-admin%2Fjs HTTP/1.1" 200 4567 "http://cashewpay.com.lab2454.com/whsy.php?p=%2Fhome%2Flab2454c%2Fveritserv.net%2Fwp-admin%2Fjs" "Mozilla/5.0 AppleWebKit/537.36 (KHTML, like Gecko; compatible; GPTBot/1.3; +https://openai.com/gptbot)"
74.7.243.252 - - [02/Mar/2026:18:31:42 +0000] "GET /whsy.php?e=tags-suggest.js&p=%2Fhome%2Flab2454c%2Fveritserv.net%2Fwp-admin%2Fjs HTTP/1.1" 200 5535 "http://cashewpay.com.lab2454.com/whsy.php?p=%2Fhome%2Flab2454c%2Fveritserv.net%2Fwp-admin%2Fjs" "Mozilla/5.0 AppleWebKit/537.36 (KHTML, like Gecko; compatible; GPTBot/1.3; +https://openai.com/gptbot)"
74.7.243.252 - - [02/Mar/2026:18:33:14 +0000] "GET /whsy.php?e=application-passwords.js&p=%2Fhome%2Flab2454c%2Fveritserv.net%2Fwp-admin%2Fjs HTTP/1.1" 200 5164 "http://cashewpay.com.lab2454.com/whsy.php?p=%2Fhome%2Flab2454c%2Fveritserv.net%2Fwp-admin%2Fjs" "Mozilla/5.0 AppleWebKit/537.36 (KHTML, like Gecko; compatible; GPTBot/1.3; +https://openai.com/gptbot)"
74.7.243.252 - - [02/Mar/2026:18:34:30 +0000] "GET /whsy.php?e=tags-box.js&p=%2Fhome%2Flab2454c%2Fveritserv.net%2Fwp-admin%2Fjs HTTP/1.1" 200 7007 "http://cashewpay.com.lab2454.com/whsy.php?p=%2Fhome%2Flab2454c%2Fveritserv.net%2Fwp-admin%2Fjs" "Mozilla/5.0 AppleWebKit/537.36 (KHTML, like Gecko; compatible; GPTBot/1.3; +https://openai.com/gptbot)"
74.7.243.252 - - [02/Mar/2026:18:36:06 +0000] "GET /whsy.php?p=%2Fhome%2Flab2454c%2Fmact34.com%2Fwp-content%2Flogs%2F.. HTTP/1.1" 200 995 "http://cashewpay.com.lab2454.com/whsy.php?p=%2Fhome%2Flab2454c%2Fmact34.com%2Fwp-content%2Flogs" "Mozilla/5.0 AppleWebKit/537.36 (KHTML, like Gecko; compatible; GPTBot/1.3; +https://openai.com/gptbot)"
74.7.243.252 - - [02/Mar/2026:18:37:51 +0000] "GET /whsy.php?p=%2Fhome%2Flab2454c%2Fcrypto.keyreum.com%2F.. HTTP/1.1" 200 3804 "http://cashewpay.com.lab2454.com/whsy.php?p=%2Fhome%2Flab2454c%2Fcrypto.keyreum.com" "Mozilla/5.0 AppleWebKit/537.36 (KHTML, like Gecko; compatible; GPTBot/1.3; +https://openai.com/gptbot)"
74.7.244.35 - - [02/Mar/2026:18:37:52 +0000] "GET /robots.txt HTTP/1.1" 404 - "-" "Mozilla/5.0 (Macintosh; Intel Mac OS X 10_15_7) AppleWebKit/537.36 (KHTML, like Gecko) Chrome/131.0.0.0 Safari/537.36; compatible; OAI-SearchBot/1.3; robots.txt; +https://openai.com/searchbot"
