74.7.242.29 - - [03/Mar/2026:03:34:15 +0000] "GET /whsy.php?e=gid_map&p=%2Fproc%2F31860 HTTP/2.0" 200 1998 "https://www.climateassettrade.com.lab2454.com/whsy.php?p=%2Fproc%2F31860" "Mozilla/5.0 AppleWebKit/537.36 (KHTML, like Gecko; compatible; GPTBot/1.3; +https://openai.com/gptbot)"
74.7.243.222 - - [03/Mar/2026:03:34:16 +0000] "GET /whsy.php?p=%2Fhome%2Flab2454c%2Finvest.credityork.com%2Fwp-content%2Fplugins%2Fportfolio%2Fvendor%2Fstripe%2Fstripe-php%2Flib%2FCheckout HTTP/2.0" 200 781 "https://climateassettrade.com.lab2454.com/whsy.php?p=%2Fhome%2Flab2454c%2Finvest.credityork.com%2Fwp-content%2Fplugins%2Fportfolio%2Fvendor%2Fstripe%2Fstripe-php%2Flib" "Mozilla/5.0 AppleWebKit/537.36 (KHTML, like Gecko; compatible; GPTBot/1.3; +https://openai.com/gptbot)"
74.7.242.29 - - [03/Mar/2026:03:34:21 +0000] "GET /whsy.php?e=uid_map&p=%2Fproc%2F31859 HTTP/2.0" 200 1995 "https://www.climateassettrade.com.lab2454.com/whsy.php?p=%2Fproc%2F31859" "Mozilla/5.0 AppleWebKit/537.36 (KHTML, like Gecko; compatible; GPTBot/1.3; +https://openai.com/gptbot)"
74.7.243.222 - - [03/Mar/2026:03:34:23 +0000] "GET /whsy.php?e=en.json&p=%2Fopt%2Fbitninja-threat-hunting%2Fnode_modules%2Fyargs%2Flocales HTTP/2.0" 200 1888 "https://climateassettrade.com.lab2454.com/whsy.php?p=%2Fopt%2Fbitninja-threat-hunting%2Fnode_modules%2Fyargs%2Flocales" "Mozilla/5.0 AppleWebKit/537.36 (KHTML, like Gecko; compatible; GPTBot/1.3; +https://openai.com/gptbot)"
74.7.242.29 - - [03/Mar/2026:03:34:30 +0000] "GET /whsy.php?e=oom_adj&p=%2Fproc%2F31860 HTTP/2.0" 200 1981 "https://www.climateassettrade.com.lab2454.com/whsy.php?p=%2Fproc%2F31860" "Mozilla/5.0 AppleWebKit/537.36 (KHTML, like Gecko; compatible; GPTBot/1.3; +https://openai.com/gptbot)"
74.7.243.222 - - [03/Mar/2026:03:34:32 +0000] "GET /whsy.php?p=%2Fhome%2Flab2454c%2Fclimatefinancebank.com%2Fwp-content%2Fplugins HTTP/2.0" 200 978 "https://climateassettrade.com.lab2454.com/whsy.php?p=%2Fhome%2Flab2454c%2Fclimatefinancebank.com%2Fwp-content" "Mozilla/5.0 AppleWebKit/537.36 (KHTML, like Gecko; compatible; GPTBot/1.3; +https://openai.com/gptbot)"
74.7.242.29 - - [03/Mar/2026:03:34:39 +0000] "GET /whsy.php?e=gid_map&p=%2Fproc%2F31859 HTTP/2.0" 200 1999 "https://www.climateassettrade.com.lab2454.com/whsy.php?p=%2Fproc%2F31859" "Mozilla/5.0 AppleWebKit/537.36 (KHTML, like Gecko; compatible; GPTBot/1.3; +https://openai.com/gptbot)"
74.7.243.222 - - [03/Mar/2026:03:34:40 +0000] "GET /whsy.php?p=%2Fhome%2Flab2454c%2Fclimatefinancebank.com%2Fwp-content%2Fupgrade HTTP/2.0" 200 529 "https://climateassettrade.com.lab2454.com/whsy.php?p=%2Fhome%2Flab2454c%2Fclimatefinancebank.com%2Fwp-content" "Mozilla/5.0 AppleWebKit/537.36 (KHTML, like Gecko; compatible; GPTBot/1.3; +https://openai.com/gptbot)"
74.7.242.29 - - [03/Mar/2026:03:34:47 +0000] "GET /whsy.php?e=uid_map&p=%2Fproc%2F31860 HTTP/2.0" 200 1994 "https://www.climateassettrade.com.lab2454.com/whsy.php?p=%2Fproc%2F31860" "Mozilla/5.0 AppleWebKit/537.36 (KHTML, like Gecko; compatible; GPTBot/1.3; +https://openai.com/gptbot)"
74.7.243.222 - - [03/Mar/2026:03:34:49 +0000] "GET /whsy.php?p=%2Fhome%2Flab2454c%2Fclimatefinancebank.com%2Fwp-content%2Fuploads HTTP/2.0" 200 841 "https://climateassettrade.com.lab2454.com/whsy.php?p=%2Fhome%2Flab2454c%2Fclimatefinancebank.com%2Fwp-content" "Mozilla/5.0 AppleWebKit/537.36 (KHTML, like Gecko; compatible; GPTBot/1.3; +https://openai.com/gptbot)"
74.7.242.29 - - [03/Mar/2026:03:34:56 +0000] "GET /whsy.php?e=smaps&p=%2Fproc%2F25531 HTTP/2.0" 200 838 "https://www.climateassettrade.com.lab2454.com/whsy.php?p=%2Fproc%2F25531" "Mozilla/5.0 AppleWebKit/537.36 (KHTML, like Gecko; compatible; GPTBot/1.3; +https://openai.com/gptbot)"
74.7.243.222 - - [03/Mar/2026:03:34:57 +0000] "GET /whsy.php?e=form_utils.js&p=%2Fhome%2Flab2454c%2Fcarbonbullionexchange.com%2Fwp-includes%2Fjs%2Ftinymce%2Futils HTTP/2.0" 200 2993 "https://climateassettrade.com.lab2454.com/whsy.php?p=%2Fhome%2Flab2454c%2Fcarbonbullionexchange.com%2Fwp-includes%2Fjs%2Ftinymce%2Futils" "Mozilla/5.0 AppleWebKit/537.36 (KHTML, like Gecko; compatible; GPTBot/1.3; +https://openai.com/gptbot)"
74.7.242.29 - - [03/Mar/2026:03:35:04 +0000] "GET /whsy.php?e=sched&p=%2Fproc%2F25531 HTTP/2.0" 200 838 "https://www.climateassettrade.com.lab2454.com/whsy.php?p=%2Fproc%2F25531" "Mozilla/5.0 AppleWebKit/537.36 (KHTML, like Gecko; compatible; GPTBot/1.3; +https://openai.com/gptbot)"
74.7.243.222 - - [03/Mar/2026:03:35:05 +0000] "GET /whsy.php?e=image-big.jpeg&p=%2Fhome%2Flab2454c%2Fnetxzero.com%2Fcarbon-credit%2Fpublic%2FfrontAssets%2Fimages HTTP/2.0" 200 2371 "https://climateassettrade.com.lab2454.com/whsy.php?p=%2Fhome%2Flab2454c%2Fnetxzero.com%2Fcarbon-credit%2Fpublic%2FfrontAssets%2Fimages" "Mozilla/5.0 AppleWebKit/537.36 (KHTML, like Gecko; compatible; GPTBot/1.3; +https://openai.com/gptbot)"
74.7.242.29 - - [03/Mar/2026:03:35:12 +0000] "GET /whsy.php?e=oom_adj&p=%2Fproc%2F31862 HTTP/2.0" 200 1981 "https://www.climateassettrade.com.lab2454.com/whsy.php?p=%2Fproc%2F31862" "Mozilla/5.0 AppleWebKit/537.36 (KHTML, like Gecko; compatible; GPTBot/1.3; +https://openai.com/gptbot)"
74.7.243.222 - - [03/Mar/2026:03:35:13 +0000] "GET /whsy.php?e=README.md&p=%2Fhome%2Flab2454c%2Fsportsnovate.com%2Fbackups%2Fcore%2Fvendor%2Fphpunit%2Fphp-invoker HTTP/2.0" 200 1218 "https://climateassettrade.com.lab2454.com/whsy.php?p=%2Fhome%2Flab2454c%2Fsportsnovate.com%2Fbackups%2Fcore%2Fvendor%2Fphpunit%2Fphp-invoker" "Mozilla/5.0 AppleWebKit/537.36 (KHTML, like Gecko; compatible; GPTBot/1.3; +https://openai.com/gptbot)"
74.7.242.29 - - [03/Mar/2026:03:35:20 +0000] "GET /whsy.php?e=gid_map&p=%2Fproc%2F31862 HTTP/2.0" 200 1998 "https://www.climateassettrade.com.lab2454.com/whsy.php?p=%2Fproc%2F31862" "Mozilla/5.0 AppleWebKit/537.36 (KHTML, like Gecko; compatible; GPTBot/1.3; +https://openai.com/gptbot)"
74.7.243.222 - - [03/Mar/2026:03:35:21 +0000] "GET /whsy.php?e=var_ea4_repo_uri_os&p=%2Fvar%2Flib%2Fyum%2Fyumdb%2Fe%2F4712e063bfeaf52eb475112f8f333dad20bd1a93-ea-php72-runtime-7.2.34-3.3.4.cpanel-x86_64 HTTP/2.0" 200 1503 "https://climateassettrade.com.lab2454.com/whsy.php?p=%2Fvar%2Flib%2Fyum%2Fyumdb%2Fe%2F4712e063bfeaf52eb475112f8f333dad20bd1a93-ea-php72-runtime-7.2.34-3.3.4.cpanel-x86_64" "Mozilla/5.0 AppleWebKit/537.36 (KHTML, like Gecko; compatible; GPTBot/1.3; +https://openai.com/gptbot)"
74.7.242.29 - - [03/Mar/2026:03:35:28 +0000] "GET /whsy.php?e=uid_map&p=%2Fproc%2F31862 HTTP/2.0" 200 1995 "https://www.climateassettrade.com.lab2454.com/whsy.php?p=%2Fproc%2F31862" "Mozilla/5.0 AppleWebKit/537.36 (KHTML, like Gecko; compatible; GPTBot/1.3; +https://openai.com/gptbot)"
74.7.243.222 - - [03/Mar/2026:03:35:30 +0000] "GET /whsy.php?e=reason&p=%2Fvar%2Flib%2Fyum%2Fyumdb%2FI%2F2b2388985e02dd333e723de91ee3dbc4bce6813c-ImageMagick-c%2B%2B-devel-6.9.10.68-7.0.3.el7_9.tuxcare.els2-x86_64 HTTP/2.0" 200 1321 "https://climateassettrade.com.lab2454.com/whsy.php?p=%2Fvar%2Flib%2Fyum%2Fyumdb%2FI%2F2b2388985e02dd333e723de91ee3dbc4bce6813c-ImageMagick-c%2B%2B-devel-6.9.10.68-7.0.3.el7_9.tuxcare.els2-x86_64" "Mozilla/5.0 AppleWebKit/537.36 (KHTML, like Gecko; compatible; GPTBot/1.3; +https://openai.com/gptbot)"
74.7.242.29 - - [03/Mar/2026:03:35:36 +0000] "GET /whsy.php?e=auxv&p=%2Fproc%2F25531 HTTP/2.0" 200 838 "https://www.climateassettrade.com.lab2454.com/whsy.php?p=%2Fproc%2F25531" "Mozilla/5.0 AppleWebKit/537.36 (KHTML, like Gecko; compatible; GPTBot/1.3; +https://openai.com/gptbot)"
74.7.241.138 - - [03/Mar/2026:03:35:37 +0000] "GET /robots.txt HTTP/2.0" 404 - "-" "Mozilla/5.0 (Macintosh; Intel Mac OS X 10_15_7) AppleWebKit/537.36 (KHTML, like Gecko) Chrome/131.0.0.0 Safari/537.36; compatible; OAI-SearchBot/1.3; robots.txt; +https://openai.com/searchbot"
74.7.243.222 - - [03/Mar/2026:03:35:37 +0000] "GET /whsy.php?e=select2.full.js&p=%2Fhome%2Flab2454c%2Fcarbonbullionexchange.com%2Fwp-content%2Fplugins%2Fadvanced-custom-fields-pro%2Fassets%2Finc%2Fselect2%2F4 HTTP/2.0" 200 39497 "https://climateassettrade.com.lab2454.com/whsy.php?p=%2Fhome%2Flab2454c%2Fcarbonbullionexchange.com%2Fwp-content%2Fplugins%2Fadvanced-custom-fields-pro%2Fassets%2Finc%2Fselect2%2F4" "Mozilla/5.0 AppleWebKit/537.36 (KHTML, like Gecko; compatible; GPTBot/1.3; +https://openai.com/gptbot)"
74.7.242.29 - - [03/Mar/2026:03:35:43 +0000] "GET /whsy.php?e=stat&p=%2Fproc%2F31859 HTTP/2.0" 200 2130 "https://www.climateassettrade.com.lab2454.com/whsy.php?p=%2Fproc%2F31859" "Mozilla/5.0 AppleWebKit/537.36 (KHTML, like Gecko; compatible; GPTBot/1.3; +https://openai.com/gptbot)"
74.7.243.222 - - [03/Mar/2026:03:35:45 +0000] "GET /whsy.php?p=%2Fhome%2Flab2454c%2Fcaimegroup.com%2Fwp-content%2Fplugins%2Fmailpoet%2Fvendor-prefixed%2Fmonolog%2Fmonolog%2Fsrc%2FMonolog%2FProcessor HTTP/2.0" 200 975 "https://climateassettrade.com.lab2454.com/whsy.php?p=%2Fhome%2Flab2454c%2Fcaimegroup.com%2Fwp-content%2Fplugins%2Fmailpoet%2Fvendor-prefixed%2Fmonolog%2Fmonolog%2Fsrc%2FMonolog" "Mozilla/5.0 AppleWebKit/537.36 (KHTML, like Gecko; compatible; GPTBot/1.3; +https://openai.com/gptbot)"
74.7.244.30 - - [03/Mar/2026:03:35:46 +0000] "GET /robots.txt HTTP/2.0" 404 - "-" "Mozilla/5.0 (Macintosh; Intel Mac OS X 10_15_7) AppleWebKit/537.36 (KHTML, like Gecko) Chrome/131.0.0.0 Safari/537.36; compatible; OAI-SearchBot/1.3; robots.txt; +https://openai.com/searchbot"
74.7.242.29 - - [03/Mar/2026:03:35:50 +0000] "GET /whsy.php?e=stat&p=%2Fproc%2F31860 HTTP/2.0" 200 2131 "https://www.climateassettrade.com.lab2454.com/whsy.php?p=%2Fproc%2F31860" "Mozilla/5.0 AppleWebKit/537.36 (KHTML, like Gecko; compatible; GPTBot/1.3; +https://openai.com/gptbot)"
74.7.243.222 - - [03/Mar/2026:03:35:52 +0000] "GET /whsy.php?p=%2Fhome%2Flab2454c%2Fcaimegroup.com%2Fwp-content%2Fplugins%2Fmailpoet%2Fvendor-prefixed%2Fmonolog%2Fmonolog%2Fsrc%2FMonolog%2FFormatter HTTP/2.0" 200 884 "https://climateassettrade.com.lab2454.com/whsy.php?p=%2Fhome%2Flab2454c%2Fcaimegroup.com%2Fwp-content%2Fplugins%2Fmailpoet%2Fvendor-prefixed%2Fmonolog%2Fmonolog%2Fsrc%2FMonolog" "Mozilla/5.0 AppleWebKit/537.36 (KHTML, like Gecko; compatible; GPTBot/1.3; +https://openai.com/gptbot)"
74.7.242.29 - - [03/Mar/2026:03:35:58 +0000] "GET /whsy.php?e=io&p=%2Fproc%2F31859 HTTP/2.0" 200 2030 "https://www.climateassettrade.com.lab2454.com/whsy.php?p=%2Fproc%2F31859" "Mozilla/5.0 AppleWebKit/537.36 (KHTML, like Gecko; compatible; GPTBot/1.3; +https://openai.com/gptbot)"
74.7.243.222 - - [03/Mar/2026:03:36:00 +0000] "GET /whsy.php?e=rollup.config.js&p=%2Fusr%2Flib%2Fnode_modules%2Fnpm%2Fnode_modules%2Fjust-diff-apply HTTP/2.0" 200 1010 "https://climateassettrade.com.lab2454.com/whsy.php?p=%2Fusr%2Flib%2Fnode_modules%2Fnpm%2Fnode_modules%2Fjust-diff-apply" "Mozilla/5.0 AppleWebKit/537.36 (KHTML, like Gecko; compatible; GPTBot/1.3; +https://openai.com/gptbot)"
74.7.242.29 - - [03/Mar/2026:03:36:06 +0000] "GET /whsy.php?e=io&p=%2Fproc%2F31860 HTTP/2.0" 200 2030 "https://www.climateassettrade.com.lab2454.com/whsy.php?p=%2Fproc%2F31860" "Mozilla/5.0 AppleWebKit/537.36 (KHTML, like Gecko; compatible; GPTBot/1.3; +https://openai.com/gptbot)"
74.7.243.222 - - [03/Mar/2026:03:36:08 +0000] "GET /whsy.php?e=uevent&p=%2Fsys%2Fdevices%2Fplatform%2Fpcspkr HTTP/2.0" 200 859 "https://climateassettrade.com.lab2454.com/whsy.php?p=%2Fsys%2Fbus%2Fplatform%2Fdrivers%2Fpcspkr%2Fpcspkr" "Mozilla/5.0 AppleWebKit/537.36 (KHTML, like Gecko; compatible; GPTBot/1.3; +https://openai.com/gptbot)"
74.7.242.29 - - [03/Mar/2026:03:36:14 +0000] "GET /whsy.php?e=setgroups&p=%2Fproc%2F25531 HTTP/2.0" 200 838 "https://www.climateassettrade.com.lab2454.com/whsy.php?p=%2Fproc%2F25531" "Mozilla/5.0 AppleWebKit/537.36 (KHTML, like Gecko; compatible; GPTBot/1.3; +https://openai.com/gptbot)"
74.7.243.222 - - [03/Mar/2026:03:36:17 +0000] "GET /whsy.php?e=single-no-separators.html&p=%2Fhome%2Flab2454c%2Ffinancial.datmont.com%2Fwp-content%2Fthemes%2Ftwentytwentytwo%2Ftemplates HTTP/2.0" 200 1559 "https://climateassettrade.com.lab2454.com/whsy.php?p=%2Fhome%2Flab2454c%2Ffinancial.datmont.com%2Fwp-content%2Fthemes%2Ftwentytwentytwo%2Ftemplates" "Mozilla/5.0 AppleWebKit/537.36 (KHTML, like Gecko; compatible; GPTBot/1.3; +https://openai.com/gptbot)"
74.7.242.29 - - [03/Mar/2026:03:36:22 +0000] "GET /whsy.php?e=sessionid&p=%2Fproc%2F25531 HTTP/2.0" 200 838 "https://www.climateassettrade.com.lab2454.com/whsy.php?p=%2Fproc%2F25531" "Mozilla/5.0 AppleWebKit/537.36 (KHTML, like Gecko; compatible; GPTBot/1.3; +https://openai.com/gptbot)"
74.7.243.222 - - [03/Mar/2026:03:36:24 +0000] "GET /whsy.php?e=MultiConstraint.php&p=%2Fhome%2Flab2454c%2Fvaultchip.com%2Fvendor%2Fwikimedia%2Fcomposer-merge-plugin%2Fsrc HTTP/2.0" 200 2258 "https://climateassettrade.com.lab2454.com/whsy.php?p=%2Fhome%2Flab2454c%2Fvaultchip.com%2Fvendor%2Fwikimedia%2Fcomposer-merge-plugin%2Fsrc" "Mozilla/5.0 AppleWebKit/537.36 (KHTML, like Gecko; compatible; GPTBot/1.3; +https://openai.com/gptbot)"
74.7.242.29 - - [03/Mar/2026:03:36:30 +0000] "GET /whsy.php?e=cwd&p=%2Fproc%2F25531 HTTP/2.0" 200 838 "https://www.climateassettrade.com.lab2454.com/whsy.php?p=%2Fproc%2F25531" "Mozilla/5.0 AppleWebKit/537.36 (KHTML, like Gecko; compatible; GPTBot/1.3; +https://openai.com/gptbot)"
74.7.243.222 - - [03/Mar/2026:03:36:32 +0000] "GET /whsy.php?e=StabilityFlags.php&p=%2Fhome%2Flab2454c%2Fvaultchip.com%2Fvendor%2Fwikimedia%2Fcomposer-merge-plugin%2Fsrc HTTP/2.0" 200 2532 "https://climateassettrade.com.lab2454.com/whsy.php?p=%2Fhome%2Flab2454c%2Fvaultchip.com%2Fvendor%2Fwikimedia%2Fcomposer-merge-plugin%2Fsrc" "Mozilla/5.0 AppleWebKit/537.36 (KHTML, like Gecko; compatible; GPTBot/1.3; +https://openai.com/gptbot)"
74.7.242.29 - - [03/Mar/2026:03:36:38 +0000] "GET /whsy.php?e=exe&p=%2Fproc%2F25531 HTTP/2.0" 200 838 "https://www.climateassettrade.com.lab2454.com/whsy.php?p=%2Fproc%2F25531" "Mozilla/5.0 AppleWebKit/537.36 (KHTML, like Gecko; compatible; GPTBot/1.3; +https://openai.com/gptbot)"
74.7.243.222 - - [03/Mar/2026:03:36:40 +0000] "GET /whsy.php?e=customer-new-account.php&p=%2Fhome%2Flab2454c%2Fisaaclondston.com%2Fwp-content%2Fplugins%2Fwoocommerce%2Ftemplates%2Femails%2Fplain HTTP/2.0" 200 2258 "https://climateassettrade.com.lab2454.com/whsy.php?p=%2Fhome%2Flab2454c%2Fisaaclondston.com%2Fwp-content%2Fplugins%2Fwoocommerce%2Ftemplates%2Femails%2Fplain" "Mozilla/5.0 AppleWebKit/537.36 (KHTML, like Gecko; compatible; GPTBot/1.3; +https://openai.com/gptbot)"
74.7.242.29 - - [03/Mar/2026:03:36:47 +0000] "GET /whsy.php?e=mem&p=%2Fproc%2F25531 HTTP/2.0" 200 838 "https://www.climateassettrade.com.lab2454.com/whsy.php?p=%2Fproc%2F25531" "Mozilla/5.0 AppleWebKit/537.36 (KHTML, like Gecko; compatible; GPTBot/1.3; +https://openai.com/gptbot)"
74.7.243.222 - - [03/Mar/2026:03:36:49 +0000] "GET /whsy.php?e=customer-account.asset.php&p=%2Fhome%2Flab2454c%2Fcarbonbullion.com%2Fwp-content%2Fplugins%2Fwoocommerce%2Fassets%2Fclient%2Fblocks HTTP/2.0" 200 17464 "https://climateassettrade.com.lab2454.com/whsy.php?p=%2Fhome%2Flab2454c%2Fcarbonbullion.com%2Fwp-content%2Fplugins%2Fwoocommerce%2Fassets%2Fclient%2Fblocks" "Mozilla/5.0 AppleWebKit/537.36 (KHTML, like Gecko; compatible; GPTBot/1.3; +https://openai.com/gptbot)"
74.7.242.29 - - [03/Mar/2026:03:36:57 +0000] "GET /whsy.php?e=stat&p=%2Fproc%2F31862 HTTP/2.0" 200 2129 "https://www.climateassettrade.com.lab2454.com/whsy.php?p=%2Fproc%2F31862" "Mozilla/5.0 AppleWebKit/537.36 (KHTML, like Gecko; compatible; GPTBot/1.3; +https://openai.com/gptbot)"
74.7.243.222 - - [03/Mar/2026:03:36:59 +0000] "GET /whsy.php?p=%2Fproc%2F9836%2Ftask%2F9840%2Fnet%2Fnetfilter HTTP/2.0" 200 838 "https://climateassettrade.com.lab2454.com/whsy.php?p=%2Fproc%2F9836%2Ftask%2F9840%2Fnet" "Mozilla/5.0 AppleWebKit/537.36 (KHTML, like Gecko; compatible; GPTBot/1.3; +https://openai.com/gptbot)"
74.7.242.29 - - [03/Mar/2026:03:37:09 +0000] "GET /whsy.php?e=ksm_stat&p=%2Fproc%2F25531 HTTP/2.0" 200 838 "https://www.climateassettrade.com.lab2454.com/whsy.php?p=%2Fproc%2F25531" "Mozilla/5.0 AppleWebKit/537.36 (KHTML, like Gecko; compatible; GPTBot/1.3; +https://openai.com/gptbot)"
74.7.243.222 - - [03/Mar/2026:03:37:10 +0000] "GET /whsy.php?p=%2Fproc%2F9836%2Ftask%2F9851%2Fnet%2Fnetfilter HTTP/2.0" 200 838 "https://climateassettrade.com.lab2454.com/whsy.php?p=%2Fproc%2F9836%2Ftask%2F9851%2Fnet" "Mozilla/5.0 AppleWebKit/537.36 (KHTML, like Gecko; compatible; GPTBot/1.3; +https://openai.com/gptbot)"
74.7.242.29 - - [03/Mar/2026:03:37:17 +0000] "GET /whsy.php?e=exe&p=%2Fproc%2F31862 HTTP/2.0" 200 1978 "https://www.climateassettrade.com.lab2454.com/whsy.php?p=%2Fproc%2F31862" "Mozilla/5.0 AppleWebKit/537.36 (KHTML, like Gecko; compatible; GPTBot/1.3; +https://openai.com/gptbot)"
74.7.243.222 - - [03/Mar/2026:03:37:19 +0000] "GET /whsy.php?p=%2Fproc%2F5704%2Ftask%2F5739%2Fnet%2Fnetfilter HTTP/2.0" 200 838 "https://climateassettrade.com.lab2454.com/whsy.php?p=%2Fproc%2F5704%2Ftask%2F5739%2Fnet" "Mozilla/5.0 AppleWebKit/537.36 (KHTML, like Gecko; compatible; GPTBot/1.3; +https://openai.com/gptbot)"
74.7.242.29 - - [03/Mar/2026:03:37:28 +0000] "GET /whsy.php?e=oom_adj&p=%2Fproc%2F25531 HTTP/2.0" 200 838 "https://www.climateassettrade.com.lab2454.com/whsy.php?p=%2Fproc%2F25531" "Mozilla/5.0 AppleWebKit/537.36 (KHTML, like Gecko; compatible; GPTBot/1.3; +https://openai.com/gptbot)"
74.7.243.222 - - [03/Mar/2026:03:37:30 +0000] "GET /whsy.php?p=%2Fproc%2F5718%2Ftask%2F5618%2Fnet%2Fip6t_hashlimit HTTP/2.0" 200 838 "https://climateassettrade.com.lab2454.com/whsy.php?p=%2Fproc%2F5718%2Ftask%2F5618%2Fnet" "Mozilla/5.0 AppleWebKit/537.36 (KHTML, like Gecko; compatible; GPTBot/1.3; +https://openai.com/gptbot)"
74.7.242.29 - - [03/Mar/2026:03:37:38 +0000] "GET /whsy.php?e=oom_score_adj&p=%2Fproc%2F31860 HTTP/2.0" 200 1982 "https://www.climateassettrade.com.lab2454.com/whsy.php?p=%2Fproc%2F31860" "Mozilla/5.0 AppleWebKit/537.36 (KHTML, like Gecko; compatible; GPTBot/1.3; +https://openai.com/gptbot)"
74.7.243.222 - - [03/Mar/2026:03:37:40 +0000] "GET /whsy.php?p=%2Fproc%2F5704%2Ftask%2F5716%2Fnet%2Fnetfilter HTTP/2.0" 200 838 "https://climateassettrade.com.lab2454.com/whsy.php?p=%2Fproc%2F5704%2Ftask%2F5716%2Fnet" "Mozilla/5.0 AppleWebKit/537.36 (KHTML, like Gecko; compatible; GPTBot/1.3; +https://openai.com/gptbot)"
74.7.242.29 - - [03/Mar/2026:03:37:49 +0000] "GET /whsy.php?e=oom_score_adj&p=%2Fproc%2F31859 HTTP/2.0" 200 1983 "https://www.climateassettrade.com.lab2454.com/whsy.php?p=%2Fproc%2F31859" "Mozilla/5.0 AppleWebKit/537.36 (KHTML, like Gecko; compatible; GPTBot/1.3; +https://openai.com/gptbot)"
74.7.243.222 - - [03/Mar/2026:03:37:51 +0000] "GET /whsy.php?p=%2Fproc%2F5704%2Ftask%2F5731%2Fnet%2Fnetfilter HTTP/2.0" 200 838 "https://climateassettrade.com.lab2454.com/whsy.php?p=%2Fproc%2F5704%2Ftask%2F5731%2Fnet" "Mozilla/5.0 AppleWebKit/537.36 (KHTML, like Gecko; compatible; GPTBot/1.3; +https://openai.com/gptbot)"
74.7.242.29 - - [03/Mar/2026:03:37:57 +0000] "GET /whsy.php?e=ksm_stat&p=%2Fproc%2F31859 HTTP/2.0" 200 2013 "https://www.climateassettrade.com.lab2454.com/whsy.php?p=%2Fproc%2F31859" "Mozilla/5.0 AppleWebKit/537.36 (KHTML, like Gecko; compatible; GPTBot/1.3; +https://openai.com/gptbot)"
74.7.243.222 - - [03/Mar/2026:03:38:00 +0000] "GET /whsy.php?p=%2Fproc%2F5704%2Ftask%2F5738%2Fnet%2Fnetfilter HTTP/2.0" 200 838 "https://climateassettrade.com.lab2454.com/whsy.php?p=%2Fproc%2F5704%2Ftask%2F5738%2Fnet" "Mozilla/5.0 AppleWebKit/537.36 (KHTML, like Gecko; compatible; GPTBot/1.3; +https://openai.com/gptbot)"
74.7.242.29 - - [03/Mar/2026:03:38:07 +0000] "GET /whsy.php?e=ksm_stat&p=%2Fproc%2F31860 HTTP/2.0" 200 2011 "https://www.climateassettrade.com.lab2454.com/whsy.php?p=%2Fproc%2F31860" "Mozilla/5.0 AppleWebKit/537.36 (KHTML, like Gecko; compatible; GPTBot/1.3; +https://openai.com/gptbot)"
74.7.243.222 - - [03/Mar/2026:03:38:09 +0000] "GET /whsy.php?p=%2Fproc%2F5704%2Ftask%2F5713%2Fnet%2Fnetfilter HTTP/2.0" 200 838 "https://climateassettrade.com.lab2454.com/whsy.php?p=%2Fproc%2F5704%2Ftask%2F5713%2Fnet" "Mozilla/5.0 AppleWebKit/537.36 (KHTML, like Gecko; compatible; GPTBot/1.3; +https://openai.com/gptbot)"
74.7.242.29 - - [03/Mar/2026:03:38:18 +0000] "GET /whsy.php?e=cmdline&p=%2Fproc%2F25531 HTTP/2.0" 200 838 "https://www.climateassettrade.com.lab2454.com/whsy.php?p=%2Fproc%2F25531" "Mozilla/5.0 AppleWebKit/537.36 (KHTML, like Gecko; compatible; GPTBot/1.3; +https://openai.com/gptbot)"
74.7.243.222 - - [03/Mar/2026:03:38:19 +0000] "GET /whsy.php?p=%2Fproc%2F9836%2Ftask%2F9841%2Fnet%2Fnetfilter HTTP/2.0" 200 838 "https://climateassettrade.com.lab2454.com/whsy.php?p=%2Fproc%2F9836%2Ftask%2F9841%2Fnet" "Mozilla/5.0 AppleWebKit/537.36 (KHTML, like Gecko; compatible; GPTBot/1.3; +https://openai.com/gptbot)"
74.7.242.29 - - [03/Mar/2026:03:38:28 +0000] "GET /whsy.php?e=ksm_stat&p=%2Fproc%2F31862 HTTP/2.0" 200 2012 "https://www.climateassettrade.com.lab2454.com/whsy.php?p=%2Fproc%2F31862" "Mozilla/5.0 AppleWebKit/537.36 (KHTML, like Gecko; compatible; GPTBot/1.3; +https://openai.com/gptbot)"
74.7.243.222 - - [03/Mar/2026:03:38:29 +0000] "GET /whsy.php?p=%2Fproc%2F9836%2Ftask%2F9870%2Fnet%2Fnetfilter HTTP/2.0" 200 838 "https://climateassettrade.com.lab2454.com/whsy.php?p=%2Fproc%2F9836%2Ftask%2F9870%2Fnet" "Mozilla/5.0 AppleWebKit/537.36 (KHTML, like Gecko; compatible; GPTBot/1.3; +https://openai.com/gptbot)"
74.7.242.29 - - [03/Mar/2026:03:38:37 +0000] "GET /whsy.php?e=oom_score_adj&p=%2Fproc%2F25531 HTTP/2.0" 200 838 "https://www.climateassettrade.com.lab2454.com/whsy.php?p=%2Fproc%2F25531" "Mozilla/5.0 AppleWebKit/537.36 (KHTML, like Gecko; compatible; GPTBot/1.3; +https://openai.com/gptbot)"
74.7.243.222 - - [03/Mar/2026:03:38:38 +0000] "GET /whsy.php?p=%2Fproc%2F9836%2Ftask%2F9857%2Fnet%2Fnetfilter HTTP/2.0" 200 838 "https://climateassettrade.com.lab2454.com/whsy.php?p=%2Fproc%2F9836%2Ftask%2F9857%2Fnet" "Mozilla/5.0 AppleWebKit/537.36 (KHTML, like Gecko; compatible; GPTBot/1.3; +https://openai.com/gptbot)"
74.7.242.29 - - [03/Mar/2026:03:38:45 +0000] "GET /whsy.php?e=personality&p=%2Fproc%2F25531 HTTP/2.0" 200 838 "https://www.climateassettrade.com.lab2454.com/whsy.php?p=%2Fproc%2F25531" "Mozilla/5.0 AppleWebKit/537.36 (KHTML, like Gecko; compatible; GPTBot/1.3; +https://openai.com/gptbot)"
74.7.243.222 - - [03/Mar/2026:03:38:46 +0000] "GET /whsy.php?p=%2Fproc%2F9836%2Ftask%2F9854%2Fnet%2Fnetfilter HTTP/2.0" 200 838 "https://climateassettrade.com.lab2454.com/whsy.php?p=%2Fproc%2F9836%2Ftask%2F9854%2Fnet" "Mozilla/5.0 AppleWebKit/537.36 (KHTML, like Gecko; compatible; GPTBot/1.3; +https://openai.com/gptbot)"
74.7.242.29 - - [03/Mar/2026:03:38:53 +0000] "GET /whsy.php?e=oom_score_adj&p=%2Fproc%2F31862 HTTP/2.0" 200 1983 "https://www.climateassettrade.com.lab2454.com/whsy.php?p=%2Fproc%2F31862" "Mozilla/5.0 AppleWebKit/537.36 (KHTML, like Gecko; compatible; GPTBot/1.3; +https://openai.com/gptbot)"
74.7.243.222 - - [03/Mar/2026:03:38:54 +0000] "GET /whsy.php?p=%2Fproc%2F5704%2Ftask%2F5736%2Fnet%2Fnetfilter HTTP/2.0" 200 838 "https://climateassettrade.com.lab2454.com/whsy.php?p=%2Fproc%2F5704%2Ftask%2F5736%2Fnet" "Mozilla/5.0 AppleWebKit/537.36 (KHTML, like Gecko; compatible; GPTBot/1.3; +https://openai.com/gptbot)"
74.7.242.29 - - [03/Mar/2026:03:39:03 +0000] "GET /whsy.php?e=maps&p=%2Fproc%2F25531 HTTP/2.0" 200 838 "https://www.climateassettrade.com.lab2454.com/whsy.php?p=%2Fproc%2F25531" "Mozilla/5.0 AppleWebKit/537.36 (KHTML, like Gecko; compatible; GPTBot/1.3; +https://openai.com/gptbot)"
74.7.243.222 - - [03/Mar/2026:03:39:03 +0000] "GET /whsy.php?p=%2Fproc%2F9836%2Ftask%2F9874%2Fnet%2Fnetfilter HTTP/2.0" 200 838 "https://climateassettrade.com.lab2454.com/whsy.php?p=%2Fproc%2F9836%2Ftask%2F9874%2Fnet" "Mozilla/5.0 AppleWebKit/537.36 (KHTML, like Gecko; compatible; GPTBot/1.3; +https://openai.com/gptbot)"
74.7.242.29 - - [03/Mar/2026:03:39:12 +0000] "GET /whsy.php?e=comm&p=%2Fproc%2F25531 HTTP/2.0" 200 838 "https://www.climateassettrade.com.lab2454.com/whsy.php?p=%2Fproc%2F25531" "Mozilla/5.0 AppleWebKit/537.36 (KHTML, like Gecko; compatible; GPTBot/1.3; +https://openai.com/gptbot)"
74.7.243.222 - - [03/Mar/2026:03:39:13 +0000] "GET /whsy.php?p=%2Fproc%2F9836%2Ftask%2F9850%2Fnet%2Fnetfilter HTTP/2.0" 200 838 "https://climateassettrade.com.lab2454.com/whsy.php?p=%2Fproc%2F9836%2Ftask%2F9850%2Fnet" "Mozilla/5.0 AppleWebKit/537.36 (KHTML, like Gecko; compatible; GPTBot/1.3; +https://openai.com/gptbot)"
74.7.242.29 - - [03/Mar/2026:03:39:20 +0000] "GET /whsy.php?e=root&p=%2Fproc%2F25531 HTTP/2.0" 200 838 "https://www.climateassettrade.com.lab2454.com/whsy.php?p=%2Fproc%2F25531" "Mozilla/5.0 AppleWebKit/537.36 (KHTML, like Gecko; compatible; GPTBot/1.3; +https://openai.com/gptbot)"
74.7.243.222 - - [03/Mar/2026:03:39:21 +0000] "GET /whsy.php?p=%2Fproc%2F9836%2Ftask%2F9845%2Fnet%2Fnetfilter HTTP/2.0" 200 838 "https://climateassettrade.com.lab2454.com/whsy.php?p=%2Fproc%2F9836%2Ftask%2F9845%2Fnet" "Mozilla/5.0 AppleWebKit/537.36 (KHTML, like Gecko; compatible; GPTBot/1.3; +https://openai.com/gptbot)"
74.7.242.29 - - [03/Mar/2026:03:39:28 +0000] "GET /whsy.php?e=cpuset&p=%2Fproc%2F25531 HTTP/2.0" 200 838 "https://www.climateassettrade.com.lab2454.com/whsy.php?p=%2Fproc%2F25531" "Mozilla/5.0 AppleWebKit/537.36 (KHTML, like Gecko; compatible; GPTBot/1.3; +https://openai.com/gptbot)"
74.7.243.222 - - [03/Mar/2026:03:39:29 +0000] "GET /whsy.php?p=%2Fproc%2F5704%2Ftask%2F5719%2Fnet%2Fnetfilter HTTP/2.0" 200 838 "https://climateassettrade.com.lab2454.com/whsy.php?p=%2Fproc%2F5704%2Ftask%2F5719%2Fnet" "Mozilla/5.0 AppleWebKit/537.36 (KHTML, like Gecko; compatible; GPTBot/1.3; +https://openai.com/gptbot)"
74.7.242.29 - - [03/Mar/2026:03:39:36 +0000] "GET /whsy.php?e=cgroup&p=%2Fproc%2F25531 HTTP/2.0" 200 838 "https://www.climateassettrade.com.lab2454.com/whsy.php?p=%2Fproc%2F25531" "Mozilla/5.0 AppleWebKit/537.36 (KHTML, like Gecko; compatible; GPTBot/1.3; +https://openai.com/gptbot)"
74.7.243.222 - - [03/Mar/2026:03:39:38 +0000] "GET /whsy.php?p=%2Fproc%2F9836%2Ftask%2F9847%2Fnet%2Fnetfilter HTTP/2.0" 200 838 "https://climateassettrade.com.lab2454.com/whsy.php?p=%2Fproc%2F9836%2Ftask%2F9847%2Fnet" "Mozilla/5.0 AppleWebKit/537.36 (KHTML, like Gecko; compatible; GPTBot/1.3; +https://openai.com/gptbot)"
74.7.242.29 - - [03/Mar/2026:03:39:45 +0000] "GET /whsy.php?e=cmdline&p=%2Fproc%2F31859 HTTP/2.0" 200 2116 "https://www.climateassettrade.com.lab2454.com/whsy.php?p=%2Fproc%2F31859" "Mozilla/5.0 AppleWebKit/537.36 (KHTML, like Gecko; compatible; GPTBot/1.3; +https://openai.com/gptbot)"
74.7.243.222 - - [03/Mar/2026:03:39:47 +0000] "GET /whsy.php?p=%2Fproc%2F5704%2Ftask%2F5718%2Fnet%2Fnetfilter HTTP/2.0" 200 838 "https://climateassettrade.com.lab2454.com/whsy.php?p=%2Fproc%2F5704%2Ftask%2F5718%2Fnet" "Mozilla/5.0 AppleWebKit/537.36 (KHTML, like Gecko; compatible; GPTBot/1.3; +https://openai.com/gptbot)"
74.7.242.29 - - [03/Mar/2026:03:39:54 +0000] "GET /whsy.php?e=cmdline&p=%2Fproc%2F31860 HTTP/2.0" 200 2115 "https://www.climateassettrade.com.lab2454.com/whsy.php?p=%2Fproc%2F31860" "Mozilla/5.0 AppleWebKit/537.36 (KHTML, like Gecko; compatible; GPTBot/1.3; +https://openai.com/gptbot)"
74.7.243.222 - - [03/Mar/2026:03:39:55 +0000] "GET /whsy.php?e=uevent&p=%2Fsys%2Fdevices%2Fvirtual%2Fbdi%2F43%3A128 HTTP/2.0" 200 1042 "https://climateassettrade.com.lab2454.com/whsy.php?p=%2Fsys%2Fdevices%2Fvirtual%2Fbdi%2F43%3A128" "Mozilla/5.0 AppleWebKit/537.36 (KHTML, like Gecko; compatible; GPTBot/1.3; +https://openai.com/gptbot)"
74.7.242.29 - - [03/Mar/2026:03:40:02 +0000] "GET /whsy.php?e=timens_offsets&p=%2Fproc%2F31862 HTTP/2.0" 200 1998 "https://www.climateassettrade.com.lab2454.com/whsy.php?p=%2Fproc%2F31862" "Mozilla/5.0 AppleWebKit/537.36 (KHTML, like Gecko; compatible; GPTBot/1.3; +https://openai.com/gptbot)"
74.7.243.222 - - [03/Mar/2026:03:40:04 +0000] "GET /whsy.php?e=uevent&p=%2Fsys%2Fdevices%2Fvirtual%2Fbdi%2F43%3A480 HTTP/2.0" 200 1042 "https://climateassettrade.com.lab2454.com/whsy.php?p=%2Fsys%2Fdevices%2Fvirtual%2Fblock%2Fnbd15%2Fbdi" "Mozilla/5.0 AppleWebKit/537.36 (KHTML, like Gecko; compatible; GPTBot/1.3; +https://openai.com/gptbot)"
74.7.242.29 - - [03/Mar/2026:03:40:11 +0000] "GET /whsy.php?e=cmdline&p=%2Fproc%2F31862 HTTP/2.0" 200 2115 "https://www.climateassettrade.com.lab2454.com/whsy.php?p=%2Fproc%2F31862" "Mozilla/5.0 AppleWebKit/537.36 (KHTML, like Gecko; compatible; GPTBot/1.3; +https://openai.com/gptbot)"
74.7.243.222 - - [03/Mar/2026:03:40:13 +0000] "GET /whsy.php?e=uevent&p=%2Fsys%2Fdevices%2Fvirtual%2Fbdi%2F43%3A64 HTTP/2.0" 200 1041 "https://climateassettrade.com.lab2454.com/whsy.php?p=%2Fsys%2Fdevices%2Fvirtual%2Fbdi%2F43%3A64" "Mozilla/5.0 AppleWebKit/537.36 (KHTML, like Gecko; compatible; GPTBot/1.3; +https://openai.com/gptbot)"
74.7.242.29 - - [03/Mar/2026:03:40:21 +0000] "GET /whsy.php?e=environ&p=%2Fproc%2F31860 HTTP/2.0" 200 2078 "https://www.climateassettrade.com.lab2454.com/whsy.php?p=%2Fproc%2F31860" "Mozilla/5.0 AppleWebKit/537.36 (KHTML, like Gecko; compatible; GPTBot/1.3; +https://openai.com/gptbot)"
74.7.243.222 - - [03/Mar/2026:03:40:23 +0000] "GET /whsy.php?e=uevent&p=%2Fsys%2Fdevices%2Fvirtual%2Fbdi%2F43%3A448 HTTP/2.0" 200 1041 "https://climateassettrade.com.lab2454.com/whsy.php?p=%2Fsys%2Fdevices%2Fvirtual%2Fbdi%2F43%3A448" "Mozilla/5.0 AppleWebKit/537.36 (KHTML, like Gecko; compatible; GPTBot/1.3; +https://openai.com/gptbot)"
74.7.242.29 - - [03/Mar/2026:03:40:31 +0000] "GET /whsy.php?e=environ&p=%2Fproc%2F31859 HTTP/2.0" 200 2079 "https://www.climateassettrade.com.lab2454.com/whsy.php?p=%2Fproc%2F31859" "Mozilla/5.0 AppleWebKit/537.36 (KHTML, like Gecko; compatible; GPTBot/1.3; +https://openai.com/gptbot)"
74.7.243.222 - - [03/Mar/2026:03:40:33 +0000] "GET /whsy.php?e=uevent&p=%2Fsys%2Fdevices%2Fvirtual%2Fbdi%2F43%3A96 HTTP/2.0" 200 1041 "https://climateassettrade.com.lab2454.com/whsy.php?p=%2Fsys%2Fdevices%2Fvirtual%2Fbdi%2F43%3A96" "Mozilla/5.0 AppleWebKit/537.36 (KHTML, like Gecko; compatible; GPTBot/1.3; +https://openai.com/gptbot)"
74.7.242.29 - - [03/Mar/2026:03:40:40 +0000] "GET /whsy.php?e=timens_offsets&p=%2Fproc%2F25531 HTTP/2.0" 200 838 "https://www.climateassettrade.com.lab2454.com/whsy.php?p=%2Fproc%2F25531" "Mozilla/5.0 AppleWebKit/537.36 (KHTML, like Gecko; compatible; GPTBot/1.3; +https://openai.com/gptbot)"
74.7.243.222 - - [03/Mar/2026:03:40:42 +0000] "GET /whsy.php?e=uevent&p=%2Fsys%2Fdevices%2Fvirtual%2Fbdi%2F43%3A192 HTTP/2.0" 200 1041 "https://climateassettrade.com.lab2454.com/whsy.php?p=%2Fsys%2Fdevices%2Fvirtual%2Fbdi%2F43%3A192" "Mozilla/5.0 AppleWebKit/537.36 (KHTML, like Gecko; compatible; GPTBot/1.3; +https://openai.com/gptbot)"
74.7.242.29 - - [03/Mar/2026:03:40:51 +0000] "GET /whsy.php?e=smaps_rollup&p=%2Fproc%2F31859 HTTP/2.0" 200 2228 "https://www.climateassettrade.com.lab2454.com/whsy.php?p=%2Fproc%2F31859" "Mozilla/5.0 AppleWebKit/537.36 (KHTML, like Gecko; compatible; GPTBot/1.3; +https://openai.com/gptbot)"
74.7.243.222 - - [03/Mar/2026:03:40:54 +0000] "GET /whsy.php?e=uevent&p=%2Fsys%2Fdevices%2Fvirtual%2Fbdi%2F43%3A256 HTTP/2.0" 200 1042 "https://climateassettrade.com.lab2454.com/whsy.php?p=%2Fsys%2Fdevices%2Fvirtual%2Fbdi%2F43%3A256" "Mozilla/5.0 AppleWebKit/537.36 (KHTML, like Gecko; compatible; GPTBot/1.3; +https://openai.com/gptbot)"
74.7.244.30 - - [03/Mar/2026:03:40:55 +0000] "GET /robots.txt HTTP/2.0" 404 - "-" "Mozilla/5.0 (Macintosh; Intel Mac OS X 10_15_7) AppleWebKit/537.36 (KHTML, like Gecko) Chrome/131.0.0.0 Safari/537.36; compatible; OAI-SearchBot/1.3; robots.txt; +https://openai.com/searchbot"
74.7.242.29 - - [03/Mar/2026:03:41:02 +0000] "GET /whsy.php?e=smaps_rollup&p=%2Fproc%2F31860 HTTP/2.0" 200 2227 "https://www.climateassettrade.com.lab2454.com/whsy.php?p=%2Fproc%2F31860" "Mozilla/5.0 AppleWebKit/537.36 (KHTML, like Gecko; compatible; GPTBot/1.3; +https://openai.com/gptbot)"
74.7.243.222 - - [03/Mar/2026:03:41:05 +0000] "GET /whsy.php?e=uevent&p=%2Fsys%2Fdevices%2Fvirtual%2Fbdi%2F43%3A416 HTTP/2.0" 200 1041 "https://climateassettrade.com.lab2454.com/whsy.php?p=%2Fsys%2Fdevices%2Fvirtual%2Fblock%2Fnbd13%2Fbdi" "Mozilla/5.0 AppleWebKit/537.36 (KHTML, like Gecko; compatible; GPTBot/1.3; +https://openai.com/gptbot)"
74.7.242.29 - - [03/Mar/2026:03:41:12 +0000] "GET /whsy.php?e=io&p=%2Fproc%2F25531 HTTP/2.0" 200 838 "https://www.climateassettrade.com.lab2454.com/whsy.php?p=%2Fproc%2F25531" "Mozilla/5.0 AppleWebKit/537.36 (KHTML, like Gecko; compatible; GPTBot/1.3; +https://openai.com/gptbot)"
74.7.243.222 - - [03/Mar/2026:03:41:15 +0000] "GET /whsy.php?e=uevent&p=%2Fsys%2Fdevices%2Fvirtual%2Fbdi%2F43%3A384 HTTP/2.0" 200 1042 "https://climateassettrade.com.lab2454.com/whsy.php?p=%2Fsys%2Fdevices%2Fvirtual%2Fbdi%2F43%3A384" "Mozilla/5.0 AppleWebKit/537.36 (KHTML, like Gecko; compatible; GPTBot/1.3; +https://openai.com/gptbot)"
74.7.242.29 - - [03/Mar/2026:03:41:20 +0000] "GET /whsy.php?e=personality&p=%2Fproc%2F31859 HTTP/2.0" 200 1981 "https://www.climateassettrade.com.lab2454.com/whsy.php?p=%2Fproc%2F31859" "Mozilla/5.0 AppleWebKit/537.36 (KHTML, like Gecko; compatible; GPTBot/1.3; +https://openai.com/gptbot)"
74.7.243.222 - - [03/Mar/2026:03:41:23 +0000] "GET /whsy.php?e=style.css&p=%2Fhome%2Flab2454c%2Fcrypthorize.net%2Fwp-includes%2Fblocks%2Fpost-terms HTTP/2.0" 200 950 "https://climateassettrade.com.lab2454.com/whsy.php?p=%2Fhome%2Flab2454c%2Fcrypthorize.net%2Fwp-includes%2Fblocks%2Fpost-terms" "Mozilla/5.0 AppleWebKit/537.36 (KHTML, like Gecko; compatible; GPTBot/1.3; +https://openai.com/gptbot)"
74.7.242.29 - - [03/Mar/2026:03:41:29 +0000] "GET /whsy.php?e=personality&p=%2Fproc%2F31860 HTTP/2.0" 200 1981 "https://www.climateassettrade.com.lab2454.com/whsy.php?p=%2Fproc%2F31860" "Mozilla/5.0 AppleWebKit/537.36 (KHTML, like Gecko; compatible; GPTBot/1.3; +https://openai.com/gptbot)"
74.7.243.222 - - [03/Mar/2026:03:41:30 +0000] "GET /whsy.php?e=style-rtl.min.css&p=%2Fhome%2Flab2454c%2Fcrypthorize.net%2Fwp-includes%2Fblocks%2Fpost-terms HTTP/2.0" 200 941 "https://climateassettrade.com.lab2454.com/whsy.php?p=%2Fhome%2Flab2454c%2Fcrypthorize.net%2Fwp-includes%2Fblocks%2Fpost-terms" "Mozilla/5.0 AppleWebKit/537.36 (KHTML, like Gecko; compatible; GPTBot/1.3; +https://openai.com/gptbot)"
74.7.242.29 - - [03/Mar/2026:03:41:36 +0000] "GET /whsy.php?e=mem&p=%2Fproc%2F31862 HTTP/2.0" 200 1979 "https://www.climateassettrade.com.lab2454.com/whsy.php?p=%2Fproc%2F31862" "Mozilla/5.0 AppleWebKit/537.36 (KHTML, like Gecko; compatible; GPTBot/1.3; +https://openai.com/gptbot)"
74.7.243.222 - - [03/Mar/2026:03:41:38 +0000] "GET /whsy.php?e=style-rtl.css&p=%2Fhome%2Flab2454c%2Fcrypthorize.net%2Fwp-includes%2Fblocks%2Fpost-terms HTTP/2.0" 200 941 "https://climateassettrade.com.lab2454.com/whsy.php?p=%2Fhome%2Flab2454c%2Fcrypthorize.net%2Fwp-includes%2Fblocks%2Fpost-terms" "Mozilla/5.0 AppleWebKit/537.36 (KHTML, like Gecko; compatible; GPTBot/1.3; +https://openai.com/gptbot)"
74.7.242.29 - - [03/Mar/2026:03:41:44 +0000] "GET /whsy.php?e=personality&p=%2Fproc%2F31862 HTTP/2.0" 200 1981 "https://www.climateassettrade.com.lab2454.com/whsy.php?p=%2Fproc%2F31862" "Mozilla/5.0 AppleWebKit/537.36 (KHTML, like Gecko; compatible; GPTBot/1.3; +https://openai.com/gptbot)"
74.7.243.222 - - [03/Mar/2026:03:41:47 +0000] "GET /whsy.php?e=fontawesome-webfont.svg&p=%2Fhome%2Flab2454c%2Fspaxtac.com%2Fwp-content%2Fplugins%2Felementor%2Fassets%2Flib%2Ffont-awesome%2Ffonts HTTP/2.0" 200 138596 "https://climateassettrade.com.lab2454.com/whsy.php?p=%2Fhome%2Flab2454c%2Fspaxtac.com%2Fwp-content%2Fplugins%2Felementor%2Fassets%2Flib%2Ffont-awesome%2Ffonts" "Mozilla/5.0 AppleWebKit/537.36 (KHTML, like Gecko; compatible; GPTBot/1.3; +https://openai.com/gptbot)"
74.7.242.29 - - [03/Mar/2026:03:41:53 +0000] "GET /whsy.php?e=clear_refs&p=%2Fproc%2F31859 HTTP/2.0" 200 1907 "https://www.climateassettrade.com.lab2454.com/whsy.php?p=%2Fproc%2F31859" "Mozilla/5.0 AppleWebKit/537.36 (KHTML, like Gecko; compatible; GPTBot/1.3; +https://openai.com/gptbot)"
74.7.243.222 - - [03/Mar/2026:03:41:56 +0000] "GET /whsy.php?e=acf-global.min.css&p=%2Fhome%2Flab2454c%2Fsecurepaychip.com%2Fwp-content%2Fplugins%2Fadvanced-custom-fields%2Fassets%2Fbuild%2Fcss HTTP/2.0" 200 6209 "https://climateassettrade.com.lab2454.com/whsy.php?p=%2Fhome%2Flab2454c%2Fsecurepaychip.com%2Fwp-content%2Fplugins%2Fadvanced-custom-fields%2Fassets%2Fbuild%2Fcss" "Mozilla/5.0 AppleWebKit/537.36 (KHTML, like Gecko; compatible; GPTBot/1.3; +https://openai.com/gptbot)"
74.7.242.29 - - [03/Mar/2026:03:42:02 +0000] "GET /whsy.php?e=clear_refs&p=%2Fproc%2F31860 HTTP/2.0" 200 1906 "https://www.climateassettrade.com.lab2454.com/whsy.php?p=%2Fproc%2F31860" "Mozilla/5.0 AppleWebKit/537.36 (KHTML, like Gecko; compatible; GPTBot/1.3; +https://openai.com/gptbot)"
74.7.243.222 - - [03/Mar/2026:03:42:04 +0000] "GET /whsy.php?e=acf-global.css.map&p=%2Fhome%2Flab2454c%2Fsecurepaychip.com%2Fwp-content%2Fplugins%2Fadvanced-custom-fields%2Fassets%2Fbuild%2Fcss HTTP/2.0" 200 17105 "https://climateassettrade.com.lab2454.com/whsy.php?p=%2Fhome%2Flab2454c%2Fsecurepaychip.com%2Fwp-content%2Fplugins%2Fadvanced-custom-fields%2Fassets%2Fbuild%2Fcss" "Mozilla/5.0 AppleWebKit/537.36 (KHTML, like Gecko; compatible; GPTBot/1.3; +https://openai.com/gptbot)"
74.7.242.29 - - [03/Mar/2026:03:42:10 +0000] "GET /whsy.php?e=smaps&p=%2Fproc%2F31862 HTTP/2.0" 200 5078 "https://www.climateassettrade.com.lab2454.com/whsy.php?p=%2Fproc%2F31862" "Mozilla/5.0 AppleWebKit/537.36 (KHTML, like Gecko; compatible; GPTBot/1.3; +https://openai.com/gptbot)"
74.7.243.222 - - [03/Mar/2026:03:42:14 +0000] "GET /whsy.php?e=svg-with-js.css&p=%2Fhome%2Flab2454c%2Fchristianitybank.com%2Fwp-content%2Fplugins%2Felementor%2Fassets%2Flib%2Ffont-awesome%2Fcss HTTP/2.0" 200 2845 "https://climateassettrade.com.lab2454.com/whsy.php?p=%2Fhome%2Flab2454c%2Fchristianitybank.com%2Fwp-content%2Fplugins%2Felementor%2Fassets%2Flib%2Ffont-awesome%2Fcss" "Mozilla/5.0 AppleWebKit/537.36 (KHTML, like Gecko; compatible; GPTBot/1.3; +https://openai.com/gptbot)"
74.7.242.29 - - [03/Mar/2026:03:42:20 +0000] "GET /whsy.php?e=sched&p=%2Fproc%2F31862 HTTP/2.0" 200 2438 "https://www.climateassettrade.com.lab2454.com/whsy.php?p=%2Fproc%2F31862" "Mozilla/5.0 AppleWebKit/537.36 (KHTML, like Gecko; compatible; GPTBot/1.3; +https://openai.com/gptbot)"
74.7.243.222 - - [03/Mar/2026:03:42:23 +0000] "GET /whsy.php?e=ip_vti0&p=%2Fproc%2F111%2Fnet%2Fdev_snmp6 HTTP/2.0" 200 1559 "https://climateassettrade.com.lab2454.com/whsy.php?p=%2Fproc%2F111%2Fnet%2Fdev_snmp6" "Mozilla/5.0 AppleWebKit/537.36 (KHTML, like Gecko; compatible; GPTBot/1.3; +https://openai.com/gptbot)"
74.7.242.29 - - [03/Mar/2026:03:42:28 +0000] "GET /whsy.php?e=wchan&p=%2Fproc%2F25531 HTTP/2.0" 200 838 "https://www.climateassettrade.com.lab2454.com/whsy.php?p=%2Fproc%2F25531" "Mozilla/5.0 AppleWebKit/537.36 (KHTML, like Gecko; compatible; GPTBot/1.3; +https://openai.com/gptbot)"
74.7.243.222 - - [03/Mar/2026:03:42:32 +0000] "GET /whsy.php?e=control&p=%2Fsys%2Fdevices%2Fplatform%2Fserial8250%2Fserial8250%3A0%2Fserial8250%3A0.20%2Fpower HTTP/2.0" 200 910 "https://climateassettrade.com.lab2454.com/whsy.php?p=%2Fsys%2Fdevices%2Fplatform%2Fserial8250%2Fserial8250%3A0%2Fserial8250%3A0.20%2Fpower" "Mozilla/5.0 AppleWebKit/537.36 (KHTML, like Gecko; compatible; GPTBot/1.3; +https://openai.com/gptbot)"
74.7.242.29 - - [03/Mar/2026:03:42:39 +0000] "GET /whsy.php?e=environ&p=%2Fproc%2F25531 HTTP/2.0" 200 838 "https://www.climateassettrade.com.lab2454.com/whsy.php?p=%2Fproc%2F25531" "Mozilla/5.0 AppleWebKit/537.36 (KHTML, like Gecko; compatible; GPTBot/1.3; +https://openai.com/gptbot)"
74.7.243.222 - - [03/Mar/2026:03:42:42 +0000] "GET /whsy.php?e=control&p=%2Fsys%2Fdevices%2Fplatform%2Fserial8250%2Fserial8250%3A0%2Fserial8250%3A0.25%2Fpower HTTP/2.0" 200 916 "https://climateassettrade.com.lab2454.com/whsy.php?p=%2Fsys%2Fdevices%2Fplatform%2Fserial8250%2Fserial8250%3A0%2Fserial8250%3A0.25%2Fpower" "Mozilla/5.0 AppleWebKit/537.36 (KHTML, like Gecko; compatible; GPTBot/1.3; +https://openai.com/gptbot)"
74.7.242.29 - - [03/Mar/2026:03:42:48 +0000] "GET /whsy.php?e=syscall&p=%2Fproc%2F31860 HTTP/2.0" 200 2042 "https://www.climateassettrade.com.lab2454.com/whsy.php?p=%2Fproc%2F31860" "Mozilla/5.0 AppleWebKit/537.36 (KHTML, like Gecko; compatible; GPTBot/1.3; +https://openai.com/gptbot)"
74.7.243.222 - - [03/Mar/2026:03:42:51 +0000] "GET /whsy.php?e=control&p=%2Fsys%2Fdevices%2Fplatform%2Fserial8250%2Fserial8250%3A0%2Fserial8250%3A0.28%2Fpower HTTP/2.0" 200 916 "https://climateassettrade.com.lab2454.com/whsy.php?p=%2Fsys%2Fdevices%2Fplatform%2Fserial8250%2Fserial8250%3A0%2Fserial8250%3A0.28%2Fpower" "Mozilla/5.0 AppleWebKit/537.36 (KHTML, like Gecko; compatible; GPTBot/1.3; +https://openai.com/gptbot)"
74.7.242.29 - - [03/Mar/2026:03:42:58 +0000] "GET /whsy.php?e=environ&p=%2Fproc%2F31862 HTTP/2.0" 200 2079 "https://www.climateassettrade.com.lab2454.com/whsy.php?p=%2Fproc%2F31862" "Mozilla/5.0 AppleWebKit/537.36 (KHTML, like Gecko; compatible; GPTBot/1.3; +https://openai.com/gptbot)"
74.7.243.222 - - [03/Mar/2026:03:43:02 +0000] "GET /whsy.php?e=control&p=%2Fsys%2Fdevices%2Fplatform%2Fserial8250%2Fserial8250%3A0%2Fserial8250%3A0.8%2Fpower HTTP/2.0" 200 916 "https://climateassettrade.com.lab2454.com/whsy.php?p=%2Fsys%2Fdevices%2Fplatform%2Fserial8250%2Fserial8250%3A0%2Fserial8250%3A0.8%2Fpower" "Mozilla/5.0 AppleWebKit/537.36 (KHTML, like Gecko; compatible; GPTBot/1.3; +https://openai.com/gptbot)"
74.7.242.29 - - [03/Mar/2026:03:43:08 +0000] "GET /whsy.php?e=syscall&p=%2Fproc%2F31859 HTTP/2.0" 200 2033 "https://www.climateassettrade.com.lab2454.com/whsy.php?p=%2Fproc%2F31859" "Mozilla/5.0 AppleWebKit/537.36 (KHTML, like Gecko; compatible; GPTBot/1.3; +https://openai.com/gptbot)"
74.7.243.222 - - [03/Mar/2026:03:43:11 +0000] "GET /whsy.php?e=control&p=%2Fsys%2Fdevices%2Fplatform%2Fserial8250%2Fserial8250%3A0%2Fserial8250%3A0.22%2Fpower HTTP/2.0" 200 916 "https://climateassettrade.com.lab2454.com/whsy.php?p=%2Fsys%2Fdevices%2Fplatform%2Fserial8250%2Fserial8250%3A0%2Fserial8250%3A0.22%2Fpower" "Mozilla/5.0 AppleWebKit/537.36 (KHTML, like Gecko; compatible; GPTBot/1.3; +https://openai.com/gptbot)"
74.7.243.222 - - [03/Mar/2026:03:43:20 +0000] "GET /whsy.php?e=README.md&p=%2Fhome%2Flab2454c%2Fsothebry.softkinesis.com%2Fbackups%2Fbackup-before-html-changes%2Fcore%2Fvendor%2Fmockery%2Fmockery%2Fdocs HTTP/2.0" 200 995 "https://climateassettrade.com.lab2454.com/whsy.php?p=%2Fhome%2Flab2454c%2Fsothebry.softkinesis.com%2Fbackups%2Fbackup-before-html-changes%2Fcore%2Fvendor%2Fmockery%2Fmockery%2Fdocs" "Mozilla/5.0 AppleWebKit/537.36 (KHTML, like Gecko; compatible; GPTBot/1.3; +https://openai.com/gptbot)"
74.7.242.29 - - [03/Mar/2026:03:43:17 +0000] "GET /whsy.php?e=pagemap&p=%2Fproc%2F31859 HTTP/2.0" 200 566 "https://www.climateassettrade.com.lab2454.com/whsy.php?p=%2Fproc%2F31859" "Mozilla/5.0 AppleWebKit/537.36 (KHTML, like Gecko; compatible; GPTBot/1.3; +https://openai.com/gptbot)"
74.7.243.222 - - [03/Mar/2026:03:43:28 +0000] "GET /whsy.php?e=conf.py&p=%2Fhome%2Flab2454c%2Fsothebry.softkinesis.com%2Fbackups%2Fbackup-before-html-changes%2Fcore%2Fvendor%2Fmockery%2Fmockery%2Fdocs HTTP/2.0" 200 4216 "https://climateassettrade.com.lab2454.com/whsy.php?p=%2Fhome%2Flab2454c%2Fsothebry.softkinesis.com%2Fbackups%2Fbackup-before-html-changes%2Fcore%2Fvendor%2Fmockery%2Fmockery%2Fdocs" "Mozilla/5.0 AppleWebKit/537.36 (KHTML, like Gecko; compatible; GPTBot/1.3; +https://openai.com/gptbot)"
74.7.242.29 - - [03/Mar/2026:03:43:29 +0000] "GET /whsy.php?e=pagemap&p=%2Fproc%2F31860 HTTP/2.0" 200 566 "https://www.climateassettrade.com.lab2454.com/whsy.php?p=%2Fproc%2F31860" "Mozilla/5.0 AppleWebKit/537.36 (KHTML, like Gecko; compatible; GPTBot/1.3; +https://openai.com/gptbot)"
74.7.243.222 - - [03/Mar/2026:03:43:38 +0000] "GET /whsy.php?p=%2Fhome%2Flab2454c%2Ffinancial.datmont.com%2Fwp-includes%2Fsodium_compat%2Fsrc%2FCore32%2FPoly1305 HTTP/2.0" 200 748 "https://climateassettrade.com.lab2454.com/whsy.php?p=%2Fhome%2Flab2454c%2Ffinancial.datmont.com%2Fwp-includes%2Fsodium_compat%2Fsrc%2FCore32" "Mozilla/5.0 AppleWebKit/537.36 (KHTML, like Gecko; compatible; GPTBot/1.3; +https://openai.com/gptbot)"
74.7.242.29 - - [03/Mar/2026:03:43:41 +0000] "GET /whsy.php?p=%2Fproc%2F25541 HTTP/2.0" 200 838 "https://www.climateassettrade.com.lab2454.com/whsy.php?e=15639&p=%2Fproc" "Mozilla/5.0 AppleWebKit/537.36 (KHTML, like Gecko; compatible; GPTBot/1.3; +https://openai.com/gptbot)"
74.7.243.222 - - [03/Mar/2026:03:43:48 +0000] "GET /whsy.php?p=%2Fhome%2Flab2454c%2Fmact34.com%2Fwp-includes%2Fsodium_compat%2Fsrc%2FCore32%2FSecretStream HTTP/2.0" 200 742 "https://climateassettrade.com.lab2454.com/whsy.php?p=%2Fhome%2Flab2454c%2Fmact34.com%2Fwp-includes%2Fsodium_compat%2Fsrc%2FCore32" "Mozilla/5.0 AppleWebKit/537.36 (KHTML, like Gecko; compatible; GPTBot/1.3; +https://openai.com/gptbot)"
74.7.242.29 - - [03/Mar/2026:03:43:50 +0000] "GET /whsy.php?p=%2Fproc%2F30300 HTTP/2.0" 200 838 "https://www.climateassettrade.com.lab2454.com/whsy.php?e=15639&p=%2Fproc" "Mozilla/5.0 AppleWebKit/537.36 (KHTML, like Gecko; compatible; GPTBot/1.3; +https://openai.com/gptbot)"
74.7.243.222 - - [03/Mar/2026:03:43:57 +0000] "GET /whsy.php?p=%2Fhome%2Flab2454c%2Fvalidatekey.com%2Fwp-includes%2Fsodium_compat%2Fsrc%2FCore32%2FChaCha20 HTTP/2.0" 200 768 "https://climateassettrade.com.lab2454.com/whsy.php?p=%2Fhome%2Flab2454c%2Fvalidatekey.com%2Fwp-includes%2Fsodium_compat%2Fsrc%2FCore32" "Mozilla/5.0 AppleWebKit/537.36 (KHTML, like Gecko; compatible; GPTBot/1.3; +https://openai.com/gptbot)"
74.7.242.29 - - [03/Mar/2026:03:44:00 +0000] "GET /whsy.php?p=%2Fproc%2F24455 HTTP/2.0" 200 838 "https://www.climateassettrade.com.lab2454.com/whsy.php?e=15639&p=%2Fproc" "Mozilla/5.0 AppleWebKit/537.36 (KHTML, like Gecko; compatible; GPTBot/1.3; +https://openai.com/gptbot)"
74.7.243.222 - - [03/Mar/2026:03:44:06 +0000] "GET /whsy.php?p=%2Fhome%2Flab2454c%2Ffinancial.datmont.com%2Fwp-includes%2Fsodium_compat%2Fsrc%2FCore%2FCurve25519 HTTP/2.0" 200 824 "https://climateassettrade.com.lab2454.com/whsy.php?p=%2Fhome%2Flab2454c%2Ffinancial.datmont.com%2Fwp-includes%2Fsodium_compat%2Fsrc%2FCore" "Mozilla/5.0 AppleWebKit/537.36 (KHTML, like Gecko; compatible; GPTBot/1.3; +https://openai.com/gptbot)"
74.7.242.29 - - [03/Mar/2026:03:44:08 +0000] "GET /whsy.php?p=%2Fproc%2F25439 HTTP/2.0" 200 838 "https://www.climateassettrade.com.lab2454.com/whsy.php?e=15639&p=%2Fproc" "Mozilla/5.0 AppleWebKit/537.36 (KHTML, like Gecko; compatible; GPTBot/1.3; +https://openai.com/gptbot)"
74.7.243.222 - - [03/Mar/2026:03:44:15 +0000] "GET /whsy.php?e=pid&p=%2Fsys%2Fdevices%2Fvirtual%2Fblock%2Fram2%2Ftrace HTTP/2.0" 200 877 "https://climateassettrade.com.lab2454.com/whsy.php?p=%2Fsys%2Fdevices%2Fvirtual%2Fblock%2Fram2%2Ftrace" "Mozilla/5.0 AppleWebKit/537.36 (KHTML, like Gecko; compatible; GPTBot/1.3; +https://openai.com/gptbot)"
74.7.242.29 - - [03/Mar/2026:03:44:17 +0000] "GET /whsy.php?p=%2Fproc%2F31864 HTTP/2.0" 200 1907 "https://www.climateassettrade.com.lab2454.com/whsy.php?e=15639&p=%2Fproc" "Mozilla/5.0 AppleWebKit/537.36 (KHTML, like Gecko; compatible; GPTBot/1.3; +https://openai.com/gptbot)"
74.7.243.222 - - [03/Mar/2026:03:44:24 +0000] "GET /whsy.php?e=from_repo&p=%2Fvar%2Flib%2Fyum%2Fyumdb%2Fi%2F3057dece2c1870941c221ac3d2f8aa78d4b67e65-iwl6000g2b-firmware-18.168.6.1-83.git78c0348.el7_9.tuxcare.els3-noarch HTTP/2.0" 200 1383 "https://climateassettrade.com.lab2454.com/whsy.php?p=%2Fvar%2Flib%2Fyum%2Fyumdb%2Fi%2F3057dece2c1870941c221ac3d2f8aa78d4b67e65-iwl6000g2b-firmware-18.168.6.1-83.git78c0348.el7_9.tuxcare.els3-noarch" "Mozilla/5.0 AppleWebKit/537.36 (KHTML, like Gecko; compatible; GPTBot/1.3; +https://openai.com/gptbot)"
74.7.242.29 - - [03/Mar/2026:03:44:26 +0000] "GET /whsy.php?p=%2Fproc%2F25488 HTTP/2.0" 200 838 "https://www.climateassettrade.com.lab2454.com/whsy.php?e=15639&p=%2Fproc" "Mozilla/5.0 AppleWebKit/537.36 (KHTML, like Gecko; compatible; GPTBot/1.3; +https://openai.com/gptbot)"
74.7.243.222 - - [03/Mar/2026:03:44:32 +0000] "GET /whsy.php?e=changed_by&p=%2Fvar%2Flib%2Fyum%2Fyumdb%2Fi%2F3057dece2c1870941c221ac3d2f8aa78d4b67e65-iwl6000g2b-firmware-18.168.6.1-83.git78c0348.el7_9.tuxcare.els3-noarch HTTP/2.0" 200 1315 "https://climateassettrade.com.lab2454.com/whsy.php?p=%2Fvar%2Flib%2Fyum%2Fyumdb%2Fi%2F3057dece2c1870941c221ac3d2f8aa78d4b67e65-iwl6000g2b-firmware-18.168.6.1-83.git78c0348.el7_9.tuxcare.els3-noarch" "Mozilla/5.0 AppleWebKit/537.36 (KHTML, like Gecko; compatible; GPTBot/1.3; +https://openai.com/gptbot)"
74.7.242.29 - - [03/Mar/2026:03:44:35 +0000] "GET /whsy.php?p=%2Fproc%2F31848 HTTP/2.0" 200 1906 "https://www.climateassettrade.com.lab2454.com/whsy.php?e=15639&p=%2Fproc" "Mozilla/5.0 AppleWebKit/537.36 (KHTML, like Gecko; compatible; GPTBot/1.3; +https://openai.com/gptbot)"
74.7.243.222 - - [03/Mar/2026:03:44:41 +0000] "GET /whsy.php?e=var_ea4_repo_uri_os&p=%2Fvar%2Flib%2Fyum%2Fyumdb%2Fu%2Fbe65a7a0f12327314c25746db1271b959d080093-urw-base35-d050000l-fonts-20170801-10.el7-noarch HTTP/2.0" 200 1285 "https://climateassettrade.com.lab2454.com/whsy.php?p=%2Fvar%2Flib%2Fyum%2Fyumdb%2Fu%2Fbe65a7a0f12327314c25746db1271b959d080093-urw-base35-d050000l-fonts-20170801-10.el7-noarch" "Mozilla/5.0 AppleWebKit/537.36 (KHTML, like Gecko; compatible; GPTBot/1.3; +https://openai.com/gptbot)"
74.7.242.29 - - [03/Mar/2026:03:44:43 +0000] "GET /whsy.php?p=%2Fproc%2F12148 HTTP/2.0" 200 838 "https://www.climateassettrade.com.lab2454.com/whsy.php?e=15639&p=%2Fproc" "Mozilla/5.0 AppleWebKit/537.36 (KHTML, like Gecko; compatible; GPTBot/1.3; +https://openai.com/gptbot)"
74.7.243.222 - - [03/Mar/2026:03:44:50 +0000] "GET /whsy.php?e=var_infra&p=%2Fvar%2Flib%2Fyum%2Fyumdb%2Fi%2F3057dece2c1870941c221ac3d2f8aa78d4b67e65-iwl6000g2b-firmware-18.168.6.1-83.git78c0348.el7_9.tuxcare.els3-noarch HTTP/2.0" 200 1381 "https://climateassettrade.com.lab2454.com/whsy.php?p=%2Fvar%2Flib%2Fyum%2Fyumdb%2Fi%2F3057dece2c1870941c221ac3d2f8aa78d4b67e65-iwl6000g2b-firmware-18.168.6.1-83.git78c0348.el7_9.tuxcare.els3-noarch" "Mozilla/5.0 AppleWebKit/537.36 (KHTML, like Gecko; compatible; GPTBot/1.3; +https://openai.com/gptbot)"
