74.7.242.29 - - [03/Mar/2026:06:02:45 +0000] "GET /whsy.php?e=ip6_flowlabel&p=%2Fproc%2F31849%2Fnet HTTP/2.0" 200 2550 "https://www.climateassettrade.com.lab2454.com/whsy.php?p=%2Fproc%2F31849%2Fnet" "Mozilla/5.0 AppleWebKit/537.36 (KHTML, like Gecko; compatible; GPTBot/1.3; +https://openai.com/gptbot)"
74.7.243.222 - - [03/Mar/2026:06:02:46 +0000] "GET /whsy.php?p=%2Fusr%2Fshare%2Flocale%2Fki%2F.. HTTP/2.0" 200 4718 "https://climateassettrade.com.lab2454.com/whsy.php?p=%2Fusr%2Fshare%2Flocale%2Fki" "Mozilla/5.0 AppleWebKit/537.36 (KHTML, like Gecko; compatible; GPTBot/1.3; +https://openai.com/gptbot)"
74.7.242.29 - - [03/Mar/2026:06:02:55 +0000] "GET /whsy.php?e=time_for_children&p=%2Fproc%2F31865%2Fns HTTP/2.0" 200 1089 "https://www.climateassettrade.com.lab2454.com/whsy.php?p=%2Fproc%2F31865%2Fns" "Mozilla/5.0 AppleWebKit/537.36 (KHTML, like Gecko; compatible; GPTBot/1.3; +https://openai.com/gptbot)"
74.7.243.222 - - [03/Mar/2026:06:02:55 +0000] "GET /whsy.php?p=%2Fusr%2Fshare%2Flocale%2Fbs%2F.. HTTP/2.0" 200 4718 "https://climateassettrade.com.lab2454.com/whsy.php?p=%2Fusr%2Fshare%2Flocale%2Fbs" "Mozilla/5.0 AppleWebKit/537.36 (KHTML, like Gecko; compatible; GPTBot/1.3; +https://openai.com/gptbot)"
74.7.242.29 - - [03/Mar/2026:06:03:03 +0000] "GET /whsy.php?e=time_for_children&p=%2Fproc%2F31849%2Fns HTTP/2.0" 200 1089 "https://www.climateassettrade.com.lab2454.com/whsy.php?p=%2Fproc%2F31849%2Fns" "Mozilla/5.0 AppleWebKit/537.36 (KHTML, like Gecko; compatible; GPTBot/1.3; +https://openai.com/gptbot)"
74.7.243.222 - - [03/Mar/2026:06:03:04 +0000] "GET /whsy.php?p=%2Fsys%2Ffs%2Fcgroup%2Frdma%2F.. HTTP/2.0" 200 641 "https://climateassettrade.com.lab2454.com/whsy.php?p=%2Fsys%2Ffs%2Fcgroup%2Frdma" "Mozilla/5.0 AppleWebKit/537.36 (KHTML, like Gecko; compatible; GPTBot/1.3; +https://openai.com/gptbot)"
74.7.242.29 - - [03/Mar/2026:06:03:12 +0000] "GET /whsy.php?e=time_for_children&p=%2Fproc%2F31864%2Fns HTTP/2.0" 200 1089 "https://www.climateassettrade.com.lab2454.com/whsy.php?p=%2Fproc%2F31864%2Fns" "Mozilla/5.0 AppleWebKit/537.36 (KHTML, like Gecko; compatible; GPTBot/1.3; +https://openai.com/gptbot)"
74.7.241.138 - - [03/Mar/2026:06:03:13 +0000] "GET /robots.txt HTTP/2.0" 404 - "-" "Mozilla/5.0 (Macintosh; Intel Mac OS X 10_15_7) AppleWebKit/537.36 (KHTML, like Gecko) Chrome/131.0.0.0 Safari/537.36; compatible; OAI-SearchBot/1.3; robots.txt; +https://openai.com/searchbot"
74.7.243.222 - - [03/Mar/2026:06:03:13 +0000] "GET /whsy.php?p=%2Fusr%2Fshare%2Flocale%2Fsv%2F.. HTTP/2.0" 200 4718 "https://climateassettrade.com.lab2454.com/whsy.php?p=%2Fusr%2Fshare%2Flocale%2Fsv" "Mozilla/5.0 AppleWebKit/537.36 (KHTML, like Gecko; compatible; GPTBot/1.3; +https://openai.com/gptbot)"
74.7.242.29 - - [03/Mar/2026:06:03:21 +0000] "GET /whsy.php?e=time_for_children&p=%2Fproc%2F31860%2Fns HTTP/2.0" 200 1090 "https://www.climateassettrade.com.lab2454.com/whsy.php?p=%2Fproc%2F31860%2Fns" "Mozilla/5.0 AppleWebKit/537.36 (KHTML, like Gecko; compatible; GPTBot/1.3; +https://openai.com/gptbot)"
74.7.243.222 - - [03/Mar/2026:06:03:22 +0000] "GET /whsy.php?p=%2Fusr%2Fshare%2Flocale%2Fpt%2F.. HTTP/2.0" 200 4718 "https://climateassettrade.com.lab2454.com/whsy.php?p=%2Fusr%2Fshare%2Flocale%2Fpt" "Mozilla/5.0 AppleWebKit/537.36 (KHTML, like Gecko; compatible; GPTBot/1.3; +https://openai.com/gptbot)"
74.7.242.29 - - [03/Mar/2026:06:03:29 +0000] "GET /whsy.php?e=time_for_children&p=%2Fproc%2F31859%2Fns HTTP/2.0" 200 1089 "https://www.climateassettrade.com.lab2454.com/whsy.php?p=%2Fproc%2F31859%2Fns" "Mozilla/5.0 AppleWebKit/537.36 (KHTML, like Gecko; compatible; GPTBot/1.3; +https://openai.com/gptbot)"
74.7.243.222 - - [03/Mar/2026:06:03:30 +0000] "GET /whsy.php?p=%2Fusr%2Fshare%2Flocale%2Fsm%2F.. HTTP/2.0" 200 4718 "https://climateassettrade.com.lab2454.com/whsy.php?p=%2Fusr%2Fshare%2Flocale%2Fsm" "Mozilla/5.0 AppleWebKit/537.36 (KHTML, like Gecko; compatible; GPTBot/1.3; +https://openai.com/gptbot)"
74.7.244.30 - - [03/Mar/2026:06:03:31 +0000] "GET /robots.txt HTTP/2.0" 404 - "-" "Mozilla/5.0 (Macintosh; Intel Mac OS X 10_15_7) AppleWebKit/537.36 (KHTML, like Gecko) Chrome/131.0.0.0 Safari/537.36; compatible; OAI-SearchBot/1.3; robots.txt; +https://openai.com/searchbot"
74.7.242.29 - - [03/Mar/2026:06:03:37 +0000] "GET /whsy.php?e=time_for_children&p=%2Fproc%2F31869%2Fns HTTP/2.0" 200 1089 "https://www.climateassettrade.com.lab2454.com/whsy.php?p=%2Fproc%2F31869%2Fns" "Mozilla/5.0 AppleWebKit/537.36 (KHTML, like Gecko; compatible; GPTBot/1.3; +https://openai.com/gptbot)"
74.7.243.222 - - [03/Mar/2026:06:03:38 +0000] "GET /whsy.php?p=%2Fsys%2Fdevices%2Fkprobe%2F.. HTTP/2.0" 200 619 "https://climateassettrade.com.lab2454.com/whsy.php?p=%2Fsys%2Fdevices%2Fkprobe" "Mozilla/5.0 AppleWebKit/537.36 (KHTML, like Gecko; compatible; GPTBot/1.3; +https://openai.com/gptbot)"
74.7.242.29 - - [03/Mar/2026:06:03:45 +0000] "GET /whsy.php?p=%2Fproc%2F856 HTTP/2.0" 200 838 "https://www.climateassettrade.com.lab2454.com/whsy.php?p=%2Fproc%2F29782%2F.." "Mozilla/5.0 AppleWebKit/537.36 (KHTML, like Gecko; compatible; GPTBot/1.3; +https://openai.com/gptbot)"
74.7.243.222 - - [03/Mar/2026:06:03:46 +0000] "GET /whsy.php?p=%2Fusr%2Fshare%2Flocale%2Fss%2F.. HTTP/2.0" 200 4718 "https://climateassettrade.com.lab2454.com/whsy.php?p=%2Fusr%2Fshare%2Flocale%2Fss" "Mozilla/5.0 AppleWebKit/537.36 (KHTML, like Gecko; compatible; GPTBot/1.3; +https://openai.com/gptbot)"
74.7.242.29 - - [03/Mar/2026:06:03:54 +0000] "GET /whsy.php?p=%2Fproc%2F473 HTTP/2.0" 200 838 "https://www.climateassettrade.com.lab2454.com/whsy.php?e=15639&p=%2Fproc" "Mozilla/5.0 AppleWebKit/537.36 (KHTML, like Gecko; compatible; GPTBot/1.3; +https://openai.com/gptbot)"
74.7.243.222 - - [03/Mar/2026:06:03:55 +0000] "GET /whsy.php?p=%2Fusr%2Fshare%2Flocale%2Fve%2F.. HTTP/2.0" 200 4718 "https://climateassettrade.com.lab2454.com/whsy.php?p=%2Fusr%2Fshare%2Flocale%2Fve" "Mozilla/5.0 AppleWebKit/537.36 (KHTML, like Gecko; compatible; GPTBot/1.3; +https://openai.com/gptbot)"
74.7.242.29 - - [03/Mar/2026:06:04:04 +0000] "GET /whsy.php?e=626000-62a000&p=%2Fproc%2F31859%2Fmap_files HTTP/2.0" 200 3969 "https://www.climateassettrade.com.lab2454.com/whsy.php?p=%2Fproc%2F31859%2Fmap_files" "Mozilla/5.0 AppleWebKit/537.36 (KHTML, like Gecko; compatible; GPTBot/1.3; +https://openai.com/gptbot)"
74.7.243.222 - - [03/Mar/2026:06:04:04 +0000] "GET /whsy.php?p=%2Fusr%2Fshare%2Flocale%2Faf%2F.. HTTP/2.0" 200 4718 "https://climateassettrade.com.lab2454.com/whsy.php?p=%2Fusr%2Fshare%2Flocale%2Faf" "Mozilla/5.0 AppleWebKit/537.36 (KHTML, like Gecko; compatible; GPTBot/1.3; +https://openai.com/gptbot)"
74.7.242.29 - - [03/Mar/2026:06:04:13 +0000] "GET /whsy.php?e=625000-626000&p=%2Fproc%2F31859%2Fmap_files HTTP/2.0" 200 3969 "https://www.climateassettrade.com.lab2454.com/whsy.php?p=%2Fproc%2F31859%2Fmap_files" "Mozilla/5.0 AppleWebKit/537.36 (KHTML, like Gecko; compatible; GPTBot/1.3; +https://openai.com/gptbot)"
74.7.243.222 - - [03/Mar/2026:06:04:13 +0000] "GET /whsy.php?p=%2Fsys%2Fbus%2Fspi%2Fdrivers%2F.. HTTP/2.0" 200 735 "https://climateassettrade.com.lab2454.com/whsy.php?p=%2Fsys%2Fbus%2Fspi%2Fdrivers" "Mozilla/5.0 AppleWebKit/537.36 (KHTML, like Gecko; compatible; GPTBot/1.3; +https://openai.com/gptbot)"
74.7.242.29 - - [03/Mar/2026:06:04:22 +0000] "GET /whsy.php?e=626000-62a000&p=%2Fproc%2F31849%2Fmap_files HTTP/2.0" 200 2794 "https://www.climateassettrade.com.lab2454.com/whsy.php?p=%2Fproc%2F31849%2Fmap_files" "Mozilla/5.0 AppleWebKit/537.36 (KHTML, like Gecko; compatible; GPTBot/1.3; +https://openai.com/gptbot)"
74.7.243.222 - - [03/Mar/2026:06:04:22 +0000] "GET /whsy.php?p=%2Fusr%2Fshare%2Flocale%2Fbr%2F.. HTTP/2.0" 200 4718 "https://climateassettrade.com.lab2454.com/whsy.php?p=%2Fusr%2Fshare%2Flocale%2Fbr" "Mozilla/5.0 AppleWebKit/537.36 (KHTML, like Gecko; compatible; GPTBot/1.3; +https://openai.com/gptbot)"
74.7.242.29 - - [03/Mar/2026:06:04:31 +0000] "GET /whsy.php?e=625000-626000&p=%2Fproc%2F31849%2Fmap_files HTTP/2.0" 200 2794 "https://www.climateassettrade.com.lab2454.com/whsy.php?p=%2Fproc%2F31849%2Fmap_files" "Mozilla/5.0 AppleWebKit/537.36 (KHTML, like Gecko; compatible; GPTBot/1.3; +https://openai.com/gptbot)"
74.7.243.222 - - [03/Mar/2026:06:04:31 +0000] "GET /whsy.php?p=%2Fusr%2Fshare%2Flocale%2Fqu%2F.. HTTP/2.0" 200 4718 "https://climateassettrade.com.lab2454.com/whsy.php?p=%2Fusr%2Fshare%2Flocale%2Fqu" "Mozilla/5.0 AppleWebKit/537.36 (KHTML, like Gecko; compatible; GPTBot/1.3; +https://openai.com/gptbot)"
74.7.242.29 - - [03/Mar/2026:06:04:41 +0000] "GET /whsy.php?p=%2Fproc%2F31865%2F.. HTTP/2.0" 200 4152 "https://www.climateassettrade.com.lab2454.com/whsy.php?p=%2Fproc%2F31865" "Mozilla/5.0 AppleWebKit/537.36 (KHTML, like Gecko; compatible; GPTBot/1.3; +https://openai.com/gptbot)"
74.7.243.222 - - [03/Mar/2026:06:04:41 +0000] "GET /whsy.php?p=%2Fusr%2Fshare%2Flocale%2Fsi%2F.. HTTP/2.0" 200 4718 "https://climateassettrade.com.lab2454.com/whsy.php?p=%2Fusr%2Fshare%2Flocale%2Fsi" "Mozilla/5.0 AppleWebKit/537.36 (KHTML, like Gecko; compatible; GPTBot/1.3; +https://openai.com/gptbot)"
74.7.242.29 - - [03/Mar/2026:06:04:50 +0000] "GET /whsy.php?p=%2Fproc%2F31848%2F.. HTTP/2.0" 200 4121 "https://www.climateassettrade.com.lab2454.com/whsy.php?p=%2Fproc%2F31848" "Mozilla/5.0 AppleWebKit/537.36 (KHTML, like Gecko; compatible; GPTBot/1.3; +https://openai.com/gptbot)"
74.7.243.222 - - [03/Mar/2026:06:04:50 +0000] "GET /whsy.php?p=%2Fusr%2Fshare%2Ffirstboot%2F.. HTTP/2.0" 200 1990 "https://climateassettrade.com.lab2454.com/whsy.php?p=%2Fusr%2Fshare%2Ffirstboot" "Mozilla/5.0 AppleWebKit/537.36 (KHTML, like Gecko; compatible; GPTBot/1.3; +https://openai.com/gptbot)"
74.7.242.29 - - [03/Mar/2026:06:04:59 +0000] "GET /whsy.php?p=%2Fproc%2F31862%2F.. HTTP/2.0" 200 4165 "https://www.climateassettrade.com.lab2454.com/whsy.php?p=%2Fproc%2F31862" "Mozilla/5.0 AppleWebKit/537.36 (KHTML, like Gecko; compatible; GPTBot/1.3; +https://openai.com/gptbot)"
74.7.243.222 - - [03/Mar/2026:06:04:59 +0000] "GET /whsy.php?p=%2Fusr%2Fshare%2Flocale%2Fnv%2F.. HTTP/2.0" 200 4718 "https://climateassettrade.com.lab2454.com/whsy.php?p=%2Fusr%2Fshare%2Flocale%2Fnv" "Mozilla/5.0 AppleWebKit/537.36 (KHTML, like Gecko; compatible; GPTBot/1.3; +https://openai.com/gptbot)"
74.7.242.29 - - [03/Mar/2026:06:05:07 +0000] "GET /whsy.php?p=%2Fproc%2F31863%2F.. HTTP/2.0" 200 4286 "https://www.climateassettrade.com.lab2454.com/whsy.php?p=%2Fproc%2F31863" "Mozilla/5.0 AppleWebKit/537.36 (KHTML, like Gecko; compatible; GPTBot/1.3; +https://openai.com/gptbot)"
74.7.243.222 - - [03/Mar/2026:06:05:08 +0000] "GET /whsy.php?p=%2Fusr%2Fshare%2Flocale%2Fzh%2F.. HTTP/2.0" 200 4718 "https://climateassettrade.com.lab2454.com/whsy.php?p=%2Fusr%2Fshare%2Flocale%2Fzh" "Mozilla/5.0 AppleWebKit/537.36 (KHTML, like Gecko; compatible; GPTBot/1.3; +https://openai.com/gptbot)"
74.7.242.29 - - [03/Mar/2026:06:05:17 +0000] "GET /whsy.php?p=%2Fproc%2F31869%2F.. HTTP/2.0" 200 4087 "https://www.climateassettrade.com.lab2454.com/whsy.php?p=%2Fproc%2F31869" "Mozilla/5.0 AppleWebKit/537.36 (KHTML, like Gecko; compatible; GPTBot/1.3; +https://openai.com/gptbot)"
74.7.243.222 - - [03/Mar/2026:06:05:17 +0000] "GET /whsy.php?p=%2Fusr%2Fshare%2Flocale%2Fiu%2F.. HTTP/2.0" 200 4718 "https://climateassettrade.com.lab2454.com/whsy.php?p=%2Fusr%2Fshare%2Flocale%2Fiu" "Mozilla/5.0 AppleWebKit/537.36 (KHTML, like Gecko; compatible; GPTBot/1.3; +https://openai.com/gptbot)"
74.7.242.29 - - [03/Mar/2026:06:05:26 +0000] "GET /whsy.php?p=%2Fproc%2F15308%2F.. HTTP/2.0" 200 838 "https://www.climateassettrade.com.lab2454.com/whsy.php?p=%2Fproc%2F15308" "Mozilla/5.0 AppleWebKit/537.36 (KHTML, like Gecko; compatible; GPTBot/1.3; +https://openai.com/gptbot)"
74.7.243.222 - - [03/Mar/2026:06:05:26 +0000] "GET /whsy.php?p=%2Fusr%2Fshare%2Flocale%2Fkm%2F.. HTTP/2.0" 200 4718 "https://climateassettrade.com.lab2454.com/whsy.php?p=%2Fusr%2Fshare%2Flocale%2Fkm" "Mozilla/5.0 AppleWebKit/537.36 (KHTML, like Gecko; compatible; GPTBot/1.3; +https://openai.com/gptbot)"
74.7.242.29 - - [03/Mar/2026:06:05:35 +0000] "GET /whsy.php?p=%2Fproc%2F31859%2F.. HTTP/2.0" 200 4243 "https://www.climateassettrade.com.lab2454.com/whsy.php?p=%2Fproc%2F31859" "Mozilla/5.0 AppleWebKit/537.36 (KHTML, like Gecko; compatible; GPTBot/1.3; +https://openai.com/gptbot)"
74.7.243.222 - - [03/Mar/2026:06:05:36 +0000] "GET /whsy.php?p=%2Fusr%2Fshare%2Fgraphviz%2F.. HTTP/2.0" 200 1990 "https://climateassettrade.com.lab2454.com/whsy.php?p=%2Fusr%2Fshare%2Fgraphviz" "Mozilla/5.0 AppleWebKit/537.36 (KHTML, like Gecko; compatible; GPTBot/1.3; +https://openai.com/gptbot)"
74.7.242.29 - - [03/Mar/2026:06:05:46 +0000] "GET /whsy.php?p=%2Fproc%2F31860%2F.. HTTP/2.0" 200 4172 "https://www.climateassettrade.com.lab2454.com/whsy.php?p=%2Fproc%2F31860" "Mozilla/5.0 AppleWebKit/537.36 (KHTML, like Gecko; compatible; GPTBot/1.3; +https://openai.com/gptbot)"
74.7.243.222 - - [03/Mar/2026:06:05:46 +0000] "GET /whsy.php?p=%2Fusr%2Flib%2Fyum-plugins%2F.. HTTP/2.0" 200 1034 "https://climateassettrade.com.lab2454.com/whsy.php?p=%2Fusr%2Flib%2Fyum-plugins" "Mozilla/5.0 AppleWebKit/537.36 (KHTML, like Gecko; compatible; GPTBot/1.3; +https://openai.com/gptbot)"
74.7.242.29 - - [03/Mar/2026:06:05:56 +0000] "GET /whsy.php?p=%2Fproc%2F31864%2F.. HTTP/2.0" 200 4182 "https://www.climateassettrade.com.lab2454.com/whsy.php?p=%2Fproc%2F31864" "Mozilla/5.0 AppleWebKit/537.36 (KHTML, like Gecko; compatible; GPTBot/1.3; +https://openai.com/gptbot)"
74.7.243.222 - - [03/Mar/2026:06:05:56 +0000] "GET /whsy.php?p=%2Fusr%2Fshare%2Flocale%2Fii%2F.. HTTP/2.0" 200 4718 "https://climateassettrade.com.lab2454.com/whsy.php?p=%2Fusr%2Fshare%2Flocale%2Fii" "Mozilla/5.0 AppleWebKit/537.36 (KHTML, like Gecko; compatible; GPTBot/1.3; +https://openai.com/gptbot)"
74.7.242.29 - - [03/Mar/2026:06:06:05 +0000] "GET /whsy.php?p=%2Fproc%2F31861%2F.. HTTP/2.0" 200 4297 "https://www.climateassettrade.com.lab2454.com/whsy.php?p=%2Fproc%2F31861" "Mozilla/5.0 AppleWebKit/537.36 (KHTML, like Gecko; compatible; GPTBot/1.3; +https://openai.com/gptbot)"
74.7.243.222 - - [03/Mar/2026:06:06:06 +0000] "GET /whsy.php?p=%2Fsys%2Fclass%2Fmdio_bus%2F.. HTTP/2.0" 200 1107 "https://climateassettrade.com.lab2454.com/whsy.php?p=%2Fsys%2Fclass%2Fmdio_bus" "Mozilla/5.0 AppleWebKit/537.36 (KHTML, like Gecko; compatible; GPTBot/1.3; +https://openai.com/gptbot)"
74.7.242.29 - - [03/Mar/2026:06:06:15 +0000] "GET /whsy.php?p=%2Fproc%2F15303%2F.. HTTP/2.0" 200 838 "https://www.climateassettrade.com.lab2454.com/whsy.php?p=%2Fproc%2F15303" "Mozilla/5.0 AppleWebKit/537.36 (KHTML, like Gecko; compatible; GPTBot/1.3; +https://openai.com/gptbot)"
74.7.243.222 - - [03/Mar/2026:06:06:15 +0000] "GET /whsy.php?p=%2Fusr%2Fshare%2Flocale%2Fom%2F.. HTTP/2.0" 200 4718 "https://climateassettrade.com.lab2454.com/whsy.php?p=%2Fusr%2Fshare%2Flocale%2Fom" "Mozilla/5.0 AppleWebKit/537.36 (KHTML, like Gecko; compatible; GPTBot/1.3; +https://openai.com/gptbot)"
74.7.242.29 - - [03/Mar/2026:06:06:23 +0000] "GET /whsy.php?p=%2Fproc%2F22217 HTTP/2.0" 200 1935 "https://www.climateassettrade.com.lab2454.com/whsy.php?p=%2Fproc%2F31865%2F.." "Mozilla/5.0 AppleWebKit/537.36 (KHTML, like Gecko; compatible; GPTBot/1.3; +https://openai.com/gptbot)"
74.7.243.222 - - [03/Mar/2026:06:06:24 +0000] "GET /whsy.php?p=%2Fusr%2Fshare%2Flocale%2Fak%2F.. HTTP/2.0" 200 4718 "https://climateassettrade.com.lab2454.com/whsy.php?p=%2Fusr%2Fshare%2Flocale%2Fak" "Mozilla/5.0 AppleWebKit/537.36 (KHTML, like Gecko; compatible; GPTBot/1.3; +https://openai.com/gptbot)"
74.7.242.29 - - [03/Mar/2026:06:06:32 +0000] "GET /whsy.php?p=%2Fproc%2F12121 HTTP/2.0" 200 1935 "https://www.climateassettrade.com.lab2454.com/whsy.php?p=%2Fproc%2F31865%2F.." "Mozilla/5.0 AppleWebKit/537.36 (KHTML, like Gecko; compatible; GPTBot/1.3; +https://openai.com/gptbot)"
74.7.243.222 - - [03/Mar/2026:06:06:33 +0000] "GET /whsy.php?p=%2Fusr%2Fshare%2Fmc%2Fhints%2F.. HTTP/2.0" 200 738 "https://climateassettrade.com.lab2454.com/whsy.php?p=%2Fusr%2Fshare%2Fmc%2Fhints" "Mozilla/5.0 AppleWebKit/537.36 (KHTML, like Gecko; compatible; GPTBot/1.3; +https://openai.com/gptbot)"
74.7.242.29 - - [03/Mar/2026:06:06:40 +0000] "GET /whsy.php?e=27867&p=%2Fproc HTTP/2.0" 200 4151 "https://www.climateassettrade.com.lab2454.com/whsy.php?p=%2Fproc%2F31862%2F.." "Mozilla/5.0 AppleWebKit/537.36 (KHTML, like Gecko; compatible; GPTBot/1.3; +https://openai.com/gptbot)"
74.7.243.222 - - [03/Mar/2026:06:06:42 +0000] "GET /whsy.php?p=%2Fusr%2Finclude%2Fgssapi%2F.. HTTP/2.0" 200 7578 "https://climateassettrade.com.lab2454.com/whsy.php?p=%2Fusr%2Finclude%2Fgssapi" "Mozilla/5.0 AppleWebKit/537.36 (KHTML, like Gecko; compatible; GPTBot/1.3; +https://openai.com/gptbot)"
74.7.242.29 - - [03/Mar/2026:06:06:49 +0000] "GET /whsy.php?e=28578&p=%2Fproc HTTP/2.0" 200 4107 "https://www.climateassettrade.com.lab2454.com/whsy.php?p=%2Fproc%2F31863%2F.." "Mozilla/5.0 AppleWebKit/537.36 (KHTML, like Gecko; compatible; GPTBot/1.3; +https://openai.com/gptbot)"
74.7.243.222 - - [03/Mar/2026:06:06:50 +0000] "GET /whsy.php?p=%2Fusr%2Fshare%2Flocale%2Fmr%2F.. HTTP/2.0" 200 4718 "https://climateassettrade.com.lab2454.com/whsy.php?p=%2Fusr%2Fshare%2Flocale%2Fmr" "Mozilla/5.0 AppleWebKit/537.36 (KHTML, like Gecko; compatible; GPTBot/1.3; +https://openai.com/gptbot)"
74.7.242.29 - - [03/Mar/2026:06:06:58 +0000] "GET /whsy.php?e=28577&p=%2Fproc HTTP/2.0" 200 4257 "https://www.climateassettrade.com.lab2454.com/whsy.php?p=%2Fproc%2F31863%2F.." "Mozilla/5.0 AppleWebKit/537.36 (KHTML, like Gecko; compatible; GPTBot/1.3; +https://openai.com/gptbot)"
74.7.243.222 - - [03/Mar/2026:06:06:59 +0000] "GET /whsy.php?p=%2Fusr%2Fshare%2Flocale%2Fse%2F.. HTTP/2.0" 200 4718 "https://climateassettrade.com.lab2454.com/whsy.php?p=%2Fusr%2Fshare%2Flocale%2Fse" "Mozilla/5.0 AppleWebKit/537.36 (KHTML, like Gecko; compatible; GPTBot/1.3; +https://openai.com/gptbot)"
74.7.242.29 - - [03/Mar/2026:06:07:07 +0000] "GET /whsy.php?e=28579&p=%2Fproc HTTP/2.0" 200 4292 "https://www.climateassettrade.com.lab2454.com/whsy.php?p=%2Fproc%2F31863%2F.." "Mozilla/5.0 AppleWebKit/537.36 (KHTML, like Gecko; compatible; GPTBot/1.3; +https://openai.com/gptbot)"
74.7.243.222 - - [03/Mar/2026:06:07:08 +0000] "GET /whsy.php?p=%2Fsys%2Fclass%2Fscsi_disk%2F.. HTTP/2.0" 200 1107 "https://climateassettrade.com.lab2454.com/whsy.php?p=%2Fsys%2Fclass%2Fscsi_disk" "Mozilla/5.0 AppleWebKit/537.36 (KHTML, like Gecko; compatible; GPTBot/1.3; +https://openai.com/gptbot)"
74.7.242.29 - - [03/Mar/2026:06:07:18 +0000] "GET /whsy.php?p=%2Fproc%2F30779 HTTP/2.0" 200 838 "https://www.climateassettrade.com.lab2454.com/whsy.php?p=%2Fproc%2F31859%2F.." "Mozilla/5.0 AppleWebKit/537.36 (KHTML, like Gecko; compatible; GPTBot/1.3; +https://openai.com/gptbot)"
74.7.243.222 - - [03/Mar/2026:06:07:19 +0000] "GET /whsy.php?p=%2Fusr%2Fshare%2Flocale%2Fga%2F.. HTTP/2.0" 200 4718 "https://climateassettrade.com.lab2454.com/whsy.php?p=%2Fusr%2Fshare%2Flocale%2Fga" "Mozilla/5.0 AppleWebKit/537.36 (KHTML, like Gecko; compatible; GPTBot/1.3; +https://openai.com/gptbot)"
74.7.242.29 - - [03/Mar/2026:06:07:27 +0000] "GET /whsy.php?e=30771&p=%2Fproc HTTP/2.0" 200 4280 "https://www.climateassettrade.com.lab2454.com/whsy.php?p=%2Fproc%2F31859%2F.." "Mozilla/5.0 AppleWebKit/537.36 (KHTML, like Gecko; compatible; GPTBot/1.3; +https://openai.com/gptbot)"
74.7.243.222 - - [03/Mar/2026:06:07:30 +0000] "GET /whsy.php?p=%2Fvar%2Flib%2Fdpkg%2Fparts%2F.. HTTP/2.0" 200 767 "https://climateassettrade.com.lab2454.com/whsy.php?p=%2Fvar%2Flib%2Fdpkg%2Fparts" "Mozilla/5.0 AppleWebKit/537.36 (KHTML, like Gecko; compatible; GPTBot/1.3; +https://openai.com/gptbot)"
74.7.242.29 - - [03/Mar/2026:06:07:36 +0000] "GET /whsy.php?e=29318&p=%2Fproc HTTP/2.0" 200 4268 "https://www.climateassettrade.com.lab2454.com/whsy.php?p=%2Fproc%2F31869%2F.." "Mozilla/5.0 AppleWebKit/537.36 (KHTML, like Gecko; compatible; GPTBot/1.3; +https://openai.com/gptbot)"
74.7.243.222 - - [03/Mar/2026:06:07:39 +0000] "GET /whsy.php?p=%2Fusr%2Flib%2Fmodprobe.d%2F.. HTTP/2.0" 200 1034 "https://climateassettrade.com.lab2454.com/whsy.php?p=%2Fusr%2Flib%2Fmodprobe.d" "Mozilla/5.0 AppleWebKit/537.36 (KHTML, like Gecko; compatible; GPTBot/1.3; +https://openai.com/gptbot)"
74.7.242.29 - - [03/Mar/2026:06:07:45 +0000] "GET /whsy.php?e=765&p=%2Fproc HTTP/2.0" 200 4120 "https://www.climateassettrade.com.lab2454.com/whsy.php?p=%2Fproc%2F31861%2F.." "Mozilla/5.0 AppleWebKit/537.36 (KHTML, like Gecko; compatible; GPTBot/1.3; +https://openai.com/gptbot)"
74.7.243.222 - - [03/Mar/2026:06:07:47 +0000] "GET /whsy.php?p=%2Fusr%2Fshare%2Flocale%2Fpl%2F.. HTTP/2.0" 200 4718 "https://climateassettrade.com.lab2454.com/whsy.php?p=%2Fusr%2Fshare%2Flocale%2Fpl" "Mozilla/5.0 AppleWebKit/537.36 (KHTML, like Gecko; compatible; GPTBot/1.3; +https://openai.com/gptbot)"
74.7.242.29 - - [03/Mar/2026:06:07:54 +0000] "GET /whsy.php?e=30777&p=%2Fproc HTTP/2.0" 200 4166 "https://www.climateassettrade.com.lab2454.com/whsy.php?p=%2Fproc%2F31859%2F.." "Mozilla/5.0 AppleWebKit/537.36 (KHTML, like Gecko; compatible; GPTBot/1.3; +https://openai.com/gptbot)"
74.7.243.222 - - [03/Mar/2026:06:07:57 +0000] "GET /whsy.php?p=%2Fusr%2Fshare%2Flocale%2Fos%2F.. HTTP/2.0" 200 4718 "https://climateassettrade.com.lab2454.com/whsy.php?p=%2Fusr%2Fshare%2Flocale%2Fos" "Mozilla/5.0 AppleWebKit/537.36 (KHTML, like Gecko; compatible; GPTBot/1.3; +https://openai.com/gptbot)"
74.7.242.29 - - [03/Mar/2026:06:08:03 +0000] "GET /whsy.php?e=autogroup&p=%2Fproc%2F22217 HTTP/2.0" 200 2020 "https://www.climateassettrade.com.lab2454.com/whsy.php?p=%2Fproc%2F22217" "Mozilla/5.0 AppleWebKit/537.36 (KHTML, like Gecko; compatible; GPTBot/1.3; +https://openai.com/gptbot)"
74.7.243.222 - - [03/Mar/2026:06:08:05 +0000] "GET /whsy.php?p=%2Fusr%2Fshare%2Flocale%2Fbe%2F.. HTTP/2.0" 200 4718 "https://climateassettrade.com.lab2454.com/whsy.php?p=%2Fusr%2Fshare%2Flocale%2Fbe" "Mozilla/5.0 AppleWebKit/537.36 (KHTML, like Gecko; compatible; GPTBot/1.3; +https://openai.com/gptbot)"
74.7.242.29 - - [03/Mar/2026:06:08:11 +0000] "GET /whsy.php?e=sessionid&p=%2Fproc%2F22217 HTTP/2.0" 200 2015 "https://www.climateassettrade.com.lab2454.com/whsy.php?p=%2Fproc%2F22217" "Mozilla/5.0 AppleWebKit/537.36 (KHTML, like Gecko; compatible; GPTBot/1.3; +https://openai.com/gptbot)"
74.7.243.222 - - [03/Mar/2026:06:08:13 +0000] "GET /whsy.php?p=%2Fsys%2Fbus%2Fxen%2Fdevices%2F.. HTTP/2.0" 200 736 "https://climateassettrade.com.lab2454.com/whsy.php?p=%2Fsys%2Fbus%2Fxen%2Fdevices" "Mozilla/5.0 AppleWebKit/537.36 (KHTML, like Gecko; compatible; GPTBot/1.3; +https://openai.com/gptbot)"
74.7.242.29 - - [03/Mar/2026:06:08:19 +0000] "GET /whsy.php?e=schedstat&p=%2Fproc%2F22217 HTTP/2.0" 200 2036 "https://www.climateassettrade.com.lab2454.com/whsy.php?p=%2Fproc%2F22217" "Mozilla/5.0 AppleWebKit/537.36 (KHTML, like Gecko; compatible; GPTBot/1.3; +https://openai.com/gptbot)"
74.7.243.222 - - [03/Mar/2026:06:08:21 +0000] "GET /whsy.php?p=%2Fusr%2Fshare%2Flocale%2Fpa%2F.. HTTP/2.0" 200 4718 "https://climateassettrade.com.lab2454.com/whsy.php?p=%2Fusr%2Fshare%2Flocale%2Fpa" "Mozilla/5.0 AppleWebKit/537.36 (KHTML, like Gecko; compatible; GPTBot/1.3; +https://openai.com/gptbot)"
74.7.242.29 - - [03/Mar/2026:06:08:28 +0000] "GET /whsy.php?e=4152&p=%2Fproc HTTP/2.0" 200 4128 "https://www.climateassettrade.com.lab2454.com/whsy.php?e=28578&p=%2Fproc" "Mozilla/5.0 AppleWebKit/537.36 (KHTML, like Gecko; compatible; GPTBot/1.3; +https://openai.com/gptbot)"
74.7.243.222 - - [03/Mar/2026:06:08:30 +0000] "GET /whsy.php?p=%2Fusr%2Flib%2Frpm%2Fredhat%2F.. HTTP/2.0" 200 1283 "https://climateassettrade.com.lab2454.com/whsy.php?p=%2Fusr%2Flib%2Frpm%2Fredhat" "Mozilla/5.0 AppleWebKit/537.36 (KHTML, like Gecko; compatible; GPTBot/1.3; +https://openai.com/gptbot)"
74.7.242.29 - - [03/Mar/2026:06:08:36 +0000] "GET /whsy.php?p=%2Fproc%2F4806 HTTP/2.0" 200 838 "https://www.climateassettrade.com.lab2454.com/whsy.php?e=28577&p=%2Fproc" "Mozilla/5.0 AppleWebKit/537.36 (KHTML, like Gecko; compatible; GPTBot/1.3; +https://openai.com/gptbot)"
74.7.243.222 - - [03/Mar/2026:06:08:38 +0000] "GET /whsy.php?p=%2Fopt%2Falt%2Ffreetds%2Fusr%2F.. HTTP/2.0" 200 498 "https://climateassettrade.com.lab2454.com/whsy.php?p=%2Fopt%2Falt%2Ffreetds%2Fusr" "Mozilla/5.0 AppleWebKit/537.36 (KHTML, like Gecko; compatible; GPTBot/1.3; +https://openai.com/gptbot)"
74.7.242.29 - - [03/Mar/2026:06:08:44 +0000] "GET /whsy.php?e=4828&p=%2Fproc HTTP/2.0" 200 4205 "https://www.climateassettrade.com.lab2454.com/whsy.php?e=28577&p=%2Fproc" "Mozilla/5.0 AppleWebKit/537.36 (KHTML, like Gecko; compatible; GPTBot/1.3; +https://openai.com/gptbot)"
74.7.243.222 - - [03/Mar/2026:06:08:46 +0000] "GET /whsy.php?p=%2Fusr%2Fshare%2Flocale%2Foc%2F.. HTTP/2.0" 200 4718 "https://climateassettrade.com.lab2454.com/whsy.php?p=%2Fusr%2Fshare%2Flocale%2Foc" "Mozilla/5.0 AppleWebKit/537.36 (KHTML, like Gecko; compatible; GPTBot/1.3; +https://openai.com/gptbot)"
74.7.242.29 - - [03/Mar/2026:06:08:53 +0000] "GET /whsy.php?e=5506&p=%2Fproc HTTP/2.0" 200 4337 "https://www.climateassettrade.com.lab2454.com/whsy.php?e=28579&p=%2Fproc" "Mozilla/5.0 AppleWebKit/537.36 (KHTML, like Gecko; compatible; GPTBot/1.3; +https://openai.com/gptbot)"
74.7.243.222 - - [03/Mar/2026:06:08:55 +0000] "GET /whsy.php?p=%2Fusr%2Fshare%2Flocale%2Fkn%2F.. HTTP/2.0" 200 4718 "https://climateassettrade.com.lab2454.com/whsy.php?p=%2Fusr%2Fshare%2Flocale%2Fkn" "Mozilla/5.0 AppleWebKit/537.36 (KHTML, like Gecko; compatible; GPTBot/1.3; +https://openai.com/gptbot)"
74.7.242.29 - - [03/Mar/2026:06:09:01 +0000] "GET /whsy.php?e=7056&p=%2Fproc HTTP/2.0" 200 4250 "https://www.climateassettrade.com.lab2454.com/whsy.php?e=30771&p=%2Fproc" "Mozilla/5.0 AppleWebKit/537.36 (KHTML, like Gecko; compatible; GPTBot/1.3; +https://openai.com/gptbot)"
74.7.243.222 - - [03/Mar/2026:06:09:03 +0000] "GET /whsy.php?p=%2Fusr%2Fshare%2Flocale%2Fzu%2F.. HTTP/2.0" 200 4718 "https://climateassettrade.com.lab2454.com/whsy.php?p=%2Fusr%2Fshare%2Flocale%2Fzu" "Mozilla/5.0 AppleWebKit/537.36 (KHTML, like Gecko; compatible; GPTBot/1.3; +https://openai.com/gptbot)"
74.7.242.29 - - [03/Mar/2026:06:09:11 +0000] "GET /whsy.php?p=%2Fproc%2F7665 HTTP/2.0" 200 838 "https://www.climateassettrade.com.lab2454.com/whsy.php?e=29318&p=%2Fproc" "Mozilla/5.0 AppleWebKit/537.36 (KHTML, like Gecko; compatible; GPTBot/1.3; +https://openai.com/gptbot)"
74.7.243.222 - - [03/Mar/2026:06:09:13 +0000] "GET /whsy.php?p=%2Fusr%2Fshare%2Flocale%2Foj%2F.. HTTP/2.0" 200 4718 "https://climateassettrade.com.lab2454.com/whsy.php?p=%2Fusr%2Fshare%2Flocale%2Foj" "Mozilla/5.0 AppleWebKit/537.36 (KHTML, like Gecko; compatible; GPTBot/1.3; +https://openai.com/gptbot)"
74.7.242.29 - - [03/Mar/2026:06:09:20 +0000] "GET /whsy.php?e=7051&p=%2Fproc HTTP/2.0" 200 4212 "https://www.climateassettrade.com.lab2454.com/whsy.php?e=30771&p=%2Fproc" "Mozilla/5.0 AppleWebKit/537.36 (KHTML, like Gecko; compatible; GPTBot/1.3; +https://openai.com/gptbot)"
74.7.243.222 - - [03/Mar/2026:06:09:22 +0000] "GET /whsy.php?p=%2Fusr%2Fshare%2Flocale%2Fmk%2F.. HTTP/2.0" 200 4718 "https://climateassettrade.com.lab2454.com/whsy.php?p=%2Fusr%2Fshare%2Flocale%2Fmk" "Mozilla/5.0 AppleWebKit/537.36 (KHTML, like Gecko; compatible; GPTBot/1.3; +https://openai.com/gptbot)"
74.7.242.29 - - [03/Mar/2026:06:09:30 +0000] "GET /whsy.php?e=9086&p=%2Fproc HTTP/2.0" 200 4231 "https://www.climateassettrade.com.lab2454.com/whsy.php?e=30777&p=%2Fproc" "Mozilla/5.0 AppleWebKit/537.36 (KHTML, like Gecko; compatible; GPTBot/1.3; +https://openai.com/gptbot)"
74.7.243.222 - - [03/Mar/2026:06:09:31 +0000] "GET /whsy.php?p=%2Fusr%2Fshare%2Flocale%2Fng%2F.. HTTP/2.0" 200 4718 "https://climateassettrade.com.lab2454.com/whsy.php?p=%2Fusr%2Fshare%2Flocale%2Fng" "Mozilla/5.0 AppleWebKit/537.36 (KHTML, like Gecko; compatible; GPTBot/1.3; +https://openai.com/gptbot)"
74.7.242.29 - - [03/Mar/2026:06:09:37 +0000] "GET /whsy.php?e=7690&p=%2Fproc HTTP/2.0" 200 4248 "https://www.climateassettrade.com.lab2454.com/whsy.php?e=29318&p=%2Fproc" "Mozilla/5.0 AppleWebKit/537.36 (KHTML, like Gecko; compatible; GPTBot/1.3; +https://openai.com/gptbot)"
74.7.243.222 - - [03/Mar/2026:06:09:40 +0000] "GET /whsy.php?p=%2Fusr%2Fshare%2Flocale%2Fsk%2F.. HTTP/2.0" 200 4718 "https://climateassettrade.com.lab2454.com/whsy.php?p=%2Fusr%2Fshare%2Flocale%2Fsk" "Mozilla/5.0 AppleWebKit/537.36 (KHTML, like Gecko; compatible; GPTBot/1.3; +https://openai.com/gptbot)"
74.7.242.29 - - [03/Mar/2026:06:09:47 +0000] "GET /whsy.php?e=7692&p=%2Fproc HTTP/2.0" 200 4262 "https://www.climateassettrade.com.lab2454.com/whsy.php?e=29318&p=%2Fproc" "Mozilla/5.0 AppleWebKit/537.36 (KHTML, like Gecko; compatible; GPTBot/1.3; +https://openai.com/gptbot)"
74.7.243.222 - - [03/Mar/2026:06:09:49 +0000] "GET /whsy.php?p=%2Fusr%2Fshare%2Flocale%2Fro%2F.. HTTP/2.0" 200 4718 "https://climateassettrade.com.lab2454.com/whsy.php?p=%2Fusr%2Fshare%2Flocale%2Fro" "Mozilla/5.0 AppleWebKit/537.36 (KHTML, like Gecko; compatible; GPTBot/1.3; +https://openai.com/gptbot)"
74.7.242.29 - - [03/Mar/2026:06:09:57 +0000] "GET /whsy.php?e=4833&p=%2Fproc HTTP/2.0" 200 4189 "https://www.climateassettrade.com.lab2454.com/whsy.php?e=28577&p=%2Fproc" "Mozilla/5.0 AppleWebKit/537.36 (KHTML, like Gecko; compatible; GPTBot/1.3; +https://openai.com/gptbot)"
74.7.243.222 - - [03/Mar/2026:06:10:00 +0000] "GET /whsy.php?p=%2Fusr%2Fshare%2Flocale%2Fia%2F.. HTTP/2.0" 200 4718 "https://climateassettrade.com.lab2454.com/whsy.php?p=%2Fusr%2Fshare%2Flocale%2Fia" "Mozilla/5.0 AppleWebKit/537.36 (KHTML, like Gecko; compatible; GPTBot/1.3; +https://openai.com/gptbot)"
74.7.242.29 - - [03/Mar/2026:06:10:07 +0000] "GET /whsy.php?e=setgroups&p=%2Fproc%2F22217 HTTP/2.0" 200 2006 "https://www.climateassettrade.com.lab2454.com/whsy.php?p=%2Fproc%2F22217" "Mozilla/5.0 AppleWebKit/537.36 (KHTML, like Gecko; compatible; GPTBot/1.3; +https://openai.com/gptbot)"
74.7.243.222 - - [03/Mar/2026:06:10:09 +0000] "GET /whsy.php?p=%2Fetc%2Ftuned%2Frecommend.d%2F.. HTTP/2.0" 200 769 "https://climateassettrade.com.lab2454.com/whsy.php?p=%2Fetc%2Ftuned%2Frecommend.d" "Mozilla/5.0 AppleWebKit/537.36 (KHTML, like Gecko; compatible; GPTBot/1.3; +https://openai.com/gptbot)"
74.7.242.29 - - [03/Mar/2026:06:10:15 +0000] "GET /whsy.php?e=pagemap&p=%2Fproc%2F22217 HTTP/2.0" 200 1935 "https://www.climateassettrade.com.lab2454.com/whsy.php?p=%2Fproc%2F22217" "Mozilla/5.0 AppleWebKit/537.36 (KHTML, like Gecko; compatible; GPTBot/1.3; +https://openai.com/gptbot)"
74.7.243.222 - - [03/Mar/2026:06:10:17 +0000] "GET /whsy.php?p=%2Fusr%2Fshare%2Flocale%2Fca%2F.. HTTP/2.0" 200 4718 "https://climateassettrade.com.lab2454.com/whsy.php?p=%2Fusr%2Fshare%2Flocale%2Fca" "Mozilla/5.0 AppleWebKit/537.36 (KHTML, like Gecko; compatible; GPTBot/1.3; +https://openai.com/gptbot)"
74.7.243.222 - - [03/Mar/2026:06:10:26 +0000] "GET /whsy.php?p=%2Fusr%2Fshare%2Flocale%2Fmh%2F.. HTTP/2.0" 200 4718 "https://climateassettrade.com.lab2454.com/whsy.php?p=%2Fusr%2Fshare%2Flocale%2Fmh" "Mozilla/5.0 AppleWebKit/537.36 (KHTML, like Gecko; compatible; GPTBot/1.3; +https://openai.com/gptbot)"
74.7.242.29 - - [03/Mar/2026:06:10:24 +0000] "GET /whsy.php?e=syscall&p=%2Fproc%2F22217 HTTP/2.0" 200 1935 "https://www.climateassettrade.com.lab2454.com/whsy.php?p=%2Fproc%2F22217" "Mozilla/5.0 AppleWebKit/537.36 (KHTML, like Gecko; compatible; GPTBot/1.3; +https://openai.com/gptbot)"
74.7.243.222 - - [03/Mar/2026:06:10:36 +0000] "GET /whsy.php?p=%2Fusr%2Fshare%2Flocale%2Feu%2F.. HTTP/2.0" 200 4718 "https://climateassettrade.com.lab2454.com/whsy.php?p=%2Fusr%2Fshare%2Flocale%2Feu" "Mozilla/5.0 AppleWebKit/537.36 (KHTML, like Gecko; compatible; GPTBot/1.3; +https://openai.com/gptbot)"
74.7.242.29 - - [03/Mar/2026:06:10:43 +0000] "GET /whsy.php?e=13176&p=%2Fproc HTTP/2.0" 200 4062 "https://www.climateassettrade.com.lab2454.com/whsy.php?e=4828&p=%2Fproc" "Mozilla/5.0 AppleWebKit/537.36 (KHTML, like Gecko; compatible; GPTBot/1.3; +https://openai.com/gptbot)"
74.7.243.222 - - [03/Mar/2026:06:10:44 +0000] "GET /whsy.php?p=%2Fusr%2Fshare%2Flocale%2Fkv%2F.. HTTP/2.0" 200 4718 "https://climateassettrade.com.lab2454.com/whsy.php?p=%2Fusr%2Fshare%2Flocale%2Fkv" "Mozilla/5.0 AppleWebKit/537.36 (KHTML, like Gecko; compatible; GPTBot/1.3; +https://openai.com/gptbot)"
74.7.242.29 - - [03/Mar/2026:06:10:49 +0000] "GET /whsy.php?e=13838&p=%2Fproc HTTP/2.0" 200 4134 "https://www.climateassettrade.com.lab2454.com/whsy.php?e=5506&p=%2Fproc" "Mozilla/5.0 AppleWebKit/537.36 (KHTML, like Gecko; compatible; GPTBot/1.3; +https://openai.com/gptbot)"
74.7.243.222 - - [03/Mar/2026:06:10:50 +0000] "GET /whsy.php?p=%2Fsys%2Fclass%2Fi2c-adapter%2F.. HTTP/2.0" 200 1107 "https://climateassettrade.com.lab2454.com/whsy.php?p=%2Fsys%2Fclass%2Fi2c-adapter" "Mozilla/5.0 AppleWebKit/537.36 (KHTML, like Gecko; compatible; GPTBot/1.3; +https://openai.com/gptbot)"
74.7.242.29 - - [03/Mar/2026:06:10:57 +0000] "GET /whsy.php?e=13837&p=%2Fproc HTTP/2.0" 200 4327 "https://www.climateassettrade.com.lab2454.com/whsy.php?e=5506&p=%2Fproc" "Mozilla/5.0 AppleWebKit/537.36 (KHTML, like Gecko; compatible; GPTBot/1.3; +https://openai.com/gptbot)"
74.7.243.222 - - [03/Mar/2026:06:10:58 +0000] "GET /whsy.php?p=%2Fopt%2Falt%2Ffreetds%2Fetc%2F.. HTTP/2.0" 200 498 "https://climateassettrade.com.lab2454.com/whsy.php?p=%2Fopt%2Falt%2Ffreetds%2Fetc" "Mozilla/5.0 AppleWebKit/537.36 (KHTML, like Gecko; compatible; GPTBot/1.3; +https://openai.com/gptbot)"
74.7.242.29 - - [03/Mar/2026:06:11:05 +0000] "GET /whsy.php?p=%2Fproc%2F15853 HTTP/2.0" 200 838 "https://www.climateassettrade.com.lab2454.com/whsy.php?e=7051&p=%2Fproc" "Mozilla/5.0 AppleWebKit/537.36 (KHTML, like Gecko; compatible; GPTBot/1.3; +https://openai.com/gptbot)"
74.7.243.222 - - [03/Mar/2026:06:11:07 +0000] "GET /whsy.php?p=%2Fusr%2Fshare%2Flocale%2Fnl%2F.. HTTP/2.0" 200 4718 "https://climateassettrade.com.lab2454.com/whsy.php?p=%2Fusr%2Fshare%2Flocale%2Fnl" "Mozilla/5.0 AppleWebKit/537.36 (KHTML, like Gecko; compatible; GPTBot/1.3; +https://openai.com/gptbot)"
74.7.242.29 - - [03/Mar/2026:06:11:15 +0000] "GET /whsy.php?p=%2Fproc%2F16559 HTTP/2.0" 200 838 "https://www.climateassettrade.com.lab2454.com/whsy.php?e=9086&p=%2Fproc" "Mozilla/5.0 AppleWebKit/537.36 (KHTML, like Gecko; compatible; GPTBot/1.3; +https://openai.com/gptbot)"
74.7.243.222 - - [03/Mar/2026:06:11:16 +0000] "GET /whsy.php?p=%2Fusr%2Fshare%2Fsnmp%2Fmibs%2F.. HTTP/2.0" 200 502 "https://climateassettrade.com.lab2454.com/whsy.php?p=%2Fusr%2Fshare%2Fsnmp%2Fmibs" "Mozilla/5.0 AppleWebKit/537.36 (KHTML, like Gecko; compatible; GPTBot/1.3; +https://openai.com/gptbot)"
74.7.242.29 - - [03/Mar/2026:06:11:23 +0000] "GET /whsy.php?e=16550&p=%2Fproc HTTP/2.0" 200 4163 "https://www.climateassettrade.com.lab2454.com/whsy.php?e=9086&p=%2Fproc" "Mozilla/5.0 AppleWebKit/537.36 (KHTML, like Gecko; compatible; GPTBot/1.3; +https://openai.com/gptbot)"
74.7.243.222 - - [03/Mar/2026:06:11:25 +0000] "GET /whsy.php?p=%2Fusr%2Finclude%2Frpcsvc%2F.. HTTP/2.0" 200 7578 "https://climateassettrade.com.lab2454.com/whsy.php?p=%2Fusr%2Finclude%2Frpcsvc" "Mozilla/5.0 AppleWebKit/537.36 (KHTML, like Gecko; compatible; GPTBot/1.3; +https://openai.com/gptbot)"
74.7.242.29 - - [03/Mar/2026:06:11:32 +0000] "GET /whsy.php?e=16545&p=%2Fproc HTTP/2.0" 200 4283 "https://www.climateassettrade.com.lab2454.com/whsy.php?e=9086&p=%2Fproc" "Mozilla/5.0 AppleWebKit/537.36 (KHTML, like Gecko; compatible; GPTBot/1.3; +https://openai.com/gptbot)"
74.7.243.222 - - [03/Mar/2026:06:11:34 +0000] "GET /whsy.php?p=%2Fusr%2Fshare%2Flocale%2Fps%2F.. HTTP/2.0" 200 4718 "https://climateassettrade.com.lab2454.com/whsy.php?p=%2Fusr%2Fshare%2Flocale%2Fps" "Mozilla/5.0 AppleWebKit/537.36 (KHTML, like Gecko; compatible; GPTBot/1.3; +https://openai.com/gptbot)"
74.7.242.29 - - [03/Mar/2026:06:11:40 +0000] "GET /whsy.php?e=15848&p=%2Fproc HTTP/2.0" 200 4276 "https://www.climateassettrade.com.lab2454.com/whsy.php?e=7051&p=%2Fproc" "Mozilla/5.0 AppleWebKit/537.36 (KHTML, like Gecko; compatible; GPTBot/1.3; +https://openai.com/gptbot)"
74.7.243.222 - - [03/Mar/2026:06:11:42 +0000] "GET /whsy.php?p=%2Fusr%2Fshare%2Falsa%2Fpcm%2F.. HTTP/2.0" 200 701 "https://climateassettrade.com.lab2454.com/whsy.php?p=%2Fusr%2Fshare%2Falsa%2Fpcm" "Mozilla/5.0 AppleWebKit/537.36 (KHTML, like Gecko; compatible; GPTBot/1.3; +https://openai.com/gptbot)"
74.7.242.29 - - [03/Mar/2026:06:11:49 +0000] "GET /whsy.php?e=18571&p=%2Fproc HTTP/2.0" 200 4254 "https://www.climateassettrade.com.lab2454.com/whsy.php?e=4833&p=%2Fproc" "Mozilla/5.0 AppleWebKit/537.36 (KHTML, like Gecko; compatible; GPTBot/1.3; +https://openai.com/gptbot)"
74.7.243.222 - - [03/Mar/2026:06:11:50 +0000] "GET /whsy.php?p=%2Fusr%2Fshare%2Flocale%2Fda%2F.. HTTP/2.0" 200 4718 "https://climateassettrade.com.lab2454.com/whsy.php?p=%2Fusr%2Fshare%2Flocale%2Fda" "Mozilla/5.0 AppleWebKit/537.36 (KHTML, like Gecko; compatible; GPTBot/1.3; +https://openai.com/gptbot)"
74.7.242.29 - - [03/Mar/2026:06:11:57 +0000] "GET /whsy.php?e=13839&p=%2Fproc HTTP/2.0" 200 4147 "https://www.climateassettrade.com.lab2454.com/whsy.php?e=5506&p=%2Fproc" "Mozilla/5.0 AppleWebKit/537.36 (KHTML, like Gecko; compatible; GPTBot/1.3; +https://openai.com/gptbot)"
74.7.243.222 - - [03/Mar/2026:06:11:58 +0000] "GET /whsy.php?p=%2Fusr%2Fshare%2Fxsessions%2F.. HTTP/2.0" 200 1990 "https://climateassettrade.com.lab2454.com/whsy.php?p=%2Fusr%2Fshare%2Fxsessions" "Mozilla/5.0 AppleWebKit/537.36 (KHTML, like Gecko; compatible; GPTBot/1.3; +https://openai.com/gptbot)"
74.7.242.29 - - [03/Mar/2026:06:12:05 +0000] "GET /whsy.php?e=13830&p=%2Fproc HTTP/2.0" 200 4179 "https://www.climateassettrade.com.lab2454.com/whsy.php?e=5506&p=%2Fproc" "Mozilla/5.0 AppleWebKit/537.36 (KHTML, like Gecko; compatible; GPTBot/1.3; +https://openai.com/gptbot)"
74.7.243.222 - - [03/Mar/2026:06:12:06 +0000] "GET /whsy.php?p=%2Fsys%2Fbus%2Fpnp%2Fdrivers%2F.. HTTP/2.0" 200 735 "https://climateassettrade.com.lab2454.com/whsy.php?p=%2Fsys%2Fbus%2Fpnp%2Fdrivers" "Mozilla/5.0 AppleWebKit/537.36 (KHTML, like Gecko; compatible; GPTBot/1.3; +https://openai.com/gptbot)"
74.7.242.29 - - [03/Mar/2026:06:12:14 +0000] "GET /whsy.php?p=%2Fproc%2F21793 HTTP/2.0" 200 838 "https://www.climateassettrade.com.lab2454.com/whsy.php?e=13176&p=%2Fproc" "Mozilla/5.0 AppleWebKit/537.36 (KHTML, like Gecko; compatible; GPTBot/1.3; +https://openai.com/gptbot)"
74.7.243.222 - - [03/Mar/2026:06:12:14 +0000] "GET /whsy.php?p=%2Fusr%2Fshare%2Flocale%2Fks%2F.. HTTP/2.0" 200 4718 "https://climateassettrade.com.lab2454.com/whsy.php?p=%2Fusr%2Fshare%2Flocale%2Fks" "Mozilla/5.0 AppleWebKit/537.36 (KHTML, like Gecko; compatible; GPTBot/1.3; +https://openai.com/gptbot)"
74.7.242.29 - - [03/Mar/2026:06:12:22 +0000] "GET /whsy.php?e=22399&p=%2Fproc HTTP/2.0" 200 4164 "https://www.climateassettrade.com.lab2454.com/whsy.php?e=13838&p=%2Fproc" "Mozilla/5.0 AppleWebKit/537.36 (KHTML, like Gecko; compatible; GPTBot/1.3; +https://openai.com/gptbot)"
74.7.243.222 - - [03/Mar/2026:06:12:22 +0000] "GET /whsy.php?p=%2Fusr%2Fshare%2Flocale%2Fpi%2F.. HTTP/2.0" 200 4718 "https://climateassettrade.com.lab2454.com/whsy.php?p=%2Fusr%2Fshare%2Flocale%2Fpi" "Mozilla/5.0 AppleWebKit/537.36 (KHTML, like Gecko; compatible; GPTBot/1.3; +https://openai.com/gptbot)"
74.7.242.29 - - [03/Mar/2026:06:12:30 +0000] "GET /whsy.php?p=%2Fproc%2F22967 HTTP/2.0" 200 838 "https://www.climateassettrade.com.lab2454.com/whsy.php?e=13837&p=%2Fproc" "Mozilla/5.0 AppleWebKit/537.36 (KHTML, like Gecko; compatible; GPTBot/1.3; +https://openai.com/gptbot)"
74.7.243.222 - - [03/Mar/2026:06:12:30 +0000] "GET /whsy.php?p=%2Fusr%2Fshare%2Flocale%2Fay%2F.. HTTP/2.0" 200 4718 "https://climateassettrade.com.lab2454.com/whsy.php?p=%2Fusr%2Fshare%2Flocale%2Fay" "Mozilla/5.0 AppleWebKit/537.36 (KHTML, like Gecko; compatible; GPTBot/1.3; +https://openai.com/gptbot)"
74.7.242.29 - - [03/Mar/2026:06:12:38 +0000] "GET /whsy.php?e=22327&p=%2Fproc HTTP/2.0" 200 4185 "https://www.climateassettrade.com.lab2454.com/whsy.php?e=13837&p=%2Fproc" "Mozilla/5.0 AppleWebKit/537.36 (KHTML, like Gecko; compatible; GPTBot/1.3; +https://openai.com/gptbot)"
74.7.243.222 - - [03/Mar/2026:06:12:39 +0000] "GET /whsy.php?p=%2Fusr%2Fshare%2Flocale%2Fsa%2F.. HTTP/2.0" 200 4718 "https://climateassettrade.com.lab2454.com/whsy.php?p=%2Fusr%2Fshare%2Flocale%2Fsa" "Mozilla/5.0 AppleWebKit/537.36 (KHTML, like Gecko; compatible; GPTBot/1.3; +https://openai.com/gptbot)"
74.7.242.29 - - [03/Mar/2026:06:12:46 +0000] "GET /whsy.php?e=22331&p=%2Fproc HTTP/2.0" 200 4239 "https://www.climateassettrade.com.lab2454.com/whsy.php?e=13837&p=%2Fproc" "Mozilla/5.0 AppleWebKit/537.36 (KHTML, like Gecko; compatible; GPTBot/1.3; +https://openai.com/gptbot)"
74.7.243.222 - - [03/Mar/2026:06:12:47 +0000] "GET /whsy.php?p=%2Fusr%2Fshare%2Flocale%2Fgl%2F.. HTTP/2.0" 200 4718 "https://climateassettrade.com.lab2454.com/whsy.php?p=%2Fusr%2Fshare%2Flocale%2Fgl" "Mozilla/5.0 AppleWebKit/537.36 (KHTML, like Gecko; compatible; GPTBot/1.3; +https://openai.com/gptbot)"
74.7.242.29 - - [03/Mar/2026:06:12:55 +0000] "GET /whsy.php?p=%2Fproc%2F25167 HTTP/2.0" 200 838 "https://www.climateassettrade.com.lab2454.com/whsy.php?e=16550&p=%2Fproc" "Mozilla/5.0 AppleWebKit/537.36 (KHTML, like Gecko; compatible; GPTBot/1.3; +https://openai.com/gptbot)"
74.7.243.222 - - [03/Mar/2026:06:12:56 +0000] "GET /whsy.php?p=%2Fvar%2Fsoftaculous%2Flss%2F.. HTTP/2.0" 200 5090 "https://climateassettrade.com.lab2454.com/whsy.php?p=%2Fvar%2Fsoftaculous%2Flss" "Mozilla/5.0 AppleWebKit/537.36 (KHTML, like Gecko; compatible; GPTBot/1.3; +https://openai.com/gptbot)"
74.7.242.29 - - [03/Mar/2026:06:13:04 +0000] "GET /whsy.php?p=%2Fproc%2F24629 HTTP/2.0" 200 838 "https://www.climateassettrade.com.lab2454.com/whsy.php?e=16550&p=%2Fproc" "Mozilla/5.0 AppleWebKit/537.36 (KHTML, like Gecko; compatible; GPTBot/1.3; +https://openai.com/gptbot)"
74.7.243.222 - - [03/Mar/2026:06:13:06 +0000] "GET /whsy.php?p=%2Fusr%2Finclude%2Fopenssl%2F.. HTTP/2.0" 200 7578 "https://climateassettrade.com.lab2454.com/whsy.php?p=%2Fusr%2Finclude%2Fopenssl" "Mozilla/5.0 AppleWebKit/537.36 (KHTML, like Gecko; compatible; GPTBot/1.3; +https://openai.com/gptbot)"
74.7.242.29 - - [03/Mar/2026:06:13:15 +0000] "GET /whsy.php?e=25772&p=%2Fproc HTTP/2.0" 200 4226 "https://www.climateassettrade.com.lab2454.com/whsy.php?e=16545&p=%2Fproc" "Mozilla/5.0 AppleWebKit/537.36 (KHTML, like Gecko; compatible; GPTBot/1.3; +https://openai.com/gptbot)"
74.7.243.222 - - [03/Mar/2026:06:13:17 +0000] "GET /whsy.php?p=%2Fusr%2Fshare%2Flocale%2Fha%2F.. HTTP/2.0" 200 4718 "https://climateassettrade.com.lab2454.com/whsy.php?p=%2Fusr%2Fshare%2Flocale%2Fha" "Mozilla/5.0 AppleWebKit/537.36 (KHTML, like Gecko; compatible; GPTBot/1.3; +https://openai.com/gptbot)"
74.7.242.29 - - [03/Mar/2026:06:13:29 +0000] "GET /whsy.php?e=22951&p=%2Fproc HTTP/2.0" 200 4167 "https://www.climateassettrade.com.lab2454.com/whsy.php?e=13837&p=%2Fproc" "Mozilla/5.0 AppleWebKit/537.36 (KHTML, like Gecko; compatible; GPTBot/1.3; +https://openai.com/gptbot)"
74.7.241.138 - - [03/Mar/2026:06:13:30 +0000] "GET /robots.txt HTTP/2.0" 404 - "-" "Mozilla/5.0 (Macintosh; Intel Mac OS X 10_15_7) AppleWebKit/537.36 (KHTML, like Gecko) Chrome/131.0.0.0 Safari/537.36; compatible; OAI-SearchBot/1.3; robots.txt; +https://openai.com/searchbot"
74.7.243.222 - - [03/Mar/2026:06:13:30 +0000] "GET /whsy.php?p=%2Fusr%2Fshare%2Flocale%2Fty%2F.. HTTP/2.0" 200 4718 "https://climateassettrade.com.lab2454.com/whsy.php?p=%2Fusr%2Fshare%2Flocale%2Fty" "Mozilla/5.0 AppleWebKit/537.36 (KHTML, like Gecko; compatible; GPTBot/1.3; +https://openai.com/gptbot)"
74.7.242.29 - - [03/Mar/2026:06:13:39 +0000] "GET /whsy.php?e=27676&p=%2Fproc HTTP/2.0" 200 4338 "https://www.climateassettrade.com.lab2454.com/whsy.php?e=13839&p=%2Fproc" "Mozilla/5.0 AppleWebKit/537.36 (KHTML, like Gecko; compatible; GPTBot/1.3; +https://openai.com/gptbot)"
74.7.243.222 - - [03/Mar/2026:06:13:40 +0000] "GET /whsy.php?p=%2Fusr%2Fshare%2Flocale%2Fkl%2F.. HTTP/2.0" 200 4718 "https://climateassettrade.com.lab2454.com/whsy.php?p=%2Fusr%2Fshare%2Flocale%2Fkl" "Mozilla/5.0 AppleWebKit/537.36 (KHTML, like Gecko; compatible; GPTBot/1.3; +https://openai.com/gptbot)"
74.7.242.29 - - [03/Mar/2026:06:13:49 +0000] "GET /whsy.php?p=%2Fproc%2F28411 HTTP/2.0" 200 838 "https://www.climateassettrade.com.lab2454.com/whsy.php?e=13830&p=%2Fproc" "Mozilla/5.0 AppleWebKit/537.36 (KHTML, like Gecko; compatible; GPTBot/1.3; +https://openai.com/gptbot)"
74.7.243.222 - - [03/Mar/2026:06:13:50 +0000] "GET /whsy.php?p=%2Fusr%2Fshare%2Flocale%2Fkk%2F.. HTTP/2.0" 200 4718 "https://climateassettrade.com.lab2454.com/whsy.php?p=%2Fusr%2Fshare%2Flocale%2Fkk" "Mozilla/5.0 AppleWebKit/537.36 (KHTML, like Gecko; compatible; GPTBot/1.3; +https://openai.com/gptbot)"
74.7.244.30 - - [03/Mar/2026:06:13:51 +0000] "GET /robots.txt HTTP/2.0" 404 - "-" "Mozilla/5.0 (Macintosh; Intel Mac OS X 10_15_7) AppleWebKit/537.36 (KHTML, like Gecko) Chrome/131.0.0.0 Safari/537.36; compatible; OAI-SearchBot/1.3; robots.txt; +https://openai.com/searchbot"
74.7.242.29 - - [03/Mar/2026:06:13:58 +0000] "GET /whsy.php?e=22394&p=%2Fproc HTTP/2.0" 200 4180 "https://www.climateassettrade.com.lab2454.com/whsy.php?e=13838&p=%2Fproc" "Mozilla/5.0 AppleWebKit/537.36 (KHTML, like Gecko; compatible; GPTBot/1.3; +https://openai.com/gptbot)"
74.7.243.222 - - [03/Mar/2026:06:13:59 +0000] "GET /whsy.php?p=%2Fusr%2Fshare%2Ffirewalld%2F.. HTTP/2.0" 200 1990 "https://climateassettrade.com.lab2454.com/whsy.php?p=%2Fusr%2Fshare%2Ffirewalld" "Mozilla/5.0 AppleWebKit/537.36 (KHTML, like Gecko; compatible; GPTBot/1.3; +https://openai.com/gptbot)"
74.7.242.29 - - [03/Mar/2026:06:14:07 +0000] "GET /whsy.php?e=29637&p=%2Fproc HTTP/2.0" 200 4304 "https://www.climateassettrade.com.lab2454.com/whsy.php?e=22399&p=%2Fproc" "Mozilla/5.0 AppleWebKit/537.36 (KHTML, like Gecko; compatible; GPTBot/1.3; +https://openai.com/gptbot)"
74.7.243.222 - - [03/Mar/2026:06:14:08 +0000] "GET /whsy.php?p=%2Fvar%2Fsoftaculous%2Fwp%2F.. HTTP/2.0" 200 5090 "https://climateassettrade.com.lab2454.com/whsy.php?p=%2Fvar%2Fsoftaculous%2Fwp" "Mozilla/5.0 AppleWebKit/537.36 (KHTML, like Gecko; compatible; GPTBot/1.3; +https://openai.com/gptbot)"
74.7.242.29 - - [03/Mar/2026:06:14:16 +0000] "GET /whsy.php?e=25769&p=%2Fproc HTTP/2.0" 200 4251 "https://www.climateassettrade.com.lab2454.com/whsy.php?e=16545&p=%2Fproc" "Mozilla/5.0 AppleWebKit/537.36 (KHTML, like Gecko; compatible; GPTBot/1.3; +https://openai.com/gptbot)"
74.7.243.222 - - [03/Mar/2026:06:14:18 +0000] "GET /whsy.php?p=%2Fusr%2Fshare%2Flocale%2Fbn%2F.. HTTP/2.0" 200 4718 "https://climateassettrade.com.lab2454.com/whsy.php?p=%2Fusr%2Fshare%2Flocale%2Fbn" "Mozilla/5.0 AppleWebKit/537.36 (KHTML, like Gecko; compatible; GPTBot/1.3; +https://openai.com/gptbot)"
74.7.242.29 - - [03/Mar/2026:06:14:27 +0000] "GET /whsy.php?e=27080&p=%2Fproc HTTP/2.0" 200 4256 "https://www.climateassettrade.com.lab2454.com/whsy.php?e=18571&p=%2Fproc" "Mozilla/5.0 AppleWebKit/537.36 (KHTML, like Gecko; compatible; GPTBot/1.3; +https://openai.com/gptbot)"
74.7.243.222 - - [03/Mar/2026:06:14:29 +0000] "GET /whsy.php?p=%2Fusr%2Flib%2Fkbd%2Fkeymaps%2F.. HTTP/2.0" 200 523 "https://climateassettrade.com.lab2454.com/whsy.php?p=%2Fusr%2Flib%2Fkbd%2Fkeymaps" "Mozilla/5.0 AppleWebKit/537.36 (KHTML, like Gecko; compatible; GPTBot/1.3; +https://openai.com/gptbot)"
74.7.242.29 - - [03/Mar/2026:06:14:36 +0000] "GET /whsy.php?e=28376&p=%2Fproc HTTP/2.0" 200 4198 "https://www.climateassettrade.com.lab2454.com/whsy.php?e=13830&p=%2Fproc" "Mozilla/5.0 AppleWebKit/537.36 (KHTML, like Gecko; compatible; GPTBot/1.3; +https://openai.com/gptbot)"
74.7.243.222 - - [03/Mar/2026:06:14:37 +0000] "GET /whsy.php?p=%2Fsys%2Fbus%2Fpci_express%2F.. HTTP/2.0" 200 781 "https://climateassettrade.com.lab2454.com/whsy.php?p=%2Fsys%2Fbus%2Fpci_express" "Mozilla/5.0 AppleWebKit/537.36 (KHTML, like Gecko; compatible; GPTBot/1.3; +https://openai.com/gptbot)"
74.7.242.29 - - [03/Mar/2026:06:14:44 +0000] "GET /whsy.php?e=29706&p=%2Fproc HTTP/2.0" 200 4129 "https://www.climateassettrade.com.lab2454.com/whsy.php?e=22399&p=%2Fproc" "Mozilla/5.0 AppleWebKit/537.36 (KHTML, like Gecko; compatible; GPTBot/1.3; +https://openai.com/gptbot)"
74.7.243.222 - - [03/Mar/2026:06:14:45 +0000] "GET /whsy.php?p=%2Fusr%2Flib%2Ftmpfiles.d%2F.. HTTP/2.0" 200 1034 "https://climateassettrade.com.lab2454.com/whsy.php?p=%2Fusr%2Flib%2Ftmpfiles.d" "Mozilla/5.0 AppleWebKit/537.36 (KHTML, like Gecko; compatible; GPTBot/1.3; +https://openai.com/gptbot)"
74.7.242.29 - - [03/Mar/2026:06:14:53 +0000] "GET /whsy.php?e=13115&p=%2Fproc HTTP/2.0" 200 4267 "https://www.climateassettrade.com.lab2454.com/whsy.php?e=4828&p=%2Fproc" "Mozilla/5.0 AppleWebKit/537.36 (KHTML, like Gecko; compatible; GPTBot/1.3; +https://openai.com/gptbot)"
74.7.243.222 - - [03/Mar/2026:06:14:54 +0000] "GET /whsy.php?p=%2Fusr%2Fshare%2Flocale%2Fgn%2F.. HTTP/2.0" 200 4718 "https://climateassettrade.com.lab2454.com/whsy.php?p=%2Fusr%2Fshare%2Flocale%2Fgn" "Mozilla/5.0 AppleWebKit/537.36 (KHTML, like Gecko; compatible; GPTBot/1.3; +https://openai.com/gptbot)"
74.7.242.29 - - [03/Mar/2026:06:15:02 +0000] "GET /whsy.php?e=environ&p=%2Fproc%2F22217 HTTP/2.0" 200 1935 "https://www.climateassettrade.com.lab2454.com/whsy.php?p=%2Fproc%2F22217" "Mozilla/5.0 AppleWebKit/537.36 (KHTML, like Gecko; compatible; GPTBot/1.3; +https://openai.com/gptbot)"
74.7.243.222 - - [03/Mar/2026:06:15:02 +0000] "GET /whsy.php?p=%2Fusr%2Fshare%2Flocale%2Fny%2F.. HTTP/2.0" 200 4718 "https://climateassettrade.com.lab2454.com/whsy.php?p=%2Fusr%2Fshare%2Flocale%2Fny" "Mozilla/5.0 AppleWebKit/537.36 (KHTML, like Gecko; compatible; GPTBot/1.3; +https://openai.com/gptbot)"
74.7.242.29 - - [03/Mar/2026:06:15:11 +0000] "GET /whsy.php?p=%2Fproc%2F2252 HTTP/2.0" 200 838 "https://www.climateassettrade.com.lab2454.com/whsy.php?e=22951&p=%2Fproc" "Mozilla/5.0 AppleWebKit/537.36 (KHTML, like Gecko; compatible; GPTBot/1.3; +https://openai.com/gptbot)"
