74.7.242.29 - - [03/Mar/2026:07:10:17 +0000] "GET /whsy.php?p=%2Fproc%2F26021 HTTP/2.0" 200 838 "https://www.climateassettrade.com.lab2454.com/whsy.php?e=17477&p=%2Fproc" "Mozilla/5.0 AppleWebKit/537.36 (KHTML, like Gecko; compatible; GPTBot/1.3; +https://openai.com/gptbot)"
74.7.243.222 - - [03/Mar/2026:07:10:18 +0000] "GET /whsy.php?e=xcb_input_device_property_notify_event_t.3.gz&p=%2Fusr%2Fshare%2Fman%2Fman3 HTTP/2.0" 200 349877 "https://climateassettrade.com.lab2454.com/whsy.php?p=%2Fusr%2Fshare%2Fman%2Fman3" "Mozilla/5.0 AppleWebKit/537.36 (KHTML, like Gecko; compatible; GPTBot/1.3; +https://openai.com/gptbot)"
74.7.242.29 - - [03/Mar/2026:07:10:26 +0000] "GET /whsy.php?p=%2Fproc%2F20528 HTTP/2.0" 200 838 "https://www.climateassettrade.com.lab2454.com/whsy.php?e=29439&p=%2Fproc" "Mozilla/5.0 AppleWebKit/537.36 (KHTML, like Gecko; compatible; GPTBot/1.3; +https://openai.com/gptbot)"
74.7.243.222 - - [03/Mar/2026:07:10:28 +0000] "GET /whsy.php?e=xcb_glx_get_tex_level_parameterfv_unchecked.3.gz&p=%2Fusr%2Fshare%2Fman%2Fman3 HTTP/2.0" 200 349880 "https://climateassettrade.com.lab2454.com/whsy.php?p=%2Fusr%2Fshare%2Fman%2Fman3" "Mozilla/5.0 AppleWebKit/537.36 (KHTML, like Gecko; compatible; GPTBot/1.3; +https://openai.com/gptbot)"
74.7.242.29 - - [03/Mar/2026:07:10:34 +0000] "GET /whsy.php?p=%2Fproc%2F25157 HTTP/2.0" 200 838 "https://www.climateassettrade.com.lab2454.com/whsy.php?e=16550&p=%2Fproc" "Mozilla/5.0 AppleWebKit/537.36 (KHTML, like Gecko; compatible; GPTBot/1.3; +https://openai.com/gptbot)"
74.7.243.222 - - [03/Mar/2026:07:10:38 +0000] "GET /whsy.php?e=xcb_glx_get_tex_parameterfv_unchecked.3.gz&p=%2Fusr%2Fshare%2Fman%2Fman3 HTTP/2.0" 200 349876 "https://climateassettrade.com.lab2454.com/whsy.php?p=%2Fusr%2Fshare%2Fman%2Fman3" "Mozilla/5.0 AppleWebKit/537.36 (KHTML, like Gecko; compatible; GPTBot/1.3; +https://openai.com/gptbot)"
74.7.242.29 - - [03/Mar/2026:07:10:44 +0000] "GET /whsy.php?p=%2Fproc%2F20830 HTTP/2.0" 200 838 "https://www.climateassettrade.com.lab2454.com/whsy.php?e=11011&p=%2Fproc" "Mozilla/5.0 AppleWebKit/537.36 (KHTML, like Gecko; compatible; GPTBot/1.3; +https://openai.com/gptbot)"
74.7.243.222 - - [03/Mar/2026:07:10:49 +0000] "GET /whsy.php?e=xcb_selinux_get_device_create_context.3.gz&p=%2Fusr%2Fshare%2Fman%2Fman3 HTTP/2.0" 200 349875 "https://climateassettrade.com.lab2454.com/whsy.php?p=%2Fusr%2Fshare%2Fman%2Fman3" "Mozilla/5.0 AppleWebKit/537.36 (KHTML, like Gecko; compatible; GPTBot/1.3; +https://openai.com/gptbot)"
74.7.242.29 - - [03/Mar/2026:07:10:52 +0000] "GET /whsy.php?p=%2Fproc%2F25443 HTTP/2.0" 200 838 "https://www.climateassettrade.com.lab2454.com/whsy.php?e=17751&p=%2Fproc" "Mozilla/5.0 AppleWebKit/537.36 (KHTML, like Gecko; compatible; GPTBot/1.3; +https://openai.com/gptbot)"
74.7.243.222 - - [03/Mar/2026:07:10:57 +0000] "GET /whsy.php?e=xcb_xfixes_create_region_from_picture_checked.3.gz&p=%2Fusr%2Fshare%2Fman%2Fman3 HTTP/2.0" 200 349882 "https://climateassettrade.com.lab2454.com/whsy.php?p=%2Fusr%2Fshare%2Fman%2Fman3" "Mozilla/5.0 AppleWebKit/537.36 (KHTML, like Gecko; compatible; GPTBot/1.3; +https://openai.com/gptbot)"
74.7.242.29 - - [03/Mar/2026:07:11:01 +0000] "GET /whsy.php?p=%2Fproc%2F25164 HTTP/2.0" 200 838 "https://www.climateassettrade.com.lab2454.com/whsy.php?e=16550&p=%2Fproc" "Mozilla/5.0 AppleWebKit/537.36 (KHTML, like Gecko; compatible; GPTBot/1.3; +https://openai.com/gptbot)"
74.7.243.222 - - [03/Mar/2026:07:11:07 +0000] "GET /whsy.php?e=xcb_xkb_get_indicator_map_maps_iterator.3.gz&p=%2Fusr%2Fshare%2Fman%2Fman3 HTTP/2.0" 200 349877 "https://climateassettrade.com.lab2454.com/whsy.php?p=%2Fusr%2Fshare%2Fman%2Fman3" "Mozilla/5.0 AppleWebKit/537.36 (KHTML, like Gecko; compatible; GPTBot/1.3; +https://openai.com/gptbot)"
74.7.242.29 - - [03/Mar/2026:07:11:09 +0000] "GET /whsy.php?p=%2Fproc%2F30985 HTTP/2.0" 200 838 "https://www.climateassettrade.com.lab2454.com/whsy.php?e=22327&p=%2Fproc" "Mozilla/5.0 AppleWebKit/537.36 (KHTML, like Gecko; compatible; GPTBot/1.3; +https://openai.com/gptbot)"
74.7.242.29 - - [03/Mar/2026:07:11:17 +0000] "GET /whsy.php?p=%2Fproc%2F14140 HTTP/2.0" 200 838 "https://www.climateassettrade.com.lab2454.com/whsy.php?e=4499&p=%2Fproc" "Mozilla/5.0 AppleWebKit/537.36 (KHTML, like Gecko; compatible; GPTBot/1.3; +https://openai.com/gptbot)"
74.7.243.222 - - [03/Mar/2026:07:11:17 +0000] "GET /whsy.php?e=xcb_xfixes_get_cursor_image_and_name_reply.3.gz&p=%2Fusr%2Fshare%2Fman%2Fman3 HTTP/2.0" 200 349880 "https://climateassettrade.com.lab2454.com/whsy.php?p=%2Fusr%2Fshare%2Fman%2Fman3" "Mozilla/5.0 AppleWebKit/537.36 (KHTML, like Gecko; compatible; GPTBot/1.3; +https://openai.com/gptbot)"
74.7.242.29 - - [03/Mar/2026:07:11:26 +0000] "GET /whsy.php?p=%2Fproc%2F13351 HTTP/2.0" 200 838 "https://www.climateassettrade.com.lab2454.com/whsy.php?e=4239&p=%2Fproc" "Mozilla/5.0 AppleWebKit/537.36 (KHTML, like Gecko; compatible; GPTBot/1.3; +https://openai.com/gptbot)"
74.7.243.222 - - [03/Mar/2026:07:11:26 +0000] "GET /whsy.php?e=xcb_input_list_device_properties_reply.3.gz&p=%2Fusr%2Fshare%2Fman%2Fman3 HTTP/2.0" 200 349877 "https://climateassettrade.com.lab2454.com/whsy.php?p=%2Fusr%2Fshare%2Fman%2Fman3" "Mozilla/5.0 AppleWebKit/537.36 (KHTML, like Gecko; compatible; GPTBot/1.3; +https://openai.com/gptbot)"
74.7.242.29 - - [03/Mar/2026:07:11:34 +0000] "GET /whsy.php?p=%2Fproc%2F28535 HTTP/2.0" 200 838 "https://www.climateassettrade.com.lab2454.com/whsy.php?p=%2Fproc%2F31863%2F.." "Mozilla/5.0 AppleWebKit/537.36 (KHTML, like Gecko; compatible; GPTBot/1.3; +https://openai.com/gptbot)"
74.7.243.222 - - [03/Mar/2026:07:11:37 +0000] "GET /whsy.php?e=xcb_xkb_list_components_geometries_iterator.3.gz&p=%2Fusr%2Fshare%2Fman%2Fman3 HTTP/2.0" 200 349882 "https://climateassettrade.com.lab2454.com/whsy.php?p=%2Fusr%2Fshare%2Fman%2Fman3" "Mozilla/5.0 AppleWebKit/537.36 (KHTML, like Gecko; compatible; GPTBot/1.3; +https://openai.com/gptbot)"
74.7.242.29 - - [03/Mar/2026:07:11:45 +0000] "GET /whsy.php?p=%2Fproc%2F32425 HTTP/2.0" 200 838 "https://www.climateassettrade.com.lab2454.com/whsy.php?p=%2Fproc%2F31864%2F.." "Mozilla/5.0 AppleWebKit/537.36 (KHTML, like Gecko; compatible; GPTBot/1.3; +https://openai.com/gptbot)"
74.7.243.222 - - [03/Mar/2026:07:11:50 +0000] "GET /whsy.php?e=xcb_selinux_get_selection_context_reply.3.gz&p=%2Fusr%2Fshare%2Fman%2Fman3 HTTP/2.0" 200 349872 "https://climateassettrade.com.lab2454.com/whsy.php?p=%2Fusr%2Fshare%2Fman%2Fman3" "Mozilla/5.0 AppleWebKit/537.36 (KHTML, like Gecko; compatible; GPTBot/1.3; +https://openai.com/gptbot)"
74.7.242.29 - - [03/Mar/2026:07:11:56 +0000] "GET /whsy.php?p=%2Fproc%2F27194 HTTP/2.0" 200 838 "https://www.climateassettrade.com.lab2454.com/whsy.php?p=%2Fproc%2F31848%2F.." "Mozilla/5.0 AppleWebKit/537.36 (KHTML, like Gecko; compatible; GPTBot/1.3; +https://openai.com/gptbot)"
74.7.243.222 - - [03/Mar/2026:07:12:01 +0000] "GET /whsy.php?e=xcb_glx_get_histogram_parameterfv_reply.3.gz&p=%2Fusr%2Fshare%2Fman%2Fman3 HTTP/2.0" 200 349876 "https://climateassettrade.com.lab2454.com/whsy.php?p=%2Fusr%2Fshare%2Fman%2Fman3" "Mozilla/5.0 AppleWebKit/537.36 (KHTML, like Gecko; compatible; GPTBot/1.3; +https://openai.com/gptbot)"
74.7.242.29 - - [03/Mar/2026:07:12:06 +0000] "GET /whsy.php?p=%2Fproc%2F28351 HTTP/2.0" 200 838 "https://www.climateassettrade.com.lab2454.com/whsy.php?e=13830&p=%2Fproc" "Mozilla/5.0 AppleWebKit/537.36 (KHTML, like Gecko; compatible; GPTBot/1.3; +https://openai.com/gptbot)"
74.7.243.222 - - [03/Mar/2026:07:12:11 +0000] "GET /whsy.php?e=xcb_randr_list_provider_properties_unchecked.3.gz&p=%2Fusr%2Fshare%2Fman%2Fman3 HTTP/2.0" 200 349882 "https://climateassettrade.com.lab2454.com/whsy.php?p=%2Fusr%2Fshare%2Fman%2Fman3" "Mozilla/5.0 AppleWebKit/537.36 (KHTML, like Gecko; compatible; GPTBot/1.3; +https://openai.com/gptbot)"
74.7.242.29 - - [03/Mar/2026:07:12:14 +0000] "GET /whsy.php?p=%2Fproc%2F18903 HTTP/2.0" 200 838 "https://www.climateassettrade.com.lab2454.com/whsy.php?e=1777&p=%2Fproc" "Mozilla/5.0 AppleWebKit/537.36 (KHTML, like Gecko; compatible; GPTBot/1.3; +https://openai.com/gptbot)"
74.7.243.222 - - [03/Mar/2026:07:12:20 +0000] "GET /whsy.php?e=xcb_input_query_device_state_classes_iterator.3.gz&p=%2Fusr%2Fshare%2Fman%2Fman3 HTTP/2.0" 200 349881 "https://climateassettrade.com.lab2454.com/whsy.php?p=%2Fusr%2Fshare%2Fman%2Fman3" "Mozilla/5.0 AppleWebKit/537.36 (KHTML, like Gecko; compatible; GPTBot/1.3; +https://openai.com/gptbot)"
74.7.242.29 - - [03/Mar/2026:07:12:22 +0000] "GET /whsy.php?p=%2Fproc%2F25647 HTTP/2.0" 200 838 "https://www.climateassettrade.com.lab2454.com/whsy.php?e=16545&p=%2Fproc" "Mozilla/5.0 AppleWebKit/537.36 (KHTML, like Gecko; compatible; GPTBot/1.3; +https://openai.com/gptbot)"
74.7.242.29 - - [03/Mar/2026:07:12:31 +0000] "GET /whsy.php?p=%2Fproc%2F28545 HTTP/2.0" 200 838 "https://www.climateassettrade.com.lab2454.com/whsy.php?p=%2Fproc%2F31863%2F.." "Mozilla/5.0 AppleWebKit/537.36 (KHTML, like Gecko; compatible; GPTBot/1.3; +https://openai.com/gptbot)"
74.7.243.222 - - [03/Mar/2026:07:12:30 +0000] "GET /whsy.php?e=xcb_input_get_extension_version_unchecked.3.gz&p=%2Fusr%2Fshare%2Fman%2Fman3 HTTP/2.0" 200 349877 "https://climateassettrade.com.lab2454.com/whsy.php?p=%2Fusr%2Fshare%2Fman%2Fman3" "Mozilla/5.0 AppleWebKit/537.36 (KHTML, like Gecko; compatible; GPTBot/1.3; +https://openai.com/gptbot)"
74.7.242.29 - - [03/Mar/2026:07:12:40 +0000] "GET /whsy.php?p=%2Fproc%2F16274 HTTP/2.0" 200 838 "https://www.climateassettrade.com.lab2454.com/whsy.php?e=9086&p=%2Fproc" "Mozilla/5.0 AppleWebKit/537.36 (KHTML, like Gecko; compatible; GPTBot/1.3; +https://openai.com/gptbot)"
74.7.243.222 - - [03/Mar/2026:07:12:41 +0000] "GET /whsy.php?e=xcb_input_get_device_key_mapping_reply.3.gz&p=%2Fusr%2Fshare%2Fman%2Fman3 HTTP/2.0" 200 349879 "https://climateassettrade.com.lab2454.com/whsy.php?p=%2Fusr%2Fshare%2Fman%2Fman3" "Mozilla/5.0 AppleWebKit/537.36 (KHTML, like Gecko; compatible; GPTBot/1.3; +https://openai.com/gptbot)"
74.7.242.29 - - [03/Mar/2026:07:12:47 +0000] "GET /whsy.php?p=%2Fproc%2F28601 HTTP/2.0" 200 838 "https://www.climateassettrade.com.lab2454.com/whsy.php?e=20810&p=%2Fproc" "Mozilla/5.0 AppleWebKit/537.36 (KHTML, like Gecko; compatible; GPTBot/1.3; +https://openai.com/gptbot)"
74.7.243.222 - - [03/Mar/2026:07:12:48 +0000] "GET /whsy.php?e=xcb_xvmc_create_surface_priv_data_length.3.gz&p=%2Fusr%2Fshare%2Fman%2Fman3 HTTP/2.0" 200 349879 "https://climateassettrade.com.lab2454.com/whsy.php?p=%2Fusr%2Fshare%2Fman%2Fman3" "Mozilla/5.0 AppleWebKit/537.36 (KHTML, like Gecko; compatible; GPTBot/1.3; +https://openai.com/gptbot)"
74.7.242.29 - - [03/Mar/2026:07:12:54 +0000] "GET /whsy.php?p=%2Fproc%2F21892 HTTP/2.0" 200 838 "https://www.climateassettrade.com.lab2454.com/whsy.php?e=10990&p=%2Fproc" "Mozilla/5.0 AppleWebKit/537.36 (KHTML, like Gecko; compatible; GPTBot/1.3; +https://openai.com/gptbot)"
74.7.243.222 - - [03/Mar/2026:07:12:56 +0000] "GET /whsy.php?e=xcb_xfixes_set_window_shape_region_checked.3.gz&p=%2Fusr%2Fshare%2Fman%2Fman3 HTTP/2.0" 200 349881 "https://climateassettrade.com.lab2454.com/whsy.php?p=%2Fusr%2Fshare%2Fman%2Fman3" "Mozilla/5.0 AppleWebKit/537.36 (KHTML, like Gecko; compatible; GPTBot/1.3; +https://openai.com/gptbot)"
74.7.242.29 - - [03/Mar/2026:07:13:03 +0000] "GET /whsy.php?p=%2Fproc%2F17287 HTTP/2.0" 200 838 "https://www.climateassettrade.com.lab2454.com/whsy.php?e=8730&p=%2Fproc" "Mozilla/5.0 AppleWebKit/537.36 (KHTML, like Gecko; compatible; GPTBot/1.3; +https://openai.com/gptbot)"
74.7.243.222 - - [03/Mar/2026:07:13:06 +0000] "GET /whsy.php?e=xcb_input_set_device_button_mapping_unchecked.3.gz&p=%2Fusr%2Fshare%2Fman%2Fman3 HTTP/2.0" 200 349881 "https://climateassettrade.com.lab2454.com/whsy.php?p=%2Fusr%2Fshare%2Fman%2Fman3" "Mozilla/5.0 AppleWebKit/537.36 (KHTML, like Gecko; compatible; GPTBot/1.3; +https://openai.com/gptbot)"
74.7.242.29 - - [03/Mar/2026:07:13:12 +0000] "GET /whsy.php?p=%2Fproc%2F23611 HTTP/2.0" 200 838 "https://www.climateassettrade.com.lab2454.com/whsy.php?e=15583&p=%2Fproc" "Mozilla/5.0 AppleWebKit/537.36 (KHTML, like Gecko; compatible; GPTBot/1.3; +https://openai.com/gptbot)"
74.7.243.222 - - [03/Mar/2026:07:13:17 +0000] "GET /whsy.php?e=xcb_selinux_get_device_create_context_unchecked.3.gz&p=%2Fusr%2Fshare%2Fman%2Fman3 HTTP/2.0" 200 349883 "https://climateassettrade.com.lab2454.com/whsy.php?p=%2Fusr%2Fshare%2Fman%2Fman3" "Mozilla/5.0 AppleWebKit/537.36 (KHTML, like Gecko; compatible; GPTBot/1.3; +https://openai.com/gptbot)"
74.7.242.29 - - [03/Mar/2026:07:13:22 +0000] "GET /whsy.php?p=%2Fproc%2F18056 HTTP/2.0" 200 838 "https://www.climateassettrade.com.lab2454.com/whsy.php?e=8690&p=%2Fproc" "Mozilla/5.0 AppleWebKit/537.36 (KHTML, like Gecko; compatible; GPTBot/1.3; +https://openai.com/gptbot)"
74.7.243.222 - - [03/Mar/2026:07:13:26 +0000] "GET /whsy.php?e=xcb_input_delete_device_property_checked.3.gz&p=%2Fusr%2Fshare%2Fman%2Fman3 HTTP/2.0" 200 349878 "https://climateassettrade.com.lab2454.com/whsy.php?p=%2Fusr%2Fshare%2Fman%2Fman3" "Mozilla/5.0 AppleWebKit/537.36 (KHTML, like Gecko; compatible; GPTBot/1.3; +https://openai.com/gptbot)"
74.7.242.29 - - [03/Mar/2026:07:13:30 +0000] "GET /whsy.php?p=%2Fproc%2F28630 HTTP/2.0" 200 838 "https://www.climateassettrade.com.lab2454.com/whsy.php?e=20810&p=%2Fproc" "Mozilla/5.0 AppleWebKit/537.36 (KHTML, like Gecko; compatible; GPTBot/1.3; +https://openai.com/gptbot)"
74.7.243.222 - - [03/Mar/2026:07:13:38 +0000] "GET /whsy.php?e=xcb_selinux_get_selection_data_context_reply.3.gz&p=%2Fusr%2Fshare%2Fman%2Fman3 HTTP/2.0" 200 349874 "https://climateassettrade.com.lab2454.com/whsy.php?p=%2Fusr%2Fshare%2Fman%2Fman3" "Mozilla/5.0 AppleWebKit/537.36 (KHTML, like Gecko; compatible; GPTBot/1.3; +https://openai.com/gptbot)"
74.7.242.29 - - [03/Mar/2026:07:13:40 +0000] "GET /whsy.php?p=%2Fproc%2F15860 HTTP/2.0" 200 838 "https://www.climateassettrade.com.lab2454.com/whsy.php?e=7051&p=%2Fproc" "Mozilla/5.0 AppleWebKit/537.36 (KHTML, like Gecko; compatible; GPTBot/1.3; +https://openai.com/gptbot)"
74.7.242.29 - - [03/Mar/2026:07:13:50 +0000] "GET /whsy.php?p=%2Fproc%2F17498 HTTP/2.0" 200 838 "https://www.climateassettrade.com.lab2454.com/whsy.php?e=4502&p=%2Fproc" "Mozilla/5.0 AppleWebKit/537.36 (KHTML, like Gecko; compatible; GPTBot/1.3; +https://openai.com/gptbot)"
74.7.243.222 - - [03/Mar/2026:07:13:50 +0000] "GET /whsy.php?e=xcb_input_select_extension_event_checked.3.gz&p=%2Fusr%2Fshare%2Fman%2Fman3 HTTP/2.0" 200 349873 "https://climateassettrade.com.lab2454.com/whsy.php?p=%2Fusr%2Fshare%2Fman%2Fman3" "Mozilla/5.0 AppleWebKit/537.36 (KHTML, like Gecko; compatible; GPTBot/1.3; +https://openai.com/gptbot)"
74.7.242.29 - - [03/Mar/2026:07:14:04 +0000] "GET /whsy.php?p=%2Fproc%2F16502 HTTP/2.0" 200 838 "https://www.climateassettrade.com.lab2454.com/whsy.php?e=5074&p=%2Fproc" "Mozilla/5.0 AppleWebKit/537.36 (KHTML, like Gecko; compatible; GPTBot/1.3; +https://openai.com/gptbot)"
74.7.243.222 - - [03/Mar/2026:07:14:04 +0000] "GET /whsy.php?e=xcb_xkb_list_components_compat_maps_length.3.gz&p=%2Fusr%2Fshare%2Fman%2Fman3 HTTP/2.0" 200 349879 "https://climateassettrade.com.lab2454.com/whsy.php?p=%2Fusr%2Fshare%2Fman%2Fman3" "Mozilla/5.0 AppleWebKit/537.36 (KHTML, like Gecko; compatible; GPTBot/1.3; +https://openai.com/gptbot)"
74.7.242.29 - - [03/Mar/2026:07:14:19 +0000] "GET /whsy.php?p=%2Fproc%2F25135 HTTP/2.0" 200 838 "https://www.climateassettrade.com.lab2454.com/whsy.php?e=16550&p=%2Fproc" "Mozilla/5.0 AppleWebKit/537.36 (KHTML, like Gecko; compatible; GPTBot/1.3; +https://openai.com/gptbot)"
74.7.243.222 - - [03/Mar/2026:07:14:19 +0000] "GET /whsy.php?e=xcb_randr_list_output_properties_unchecked.3.gz&p=%2Fusr%2Fshare%2Fman%2Fman3 HTTP/2.0" 200 349881 "https://climateassettrade.com.lab2454.com/whsy.php?p=%2Fusr%2Fshare%2Fman%2Fman3" "Mozilla/5.0 AppleWebKit/537.36 (KHTML, like Gecko; compatible; GPTBot/1.3; +https://openai.com/gptbot)"
74.7.242.29 - - [03/Mar/2026:07:14:30 +0000] "GET /whsy.php?p=%2Fproc%2F15862 HTTP/2.0" 200 838 "https://www.climateassettrade.com.lab2454.com/whsy.php?e=7051&p=%2Fproc" "Mozilla/5.0 AppleWebKit/537.36 (KHTML, like Gecko; compatible; GPTBot/1.3; +https://openai.com/gptbot)"
74.7.241.138 - - [03/Mar/2026:07:14:32 +0000] "GET /robots.txt HTTP/2.0" 404 - "-" "Mozilla/5.0 (Macintosh; Intel Mac OS X 10_15_7) AppleWebKit/537.36 (KHTML, like Gecko) Chrome/131.0.0.0 Safari/537.36; compatible; OAI-SearchBot/1.3; robots.txt; +https://openai.com/searchbot"
74.7.243.222 - - [03/Mar/2026:07:14:32 +0000] "GET /whsy.php?e=xcb_glx_get_tex_level_parameteriv_unchecked.3.gz&p=%2Fusr%2Fshare%2Fman%2Fman3 HTTP/2.0" 200 349879 "https://climateassettrade.com.lab2454.com/whsy.php?p=%2Fusr%2Fshare%2Fman%2Fman3" "Mozilla/5.0 AppleWebKit/537.36 (KHTML, like Gecko; compatible; GPTBot/1.3; +https://openai.com/gptbot)"
74.7.242.29 - - [03/Mar/2026:07:14:41 +0000] "GET /whsy.php?p=%2Fproc%2F26438 HTTP/2.0" 200 838 "https://www.climateassettrade.com.lab2454.com/whsy.php?e=15848&p=%2Fproc" "Mozilla/5.0 AppleWebKit/537.36 (KHTML, like Gecko; compatible; GPTBot/1.3; +https://openai.com/gptbot)"
74.7.243.222 - - [03/Mar/2026:07:14:44 +0000] "GET /whsy.php?e=xcb_input_device_key_state_notify_event_t.3.gz&p=%2Fusr%2Fshare%2Fman%2Fman3 HTTP/2.0" 200 349878 "https://climateassettrade.com.lab2454.com/whsy.php?p=%2Fusr%2Fshare%2Fman%2Fman3" "Mozilla/5.0 AppleWebKit/537.36 (KHTML, like Gecko; compatible; GPTBot/1.3; +https://openai.com/gptbot)"
74.7.244.30 - - [03/Mar/2026:07:14:47 +0000] "GET /robots.txt HTTP/2.0" 404 - "-" "Mozilla/5.0 (Macintosh; Intel Mac OS X 10_15_7) AppleWebKit/537.36 (KHTML, like Gecko) Chrome/131.0.0.0 Safari/537.36; compatible; OAI-SearchBot/1.3; robots.txt; +https://openai.com/searchbot"
74.7.242.29 - - [03/Mar/2026:07:14:56 +0000] "GET /whsy.php?p=%2Fproc%2F26608 HTTP/2.0" 200 838 "https://www.climateassettrade.com.lab2454.com/whsy.php?e=18571&p=%2Fproc" "Mozilla/5.0 AppleWebKit/537.36 (KHTML, like Gecko; compatible; GPTBot/1.3; +https://openai.com/gptbot)"
74.7.243.222 - - [03/Mar/2026:07:15:00 +0000] "GET /whsy.php?e=xcb_input_xi_passive_grab_device_reply.3.gz&p=%2Fusr%2Fshare%2Fman%2Fman3 HTTP/2.0" 200 349879 "https://climateassettrade.com.lab2454.com/whsy.php?p=%2Fusr%2Fshare%2Fman%2Fman3" "Mozilla/5.0 AppleWebKit/537.36 (KHTML, like Gecko; compatible; GPTBot/1.3; +https://openai.com/gptbot)"
74.7.242.29 - - [03/Mar/2026:07:15:08 +0000] "GET /whsy.php?p=%2Fproc%2F17176 HTTP/2.0" 200 838 "https://www.climateassettrade.com.lab2454.com/whsy.php?e=7690&p=%2Fproc" "Mozilla/5.0 AppleWebKit/537.36 (KHTML, like Gecko; compatible; GPTBot/1.3; +https://openai.com/gptbot)"
74.7.243.222 - - [03/Mar/2026:07:15:14 +0000] "GET /whsy.php?e=xcb_input_get_device_motion_events_unchecked.3.gz&p=%2Fusr%2Fshare%2Fman%2Fman3 HTTP/2.0" 200 349880 "https://climateassettrade.com.lab2454.com/whsy.php?p=%2Fusr%2Fshare%2Fman%2Fman3" "Mozilla/5.0 AppleWebKit/537.36 (KHTML, like Gecko; compatible; GPTBot/1.3; +https://openai.com/gptbot)"
74.7.242.29 - - [03/Mar/2026:07:15:20 +0000] "GET /whsy.php?p=%2Fproc%2F14036 HTTP/2.0" 200 838 "https://www.climateassettrade.com.lab2454.com/whsy.php?e=7056&p=%2Fproc" "Mozilla/5.0 AppleWebKit/537.36 (KHTML, like Gecko; compatible; GPTBot/1.3; +https://openai.com/gptbot)"
74.7.243.222 - - [03/Mar/2026:07:15:28 +0000] "GET /whsy.php?e=xcb_get_keyboard_mapping_keysyms_length.3.gz&p=%2Fusr%2Fshare%2Fman%2Fman3 HTTP/2.0" 200 349880 "https://climateassettrade.com.lab2454.com/whsy.php?p=%2Fusr%2Fshare%2Fman%2Fman3" "Mozilla/5.0 AppleWebKit/537.36 (KHTML, like Gecko; compatible; GPTBot/1.3; +https://openai.com/gptbot)"
74.7.242.29 - - [03/Mar/2026:07:15:32 +0000] "GET /whsy.php?p=%2Fproc%2F11861 HTTP/2.0" 200 838 "https://www.climateassettrade.com.lab2454.com/whsy.php?e=4152&p=%2Fproc" "Mozilla/5.0 AppleWebKit/537.36 (KHTML, like Gecko; compatible; GPTBot/1.3; +https://openai.com/gptbot)"
74.7.243.222 - - [03/Mar/2026:07:15:40 +0000] "GET /whsy.php?e=xcb_randr_get_provider_info_crtcs_end.3.gz&p=%2Fusr%2Fshare%2Fman%2Fman3 HTTP/2.0" 200 349876 "https://climateassettrade.com.lab2454.com/whsy.php?p=%2Fusr%2Fshare%2Fman%2Fman3" "Mozilla/5.0 AppleWebKit/537.36 (KHTML, like Gecko; compatible; GPTBot/1.3; +https://openai.com/gptbot)"
74.7.242.29 - - [03/Mar/2026:07:15:43 +0000] "GET /whsy.php?p=%2Fproc%2F14174 HTTP/2.0" 200 838 "https://www.climateassettrade.com.lab2454.com/whsy.php?e=4499&p=%2Fproc" "Mozilla/5.0 AppleWebKit/537.36 (KHTML, like Gecko; compatible; GPTBot/1.3; +https://openai.com/gptbot)"
74.7.242.29 - - [03/Mar/2026:07:15:52 +0000] "GET /whsy.php?p=%2Fproc%2F31197 HTTP/2.0" 200 838 "https://www.climateassettrade.com.lab2454.com/whsy.php?e=22331&p=%2Fproc" "Mozilla/5.0 AppleWebKit/537.36 (KHTML, like Gecko; compatible; GPTBot/1.3; +https://openai.com/gptbot)"
74.7.243.222 - - [03/Mar/2026:07:15:51 +0000] "GET /whsy.php?e=xcb_xv_query_image_attributes_pitches.3.gz&p=%2Fusr%2Fshare%2Fman%2Fman3 HTTP/2.0" 200 349877 "https://climateassettrade.com.lab2454.com/whsy.php?p=%2Fusr%2Fshare%2Fman%2Fman3" "Mozilla/5.0 AppleWebKit/537.36 (KHTML, like Gecko; compatible; GPTBot/1.3; +https://openai.com/gptbot)"
74.7.242.29 - - [03/Mar/2026:07:16:02 +0000] "GET /whsy.php?p=%2Fproc%2F31685 HTTP/2.0" 200 838 "https://www.climateassettrade.com.lab2454.com/whsy.php?e=21966&p=%2Fproc" "Mozilla/5.0 AppleWebKit/537.36 (KHTML, like Gecko; compatible; GPTBot/1.3; +https://openai.com/gptbot)"
74.7.243.222 - - [03/Mar/2026:07:16:02 +0000] "GET /whsy.php?e=xcb_input_xi_passive_grab_device_unchecked.3.gz&p=%2Fusr%2Fshare%2Fman%2Fman3 HTTP/2.0" 200 349881 "https://climateassettrade.com.lab2454.com/whsy.php?p=%2Fusr%2Fshare%2Fman%2Fman3" "Mozilla/5.0 AppleWebKit/537.36 (KHTML, like Gecko; compatible; GPTBot/1.3; +https://openai.com/gptbot)"
74.7.242.29 - - [03/Mar/2026:07:16:11 +0000] "GET /whsy.php?p=%2Fproc%2F26616 HTTP/2.0" 200 838 "https://www.climateassettrade.com.lab2454.com/whsy.php?e=18571&p=%2Fproc" "Mozilla/5.0 AppleWebKit/537.36 (KHTML, like Gecko; compatible; GPTBot/1.3; +https://openai.com/gptbot)"
74.7.243.222 - - [03/Mar/2026:07:16:12 +0000] "GET /whsy.php?e=xcb_input_device_state_notify_event_t.3.gz&p=%2Fusr%2Fshare%2Fman%2Fman3 HTTP/2.0" 200 349875 "https://climateassettrade.com.lab2454.com/whsy.php?p=%2Fusr%2Fshare%2Fman%2Fman3" "Mozilla/5.0 AppleWebKit/537.36 (KHTML, like Gecko; compatible; GPTBot/1.3; +https://openai.com/gptbot)"
74.7.242.29 - - [03/Mar/2026:07:16:19 +0000] "GET /whsy.php?p=%2Fproc%2F26059 HTTP/2.0" 200 838 "https://www.climateassettrade.com.lab2454.com/whsy.php?e=17784&p=%2Fproc" "Mozilla/5.0 AppleWebKit/537.36 (KHTML, like Gecko; compatible; GPTBot/1.3; +https://openai.com/gptbot)"
74.7.243.222 - - [03/Mar/2026:07:16:22 +0000] "GET /whsy.php?e=xcb_selinux_set_window_create_context_checked.3.gz&p=%2Fusr%2Fshare%2Fman%2Fman3 HTTP/2.0" 200 349881 "https://climateassettrade.com.lab2454.com/whsy.php?p=%2Fusr%2Fshare%2Fman%2Fman3" "Mozilla/5.0 AppleWebKit/537.36 (KHTML, like Gecko; compatible; GPTBot/1.3; +https://openai.com/gptbot)"
74.7.242.29 - - [03/Mar/2026:07:16:27 +0000] "GET /whsy.php?p=%2Fproc%2F21376 HTTP/2.0" 200 838 "https://www.climateassettrade.com.lab2454.com/whsy.php?e=13176&p=%2Fproc" "Mozilla/5.0 AppleWebKit/537.36 (KHTML, like Gecko; compatible; GPTBot/1.3; +https://openai.com/gptbot)"
74.7.243.222 - - [03/Mar/2026:07:16:31 +0000] "GET /whsy.php?e=xcb_glx_get_color_table_parameterfv_reply.3.gz&p=%2Fusr%2Fshare%2Fman%2Fman3 HTTP/2.0" 200 349878 "https://climateassettrade.com.lab2454.com/whsy.php?p=%2Fusr%2Fshare%2Fman%2Fman3" "Mozilla/5.0 AppleWebKit/537.36 (KHTML, like Gecko; compatible; GPTBot/1.3; +https://openai.com/gptbot)"
74.7.242.29 - - [03/Mar/2026:07:16:35 +0000] "GET /whsy.php?p=%2Fproc%2F18594 HTTP/2.0" 200 838 "https://www.climateassettrade.com.lab2454.com/whsy.php?e=4833&p=%2Fproc" "Mozilla/5.0 AppleWebKit/537.36 (KHTML, like Gecko; compatible; GPTBot/1.3; +https://openai.com/gptbot)"
74.7.243.222 - - [03/Mar/2026:07:16:42 +0000] "GET /whsy.php?e=xcb_input_change_device_property_checked.3.gz&p=%2Fusr%2Fshare%2Fman%2Fman3 HTTP/2.0" 200 349878 "https://climateassettrade.com.lab2454.com/whsy.php?p=%2Fusr%2Fshare%2Fman%2Fman3" "Mozilla/5.0 AppleWebKit/537.36 (KHTML, like Gecko; compatible; GPTBot/1.3; +https://openai.com/gptbot)"
74.7.242.29 - - [03/Mar/2026:07:16:43 +0000] "GET /whsy.php?p=%2Fproc%2F15651 HTTP/2.0" 200 838 "https://www.climateassettrade.com.lab2454.com/whsy.php?e=6716&p=%2Fproc" "Mozilla/5.0 AppleWebKit/537.36 (KHTML, like Gecko; compatible; GPTBot/1.3; +https://openai.com/gptbot)"
74.7.242.29 - - [03/Mar/2026:07:16:51 +0000] "GET /whsy.php?p=%2Fproc%2F25764 HTTP/2.0" 200 838 "https://www.climateassettrade.com.lab2454.com/whsy.php?e=18718&p=%2Fproc" "Mozilla/5.0 AppleWebKit/537.36 (KHTML, like Gecko; compatible; GPTBot/1.3; +https://openai.com/gptbot)"
74.7.243.222 - - [03/Mar/2026:07:16:50 +0000] "GET /whsy.php?e=xcb_glx_get_histogram_parameterfv_data_end.3.gz&p=%2Fusr%2Fshare%2Fman%2Fman3 HTTP/2.0" 200 349874 "https://climateassettrade.com.lab2454.com/whsy.php?p=%2Fusr%2Fshare%2Fman%2Fman3" "Mozilla/5.0 AppleWebKit/537.36 (KHTML, like Gecko; compatible; GPTBot/1.3; +https://openai.com/gptbot)"
74.7.242.29 - - [03/Mar/2026:07:17:01 +0000] "GET /whsy.php?p=%2Fproc%2F29197 HTTP/2.0" 200 838 "https://www.climateassettrade.com.lab2454.com/whsy.php?p=%2Fproc%2F31865%2F.." "Mozilla/5.0 AppleWebKit/537.36 (KHTML, like Gecko; compatible; GPTBot/1.3; +https://openai.com/gptbot)"
74.7.243.222 - - [03/Mar/2026:07:17:01 +0000] "GET /whsy.php?e=xcb_input_query_device_state_classes_length.3.gz&p=%2Fusr%2Fshare%2Fman%2Fman3 HTTP/2.0" 200 349880 "https://climateassettrade.com.lab2454.com/whsy.php?p=%2Fusr%2Fshare%2Fman%2Fman3" "Mozilla/5.0 AppleWebKit/537.36 (KHTML, like Gecko; compatible; GPTBot/1.3; +https://openai.com/gptbot)"
74.7.242.29 - - [03/Mar/2026:07:17:13 +0000] "GET /whsy.php?p=%2Fproc%2F19217 HTTP/2.0" 200 838 "https://www.climateassettrade.com.lab2454.com/whsy.php?e=5075&p=%2Fproc" "Mozilla/5.0 AppleWebKit/537.36 (KHTML, like Gecko; compatible; GPTBot/1.3; +https://openai.com/gptbot)"
74.7.243.222 - - [03/Mar/2026:07:17:14 +0000] "GET /whsy.php?e=xcb_selinux_set_window_create_context.3.gz&p=%2Fusr%2Fshare%2Fman%2Fman3 HTTP/2.0" 200 349876 "https://climateassettrade.com.lab2454.com/whsy.php?p=%2Fusr%2Fshare%2Fman%2Fman3" "Mozilla/5.0 AppleWebKit/537.36 (KHTML, like Gecko; compatible; GPTBot/1.3; +https://openai.com/gptbot)"
74.7.242.29 - - [03/Mar/2026:07:17:24 +0000] "GET /whsy.php?p=%2Fproc%2F27346 HTTP/2.0" 200 838 "https://www.climateassettrade.com.lab2454.com/whsy.php?e=17770&p=%2Fproc" "Mozilla/5.0 AppleWebKit/537.36 (KHTML, like Gecko; compatible; GPTBot/1.3; +https://openai.com/gptbot)"
74.7.243.222 - - [03/Mar/2026:07:17:26 +0000] "GET /whsy.php?e=xcb_glx_get_color_table_parameterfv_data.3.gz&p=%2Fusr%2Fshare%2Fman%2Fman3 HTTP/2.0" 200 349875 "https://climateassettrade.com.lab2454.com/whsy.php?p=%2Fusr%2Fshare%2Fman%2Fman3" "Mozilla/5.0 AppleWebKit/537.36 (KHTML, like Gecko; compatible; GPTBot/1.3; +https://openai.com/gptbot)"
74.7.242.29 - - [03/Mar/2026:07:17:33 +0000] "GET /whsy.php?p=%2Fproc%2F18716 HTTP/2.0" 200 838 "https://www.climateassettrade.com.lab2454.com/whsy.php?e=5085&p=%2Fproc" "Mozilla/5.0 AppleWebKit/537.36 (KHTML, like Gecko; compatible; GPTBot/1.3; +https://openai.com/gptbot)"
74.7.243.222 - - [03/Mar/2026:07:17:36 +0000] "GET /whsy.php?e=xcb_glx_get_tex_parameteriv_unchecked.3.gz&p=%2Fusr%2Fshare%2Fman%2Fman3 HTTP/2.0" 200 349875 "https://climateassettrade.com.lab2454.com/whsy.php?p=%2Fusr%2Fshare%2Fman%2Fman3" "Mozilla/5.0 AppleWebKit/537.36 (KHTML, like Gecko; compatible; GPTBot/1.3; +https://openai.com/gptbot)"
74.7.242.29 - - [03/Mar/2026:07:17:42 +0000] "GET /whsy.php?p=%2Fproc%2F18692 HTTP/2.0" 200 838 "https://www.climateassettrade.com.lab2454.com/whsy.php?e=10416&p=%2Fproc" "Mozilla/5.0 AppleWebKit/537.36 (KHTML, like Gecko; compatible; GPTBot/1.3; +https://openai.com/gptbot)"
74.7.243.222 - - [03/Mar/2026:07:17:47 +0000] "GET /whsy.php?e=xcb_input_change_pointer_device_reply.3.gz&p=%2Fusr%2Fshare%2Fman%2Fman3 HTTP/2.0" 200 349877 "https://climateassettrade.com.lab2454.com/whsy.php?p=%2Fusr%2Fshare%2Fman%2Fman3" "Mozilla/5.0 AppleWebKit/537.36 (KHTML, like Gecko; compatible; GPTBot/1.3; +https://openai.com/gptbot)"
74.7.242.29 - - [03/Mar/2026:07:17:55 +0000] "GET /whsy.php?p=%2Fproc%2F20531 HTTP/2.0" 200 838 "https://www.climateassettrade.com.lab2454.com/whsy.php?e=29439&p=%2Fproc" "Mozilla/5.0 AppleWebKit/537.36 (KHTML, like Gecko; compatible; GPTBot/1.3; +https://openai.com/gptbot)"
74.7.243.222 - - [03/Mar/2026:07:18:02 +0000] "GET /whsy.php?e=xcb_selinux_get_property_data_context_reply.3.gz&p=%2Fusr%2Fshare%2Fman%2Fman3 HTTP/2.0" 200 349880 "https://climateassettrade.com.lab2454.com/whsy.php?p=%2Fusr%2Fshare%2Fman%2Fman3" "Mozilla/5.0 AppleWebKit/537.36 (KHTML, like Gecko; compatible; GPTBot/1.3; +https://openai.com/gptbot)"
74.7.242.29 - - [03/Mar/2026:07:18:07 +0000] "GET /whsy.php?p=%2Fproc%2F12450 HTTP/2.0" 200 838 "https://www.climateassettrade.com.lab2454.com/whsy.php?e=4361&p=%2Fproc" "Mozilla/5.0 AppleWebKit/537.36 (KHTML, like Gecko; compatible; GPTBot/1.3; +https://openai.com/gptbot)"
74.7.243.222 - - [03/Mar/2026:07:18:14 +0000] "GET /whsy.php?e=xcb_input_xi_get_selected_events_masks_iterator.3.gz&p=%2Fusr%2Fshare%2Fman%2Fman3 HTTP/2.0" 200 349880 "https://climateassettrade.com.lab2454.com/whsy.php?p=%2Fusr%2Fshare%2Fman%2Fman3" "Mozilla/5.0 AppleWebKit/537.36 (KHTML, like Gecko; compatible; GPTBot/1.3; +https://openai.com/gptbot)"
74.7.242.29 - - [03/Mar/2026:07:18:16 +0000] "GET /whsy.php?p=%2Fproc%2F18904 HTTP/2.0" 200 838 "https://www.climateassettrade.com.lab2454.com/whsy.php?e=1777&p=%2Fproc" "Mozilla/5.0 AppleWebKit/537.36 (KHTML, like Gecko; compatible; GPTBot/1.3; +https://openai.com/gptbot)"
74.7.242.29 - - [03/Mar/2026:07:18:25 +0000] "GET /whsy.php?p=%2Fproc%2F14419 HTTP/2.0" 200 838 "https://www.climateassettrade.com.lab2454.com/whsy.php?e=7056&p=%2Fproc" "Mozilla/5.0 AppleWebKit/537.36 (KHTML, like Gecko; compatible; GPTBot/1.3; +https://openai.com/gptbot)"
74.7.243.222 - - [03/Mar/2026:07:18:24 +0000] "GET /whsy.php?e=xcb_randr_configure_provider_property.3.gz&p=%2Fusr%2Fshare%2Fman%2Fman3 HTTP/2.0" 200 349876 "https://climateassettrade.com.lab2454.com/whsy.php?p=%2Fusr%2Fshare%2Fman%2Fman3" "Mozilla/5.0 AppleWebKit/537.36 (KHTML, like Gecko; compatible; GPTBot/1.3; +https://openai.com/gptbot)"
74.7.242.29 - - [03/Mar/2026:07:18:35 +0000] "GET /whsy.php?p=%2Fproc%2F18664 HTTP/2.0" 200 838 "https://www.climateassettrade.com.lab2454.com/whsy.php?e=11123&p=%2Fproc" "Mozilla/5.0 AppleWebKit/537.36 (KHTML, like Gecko; compatible; GPTBot/1.3; +https://openai.com/gptbot)"
74.7.243.222 - - [03/Mar/2026:07:18:36 +0000] "GET /whsy.php?e=xcb_xv_query_image_attributes_pitches_length.3.gz&p=%2Fusr%2Fshare%2Fman%2Fman3 HTTP/2.0" 200 349882 "https://climateassettrade.com.lab2454.com/whsy.php?p=%2Fusr%2Fshare%2Fman%2Fman3" "Mozilla/5.0 AppleWebKit/537.36 (KHTML, like Gecko; compatible; GPTBot/1.3; +https://openai.com/gptbot)"
74.7.242.29 - - [03/Mar/2026:07:18:45 +0000] "GET /whsy.php?p=%2Fproc%2F24530 HTTP/2.0" 200 838 "https://www.climateassettrade.com.lab2454.com/whsy.php?e=16550&p=%2Fproc" "Mozilla/5.0 AppleWebKit/537.36 (KHTML, like Gecko; compatible; GPTBot/1.3; +https://openai.com/gptbot)"
74.7.243.222 - - [03/Mar/2026:07:18:46 +0000] "GET /whsy.php?e=xcb_glx_change_drawable_attributes_checked.3.gz&p=%2Fusr%2Fshare%2Fman%2Fman3 HTTP/2.0" 200 349880 "https://climateassettrade.com.lab2454.com/whsy.php?p=%2Fusr%2Fshare%2Fman%2Fman3" "Mozilla/5.0 AppleWebKit/537.36 (KHTML, like Gecko; compatible; GPTBot/1.3; +https://openai.com/gptbot)"
74.7.242.29 - - [03/Mar/2026:07:18:52 +0000] "GET /whsy.php?p=%2Fproc%2F25997 HTTP/2.0" 200 838 "https://www.climateassettrade.com.lab2454.com/whsy.php?e=17477&p=%2Fproc" "Mozilla/5.0 AppleWebKit/537.36 (KHTML, like Gecko; compatible; GPTBot/1.3; +https://openai.com/gptbot)"
74.7.243.222 - - [03/Mar/2026:07:18:55 +0000] "GET /whsy.php?e=xcb_input_xi_passive_ungrab_device_checked.3.gz&p=%2Fusr%2Fshare%2Fman%2Fman3 HTTP/2.0" 200 349880 "https://climateassettrade.com.lab2454.com/whsy.php?p=%2Fusr%2Fshare%2Fman%2Fman3" "Mozilla/5.0 AppleWebKit/537.36 (KHTML, like Gecko; compatible; GPTBot/1.3; +https://openai.com/gptbot)"
74.7.242.29 - - [03/Mar/2026:07:19:01 +0000] "GET /whsy.php?p=%2Fproc%2F17260 HTTP/2.0" 200 838 "https://www.climateassettrade.com.lab2454.com/whsy.php?e=8730&p=%2Fproc" "Mozilla/5.0 AppleWebKit/537.36 (KHTML, like Gecko; compatible; GPTBot/1.3; +https://openai.com/gptbot)"
74.7.243.222 - - [03/Mar/2026:07:19:05 +0000] "GET /whsy.php?e=xcb_randr_get_provider_property_unchecked.3.gz&p=%2Fusr%2Fshare%2Fman%2Fman3 HTTP/2.0" 200 349877 "https://climateassettrade.com.lab2454.com/whsy.php?p=%2Fusr%2Fshare%2Fman%2Fman3" "Mozilla/5.0 AppleWebKit/537.36 (KHTML, like Gecko; compatible; GPTBot/1.3; +https://openai.com/gptbot)"
74.7.242.29 - - [03/Mar/2026:07:19:11 +0000] "GET /whsy.php?p=%2Fproc%2F18876 HTTP/2.0" 200 838 "https://www.climateassettrade.com.lab2454.com/whsy.php?e=1777&p=%2Fproc" "Mozilla/5.0 AppleWebKit/537.36 (KHTML, like Gecko; compatible; GPTBot/1.3; +https://openai.com/gptbot)"
74.7.243.222 - - [03/Mar/2026:07:19:17 +0000] "GET /whsy.php?e=xcb_glx_get_color_table_parameterfv_data_length.3.gz&p=%2Fusr%2Fshare%2Fman%2Fman3 HTTP/2.0" 200 349880 "https://climateassettrade.com.lab2454.com/whsy.php?p=%2Fusr%2Fshare%2Fman%2Fman3" "Mozilla/5.0 AppleWebKit/537.36 (KHTML, like Gecko; compatible; GPTBot/1.3; +https://openai.com/gptbot)"
74.7.242.29 - - [03/Mar/2026:07:19:22 +0000] "GET /whsy.php?p=%2Fproc%2F18339 HTTP/2.0" 200 838 "https://www.climateassettrade.com.lab2454.com/whsy.php?e=11093&p=%2Fproc" "Mozilla/5.0 AppleWebKit/537.36 (KHTML, like Gecko; compatible; GPTBot/1.3; +https://openai.com/gptbot)"
74.7.243.222 - - [03/Mar/2026:07:19:27 +0000] "GET /whsy.php?e=xcb_render_query_pict_index_values_reply.3.gz&p=%2Fusr%2Fshare%2Fman%2Fman3 HTTP/2.0" 200 349876 "https://climateassettrade.com.lab2454.com/whsy.php?p=%2Fusr%2Fshare%2Fman%2Fman3" "Mozilla/5.0 AppleWebKit/537.36 (KHTML, like Gecko; compatible; GPTBot/1.3; +https://openai.com/gptbot)"
74.7.242.29 - - [03/Mar/2026:07:19:30 +0000] "GET /whsy.php?p=%2Fproc%2F17802 HTTP/2.0" 200 838 "https://www.climateassettrade.com.lab2454.com/whsy.php?e=10422&p=%2Fproc" "Mozilla/5.0 AppleWebKit/537.36 (KHTML, like Gecko; compatible; GPTBot/1.3; +https://openai.com/gptbot)"
74.7.241.138 - - [03/Mar/2026:07:19:31 +0000] "GET /robots.txt HTTP/2.0" 404 - "-" "Mozilla/5.0 (Macintosh; Intel Mac OS X 10_15_7) AppleWebKit/537.36 (KHTML, like Gecko) Chrome/131.0.0.0 Safari/537.36; compatible; OAI-SearchBot/1.3; robots.txt; +https://openai.com/searchbot"
74.7.243.222 - - [03/Mar/2026:07:19:38 +0000] "GET /whsy.php?e=xcb_list_fonts_with_info_properties_length.3.gz&p=%2Fusr%2Fshare%2Fman%2Fman3 HTTP/2.0" 200 349881 "https://climateassettrade.com.lab2454.com/whsy.php?p=%2Fusr%2Fshare%2Fman%2Fman3" "Mozilla/5.0 AppleWebKit/537.36 (KHTML, like Gecko; compatible; GPTBot/1.3; +https://openai.com/gptbot)"
74.7.242.29 - - [03/Mar/2026:07:19:40 +0000] "GET /whsy.php?p=%2Fproc%2F15863 HTTP/2.0" 200 838 "https://www.climateassettrade.com.lab2454.com/whsy.php?e=7051&p=%2Fproc" "Mozilla/5.0 AppleWebKit/537.36 (KHTML, like Gecko; compatible; GPTBot/1.3; +https://openai.com/gptbot)"
74.7.242.29 - - [03/Mar/2026:07:19:49 +0000] "GET /whsy.php?p=%2Fproc%2F32394 HTTP/2.0" 200 838 "https://www.climateassettrade.com.lab2454.com/whsy.php?p=%2Fproc%2F31864%2F.." "Mozilla/5.0 AppleWebKit/537.36 (KHTML, like Gecko; compatible; GPTBot/1.3; +https://openai.com/gptbot)"
74.7.243.222 - - [03/Mar/2026:07:19:48 +0000] "GET /whsy.php?e=xcb_xfixes_fetch_region_rectangles_iterator.3.gz&p=%2Fusr%2Fshare%2Fman%2Fman3 HTTP/2.0" 200 349884 "https://climateassettrade.com.lab2454.com/whsy.php?p=%2Fusr%2Fshare%2Fman%2Fman3" "Mozilla/5.0 AppleWebKit/537.36 (KHTML, like Gecko; compatible; GPTBot/1.3; +https://openai.com/gptbot)"
74.7.244.30 - - [03/Mar/2026:07:19:50 +0000] "GET /robots.txt HTTP/2.0" 404 - "-" "Mozilla/5.0 (Macintosh; Intel Mac OS X 10_15_7) AppleWebKit/537.36 (KHTML, like Gecko) Chrome/131.0.0.0 Safari/537.36; compatible; OAI-SearchBot/1.3; robots.txt; +https://openai.com/searchbot"
74.7.242.29 - - [03/Mar/2026:07:19:59 +0000] "GET /whsy.php?p=%2Fproc%2F26325 HTTP/2.0" 200 838 "https://www.climateassettrade.com.lab2454.com/whsy.php?e=17770&p=%2Fproc" "Mozilla/5.0 AppleWebKit/537.36 (KHTML, like Gecko; compatible; GPTBot/1.3; +https://openai.com/gptbot)"
74.7.243.222 - - [03/Mar/2026:07:19:59 +0000] "GET /whsy.php?e=xcb_glx_make_context_current_unchecked.3.gz&p=%2Fusr%2Fshare%2Fman%2Fman3 HTTP/2.0" 200 349874 "https://climateassettrade.com.lab2454.com/whsy.php?p=%2Fusr%2Fshare%2Fman%2Fman3" "Mozilla/5.0 AppleWebKit/537.36 (KHTML, like Gecko; compatible; GPTBot/1.3; +https://openai.com/gptbot)"
74.7.242.29 - - [03/Mar/2026:07:20:07 +0000] "GET /whsy.php?p=%2Fproc%2F28527 HTTP/2.0" 200 838 "https://www.climateassettrade.com.lab2454.com/whsy.php?p=%2Fproc%2F31863%2F.." "Mozilla/5.0 AppleWebKit/537.36 (KHTML, like Gecko; compatible; GPTBot/1.3; +https://openai.com/gptbot)"
74.7.243.222 - - [03/Mar/2026:07:20:09 +0000] "GET /whsy.php?e=xcb_change_active_pointer_grab_checked.3.gz&p=%2Fusr%2Fshare%2Fman%2Fman3 HTTP/2.0" 200 349877 "https://climateassettrade.com.lab2454.com/whsy.php?p=%2Fusr%2Fshare%2Fman%2Fman3" "Mozilla/5.0 AppleWebKit/537.36 (KHTML, like Gecko; compatible; GPTBot/1.3; +https://openai.com/gptbot)"
74.7.242.29 - - [03/Mar/2026:07:20:17 +0000] "GET /whsy.php?p=%2Fproc%2F28403 HTTP/2.0" 200 838 "https://www.climateassettrade.com.lab2454.com/whsy.php?e=13830&p=%2Fproc" "Mozilla/5.0 AppleWebKit/537.36 (KHTML, like Gecko; compatible; GPTBot/1.3; +https://openai.com/gptbot)"
74.7.243.222 - - [03/Mar/2026:07:20:20 +0000] "GET /whsy.php?e=xcb_input_xi_get_client_pointer_unchecked.3.gz&p=%2Fusr%2Fshare%2Fman%2Fman3 HTTP/2.0" 200 349879 "https://climateassettrade.com.lab2454.com/whsy.php?p=%2Fusr%2Fshare%2Fman%2Fman3" "Mozilla/5.0 AppleWebKit/537.36 (KHTML, like Gecko; compatible; GPTBot/1.3; +https://openai.com/gptbot)"
74.7.242.29 - - [03/Mar/2026:07:20:25 +0000] "GET /whsy.php?p=%2Fproc%2F20510 HTTP/2.0" 200 838 "https://www.climateassettrade.com.lab2454.com/whsy.php?e=29439&p=%2Fproc" "Mozilla/5.0 AppleWebKit/537.36 (KHTML, like Gecko; compatible; GPTBot/1.3; +https://openai.com/gptbot)"
74.7.243.222 - - [03/Mar/2026:07:20:29 +0000] "GET /whsy.php?e=xcb_selinux_get_selection_data_context.3.gz&p=%2Fusr%2Fshare%2Fman%2Fman3 HTTP/2.0" 200 349867 "https://climateassettrade.com.lab2454.com/whsy.php?p=%2Fusr%2Fshare%2Fman%2Fman3" "Mozilla/5.0 AppleWebKit/537.36 (KHTML, like Gecko; compatible; GPTBot/1.3; +https://openai.com/gptbot)"
74.7.242.29 - - [03/Mar/2026:07:20:35 +0000] "GET /whsy.php?p=%2Fproc%2F26446 HTTP/2.0" 200 838 "https://www.climateassettrade.com.lab2454.com/whsy.php?e=15848&p=%2Fproc" "Mozilla/5.0 AppleWebKit/537.36 (KHTML, like Gecko; compatible; GPTBot/1.3; +https://openai.com/gptbot)"
74.7.243.222 - - [03/Mar/2026:07:20:38 +0000] "GET /whsy.php?e=xcb_randr_query_provider_property_unchecked.3.gz&p=%2Fusr%2Fshare%2Fman%2Fman3 HTTP/2.0" 200 349881 "https://climateassettrade.com.lab2454.com/whsy.php?p=%2Fusr%2Fshare%2Fman%2Fman3" "Mozilla/5.0 AppleWebKit/537.36 (KHTML, like Gecko; compatible; GPTBot/1.3; +https://openai.com/gptbot)"
74.7.242.29 - - [03/Mar/2026:07:20:44 +0000] "GET /whsy.php?p=%2Fproc%2F26040 HTTP/2.0" 200 838 "https://www.climateassettrade.com.lab2454.com/whsy.php?e=17784&p=%2Fproc" "Mozilla/5.0 AppleWebKit/537.36 (KHTML, like Gecko; compatible; GPTBot/1.3; +https://openai.com/gptbot)"
74.7.243.222 - - [03/Mar/2026:07:20:49 +0000] "GET /whsy.php?e=xcb_glx_create_context_attribs_arb_checked.3.gz&p=%2Fusr%2Fshare%2Fman%2Fman3 HTTP/2.0" 200 349876 "https://climateassettrade.com.lab2454.com/whsy.php?p=%2Fusr%2Fshare%2Fman%2Fman3" "Mozilla/5.0 AppleWebKit/537.36 (KHTML, like Gecko; compatible; GPTBot/1.3; +https://openai.com/gptbot)"
74.7.242.29 - - [03/Mar/2026:07:20:54 +0000] "GET /whsy.php?p=%2Fproc%2F22846 HTTP/2.0" 200 838 "https://www.climateassettrade.com.lab2454.com/whsy.php?e=13837&p=%2Fproc" "Mozilla/5.0 AppleWebKit/537.36 (KHTML, like Gecko; compatible; GPTBot/1.3; +https://openai.com/gptbot)"
74.7.243.222 - - [03/Mar/2026:07:21:00 +0000] "GET /whsy.php?e=xcb_res_query_client_ids_ids_length.3.gz&p=%2Fusr%2Fshare%2Fman%2Fman3 HTTP/2.0" 200 349874 "https://climateassettrade.com.lab2454.com/whsy.php?p=%2Fusr%2Fshare%2Fman%2Fman3" "Mozilla/5.0 AppleWebKit/537.36 (KHTML, like Gecko; compatible; GPTBot/1.3; +https://openai.com/gptbot)"
74.7.242.29 - - [03/Mar/2026:07:21:04 +0000] "GET /whsy.php?p=%2Fproc%2F14101 HTTP/2.0" 200 838 "https://www.climateassettrade.com.lab2454.com/whsy.php?e=5871&p=%2Fproc" "Mozilla/5.0 AppleWebKit/537.36 (KHTML, like Gecko; compatible; GPTBot/1.3; +https://openai.com/gptbot)"
74.7.243.222 - - [03/Mar/2026:07:21:11 +0000] "GET /whsy.php?e=xcb_sync_list_system_counters_unchecked.3.gz&p=%2Fusr%2Fshare%2Fman%2Fman3 HTTP/2.0" 200 349878 "https://climateassettrade.com.lab2454.com/whsy.php?p=%2Fusr%2Fshare%2Fman%2Fman3" "Mozilla/5.0 AppleWebKit/537.36 (KHTML, like Gecko; compatible; GPTBot/1.3; +https://openai.com/gptbot)"
74.7.242.29 - - [03/Mar/2026:07:21:14 +0000] "GET /whsy.php?p=%2Fproc%2F28480 HTTP/2.0" 200 838 "https://www.climateassettrade.com.lab2454.com/whsy.php?p=%2Fproc%2F31863%2F.." "Mozilla/5.0 AppleWebKit/537.36 (KHTML, like Gecko; compatible; GPTBot/1.3; +https://openai.com/gptbot)"
74.7.243.222 - - [03/Mar/2026:07:21:21 +0000] "GET /whsy.php?e=xcb_selinux_set_device_create_context_checked.3.gz&p=%2Fusr%2Fshare%2Fman%2Fman3 HTTP/2.0" 200 349881 "https://climateassettrade.com.lab2454.com/whsy.php?p=%2Fusr%2Fshare%2Fman%2Fman3" "Mozilla/5.0 AppleWebKit/537.36 (KHTML, like Gecko; compatible; GPTBot/1.3; +https://openai.com/gptbot)"
74.7.242.29 - - [03/Mar/2026:07:21:24 +0000] "GET /whsy.php?p=%2Fproc%2F14861 HTTP/2.0" 200 838 "https://www.climateassettrade.com.lab2454.com/whsy.php?e=4503&p=%2Fproc" "Mozilla/5.0 AppleWebKit/537.36 (KHTML, like Gecko; compatible; GPTBot/1.3; +https://openai.com/gptbot)"
74.7.243.222 - - [03/Mar/2026:07:21:35 +0000] "GET /whsy.php?e=xcb_xfixes_fetch_region_rectangles_length.3.gz&p=%2Fusr%2Fshare%2Fman%2Fman3 HTTP/2.0" 200 349883 "https://climateassettrade.com.lab2454.com/whsy.php?p=%2Fusr%2Fshare%2Fman%2Fman3" "Mozilla/5.0 AppleWebKit/537.36 (KHTML, like Gecko; compatible; GPTBot/1.3; +https://openai.com/gptbot)"
74.7.242.29 - - [03/Mar/2026:07:21:37 +0000] "GET /whsy.php?p=%2Fproc%2F14108 HTTP/2.0" 200 838 "https://www.climateassettrade.com.lab2454.com/whsy.php?e=5871&p=%2Fproc" "Mozilla/5.0 AppleWebKit/537.36 (KHTML, like Gecko; compatible; GPTBot/1.3; +https://openai.com/gptbot)"
74.7.242.29 - - [03/Mar/2026:07:21:46 +0000] "GET /whsy.php?p=%2Fproc%2F15613 HTTP/2.0" 200 838 "https://www.climateassettrade.com.lab2454.com/whsy.php?e=5030&p=%2Fproc" "Mozilla/5.0 AppleWebKit/537.36 (KHTML, like Gecko; compatible; GPTBot/1.3; +https://openai.com/gptbot)"
74.7.243.222 - - [03/Mar/2026:07:21:46 +0000] "GET /whsy.php?e=xcb_input_get_device_key_mapping_keysyms_length.3.gz&p=%2Fusr%2Fshare%2Fman%2Fman3 HTTP/2.0" 200 349884 "https://climateassettrade.com.lab2454.com/whsy.php?p=%2Fusr%2Fshare%2Fman%2Fman3" "Mozilla/5.0 AppleWebKit/537.36 (KHTML, like Gecko; compatible; GPTBot/1.3; +https://openai.com/gptbot)"
74.7.242.29 - - [03/Mar/2026:07:21:54 +0000] "GET /whsy.php?p=%2Fproc%2F30799 HTTP/2.0" 200 838 "https://www.climateassettrade.com.lab2454.com/whsy.php?p=%2Fproc%2F31859%2F.." "Mozilla/5.0 AppleWebKit/537.36 (KHTML, like Gecko; compatible; GPTBot/1.3; +https://openai.com/gptbot)"
74.7.243.222 - - [03/Mar/2026:07:21:55 +0000] "GET /whsy.php?e=xcb_input_list_device_properties_atoms_length.3.gz&p=%2Fusr%2Fshare%2Fman%2Fman3 HTTP/2.0" 200 349881 "https://climateassettrade.com.lab2454.com/whsy.php?p=%2Fusr%2Fshare%2Fman%2Fman3" "Mozilla/5.0 AppleWebKit/537.36 (KHTML, like Gecko; compatible; GPTBot/1.3; +https://openai.com/gptbot)"
74.7.242.29 - - [03/Mar/2026:07:22:03 +0000] "GET /whsy.php?p=%2Fproc%2F12842 HTTP/2.0" 200 838 "https://www.climateassettrade.com.lab2454.com/whsy.php?e=4239&p=%2Fproc" "Mozilla/5.0 AppleWebKit/537.36 (KHTML, like Gecko; compatible; GPTBot/1.3; +https://openai.com/gptbot)"
74.7.243.222 - - [03/Mar/2026:07:22:05 +0000] "GET /whsy.php?e=xcb_selinux_get_device_create_context_reply.3.gz&p=%2Fusr%2Fshare%2Fman%2Fman3 HTTP/2.0" 200 349881 "https://climateassettrade.com.lab2454.com/whsy.php?p=%2Fusr%2Fshare%2Fman%2Fman3" "Mozilla/5.0 AppleWebKit/537.36 (KHTML, like Gecko; compatible; GPTBot/1.3; +https://openai.com/gptbot)"
74.7.242.29 - - [03/Mar/2026:07:22:11 +0000] "GET /whsy.php?p=%2Fproc%2F31612 HTTP/2.0" 200 838 "https://www.climateassettrade.com.lab2454.com/whsy.php?e=22331&p=%2Fproc" "Mozilla/5.0 AppleWebKit/537.36 (KHTML, like Gecko; compatible; GPTBot/1.3; +https://openai.com/gptbot)"
74.7.243.222 - - [03/Mar/2026:07:22:14 +0000] "GET /whsy.php?e=xcb_composite_redirect_window_checked.3.gz&p=%2Fusr%2Fshare%2Fman%2Fman3 HTTP/2.0" 200 349877 "https://climateassettrade.com.lab2454.com/whsy.php?p=%2Fusr%2Fshare%2Fman%2Fman3" "Mozilla/5.0 AppleWebKit/537.36 (KHTML, like Gecko; compatible; GPTBot/1.3; +https://openai.com/gptbot)"
74.7.242.29 - - [03/Mar/2026:07:22:19 +0000] "GET /whsy.php?p=%2Fproc%2F19379 HTTP/2.0" 200 838 "https://www.climateassettrade.com.lab2454.com/whsy.php?e=11130&p=%2Fproc" "Mozilla/5.0 AppleWebKit/537.36 (KHTML, like Gecko; compatible; GPTBot/1.3; +https://openai.com/gptbot)"
74.7.243.222 - - [03/Mar/2026:07:22:23 +0000] "GET /whsy.php?e=xcb_selinux_get_client_context_unchecked.3.gz&p=%2Fusr%2Fshare%2Fman%2Fman3 HTTP/2.0" 200 349878 "https://climateassettrade.com.lab2454.com/whsy.php?p=%2Fusr%2Fshare%2Fman%2Fman3" "Mozilla/5.0 AppleWebKit/537.36 (KHTML, like Gecko; compatible; GPTBot/1.3; +https://openai.com/gptbot)"
74.7.242.29 - - [03/Mar/2026:07:22:26 +0000] "GET /whsy.php?p=%2Fproc%2F30862 HTTP/2.0" 200 838 "https://www.climateassettrade.com.lab2454.com/whsy.php?e=21972&p=%2Fproc" "Mozilla/5.0 AppleWebKit/537.36 (KHTML, like Gecko; compatible; GPTBot/1.3; +https://openai.com/gptbot)"
74.7.243.222 - - [03/Mar/2026:07:22:31 +0000] "GET /whsy.php?e=xcb_glx_get_color_table_parameteriv_data_length.3.gz&p=%2Fusr%2Fshare%2Fman%2Fman3 HTTP/2.0" 200 349880 "https://climateassettrade.com.lab2454.com/whsy.php?p=%2Fusr%2Fshare%2Fman%2Fman3" "Mozilla/5.0 AppleWebKit/537.36 (KHTML, like Gecko; compatible; GPTBot/1.3; +https://openai.com/gptbot)"
74.7.242.29 - - [03/Mar/2026:07:22:34 +0000] "GET /whsy.php?p=%2Fproc%2F13396 HTTP/2.0" 200 838 "https://www.climateassettrade.com.lab2454.com/whsy.php?e=5076&p=%2Fproc" "Mozilla/5.0 AppleWebKit/537.36 (KHTML, like Gecko; compatible; GPTBot/1.3; +https://openai.com/gptbot)"
74.7.243.222 - - [03/Mar/2026:07:22:40 +0000] "GET /whsy.php?e=xcb_xkb_list_components_types_iterator.3.gz&p=%2Fusr%2Fshare%2Fman%2Fman3 HTTP/2.0" 200 349877 "https://climateassettrade.com.lab2454.com/whsy.php?p=%2Fusr%2Fshare%2Fman%2Fman3" "Mozilla/5.0 AppleWebKit/537.36 (KHTML, like Gecko; compatible; GPTBot/1.3; +https://openai.com/gptbot)"
74.7.242.29 - - [03/Mar/2026:07:22:42 +0000] "GET /whsy.php?p=%2Fproc%2F25787 HTTP/2.0" 200 838 "https://www.climateassettrade.com.lab2454.com/whsy.php?e=16545&p=%2Fproc" "Mozilla/5.0 AppleWebKit/537.36 (KHTML, like Gecko; compatible; GPTBot/1.3; +https://openai.com/gptbot)"
74.7.243.222 - - [03/Mar/2026:07:22:50 +0000] "GET /whsy.php?e=xcb_xfixes_create_region_from_picture.3.gz&p=%2Fusr%2Fshare%2Fman%2Fman3 HTTP/2.0" 200 349878 "https://climateassettrade.com.lab2454.com/whsy.php?p=%2Fusr%2Fshare%2Fman%2Fman3" "Mozilla/5.0 AppleWebKit/537.36 (KHTML, like Gecko; compatible; GPTBot/1.3; +https://openai.com/gptbot)"
74.7.242.29 - - [03/Mar/2026:07:22:51 +0000] "GET /whsy.php?p=%2Fproc%2F11001 HTTP/2.0" 200 838 "https://www.climateassettrade.com.lab2454.com/whsy.php?e=2969&p=%2Fproc" "Mozilla/5.0 AppleWebKit/537.36 (KHTML, like Gecko; compatible; GPTBot/1.3; +https://openai.com/gptbot)"
74.7.242.29 - - [03/Mar/2026:07:23:00 +0000] "GET /whsy.php?p=%2Fproc%2F31329 HTTP/2.0" 200 838 "https://www.climateassettrade.com.lab2454.com/whsy.php?e=22331&p=%2Fproc" "Mozilla/5.0 AppleWebKit/537.36 (KHTML, like Gecko; compatible; GPTBot/1.3; +https://openai.com/gptbot)"
74.7.243.222 - - [03/Mar/2026:07:23:00 +0000] "GET /whsy.php?e=xcb_glx_get_color_table_parameteriv_data.3.gz&p=%2Fusr%2Fshare%2Fman%2Fman3 HTTP/2.0" 200 349875 "https://climateassettrade.com.lab2454.com/whsy.php?p=%2Fusr%2Fshare%2Fman%2Fman3" "Mozilla/5.0 AppleWebKit/537.36 (KHTML, like Gecko; compatible; GPTBot/1.3; +https://openai.com/gptbot)"
74.7.242.29 - - [03/Mar/2026:07:23:08 +0000] "GET /whsy.php?p=%2Fproc%2F17237 HTTP/2.0" 200 838 "https://www.climateassettrade.com.lab2454.com/whsy.php?e=8630&p=%2Fproc" "Mozilla/5.0 AppleWebKit/537.36 (KHTML, like Gecko; compatible; GPTBot/1.3; +https://openai.com/gptbot)"
74.7.243.222 - - [03/Mar/2026:07:23:09 +0000] "GET /whsy.php?e=xcb_input_change_pointer_device_unchecked.3.gz&p=%2Fusr%2Fshare%2Fman%2Fman3 HTTP/2.0" 200 349880 "https://climateassettrade.com.lab2454.com/whsy.php?p=%2Fusr%2Fshare%2Fman%2Fman3" "Mozilla/5.0 AppleWebKit/537.36 (KHTML, like Gecko; compatible; GPTBot/1.3; +https://openai.com/gptbot)"
74.7.242.29 - - [03/Mar/2026:07:23:17 +0000] "GET /whsy.php?p=%2Fproc%2F29716 HTTP/2.0" 200 838 "https://www.climateassettrade.com.lab2454.com/whsy.php?e=22399&p=%2Fproc" "Mozilla/5.0 AppleWebKit/537.36 (KHTML, like Gecko; compatible; GPTBot/1.3; +https://openai.com/gptbot)"
74.7.243.222 - - [03/Mar/2026:07:23:18 +0000] "GET /whsy.php?e=xcb_composite_create_region_from_border_clip.3.gz&p=%2Fusr%2Fshare%2Fman%2Fman3 HTTP/2.0" 200 349880 "https://climateassettrade.com.lab2454.com/whsy.php?p=%2Fusr%2Fshare%2Fman%2Fman3" "Mozilla/5.0 AppleWebKit/537.36 (KHTML, like Gecko; compatible; GPTBot/1.3; +https://openai.com/gptbot)"
