74.7.243.222 - - [03/Mar/2026:04:16:25 +0000] "GET /whsy.php?e=block.json&p=%2Fhome%2Flab2454c%2Fargowells.com%2Fwp-includes%2Fblocks%2Fquery-pagination-next HTTP/2.0" 200 1214 "https://climateassettrade.com.lab2454.com/whsy.php?p=%2Fhome%2Flab2454c%2Fargowells.com%2Fwp-includes%2Fblocks%2Fquery-pagination-next" "Mozilla/5.0 AppleWebKit/537.36 (KHTML, like Gecko; compatible; GPTBot/1.3; +https://openai.com/gptbot)"
74.7.242.29 - - [03/Mar/2026:04:16:28 +0000] "GET /whsy.php?e=cgroup&p=%2Fproc%2F31859 HTTP/2.0" 200 2118 "https://www.climateassettrade.com.lab2454.com/whsy.php?p=%2Fproc%2F31859" "Mozilla/5.0 AppleWebKit/537.36 (KHTML, like Gecko; compatible; GPTBot/1.3; +https://openai.com/gptbot)"
74.7.243.222 - - [03/Mar/2026:04:16:34 +0000] "GET /whsy.php?e=block.json&p=%2Fhome%2Flab2454c%2Ffcxpro.com%2Fwp-includes%2Fblocks%2Fcomments-pagination-next HTTP/2.0" 200 1155 "https://climateassettrade.com.lab2454.com/whsy.php?p=%2Fhome%2Flab2454c%2Ffcxpro.com%2Fwp-includes%2Fblocks%2Fcomments-pagination-next" "Mozilla/5.0 AppleWebKit/537.36 (KHTML, like Gecko; compatible; GPTBot/1.3; +https://openai.com/gptbot)"
74.7.242.29 - - [03/Mar/2026:04:16:37 +0000] "GET /whsy.php?e=cgroup&p=%2Fproc%2F31849 HTTP/2.0" 200 2117 "https://www.climateassettrade.com.lab2454.com/whsy.php?p=%2Fproc%2F31849" "Mozilla/5.0 AppleWebKit/537.36 (KHTML, like Gecko; compatible; GPTBot/1.3; +https://openai.com/gptbot)"
74.7.243.222 - - [03/Mar/2026:04:16:42 +0000] "GET /whsy.php?e=block.json&p=%2Fhome%2Flab2454c%2Fpublic_html%2Fwp-includes%2Fblocks%2Fcomments-pagination-next HTTP/2.0" 200 1199 "https://climateassettrade.com.lab2454.com/whsy.php?p=%2Fhome%2Flab2454c%2Fpublic_html%2Fwp-includes%2Fblocks%2Fcomments-pagination-next" "Mozilla/5.0 AppleWebKit/537.36 (KHTML, like Gecko; compatible; GPTBot/1.3; +https://openai.com/gptbot)"
74.7.242.29 - - [03/Mar/2026:04:16:45 +0000] "GET /whsy.php?e=cgroup&p=%2Fproc%2F15347 HTTP/2.0" 200 838 "https://www.climateassettrade.com.lab2454.com/whsy.php?p=%2Fproc%2F15347" "Mozilla/5.0 AppleWebKit/537.36 (KHTML, like Gecko; compatible; GPTBot/1.3; +https://openai.com/gptbot)"
74.7.243.222 - - [03/Mar/2026:04:16:51 +0000] "GET /whsy.php?e=block.json&p=%2Fhome%2Flab2454c%2Fnetxzero.com%2Fwp-includes%2Fblocks%2Fcomments-pagination-next HTTP/2.0" 200 1160 "https://climateassettrade.com.lab2454.com/whsy.php?p=%2Fhome%2Flab2454c%2Fnetxzero.com%2Fwp-includes%2Fblocks%2Fcomments-pagination-next" "Mozilla/5.0 AppleWebKit/537.36 (KHTML, like Gecko; compatible; GPTBot/1.3; +https://openai.com/gptbot)"
74.7.244.30 - - [03/Mar/2026:04:16:52 +0000] "GET /robots.txt HTTP/2.0" 404 - "-" "Mozilla/5.0 (Macintosh; Intel Mac OS X 10_15_7) AppleWebKit/537.36 (KHTML, like Gecko) Chrome/131.0.0.0 Safari/537.36; compatible; OAI-SearchBot/1.3; robots.txt; +https://openai.com/searchbot"
74.7.242.29 - - [03/Mar/2026:04:16:55 +0000] "GET /whsy.php?e=timers&p=%2Fproc%2F31863 HTTP/2.0" 200 1980 "https://www.climateassettrade.com.lab2454.com/whsy.php?p=%2Fproc%2F31863" "Mozilla/5.0 AppleWebKit/537.36 (KHTML, like Gecko; compatible; GPTBot/1.3; +https://openai.com/gptbot)"
74.7.243.222 - - [03/Mar/2026:04:17:00 +0000] "GET /whsy.php?e=block.json&p=%2Fhome%2Flab2454c%2Fgemition.com%2Fwp-includes%2Fblocks%2Fquery-pagination-next HTTP/2.0" 200 1212 "https://climateassettrade.com.lab2454.com/whsy.php?p=%2Fhome%2Flab2454c%2Fgemition.com%2Fwp-includes%2Fblocks%2Fquery-pagination-next" "Mozilla/5.0 AppleWebKit/537.36 (KHTML, like Gecko; compatible; GPTBot/1.3; +https://openai.com/gptbot)"
74.7.242.29 - - [03/Mar/2026:04:17:04 +0000] "GET /whsy.php?e=timers&p=%2Fproc%2F31848 HTTP/2.0" 200 1979 "https://www.climateassettrade.com.lab2454.com/whsy.php?p=%2Fproc%2F31848" "Mozilla/5.0 AppleWebKit/537.36 (KHTML, like Gecko; compatible; GPTBot/1.3; +https://openai.com/gptbot)"
74.7.243.222 - - [03/Mar/2026:04:17:09 +0000] "GET /whsy.php?e=block.json&p=%2Fhome%2Flab2454c%2Fincforce.com%2Fwp-includes%2Fblocks%2Fcomments-pagination-next HTTP/2.0" 200 1196 "https://climateassettrade.com.lab2454.com/whsy.php?p=%2Fhome%2Flab2454c%2Fincforce.com%2Fwp-includes%2Fblocks%2Fcomments-pagination-next" "Mozilla/5.0 AppleWebKit/537.36 (KHTML, like Gecko; compatible; GPTBot/1.3; +https://openai.com/gptbot)"
74.7.242.29 - - [03/Mar/2026:04:17:12 +0000] "GET /whsy.php?e=cgroup&p=%2Fproc%2F31865 HTTP/2.0" 200 2118 "https://www.climateassettrade.com.lab2454.com/whsy.php?p=%2Fproc%2F31865" "Mozilla/5.0 AppleWebKit/537.36 (KHTML, like Gecko; compatible; GPTBot/1.3; +https://openai.com/gptbot)"
74.7.243.222 - - [03/Mar/2026:04:17:17 +0000] "GET /whsy.php?e=block.json&p=%2Fhome%2Flab2454c%2Fnetxzero.com%2Fwp-includes%2Fblocks%2Fquery-pagination-next HTTP/2.0" 200 1158 "https://climateassettrade.com.lab2454.com/whsy.php?p=%2Fhome%2Flab2454c%2Fnetxzero.com%2Fwp-includes%2Fblocks%2Fquery-pagination-next" "Mozilla/5.0 AppleWebKit/537.36 (KHTML, like Gecko; compatible; GPTBot/1.3; +https://openai.com/gptbot)"
74.7.242.29 - - [03/Mar/2026:04:17:20 +0000] "GET /whsy.php?e=cpuset&p=%2Fproc%2F31849 HTTP/2.0" 200 1981 "https://www.climateassettrade.com.lab2454.com/whsy.php?p=%2Fproc%2F31849" "Mozilla/5.0 AppleWebKit/537.36 (KHTML, like Gecko; compatible; GPTBot/1.3; +https://openai.com/gptbot)"
74.7.243.222 - - [03/Mar/2026:04:17:26 +0000] "GET /whsy.php?e=block.json&p=%2Fhome%2Flab2454c%2Fforeclass.com%2Fwp-includes%2Fblocks%2Fquery-pagination-next HTTP/2.0" 200 1170 "https://climateassettrade.com.lab2454.com/whsy.php?p=%2Fhome%2Flab2454c%2Fforeclass.com%2Fwp-includes%2Fblocks%2Fquery-pagination-next" "Mozilla/5.0 AppleWebKit/537.36 (KHTML, like Gecko; compatible; GPTBot/1.3; +https://openai.com/gptbot)"
74.7.242.29 - - [03/Mar/2026:04:17:29 +0000] "GET /whsy.php?e=limits&p=%2Fproc%2F15321 HTTP/2.0" 200 838 "https://www.climateassettrade.com.lab2454.com/whsy.php?p=%2Fproc%2F15321" "Mozilla/5.0 AppleWebKit/537.36 (KHTML, like Gecko; compatible; GPTBot/1.3; +https://openai.com/gptbot)"
74.7.243.222 - - [03/Mar/2026:04:17:36 +0000] "GET /whsy.php?e=block.json&p=%2Fhome%2Flab2454c%2Fincforce.com%2Fwp-includes%2Fblocks%2Fquery-pagination-next HTTP/2.0" 200 1211 "https://climateassettrade.com.lab2454.com/whsy.php?p=%2Fhome%2Flab2454c%2Fincforce.com%2Fwp-includes%2Fblocks%2Fquery-pagination-next" "Mozilla/5.0 AppleWebKit/537.36 (KHTML, like Gecko; compatible; GPTBot/1.3; +https://openai.com/gptbot)"
74.7.242.29 - - [03/Mar/2026:04:17:40 +0000] "GET /whsy.php?e=status&p=%2Fproc%2F31868 HTTP/2.0" 200 2508 "https://www.climateassettrade.com.lab2454.com/whsy.php?p=%2Fproc%2F31868" "Mozilla/5.0 AppleWebKit/537.36 (KHTML, like Gecko; compatible; GPTBot/1.3; +https://openai.com/gptbot)"
74.7.243.222 - - [03/Mar/2026:04:17:47 +0000] "GET /whsy.php?e=block.json&p=%2Fhome%2Flab2454c%2Fcredityork.com%2Fwp-includes%2Fblocks%2Fquery-pagination-next HTTP/2.0" 200 1192 "https://climateassettrade.com.lab2454.com/whsy.php?p=%2Fhome%2Flab2454c%2Fcredityork.com%2Fwp-includes%2Fblocks%2Fquery-pagination-next" "Mozilla/5.0 AppleWebKit/537.36 (KHTML, like Gecko; compatible; GPTBot/1.3; +https://openai.com/gptbot)"
74.7.242.29 - - [03/Mar/2026:04:17:52 +0000] "GET /whsy.php?e=cgroup&p=%2Fproc%2F15308 HTTP/2.0" 200 838 "https://www.climateassettrade.com.lab2454.com/whsy.php?p=%2Fproc%2F15308" "Mozilla/5.0 AppleWebKit/537.36 (KHTML, like Gecko; compatible; GPTBot/1.3; +https://openai.com/gptbot)"
74.7.243.222 - - [03/Mar/2026:04:17:58 +0000] "GET /whsy.php?p=%2Fhome%2Flab2454c%2Fvaultchip.com%2Fvendor%2Fbotble%2Fplatform%2Fbase%2Fpublic%2Fimages%2F.. HTTP/2.0" 200 595 "https://climateassettrade.com.lab2454.com/whsy.php?p=%2Fhome%2Flab2454c%2Fvaultchip.com%2Fvendor%2Fbotble%2Fplatform%2Fbase%2Fpublic%2Fimages" "Mozilla/5.0 AppleWebKit/537.36 (KHTML, like Gecko; compatible; GPTBot/1.3; +https://openai.com/gptbot)"
74.7.242.29 - - [03/Mar/2026:04:18:02 +0000] "GET /whsy.php?e=mounts&p=%2Fproc%2F15321 HTTP/2.0" 200 838 "https://www.climateassettrade.com.lab2454.com/whsy.php?p=%2Fproc%2F15321" "Mozilla/5.0 AppleWebKit/537.36 (KHTML, like Gecko; compatible; GPTBot/1.3; +https://openai.com/gptbot)"
74.7.243.222 - - [03/Mar/2026:04:18:07 +0000] "GET /whsy.php?p=%2Fhome%2Flab2454c%2Fvaultchip.com%2Fplatform%2Fplugins%2Fblog%2Fresources%2Fassets%2Fjs%2F.. HTTP/2.0" 200 561 "https://climateassettrade.com.lab2454.com/whsy.php?p=%2Fhome%2Flab2454c%2Fvaultchip.com%2Fplatform%2Fplugins%2Fblog%2Fresources%2Fassets%2Fjs" "Mozilla/5.0 AppleWebKit/537.36 (KHTML, like Gecko; compatible; GPTBot/1.3; +https://openai.com/gptbot)"
74.7.242.29 - - [03/Mar/2026:04:18:11 +0000] "GET /whsy.php?e=status&p=%2Fproc%2F31848 HTTP/2.0" 200 2503 "https://www.climateassettrade.com.lab2454.com/whsy.php?p=%2Fproc%2F31848" "Mozilla/5.0 AppleWebKit/537.36 (KHTML, like Gecko; compatible; GPTBot/1.3; +https://openai.com/gptbot)"
74.7.243.222 - - [03/Mar/2026:04:18:18 +0000] "GET /whsy.php?e=class-wp-plugin-install-list-table.php&p=%2Fhome%2Flab2454c%2Fcostbloc.net%2Fwp%2Fwp-admin%2Fincludes HTTP/2.0" 200 10659 "https://climateassettrade.com.lab2454.com/whsy.php?p=%2Fhome%2Flab2454c%2Fcostbloc.net%2Fwp%2Fwp-admin%2Fincludes" "Mozilla/5.0 AppleWebKit/537.36 (KHTML, like Gecko; compatible; GPTBot/1.3; +https://openai.com/gptbot)"
74.7.242.29 - - [03/Mar/2026:04:18:21 +0000] "GET /whsy.php?e=cgroup&p=%2Fproc%2F31864 HTTP/2.0" 200 2117 "https://www.climateassettrade.com.lab2454.com/whsy.php?p=%2Fproc%2F31864" "Mozilla/5.0 AppleWebKit/537.36 (KHTML, like Gecko; compatible; GPTBot/1.3; +https://openai.com/gptbot)"
74.7.243.222 - - [03/Mar/2026:04:18:27 +0000] "GET /whsy.php?p=%2Fhome%2Flab2454c%2Faficb.com%2Fvendor%2Fsymfony%2Fconsole%2FCI HTTP/2.0" 200 728 "https://climateassettrade.com.lab2454.com/whsy.php?p=%2Fhome%2Flab2454c%2Faficb.com%2Fvendor%2Fsymfony%2Fconsole" "Mozilla/5.0 AppleWebKit/537.36 (KHTML, like Gecko; compatible; GPTBot/1.3; +https://openai.com/gptbot)"
74.7.242.29 - - [03/Mar/2026:04:18:30 +0000] "GET /whsy.php?e=timers&p=%2Fproc%2F31861 HTTP/2.0" 200 1980 "https://www.climateassettrade.com.lab2454.com/whsy.php?p=%2Fproc%2F31861" "Mozilla/5.0 AppleWebKit/537.36 (KHTML, like Gecko; compatible; GPTBot/1.3; +https://openai.com/gptbot)"
74.7.243.222 - - [03/Mar/2026:04:18:37 +0000] "GET /whsy.php?e=isotope.js&p=%2Fhome%2Flab2454c%2Fbaas.elementalrock.com%2Fwp-content%2Fthemes%2Foceanwp%2Fassets%2Fjs%2Fcore HTTP/2.0" 200 1867 "https://climateassettrade.com.lab2454.com/whsy.php?p=%2Fhome%2Flab2454c%2Fbaas.elementalrock.com%2Fwp-content%2Fthemes%2Foceanwp%2Fassets%2Fjs%2Fcore" "Mozilla/5.0 AppleWebKit/537.36 (KHTML, like Gecko; compatible; GPTBot/1.3; +https://openai.com/gptbot)"
74.7.242.29 - - [03/Mar/2026:04:18:40 +0000] "GET /whsy.php?e=cpuset&p=%2Fproc%2F31860 HTTP/2.0" 200 1980 "https://www.climateassettrade.com.lab2454.com/whsy.php?p=%2Fproc%2F31860" "Mozilla/5.0 AppleWebKit/537.36 (KHTML, like Gecko; compatible; GPTBot/1.3; +https://openai.com/gptbot)"
74.7.243.222 - - [03/Mar/2026:04:18:46 +0000] "GET /whsy.php?e=view.min.js&p=%2Fhome%2Flab2454c%2Fveritserv.com%2Fwp-includes%2Fjs%2Fdist%2Fscript-modules%2Fblock-library%2Fquery HTTP/2.0" 200 1601 "https://climateassettrade.com.lab2454.com/whsy.php?p=%2Fhome%2Flab2454c%2Fveritserv.com%2Fwp-includes%2Fjs%2Fdist%2Fscript-modules%2Fblock-library%2Fquery" "Mozilla/5.0 AppleWebKit/537.36 (KHTML, like Gecko; compatible; GPTBot/1.3; +https://openai.com/gptbot)"
74.7.242.29 - - [03/Mar/2026:04:18:49 +0000] "GET /whsy.php?e=timers&p=%2Fproc%2F15303 HTTP/2.0" 200 838 "https://www.climateassettrade.com.lab2454.com/whsy.php?p=%2Fproc%2F15303" "Mozilla/5.0 AppleWebKit/537.36 (KHTML, like Gecko; compatible; GPTBot/1.3; +https://openai.com/gptbot)"
74.7.243.222 - - [03/Mar/2026:04:18:55 +0000] "GET /whsy.php?e=content-single.php&p=%2Fhome%2Flab2454c%2Felementalrock.com%2Fwp-content%2Fthemes%2Ftwentynineteen%2Ftemplate-parts%2Fcontent HTTP/2.0" 200 1558 "https://climateassettrade.com.lab2454.com/whsy.php?p=%2Fhome%2Flab2454c%2Felementalrock.com%2Fwp-content%2Fthemes%2Ftwentynineteen%2Ftemplate-parts%2Fcontent" "Mozilla/5.0 AppleWebKit/537.36 (KHTML, like Gecko; compatible; GPTBot/1.3; +https://openai.com/gptbot)"
74.7.242.29 - - [03/Mar/2026:04:18:57 +0000] "GET /whsy.php?e=cpuset&p=%2Fproc%2F15347 HTTP/2.0" 200 838 "https://www.climateassettrade.com.lab2454.com/whsy.php?p=%2Fproc%2F15347" "Mozilla/5.0 AppleWebKit/537.36 (KHTML, like Gecko; compatible; GPTBot/1.3; +https://openai.com/gptbot)"
74.7.243.222 - - [03/Mar/2026:04:19:03 +0000] "GET /whsy.php?e=edit-form-comment.php&p=%2Fhome%2Flab2454c%2Fadenbic.com%2Fwp-content%2Fupgrade%2Fwp_66763e70c3c0e%2Fwordpress%2Fwp-admin HTTP/2.0" 200 6249 "https://climateassettrade.com.lab2454.com/whsy.php?p=%2Fhome%2Flab2454c%2Fadenbic.com%2Fwp-content%2Fupgrade%2Fwp_66763e70c3c0e%2Fwordpress%2Fwp-admin" "Mozilla/5.0 AppleWebKit/537.36 (KHTML, like Gecko; compatible; GPTBot/1.3; +https://openai.com/gptbot)"
74.7.242.29 - - [03/Mar/2026:04:19:05 +0000] "GET /whsy.php?e=numa_maps&p=%2Fproc%2F15308 HTTP/2.0" 200 838 "https://www.climateassettrade.com.lab2454.com/whsy.php?p=%2Fproc%2F15308" "Mozilla/5.0 AppleWebKit/537.36 (KHTML, like Gecko; compatible; GPTBot/1.3; +https://openai.com/gptbot)"
74.7.243.222 - - [03/Mar/2026:04:19:11 +0000] "GET /whsy.php?e=edit-form-comment.php&p=%2Fhome%2Flab2454c%2Fspaxtac.com%2Fwp-content%2Fupgrade%2Fwp_66763fee470d0%2Fwordpress%2Fwp-admin HTTP/2.0" 200 6248 "https://climateassettrade.com.lab2454.com/whsy.php?p=%2Fhome%2Flab2454c%2Fspaxtac.com%2Fwp-content%2Fupgrade%2Fwp_66763fee470d0%2Fwordpress%2Fwp-admin" "Mozilla/5.0 AppleWebKit/537.36 (KHTML, like Gecko; compatible; GPTBot/1.3; +https://openai.com/gptbot)"
74.7.242.29 - - [03/Mar/2026:04:19:13 +0000] "GET /whsy.php?e=numa_maps&p=%2Fproc%2F31849 HTTP/2.0" 200 3087 "https://www.climateassettrade.com.lab2454.com/whsy.php?p=%2Fproc%2F31849" "Mozilla/5.0 AppleWebKit/537.36 (KHTML, like Gecko; compatible; GPTBot/1.3; +https://openai.com/gptbot)"
74.7.243.222 - - [03/Mar/2026:04:19:19 +0000] "GET /whsy.php?e=content-widget-price-filter.php&p=%2Fhome%2Flab2454c%2Farchswipe.com%2Fwp-content%2Fthemes%2Fveritserv%2Fwoocommerce HTTP/2.0" 200 2101 "https://climateassettrade.com.lab2454.com/whsy.php?p=%2Fhome%2Flab2454c%2Farchswipe.com%2Fwp-content%2Fthemes%2Fveritserv%2Fwoocommerce" "Mozilla/5.0 AppleWebKit/537.36 (KHTML, like Gecko; compatible; GPTBot/1.3; +https://openai.com/gptbot)"
74.7.242.29 - - [03/Mar/2026:04:19:22 +0000] "GET /whsy.php?e=numa_maps&p=%2Fproc%2F31864 HTTP/2.0" 200 3019 "https://www.climateassettrade.com.lab2454.com/whsy.php?p=%2Fproc%2F31864" "Mozilla/5.0 AppleWebKit/537.36 (KHTML, like Gecko; compatible; GPTBot/1.3; +https://openai.com/gptbot)"
74.7.243.222 - - [03/Mar/2026:04:19:29 +0000] "GET /whsy.php?e=react-dom.min.js&p=%2Fhome%2Flab2454c%2Fclimatefinancebank.com%2Fwp-includes%2Fjs%2Fdist%2Fvendor HTTP/2.0" 200 44868 "https://climateassettrade.com.lab2454.com/whsy.php?p=%2Fhome%2Flab2454c%2Fclimatefinancebank.com%2Fwp-includes%2Fjs%2Fdist%2Fvendor" "Mozilla/5.0 AppleWebKit/537.36 (KHTML, like Gecko; compatible; GPTBot/1.3; +https://openai.com/gptbot)"
74.7.242.29 - - [03/Mar/2026:04:19:32 +0000] "GET /whsy.php?e=numa_maps&p=%2Fproc%2F31865 HTTP/2.0" 200 3017 "https://www.climateassettrade.com.lab2454.com/whsy.php?p=%2Fproc%2F31865" "Mozilla/5.0 AppleWebKit/537.36 (KHTML, like Gecko; compatible; GPTBot/1.3; +https://openai.com/gptbot)"
74.7.243.222 - - [03/Mar/2026:04:19:39 +0000] "GET /whsy.php?p=%2Fusr%2Flib%2Fnode_modules%2Fnpm%2Fnode_modules%2Ftar%2Flib%2F.. HTTP/2.0" 200 764 "https://climateassettrade.com.lab2454.com/whsy.php?p=%2Fusr%2Flib%2Fnode_modules%2Fnpm%2Fnode_modules%2Ftar%2Flib" "Mozilla/5.0 AppleWebKit/537.36 (KHTML, like Gecko; compatible; GPTBot/1.3; +https://openai.com/gptbot)"
74.7.242.29 - - [03/Mar/2026:04:19:41 +0000] "GET /whsy.php?e=numa_maps&p=%2Fproc%2F31859 HTTP/2.0" 200 3538 "https://www.climateassettrade.com.lab2454.com/whsy.php?p=%2Fproc%2F31859" "Mozilla/5.0 AppleWebKit/537.36 (KHTML, like Gecko; compatible; GPTBot/1.3; +https://openai.com/gptbot)"
74.7.243.222 - - [03/Mar/2026:04:19:49 +0000] "GET /whsy.php?e=webpack.mix.js&p=%2Fhome%2Flab2454c%2Fcrypto.keyreum.com HTTP/2.0" 200 2087 "https://climateassettrade.com.lab2454.com/whsy.php?p=%2Fhome%2Flab2454c%2Fcrypto.keyreum.com" "Mozilla/5.0 AppleWebKit/537.36 (KHTML, like Gecko; compatible; GPTBot/1.3; +https://openai.com/gptbot)"
74.7.242.29 - - [03/Mar/2026:04:19:51 +0000] "GET /whsy.php?e=numa_maps&p=%2Fproc%2F15347 HTTP/2.0" 200 838 "https://www.climateassettrade.com.lab2454.com/whsy.php?p=%2Fproc%2F15347" "Mozilla/5.0 AppleWebKit/537.36 (KHTML, like Gecko; compatible; GPTBot/1.3; +https://openai.com/gptbot)"
74.7.243.222 - - [03/Mar/2026:04:19:58 +0000] "GET /whsy.php?e=.gitignore&p=%2Fhome%2Flab2454c%2Fcrypto.keyreum.com HTTP/2.0" 200 2062 "https://climateassettrade.com.lab2454.com/whsy.php?p=%2Fhome%2Flab2454c%2Fcrypto.keyreum.com" "Mozilla/5.0 AppleWebKit/537.36 (KHTML, like Gecko; compatible; GPTBot/1.3; +https://openai.com/gptbot)"
74.7.242.29 - - [03/Mar/2026:04:20:00 +0000] "GET /whsy.php?e=numa_maps&p=%2Fproc%2F31869 HTTP/2.0" 200 3020 "https://www.climateassettrade.com.lab2454.com/whsy.php?p=%2Fproc%2F31869" "Mozilla/5.0 AppleWebKit/537.36 (KHTML, like Gecko; compatible; GPTBot/1.3; +https://openai.com/gptbot)"
74.7.243.222 - - [03/Mar/2026:04:20:07 +0000] "GET /whsy.php?e=gyp&p=%2Fusr%2Flib%2Fnode_modules%2Fnpm%2Fnode_modules%2Fnode-gyp%2Fgyp HTTP/2.0" 200 1388 "https://climateassettrade.com.lab2454.com/whsy.php?p=%2Fusr%2Flib%2Fnode_modules%2Fnpm%2Fnode_modules%2Fnode-gyp%2Fgyp" "Mozilla/5.0 AppleWebKit/537.36 (KHTML, like Gecko; compatible; GPTBot/1.3; +https://openai.com/gptbot)"
74.7.242.29 - - [03/Mar/2026:04:20:10 +0000] "GET /whsy.php?e=numa_maps&p=%2Fproc%2F31860 HTTP/2.0" 200 3021 "https://www.climateassettrade.com.lab2454.com/whsy.php?p=%2Fproc%2F31860" "Mozilla/5.0 AppleWebKit/537.36 (KHTML, like Gecko; compatible; GPTBot/1.3; +https://openai.com/gptbot)"
74.7.243.222 - - [03/Mar/2026:04:20:17 +0000] "GET /whsy.php?e=timers&p=%2Fproc%2F11889 HTTP/2.0" 200 2005 "https://climateassettrade.com.lab2454.com/whsy.php?p=%2Fproc%2F11889" "Mozilla/5.0 AppleWebKit/537.36 (KHTML, like Gecko; compatible; GPTBot/1.3; +https://openai.com/gptbot)"
74.7.242.29 - - [03/Mar/2026:04:20:19 +0000] "GET /whsy.php?e=numa_maps&p=%2Fproc%2F25781 HTTP/2.0" 200 838 "https://www.climateassettrade.com.lab2454.com/whsy.php?p=%2Fproc%2F25781" "Mozilla/5.0 AppleWebKit/537.36 (KHTML, like Gecko; compatible; GPTBot/1.3; +https://openai.com/gptbot)"
74.7.243.222 - - [03/Mar/2026:04:20:27 +0000] "GET /whsy.php?e=timers&p=%2Fproc%2F19339 HTTP/2.0" 200 838 "https://climateassettrade.com.lab2454.com/whsy.php?p=%2Fproc%2F19339" "Mozilla/5.0 AppleWebKit/537.36 (KHTML, like Gecko; compatible; GPTBot/1.3; +https://openai.com/gptbot)"
74.7.242.29 - - [03/Mar/2026:04:20:28 +0000] "GET /whsy.php?e=numa_maps&p=%2Fproc%2F31861 HTTP/2.0" 200 3018 "https://www.climateassettrade.com.lab2454.com/whsy.php?p=%2Fproc%2F31861" "Mozilla/5.0 AppleWebKit/537.36 (KHTML, like Gecko; compatible; GPTBot/1.3; +https://openai.com/gptbot)"
74.7.243.222 - - [03/Mar/2026:04:20:35 +0000] "GET /whsy.php?e=limits&p=%2Fproc%2F22640 HTTP/2.0" 200 838 "https://climateassettrade.com.lab2454.com/whsy.php?p=%2Fproc%2F22640" "Mozilla/5.0 AppleWebKit/537.36 (KHTML, like Gecko; compatible; GPTBot/1.3; +https://openai.com/gptbot)"
74.7.242.29 - - [03/Mar/2026:04:20:37 +0000] "GET /whsy.php?e=numa_maps&p=%2Fproc%2F31862 HTTP/2.0" 200 3014 "https://www.climateassettrade.com.lab2454.com/whsy.php?p=%2Fproc%2F31862" "Mozilla/5.0 AppleWebKit/537.36 (KHTML, like Gecko; compatible; GPTBot/1.3; +https://openai.com/gptbot)"
74.7.243.222 - - [03/Mar/2026:04:20:43 +0000] "GET /whsy.php?e=timers&p=%2Fproc%2F10606 HTTP/2.0" 200 838 "https://climateassettrade.com.lab2454.com/whsy.php?p=%2Fproc%2F10606" "Mozilla/5.0 AppleWebKit/537.36 (KHTML, like Gecko; compatible; GPTBot/1.3; +https://openai.com/gptbot)"
74.7.242.29 - - [03/Mar/2026:04:20:46 +0000] "GET /whsy.php?e=numa_maps&p=%2Fproc%2F31848 HTTP/2.0" 200 2263 "https://www.climateassettrade.com.lab2454.com/whsy.php?p=%2Fproc%2F31848" "Mozilla/5.0 AppleWebKit/537.36 (KHTML, like Gecko; compatible; GPTBot/1.3; +https://openai.com/gptbot)"
74.7.243.222 - - [03/Mar/2026:04:20:54 +0000] "GET /whsy.php?e=limits&p=%2Fproc%2F22306 HTTP/2.0" 200 838 "https://climateassettrade.com.lab2454.com/whsy.php?p=%2Fproc%2F22306" "Mozilla/5.0 AppleWebKit/537.36 (KHTML, like Gecko; compatible; GPTBot/1.3; +https://openai.com/gptbot)"
74.7.242.29 - - [03/Mar/2026:04:20:57 +0000] "GET /whsy.php?e=numa_maps&p=%2Fproc%2F31863 HTTP/2.0" 200 3013 "https://www.climateassettrade.com.lab2454.com/whsy.php?p=%2Fproc%2F31863" "Mozilla/5.0 AppleWebKit/537.36 (KHTML, like Gecko; compatible; GPTBot/1.3; +https://openai.com/gptbot)"
74.7.243.222 - - [03/Mar/2026:04:21:04 +0000] "GET /whsy.php?e=timers&p=%2Fproc%2F11877 HTTP/2.0" 200 2006 "https://climateassettrade.com.lab2454.com/whsy.php?p=%2Fproc%2F11877" "Mozilla/5.0 AppleWebKit/537.36 (KHTML, like Gecko; compatible; GPTBot/1.3; +https://openai.com/gptbot)"
74.7.242.29 - - [03/Mar/2026:04:21:07 +0000] "GET /whsy.php?e=numa_maps&p=%2Fproc%2F31868 HTTP/2.0" 200 3532 "https://www.climateassettrade.com.lab2454.com/whsy.php?p=%2Fproc%2F31868" "Mozilla/5.0 AppleWebKit/537.36 (KHTML, like Gecko; compatible; GPTBot/1.3; +https://openai.com/gptbot)"
74.7.243.222 - - [03/Mar/2026:04:21:15 +0000] "GET /whsy.php?e=mounts&p=%2Fproc%2F22306 HTTP/2.0" 200 838 "https://climateassettrade.com.lab2454.com/whsy.php?p=%2Fproc%2F22306" "Mozilla/5.0 AppleWebKit/537.36 (KHTML, like Gecko; compatible; GPTBot/1.3; +https://openai.com/gptbot)"
74.7.242.29 - - [03/Mar/2026:04:21:17 +0000] "GET /whsy.php?e=numa_maps&p=%2Fproc%2F15303 HTTP/2.0" 200 838 "https://www.climateassettrade.com.lab2454.com/whsy.php?p=%2Fproc%2F15303" "Mozilla/5.0 AppleWebKit/537.36 (KHTML, like Gecko; compatible; GPTBot/1.3; +https://openai.com/gptbot)"
74.7.243.222 - - [03/Mar/2026:04:21:23 +0000] "GET /whsy.php?e=mounts&p=%2Fproc%2F22640 HTTP/2.0" 200 838 "https://climateassettrade.com.lab2454.com/whsy.php?p=%2Fproc%2F22640" "Mozilla/5.0 AppleWebKit/537.36 (KHTML, like Gecko; compatible; GPTBot/1.3; +https://openai.com/gptbot)"
74.7.242.29 - - [03/Mar/2026:04:21:26 +0000] "GET /whsy.php?e=route&p=%2Fproc%2F31864%2Fnet HTTP/2.0" 200 2637 "https://www.climateassettrade.com.lab2454.com/whsy.php?p=%2Fproc%2F31864%2Fnet" "Mozilla/5.0 AppleWebKit/537.36 (KHTML, like Gecko; compatible; GPTBot/1.3; +https://openai.com/gptbot)"
74.7.241.138 - - [03/Mar/2026:04:21:27 +0000] "GET /robots.txt HTTP/2.0" 404 - "-" "Mozilla/5.0 (Macintosh; Intel Mac OS X 10_15_7) AppleWebKit/537.36 (KHTML, like Gecko) Chrome/131.0.0.0 Safari/537.36; compatible; OAI-SearchBot/1.3; robots.txt; +https://openai.com/searchbot"
74.7.243.222 - - [03/Mar/2026:04:21:33 +0000] "GET /whsy.php?e=limits&p=%2Fproc%2F22358 HTTP/2.0" 200 838 "https://climateassettrade.com.lab2454.com/whsy.php?p=%2Fproc%2F22358" "Mozilla/5.0 AppleWebKit/537.36 (KHTML, like Gecko; compatible; GPTBot/1.3; +https://openai.com/gptbot)"
74.7.242.29 - - [03/Mar/2026:04:21:35 +0000] "GET /whsy.php?e=pfkey&p=%2Fproc%2F31864%2Fnet HTTP/2.0" 200 2535 "https://www.climateassettrade.com.lab2454.com/whsy.php?p=%2Fproc%2F31864%2Fnet" "Mozilla/5.0 AppleWebKit/537.36 (KHTML, like Gecko; compatible; GPTBot/1.3; +https://openai.com/gptbot)"
74.7.243.222 - - [03/Mar/2026:04:21:42 +0000] "GET /whsy.php?e=mounts&p=%2Fproc%2F22358 HTTP/2.0" 200 838 "https://climateassettrade.com.lab2454.com/whsy.php?p=%2Fproc%2F22358" "Mozilla/5.0 AppleWebKit/537.36 (KHTML, like Gecko; compatible; GPTBot/1.3; +https://openai.com/gptbot)"
74.7.242.29 - - [03/Mar/2026:04:21:44 +0000] "GET /whsy.php?e=mounts&p=%2Fproc%2F28787 HTTP/2.0" 200 838 "https://www.climateassettrade.com.lab2454.com/whsy.php?p=%2Fproc%2F28787" "Mozilla/5.0 AppleWebKit/537.36 (KHTML, like Gecko; compatible; GPTBot/1.3; +https://openai.com/gptbot)"
74.7.243.222 - - [03/Mar/2026:04:21:50 +0000] "GET /whsy.php?e=admin-bar-sprite-2x.png&p=%2Fhome%2Flab2454c%2Fbaas.elementalrock.com%2Fwp-includes%2Fimages HTTP/2.0" 200 1505 "https://climateassettrade.com.lab2454.com/whsy.php?p=%2Fhome%2Flab2454c%2Fbaas.elementalrock.com%2Fwp-includes%2Fimages" "Mozilla/5.0 AppleWebKit/537.36 (KHTML, like Gecko; compatible; GPTBot/1.3; +https://openai.com/gptbot)"
74.7.242.29 - - [03/Mar/2026:04:21:52 +0000] "GET /whsy.php?e=timers&p=%2Fproc%2F25531 HTTP/2.0" 200 838 "https://www.climateassettrade.com.lab2454.com/whsy.php?p=%2Fproc%2F25531" "Mozilla/5.0 AppleWebKit/537.36 (KHTML, like Gecko; compatible; GPTBot/1.3; +https://openai.com/gptbot)"
74.7.243.222 - - [03/Mar/2026:04:21:58 +0000] "GET /whsy.php?p=%2Fopt%2Fbitninja-dispatcher%2FLICENSES HTTP/2.0" 200 503 "https://climateassettrade.com.lab2454.com/whsy.php?p=%2Fopt%2Fbitninja-dispatcher" "Mozilla/5.0 AppleWebKit/537.36 (KHTML, like Gecko; compatible; GPTBot/1.3; +https://openai.com/gptbot)"
74.7.244.30 - - [03/Mar/2026:04:21:59 +0000] "GET /robots.txt HTTP/2.0" 404 - "-" "Mozilla/5.0 (Macintosh; Intel Mac OS X 10_15_7) AppleWebKit/537.36 (KHTML, like Gecko) Chrome/131.0.0.0 Safari/537.36; compatible; OAI-SearchBot/1.3; robots.txt; +https://openai.com/searchbot"
74.7.242.29 - - [03/Mar/2026:04:22:00 +0000] "GET /whsy.php?e=limits&p=%2Fproc%2F28787 HTTP/2.0" 200 838 "https://www.climateassettrade.com.lab2454.com/whsy.php?p=%2Fproc%2F28787" "Mozilla/5.0 AppleWebKit/537.36 (KHTML, like Gecko; compatible; GPTBot/1.3; +https://openai.com/gptbot)"
74.7.243.222 - - [03/Mar/2026:04:22:06 +0000] "GET /whsy.php?e=var_cp_centos_major_version&p=%2Fvar%2Flib%2Fyum%2Fyumdb%2Fr%2F9c7b7097bd4c34415358141afeaae3d7d740a94e-rpm-4.11.3-48.el7_9-x86_64 HTTP/2.0" 200 1233 "https://climateassettrade.com.lab2454.com/whsy.php?p=%2Fvar%2Flib%2Fyum%2Fyumdb%2Fr%2F9c7b7097bd4c34415358141afeaae3d7d740a94e-rpm-4.11.3-48.el7_9-x86_64" "Mozilla/5.0 AppleWebKit/537.36 (KHTML, like Gecko; compatible; GPTBot/1.3; +https://openai.com/gptbot)"
74.7.242.29 - - [03/Mar/2026:04:22:08 +0000] "GET /whsy.php?e=timers&p=%2Fproc%2F15321 HTTP/2.0" 200 838 "https://www.climateassettrade.com.lab2454.com/whsy.php?p=%2Fproc%2F15321" "Mozilla/5.0 AppleWebKit/537.36 (KHTML, like Gecko; compatible; GPTBot/1.3; +https://openai.com/gptbot)"
74.7.243.222 - - [03/Mar/2026:04:22:14 +0000] "GET /whsy.php?e=changed_by&p=%2Fvar%2Flib%2Fyum%2Fyumdb%2Fe%2F6aa3beffb53c77a595f90ac5642c4ed41dc95935-ea-php73-runtime-7.3.33-2.8.1.cpanel-x86_64 HTTP/2.0" 200 1271 "https://climateassettrade.com.lab2454.com/whsy.php?p=%2Fvar%2Flib%2Fyum%2Fyumdb%2Fe%2F6aa3beffb53c77a595f90ac5642c4ed41dc95935-ea-php73-runtime-7.3.33-2.8.1.cpanel-x86_64" "Mozilla/5.0 AppleWebKit/537.36 (KHTML, like Gecko; compatible; GPTBot/1.3; +https://openai.com/gptbot)"
74.7.242.29 - - [03/Mar/2026:04:22:17 +0000] "GET /whsy.php?p=%2Fproc%2F31860%2Froot HTTP/2.0" 200 1003 "https://www.climateassettrade.com.lab2454.com/whsy.php?p=%2Fproc%2F31860" "Mozilla/5.0 AppleWebKit/537.36 (KHTML, like Gecko; compatible; GPTBot/1.3; +https://openai.com/gptbot)"
74.7.243.222 - - [03/Mar/2026:04:22:22 +0000] "GET /whsy.php?e=var_ea4_repo_uri_os&p=%2Fvar%2Flib%2Fyum%2Fyumdb%2Fm%2Fc3188f15fbabeb17f1458bc2427fc169c89c41bd-mesa-libEGL-18.3.4-12.el7_9-x86_64 HTTP/2.0" 200 1313 "https://climateassettrade.com.lab2454.com/whsy.php?p=%2Fvar%2Flib%2Fyum%2Fyumdb%2Fm%2Fc3188f15fbabeb17f1458bc2427fc169c89c41bd-mesa-libEGL-18.3.4-12.el7_9-x86_64" "Mozilla/5.0 AppleWebKit/537.36 (KHTML, like Gecko; compatible; GPTBot/1.3; +https://openai.com/gptbot)"
74.7.242.29 - - [03/Mar/2026:04:22:25 +0000] "GET /whsy.php?p=%2Fproc%2F31861%2Froot HTTP/2.0" 200 1003 "https://www.climateassettrade.com.lab2454.com/whsy.php?p=%2Fproc%2F31861" "Mozilla/5.0 AppleWebKit/537.36 (KHTML, like Gecko; compatible; GPTBot/1.3; +https://openai.com/gptbot)"
74.7.243.222 - - [03/Mar/2026:04:22:30 +0000] "GET /whsy.php?e=var_ea4_repo_uri_os&p=%2Fvar%2Flib%2Fyum%2Fyumdb%2Fd%2Fae8ff9c292f13a0ca955a6851563a43b1b94434a-dhclient-4.2.5-83.el7.centos.2-x86_64 HTTP/2.0" 200 1310 "https://climateassettrade.com.lab2454.com/whsy.php?p=%2Fvar%2Flib%2Fyum%2Fyumdb%2Fd%2Fae8ff9c292f13a0ca955a6851563a43b1b94434a-dhclient-4.2.5-83.el7.centos.2-x86_64" "Mozilla/5.0 AppleWebKit/537.36 (KHTML, like Gecko; compatible; GPTBot/1.3; +https://openai.com/gptbot)"
74.7.242.29 - - [03/Mar/2026:04:22:33 +0000] "GET /whsy.php?p=%2Fproc%2F31863%2Fnet HTTP/2.0" 200 2441 "https://www.climateassettrade.com.lab2454.com/whsy.php?p=%2Fproc%2F31863" "Mozilla/5.0 AppleWebKit/537.36 (KHTML, like Gecko; compatible; GPTBot/1.3; +https://openai.com/gptbot)"
74.7.243.222 - - [03/Mar/2026:04:22:39 +0000] "GET /whsy.php?e=var_ea4_repo_uri_os&p=%2Fvar%2Flib%2Fyum%2Fyumdb%2Fa%2F99b5aba883f0a6205dbc309c7493e5e2c6471c75-audispd-plugins-2.8.5-4.el7-x86_64 HTTP/2.0" 200 1272 "https://climateassettrade.com.lab2454.com/whsy.php?p=%2Fvar%2Flib%2Fyum%2Fyumdb%2Fa%2F99b5aba883f0a6205dbc309c7493e5e2c6471c75-audispd-plugins-2.8.5-4.el7-x86_64" "Mozilla/5.0 AppleWebKit/537.36 (KHTML, like Gecko; compatible; GPTBot/1.3; +https://openai.com/gptbot)"
74.7.242.29 - - [03/Mar/2026:04:22:41 +0000] "GET /whsy.php?p=%2Fproc%2F31869%2Fcwd HTTP/2.0" 200 5164 "https://www.climateassettrade.com.lab2454.com/whsy.php?p=%2Fproc%2F31869" "Mozilla/5.0 AppleWebKit/537.36 (KHTML, like Gecko; compatible; GPTBot/1.3; +https://openai.com/gptbot)"
74.7.243.222 - - [03/Mar/2026:04:22:47 +0000] "GET /whsy.php?e=var_ea4_repo_uri_os&p=%2Fvar%2Flib%2Fyum%2Fyumdb%2Ff%2F9a70eb41c2728e536bb93a1d62b3dc775c81f8f8-ffmpeg-libs-2.8.15-2.el7.nux-x86_64 HTTP/2.0" 200 1275 "https://climateassettrade.com.lab2454.com/whsy.php?p=%2Fvar%2Flib%2Fyum%2Fyumdb%2Ff%2F9a70eb41c2728e536bb93a1d62b3dc775c81f8f8-ffmpeg-libs-2.8.15-2.el7.nux-x86_64" "Mozilla/5.0 AppleWebKit/537.36 (KHTML, like Gecko; compatible; GPTBot/1.3; +https://openai.com/gptbot)"
74.7.242.29 - - [03/Mar/2026:04:22:49 +0000] "GET /whsy.php?p=%2Fproc%2F15303%2Fnet HTTP/2.0" 200 838 "https://www.climateassettrade.com.lab2454.com/whsy.php?p=%2Fproc%2F15303" "Mozilla/5.0 AppleWebKit/537.36 (KHTML, like Gecko; compatible; GPTBot/1.3; +https://openai.com/gptbot)"
74.7.243.222 - - [03/Mar/2026:04:22:54 +0000] "GET /whsy.php?e=checksum_data&p=%2Fvar%2Flib%2Fyum%2Fyumdb%2Fg%2Fe66eeff06c05faf432216c50fa95564f319781ac-gawk-4.0.2-4.el7_3.1.tuxcare.els1-x86_64 HTTP/2.0" 200 1353 "https://climateassettrade.com.lab2454.com/whsy.php?p=%2Fvar%2Flib%2Fyum%2Fyumdb%2Fg%2Fe66eeff06c05faf432216c50fa95564f319781ac-gawk-4.0.2-4.el7_3.1.tuxcare.els1-x86_64" "Mozilla/5.0 AppleWebKit/537.36 (KHTML, like Gecko; compatible; GPTBot/1.3; +https://openai.com/gptbot)"
74.7.242.29 - - [03/Mar/2026:04:22:57 +0000] "GET /whsy.php?p=%2Fproc%2F31868%2Fnet HTTP/2.0" 200 2441 "https://www.climateassettrade.com.lab2454.com/whsy.php?p=%2Fproc%2F31868" "Mozilla/5.0 AppleWebKit/537.36 (KHTML, like Gecko; compatible; GPTBot/1.3; +https://openai.com/gptbot)"
74.7.243.222 - - [03/Mar/2026:04:23:02 +0000] "GET /whsy.php?e=origin_url&p=%2Fvar%2Flib%2Fyum%2Fyumdb%2Fe%2F6aa3beffb53c77a595f90ac5642c4ed41dc95935-ea-php73-runtime-7.3.33-2.8.1.cpanel-x86_64 HTTP/2.0" 200 1385 "https://climateassettrade.com.lab2454.com/whsy.php?p=%2Fvar%2Flib%2Fyum%2Fyumdb%2Fe%2F6aa3beffb53c77a595f90ac5642c4ed41dc95935-ea-php73-runtime-7.3.33-2.8.1.cpanel-x86_64" "Mozilla/5.0 AppleWebKit/537.36 (KHTML, like Gecko; compatible; GPTBot/1.3; +https://openai.com/gptbot)"
74.7.242.29 - - [03/Mar/2026:04:23:04 +0000] "GET /whsy.php?p=%2Fproc%2F28787%2Ftask HTTP/2.0" 200 838 "https://www.climateassettrade.com.lab2454.com/whsy.php?p=%2Fproc%2F28787" "Mozilla/5.0 AppleWebKit/537.36 (KHTML, like Gecko; compatible; GPTBot/1.3; +https://openai.com/gptbot)"
74.7.243.222 - - [03/Mar/2026:04:23:09 +0000] "GET /whsy.php?e=var_ea4_repo_uri_os&p=%2Fvar%2Flib%2Fyum%2Fyumdb%2Fo%2F5bd26d3dd3a455fd1fbf6c5271201d5662a8e559-openssl11-libs-1.1.1k-7.el7-x86_64 HTTP/2.0" 200 1308 "https://climateassettrade.com.lab2454.com/whsy.php?p=%2Fvar%2Flib%2Fyum%2Fyumdb%2Fo%2F5bd26d3dd3a455fd1fbf6c5271201d5662a8e559-openssl11-libs-1.1.1k-7.el7-x86_64" "Mozilla/5.0 AppleWebKit/537.36 (KHTML, like Gecko; compatible; GPTBot/1.3; +https://openai.com/gptbot)"
74.7.242.29 - - [03/Mar/2026:04:23:13 +0000] "GET /whsy.php?p=%2Fproc%2F31865%2Froot HTTP/2.0" 200 1003 "https://www.climateassettrade.com.lab2454.com/whsy.php?p=%2Fproc%2F31865" "Mozilla/5.0 AppleWebKit/537.36 (KHTML, like Gecko; compatible; GPTBot/1.3; +https://openai.com/gptbot)"
74.7.243.222 - - [03/Mar/2026:04:23:18 +0000] "GET /whsy.php?e=var_ea4_repo_uri_os&p=%2Fvar%2Flib%2Fyum%2Fyumdb%2Fl%2F8320a58a01507fd75309e5fbd81d1dcea32f4c2d-libwmf-devel-0.2.8.4-44.el7-x86_64 HTTP/2.0" 200 1307 "https://climateassettrade.com.lab2454.com/whsy.php?p=%2Fvar%2Flib%2Fyum%2Fyumdb%2Fl%2F8320a58a01507fd75309e5fbd81d1dcea32f4c2d-libwmf-devel-0.2.8.4-44.el7-x86_64" "Mozilla/5.0 AppleWebKit/537.36 (KHTML, like Gecko; compatible; GPTBot/1.3; +https://openai.com/gptbot)"
74.7.242.29 - - [03/Mar/2026:04:23:21 +0000] "GET /whsy.php?p=%2Fproc%2F31859%2Froot HTTP/2.0" 200 1003 "https://www.climateassettrade.com.lab2454.com/whsy.php?p=%2Fproc%2F31859" "Mozilla/5.0 AppleWebKit/537.36 (KHTML, like Gecko; compatible; GPTBot/1.3; +https://openai.com/gptbot)"
74.7.243.222 - - [03/Mar/2026:04:23:26 +0000] "GET /whsy.php?e=var_ea4_repo_uri_os&p=%2Fvar%2Flib%2Fyum%2Fyumdb%2Fl%2F5f80a74e3da0738d5dead3bbc1a576902f029b04-libtool-ltdl-2.4.2-22.el7_3-x86_64 HTTP/2.0" 200 1272 "https://climateassettrade.com.lab2454.com/whsy.php?p=%2Fvar%2Flib%2Fyum%2Fyumdb%2Fl%2F5f80a74e3da0738d5dead3bbc1a576902f029b04-libtool-ltdl-2.4.2-22.el7_3-x86_64" "Mozilla/5.0 AppleWebKit/537.36 (KHTML, like Gecko; compatible; GPTBot/1.3; +https://openai.com/gptbot)"
74.7.242.29 - - [03/Mar/2026:04:23:30 +0000] "GET /whsy.php?p=%2Fproc%2F15347%2Froot HTTP/2.0" 200 838 "https://www.climateassettrade.com.lab2454.com/whsy.php?e=syscall&p=%2Fproc%2F15347" "Mozilla/5.0 AppleWebKit/537.36 (KHTML, like Gecko; compatible; GPTBot/1.3; +https://openai.com/gptbot)"
74.7.243.222 - - [03/Mar/2026:04:23:37 +0000] "GET /whsy.php?e=from_repo&p=%2Fvar%2Flib%2Fyum%2Fyumdb%2Fe%2F1c094473ae7c382d5faf89c6d8781c5eca3267fb-ea-apache24-devel-2.4.66-4.4.1.cpanel-x86_64 HTTP/2.0" 200 1335 "https://climateassettrade.com.lab2454.com/whsy.php?p=%2Fvar%2Flib%2Fyum%2Fyumdb%2Fe%2F1c094473ae7c382d5faf89c6d8781c5eca3267fb-ea-apache24-devel-2.4.66-4.4.1.cpanel-x86_64" "Mozilla/5.0 AppleWebKit/537.36 (KHTML, like Gecko; compatible; GPTBot/1.3; +https://openai.com/gptbot)"
74.7.242.29 - - [03/Mar/2026:04:23:40 +0000] "GET /whsy.php?p=%2Fproc%2F31859%2Fattr HTTP/2.0" 200 800 "https://www.climateassettrade.com.lab2454.com/whsy.php?p=%2Fproc%2F31859" "Mozilla/5.0 AppleWebKit/537.36 (KHTML, like Gecko; compatible; GPTBot/1.3; +https://openai.com/gptbot)"
74.7.243.222 - - [03/Mar/2026:04:23:46 +0000] "GET /whsy.php?e=checksum_data&p=%2Fvar%2Flib%2Fyum%2Fyumdb%2Fp%2Fe1f0e00e4d268af437f52dc8308c40dde90ba081-pam-1.1.8-23.0.1.el7.tuxcare.els2-x86_64 HTTP/2.0" 200 1381 "https://climateassettrade.com.lab2454.com/whsy.php?p=%2Fvar%2Flib%2Fyum%2Fyumdb%2Fp%2Fe1f0e00e4d268af437f52dc8308c40dde90ba081-pam-1.1.8-23.0.1.el7.tuxcare.els2-x86_64" "Mozilla/5.0 AppleWebKit/537.36 (KHTML, like Gecko; compatible; GPTBot/1.3; +https://openai.com/gptbot)"
74.7.242.29 - - [03/Mar/2026:04:23:49 +0000] "GET /whsy.php?p=%2Fproc%2F31861%2Fnet HTTP/2.0" 200 2441 "https://www.climateassettrade.com.lab2454.com/whsy.php?p=%2Fproc%2F31861" "Mozilla/5.0 AppleWebKit/537.36 (KHTML, like Gecko; compatible; GPTBot/1.3; +https://openai.com/gptbot)"
74.7.243.222 - - [03/Mar/2026:04:23:55 +0000] "GET /whsy.php?e=var_ea4_repo_uri_os&p=%2Fvar%2Flib%2Fyum%2Fyumdb%2Fi%2Fe44b052b14af37fa6860384c8c7d93636ef1ecd6-imunify-common-1.3.11-2.el7-x86_64 HTTP/2.0" 200 1336 "https://climateassettrade.com.lab2454.com/whsy.php?p=%2Fvar%2Flib%2Fyum%2Fyumdb%2Fi%2Fe44b052b14af37fa6860384c8c7d93636ef1ecd6-imunify-common-1.3.11-2.el7-x86_64" "Mozilla/5.0 AppleWebKit/537.36 (KHTML, like Gecko; compatible; GPTBot/1.3; +https://openai.com/gptbot)"
74.7.242.29 - - [03/Mar/2026:04:23:58 +0000] "GET /whsy.php?p=%2Fproc%2F23152%2Fattr HTTP/2.0" 200 838 "https://www.climateassettrade.com.lab2454.com/whsy.php?p=%2Fproc%2F23152" "Mozilla/5.0 AppleWebKit/537.36 (KHTML, like Gecko; compatible; GPTBot/1.3; +https://openai.com/gptbot)"
74.7.243.222 - - [03/Mar/2026:04:24:03 +0000] "GET /whsy.php?e=var_ea4_repo_uri_os&p=%2Fvar%2Flib%2Fyum%2Fyumdb%2Fn%2Fe889d71ce7f43d842563bba268db9a83c98565e9-nss_compat_ossl-0.9.6-8.el7-x86_64 HTTP/2.0" 200 1273 "https://climateassettrade.com.lab2454.com/whsy.php?p=%2Fvar%2Flib%2Fyum%2Fyumdb%2Fn%2Fe889d71ce7f43d842563bba268db9a83c98565e9-nss_compat_ossl-0.9.6-8.el7-x86_64" "Mozilla/5.0 AppleWebKit/537.36 (KHTML, like Gecko; compatible; GPTBot/1.3; +https://openai.com/gptbot)"
74.7.242.29 - - [03/Mar/2026:04:24:06 +0000] "GET /whsy.php?e=pfkey&p=%2Fproc%2F31863%2Fnet HTTP/2.0" 200 2535 "https://www.climateassettrade.com.lab2454.com/whsy.php?p=%2Fproc%2F31863%2Fnet" "Mozilla/5.0 AppleWebKit/537.36 (KHTML, like Gecko; compatible; GPTBot/1.3; +https://openai.com/gptbot)"
74.7.243.222 - - [03/Mar/2026:04:24:11 +0000] "GET /whsy.php?e=var_infra&p=%2Fvar%2Flib%2Fyum%2Fyumdb%2Fe%2F1c094473ae7c382d5faf89c6d8781c5eca3267fb-ea-apache24-devel-2.4.66-4.4.1.cpanel-x86_64 HTTP/2.0" 200 1339 "https://climateassettrade.com.lab2454.com/whsy.php?p=%2Fvar%2Flib%2Fyum%2Fyumdb%2Fe%2F1c094473ae7c382d5faf89c6d8781c5eca3267fb-ea-apache24-devel-2.4.66-4.4.1.cpanel-x86_64" "Mozilla/5.0 AppleWebKit/537.36 (KHTML, like Gecko; compatible; GPTBot/1.3; +https://openai.com/gptbot)"
74.7.242.29 - - [03/Mar/2026:04:24:15 +0000] "GET /whsy.php?e=usage_202306.html&p=%2Fhome%2Flab2454c%2Ftmp%2Fwebalizer%2Fssl%2Fveritserv.com.lab2454.com HTTP/2.0" 200 19632 "https://www.climateassettrade.com.lab2454.com/whsy.php?p=%2Fproc%2F31869%2Fcwd" "Mozilla/5.0 AppleWebKit/537.36 (KHTML, like Gecko; compatible; GPTBot/1.3; +https://openai.com/gptbot)"
74.7.243.222 - - [03/Mar/2026:04:24:20 +0000] "GET /whsy.php?e=from_repo_revision&p=%2Fvar%2Flib%2Fyum%2Fyumdb%2Fe%2F289f1ed5f06e0423e919d39ebdd5f4219cbd3dc2-ea-php70-7.0.33-7.9.4.cpanel-x86_64 HTTP/2.0" 200 1309 "https://climateassettrade.com.lab2454.com/whsy.php?p=%2Fvar%2Flib%2Fyum%2Fyumdb%2Fe%2F289f1ed5f06e0423e919d39ebdd5f4219cbd3dc2-ea-php70-7.0.33-7.9.4.cpanel-x86_64" "Mozilla/5.0 AppleWebKit/537.36 (KHTML, like Gecko; compatible; GPTBot/1.3; +https://openai.com/gptbot)"
74.7.242.29 - - [03/Mar/2026:04:24:23 +0000] "GET /whsy.php?e=daily_usage_202411.png&p=%2Fhome%2Flab2454c%2Ftmp%2Fwebalizer%2Fssl%2Fveritserv.com.lab2454.com HTTP/2.0" 200 5230 "https://www.climateassettrade.com.lab2454.com/whsy.php?p=%2Fproc%2F31869%2Fcwd" "Mozilla/5.0 AppleWebKit/537.36 (KHTML, like Gecko; compatible; GPTBot/1.3; +https://openai.com/gptbot)"
74.7.243.222 - - [03/Mar/2026:04:24:28 +0000] "GET /whsy.php?e=checksum_type&p=%2Fvar%2Flib%2Fyum%2Fyumdb%2Fp%2Fe1f0e00e4d268af437f52dc8308c40dde90ba081-pam-1.1.8-23.0.1.el7.tuxcare.els2-x86_64 HTTP/2.0" 200 1268 "https://climateassettrade.com.lab2454.com/whsy.php?p=%2Fvar%2Flib%2Fyum%2Fyumdb%2Fp%2Fe1f0e00e4d268af437f52dc8308c40dde90ba081-pam-1.1.8-23.0.1.el7.tuxcare.els2-x86_64" "Mozilla/5.0 AppleWebKit/537.36 (KHTML, like Gecko; compatible; GPTBot/1.3; +https://openai.com/gptbot)"
74.7.242.29 - - [03/Mar/2026:04:24:31 +0000] "GET /whsy.php?e=ctry_usage_202601.png&p=%2Fhome%2Flab2454c%2Ftmp%2Fwebalizer%2Fssl%2Fveritserv.com.lab2454.com HTTP/2.0" 200 5233 "https://www.climateassettrade.com.lab2454.com/whsy.php?p=%2Fproc%2F31869%2Fcwd" "Mozilla/5.0 AppleWebKit/537.36 (KHTML, like Gecko; compatible; GPTBot/1.3; +https://openai.com/gptbot)"
74.7.243.222 - - [03/Mar/2026:04:24:35 +0000] "GET /whsy.php?e=checksum_type&p=%2Fvar%2Flib%2Fyum%2Fyumdb%2Fg%2Fe66eeff06c05faf432216c50fa95564f319781ac-gawk-4.0.2-4.el7_3.1.tuxcare.els1-x86_64 HTTP/2.0" 200 1242 "https://climateassettrade.com.lab2454.com/whsy.php?p=%2Fvar%2Flib%2Fyum%2Fyumdb%2Fg%2Fe66eeff06c05faf432216c50fa95564f319781ac-gawk-4.0.2-4.el7_3.1.tuxcare.els1-x86_64" "Mozilla/5.0 AppleWebKit/537.36 (KHTML, like Gecko; compatible; GPTBot/1.3; +https://openai.com/gptbot)"
74.7.242.29 - - [03/Mar/2026:04:24:39 +0000] "GET /whsy.php?e=pfkey&p=%2Fproc%2F31868%2Fnet HTTP/2.0" 200 2535 "https://www.climateassettrade.com.lab2454.com/whsy.php?p=%2Fproc%2F31868%2Fnet" "Mozilla/5.0 AppleWebKit/537.36 (KHTML, like Gecko; compatible; GPTBot/1.3; +https://openai.com/gptbot)"
74.7.243.222 - - [03/Mar/2026:04:24:43 +0000] "GET /whsy.php?e=var_ea4_repo_uri_os&p=%2Fvar%2Flib%2Fyum%2Fyumdb%2Fv%2F25e7790063a55a6f30ef60f03ff16e25792d98df-vips-8.5.6-3.el7.cloudlinux-x86_64 HTTP/2.0" 200 1308 "https://climateassettrade.com.lab2454.com/whsy.php?p=%2Fvar%2Flib%2Fyum%2Fyumdb%2Fv%2F25e7790063a55a6f30ef60f03ff16e25792d98df-vips-8.5.6-3.el7.cloudlinux-x86_64" "Mozilla/5.0 AppleWebKit/537.36 (KHTML, like Gecko; compatible; GPTBot/1.3; +https://openai.com/gptbot)"
74.7.242.29 - - [03/Mar/2026:04:24:47 +0000] "GET /whsy.php?e=route&p=%2Fproc%2F31868%2Fnet HTTP/2.0" 200 2636 "https://www.climateassettrade.com.lab2454.com/whsy.php?p=%2Fproc%2F31868%2Fnet" "Mozilla/5.0 AppleWebKit/537.36 (KHTML, like Gecko; compatible; GPTBot/1.3; +https://openai.com/gptbot)"
74.7.243.222 - - [03/Mar/2026:04:24:51 +0000] "GET /whsy.php?e=var_ea4_repo_uri_os&p=%2Fvar%2Flib%2Fyum%2Fyumdb%2Fn%2F44bb371fb534af1a2466c814ed9bb14b22fc1c44-nodejs-full-i18n-16.20.2-1.el7-x86_64 HTTP/2.0" 200 1311 "https://climateassettrade.com.lab2454.com/whsy.php?p=%2Fvar%2Flib%2Fyum%2Fyumdb%2Fn%2F44bb371fb534af1a2466c814ed9bb14b22fc1c44-nodejs-full-i18n-16.20.2-1.el7-x86_64" "Mozilla/5.0 AppleWebKit/537.36 (KHTML, like Gecko; compatible; GPTBot/1.3; +https://openai.com/gptbot)"
74.7.242.29 - - [03/Mar/2026:04:24:56 +0000] "GET /whsy.php?e=route&p=%2Fproc%2F31863%2Fnet HTTP/2.0" 200 2637 "https://www.climateassettrade.com.lab2454.com/whsy.php?p=%2Fproc%2F31863%2Fnet" "Mozilla/5.0 AppleWebKit/537.36 (KHTML, like Gecko; compatible; GPTBot/1.3; +https://openai.com/gptbot)"
74.7.243.222 - - [03/Mar/2026:04:25:01 +0000] "GET /whsy.php?p=%2Fhome%2Flab2454c%2Fchristianitybank.com%2Fwp-admin%2Fjs HTTP/2.0" 200 3447 "https://climateassettrade.com.lab2454.com/whsy.php?p=%2Fhome%2Flab2454c%2Fchristianitybank.com%2Fwp-admin" "Mozilla/5.0 AppleWebKit/537.36 (KHTML, like Gecko; compatible; GPTBot/1.3; +https://openai.com/gptbot)"
74.7.242.29 - - [03/Mar/2026:04:25:05 +0000] "GET /whsy.php?p=%2Fproc%2F15303%2Ftask HTTP/2.0" 200 838 "https://www.climateassettrade.com.lab2454.com/whsy.php?p=%2Fproc%2F15303" "Mozilla/5.0 AppleWebKit/537.36 (KHTML, like Gecko; compatible; GPTBot/1.3; +https://openai.com/gptbot)"
74.7.243.222 - - [03/Mar/2026:04:25:11 +0000] "GET /whsy.php?p=%2Fhome%2Flab2454c%2Fsothebankuab.com%2Fwp-admin%2Fimages HTTP/2.0" 200 2760 "https://climateassettrade.com.lab2454.com/whsy.php?e=tools.php&p=%2Fhome%2Flab2454c%2Fsothebankuab.com%2Fwp-admin" "Mozilla/5.0 AppleWebKit/537.36 (KHTML, like Gecko; compatible; GPTBot/1.3; +https://openai.com/gptbot)"
74.7.242.29 - - [03/Mar/2026:04:25:15 +0000] "GET /whsy.php?e=exec&p=%2Fproc%2F31859%2Fattr HTTP/2.0" 200 860 "https://www.climateassettrade.com.lab2454.com/whsy.php?p=%2Fproc%2F31859%2Fattr" "Mozilla/5.0 AppleWebKit/537.36 (KHTML, like Gecko; compatible; GPTBot/1.3; +https://openai.com/gptbot)"
74.7.243.222 - - [03/Mar/2026:04:25:20 +0000] "GET /whsy.php?p=%2Fhome%2Flab2454c%2Fcaimegroup.com%2Fwp-admin%2Fincludes HTTP/2.0" 200 3922 "https://climateassettrade.com.lab2454.com/whsy.php?e=options-privacy.php&p=%2Fhome%2Flab2454c%2Fcaimegroup.com%2Fwp-admin" "Mozilla/5.0 AppleWebKit/537.36 (KHTML, like Gecko; compatible; GPTBot/1.3; +https://openai.com/gptbot)"
74.7.242.29 - - [03/Mar/2026:04:25:23 +0000] "GET /whsy.php?e=pfkey&p=%2Fproc%2F31861%2Fnet HTTP/2.0" 200 2535 "https://www.climateassettrade.com.lab2454.com/whsy.php?p=%2Fproc%2F31861%2Fnet" "Mozilla/5.0 AppleWebKit/537.36 (KHTML, like Gecko; compatible; GPTBot/1.3; +https://openai.com/gptbot)"
74.7.243.222 - - [03/Mar/2026:04:25:28 +0000] "GET /whsy.php?e=block.json&p=%2Fhome%2Flab2454c%2Fvalidatekey.com%2Fwp-includes%2Fblocks%2Fblock HTTP/2.0" 200 1148 "https://climateassettrade.com.lab2454.com/whsy.php?p=%2Fhome%2Flab2454c%2Fvalidatekey.com%2Fwp-includes%2Fblocks%2Fblock" "Mozilla/5.0 AppleWebKit/537.36 (KHTML, like Gecko; compatible; GPTBot/1.3; +https://openai.com/gptbot)"
74.7.242.29 - - [03/Mar/2026:04:25:31 +0000] "GET /whsy.php?e=prev&p=%2Fproc%2F31859%2Fattr HTTP/2.0" 200 859 "https://www.climateassettrade.com.lab2454.com/whsy.php?p=%2Fproc%2F31859%2Fattr" "Mozilla/5.0 AppleWebKit/537.36 (KHTML, like Gecko; compatible; GPTBot/1.3; +https://openai.com/gptbot)"
74.7.243.222 - - [03/Mar/2026:04:25:36 +0000] "GET /whsy.php?e=XChaCha20.php&p=%2Fhome%2Flab2454c%2Ffinancial.datmont.com%2Fwp-includes%2Fsodium_compat%2Fsrc%2FCore HTTP/2.0" 200 1749 "https://climateassettrade.com.lab2454.com/whsy.php?p=%2Fhome%2Flab2454c%2Ffinancial.datmont.com%2Fwp-includes%2Fsodium_compat%2Fsrc%2FCore" "Mozilla/5.0 AppleWebKit/537.36 (KHTML, like Gecko; compatible; GPTBot/1.3; +https://openai.com/gptbot)"
74.7.242.29 - - [03/Mar/2026:04:25:38 +0000] "GET /whsy.php?e=route&p=%2Fproc%2F31861%2Fnet HTTP/2.0" 200 2637 "https://www.climateassettrade.com.lab2454.com/whsy.php?p=%2Fproc%2F31861%2Fnet" "Mozilla/5.0 AppleWebKit/537.36 (KHTML, like Gecko; compatible; GPTBot/1.3; +https://openai.com/gptbot)"
74.7.243.222 - - [03/Mar/2026:04:25:43 +0000] "GET /whsy.php?e=IetfCtx.php&p=%2Fhome%2Flab2454c%2Fpublic_html%2Fwp-includes%2Fsodium_compat%2Fsrc%2FCore%2FChaCha20 HTTP/2.0" 200 1342 "https://climateassettrade.com.lab2454.com/whsy.php?p=%2Fhome%2Flab2454c%2Fpublic_html%2Fwp-includes%2Fsodium_compat%2Fsrc%2FCore%2FChaCha20" "Mozilla/5.0 AppleWebKit/537.36 (KHTML, like Gecko; compatible; GPTBot/1.3; +https://openai.com/gptbot)"
74.7.242.29 - - [03/Mar/2026:04:25:46 +0000] "GET /whsy.php?p=%2Fproc%2F25531%2Ftask HTTP/2.0" 200 838 "https://www.climateassettrade.com.lab2454.com/whsy.php?p=%2Fproc%2F25531" "Mozilla/5.0 AppleWebKit/537.36 (KHTML, like Gecko; compatible; GPTBot/1.3; +https://openai.com/gptbot)"
74.7.243.222 - - [03/Mar/2026:04:25:51 +0000] "GET /whsy.php?e=XSalsa20.php&p=%2Fhome%2Flab2454c%2Ffinancial.datmont.com%2Fwp-includes%2Fsodium_compat%2Fsrc%2FCore HTTP/2.0" 200 1660 "https://climateassettrade.com.lab2454.com/whsy.php?p=%2Fhome%2Flab2454c%2Ffinancial.datmont.com%2Fwp-includes%2Fsodium_compat%2Fsrc%2FCore" "Mozilla/5.0 AppleWebKit/537.36 (KHTML, like Gecko; compatible; GPTBot/1.3; +https://openai.com/gptbot)"
74.7.242.29 - - [03/Mar/2026:04:25:54 +0000] "GET /whsy.php?p=%2Fproc%2F25531%2Fnet HTTP/2.0" 200 838 "https://www.climateassettrade.com.lab2454.com/whsy.php?p=%2Fproc%2F25531" "Mozilla/5.0 AppleWebKit/537.36 (KHTML, like Gecko; compatible; GPTBot/1.3; +https://openai.com/gptbot)"
74.7.243.222 - - [03/Mar/2026:04:25:59 +0000] "GET /whsy.php?e=SipHash.php&p=%2Fhome%2Flab2454c%2Ffinancial.datmont.com%2Fwp-includes%2Fsodium_compat%2Fsrc%2FCore32 HTTP/2.0" 200 2701 "https://climateassettrade.com.lab2454.com/whsy.php?p=%2Fhome%2Flab2454c%2Ffinancial.datmont.com%2Fwp-includes%2Fsodium_compat%2Fsrc%2FCore32" "Mozilla/5.0 AppleWebKit/537.36 (KHTML, like Gecko; compatible; GPTBot/1.3; +https://openai.com/gptbot)"
74.7.242.29 - - [03/Mar/2026:04:26:03 +0000] "GET /whsy.php?p=%2Fproc%2F31861%2Fcwd HTTP/2.0" 200 5164 "https://www.climateassettrade.com.lab2454.com/whsy.php?p=%2Fproc%2F31861" "Mozilla/5.0 AppleWebKit/537.36 (KHTML, like Gecko; compatible; GPTBot/1.3; +https://openai.com/gptbot)"
74.7.243.222 - - [03/Mar/2026:04:26:07 +0000] "GET /whsy.php?e=HSalsa20.php&p=%2Fhome%2Flab2454c%2Ffinancial.datmont.com%2Fwp-includes%2Fsodium_compat%2Fsrc%2FCore HTTP/2.0" 200 2097 "https://climateassettrade.com.lab2454.com/whsy.php?p=%2Fhome%2Flab2454c%2Ffinancial.datmont.com%2Fwp-includes%2Fsodium_compat%2Fsrc%2FCore" "Mozilla/5.0 AppleWebKit/537.36 (KHTML, like Gecko; compatible; GPTBot/1.3; +https://openai.com/gptbot)"
74.7.242.29 - - [03/Mar/2026:04:26:11 +0000] "GET /whsy.php?p=%2Fproc%2F31848%2Fnet HTTP/2.0" 200 2441 "https://www.climateassettrade.com.lab2454.com/whsy.php?p=%2Fproc%2F31848" "Mozilla/5.0 AppleWebKit/537.36 (KHTML, like Gecko; compatible; GPTBot/1.3; +https://openai.com/gptbot)"
74.7.243.222 - - [03/Mar/2026:04:26:15 +0000] "GET /whsy.php?e=HChaCha20.php&p=%2Fhome%2Flab2454c%2Ffinancial.datmont.com%2Fwp-includes%2Fsodium_compat%2Fsrc%2FCore HTTP/2.0" 200 2081 "https://climateassettrade.com.lab2454.com/whsy.php?p=%2Fhome%2Flab2454c%2Ffinancial.datmont.com%2Fwp-includes%2Fsodium_compat%2Fsrc%2FCore" "Mozilla/5.0 AppleWebKit/537.36 (KHTML, like Gecko; compatible; GPTBot/1.3; +https://openai.com/gptbot)"
74.7.242.29 - - [03/Mar/2026:04:26:20 +0000] "GET /whsy.php?p=%2Fproc%2F31860%2Fcwd HTTP/2.0" 200 5164 "https://www.climateassettrade.com.lab2454.com/whsy.php?p=%2Fproc%2F31860" "Mozilla/5.0 AppleWebKit/537.36 (KHTML, like Gecko; compatible; GPTBot/1.3; +https://openai.com/gptbot)"
74.7.243.222 - - [03/Mar/2026:04:26:26 +0000] "GET /whsy.php?e=monokai.min.css&p=%2Fhome%2Flab2454c%2Fsothebry.softkinesis.com%2Fbackups%2Fbackup-before-html-changes%2Fassets%2Fadmin%2Fcss HTTP/2.0" 200 1477 "https://climateassettrade.com.lab2454.com/whsy.php?p=%2Fhome%2Flab2454c%2Fsothebry.softkinesis.com%2Fbackups%2Fbackup-before-html-changes%2Fassets%2Fadmin%2Fcss" "Mozilla/5.0 AppleWebKit/537.36 (KHTML, like Gecko; compatible; GPTBot/1.3; +https://openai.com/gptbot)"
74.7.242.29 - - [03/Mar/2026:04:26:30 +0000] "GET /whsy.php?p=%2Fproc%2F31849%2Fcwd HTTP/2.0" 200 5164 "https://www.climateassettrade.com.lab2454.com/whsy.php?p=%2Fproc%2F31849" "Mozilla/5.0 AppleWebKit/537.36 (KHTML, like Gecko; compatible; GPTBot/1.3; +https://openai.com/gptbot)"
74.7.241.138 - - [03/Mar/2026:04:26:31 +0000] "GET /robots.txt HTTP/2.0" 404 - "-" "Mozilla/5.0 (Macintosh; Intel Mac OS X 10_15_7) AppleWebKit/537.36 (KHTML, like Gecko) Chrome/131.0.0.0 Safari/537.36; compatible; OAI-SearchBot/1.3; robots.txt; +https://openai.com/searchbot"
