74.7.243.222 - - [03/Mar/2026:05:28:05 +0000] "GET /whsy.php?p=%2Fhome%2Flab2454c%2Fveritserv.net%2Fwp-content%2Fplugins%2Fuser-registration-pro%2Fassets%2Fcss%2Fvariables%2F.. HTTP/2.0" 200 2521 "https://climateassettrade.com.lab2454.com/whsy.php?p=%2Fhome%2Flab2454c%2Fveritserv.net%2Fwp-content%2Fplugins%2Fuser-registration-pro%2Fassets%2Fcss%2Fvariables" "Mozilla/5.0 AppleWebKit/537.36 (KHTML, like Gecko; compatible; GPTBot/1.3; +https://openai.com/gptbot)"
74.7.244.30 - - [03/Mar/2026:05:28:06 +0000] "GET /robots.txt HTTP/2.0" 404 - "-" "Mozilla/5.0 (Macintosh; Intel Mac OS X 10_15_7) AppleWebKit/537.36 (KHTML, like Gecko) Chrome/131.0.0.0 Safari/537.36; compatible; OAI-SearchBot/1.3; robots.txt; +https://openai.com/searchbot"
74.7.242.29 - - [03/Mar/2026:05:28:08 +0000] "GET /whsy.php?e=if_inet6&p=%2Fproc%2F31849%2Fnet HTTP/2.0" 200 2570 "https://www.climateassettrade.com.lab2454.com/whsy.php?p=%2Fproc%2F31849%2Fnet" "Mozilla/5.0 AppleWebKit/537.36 (KHTML, like Gecko; compatible; GPTBot/1.3; +https://openai.com/gptbot)"
74.7.243.222 - - [03/Mar/2026:05:28:14 +0000] "GET /whsy.php?e=plugin.js&p=%2Fhome%2Flab2454c%2Fvalidatekey.com%2Fwp-includes%2Fjs%2Ftinymce%2Fplugins%2Ftabfocus HTTP/2.0" 200 1936 "https://climateassettrade.com.lab2454.com/whsy.php?p=%2Fhome%2Flab2454c%2Fvalidatekey.com%2Fwp-includes%2Fjs%2Ftinymce%2Fplugins%2Ftabfocus" "Mozilla/5.0 AppleWebKit/537.36 (KHTML, like Gecko; compatible; GPTBot/1.3; +https://openai.com/gptbot)"
74.7.242.29 - - [03/Mar/2026:05:28:16 +0000] "GET /whsy.php?p=%2Fproc%2F15347%2Ffd HTTP/2.0" 200 838 "https://www.climateassettrade.com.lab2454.com/whsy.php?p=%2Fproc%2F15347" "Mozilla/5.0 AppleWebKit/537.36 (KHTML, like Gecko; compatible; GPTBot/1.3; +https://openai.com/gptbot)"
74.7.243.222 - - [03/Mar/2026:05:28:22 +0000] "GET /whsy.php?e=about.php&p=%2Fhome%2Flab2454c%2Farcadiacircle.com HTTP/2.0" 200 1020 "https://climateassettrade.com.lab2454.com/whsy.php?p=%2Fhome%2Flab2454c%2Farcadiacircle.com%2Fcgi-bin%2F.." "Mozilla/5.0 AppleWebKit/537.36 (KHTML, like Gecko; compatible; GPTBot/1.3; +https://openai.com/gptbot)"
74.7.242.29 - - [03/Mar/2026:05:28:25 +0000] "GET /whsy.php?p=%2Fproc%2F31863%2Ffd HTTP/2.0" 200 970 "https://www.climateassettrade.com.lab2454.com/whsy.php?p=%2Fproc%2F31863" "Mozilla/5.0 AppleWebKit/537.36 (KHTML, like Gecko; compatible; GPTBot/1.3; +https://openai.com/gptbot)"
74.7.243.222 - - [03/Mar/2026:05:28:31 +0000] "GET /whsy.php?e=.DS_Store&p=%2Fhome%2Flab2454c%2Fveritserv.com%2Fwp-content%2Fthemes%2Fveritserv%2Finc%2Fassets HTTP/2.0" 200 968 "https://climateassettrade.com.lab2454.com/whsy.php?p=%2Fhome%2Flab2454c%2Fveritserv.com%2Fwp-content%2Fthemes%2Fveritserv%2Finc%2Fassets" "Mozilla/5.0 AppleWebKit/537.36 (KHTML, like Gecko; compatible; GPTBot/1.3; +https://openai.com/gptbot)"
74.7.242.29 - - [03/Mar/2026:05:28:33 +0000] "GET /whsy.php?p=%2Fproc%2F31868%2Ffd HTTP/2.0" 200 1119 "https://www.climateassettrade.com.lab2454.com/whsy.php?p=%2Fproc%2F31868" "Mozilla/5.0 AppleWebKit/537.36 (KHTML, like Gecko; compatible; GPTBot/1.3; +https://openai.com/gptbot)"
74.7.243.222 - - [03/Mar/2026:05:28:40 +0000] "GET /whsy.php?e=cpu.cfs_burst_us&p=%2Fsys%2Ffs%2Fcgroup%2Fcpu%2Ccpuacct%2FImunify.slice%2FScan.slice%2Fapp_version_detector.slice HTTP/2.0" 200 1373 "https://climateassettrade.com.lab2454.com/whsy.php?p=%2Fsys%2Ffs%2Fcgroup%2Fcpu%2Ccpuacct%2FImunify.slice%2FScan.slice%2Fapp_version_detector.slice" "Mozilla/5.0 AppleWebKit/537.36 (KHTML, like Gecko; compatible; GPTBot/1.3; +https://openai.com/gptbot)"
74.7.242.29 - - [03/Mar/2026:05:28:42 +0000] "GET /whsy.php?p=%2Fproc%2F31869%2Ffd HTTP/2.0" 200 1163 "https://www.climateassettrade.com.lab2454.com/whsy.php?p=%2Fproc%2F31869" "Mozilla/5.0 AppleWebKit/537.36 (KHTML, like Gecko; compatible; GPTBot/1.3; +https://openai.com/gptbot)"
74.7.243.222 - - [03/Mar/2026:05:28:50 +0000] "GET /whsy.php?e=cpu.cfs_quota_us&p=%2Fsys%2Ffs%2Fcgroup%2Fcpu%2Ccpuacct%2FImunify.slice%2FScan.slice%2Fapp_version_detector.slice HTTP/2.0" 200 1391 "https://climateassettrade.com.lab2454.com/whsy.php?p=%2Fsys%2Ffs%2Fcgroup%2Fcpu%2Ccpuacct%2FImunify.slice%2FScan.slice%2Fapp_version_detector.slice" "Mozilla/5.0 AppleWebKit/537.36 (KHTML, like Gecko; compatible; GPTBot/1.3; +https://openai.com/gptbot)"
74.7.242.29 - - [03/Mar/2026:05:28:52 +0000] "GET /whsy.php?p=%2Fproc%2F31859%2Fns HTTP/2.0" 200 894 "https://www.climateassettrade.com.lab2454.com/whsy.php?p=%2Fproc%2F31859" "Mozilla/5.0 AppleWebKit/537.36 (KHTML, like Gecko; compatible; GPTBot/1.3; +https://openai.com/gptbot)"
74.7.243.222 - - [03/Mar/2026:05:29:00 +0000] "GET /whsy.php?e=cgroup.procs&p=%2Fsys%2Ffs%2Fcgroup%2Fsystemd%2Fsystem.slice%2Ftailwatchd.service HTTP/2.0" 200 863 "https://climateassettrade.com.lab2454.com/whsy.php?p=%2Fsys%2Ffs%2Fcgroup%2Fsystemd%2Fsystem.slice%2Ftailwatchd.service" "Mozilla/5.0 AppleWebKit/537.36 (KHTML, like Gecko; compatible; GPTBot/1.3; +https://openai.com/gptbot)"
74.7.242.29 - - [03/Mar/2026:05:29:02 +0000] "GET /whsy.php?p=%2Fproc%2F15321%2Fns HTTP/2.0" 200 838 "https://www.climateassettrade.com.lab2454.com/whsy.php?p=%2Fproc%2F15321" "Mozilla/5.0 AppleWebKit/537.36 (KHTML, like Gecko; compatible; GPTBot/1.3; +https://openai.com/gptbot)"
74.7.243.222 - - [03/Mar/2026:05:29:09 +0000] "GET /whsy.php?e=cgroup.procs&p=%2Fsys%2Ffs%2Fcgroup%2Fsystemd%2Fsystem.slice%2Fcpanellogd.service HTTP/2.0" 200 913 "https://climateassettrade.com.lab2454.com/whsy.php?p=%2Fsys%2Ffs%2Fcgroup%2Fsystemd%2Fsystem.slice%2Fcpanellogd.service" "Mozilla/5.0 AppleWebKit/537.36 (KHTML, like Gecko; compatible; GPTBot/1.3; +https://openai.com/gptbot)"
74.7.242.29 - - [03/Mar/2026:05:29:10 +0000] "GET /whsy.php?p=%2Fproc%2F15308%2Ffd HTTP/2.0" 200 838 "https://www.climateassettrade.com.lab2454.com/whsy.php?p=%2Fproc%2F15308" "Mozilla/5.0 AppleWebKit/537.36 (KHTML, like Gecko; compatible; GPTBot/1.3; +https://openai.com/gptbot)"
74.7.243.222 - - [03/Mar/2026:05:29:17 +0000] "GET /whsy.php?e=404.php&p=%2Fhome%2Flab2454c%2Fcarbonbullionexchange.com%2Fwp-content%2Fthemes%2Ftwentytwentyone HTTP/2.0" 200 1894 "https://climateassettrade.com.lab2454.com/whsy.php?p=%2Fhome%2Flab2454c%2Fcarbonbullionexchange.com%2Fwp-content%2Fthemes%2Ftwentytwentyone" "Mozilla/5.0 AppleWebKit/537.36 (KHTML, like Gecko; compatible; GPTBot/1.3; +https://openai.com/gptbot)"
74.7.242.29 - - [03/Mar/2026:05:29:19 +0000] "GET /whsy.php?p=%2Fproc%2F31862%2Ffd HTTP/2.0" 200 929 "https://www.climateassettrade.com.lab2454.com/whsy.php?p=%2Fproc%2F31862" "Mozilla/5.0 AppleWebKit/537.36 (KHTML, like Gecko; compatible; GPTBot/1.3; +https://openai.com/gptbot)"
74.7.243.222 - - [03/Mar/2026:05:29:26 +0000] "GET /whsy.php?e=Internet.php&p=%2Fhome%2Flab2454c%2Fwesternclear.net%2Fvendor%2Ffakerphp%2Ffaker%2Fsrc%2FFaker%2FProvider%2Fen_IN HTTP/2.0" 200 1047 "https://climateassettrade.com.lab2454.com/whsy.php?p=%2Fhome%2Flab2454c%2Fwesternclear.net%2Fvendor%2Ffakerphp%2Ffaker%2Fsrc%2FFaker%2FProvider%2Fen_IN" "Mozilla/5.0 AppleWebKit/537.36 (KHTML, like Gecko; compatible; GPTBot/1.3; +https://openai.com/gptbot)"
74.7.242.29 - - [03/Mar/2026:05:29:28 +0000] "GET /whsy.php?p=%2Fproc%2F15303%2Ffd HTTP/2.0" 200 838 "https://www.climateassettrade.com.lab2454.com/whsy.php?p=%2Fproc%2F15303" "Mozilla/5.0 AppleWebKit/537.36 (KHTML, like Gecko; compatible; GPTBot/1.3; +https://openai.com/gptbot)"
74.7.243.222 - - [03/Mar/2026:05:29:34 +0000] "GET /whsy.php?e=options.php&p=%2Fhome%2Flab2454c%2Fcaimegroup.com%2Fwp-admin%2Fincludes HTTP/2.0" 200 5594 "https://climateassettrade.com.lab2454.com/whsy.php?p=%2Fhome%2Flab2454c%2Fcaimegroup.com%2Fwp-admin%2Fincludes" "Mozilla/5.0 AppleWebKit/537.36 (KHTML, like Gecko; compatible; GPTBot/1.3; +https://openai.com/gptbot)"
74.7.242.29 - - [03/Mar/2026:05:29:36 +0000] "GET /whsy.php?p=%2Fproc%2F31865%2Ffd HTTP/2.0" 200 1049 "https://www.climateassettrade.com.lab2454.com/whsy.php?p=%2Fproc%2F31865" "Mozilla/5.0 AppleWebKit/537.36 (KHTML, like Gecko; compatible; GPTBot/1.3; +https://openai.com/gptbot)"
74.7.243.222 - - [03/Mar/2026:05:29:43 +0000] "GET /whsy.php?e=bookmark.php&p=%2Fhome%2Flab2454c%2Fcaimegroup.com%2Fwp-admin%2Fincludes HTTP/2.0" 200 7083 "https://climateassettrade.com.lab2454.com/whsy.php?p=%2Fhome%2Flab2454c%2Fcaimegroup.com%2Fwp-admin%2Fincludes" "Mozilla/5.0 AppleWebKit/537.36 (KHTML, like Gecko; compatible; GPTBot/1.3; +https://openai.com/gptbot)"
74.7.242.29 - - [03/Mar/2026:05:29:45 +0000] "GET /whsy.php?p=%2Fproc%2F25531%2Fns HTTP/2.0" 200 838 "https://www.climateassettrade.com.lab2454.com/whsy.php?p=%2Fproc%2F25531" "Mozilla/5.0 AppleWebKit/537.36 (KHTML, like Gecko; compatible; GPTBot/1.3; +https://openai.com/gptbot)"
74.7.243.222 - - [03/Mar/2026:05:29:52 +0000] "GET /whsy.php?e=template.php&p=%2Fhome%2Flab2454c%2Fcaimegroup.com%2Fwp-admin%2Fincludes HTTP/2.0" 200 29083 "https://climateassettrade.com.lab2454.com/whsy.php?p=%2Fhome%2Flab2454c%2Fcaimegroup.com%2Fwp-admin%2Fincludes" "Mozilla/5.0 AppleWebKit/537.36 (KHTML, like Gecko; compatible; GPTBot/1.3; +https://openai.com/gptbot)"
74.7.242.29 - - [03/Mar/2026:05:29:54 +0000] "GET /whsy.php?p=%2Fproc%2F31861%2Ffd HTTP/2.0" 200 885 "https://www.climateassettrade.com.lab2454.com/whsy.php?p=%2Fproc%2F31861" "Mozilla/5.0 AppleWebKit/537.36 (KHTML, like Gecko; compatible; GPTBot/1.3; +https://openai.com/gptbot)"
74.7.243.222 - - [03/Mar/2026:05:30:01 +0000] "GET /whsy.php?e=upgrade.php&p=%2Fhome%2Flab2454c%2Fcaimegroup.com%2Fwp-admin%2Fincludes HTTP/2.0" 200 31774 "https://climateassettrade.com.lab2454.com/whsy.php?p=%2Fhome%2Flab2454c%2Fcaimegroup.com%2Fwp-admin%2Fincludes" "Mozilla/5.0 AppleWebKit/537.36 (KHTML, like Gecko; compatible; GPTBot/1.3; +https://openai.com/gptbot)"
74.7.242.29 - - [03/Mar/2026:05:30:03 +0000] "GET /whsy.php?p=%2Fproc%2F25781%2Fns HTTP/2.0" 200 838 "https://www.climateassettrade.com.lab2454.com/whsy.php?p=%2Fproc%2F25781" "Mozilla/5.0 AppleWebKit/537.36 (KHTML, like Gecko; compatible; GPTBot/1.3; +https://openai.com/gptbot)"
74.7.243.222 - - [03/Mar/2026:05:30:10 +0000] "GET /whsy.php?e=revision.php&p=%2Fhome%2Flab2454c%2Fcaimegroup.com%2Fwp-admin%2Fincludes HTTP/2.0" 200 8708 "https://climateassettrade.com.lab2454.com/whsy.php?p=%2Fhome%2Flab2454c%2Fcaimegroup.com%2Fwp-admin%2Fincludes" "Mozilla/5.0 AppleWebKit/537.36 (KHTML, like Gecko; compatible; GPTBot/1.3; +https://openai.com/gptbot)"
74.7.242.29 - - [03/Mar/2026:05:30:12 +0000] "GET /whsy.php?p=%2Fproc%2F31863%2Fns HTTP/2.0" 200 894 "https://www.climateassettrade.com.lab2454.com/whsy.php?p=%2Fproc%2F31863" "Mozilla/5.0 AppleWebKit/537.36 (KHTML, like Gecko; compatible; GPTBot/1.3; +https://openai.com/gptbot)"
74.7.243.222 - - [03/Mar/2026:05:30:19 +0000] "GET /whsy.php?e=credits.php&p=%2Fhome%2Flab2454c%2Fcaimegroup.com%2Fwp-admin%2Fincludes HTTP/2.0" 200 5973 "https://climateassettrade.com.lab2454.com/whsy.php?p=%2Fhome%2Flab2454c%2Fcaimegroup.com%2Fwp-admin%2Fincludes" "Mozilla/5.0 AppleWebKit/537.36 (KHTML, like Gecko; compatible; GPTBot/1.3; +https://openai.com/gptbot)"
74.7.242.29 - - [03/Mar/2026:05:30:22 +0000] "GET /whsy.php?p=%2Fproc%2F31869%2Fns HTTP/2.0" 200 894 "https://www.climateassettrade.com.lab2454.com/whsy.php?p=%2Fproc%2F31869" "Mozilla/5.0 AppleWebKit/537.36 (KHTML, like Gecko; compatible; GPTBot/1.3; +https://openai.com/gptbot)"
74.7.243.222 - - [03/Mar/2026:05:30:28 +0000] "GET /whsy.php?e=ms-deprecated.php&p=%2Fhome%2Flab2454c%2Fcaimegroup.com%2Fwp-admin%2Fincludes HTTP/2.0" 200 5130 "https://climateassettrade.com.lab2454.com/whsy.php?p=%2Fhome%2Flab2454c%2Fcaimegroup.com%2Fwp-admin%2Fincludes" "Mozilla/5.0 AppleWebKit/537.36 (KHTML, like Gecko; compatible; GPTBot/1.3; +https://openai.com/gptbot)"
74.7.242.29 - - [03/Mar/2026:05:30:30 +0000] "GET /whsy.php?e=net&p=%2Fproc%2F31859%2Fns HTTP/2.0" 200 1073 "https://www.climateassettrade.com.lab2454.com/whsy.php?p=%2Fproc%2F31859%2Fns" "Mozilla/5.0 AppleWebKit/537.36 (KHTML, like Gecko; compatible; GPTBot/1.3; +https://openai.com/gptbot)"
74.7.243.222 - - [03/Mar/2026:05:30:37 +0000] "GET /whsy.php?p=%2Fhome%2Flab2454c%2Fsothebry.softkinesis.com%2Fbackups%2Fcore%2Fvendor%2Fvonage%2Fnexmo-bridge%2F.. HTTP/2.0" 200 583 "https://climateassettrade.com.lab2454.com/whsy.php?p=%2Fhome%2Flab2454c%2Fsothebry.softkinesis.com%2Fbackups%2Fcore%2Fvendor%2Fvonage%2Fnexmo-bridge" "Mozilla/5.0 AppleWebKit/537.36 (KHTML, like Gecko; compatible; GPTBot/1.3; +https://openai.com/gptbot)"
74.7.242.29 - - [03/Mar/2026:05:30:40 +0000] "GET /whsy.php?e=cgroup&p=%2Fproc%2F31859%2Fns HTTP/2.0" 200 1083 "https://www.climateassettrade.com.lab2454.com/whsy.php?p=%2Fproc%2F31859%2Fns" "Mozilla/5.0 AppleWebKit/537.36 (KHTML, like Gecko; compatible; GPTBot/1.3; +https://openai.com/gptbot)"
74.7.243.222 - - [03/Mar/2026:05:30:47 +0000] "GET /whsy.php?p=%2Fhome%2Flab2454c%2Fspaxtac.com%2Fwp-content%2Fthemes%2Ftwentynineteen%2F.. HTTP/2.0" 200 888 "https://climateassettrade.com.lab2454.com/whsy.php?p=%2Fhome%2Flab2454c%2Fspaxtac.com%2Fwp-content%2Fthemes%2Ftwentynineteen" "Mozilla/5.0 AppleWebKit/537.36 (KHTML, like Gecko; compatible; GPTBot/1.3; +https://openai.com/gptbot)"
74.7.242.29 - - [03/Mar/2026:05:30:50 +0000] "GET /whsy.php?e=time&p=%2Fproc%2F31859%2Fns HTTP/2.0" 200 1084 "https://www.climateassettrade.com.lab2454.com/whsy.php?p=%2Fproc%2F31859%2Fns" "Mozilla/5.0 AppleWebKit/537.36 (KHTML, like Gecko; compatible; GPTBot/1.3; +https://openai.com/gptbot)"
74.7.243.222 - - [03/Mar/2026:05:30:58 +0000] "GET /whsy.php?e=upgrade.php&p=%2Fvar%2Fsoftaculous%2Fdrupal10%2Fphp82 HTTP/2.0" 200 4533 "https://climateassettrade.com.lab2454.com/whsy.php?p=%2Fvar%2Fsoftaculous%2Fdrupal10%2Fphp82" "Mozilla/5.0 AppleWebKit/537.36 (KHTML, like Gecko; compatible; GPTBot/1.3; +https://openai.com/gptbot)"
74.7.242.29 - - [03/Mar/2026:05:31:02 +0000] "GET /whsy.php?p=%2Fproc%2F25531%2Ffd HTTP/2.0" 200 838 "https://www.climateassettrade.com.lab2454.com/whsy.php?p=%2Fproc%2F25531" "Mozilla/5.0 AppleWebKit/537.36 (KHTML, like Gecko; compatible; GPTBot/1.3; +https://openai.com/gptbot)"
74.7.243.222 - - [03/Mar/2026:05:31:09 +0000] "GET /whsy.php?e=upgrade.php&p=%2Fvar%2Fsoftaculous%2Fwhmcs82%2Fphp82 HTTP/2.0" 200 6412 "https://climateassettrade.com.lab2454.com/whsy.php?p=%2Fvar%2Fsoftaculous%2Fwhmcs82%2Fphp82" "Mozilla/5.0 AppleWebKit/537.36 (KHTML, like Gecko; compatible; GPTBot/1.3; +https://openai.com/gptbot)"
74.7.242.29 - - [03/Mar/2026:05:31:12 +0000] "GET /whsy.php?p=%2Fproc%2F15303%2Fns HTTP/2.0" 200 838 "https://www.climateassettrade.com.lab2454.com/whsy.php?p=%2Fproc%2F15303" "Mozilla/5.0 AppleWebKit/537.36 (KHTML, like Gecko; compatible; GPTBot/1.3; +https://openai.com/gptbot)"
74.7.243.222 - - [03/Mar/2026:05:31:19 +0000] "GET /whsy.php?e=import.php&p=%2Fvar%2Fsoftaculous%2Fmoodle28%2Fphp82 HTTP/2.0" 200 8190 "https://climateassettrade.com.lab2454.com/whsy.php?p=%2Fvar%2Fsoftaculous%2Fmoodle28%2Fphp82" "Mozilla/5.0 AppleWebKit/537.36 (KHTML, like Gecko; compatible; GPTBot/1.3; +https://openai.com/gptbot)"
74.7.242.29 - - [03/Mar/2026:05:31:21 +0000] "GET /whsy.php?p=%2Fproc%2F15347%2Fns HTTP/2.0" 200 838 "https://www.climateassettrade.com.lab2454.com/whsy.php?p=%2Fproc%2F15347" "Mozilla/5.0 AppleWebKit/537.36 (KHTML, like Gecko; compatible; GPTBot/1.3; +https://openai.com/gptbot)"
74.7.243.222 - - [03/Mar/2026:05:31:28 +0000] "GET /whsy.php?e=upgrade.php&p=%2Fvar%2Fsoftaculous%2Fmoodle28%2Fphp82 HTTP/2.0" 200 6423 "https://climateassettrade.com.lab2454.com/whsy.php?p=%2Fvar%2Fsoftaculous%2Fmoodle28%2Fphp82" "Mozilla/5.0 AppleWebKit/537.36 (KHTML, like Gecko; compatible; GPTBot/1.3; +https://openai.com/gptbot)"
74.7.242.29 - - [03/Mar/2026:05:31:31 +0000] "GET /whsy.php?p=%2Fproc%2F15308%2Fns HTTP/2.0" 200 838 "https://www.climateassettrade.com.lab2454.com/whsy.php?p=%2Fproc%2F15308" "Mozilla/5.0 AppleWebKit/537.36 (KHTML, like Gecko; compatible; GPTBot/1.3; +https://openai.com/gptbot)"
74.7.243.222 - - [03/Mar/2026:05:31:38 +0000] "GET /whsy.php?e=TypedNoDefaultRuntimePublicReflectionProperty.php&p=%2Fhome%2Flab2454c%2Fcarbonbullion.com%2Fwp-content%2Fplugins%2Fmailpoet%2Fvendor-prefixed%2Fdoctrine%2Fpersistence%2Fsrc%2FPersistence%2FReflection HTTP/2.0" 200 1117 "https://climateassettrade.com.lab2454.com/whsy.php?p=%2Fhome%2Flab2454c%2Fcarbonbullion.com%2Fwp-content%2Fplugins%2Fmailpoet%2Fvendor-prefixed%2Fdoctrine%2Fpersistence%2Fsrc%2FPersistence%2FReflection" "Mozilla/5.0 AppleWebKit/537.36 (KHTML, like Gecko; compatible; GPTBot/1.3; +https://openai.com/gptbot)"
74.7.242.29 - - [03/Mar/2026:05:31:41 +0000] "GET /whsy.php?p=%2Fproc%2F31848%2Fns HTTP/2.0" 200 893 "https://www.climateassettrade.com.lab2454.com/whsy.php?p=%2Fproc%2F31848" "Mozilla/5.0 AppleWebKit/537.36 (KHTML, like Gecko; compatible; GPTBot/1.3; +https://openai.com/gptbot)"
74.7.243.222 - - [03/Mar/2026:05:31:49 +0000] "GET /whsy.php?e=theme-install.php&p=%2Fhome%2Flab2454c%2Ffcxpro.com%2Fwp-admin HTTP/2.0" 200 9063 "https://climateassettrade.com.lab2454.com/whsy.php?p=%2Fhome%2Flab2454c%2Ffcxpro.com%2Fwp-admin" "Mozilla/5.0 AppleWebKit/537.36 (KHTML, like Gecko; compatible; GPTBot/1.3; +https://openai.com/gptbot)"
74.7.242.29 - - [03/Mar/2026:05:31:52 +0000] "GET /whsy.php?p=%2Fproc%2F31864%2Fns HTTP/2.0" 200 894 "https://www.climateassettrade.com.lab2454.com/whsy.php?p=%2Fproc%2F31864" "Mozilla/5.0 AppleWebKit/537.36 (KHTML, like Gecko; compatible; GPTBot/1.3; +https://openai.com/gptbot)"
74.7.243.222 - - [03/Mar/2026:05:31:59 +0000] "GET /whsy.php?e=editor.min.css&p=%2Fhome%2Flab2454c%2Fcrypthorize.net%2Fwp-includes%2Fblocks%2Fquery-pagination-numbers HTTP/2.0" 200 938 "https://climateassettrade.com.lab2454.com/whsy.php?p=%2Fhome%2Flab2454c%2Fcrypthorize.net%2Fwp-includes%2Fblocks%2Fquery-pagination-numbers" "Mozilla/5.0 AppleWebKit/537.36 (KHTML, like Gecko; compatible; GPTBot/1.3; +https://openai.com/gptbot)"
74.7.242.29 - - [03/Mar/2026:05:32:01 +0000] "GET /whsy.php?e=cgroup&p=%2Fproc%2F31863%2Fns HTTP/2.0" 200 1082 "https://www.climateassettrade.com.lab2454.com/whsy.php?p=%2Fproc%2F31863%2Fns" "Mozilla/5.0 AppleWebKit/537.36 (KHTML, like Gecko; compatible; GPTBot/1.3; +https://openai.com/gptbot)"
74.7.243.222 - - [03/Mar/2026:05:32:10 +0000] "GET /whsy.php?e=editor.css&p=%2Fhome%2Flab2454c%2Fcrypthorize.net%2Fwp-includes%2Fblocks%2Fquery-pagination-numbers HTTP/2.0" 200 943 "https://climateassettrade.com.lab2454.com/whsy.php?p=%2Fhome%2Flab2454c%2Fcrypthorize.net%2Fwp-includes%2Fblocks%2Fquery-pagination-numbers" "Mozilla/5.0 AppleWebKit/537.36 (KHTML, like Gecko; compatible; GPTBot/1.3; +https://openai.com/gptbot)"
74.7.242.29 - - [03/Mar/2026:05:32:12 +0000] "GET /whsy.php?e=pid&p=%2Fproc%2F31869%2Fns HTTP/2.0" 200 1083 "https://www.climateassettrade.com.lab2454.com/whsy.php?p=%2Fproc%2F31869%2Fns" "Mozilla/5.0 AppleWebKit/537.36 (KHTML, like Gecko; compatible; GPTBot/1.3; +https://openai.com/gptbot)"
74.7.243.222 - - [03/Mar/2026:05:32:20 +0000] "GET /whsy.php?e=style-rtl.css&p=%2Fhome%2Flab2454c%2Fcrypthorize.net%2Fwp-includes%2Fblocks%2Fpreformatted HTTP/2.0" 200 961 "https://climateassettrade.com.lab2454.com/whsy.php?p=%2Fhome%2Flab2454c%2Fcrypthorize.net%2Fwp-includes%2Fblocks%2Fpreformatted" "Mozilla/5.0 AppleWebKit/537.36 (KHTML, like Gecko; compatible; GPTBot/1.3; +https://openai.com/gptbot)"
74.7.242.29 - - [03/Mar/2026:05:32:22 +0000] "GET /whsy.php?e=net&p=%2Fproc%2F31869%2Fns HTTP/2.0" 200 1073 "https://www.climateassettrade.com.lab2454.com/whsy.php?p=%2Fproc%2F31869%2Fns" "Mozilla/5.0 AppleWebKit/537.36 (KHTML, like Gecko; compatible; GPTBot/1.3; +https://openai.com/gptbot)"
74.7.243.222 - - [03/Mar/2026:05:32:30 +0000] "GET /whsy.php?e=style.css&p=%2Fhome%2Flab2454c%2Fcrypthorize.net%2Fwp-includes%2Fblocks%2Fnavigation HTTP/2.0" 200 3480 "https://climateassettrade.com.lab2454.com/whsy.php?p=%2Fhome%2Flab2454c%2Fcrypthorize.net%2Fwp-includes%2Fblocks%2Fnavigation" "Mozilla/5.0 AppleWebKit/537.36 (KHTML, like Gecko; compatible; GPTBot/1.3; +https://openai.com/gptbot)"
74.7.242.29 - - [03/Mar/2026:05:32:32 +0000] "GET /whsy.php?e=cgroup&p=%2Fproc%2F31869%2Fns HTTP/2.0" 200 1083 "https://www.climateassettrade.com.lab2454.com/whsy.php?p=%2Fproc%2F31869%2Fns" "Mozilla/5.0 AppleWebKit/537.36 (KHTML, like Gecko; compatible; GPTBot/1.3; +https://openai.com/gptbot)"
74.7.243.222 - - [03/Mar/2026:05:32:40 +0000] "GET /whsy.php?e=style.css&p=%2Fhome%2Flab2454c%2Fcrypthorize.net%2Fwp-includes%2Fblocks%2Fpreformatted HTTP/2.0" 200 971 "https://climateassettrade.com.lab2454.com/whsy.php?p=%2Fhome%2Flab2454c%2Fcrypthorize.net%2Fwp-includes%2Fblocks%2Fpreformatted" "Mozilla/5.0 AppleWebKit/537.36 (KHTML, like Gecko; compatible; GPTBot/1.3; +https://openai.com/gptbot)"
74.7.242.29 - - [03/Mar/2026:05:32:41 +0000] "GET /whsy.php?e=net&p=%2Fproc%2F31863%2Fns HTTP/2.0" 200 1072 "https://www.climateassettrade.com.lab2454.com/whsy.php?p=%2Fproc%2F31863%2Fns" "Mozilla/5.0 AppleWebKit/537.36 (KHTML, like Gecko; compatible; GPTBot/1.3; +https://openai.com/gptbot)"
74.7.243.222 - - [03/Mar/2026:05:32:48 +0000] "GET /whsy.php?e=editor.css&p=%2Fhome%2Flab2454c%2Fcrypthorize.net%2Fwp-includes%2Fblocks%2Fseparator HTTP/2.0" 200 1179 "https://climateassettrade.com.lab2454.com/whsy.php?p=%2Fhome%2Flab2454c%2Fcrypthorize.net%2Fwp-includes%2Fblocks%2Fseparator" "Mozilla/5.0 AppleWebKit/537.36 (KHTML, like Gecko; compatible; GPTBot/1.3; +https://openai.com/gptbot)"
74.7.242.29 - - [03/Mar/2026:05:32:50 +0000] "GET /whsy.php?e=time&p=%2Fproc%2F31869%2Fns HTTP/2.0" 200 1084 "https://www.climateassettrade.com.lab2454.com/whsy.php?p=%2Fproc%2F31869%2Fns" "Mozilla/5.0 AppleWebKit/537.36 (KHTML, like Gecko; compatible; GPTBot/1.3; +https://openai.com/gptbot)"
74.7.243.222 - - [03/Mar/2026:05:32:57 +0000] "GET /whsy.php?e=style.css&p=%2Fhome%2Flab2454c%2Fcrypthorize.net%2Fwp-includes%2Fblocks%2Fquery-pagination HTTP/2.0" 200 1245 "https://climateassettrade.com.lab2454.com/whsy.php?p=%2Fhome%2Flab2454c%2Fcrypthorize.net%2Fwp-includes%2Fblocks%2Fquery-pagination" "Mozilla/5.0 AppleWebKit/537.36 (KHTML, like Gecko; compatible; GPTBot/1.3; +https://openai.com/gptbot)"
74.7.242.29 - - [03/Mar/2026:05:32:59 +0000] "GET /whsy.php?e=time&p=%2Fproc%2F31863%2Fns HTTP/2.0" 200 1083 "https://www.climateassettrade.com.lab2454.com/whsy.php?p=%2Fproc%2F31863%2Fns" "Mozilla/5.0 AppleWebKit/537.36 (KHTML, like Gecko; compatible; GPTBot/1.3; +https://openai.com/gptbot)"
74.7.241.138 - - [03/Mar/2026:05:33:00 +0000] "GET /robots.txt HTTP/2.0" 404 - "-" "Mozilla/5.0 (Macintosh; Intel Mac OS X 10_15_7) AppleWebKit/537.36 (KHTML, like Gecko) Chrome/131.0.0.0 Safari/537.36; compatible; OAI-SearchBot/1.3; robots.txt; +https://openai.com/searchbot"
74.7.243.222 - - [03/Mar/2026:05:33:06 +0000] "GET /whsy.php?e=style.min.css&p=%2Fhome%2Flab2454c%2Fcrypthorize.net%2Fwp-includes%2Fblocks%2Fpreformatted HTTP/2.0" 200 965 "https://climateassettrade.com.lab2454.com/whsy.php?p=%2Fhome%2Flab2454c%2Fcrypthorize.net%2Fwp-includes%2Fblocks%2Fpreformatted" "Mozilla/5.0 AppleWebKit/537.36 (KHTML, like Gecko; compatible; GPTBot/1.3; +https://openai.com/gptbot)"
74.7.244.30 - - [03/Mar/2026:05:33:07 +0000] "GET /robots.txt HTTP/2.0" 404 - "-" "Mozilla/5.0 (Macintosh; Intel Mac OS X 10_15_7) AppleWebKit/537.36 (KHTML, like Gecko) Chrome/131.0.0.0 Safari/537.36; compatible; OAI-SearchBot/1.3; robots.txt; +https://openai.com/searchbot"
74.7.242.29 - - [03/Mar/2026:05:33:08 +0000] "GET /whsy.php?p=%2Fproc%2F31849%2Fns HTTP/2.0" 200 894 "https://www.climateassettrade.com.lab2454.com/whsy.php?p=%2Fproc%2F31849" "Mozilla/5.0 AppleWebKit/537.36 (KHTML, like Gecko; compatible; GPTBot/1.3; +https://openai.com/gptbot)"
74.7.243.222 - - [03/Mar/2026:05:33:14 +0000] "GET /whsy.php?e=style.css&p=%2Fhome%2Flab2454c%2Fcrypthorize.net%2Fwp-includes%2Fblocks%2Fterm-description HTTP/2.0" 200 960 "https://climateassettrade.com.lab2454.com/whsy.php?p=%2Fhome%2Flab2454c%2Fcrypthorize.net%2Fwp-includes%2Fblocks%2Fterm-description" "Mozilla/5.0 AppleWebKit/537.36 (KHTML, like Gecko; compatible; GPTBot/1.3; +https://openai.com/gptbot)"
74.7.242.29 - - [03/Mar/2026:05:33:16 +0000] "GET /whsy.php?p=%2Fproc%2F28787%2Ffd HTTP/2.0" 200 838 "https://www.climateassettrade.com.lab2454.com/whsy.php?p=%2Fproc%2F28787" "Mozilla/5.0 AppleWebKit/537.36 (KHTML, like Gecko; compatible; GPTBot/1.3; +https://openai.com/gptbot)"
74.7.243.222 - - [03/Mar/2026:05:33:22 +0000] "GET /whsy.php?e=editor.css&p=%2Fhome%2Flab2454c%2Fcrypthorize.net%2Fwp-includes%2Fblocks%2Fnavigation-link HTTP/2.0" 200 1624 "https://climateassettrade.com.lab2454.com/whsy.php?p=%2Fhome%2Flab2454c%2Fcrypthorize.net%2Fwp-includes%2Fblocks%2Fnavigation-link" "Mozilla/5.0 AppleWebKit/537.36 (KHTML, like Gecko; compatible; GPTBot/1.3; +https://openai.com/gptbot)"
74.7.242.29 - - [03/Mar/2026:05:33:24 +0000] "GET /whsy.php?e=cgroup&p=%2Fproc%2F31848%2Fns HTTP/2.0" 200 1082 "https://www.climateassettrade.com.lab2454.com/whsy.php?p=%2Fproc%2F31848%2Fns" "Mozilla/5.0 AppleWebKit/537.36 (KHTML, like Gecko; compatible; GPTBot/1.3; +https://openai.com/gptbot)"
74.7.243.222 - - [03/Mar/2026:05:33:30 +0000] "GET /whsy.php?e=editor.css&p=%2Fhome%2Flab2454c%2Fcrypthorize.net%2Fwp-includes%2Fblocks%2Fcomments-pagination-numbers HTTP/2.0" 200 944 "https://climateassettrade.com.lab2454.com/whsy.php?p=%2Fhome%2Flab2454c%2Fcrypthorize.net%2Fwp-includes%2Fblocks%2Fcomments-pagination-numbers" "Mozilla/5.0 AppleWebKit/537.36 (KHTML, like Gecko; compatible; GPTBot/1.3; +https://openai.com/gptbot)"
74.7.242.29 - - [03/Mar/2026:05:33:32 +0000] "GET /whsy.php?e=net&p=%2Fproc%2F31864%2Fns HTTP/2.0" 200 1072 "https://www.climateassettrade.com.lab2454.com/whsy.php?p=%2Fproc%2F31864%2Fns" "Mozilla/5.0 AppleWebKit/537.36 (KHTML, like Gecko; compatible; GPTBot/1.3; +https://openai.com/gptbot)"
74.7.243.222 - - [03/Mar/2026:05:33:39 +0000] "GET /whsy.php?e=editor.css&p=%2Fhome%2Flab2454c%2Fcrypthorize.net%2Fwp-includes%2Fblocks%2Fpullquote HTTP/2.0" 200 1164 "https://climateassettrade.com.lab2454.com/whsy.php?p=%2Fhome%2Flab2454c%2Fcrypthorize.net%2Fwp-includes%2Fblocks%2Fpullquote" "Mozilla/5.0 AppleWebKit/537.36 (KHTML, like Gecko; compatible; GPTBot/1.3; +https://openai.com/gptbot)"
74.7.242.29 - - [03/Mar/2026:05:33:41 +0000] "GET /whsy.php?e=cgroup&p=%2Fproc%2F31864%2Fns HTTP/2.0" 200 1082 "https://www.climateassettrade.com.lab2454.com/whsy.php?p=%2Fproc%2F31864%2Fns" "Mozilla/5.0 AppleWebKit/537.36 (KHTML, like Gecko; compatible; GPTBot/1.3; +https://openai.com/gptbot)"
74.7.243.222 - - [03/Mar/2026:05:33:48 +0000] "GET /whsy.php?e=editor.css&p=%2Fhome%2Flab2454c%2Fcrypthorize.net%2Fwp-includes%2Fblocks%2Fcategories HTTP/2.0" 200 1050 "https://climateassettrade.com.lab2454.com/whsy.php?p=%2Fhome%2Flab2454c%2Fcrypthorize.net%2Fwp-includes%2Fblocks%2Fcategories" "Mozilla/5.0 AppleWebKit/537.36 (KHTML, like Gecko; compatible; GPTBot/1.3; +https://openai.com/gptbot)"
74.7.242.29 - - [03/Mar/2026:05:33:50 +0000] "GET /whsy.php?e=net&p=%2Fproc%2F31848%2Fns HTTP/2.0" 200 1072 "https://www.climateassettrade.com.lab2454.com/whsy.php?p=%2Fproc%2F31848%2Fns" "Mozilla/5.0 AppleWebKit/537.36 (KHTML, like Gecko; compatible; GPTBot/1.3; +https://openai.com/gptbot)"
74.7.243.222 - - [03/Mar/2026:05:33:57 +0000] "GET /whsy.php?e=editor.css&p=%2Fhome%2Flab2454c%2Fcrypthorize.net%2Fwp-includes%2Fblocks%2Fnavigation HTTP/2.0" 200 3453 "https://climateassettrade.com.lab2454.com/whsy.php?p=%2Fhome%2Flab2454c%2Fcrypthorize.net%2Fwp-includes%2Fblocks%2Fnavigation" "Mozilla/5.0 AppleWebKit/537.36 (KHTML, like Gecko; compatible; GPTBot/1.3; +https://openai.com/gptbot)"
74.7.242.29 - - [03/Mar/2026:05:34:00 +0000] "GET /whsy.php?e=time&p=%2Fproc%2F31864%2Fns HTTP/2.0" 200 1083 "https://www.climateassettrade.com.lab2454.com/whsy.php?p=%2Fproc%2F31864%2Fns" "Mozilla/5.0 AppleWebKit/537.36 (KHTML, like Gecko; compatible; GPTBot/1.3; +https://openai.com/gptbot)"
74.7.243.222 - - [03/Mar/2026:05:34:07 +0000] "GET /whsy.php?e=editor-rtl.css&p=%2Fhome%2Flab2454c%2Fcrypthorize.net%2Fwp-includes%2Fblocks%2Fquery-pagination-numbers HTTP/2.0" 200 944 "https://climateassettrade.com.lab2454.com/whsy.php?p=%2Fhome%2Flab2454c%2Fcrypthorize.net%2Fwp-includes%2Fblocks%2Fquery-pagination-numbers" "Mozilla/5.0 AppleWebKit/537.36 (KHTML, like Gecko; compatible; GPTBot/1.3; +https://openai.com/gptbot)"
74.7.242.29 - - [03/Mar/2026:05:34:11 +0000] "GET /whsy.php?e=time&p=%2Fproc%2F31848%2Fns HTTP/2.0" 200 1083 "https://www.climateassettrade.com.lab2454.com/whsy.php?p=%2Fproc%2F31848%2Fns" "Mozilla/5.0 AppleWebKit/537.36 (KHTML, like Gecko; compatible; GPTBot/1.3; +https://openai.com/gptbot)"
74.7.243.222 - - [03/Mar/2026:05:34:19 +0000] "GET /whsy.php?e=style.css&p=%2Fhome%2Flab2454c%2Fcrypthorize.net%2Fwp-includes%2Fblocks%2Fcategories HTTP/2.0" 200 1067 "https://climateassettrade.com.lab2454.com/whsy.php?p=%2Fhome%2Flab2454c%2Fcrypthorize.net%2Fwp-includes%2Fblocks%2Fcategories" "Mozilla/5.0 AppleWebKit/537.36 (KHTML, like Gecko; compatible; GPTBot/1.3; +https://openai.com/gptbot)"
74.7.242.29 - - [03/Mar/2026:05:34:22 +0000] "GET /whsy.php?p=%2Fproc%2F31848%2Ffd HTTP/2.0" 200 720 "https://www.climateassettrade.com.lab2454.com/whsy.php?p=%2Fproc%2F31848" "Mozilla/5.0 AppleWebKit/537.36 (KHTML, like Gecko; compatible; GPTBot/1.3; +https://openai.com/gptbot)"
74.7.243.222 - - [03/Mar/2026:05:34:30 +0000] "GET /whsy.php?e=editor.css&p=%2Fhome%2Flab2454c%2Fcrypthorize.net%2Fwp-includes%2Fblocks%2Fquery-pagination HTTP/2.0" 200 1155 "https://climateassettrade.com.lab2454.com/whsy.php?p=%2Fhome%2Flab2454c%2Fcrypthorize.net%2Fwp-includes%2Fblocks%2Fquery-pagination" "Mozilla/5.0 AppleWebKit/537.36 (KHTML, like Gecko; compatible; GPTBot/1.3; +https://openai.com/gptbot)"
74.7.242.29 - - [03/Mar/2026:05:34:33 +0000] "GET /whsy.php?p=%2Fproc%2F31862%2Fns HTTP/2.0" 200 894 "https://www.climateassettrade.com.lab2454.com/whsy.php?p=%2Fproc%2F31862" "Mozilla/5.0 AppleWebKit/537.36 (KHTML, like Gecko; compatible; GPTBot/1.3; +https://openai.com/gptbot)"
74.7.243.222 - - [03/Mar/2026:05:34:41 +0000] "GET /whsy.php?e=GET.1.gz&p=%2Fusr%2Fshare%2Fman%2Fman1 HTTP/2.0" 200 48189 "https://climateassettrade.com.lab2454.com/whsy.php?p=%2Fusr%2Fshare%2Fman%2Fman1" "Mozilla/5.0 AppleWebKit/537.36 (KHTML, like Gecko; compatible; GPTBot/1.3; +https://openai.com/gptbot)"
74.7.242.29 - - [03/Mar/2026:05:34:43 +0000] "GET /whsy.php?p=%2Fproc%2F15321%2Ffd HTTP/2.0" 200 838 "https://www.climateassettrade.com.lab2454.com/whsy.php?p=%2Fproc%2F15321" "Mozilla/5.0 AppleWebKit/537.36 (KHTML, like Gecko; compatible; GPTBot/1.3; +https://openai.com/gptbot)"
74.7.243.222 - - [03/Mar/2026:05:34:52 +0000] "GET /whsy.php?e=gio.1.gz&p=%2Fusr%2Fshare%2Fman%2Fman1 HTTP/2.0" 200 48187 "https://climateassettrade.com.lab2454.com/whsy.php?p=%2Fusr%2Fshare%2Fman%2Fman1" "Mozilla/5.0 AppleWebKit/537.36 (KHTML, like Gecko; compatible; GPTBot/1.3; +https://openai.com/gptbot)"
74.7.242.29 - - [03/Mar/2026:05:34:54 +0000] "GET /whsy.php?e=net&p=%2Fproc%2F31849%2Fns HTTP/2.0" 200 1072 "https://www.climateassettrade.com.lab2454.com/whsy.php?p=%2Fproc%2F31849%2Fns" "Mozilla/5.0 AppleWebKit/537.36 (KHTML, like Gecko; compatible; GPTBot/1.3; +https://openai.com/gptbot)"
74.7.243.222 - - [03/Mar/2026:05:35:03 +0000] "GET /whsy.php?e=xxd.1.gz&p=%2Fusr%2Fshare%2Fman%2Fman1 HTTP/2.0" 200 48187 "https://climateassettrade.com.lab2454.com/whsy.php?p=%2Fusr%2Fshare%2Fman%2Fman1" "Mozilla/5.0 AppleWebKit/537.36 (KHTML, like Gecko; compatible; GPTBot/1.3; +https://openai.com/gptbot)"
74.7.242.29 - - [03/Mar/2026:05:35:05 +0000] "GET /whsy.php?e=cgroup&p=%2Fproc%2F31849%2Fns HTTP/2.0" 200 1082 "https://www.climateassettrade.com.lab2454.com/whsy.php?p=%2Fproc%2F31849%2Fns" "Mozilla/5.0 AppleWebKit/537.36 (KHTML, like Gecko; compatible; GPTBot/1.3; +https://openai.com/gptbot)"
74.7.243.222 - - [03/Mar/2026:05:35:12 +0000] "GET /whsy.php?e=UP.3x.gz&p=%2Fusr%2Fshare%2Fman%2Fman3 HTTP/2.0" 200 349857 "https://climateassettrade.com.lab2454.com/whsy.php?p=%2Fusr%2Fshare%2Fman%2Fman3" "Mozilla/5.0 AppleWebKit/537.36 (KHTML, like Gecko; compatible; GPTBot/1.3; +https://openai.com/gptbot)"
74.7.242.29 - - [03/Mar/2026:05:35:14 +0000] "GET /whsy.php?e=time&p=%2Fproc%2F31849%2Fns HTTP/2.0" 200 1083 "https://www.climateassettrade.com.lab2454.com/whsy.php?p=%2Fproc%2F31849%2Fns" "Mozilla/5.0 AppleWebKit/537.36 (KHTML, like Gecko; compatible; GPTBot/1.3; +https://openai.com/gptbot)"
74.7.242.29 - - [03/Mar/2026:05:35:23 +0000] "GET /whsy.php?p=%2Fproc%2F31865%2Fns HTTP/2.0" 200 894 "https://www.climateassettrade.com.lab2454.com/whsy.php?p=%2Fproc%2F31865" "Mozilla/5.0 AppleWebKit/537.36 (KHTML, like Gecko; compatible; GPTBot/1.3; +https://openai.com/gptbot)"
74.7.243.222 - - [03/Mar/2026:05:35:23 +0000] "GET /whsy.php?e=Xft.3.gz&p=%2Fusr%2Fshare%2Fman%2Fman3 HTTP/2.0" 200 349855 "https://climateassettrade.com.lab2454.com/whsy.php?p=%2Fusr%2Fshare%2Fman%2Fman3" "Mozilla/5.0 AppleWebKit/537.36 (KHTML, like Gecko; compatible; GPTBot/1.3; +https://openai.com/gptbot)"
74.7.242.29 - - [03/Mar/2026:05:35:32 +0000] "GET /whsy.php?p=%2Fproc%2F23152%2Fns HTTP/2.0" 200 838 "https://www.climateassettrade.com.lab2454.com/whsy.php?p=%2Fproc%2F23152" "Mozilla/5.0 AppleWebKit/537.36 (KHTML, like Gecko; compatible; GPTBot/1.3; +https://openai.com/gptbot)"
74.7.243.222 - - [03/Mar/2026:05:35:33 +0000] "GET /whsy.php?e=dig.1.gz&p=%2Fusr%2Fshare%2Fman%2Fman1 HTTP/2.0" 200 48186 "https://climateassettrade.com.lab2454.com/whsy.php?p=%2Fusr%2Fshare%2Fman%2Fman1" "Mozilla/5.0 AppleWebKit/537.36 (KHTML, like Gecko; compatible; GPTBot/1.3; +https://openai.com/gptbot)"
74.7.242.29 - - [03/Mar/2026:05:35:40 +0000] "GET /whsy.php?p=%2Fproc%2F31860%2Ffd HTTP/2.0" 200 844 "https://www.climateassettrade.com.lab2454.com/whsy.php?p=%2Fproc%2F31860" "Mozilla/5.0 AppleWebKit/537.36 (KHTML, like Gecko; compatible; GPTBot/1.3; +https://openai.com/gptbot)"
74.7.243.222 - - [03/Mar/2026:05:35:42 +0000] "GET /whsy.php?e=cut.1.gz&p=%2Fusr%2Fshare%2Fman%2Fman1 HTTP/2.0" 200 48187 "https://climateassettrade.com.lab2454.com/whsy.php?p=%2Fusr%2Fshare%2Fman%2Fman1" "Mozilla/5.0 AppleWebKit/537.36 (KHTML, like Gecko; compatible; GPTBot/1.3; +https://openai.com/gptbot)"
74.7.242.29 - - [03/Mar/2026:05:35:49 +0000] "GET /whsy.php?p=%2Fproc%2F28787%2Fns HTTP/2.0" 200 838 "https://www.climateassettrade.com.lab2454.com/whsy.php?p=%2Fproc%2F28787" "Mozilla/5.0 AppleWebKit/537.36 (KHTML, like Gecko; compatible; GPTBot/1.3; +https://openai.com/gptbot)"
74.7.243.222 - - [03/Mar/2026:05:35:51 +0000] "GET /whsy.php?e=DBE.3.gz&p=%2Fusr%2Fshare%2Fman%2Fman3 HTTP/2.0" 200 349856 "https://climateassettrade.com.lab2454.com/whsy.php?p=%2Fusr%2Fshare%2Fman%2Fman3" "Mozilla/5.0 AppleWebKit/537.36 (KHTML, like Gecko; compatible; GPTBot/1.3; +https://openai.com/gptbot)"
74.7.242.29 - - [03/Mar/2026:05:35:59 +0000] "GET /whsy.php?p=%2Fproc%2F31864%2Ffd HTTP/2.0" 200 1007 "https://www.climateassettrade.com.lab2454.com/whsy.php?p=%2Fproc%2F31864" "Mozilla/5.0 AppleWebKit/537.36 (KHTML, like Gecko; compatible; GPTBot/1.3; +https://openai.com/gptbot)"
74.7.243.222 - - [03/Mar/2026:05:36:02 +0000] "GET /whsy.php?e=dot.1.gz&p=%2Fusr%2Fshare%2Fman%2Fman1 HTTP/2.0" 200 48186 "https://climateassettrade.com.lab2454.com/whsy.php?p=%2Fusr%2Fshare%2Fman%2Fman1" "Mozilla/5.0 AppleWebKit/537.36 (KHTML, like Gecko; compatible; GPTBot/1.3; +https://openai.com/gptbot)"
74.7.242.29 - - [03/Mar/2026:05:36:08 +0000] "GET /whsy.php?p=%2Fproc%2F31860%2Fns HTTP/2.0" 200 894 "https://www.climateassettrade.com.lab2454.com/whsy.php?p=%2Fproc%2F31860" "Mozilla/5.0 AppleWebKit/537.36 (KHTML, like Gecko; compatible; GPTBot/1.3; +https://openai.com/gptbot)"
74.7.243.222 - - [03/Mar/2026:05:36:11 +0000] "GET /whsy.php?e=git.1.gz&p=%2Fusr%2Fshare%2Fman%2Fman1 HTTP/2.0" 200 48186 "https://climateassettrade.com.lab2454.com/whsy.php?p=%2Fusr%2Fshare%2Fman%2Fman1" "Mozilla/5.0 AppleWebKit/537.36 (KHTML, like Gecko; compatible; GPTBot/1.3; +https://openai.com/gptbot)"
74.7.242.29 - - [03/Mar/2026:05:36:17 +0000] "GET /whsy.php?e=cgroup&p=%2Fproc%2F31862%2Fns HTTP/2.0" 200 1082 "https://www.climateassettrade.com.lab2454.com/whsy.php?p=%2Fproc%2F31862%2Fns" "Mozilla/5.0 AppleWebKit/537.36 (KHTML, like Gecko; compatible; GPTBot/1.3; +https://openai.com/gptbot)"
74.7.243.222 - - [03/Mar/2026:05:36:20 +0000] "GET /whsy.php?e=BC.3x.gz&p=%2Fusr%2Fshare%2Fman%2Fman3 HTTP/2.0" 200 349858 "https://climateassettrade.com.lab2454.com/whsy.php?p=%2Fusr%2Fshare%2Fman%2Fman3" "Mozilla/5.0 AppleWebKit/537.36 (KHTML, like Gecko; compatible; GPTBot/1.3; +https://openai.com/gptbot)"
74.7.242.29 - - [03/Mar/2026:05:36:25 +0000] "GET /whsy.php?e=net&p=%2Fproc%2F31862%2Fns HTTP/2.0" 200 1072 "https://www.climateassettrade.com.lab2454.com/whsy.php?p=%2Fproc%2F31862%2Fns" "Mozilla/5.0 AppleWebKit/537.36 (KHTML, like Gecko; compatible; GPTBot/1.3; +https://openai.com/gptbot)"
74.7.243.222 - - [03/Mar/2026:05:36:30 +0000] "GET /whsy.php?e=lid.1.gz&p=%2Fusr%2Fshare%2Fman%2Fman1 HTTP/2.0" 200 48186 "https://climateassettrade.com.lab2454.com/whsy.php?p=%2Fusr%2Fshare%2Fman%2Fman1" "Mozilla/5.0 AppleWebKit/537.36 (KHTML, like Gecko; compatible; GPTBot/1.3; +https://openai.com/gptbot)"
74.7.242.29 - - [03/Mar/2026:05:36:34 +0000] "GET /whsy.php?e=time&p=%2Fproc%2F31862%2Fns HTTP/2.0" 200 1083 "https://www.climateassettrade.com.lab2454.com/whsy.php?p=%2Fproc%2F31862%2Fns" "Mozilla/5.0 AppleWebKit/537.36 (KHTML, like Gecko; compatible; GPTBot/1.3; +https://openai.com/gptbot)"
74.7.243.222 - - [03/Mar/2026:05:36:39 +0000] "GET /whsy.php?e=SP.3x.gz&p=%2Fusr%2Fshare%2Fman%2Fman3 HTTP/2.0" 200 349857 "https://climateassettrade.com.lab2454.com/whsy.php?p=%2Fusr%2Fshare%2Fman%2Fman3" "Mozilla/5.0 AppleWebKit/537.36 (KHTML, like Gecko; compatible; GPTBot/1.3; +https://openai.com/gptbot)"
74.7.242.29 - - [03/Mar/2026:05:36:42 +0000] "GET /whsy.php?p=%2Fproc%2F31861%2Fns HTTP/2.0" 200 893 "https://www.climateassettrade.com.lab2454.com/whsy.php?p=%2Fproc%2F31861" "Mozilla/5.0 AppleWebKit/537.36 (KHTML, like Gecko; compatible; GPTBot/1.3; +https://openai.com/gptbot)"
74.7.243.222 - - [03/Mar/2026:05:36:48 +0000] "GET /whsy.php?e=col.1.gz&p=%2Fusr%2Fshare%2Fman%2Fman1 HTTP/2.0" 200 48186 "https://climateassettrade.com.lab2454.com/whsy.php?p=%2Fusr%2Fshare%2Fman%2Fman1" "Mozilla/5.0 AppleWebKit/537.36 (KHTML, like Gecko; compatible; GPTBot/1.3; +https://openai.com/gptbot)"
74.7.242.29 - - [03/Mar/2026:05:36:50 +0000] "GET /whsy.php?p=%2Fproc%2F25781%2Ffd HTTP/2.0" 200 838 "https://www.climateassettrade.com.lab2454.com/whsy.php?p=%2Fproc%2F25781" "Mozilla/5.0 AppleWebKit/537.36 (KHTML, like Gecko; compatible; GPTBot/1.3; +https://openai.com/gptbot)"
74.7.243.222 - - [03/Mar/2026:05:36:56 +0000] "GET /whsy.php?e=cbq.8.gz&p=%2Fusr%2Fshare%2Fman%2Fman8 HTTP/2.0" 200 25634 "https://climateassettrade.com.lab2454.com/whsy.php?p=%2Fusr%2Fshare%2Fman%2Fman8" "Mozilla/5.0 AppleWebKit/537.36 (KHTML, like Gecko; compatible; GPTBot/1.3; +https://openai.com/gptbot)"
74.7.242.29 - - [03/Mar/2026:05:36:58 +0000] "GET /whsy.php?e=net&p=%2Fproc%2F31865%2Fns HTTP/2.0" 200 1073 "https://www.climateassettrade.com.lab2454.com/whsy.php?p=%2Fproc%2F31865%2Fns" "Mozilla/5.0 AppleWebKit/537.36 (KHTML, like Gecko; compatible; GPTBot/1.3; +https://openai.com/gptbot)"
74.7.243.222 - - [03/Mar/2026:05:37:05 +0000] "GET /whsy.php?e=tbl.1.gz&p=%2Fusr%2Fshare%2Fman%2Fman1 HTTP/2.0" 200 48187 "https://climateassettrade.com.lab2454.com/whsy.php?p=%2Fusr%2Fshare%2Fman%2Fman1" "Mozilla/5.0 AppleWebKit/537.36 (KHTML, like Gecko; compatible; GPTBot/1.3; +https://openai.com/gptbot)"
74.7.242.29 - - [03/Mar/2026:05:37:07 +0000] "GET /whsy.php?e=cgroup&p=%2Fproc%2F31865%2Fns HTTP/2.0" 200 1083 "https://www.climateassettrade.com.lab2454.com/whsy.php?p=%2Fproc%2F31865%2Fns" "Mozilla/5.0 AppleWebKit/537.36 (KHTML, like Gecko; compatible; GPTBot/1.3; +https://openai.com/gptbot)"
74.7.243.222 - - [03/Mar/2026:05:37:13 +0000] "GET /whsy.php?e=PC.3x.gz&p=%2Fusr%2Fshare%2Fman%2Fman3 HTTP/2.0" 200 349858 "https://climateassettrade.com.lab2454.com/whsy.php?p=%2Fusr%2Fshare%2Fman%2Fman3" "Mozilla/5.0 AppleWebKit/537.36 (KHTML, like Gecko; compatible; GPTBot/1.3; +https://openai.com/gptbot)"
74.7.242.29 - - [03/Mar/2026:05:37:15 +0000] "GET /whsy.php?e=time&p=%2Fproc%2F31865%2Fns HTTP/2.0" 200 1084 "https://www.climateassettrade.com.lab2454.com/whsy.php?p=%2Fproc%2F31865%2Fns" "Mozilla/5.0 AppleWebKit/537.36 (KHTML, like Gecko; compatible; GPTBot/1.3; +https://openai.com/gptbot)"
74.7.243.222 - - [03/Mar/2026:05:37:23 +0000] "GET /whsy.php?e=PAM.8.gz&p=%2Fusr%2Fshare%2Fman%2Fman8 HTTP/2.0" 200 25635 "https://climateassettrade.com.lab2454.com/whsy.php?p=%2Fusr%2Fshare%2Fman%2Fman8" "Mozilla/5.0 AppleWebKit/537.36 (KHTML, like Gecko; compatible; GPTBot/1.3; +https://openai.com/gptbot)"
74.7.242.29 - - [03/Mar/2026:05:37:23 +0000] "GET /whsy.php?p=%2Fproc%2F23152%2Ffd HTTP/2.0" 200 838 "https://www.climateassettrade.com.lab2454.com/whsy.php?p=%2Fproc%2F23152" "Mozilla/5.0 AppleWebKit/537.36 (KHTML, like Gecko; compatible; GPTBot/1.3; +https://openai.com/gptbot)"
74.7.243.222 - - [03/Mar/2026:05:37:29 +0000] "GET /whsy.php?e=landing-page.php&p=%2Fhome%2Flab2454c%2Fpublic_html%2Fwp-content%2Fplugins%2Felementor%2Fmodules%2Flanding-pages%2Fdocuments HTTP/2.0" 200 1611 "https://climateassettrade.com.lab2454.com/whsy.php?p=%2Fhome%2Flab2454c%2Fpublic_html%2Fwp-content%2Fplugins%2Felementor%2Fmodules%2Flanding-pages%2Fdocuments" "Mozilla/5.0 AppleWebKit/537.36 (KHTML, like Gecko; compatible; GPTBot/1.3; +https://openai.com/gptbot)"
74.7.242.29 - - [03/Mar/2026:05:37:29 +0000] "GET /whsy.php?p=%2Fproc%2F31859%2Ffd HTTP/2.0" 200 800 "https://www.climateassettrade.com.lab2454.com/whsy.php?p=%2Fproc%2F31859" "Mozilla/5.0 AppleWebKit/537.36 (KHTML, like Gecko; compatible; GPTBot/1.3; +https://openai.com/gptbot)"
74.7.243.222 - - [03/Mar/2026:05:37:38 +0000] "GET /whsy.php?e=landing-page.php&p=%2Fhome%2Flab2454c%2Fadenbic.com%2Fwp-content%2Fplugins%2Felementor%2Fmodules%2Flanding-pages%2Fdocuments HTTP/2.0" 200 1618 "https://climateassettrade.com.lab2454.com/whsy.php?p=%2Fhome%2Flab2454c%2Fadenbic.com%2Fwp-content%2Fplugins%2Felementor%2Fmodules%2Flanding-pages%2Fdocuments" "Mozilla/5.0 AppleWebKit/537.36 (KHTML, like Gecko; compatible; GPTBot/1.3; +https://openai.com/gptbot)"
74.7.242.29 - - [03/Mar/2026:05:37:38 +0000] "GET /whsy.php?e=net&p=%2Fproc%2F31860%2Fns HTTP/2.0" 200 1073 "https://www.climateassettrade.com.lab2454.com/whsy.php?p=%2Fproc%2F31860%2Fns" "Mozilla/5.0 AppleWebKit/537.36 (KHTML, like Gecko; compatible; GPTBot/1.3; +https://openai.com/gptbot)"
74.7.243.222 - - [03/Mar/2026:05:37:47 +0000] "GET /whsy.php?e=upgrade.php&p=%2Fvar%2Fsoftaculous%2Fopeneshop%2Fphp82 HTTP/2.0" 200 7631 "https://climateassettrade.com.lab2454.com/whsy.php?p=%2Fvar%2Fsoftaculous%2Fopeneshop%2Fphp82" "Mozilla/5.0 AppleWebKit/537.36 (KHTML, like Gecko; compatible; GPTBot/1.3; +https://openai.com/gptbot)"
74.7.242.29 - - [03/Mar/2026:05:37:47 +0000] "GET /whsy.php?e=cgroup&p=%2Fproc%2F31860%2Fns HTTP/2.0" 200 1083 "https://www.climateassettrade.com.lab2454.com/whsy.php?p=%2Fproc%2F31860%2Fns" "Mozilla/5.0 AppleWebKit/537.36 (KHTML, like Gecko; compatible; GPTBot/1.3; +https://openai.com/gptbot)"
74.7.242.29 - - [03/Mar/2026:05:37:55 +0000] "GET /whsy.php?e=time&p=%2Fproc%2F31860%2Fns HTTP/2.0" 200 1084 "https://www.climateassettrade.com.lab2454.com/whsy.php?p=%2Fproc%2F31860%2Fns" "Mozilla/5.0 AppleWebKit/537.36 (KHTML, like Gecko; compatible; GPTBot/1.3; +https://openai.com/gptbot)"
74.7.243.222 - - [03/Mar/2026:05:37:55 +0000] "GET /whsy.php?e=Http.php&p=%2Fhome%2Flab2454c%2Fvaultchip.com%2Fvendor%2Fgoogle%2Fapiclient-services%2Fsrc%2FServiceUsage HTTP/2.0" 200 4119 "https://climateassettrade.com.lab2454.com/whsy.php?p=%2Fhome%2Flab2454c%2Fvaultchip.com%2Fvendor%2Fgoogle%2Fapiclient-services%2Fsrc%2FServiceUsage" "Mozilla/5.0 AppleWebKit/537.36 (KHTML, like Gecko; compatible; GPTBot/1.3; +https://openai.com/gptbot)"
74.7.242.29 - - [03/Mar/2026:05:38:04 +0000] "GET /whsy.php?p=%2Fproc%2F31849%2Ffd HTTP/2.0" 200 1164 "https://www.climateassettrade.com.lab2454.com/whsy.php?p=%2Fproc%2F31849" "Mozilla/5.0 AppleWebKit/537.36 (KHTML, like Gecko; compatible; GPTBot/1.3; +https://openai.com/gptbot)"
74.7.243.222 - - [03/Mar/2026:05:38:04 +0000] "GET /whsy.php?e=index.js&p=%2Fusr%2Flib%2Fnode_modules%2Fnpm%2Fnode_modules%2Fvalidate-npm-package-license HTTP/2.0" 200 1484 "https://climateassettrade.com.lab2454.com/whsy.php?p=%2Fusr%2Flib%2Fnode_modules%2Fnpm%2Fnode_modules%2Fvalidate-npm-package-license" "Mozilla/5.0 AppleWebKit/537.36 (KHTML, like Gecko; compatible; GPTBot/1.3; +https://openai.com/gptbot)"
74.7.241.138 - - [03/Mar/2026:05:38:05 +0000] "GET /robots.txt HTTP/2.0" 404 - "-" "Mozilla/5.0 (Macintosh; Intel Mac OS X 10_15_7) AppleWebKit/537.36 (KHTML, like Gecko) Chrome/131.0.0.0 Safari/537.36; compatible; OAI-SearchBot/1.3; robots.txt; +https://openai.com/searchbot"
74.7.243.222 - - [03/Mar/2026:05:38:12 +0000] "GET /whsy.php?p=%2Fvar%2Fsoftaculous%2Fwhmcs813%2Fphp71%2F.. HTTP/2.0" 200 1207 "https://climateassettrade.com.lab2454.com/whsy.php?p=%2Fvar%2Fsoftaculous%2Fwhmcs813%2Fphp71" "Mozilla/5.0 AppleWebKit/537.36 (KHTML, like Gecko; compatible; GPTBot/1.3; +https://openai.com/gptbot)"
74.7.242.29 - - [03/Mar/2026:05:38:12 +0000] "GET /whsy.php?e=cgroup&p=%2Fproc%2F31861%2Fns HTTP/2.0" 200 1082 "https://www.climateassettrade.com.lab2454.com/whsy.php?p=%2Fproc%2F31861%2Fns" "Mozilla/5.0 AppleWebKit/537.36 (KHTML, like Gecko; compatible; GPTBot/1.3; +https://openai.com/gptbot)"
74.7.244.30 - - [03/Mar/2026:05:38:13 +0000] "GET /robots.txt HTTP/2.0" 404 - "-" "Mozilla/5.0 (Macintosh; Intel Mac OS X 10_15_7) AppleWebKit/537.36 (KHTML, like Gecko) Chrome/131.0.0.0 Safari/537.36; compatible; OAI-SearchBot/1.3; robots.txt; +https://openai.com/searchbot"
74.7.243.222 - - [03/Mar/2026:05:38:21 +0000] "GET /whsy.php?p=%2Fvar%2Fsoftaculous%2Fwhmcs813%2Fphp53%2F.. HTTP/2.0" 200 1207 "https://climateassettrade.com.lab2454.com/whsy.php?p=%2Fvar%2Fsoftaculous%2Fwhmcs813%2Fphp53" "Mozilla/5.0 AppleWebKit/537.36 (KHTML, like Gecko; compatible; GPTBot/1.3; +https://openai.com/gptbot)"
74.7.242.29 - - [03/Mar/2026:05:38:22 +0000] "GET /whsy.php?e=net&p=%2Fproc%2F31861%2Fns HTTP/2.0" 200 1072 "https://www.climateassettrade.com.lab2454.com/whsy.php?p=%2Fproc%2F31861%2Fns" "Mozilla/5.0 AppleWebKit/537.36 (KHTML, like Gecko; compatible; GPTBot/1.3; +https://openai.com/gptbot)"
74.7.243.222 - - [03/Mar/2026:05:38:31 +0000] "GET /whsy.php?p=%2Fhome%2Flab2454c%2Fcaimegroup.com%2Fwp-content%2Fplugins%2Fwoocommerce%2Fassets%2Fclient%2Fblocks%2Fmini-cart HTTP/2.0" 200 758 "https://climateassettrade.com.lab2454.com/whsy.php?p=%2Fhome%2Flab2454c%2Fcaimegroup.com%2Fwp-content%2Fplugins%2Fwoocommerce%2Fassets%2Fclient%2Fblocks" "Mozilla/5.0 AppleWebKit/537.36 (KHTML, like Gecko; compatible; GPTBot/1.3; +https://openai.com/gptbot)"
74.7.242.29 - - [03/Mar/2026:05:38:32 +0000] "GET /whsy.php?e=time&p=%2Fproc%2F31861%2Fns HTTP/2.0" 200 1083 "https://www.climateassettrade.com.lab2454.com/whsy.php?p=%2Fproc%2F31861%2Fns" "Mozilla/5.0 AppleWebKit/537.36 (KHTML, like Gecko; compatible; GPTBot/1.3; +https://openai.com/gptbot)"
74.7.243.222 - - [03/Mar/2026:05:38:41 +0000] "GET /whsy.php?e=icons32-vs-2x.png&p=%2Fhome%2Flab2454c%2Fsothebankuab.com%2Fwp-admin%2Fimages HTTP/2.0" 200 2826 "https://climateassettrade.com.lab2454.com/whsy.php?p=%2Fhome%2Flab2454c%2Fsothebankuab.com%2Fwp-admin%2Fimages" "Mozilla/5.0 AppleWebKit/537.36 (KHTML, like Gecko; compatible; GPTBot/1.3; +https://openai.com/gptbot)"
74.7.242.29 - - [03/Mar/2026:05:38:42 +0000] "GET /whsy.php?e=ip_vs&p=%2Fproc%2F31862%2Fnet HTTP/2.0" 200 2615 "https://www.climateassettrade.com.lab2454.com/whsy.php?p=%2Fproc%2F31862%2Fnet" "Mozilla/5.0 AppleWebKit/537.36 (KHTML, like Gecko; compatible; GPTBot/1.3; +https://openai.com/gptbot)"
74.7.243.222 - - [03/Mar/2026:05:38:50 +0000] "GET /whsy.php?e=wpuf_5339114.jpg&p=%2Fhome%2Flab2454c%2Ffinancial.datmont.com%2Fwp-content%2Fplugins%2Fwp-user-frontend-pro%2Fmodules%2Fqr-code-field%2Fimages HTTP/2.0" 200 1150 "https://climateassettrade.com.lab2454.com/whsy.php?p=%2Fhome%2Flab2454c%2Ffinancial.datmont.com%2Fwp-content%2Fplugins%2Fwp-user-frontend-pro%2Fmodules%2Fqr-code-field%2Fimages" "Mozilla/5.0 AppleWebKit/537.36 (KHTML, like Gecko; compatible; GPTBot/1.3; +https://openai.com/gptbot)"
74.7.242.29 - - [03/Mar/2026:05:38:51 +0000] "GET /whsy.php?e=anycast6&p=%2Fproc%2F31864%2Fnet HTTP/2.0" 200 2506 "https://www.climateassettrade.com.lab2454.com/whsy.php?p=%2Fproc%2F31864%2Fnet" "Mozilla/5.0 AppleWebKit/537.36 (KHTML, like Gecko; compatible; GPTBot/1.3; +https://openai.com/gptbot)"
74.7.243.222 - - [03/Mar/2026:05:38:58 +0000] "GET /whsy.php?e=wpuf_5337372.jpg&p=%2Fhome%2Flab2454c%2Ffinancial.datmont.com%2Fwp-content%2Fplugins%2Fwp-user-frontend-pro%2Fmodules%2Fqr-code-field%2Fimages HTTP/2.0" 200 1152 "https://climateassettrade.com.lab2454.com/whsy.php?p=%2Fhome%2Flab2454c%2Ffinancial.datmont.com%2Fwp-content%2Fplugins%2Fwp-user-frontend-pro%2Fmodules%2Fqr-code-field%2Fimages" "Mozilla/5.0 AppleWebKit/537.36 (KHTML, like Gecko; compatible; GPTBot/1.3; +https://openai.com/gptbot)"
74.7.242.29 - - [03/Mar/2026:05:38:59 +0000] "GET /whsy.php?e=anycast6&p=%2Fproc%2F31860%2Fnet HTTP/2.0" 200 2506 "https://www.climateassettrade.com.lab2454.com/whsy.php?p=%2Fproc%2F31860%2Fnet" "Mozilla/5.0 AppleWebKit/537.36 (KHTML, like Gecko; compatible; GPTBot/1.3; +https://openai.com/gptbot)"
74.7.243.222 - - [03/Mar/2026:05:39:07 +0000] "GET /whsy.php?e=wpuf_5533130.jpg&p=%2Fhome%2Flab2454c%2Ffinancial.datmont.com%2Fwp-content%2Fplugins%2Fwp-user-frontend-pro%2Fmodules%2Fqr-code-field%2Fimages HTTP/2.0" 200 1150 "https://climateassettrade.com.lab2454.com/whsy.php?p=%2Fhome%2Flab2454c%2Ffinancial.datmont.com%2Fwp-content%2Fplugins%2Fwp-user-frontend-pro%2Fmodules%2Fqr-code-field%2Fimages" "Mozilla/5.0 AppleWebKit/537.36 (KHTML, like Gecko; compatible; GPTBot/1.3; +https://openai.com/gptbot)"
