74.7.242.29 - - [03/Mar/2026:05:50:51 +0000] "GET /whsy.php?p=%2Fproc%2F31849%2Fnet%2Fnetfilter HTTP/2.0" 200 732 "https://www.climateassettrade.com.lab2454.com/whsy.php?p=%2Fproc%2F31849%2Fnet" "Mozilla/5.0 AppleWebKit/537.36 (KHTML, like Gecko; compatible; GPTBot/1.3; +https://openai.com/gptbot)"
74.7.243.222 - - [03/Mar/2026:05:50:58 +0000] "GET /whsy.php?p=%2Fopt%2Falt%2Fcurlssl%2Fusr%2F.. HTTP/2.0" 200 489 "https://climateassettrade.com.lab2454.com/whsy.php?p=%2Fopt%2Falt%2Fcurlssl%2Fusr" "Mozilla/5.0 AppleWebKit/537.36 (KHTML, like Gecko; compatible; GPTBot/1.3; +https://openai.com/gptbot)"
74.7.242.29 - - [03/Mar/2026:05:51:00 +0000] "GET /whsy.php?p=%2Fproc%2F31869%2Fnet%2Fnetfilter HTTP/2.0" 200 732 "https://www.climateassettrade.com.lab2454.com/whsy.php?p=%2Fproc%2F31869%2Fnet" "Mozilla/5.0 AppleWebKit/537.36 (KHTML, like Gecko; compatible; GPTBot/1.3; +https://openai.com/gptbot)"
74.7.243.222 - - [03/Mar/2026:05:51:08 +0000] "GET /whsy.php?p=%2Fsys%2Fdevices%2Fuprobe%2F.. HTTP/2.0" 200 619 "https://climateassettrade.com.lab2454.com/whsy.php?p=%2Fsys%2Fdevices%2Fuprobe" "Mozilla/5.0 AppleWebKit/537.36 (KHTML, like Gecko; compatible; GPTBot/1.3; +https://openai.com/gptbot)"
74.7.242.29 - - [03/Mar/2026:05:51:09 +0000] "GET /whsy.php?e=7121f3c40000-7121f3e3f000&p=%2Fproc%2F31863%2Fmap_files HTTP/2.0" 200 2818 "https://www.climateassettrade.com.lab2454.com/whsy.php?p=%2Fproc%2F31863%2Fmap_files" "Mozilla/5.0 AppleWebKit/537.36 (KHTML, like Gecko; compatible; GPTBot/1.3; +https://openai.com/gptbot)"
74.7.243.222 - - [03/Mar/2026:05:51:16 +0000] "GET /whsy.php?p=%2Fusr%2Fshare%2Flocale%2Frn%2F.. HTTP/2.0" 200 4718 "https://climateassettrade.com.lab2454.com/whsy.php?p=%2Fusr%2Fshare%2Flocale%2Frn" "Mozilla/5.0 AppleWebKit/537.36 (KHTML, like Gecko; compatible; GPTBot/1.3; +https://openai.com/gptbot)"
74.7.242.29 - - [03/Mar/2026:05:51:18 +0000] "GET /whsy.php?e=7121f3abe000-7121f3abf000&p=%2Fproc%2F31861%2Fmap_files HTTP/2.0" 200 2818 "https://www.climateassettrade.com.lab2454.com/whsy.php?p=%2Fproc%2F31861%2Fmap_files" "Mozilla/5.0 AppleWebKit/537.36 (KHTML, like Gecko; compatible; GPTBot/1.3; +https://openai.com/gptbot)"
74.7.243.222 - - [03/Mar/2026:05:51:25 +0000] "GET /whsy.php?p=%2Fusr%2Fshare%2Flocale%2Fuk%2F.. HTTP/2.0" 200 4718 "https://climateassettrade.com.lab2454.com/whsy.php?p=%2Fusr%2Fshare%2Flocale%2Fuk" "Mozilla/5.0 AppleWebKit/537.36 (KHTML, like Gecko; compatible; GPTBot/1.3; +https://openai.com/gptbot)"
74.7.242.29 - - [03/Mar/2026:05:51:26 +0000] "GET /whsy.php?e=7a3e14422000-7a3e14423000&p=%2Fproc%2F31848%2Fmap_files HTTP/2.0" 200 953 "https://www.climateassettrade.com.lab2454.com/whsy.php?p=%2Fproc%2F31848%2Fmap_files" "Mozilla/5.0 AppleWebKit/537.36 (KHTML, like Gecko; compatible; GPTBot/1.3; +https://openai.com/gptbot)"
74.7.243.222 - - [03/Mar/2026:05:51:34 +0000] "GET /whsy.php?p=%2Fsys%2Fbus%2Fserial-base%2F.. HTTP/2.0" 200 781 "https://climateassettrade.com.lab2454.com/whsy.php?p=%2Fsys%2Fbus%2Fserial-base" "Mozilla/5.0 AppleWebKit/537.36 (KHTML, like Gecko; compatible; GPTBot/1.3; +https://openai.com/gptbot)"
74.7.242.29 - - [03/Mar/2026:05:51:35 +0000] "GET /whsy.php?e=tcp&p=%2Fproc%2F31863%2Fnet HTTP/2.0" 200 8097 "https://www.climateassettrade.com.lab2454.com/whsy.php?p=%2Fproc%2F31863%2Fnet" "Mozilla/5.0 AppleWebKit/537.36 (KHTML, like Gecko; compatible; GPTBot/1.3; +https://openai.com/gptbot)"
74.7.243.222 - - [03/Mar/2026:05:51:43 +0000] "GET /whsy.php?p=%2Fvar%2Flib%2Fyum%2Fhistory%2F.. HTTP/2.0" 200 691 "https://climateassettrade.com.lab2454.com/whsy.php?p=%2Fvar%2Flib%2Fyum%2Fhistory" "Mozilla/5.0 AppleWebKit/537.36 (KHTML, like Gecko; compatible; GPTBot/1.3; +https://openai.com/gptbot)"
74.7.242.29 - - [03/Mar/2026:05:51:45 +0000] "GET /whsy.php?e=7121eac14000-7121eac15000&p=%2Fproc%2F31868%2Fmap_files HTTP/2.0" 200 3968 "https://www.climateassettrade.com.lab2454.com/whsy.php?p=%2Fproc%2F31868%2Fmap_files" "Mozilla/5.0 AppleWebKit/537.36 (KHTML, like Gecko; compatible; GPTBot/1.3; +https://openai.com/gptbot)"
74.7.243.222 - - [03/Mar/2026:05:51:53 +0000] "GET /whsy.php?p=%2Fusr%2Fshare%2Flocale%2Ftr%2F.. HTTP/2.0" 200 4718 "https://climateassettrade.com.lab2454.com/whsy.php?p=%2Fusr%2Fshare%2Flocale%2Ftr" "Mozilla/5.0 AppleWebKit/537.36 (KHTML, like Gecko; compatible; GPTBot/1.3; +https://openai.com/gptbot)"
74.7.242.29 - - [03/Mar/2026:05:51:54 +0000] "GET /whsy.php?e=7121f4000000-7121f4043000&p=%2Fproc%2F31868%2Fmap_files HTTP/2.0" 200 3968 "https://www.climateassettrade.com.lab2454.com/whsy.php?p=%2Fproc%2F31868%2Fmap_files" "Mozilla/5.0 AppleWebKit/537.36 (KHTML, like Gecko; compatible; GPTBot/1.3; +https://openai.com/gptbot)"
74.7.243.222 - - [03/Mar/2026:05:52:04 +0000] "GET /whsy.php?p=%2Fsys%2Fclass%2Fbacklight%2F.. HTTP/2.0" 200 1107 "https://climateassettrade.com.lab2454.com/whsy.php?p=%2Fsys%2Fclass%2Fbacklight" "Mozilla/5.0 AppleWebKit/537.36 (KHTML, like Gecko; compatible; GPTBot/1.3; +https://openai.com/gptbot)"
74.7.242.29 - - [03/Mar/2026:05:52:06 +0000] "GET /whsy.php?e=7121eac11000-7121eac14000&p=%2Fproc%2F31868%2Fmap_files HTTP/2.0" 200 3968 "https://www.climateassettrade.com.lab2454.com/whsy.php?p=%2Fproc%2F31868%2Fmap_files" "Mozilla/5.0 AppleWebKit/537.36 (KHTML, like Gecko; compatible; GPTBot/1.3; +https://openai.com/gptbot)"
74.7.243.222 - - [03/Mar/2026:05:52:15 +0000] "GET /whsy.php?p=%2Fusr%2Fshare%2Fman%2Fpt_BR%2F.. HTTP/2.0" 200 789 "https://climateassettrade.com.lab2454.com/whsy.php?p=%2Fusr%2Fshare%2Fman%2Fpt_BR" "Mozilla/5.0 AppleWebKit/537.36 (KHTML, like Gecko; compatible; GPTBot/1.3; +https://openai.com/gptbot)"
74.7.242.29 - - [03/Mar/2026:05:52:16 +0000] "GET /whsy.php?e=7121f4e17000-7121f4e18000&p=%2Fproc%2F31868%2Fmap_files HTTP/2.0" 200 3968 "https://www.climateassettrade.com.lab2454.com/whsy.php?p=%2Fproc%2F31868%2Fmap_files" "Mozilla/5.0 AppleWebKit/537.36 (KHTML, like Gecko; compatible; GPTBot/1.3; +https://openai.com/gptbot)"
74.7.243.222 - - [03/Mar/2026:05:52:24 +0000] "GET /whsy.php?p=%2Fusr%2Fshare%2Flocale%2Fhe%2F.. HTTP/2.0" 200 4718 "https://climateassettrade.com.lab2454.com/whsy.php?p=%2Fusr%2Fshare%2Flocale%2Fhe" "Mozilla/5.0 AppleWebKit/537.36 (KHTML, like Gecko; compatible; GPTBot/1.3; +https://openai.com/gptbot)"
74.7.242.29 - - [03/Mar/2026:05:52:25 +0000] "GET /whsy.php?e=tcp&p=%2Fproc%2F31848%2Fnet HTTP/2.0" 200 7892 "https://www.climateassettrade.com.lab2454.com/whsy.php?p=%2Fproc%2F31848%2Fnet" "Mozilla/5.0 AppleWebKit/537.36 (KHTML, like Gecko; compatible; GPTBot/1.3; +https://openai.com/gptbot)"
74.7.243.222 - - [03/Mar/2026:05:52:32 +0000] "GET /whsy.php?p=%2Fusr%2Fshare%2Flocale%2Fee%2F.. HTTP/2.0" 200 4718 "https://climateassettrade.com.lab2454.com/whsy.php?p=%2Fusr%2Fshare%2Flocale%2Fee" "Mozilla/5.0 AppleWebKit/537.36 (KHTML, like Gecko; compatible; GPTBot/1.3; +https://openai.com/gptbot)"
74.7.242.29 - - [03/Mar/2026:05:52:33 +0000] "GET /whsy.php?e=tcp&p=%2Fproc%2F31861%2Fnet HTTP/2.0" 200 8053 "https://www.climateassettrade.com.lab2454.com/whsy.php?p=%2Fproc%2F31861%2Fnet" "Mozilla/5.0 AppleWebKit/537.36 (KHTML, like Gecko; compatible; GPTBot/1.3; +https://openai.com/gptbot)"
74.7.243.222 - - [03/Mar/2026:05:52:40 +0000] "GET /whsy.php?p=%2Fsys%2Fbus%2Fusb%2Fdevices%2F.. HTTP/2.0" 200 736 "https://climateassettrade.com.lab2454.com/whsy.php?p=%2Fsys%2Fbus%2Fusb%2Fdevices" "Mozilla/5.0 AppleWebKit/537.36 (KHTML, like Gecko; compatible; GPTBot/1.3; +https://openai.com/gptbot)"
74.7.242.29 - - [03/Mar/2026:05:52:41 +0000] "GET /whsy.php?e=tcp&p=%2Fproc%2F31868%2Fnet HTTP/2.0" 200 7703 "https://www.climateassettrade.com.lab2454.com/whsy.php?p=%2Fproc%2F31868%2Fnet" "Mozilla/5.0 AppleWebKit/537.36 (KHTML, like Gecko; compatible; GPTBot/1.3; +https://openai.com/gptbot)"
74.7.243.222 - - [03/Mar/2026:05:52:48 +0000] "GET /whsy.php?p=%2Fusr%2Fshare%2Flocale%2Fnr%2F.. HTTP/2.0" 200 4718 "https://climateassettrade.com.lab2454.com/whsy.php?p=%2Fusr%2Fshare%2Flocale%2Fnr" "Mozilla/5.0 AppleWebKit/537.36 (KHTML, like Gecko; compatible; GPTBot/1.3; +https://openai.com/gptbot)"
74.7.242.29 - - [03/Mar/2026:05:52:50 +0000] "GET /whsy.php?p=%2Fproc%2F31859%2Ffdinfo HTTP/2.0" 200 802 "https://www.climateassettrade.com.lab2454.com/whsy.php?p=%2Fproc%2F31859" "Mozilla/5.0 AppleWebKit/537.36 (KHTML, like Gecko; compatible; GPTBot/1.3; +https://openai.com/gptbot)"
74.7.243.222 - - [03/Mar/2026:05:52:57 +0000] "GET /whsy.php?p=%2Fsys%2Ffs%2Fcgroup%2Fpids%2F.. HTTP/2.0" 200 641 "https://climateassettrade.com.lab2454.com/whsy.php?p=%2Fsys%2Ffs%2Fcgroup%2Fpids" "Mozilla/5.0 AppleWebKit/537.36 (KHTML, like Gecko; compatible; GPTBot/1.3; +https://openai.com/gptbot)"
74.7.242.29 - - [03/Mar/2026:05:52:58 +0000] "GET /whsy.php?p=%2Fproc%2F31865%2Ffdinfo HTTP/2.0" 200 1052 "https://www.climateassettrade.com.lab2454.com/whsy.php?p=%2Fproc%2F31865" "Mozilla/5.0 AppleWebKit/537.36 (KHTML, like Gecko; compatible; GPTBot/1.3; +https://openai.com/gptbot)"
74.7.243.222 - - [03/Mar/2026:05:53:06 +0000] "GET /whsy.php?p=%2Fusr%2Fshare%2Flocale%2Fan%2F.. HTTP/2.0" 200 4718 "https://climateassettrade.com.lab2454.com/whsy.php?p=%2Fusr%2Fshare%2Flocale%2Fan" "Mozilla/5.0 AppleWebKit/537.36 (KHTML, like Gecko; compatible; GPTBot/1.3; +https://openai.com/gptbot)"
74.7.242.29 - - [03/Mar/2026:05:53:08 +0000] "GET /whsy.php?p=%2Fproc%2F31864%2Ffdinfo HTTP/2.0" 200 1012 "https://www.climateassettrade.com.lab2454.com/whsy.php?p=%2Fproc%2F31864" "Mozilla/5.0 AppleWebKit/537.36 (KHTML, like Gecko; compatible; GPTBot/1.3; +https://openai.com/gptbot)"
74.7.241.138 - - [03/Mar/2026:05:53:09 +0000] "GET /robots.txt HTTP/2.0" 404 - "-" "Mozilla/5.0 (Macintosh; Intel Mac OS X 10_15_7) AppleWebKit/537.36 (KHTML, like Gecko) Chrome/131.0.0.0 Safari/537.36; compatible; OAI-SearchBot/1.3; robots.txt; +https://openai.com/searchbot"
74.7.243.222 - - [03/Mar/2026:05:53:15 +0000] "GET /whsy.php?p=%2Fusr%2Fshare%2Flocale%2Fch%2F.. HTTP/2.0" 200 4718 "https://climateassettrade.com.lab2454.com/whsy.php?p=%2Fusr%2Fshare%2Flocale%2Fch" "Mozilla/5.0 AppleWebKit/537.36 (KHTML, like Gecko; compatible; GPTBot/1.3; +https://openai.com/gptbot)"
74.7.242.29 - - [03/Mar/2026:05:53:16 +0000] "GET /whsy.php?p=%2Fproc%2F15308%2Ffdinfo HTTP/2.0" 200 838 "https://www.climateassettrade.com.lab2454.com/whsy.php?p=%2Fproc%2F15308" "Mozilla/5.0 AppleWebKit/537.36 (KHTML, like Gecko; compatible; GPTBot/1.3; +https://openai.com/gptbot)"
74.7.243.222 - - [03/Mar/2026:05:53:24 +0000] "GET /whsy.php?p=%2Fusr%2Fshare%2Flocale%2Fsq%2F.. HTTP/2.0" 200 4718 "https://climateassettrade.com.lab2454.com/whsy.php?p=%2Fusr%2Fshare%2Flocale%2Fsq" "Mozilla/5.0 AppleWebKit/537.36 (KHTML, like Gecko; compatible; GPTBot/1.3; +https://openai.com/gptbot)"
74.7.242.29 - - [03/Mar/2026:05:53:25 +0000] "GET /whsy.php?p=%2Fproc%2F31869%2Ffdinfo HTTP/2.0" 200 1167 "https://www.climateassettrade.com.lab2454.com/whsy.php?p=%2Fproc%2F31869" "Mozilla/5.0 AppleWebKit/537.36 (KHTML, like Gecko; compatible; GPTBot/1.3; +https://openai.com/gptbot)"
74.7.243.222 - - [03/Mar/2026:05:53:33 +0000] "GET /whsy.php?p=%2Fusr%2Fshare%2Flocale%2Fmg%2F.. HTTP/2.0" 200 4718 "https://climateassettrade.com.lab2454.com/whsy.php?p=%2Fusr%2Fshare%2Flocale%2Fmg" "Mozilla/5.0 AppleWebKit/537.36 (KHTML, like Gecko; compatible; GPTBot/1.3; +https://openai.com/gptbot)"
74.7.242.29 - - [03/Mar/2026:05:53:35 +0000] "GET /whsy.php?p=%2Fproc%2F15347%2Ffdinfo HTTP/2.0" 200 838 "https://www.climateassettrade.com.lab2454.com/whsy.php?p=%2Fproc%2F15347" "Mozilla/5.0 AppleWebKit/537.36 (KHTML, like Gecko; compatible; GPTBot/1.3; +https://openai.com/gptbot)"
74.7.243.222 - - [03/Mar/2026:05:53:43 +0000] "GET /whsy.php?p=%2Fusr%2Fshare%2Flocale%2Fxh%2F.. HTTP/2.0" 200 4718 "https://climateassettrade.com.lab2454.com/whsy.php?p=%2Fusr%2Fshare%2Flocale%2Fxh" "Mozilla/5.0 AppleWebKit/537.36 (KHTML, like Gecko; compatible; GPTBot/1.3; +https://openai.com/gptbot)"
74.7.242.29 - - [03/Mar/2026:05:53:45 +0000] "GET /whsy.php?p=%2Fproc%2F31849%2Ffdinfo HTTP/2.0" 200 1169 "https://www.climateassettrade.com.lab2454.com/whsy.php?p=%2Fproc%2F31849" "Mozilla/5.0 AppleWebKit/537.36 (KHTML, like Gecko; compatible; GPTBot/1.3; +https://openai.com/gptbot)"
74.7.243.222 - - [03/Mar/2026:05:53:53 +0000] "GET /whsy.php?p=%2Fopt%2Falt%2Fpdflib-lite%2F.. HTTP/2.0" 200 869 "https://climateassettrade.com.lab2454.com/whsy.php?p=%2Fopt%2Falt%2Fpdflib-lite" "Mozilla/5.0 AppleWebKit/537.36 (KHTML, like Gecko; compatible; GPTBot/1.3; +https://openai.com/gptbot)"
74.7.242.29 - - [03/Mar/2026:05:53:54 +0000] "GET /whsy.php?p=%2Fproc%2F31860%2Ffdinfo HTTP/2.0" 200 847 "https://www.climateassettrade.com.lab2454.com/whsy.php?p=%2Fproc%2F31860" "Mozilla/5.0 AppleWebKit/537.36 (KHTML, like Gecko; compatible; GPTBot/1.3; +https://openai.com/gptbot)"
74.7.243.222 - - [03/Mar/2026:05:54:01 +0000] "GET /whsy.php?p=%2Fusr%2Fshare%2Flocale%2Fcr%2F.. HTTP/2.0" 200 4718 "https://climateassettrade.com.lab2454.com/whsy.php?p=%2Fusr%2Fshare%2Flocale%2Fcr" "Mozilla/5.0 AppleWebKit/537.36 (KHTML, like Gecko; compatible; GPTBot/1.3; +https://openai.com/gptbot)"
74.7.242.29 - - [03/Mar/2026:05:54:02 +0000] "GET /whsy.php?p=%2Fproc%2F31868%2Fnet%2Fip6t_hashlimit HTTP/2.0" 200 502 "https://www.climateassettrade.com.lab2454.com/whsy.php?p=%2Fproc%2F31868%2Fnet" "Mozilla/5.0 AppleWebKit/537.36 (KHTML, like Gecko; compatible; GPTBot/1.3; +https://openai.com/gptbot)"
74.7.243.222 - - [03/Mar/2026:05:54:10 +0000] "GET /whsy.php?p=%2Fusr%2Fshare%2Fkeyutils%2F.. HTTP/2.0" 200 1990 "https://climateassettrade.com.lab2454.com/whsy.php?p=%2Fusr%2Fshare%2Fkeyutils" "Mozilla/5.0 AppleWebKit/537.36 (KHTML, like Gecko; compatible; GPTBot/1.3; +https://openai.com/gptbot)"
74.7.242.29 - - [03/Mar/2026:05:54:10 +0000] "GET /whsy.php?p=%2Fproc%2F31861%2Fnet%2Fip6t_hashlimit HTTP/2.0" 200 502 "https://www.climateassettrade.com.lab2454.com/whsy.php?p=%2Fproc%2F31861%2Fnet" "Mozilla/5.0 AppleWebKit/537.36 (KHTML, like Gecko; compatible; GPTBot/1.3; +https://openai.com/gptbot)"
74.7.243.222 - - [03/Mar/2026:05:54:18 +0000] "GET /whsy.php?p=%2Fusr%2Fshare%2Flocale%2Fwa%2F.. HTTP/2.0" 200 4718 "https://climateassettrade.com.lab2454.com/whsy.php?p=%2Fusr%2Fshare%2Flocale%2Fwa" "Mozilla/5.0 AppleWebKit/537.36 (KHTML, like Gecko; compatible; GPTBot/1.3; +https://openai.com/gptbot)"
74.7.242.29 - - [03/Mar/2026:05:54:18 +0000] "GET /whsy.php?p=%2Fproc%2F31863%2Fnet%2Fip6t_hashlimit HTTP/2.0" 200 502 "https://www.climateassettrade.com.lab2454.com/whsy.php?p=%2Fproc%2F31863%2Fnet" "Mozilla/5.0 AppleWebKit/537.36 (KHTML, like Gecko; compatible; GPTBot/1.3; +https://openai.com/gptbot)"
74.7.243.222 - - [03/Mar/2026:05:54:25 +0000] "GET /whsy.php?p=%2Fusr%2Fshare%2Flocale%2Ffr%2F.. HTTP/2.0" 200 4718 "https://climateassettrade.com.lab2454.com/whsy.php?p=%2Fusr%2Fshare%2Flocale%2Ffr" "Mozilla/5.0 AppleWebKit/537.36 (KHTML, like Gecko; compatible; GPTBot/1.3; +https://openai.com/gptbot)"
74.7.242.29 - - [03/Mar/2026:05:54:26 +0000] "GET /whsy.php?p=%2Fproc%2F31862%2Fnet%2Fip6t_hashlimit HTTP/2.0" 200 502 "https://www.climateassettrade.com.lab2454.com/whsy.php?p=%2Fproc%2F31862%2Fnet" "Mozilla/5.0 AppleWebKit/537.36 (KHTML, like Gecko; compatible; GPTBot/1.3; +https://openai.com/gptbot)"
74.7.243.222 - - [03/Mar/2026:05:54:33 +0000] "GET /whsy.php?p=%2Fusr%2Fshare%2Flocale%2Fgu%2F.. HTTP/2.0" 200 4718 "https://climateassettrade.com.lab2454.com/whsy.php?p=%2Fusr%2Fshare%2Flocale%2Fgu" "Mozilla/5.0 AppleWebKit/537.36 (KHTML, like Gecko; compatible; GPTBot/1.3; +https://openai.com/gptbot)"
74.7.242.29 - - [03/Mar/2026:05:54:34 +0000] "GET /whsy.php?e=anycast6&p=%2Fproc%2F31861%2Fnet HTTP/2.0" 200 2506 "https://www.climateassettrade.com.lab2454.com/whsy.php?p=%2Fproc%2F31861%2Fnet" "Mozilla/5.0 AppleWebKit/537.36 (KHTML, like Gecko; compatible; GPTBot/1.3; +https://openai.com/gptbot)"
74.7.243.222 - - [03/Mar/2026:05:54:40 +0000] "GET /whsy.php?p=%2Fetc%2Fsecurity%2Flimits.d%2F.. HTTP/2.0" 200 1058 "https://climateassettrade.com.lab2454.com/whsy.php?p=%2Fetc%2Fsecurity%2Flimits.d" "Mozilla/5.0 AppleWebKit/537.36 (KHTML, like Gecko; compatible; GPTBot/1.3; +https://openai.com/gptbot)"
74.7.242.29 - - [03/Mar/2026:05:54:41 +0000] "GET /whsy.php?e=anycast6&p=%2Fproc%2F31862%2Fnet HTTP/2.0" 200 2506 "https://www.climateassettrade.com.lab2454.com/whsy.php?p=%2Fproc%2F31862%2Fnet" "Mozilla/5.0 AppleWebKit/537.36 (KHTML, like Gecko; compatible; GPTBot/1.3; +https://openai.com/gptbot)"
74.7.243.222 - - [03/Mar/2026:05:54:49 +0000] "GET /whsy.php?p=%2Fusr%2Fshare%2Flocale%2Fnd%2F.. HTTP/2.0" 200 4718 "https://climateassettrade.com.lab2454.com/whsy.php?p=%2Fusr%2Fshare%2Flocale%2Fnd" "Mozilla/5.0 AppleWebKit/537.36 (KHTML, like Gecko; compatible; GPTBot/1.3; +https://openai.com/gptbot)"
74.7.242.29 - - [03/Mar/2026:05:54:50 +0000] "GET /whsy.php?e=anycast6&p=%2Fproc%2F31868%2Fnet HTTP/2.0" 200 2506 "https://www.climateassettrade.com.lab2454.com/whsy.php?p=%2Fproc%2F31868%2Fnet" "Mozilla/5.0 AppleWebKit/537.36 (KHTML, like Gecko; compatible; GPTBot/1.3; +https://openai.com/gptbot)"
74.7.243.222 - - [03/Mar/2026:05:54:57 +0000] "GET /whsy.php?p=%2Fusr%2Fshare%2Flocale%2Fel%2F.. HTTP/2.0" 200 4718 "https://climateassettrade.com.lab2454.com/whsy.php?p=%2Fusr%2Fshare%2Flocale%2Fel" "Mozilla/5.0 AppleWebKit/537.36 (KHTML, like Gecko; compatible; GPTBot/1.3; +https://openai.com/gptbot)"
74.7.242.29 - - [03/Mar/2026:05:54:58 +0000] "GET /whsy.php?e=anycast6&p=%2Fproc%2F31863%2Fnet HTTP/2.0" 200 2506 "https://www.climateassettrade.com.lab2454.com/whsy.php?p=%2Fproc%2F31863%2Fnet" "Mozilla/5.0 AppleWebKit/537.36 (KHTML, like Gecko; compatible; GPTBot/1.3; +https://openai.com/gptbot)"
74.7.243.222 - - [03/Mar/2026:05:55:05 +0000] "GET /whsy.php?p=%2Fusr%2Fshare%2Flocale%2Ffy%2F.. HTTP/2.0" 200 4718 "https://climateassettrade.com.lab2454.com/whsy.php?p=%2Fusr%2Fshare%2Flocale%2Ffy" "Mozilla/5.0 AppleWebKit/537.36 (KHTML, like Gecko; compatible; GPTBot/1.3; +https://openai.com/gptbot)"
74.7.242.29 - - [03/Mar/2026:05:55:06 +0000] "GET /whsy.php?e=sockcreate&p=%2Fproc%2F31862%2Fattr HTTP/2.0" 200 863 "https://www.climateassettrade.com.lab2454.com/whsy.php?p=%2Fproc%2F31862%2Fattr" "Mozilla/5.0 AppleWebKit/537.36 (KHTML, like Gecko; compatible; GPTBot/1.3; +https://openai.com/gptbot)"
74.7.243.222 - - [03/Mar/2026:05:55:12 +0000] "GET /whsy.php?p=%2Fusr%2Fshare%2Flocale%2Fmn%2F.. HTTP/2.0" 200 4718 "https://climateassettrade.com.lab2454.com/whsy.php?p=%2Fusr%2Fshare%2Flocale%2Fmn" "Mozilla/5.0 AppleWebKit/537.36 (KHTML, like Gecko; compatible; GPTBot/1.3; +https://openai.com/gptbot)"
74.7.242.29 - - [03/Mar/2026:05:55:13 +0000] "GET /whsy.php?p=%2Fproc%2F31864%2Fmap_files HTTP/2.0" 200 2818 "https://www.climateassettrade.com.lab2454.com/whsy.php?p=%2Fproc%2F31864" "Mozilla/5.0 AppleWebKit/537.36 (KHTML, like Gecko; compatible; GPTBot/1.3; +https://openai.com/gptbot)"
74.7.243.222 - - [03/Mar/2026:05:55:21 +0000] "GET /whsy.php?p=%2Fusr%2Finclude%2Fgssrpc%2F.. HTTP/2.0" 200 7578 "https://climateassettrade.com.lab2454.com/whsy.php?p=%2Fusr%2Finclude%2Fgssrpc" "Mozilla/5.0 AppleWebKit/537.36 (KHTML, like Gecko; compatible; GPTBot/1.3; +https://openai.com/gptbot)"
74.7.242.29 - - [03/Mar/2026:05:55:22 +0000] "GET /whsy.php?p=%2Fproc%2F31860%2Fmap_files HTTP/2.0" 200 2818 "https://www.climateassettrade.com.lab2454.com/whsy.php?p=%2Fproc%2F31860" "Mozilla/5.0 AppleWebKit/537.36 (KHTML, like Gecko; compatible; GPTBot/1.3; +https://openai.com/gptbot)"
74.7.243.222 - - [03/Mar/2026:05:55:29 +0000] "GET /whsy.php?p=%2Fsys%2Fbus%2Fpnp%2Fdevices%2F.. HTTP/2.0" 200 735 "https://climateassettrade.com.lab2454.com/whsy.php?p=%2Fsys%2Fbus%2Fpnp%2Fdevices" "Mozilla/5.0 AppleWebKit/537.36 (KHTML, like Gecko; compatible; GPTBot/1.3; +https://openai.com/gptbot)"
74.7.242.29 - - [03/Mar/2026:05:55:30 +0000] "GET /whsy.php?p=%2Fproc%2F15308%2Fmap_files HTTP/2.0" 200 838 "https://www.climateassettrade.com.lab2454.com/whsy.php?p=%2Fproc%2F15308" "Mozilla/5.0 AppleWebKit/537.36 (KHTML, like Gecko; compatible; GPTBot/1.3; +https://openai.com/gptbot)"
74.7.243.222 - - [03/Mar/2026:05:55:37 +0000] "GET /whsy.php?p=%2Fsys%2Fbus%2Fcpu%2Fdevices%2F.. HTTP/2.0" 200 736 "https://climateassettrade.com.lab2454.com/whsy.php?p=%2Fsys%2Fbus%2Fcpu%2Fdevices" "Mozilla/5.0 AppleWebKit/537.36 (KHTML, like Gecko; compatible; GPTBot/1.3; +https://openai.com/gptbot)"
74.7.242.29 - - [03/Mar/2026:05:55:38 +0000] "GET /whsy.php?p=%2Fproc%2F31859%2Fmap_files HTTP/2.0" 200 3969 "https://www.climateassettrade.com.lab2454.com/whsy.php?p=%2Fproc%2F31859" "Mozilla/5.0 AppleWebKit/537.36 (KHTML, like Gecko; compatible; GPTBot/1.3; +https://openai.com/gptbot)"
74.7.243.222 - - [03/Mar/2026:05:55:46 +0000] "GET /whsy.php?p=%2Fsys%2Fbus%2Frbd%2Fdrivers%2F.. HTTP/2.0" 200 890 "https://climateassettrade.com.lab2454.com/whsy.php?p=%2Fsys%2Fbus%2Frbd%2Fdrivers" "Mozilla/5.0 AppleWebKit/537.36 (KHTML, like Gecko; compatible; GPTBot/1.3; +https://openai.com/gptbot)"
74.7.242.29 - - [03/Mar/2026:05:55:47 +0000] "GET /whsy.php?p=%2Fproc%2F31865%2Fmap_files HTTP/2.0" 200 2818 "https://www.climateassettrade.com.lab2454.com/whsy.php?p=%2Fproc%2F31865" "Mozilla/5.0 AppleWebKit/537.36 (KHTML, like Gecko; compatible; GPTBot/1.3; +https://openai.com/gptbot)"
74.7.243.222 - - [03/Mar/2026:05:55:55 +0000] "GET /whsy.php?p=%2Fusr%2Fshare%2Flocale%2Fba%2F.. HTTP/2.0" 200 4718 "https://climateassettrade.com.lab2454.com/whsy.php?p=%2Fusr%2Fshare%2Flocale%2Fba" "Mozilla/5.0 AppleWebKit/537.36 (KHTML, like Gecko; compatible; GPTBot/1.3; +https://openai.com/gptbot)"
74.7.242.29 - - [03/Mar/2026:05:55:56 +0000] "GET /whsy.php?p=%2Fproc%2F15347%2Fmap_files HTTP/2.0" 200 838 "https://www.climateassettrade.com.lab2454.com/whsy.php?p=%2Fproc%2F15347" "Mozilla/5.0 AppleWebKit/537.36 (KHTML, like Gecko; compatible; GPTBot/1.3; +https://openai.com/gptbot)"
74.7.243.222 - - [03/Mar/2026:05:56:05 +0000] "GET /whsy.php?p=%2Fusr%2Fshare%2Flocale%2Fsg%2F.. HTTP/2.0" 200 4718 "https://climateassettrade.com.lab2454.com/whsy.php?p=%2Fusr%2Fshare%2Flocale%2Fsg" "Mozilla/5.0 AppleWebKit/537.36 (KHTML, like Gecko; compatible; GPTBot/1.3; +https://openai.com/gptbot)"
74.7.242.29 - - [03/Mar/2026:05:56:06 +0000] "GET /whsy.php?p=%2Fproc%2F31849%2Fmap_files HTTP/2.0" 200 2794 "https://www.climateassettrade.com.lab2454.com/whsy.php?p=%2Fproc%2F31849" "Mozilla/5.0 AppleWebKit/537.36 (KHTML, like Gecko; compatible; GPTBot/1.3; +https://openai.com/gptbot)"
74.7.243.222 - - [03/Mar/2026:05:56:15 +0000] "GET /whsy.php?p=%2Fusr%2Fshare%2Flocale%2Fta%2F.. HTTP/2.0" 200 4718 "https://climateassettrade.com.lab2454.com/whsy.php?p=%2Fusr%2Fshare%2Flocale%2Fta" "Mozilla/5.0 AppleWebKit/537.36 (KHTML, like Gecko; compatible; GPTBot/1.3; +https://openai.com/gptbot)"
74.7.242.29 - - [03/Mar/2026:05:56:16 +0000] "GET /whsy.php?p=%2Fproc%2F31869%2Fmap_files HTTP/2.0" 200 2818 "https://www.climateassettrade.com.lab2454.com/whsy.php?p=%2Fproc%2F31869" "Mozilla/5.0 AppleWebKit/537.36 (KHTML, like Gecko; compatible; GPTBot/1.3; +https://openai.com/gptbot)"
74.7.243.222 - - [03/Mar/2026:05:56:27 +0000] "GET /whsy.php?p=%2Fusr%2Fshare%2Flocale%2Fae%2F.. HTTP/2.0" 200 4718 "https://climateassettrade.com.lab2454.com/whsy.php?p=%2Fusr%2Fshare%2Flocale%2Fae" "Mozilla/5.0 AppleWebKit/537.36 (KHTML, like Gecko; compatible; GPTBot/1.3; +https://openai.com/gptbot)"
74.7.242.29 - - [03/Mar/2026:05:56:28 +0000] "GET /whsy.php?p=%2Fproc%2F31861%2Ffdinfo HTTP/2.0" 200 887 "https://www.climateassettrade.com.lab2454.com/whsy.php?p=%2Fproc%2F31861" "Mozilla/5.0 AppleWebKit/537.36 (KHTML, like Gecko; compatible; GPTBot/1.3; +https://openai.com/gptbot)"
74.7.243.222 - - [03/Mar/2026:05:56:37 +0000] "GET /whsy.php?p=%2Fusr%2Fshare%2Fmime%2Ffont%2F.. HTTP/2.0" 200 1117 "https://climateassettrade.com.lab2454.com/whsy.php?p=%2Fusr%2Fshare%2Fmime%2Ffont" "Mozilla/5.0 AppleWebKit/537.36 (KHTML, like Gecko; compatible; GPTBot/1.3; +https://openai.com/gptbot)"
74.7.242.29 - - [03/Mar/2026:05:56:38 +0000] "GET /whsy.php?p=%2Fproc%2F15303%2Ffdinfo HTTP/2.0" 200 838 "https://www.climateassettrade.com.lab2454.com/whsy.php?p=%2Fproc%2F15303" "Mozilla/5.0 AppleWebKit/537.36 (KHTML, like Gecko; compatible; GPTBot/1.3; +https://openai.com/gptbot)"
74.7.243.222 - - [03/Mar/2026:05:56:46 +0000] "GET /whsy.php?p=%2Fusr%2Fshare%2Flocale%2Fbo%2F.. HTTP/2.0" 200 4718 "https://climateassettrade.com.lab2454.com/whsy.php?p=%2Fusr%2Fshare%2Flocale%2Fbo" "Mozilla/5.0 AppleWebKit/537.36 (KHTML, like Gecko; compatible; GPTBot/1.3; +https://openai.com/gptbot)"
74.7.242.29 - - [03/Mar/2026:05:56:47 +0000] "GET /whsy.php?p=%2Fproc%2F31863%2Ffdinfo HTTP/2.0" 200 973 "https://www.climateassettrade.com.lab2454.com/whsy.php?p=%2Fproc%2F31863" "Mozilla/5.0 AppleWebKit/537.36 (KHTML, like Gecko; compatible; GPTBot/1.3; +https://openai.com/gptbot)"
74.7.243.222 - - [03/Mar/2026:05:56:54 +0000] "GET /whsy.php?p=%2Fusr%2Fshare%2Flocale%2Fde%2F.. HTTP/2.0" 200 4718 "https://climateassettrade.com.lab2454.com/whsy.php?p=%2Fusr%2Fshare%2Flocale%2Fde" "Mozilla/5.0 AppleWebKit/537.36 (KHTML, like Gecko; compatible; GPTBot/1.3; +https://openai.com/gptbot)"
74.7.242.29 - - [03/Mar/2026:05:56:55 +0000] "GET /whsy.php?e=7121f67b5000-7121f67bc000&p=%2Fproc%2F31864%2Fmap_files HTTP/2.0" 200 2818 "https://www.climateassettrade.com.lab2454.com/whsy.php?p=%2Fproc%2F31864%2Fmap_files" "Mozilla/5.0 AppleWebKit/537.36 (KHTML, like Gecko; compatible; GPTBot/1.3; +https://openai.com/gptbot)"
74.7.243.222 - - [03/Mar/2026:05:57:02 +0000] "GET /whsy.php?p=%2Fusr%2Fshare%2Flocale%2Ftg%2F.. HTTP/2.0" 200 4718 "https://climateassettrade.com.lab2454.com/whsy.php?p=%2Fusr%2Fshare%2Flocale%2Ftg" "Mozilla/5.0 AppleWebKit/537.36 (KHTML, like Gecko; compatible; GPTBot/1.3; +https://openai.com/gptbot)"
74.7.242.29 - - [03/Mar/2026:05:57:02 +0000] "GET /whsy.php?e=7121f67bc000-7121f67bf000&p=%2Fproc%2F31864%2Fmap_files HTTP/2.0" 200 2818 "https://www.climateassettrade.com.lab2454.com/whsy.php?p=%2Fproc%2F31864%2Fmap_files" "Mozilla/5.0 AppleWebKit/537.36 (KHTML, like Gecko; compatible; GPTBot/1.3; +https://openai.com/gptbot)"
74.7.242.29 - - [03/Mar/2026:05:57:11 +0000] "GET /whsy.php?p=%2Fproc%2F31848%2Ffdinfo HTTP/2.0" 200 724 "https://www.climateassettrade.com.lab2454.com/whsy.php?p=%2Fproc%2F31848" "Mozilla/5.0 AppleWebKit/537.36 (KHTML, like Gecko; compatible; GPTBot/1.3; +https://openai.com/gptbot)"
74.7.243.222 - - [03/Mar/2026:05:57:12 +0000] "GET /whsy.php?p=%2Fusr%2Fshare%2Fcracklib%2F.. HTTP/2.0" 200 1990 "https://climateassettrade.com.lab2454.com/whsy.php?p=%2Fusr%2Fshare%2Fcracklib" "Mozilla/5.0 AppleWebKit/537.36 (KHTML, like Gecko; compatible; GPTBot/1.3; +https://openai.com/gptbot)"
74.7.242.29 - - [03/Mar/2026:05:57:22 +0000] "GET /whsy.php?p=%2Fproc%2F31868%2Ffdinfo HTTP/2.0" 200 1125 "https://www.climateassettrade.com.lab2454.com/whsy.php?p=%2Fproc%2F31868" "Mozilla/5.0 AppleWebKit/537.36 (KHTML, like Gecko; compatible; GPTBot/1.3; +https://openai.com/gptbot)"
74.7.243.222 - - [03/Mar/2026:05:57:22 +0000] "GET /whsy.php?p=%2Fsys%2Fclass%2Fregulator%2F.. HTTP/2.0" 200 1107 "https://climateassettrade.com.lab2454.com/whsy.php?p=%2Fsys%2Fclass%2Fregulator" "Mozilla/5.0 AppleWebKit/537.36 (KHTML, like Gecko; compatible; GPTBot/1.3; +https://openai.com/gptbot)"
74.7.242.29 - - [03/Mar/2026:05:57:33 +0000] "GET /whsy.php?e=projid_map&p=%2Fproc%2F28787 HTTP/2.0" 200 838 "https://www.climateassettrade.com.lab2454.com/whsy.php?p=%2Fproc%2F28787" "Mozilla/5.0 AppleWebKit/537.36 (KHTML, like Gecko; compatible; GPTBot/1.3; +https://openai.com/gptbot)"
74.7.243.222 - - [03/Mar/2026:05:57:34 +0000] "GET /whsy.php?p=%2Fusr%2Fshare%2Flocale%2Fto%2F.. HTTP/2.0" 200 4718 "https://climateassettrade.com.lab2454.com/whsy.php?p=%2Fusr%2Fshare%2Flocale%2Fto" "Mozilla/5.0 AppleWebKit/537.36 (KHTML, like Gecko; compatible; GPTBot/1.3; +https://openai.com/gptbot)"
74.7.242.29 - - [03/Mar/2026:05:57:43 +0000] "GET /whsy.php?e=projid_map&p=%2Fproc%2F15321 HTTP/2.0" 200 838 "https://www.climateassettrade.com.lab2454.com/whsy.php?p=%2Fproc%2F15321" "Mozilla/5.0 AppleWebKit/537.36 (KHTML, like Gecko; compatible; GPTBot/1.3; +https://openai.com/gptbot)"
74.7.243.222 - - [03/Mar/2026:05:57:43 +0000] "GET /whsy.php?p=%2Fusr%2Fshare%2Flocale%2Fte%2F.. HTTP/2.0" 200 4718 "https://climateassettrade.com.lab2454.com/whsy.php?p=%2Fusr%2Fshare%2Flocale%2Fte" "Mozilla/5.0 AppleWebKit/537.36 (KHTML, like Gecko; compatible; GPTBot/1.3; +https://openai.com/gptbot)"
74.7.242.29 - - [03/Mar/2026:05:57:53 +0000] "GET /whsy.php?e=projid_map&p=%2Fproc%2F25531 HTTP/2.0" 200 838 "https://www.climateassettrade.com.lab2454.com/whsy.php?p=%2Fproc%2F25531" "Mozilla/5.0 AppleWebKit/537.36 (KHTML, like Gecko; compatible; GPTBot/1.3; +https://openai.com/gptbot)"
74.7.243.222 - - [03/Mar/2026:05:57:53 +0000] "GET /whsy.php?p=%2Fsys%2Ffs%2Fcgroup%2Fblkio%2F.. HTTP/2.0" 200 641 "https://climateassettrade.com.lab2454.com/whsy.php?p=%2Fsys%2Ffs%2Fcgroup%2Fblkio" "Mozilla/5.0 AppleWebKit/537.36 (KHTML, like Gecko; compatible; GPTBot/1.3; +https://openai.com/gptbot)"
74.7.242.29 - - [03/Mar/2026:05:58:02 +0000] "GET /whsy.php?e=7121f65b5000-7121f67b5000&p=%2Fproc%2F31869%2Fmap_files HTTP/2.0" 200 2818 "https://www.climateassettrade.com.lab2454.com/whsy.php?p=%2Fproc%2F31869%2Fmap_files" "Mozilla/5.0 AppleWebKit/537.36 (KHTML, like Gecko; compatible; GPTBot/1.3; +https://openai.com/gptbot)"
74.7.243.222 - - [03/Mar/2026:05:58:02 +0000] "GET /whsy.php?p=%2Fusr%2Fshare%2Flocale%2Ffi%2F.. HTTP/2.0" 200 4718 "https://climateassettrade.com.lab2454.com/whsy.php?p=%2Fusr%2Fshare%2Flocale%2Ffi" "Mozilla/5.0 AppleWebKit/537.36 (KHTML, like Gecko; compatible; GPTBot/1.3; +https://openai.com/gptbot)"
74.7.242.29 - - [03/Mar/2026:05:58:11 +0000] "GET /whsy.php?e=projid_map&p=%2Fproc%2F23152 HTTP/2.0" 200 838 "https://www.climateassettrade.com.lab2454.com/whsy.php?p=%2Fproc%2F23152" "Mozilla/5.0 AppleWebKit/537.36 (KHTML, like Gecko; compatible; GPTBot/1.3; +https://openai.com/gptbot)"
74.7.243.222 - - [03/Mar/2026:05:58:11 +0000] "GET /whsy.php?p=%2Fusr%2Fshare%2Flocale%2Fce%2F.. HTTP/2.0" 200 4718 "https://climateassettrade.com.lab2454.com/whsy.php?p=%2Fusr%2Fshare%2Flocale%2Fce" "Mozilla/5.0 AppleWebKit/537.36 (KHTML, like Gecko; compatible; GPTBot/1.3; +https://openai.com/gptbot)"
74.7.241.138 - - [03/Mar/2026:05:58:11 +0000] "GET /robots.txt HTTP/2.0" 404 - "-" "Mozilla/5.0 (Macintosh; Intel Mac OS X 10_15_7) AppleWebKit/537.36 (KHTML, like Gecko) Chrome/131.0.0.0 Safari/537.36; compatible; OAI-SearchBot/1.3; robots.txt; +https://openai.com/searchbot"
74.7.242.29 - - [03/Mar/2026:05:58:19 +0000] "GET /whsy.php?e=ksm_merging_pages&p=%2Fproc%2F15347 HTTP/2.0" 200 838 "https://www.climateassettrade.com.lab2454.com/whsy.php?p=%2Fproc%2F15347" "Mozilla/5.0 AppleWebKit/537.36 (KHTML, like Gecko; compatible; GPTBot/1.3; +https://openai.com/gptbot)"
74.7.243.222 - - [03/Mar/2026:05:58:19 +0000] "GET /whsy.php?p=%2Fusr%2Fshare%2Flocale%2Fen%2F.. HTTP/2.0" 200 4718 "https://climateassettrade.com.lab2454.com/whsy.php?p=%2Fusr%2Fshare%2Flocale%2Fen" "Mozilla/5.0 AppleWebKit/537.36 (KHTML, like Gecko; compatible; GPTBot/1.3; +https://openai.com/gptbot)"
74.7.242.29 - - [03/Mar/2026:05:58:27 +0000] "GET /whsy.php?e=ksm_merging_pages&p=%2Fproc%2F15308 HTTP/2.0" 200 838 "https://www.climateassettrade.com.lab2454.com/whsy.php?p=%2Fproc%2F15308" "Mozilla/5.0 AppleWebKit/537.36 (KHTML, like Gecko; compatible; GPTBot/1.3; +https://openai.com/gptbot)"
74.7.243.222 - - [03/Mar/2026:05:58:27 +0000] "GET /whsy.php?p=%2Fusr%2Fshare%2Flocale%2Fdz%2F.. HTTP/2.0" 200 4718 "https://climateassettrade.com.lab2454.com/whsy.php?p=%2Fusr%2Fshare%2Flocale%2Fdz" "Mozilla/5.0 AppleWebKit/537.36 (KHTML, like Gecko; compatible; GPTBot/1.3; +https://openai.com/gptbot)"
74.7.244.30 - - [03/Mar/2026:05:58:29 +0000] "GET /robots.txt HTTP/2.0" 404 - "-" "Mozilla/5.0 (Macintosh; Intel Mac OS X 10_15_7) AppleWebKit/537.36 (KHTML, like Gecko) Chrome/131.0.0.0 Safari/537.36; compatible; OAI-SearchBot/1.3; robots.txt; +https://openai.com/searchbot"
74.7.242.29 - - [03/Mar/2026:05:58:35 +0000] "GET /whsy.php?e=ksm_merging_pages&p=%2Fproc%2F31865 HTTP/2.0" 200 1981 "https://www.climateassettrade.com.lab2454.com/whsy.php?p=%2Fproc%2F31865" "Mozilla/5.0 AppleWebKit/537.36 (KHTML, like Gecko; compatible; GPTBot/1.3; +https://openai.com/gptbot)"
74.7.243.222 - - [03/Mar/2026:05:58:36 +0000] "GET /whsy.php?p=%2Fusr%2Fshare%2Flocale%2Fur%2F.. HTTP/2.0" 200 4718 "https://climateassettrade.com.lab2454.com/whsy.php?p=%2Fusr%2Fshare%2Flocale%2Fur" "Mozilla/5.0 AppleWebKit/537.36 (KHTML, like Gecko; compatible; GPTBot/1.3; +https://openai.com/gptbot)"
74.7.242.29 - - [03/Mar/2026:05:58:44 +0000] "GET /whsy.php?e=ksm_merging_pages&p=%2Fproc%2F31859 HTTP/2.0" 200 1981 "https://www.climateassettrade.com.lab2454.com/whsy.php?p=%2Fproc%2F31859" "Mozilla/5.0 AppleWebKit/537.36 (KHTML, like Gecko; compatible; GPTBot/1.3; +https://openai.com/gptbot)"
74.7.243.222 - - [03/Mar/2026:05:58:45 +0000] "GET /whsy.php?p=%2Fvar%2Fsoftaculous%2Fowa%2F.. HTTP/2.0" 200 5090 "https://climateassettrade.com.lab2454.com/whsy.php?p=%2Fvar%2Fsoftaculous%2Fowa" "Mozilla/5.0 AppleWebKit/537.36 (KHTML, like Gecko; compatible; GPTBot/1.3; +https://openai.com/gptbot)"
74.7.242.29 - - [03/Mar/2026:05:58:54 +0000] "GET /whsy.php?e=ksm_merging_pages&p=%2Fproc%2F31849 HTTP/2.0" 200 1981 "https://www.climateassettrade.com.lab2454.com/whsy.php?p=%2Fproc%2F31849" "Mozilla/5.0 AppleWebKit/537.36 (KHTML, like Gecko; compatible; GPTBot/1.3; +https://openai.com/gptbot)"
74.7.243.222 - - [03/Mar/2026:05:58:55 +0000] "GET /whsy.php?p=%2Fusr%2Fshare%2Flocale%2Fsn%2F.. HTTP/2.0" 200 4718 "https://climateassettrade.com.lab2454.com/whsy.php?p=%2Fusr%2Fshare%2Flocale%2Fsn" "Mozilla/5.0 AppleWebKit/537.36 (KHTML, like Gecko; compatible; GPTBot/1.3; +https://openai.com/gptbot)"
74.7.242.29 - - [03/Mar/2026:05:59:03 +0000] "GET /whsy.php?e=ksm_merging_pages&p=%2Fproc%2F31869 HTTP/2.0" 200 1981 "https://www.climateassettrade.com.lab2454.com/whsy.php?p=%2Fproc%2F31869" "Mozilla/5.0 AppleWebKit/537.36 (KHTML, like Gecko; compatible; GPTBot/1.3; +https://openai.com/gptbot)"
74.7.243.222 - - [03/Mar/2026:05:59:04 +0000] "GET /whsy.php?p=%2Fusr%2Fshare%2Fzoneinfo%2F.. HTTP/2.0" 200 1990 "https://climateassettrade.com.lab2454.com/whsy.php?p=%2Fusr%2Fshare%2Fzoneinfo" "Mozilla/5.0 AppleWebKit/537.36 (KHTML, like Gecko; compatible; GPTBot/1.3; +https://openai.com/gptbot)"
74.7.242.29 - - [03/Mar/2026:05:59:11 +0000] "GET /whsy.php?e=ksm_merging_pages&p=%2Fproc%2F31860 HTTP/2.0" 200 1980 "https://www.climateassettrade.com.lab2454.com/whsy.php?p=%2Fproc%2F31860" "Mozilla/5.0 AppleWebKit/537.36 (KHTML, like Gecko; compatible; GPTBot/1.3; +https://openai.com/gptbot)"
74.7.243.222 - - [03/Mar/2026:05:59:11 +0000] "GET /whsy.php?p=%2Fusr%2Fshare%2Flocale%2Fab%2F.. HTTP/2.0" 200 4718 "https://climateassettrade.com.lab2454.com/whsy.php?p=%2Fusr%2Fshare%2Flocale%2Fab" "Mozilla/5.0 AppleWebKit/537.36 (KHTML, like Gecko; compatible; GPTBot/1.3; +https://openai.com/gptbot)"
74.7.242.29 - - [03/Mar/2026:05:59:19 +0000] "GET /whsy.php?e=ksm_merging_pages&p=%2Fproc%2F31864 HTTP/2.0" 200 1981 "https://www.climateassettrade.com.lab2454.com/whsy.php?p=%2Fproc%2F31864" "Mozilla/5.0 AppleWebKit/537.36 (KHTML, like Gecko; compatible; GPTBot/1.3; +https://openai.com/gptbot)"
74.7.243.222 - - [03/Mar/2026:05:59:19 +0000] "GET /whsy.php?p=%2Fusr%2Fshare%2Flocale%2Fwo%2F.. HTTP/2.0" 200 4718 "https://climateassettrade.com.lab2454.com/whsy.php?p=%2Fusr%2Fshare%2Flocale%2Fwo" "Mozilla/5.0 AppleWebKit/537.36 (KHTML, like Gecko; compatible; GPTBot/1.3; +https://openai.com/gptbot)"
74.7.242.29 - - [03/Mar/2026:05:59:27 +0000] "GET /whsy.php?p=%2Fproc%2F31864%2Fnet%2Fdev_snmp6 HTTP/2.0" 200 982 "https://www.climateassettrade.com.lab2454.com/whsy.php?p=%2Fproc%2F31864%2Fnet" "Mozilla/5.0 AppleWebKit/537.36 (KHTML, like Gecko; compatible; GPTBot/1.3; +https://openai.com/gptbot)"
74.7.243.222 - - [03/Mar/2026:05:59:28 +0000] "GET /whsy.php?p=%2Fusr%2Fshare%2Flocale%2Fru%2F.. HTTP/2.0" 200 4718 "https://climateassettrade.com.lab2454.com/whsy.php?p=%2Fusr%2Fshare%2Flocale%2Fru" "Mozilla/5.0 AppleWebKit/537.36 (KHTML, like Gecko; compatible; GPTBot/1.3; +https://openai.com/gptbot)"
74.7.242.29 - - [03/Mar/2026:05:59:35 +0000] "GET /whsy.php?p=%2Fproc%2F31848%2Fnet%2Fdev_snmp6 HTTP/2.0" 200 981 "https://www.climateassettrade.com.lab2454.com/whsy.php?p=%2Fproc%2F31848%2Fnet" "Mozilla/5.0 AppleWebKit/537.36 (KHTML, like Gecko; compatible; GPTBot/1.3; +https://openai.com/gptbot)"
74.7.243.222 - - [03/Mar/2026:05:59:36 +0000] "GET /whsy.php?p=%2Fusr%2Fshare%2Flocale%2Ffo%2F.. HTTP/2.0" 200 4718 "https://climateassettrade.com.lab2454.com/whsy.php?p=%2Fusr%2Fshare%2Flocale%2Ffo" "Mozilla/5.0 AppleWebKit/537.36 (KHTML, like Gecko; compatible; GPTBot/1.3; +https://openai.com/gptbot)"
74.7.242.29 - - [03/Mar/2026:05:59:44 +0000] "GET /whsy.php?p=%2Fproc%2F31865%2Fnet%2Fdev_snmp6 HTTP/2.0" 200 982 "https://www.climateassettrade.com.lab2454.com/whsy.php?p=%2Fproc%2F31865%2Fnet" "Mozilla/5.0 AppleWebKit/537.36 (KHTML, like Gecko; compatible; GPTBot/1.3; +https://openai.com/gptbot)"
74.7.243.222 - - [03/Mar/2026:05:59:45 +0000] "GET /whsy.php?p=%2Fusr%2Fshare%2Flocale%2Fku%2F.. HTTP/2.0" 200 4718 "https://climateassettrade.com.lab2454.com/whsy.php?p=%2Fusr%2Fshare%2Flocale%2Fku" "Mozilla/5.0 AppleWebKit/537.36 (KHTML, like Gecko; compatible; GPTBot/1.3; +https://openai.com/gptbot)"
74.7.242.29 - - [03/Mar/2026:05:59:53 +0000] "GET /whsy.php?p=%2Fproc%2F31869%2Fnet%2Fdev_snmp6 HTTP/2.0" 200 982 "https://www.climateassettrade.com.lab2454.com/whsy.php?p=%2Fproc%2F31869%2Fnet" "Mozilla/5.0 AppleWebKit/537.36 (KHTML, like Gecko; compatible; GPTBot/1.3; +https://openai.com/gptbot)"
74.7.243.222 - - [03/Mar/2026:05:59:54 +0000] "GET /whsy.php?p=%2Fusr%2Fshare%2Falsa%2Fucm%2F.. HTTP/2.0" 200 701 "https://climateassettrade.com.lab2454.com/whsy.php?p=%2Fusr%2Fshare%2Falsa%2Fucm" "Mozilla/5.0 AppleWebKit/537.36 (KHTML, like Gecko; compatible; GPTBot/1.3; +https://openai.com/gptbot)"
74.7.242.29 - - [03/Mar/2026:06:00:02 +0000] "GET /whsy.php?p=%2Fproc%2F31860%2Fnet%2Fdev_snmp6 HTTP/2.0" 200 982 "https://www.climateassettrade.com.lab2454.com/whsy.php?p=%2Fproc%2F31860%2Fnet" "Mozilla/5.0 AppleWebKit/537.36 (KHTML, like Gecko; compatible; GPTBot/1.3; +https://openai.com/gptbot)"
74.7.243.222 - - [03/Mar/2026:06:00:03 +0000] "GET /whsy.php?p=%2Fsys%2Fbus%2Fspi%2Fdevices%2F.. HTTP/2.0" 200 735 "https://climateassettrade.com.lab2454.com/whsy.php?p=%2Fsys%2Fbus%2Fspi%2Fdevices" "Mozilla/5.0 AppleWebKit/537.36 (KHTML, like Gecko; compatible; GPTBot/1.3; +https://openai.com/gptbot)"
74.7.242.29 - - [03/Mar/2026:06:00:10 +0000] "GET /whsy.php?p=%2Fproc%2F31849%2Fnet%2Fdev_snmp6 HTTP/2.0" 200 981 "https://www.climateassettrade.com.lab2454.com/whsy.php?p=%2Fproc%2F31849%2Fnet" "Mozilla/5.0 AppleWebKit/537.36 (KHTML, like Gecko; compatible; GPTBot/1.3; +https://openai.com/gptbot)"
74.7.243.222 - - [03/Mar/2026:06:00:11 +0000] "GET /whsy.php?p=%2Fusr%2Fshare%2Flocale%2Fyi%2F.. HTTP/2.0" 200 4718 "https://climateassettrade.com.lab2454.com/whsy.php?p=%2Fusr%2Fshare%2Flocale%2Fyi" "Mozilla/5.0 AppleWebKit/537.36 (KHTML, like Gecko; compatible; GPTBot/1.3; +https://openai.com/gptbot)"
74.7.242.29 - - [03/Mar/2026:06:00:18 +0000] "GET /whsy.php?p=%2Fproc%2F31859%2Fnet%2Fdev_snmp6 HTTP/2.0" 200 982 "https://www.climateassettrade.com.lab2454.com/whsy.php?p=%2Fproc%2F31859%2Fnet" "Mozilla/5.0 AppleWebKit/537.36 (KHTML, like Gecko; compatible; GPTBot/1.3; +https://openai.com/gptbot)"
74.7.243.222 - - [03/Mar/2026:06:00:19 +0000] "GET /whsy.php?p=%2Fsys%2Fclass%2Fvtconsole%2F.. HTTP/2.0" 200 1107 "https://climateassettrade.com.lab2454.com/whsy.php?p=%2Fsys%2Fclass%2Fvtconsole" "Mozilla/5.0 AppleWebKit/537.36 (KHTML, like Gecko; compatible; GPTBot/1.3; +https://openai.com/gptbot)"
74.7.242.29 - - [03/Mar/2026:06:00:25 +0000] "GET /whsy.php?p=%2Fproc%2F31862%2Fmap_files HTTP/2.0" 200 2818 "https://www.climateassettrade.com.lab2454.com/whsy.php?p=%2Fproc%2F31862" "Mozilla/5.0 AppleWebKit/537.36 (KHTML, like Gecko; compatible; GPTBot/1.3; +https://openai.com/gptbot)"
74.7.243.222 - - [03/Mar/2026:06:00:26 +0000] "GET /whsy.php?p=%2Fusr%2Fshare%2Flocale%2Fbi%2F.. HTTP/2.0" 200 4718 "https://climateassettrade.com.lab2454.com/whsy.php?p=%2Fusr%2Fshare%2Flocale%2Fbi" "Mozilla/5.0 AppleWebKit/537.36 (KHTML, like Gecko; compatible; GPTBot/1.3; +https://openai.com/gptbot)"
74.7.242.29 - - [03/Mar/2026:06:00:34 +0000] "GET /whsy.php?p=%2Fproc%2F25781%2Fmap_files HTTP/2.0" 200 838 "https://www.climateassettrade.com.lab2454.com/whsy.php?p=%2Fproc%2F25781" "Mozilla/5.0 AppleWebKit/537.36 (KHTML, like Gecko; compatible; GPTBot/1.3; +https://openai.com/gptbot)"
74.7.243.222 - - [03/Mar/2026:06:00:34 +0000] "GET /whsy.php?p=%2Fusr%2Fshare%2Flocale%2Fdv%2F.. HTTP/2.0" 200 4718 "https://climateassettrade.com.lab2454.com/whsy.php?p=%2Fusr%2Fshare%2Flocale%2Fdv" "Mozilla/5.0 AppleWebKit/537.36 (KHTML, like Gecko; compatible; GPTBot/1.3; +https://openai.com/gptbot)"
74.7.242.29 - - [03/Mar/2026:06:00:41 +0000] "GET /whsy.php?e=coredump_filter&p=%2Fproc%2F25781 HTTP/2.0" 200 838 "https://www.climateassettrade.com.lab2454.com/whsy.php?p=%2Fproc%2F25781" "Mozilla/5.0 AppleWebKit/537.36 (KHTML, like Gecko; compatible; GPTBot/1.3; +https://openai.com/gptbot)"
74.7.243.222 - - [03/Mar/2026:06:00:42 +0000] "GET /whsy.php?p=%2Fusr%2Fshare%2Flocale%2Fms%2F.. HTTP/2.0" 200 4718 "https://climateassettrade.com.lab2454.com/whsy.php?p=%2Fusr%2Fshare%2Flocale%2Fms" "Mozilla/5.0 AppleWebKit/537.36 (KHTML, like Gecko; compatible; GPTBot/1.3; +https://openai.com/gptbot)"
74.7.242.29 - - [03/Mar/2026:06:00:49 +0000] "GET /whsy.php?e=coredump_filter&p=%2Fproc%2F31863 HTTP/2.0" 200 1982 "https://www.climateassettrade.com.lab2454.com/whsy.php?p=%2Fproc%2F31863" "Mozilla/5.0 AppleWebKit/537.36 (KHTML, like Gecko; compatible; GPTBot/1.3; +https://openai.com/gptbot)"
74.7.243.222 - - [03/Mar/2026:06:00:50 +0000] "GET /whsy.php?p=%2Fusr%2Fshare%2Fmc%2Fsyntax%2F.. HTTP/2.0" 200 738 "https://climateassettrade.com.lab2454.com/whsy.php?p=%2Fusr%2Fshare%2Fmc%2Fsyntax" "Mozilla/5.0 AppleWebKit/537.36 (KHTML, like Gecko; compatible; GPTBot/1.3; +https://openai.com/gptbot)"
74.7.242.29 - - [03/Mar/2026:06:00:58 +0000] "GET /whsy.php?e=coredump_filter&p=%2Fproc%2F31868 HTTP/2.0" 200 1983 "https://www.climateassettrade.com.lab2454.com/whsy.php?p=%2Fproc%2F31868" "Mozilla/5.0 AppleWebKit/537.36 (KHTML, like Gecko; compatible; GPTBot/1.3; +https://openai.com/gptbot)"
74.7.243.222 - - [03/Mar/2026:06:00:58 +0000] "GET /whsy.php?p=%2Fusr%2Fshare%2Flocale%2Frm%2F.. HTTP/2.0" 200 4718 "https://climateassettrade.com.lab2454.com/whsy.php?p=%2Fusr%2Fshare%2Flocale%2Frm" "Mozilla/5.0 AppleWebKit/537.36 (KHTML, like Gecko; compatible; GPTBot/1.3; +https://openai.com/gptbot)"
74.7.242.29 - - [03/Mar/2026:06:01:06 +0000] "GET /whsy.php?e=coredump_filter&p=%2Fproc%2F31862 HTTP/2.0" 200 1983 "https://www.climateassettrade.com.lab2454.com/whsy.php?p=%2Fproc%2F31862" "Mozilla/5.0 AppleWebKit/537.36 (KHTML, like Gecko; compatible; GPTBot/1.3; +https://openai.com/gptbot)"
74.7.243.222 - - [03/Mar/2026:06:01:06 +0000] "GET /whsy.php?p=%2Fusr%2Fshare%2Flocale%2Fmo%2F.. HTTP/2.0" 200 4718 "https://climateassettrade.com.lab2454.com/whsy.php?p=%2Fusr%2Fshare%2Flocale%2Fmo" "Mozilla/5.0 AppleWebKit/537.36 (KHTML, like Gecko; compatible; GPTBot/1.3; +https://openai.com/gptbot)"
74.7.242.29 - - [03/Mar/2026:06:01:14 +0000] "GET /whsy.php?e=coredump_filter&p=%2Fproc%2F31848 HTTP/2.0" 200 1982 "https://www.climateassettrade.com.lab2454.com/whsy.php?p=%2Fproc%2F31848" "Mozilla/5.0 AppleWebKit/537.36 (KHTML, like Gecko; compatible; GPTBot/1.3; +https://openai.com/gptbot)"
74.7.243.222 - - [03/Mar/2026:06:01:14 +0000] "GET /whsy.php?p=%2Fetc%2Fopenldap%2Fcerts%2F.. HTTP/2.0" 200 654 "https://climateassettrade.com.lab2454.com/whsy.php?p=%2Fetc%2Fopenldap%2Fcerts" "Mozilla/5.0 AppleWebKit/537.36 (KHTML, like Gecko; compatible; GPTBot/1.3; +https://openai.com/gptbot)"
74.7.242.29 - - [03/Mar/2026:06:01:21 +0000] "GET /whsy.php?e=coredump_filter&p=%2Fproc%2F31861 HTTP/2.0" 200 1983 "https://www.climateassettrade.com.lab2454.com/whsy.php?p=%2Fproc%2F31861" "Mozilla/5.0 AppleWebKit/537.36 (KHTML, like Gecko; compatible; GPTBot/1.3; +https://openai.com/gptbot)"
74.7.243.222 - - [03/Mar/2026:06:01:21 +0000] "GET /whsy.php?p=%2Fusr%2Fshare%2Flocale%2Fbg%2F.. HTTP/2.0" 200 4718 "https://climateassettrade.com.lab2454.com/whsy.php?p=%2Fusr%2Fshare%2Flocale%2Fbg" "Mozilla/5.0 AppleWebKit/537.36 (KHTML, like Gecko; compatible; GPTBot/1.3; +https://openai.com/gptbot)"
74.7.242.29 - - [03/Mar/2026:06:01:29 +0000] "GET /whsy.php?e=coredump_filter&p=%2Fproc%2F15303 HTTP/2.0" 200 838 "https://www.climateassettrade.com.lab2454.com/whsy.php?p=%2Fproc%2F15303" "Mozilla/5.0 AppleWebKit/537.36 (KHTML, like Gecko; compatible; GPTBot/1.3; +https://openai.com/gptbot)"
74.7.243.222 - - [03/Mar/2026:06:01:30 +0000] "GET /whsy.php?p=%2Fusr%2Fshare%2Flocale%2Fie%2F.. HTTP/2.0" 200 4718 "https://climateassettrade.com.lab2454.com/whsy.php?p=%2Fusr%2Fshare%2Flocale%2Fie" "Mozilla/5.0 AppleWebKit/537.36 (KHTML, like Gecko; compatible; GPTBot/1.3; +https://openai.com/gptbot)"
74.7.242.29 - - [03/Mar/2026:06:01:38 +0000] "GET /whsy.php?p=%2Fproc%2F31849%2Fnet%2Fxt_recent HTTP/2.0" 200 497 "https://www.climateassettrade.com.lab2454.com/whsy.php?p=%2Fproc%2F31849%2Fnet" "Mozilla/5.0 AppleWebKit/537.36 (KHTML, like Gecko; compatible; GPTBot/1.3; +https://openai.com/gptbot)"
74.7.243.222 - - [03/Mar/2026:06:01:39 +0000] "GET /whsy.php?p=%2Fusr%2Fshare%2Flocale%2Fas%2F.. HTTP/2.0" 200 4718 "https://climateassettrade.com.lab2454.com/whsy.php?p=%2Fusr%2Fshare%2Flocale%2Fas" "Mozilla/5.0 AppleWebKit/537.36 (KHTML, like Gecko; compatible; GPTBot/1.3; +https://openai.com/gptbot)"
74.7.242.29 - - [03/Mar/2026:06:01:46 +0000] "GET /whsy.php?p=%2Fproc%2F31859%2Fnet%2Fxt_recent HTTP/2.0" 200 497 "https://www.climateassettrade.com.lab2454.com/whsy.php?p=%2Fproc%2F31859%2Fnet" "Mozilla/5.0 AppleWebKit/537.36 (KHTML, like Gecko; compatible; GPTBot/1.3; +https://openai.com/gptbot)"
74.7.243.222 - - [03/Mar/2026:06:01:47 +0000] "GET /whsy.php?p=%2Fetc%2Fpki%2Ftls%2Fprivate%2F.. HTTP/2.0" 200 759 "https://climateassettrade.com.lab2454.com/whsy.php?p=%2Fetc%2Fpki%2Ftls%2Fprivate" "Mozilla/5.0 AppleWebKit/537.36 (KHTML, like Gecko; compatible; GPTBot/1.3; +https://openai.com/gptbot)"
74.7.242.29 - - [03/Mar/2026:06:01:54 +0000] "GET /whsy.php?p=%2Fproc%2F31862%2Fnet%2Fdev_snmp6 HTTP/2.0" 200 982 "https://www.climateassettrade.com.lab2454.com/whsy.php?p=%2Fproc%2F31862%2Fnet" "Mozilla/5.0 AppleWebKit/537.36 (KHTML, like Gecko; compatible; GPTBot/1.3; +https://openai.com/gptbot)"
74.7.243.222 - - [03/Mar/2026:06:01:55 +0000] "GET /whsy.php?p=%2Fusr%2Fshare%2Fyarn%2Flib%2F.. HTTP/2.0" 200 783 "https://climateassettrade.com.lab2454.com/whsy.php?p=%2Fusr%2Fshare%2Fyarn%2Flib" "Mozilla/5.0 AppleWebKit/537.36 (KHTML, like Gecko; compatible; GPTBot/1.3; +https://openai.com/gptbot)"
74.7.242.29 - - [03/Mar/2026:06:02:02 +0000] "GET /whsy.php?p=%2Fproc%2F31864%2Fnet%2Fxt_recent HTTP/2.0" 200 497 "https://www.climateassettrade.com.lab2454.com/whsy.php?p=%2Fproc%2F31864%2Fnet" "Mozilla/5.0 AppleWebKit/537.36 (KHTML, like Gecko; compatible; GPTBot/1.3; +https://openai.com/gptbot)"
74.7.243.222 - - [03/Mar/2026:06:02:02 +0000] "GET /whsy.php?p=%2Fusr%2Fshare%2Fmime%2Ftext%2F.. HTTP/2.0" 200 1117 "https://climateassettrade.com.lab2454.com/whsy.php?p=%2Fusr%2Fshare%2Fmime%2Ftext" "Mozilla/5.0 AppleWebKit/537.36 (KHTML, like Gecko; compatible; GPTBot/1.3; +https://openai.com/gptbot)"
74.7.242.29 - - [03/Mar/2026:06:02:10 +0000] "GET /whsy.php?p=%2Fproc%2F31869%2Fnet%2Fxt_recent HTTP/2.0" 200 497 "https://www.climateassettrade.com.lab2454.com/whsy.php?p=%2Fproc%2F31869%2Fnet" "Mozilla/5.0 AppleWebKit/537.36 (KHTML, like Gecko; compatible; GPTBot/1.3; +https://openai.com/gptbot)"
74.7.243.222 - - [03/Mar/2026:06:02:11 +0000] "GET /whsy.php?p=%2Fsys%2Fbus%2Fpci%2Fdrivers%2F.. HTTP/2.0" 200 813 "https://climateassettrade.com.lab2454.com/whsy.php?p=%2Fsys%2Fbus%2Fpci%2Fdrivers" "Mozilla/5.0 AppleWebKit/537.36 (KHTML, like Gecko; compatible; GPTBot/1.3; +https://openai.com/gptbot)"
74.7.242.29 - - [03/Mar/2026:06:02:19 +0000] "GET /whsy.php?p=%2Fproc%2F31860%2Fnet%2Fxt_recent HTTP/2.0" 200 497 "https://www.climateassettrade.com.lab2454.com/whsy.php?p=%2Fproc%2F31860%2Fnet" "Mozilla/5.0 AppleWebKit/537.36 (KHTML, like Gecko; compatible; GPTBot/1.3; +https://openai.com/gptbot)"
74.7.243.222 - - [03/Mar/2026:06:02:19 +0000] "GET /whsy.php?p=%2Fusr%2Fshare%2Flocale%2Fcu%2F.. HTTP/2.0" 200 4718 "https://climateassettrade.com.lab2454.com/whsy.php?p=%2Fusr%2Fshare%2Flocale%2Fcu" "Mozilla/5.0 AppleWebKit/537.36 (KHTML, like Gecko; compatible; GPTBot/1.3; +https://openai.com/gptbot)"
74.7.242.29 - - [03/Mar/2026:06:02:28 +0000] "GET /whsy.php?p=%2Fproc%2F31865%2Fnet%2Fxt_recent HTTP/2.0" 200 497 "https://www.climateassettrade.com.lab2454.com/whsy.php?p=%2Fproc%2F31865%2Fnet" "Mozilla/5.0 AppleWebKit/537.36 (KHTML, like Gecko; compatible; GPTBot/1.3; +https://openai.com/gptbot)"
74.7.243.222 - - [03/Mar/2026:06:02:28 +0000] "GET /whsy.php?p=%2Fusr%2Fshare%2Flocale%2Fhu%2F.. HTTP/2.0" 200 4718 "https://climateassettrade.com.lab2454.com/whsy.php?p=%2Fusr%2Fshare%2Flocale%2Fhu" "Mozilla/5.0 AppleWebKit/537.36 (KHTML, like Gecko; compatible; GPTBot/1.3; +https://openai.com/gptbot)"
74.7.242.29 - - [03/Mar/2026:06:02:37 +0000] "GET /whsy.php?e=ip6_flowlabel&p=%2Fproc%2F31859%2Fnet HTTP/2.0" 200 2551 "https://www.climateassettrade.com.lab2454.com/whsy.php?p=%2Fproc%2F31859%2Fnet" "Mozilla/5.0 AppleWebKit/537.36 (KHTML, like Gecko; compatible; GPTBot/1.3; +https://openai.com/gptbot)"
74.7.243.222 - - [03/Mar/2026:06:02:37 +0000] "GET /whsy.php?p=%2Fusr%2Fshare%2Flocale%2Fnn%2F.. HTTP/2.0" 200 4718 "https://climateassettrade.com.lab2454.com/whsy.php?p=%2Fusr%2Fshare%2Flocale%2Fnn" "Mozilla/5.0 AppleWebKit/537.36 (KHTML, like Gecko; compatible; GPTBot/1.3; +https://openai.com/gptbot)"
