74.7.243.222 - - [03/Mar/2026:04:47:24 +0000] "GET /whsy.php?p=%2Fhome%2Flab2454c%2Fspaxtac.com%2Fwp-includes%2Fjs%2Fimgareaselect%2F.. HTTP/2.0" 200 3649 "https://climateassettrade.com.lab2454.com/whsy.php?p=%2Fhome%2Flab2454c%2Fspaxtac.com%2Fwp-includes%2Fjs%2Fimgareaselect" "Mozilla/5.0 AppleWebKit/537.36 (KHTML, like Gecko; compatible; GPTBot/1.3; +https://openai.com/gptbot)"
74.7.244.30 - - [03/Mar/2026:04:47:26 +0000] "GET /robots.txt HTTP/2.0" 404 - "-" "Mozilla/5.0 (Macintosh; Intel Mac OS X 10_15_7) AppleWebKit/537.36 (KHTML, like Gecko) Chrome/131.0.0.0 Safari/537.36; compatible; OAI-SearchBot/1.3; robots.txt; +https://openai.com/searchbot"
74.7.242.29 - - [03/Mar/2026:04:47:31 +0000] "GET /whsy.php?e=route&p=%2Fproc%2F31865%2Fnet HTTP/2.0" 200 2638 "https://www.climateassettrade.com.lab2454.com/whsy.php?p=%2Fproc%2F31865%2Fnet" "Mozilla/5.0 AppleWebKit/537.36 (KHTML, like Gecko; compatible; GPTBot/1.3; +https://openai.com/gptbot)"
74.7.243.222 - - [03/Mar/2026:04:47:33 +0000] "GET /whsy.php?p=%2Fhome%2Flab2454c%2Fnetxzero.com%2Fwp-includes%2Fsodium_compat%2Flib%2F.. HTTP/2.0" 200 835 "https://climateassettrade.com.lab2454.com/whsy.php?p=%2Fhome%2Flab2454c%2Fnetxzero.com%2Fwp-includes%2Fsodium_compat%2Flib" "Mozilla/5.0 AppleWebKit/537.36 (KHTML, like Gecko; compatible; GPTBot/1.3; +https://openai.com/gptbot)"
74.7.242.29 - - [03/Mar/2026:04:47:39 +0000] "GET /whsy.php?e=pfkey&p=%2Fproc%2F31865%2Fnet HTTP/2.0" 200 2535 "https://www.climateassettrade.com.lab2454.com/whsy.php?p=%2Fproc%2F31865%2Fnet" "Mozilla/5.0 AppleWebKit/537.36 (KHTML, like Gecko; compatible; GPTBot/1.3; +https://openai.com/gptbot)"
74.7.243.222 - - [03/Mar/2026:04:47:41 +0000] "GET /whsy.php?p=%2Fhome%2Flab2454c%2Fspaxtac.com%2Fwp-includes%2Fblocks%2Fquery-title%2F.. HTTP/2.0" 200 3729 "https://climateassettrade.com.lab2454.com/whsy.php?p=%2Fhome%2Flab2454c%2Fspaxtac.com%2Fwp-includes%2Fblocks%2Fquery-title" "Mozilla/5.0 AppleWebKit/537.36 (KHTML, like Gecko; compatible; GPTBot/1.3; +https://openai.com/gptbot)"
74.7.242.29 - - [03/Mar/2026:04:47:47 +0000] "GET /whsy.php?e=icmp&p=%2Fproc%2F31865%2Fnet HTTP/2.0" 200 2581 "https://www.climateassettrade.com.lab2454.com/whsy.php?p=%2Fproc%2F31865%2Fnet" "Mozilla/5.0 AppleWebKit/537.36 (KHTML, like Gecko; compatible; GPTBot/1.3; +https://openai.com/gptbot)"
74.7.243.222 - - [03/Mar/2026:04:47:49 +0000] "GET /whsy.php?p=%2Fhome%2Flab2454c%2Ffcxpro.com%2Fwp-includes%2FSimplePie%2FContent%2F.. HTTP/2.0" 200 1360 "https://climateassettrade.com.lab2454.com/whsy.php?p=%2Fhome%2Flab2454c%2Ffcxpro.com%2Fwp-includes%2FSimplePie%2FContent" "Mozilla/5.0 AppleWebKit/537.36 (KHTML, like Gecko; compatible; GPTBot/1.3; +https://openai.com/gptbot)"
74.7.242.29 - - [03/Mar/2026:04:47:56 +0000] "GET /whsy.php?e=udp&p=%2Fproc%2F31865%2Fnet HTTP/2.0" 200 2775 "https://www.climateassettrade.com.lab2454.com/whsy.php?p=%2Fproc%2F31865%2Fnet" "Mozilla/5.0 AppleWebKit/537.36 (KHTML, like Gecko; compatible; GPTBot/1.3; +https://openai.com/gptbot)"
74.7.243.222 - - [03/Mar/2026:04:47:57 +0000] "GET /whsy.php?p=%2Fhome%2Flab2454c%2Ffcxpro.com%2Fwp-includes%2FRequests%2FException%2F.. HTTP/2.0" 200 1137 "https://climateassettrade.com.lab2454.com/whsy.php?p=%2Fhome%2Flab2454c%2Ffcxpro.com%2Fwp-includes%2FRequests%2FException" "Mozilla/5.0 AppleWebKit/537.36 (KHTML, like Gecko; compatible; GPTBot/1.3; +https://openai.com/gptbot)"
74.7.242.29 - - [03/Mar/2026:04:48:04 +0000] "GET /whsy.php?e=pfkey&p=%2Fproc%2F31860%2Fnet HTTP/2.0" 200 2534 "https://www.climateassettrade.com.lab2454.com/whsy.php?p=%2Fproc%2F31860%2Fnet" "Mozilla/5.0 AppleWebKit/537.36 (KHTML, like Gecko; compatible; GPTBot/1.3; +https://openai.com/gptbot)"
74.7.243.222 - - [03/Mar/2026:04:48:06 +0000] "GET /whsy.php?p=%2Fhome%2Flab2454c%2Fadenbic.com%2Fwp-includes%2Fblocks%2Fnavigation%2F.. HTTP/2.0" 200 3687 "https://climateassettrade.com.lab2454.com/whsy.php?p=%2Fhome%2Flab2454c%2Fadenbic.com%2Fwp-includes%2Fblocks%2Fnavigation" "Mozilla/5.0 AppleWebKit/537.36 (KHTML, like Gecko; compatible; GPTBot/1.3; +https://openai.com/gptbot)"
74.7.242.29 - - [03/Mar/2026:04:48:14 +0000] "GET /whsy.php?e=pfkey&p=%2Fproc%2F31859%2Fnet HTTP/2.0" 200 2535 "https://www.climateassettrade.com.lab2454.com/whsy.php?p=%2Fproc%2F31859%2Fnet" "Mozilla/5.0 AppleWebKit/537.36 (KHTML, like Gecko; compatible; GPTBot/1.3; +https://openai.com/gptbot)"
74.7.243.222 - - [03/Mar/2026:04:48:15 +0000] "GET /whsy.php?p=%2Fhome%2Flab2454c%2Fpublic_html%2Fwp-includes%2Fblocks%2Fseparator%2F.. HTTP/2.0" 200 3774 "https://climateassettrade.com.lab2454.com/whsy.php?p=%2Fhome%2Flab2454c%2Fpublic_html%2Fwp-includes%2Fblocks%2Fseparator" "Mozilla/5.0 AppleWebKit/537.36 (KHTML, like Gecko; compatible; GPTBot/1.3; +https://openai.com/gptbot)"
74.7.242.29 - - [03/Mar/2026:04:48:23 +0000] "GET /whsy.php?e=pfkey&p=%2Fproc%2F31849%2Fnet HTTP/2.0" 200 2535 "https://www.climateassettrade.com.lab2454.com/whsy.php?p=%2Fproc%2F31849%2Fnet" "Mozilla/5.0 AppleWebKit/537.36 (KHTML, like Gecko; compatible; GPTBot/1.3; +https://openai.com/gptbot)"
74.7.243.222 - - [03/Mar/2026:04:48:24 +0000] "GET /whsy.php?e=elfinder.tr.js&p=%2Fhome%2Flab2454c%2Fbiocei.com%2Fwp-content%2Fplugins%2Fwp-file-manager%2Flib%2Fjs%2Fi18n HTTP/2.0" 200 12023 "https://climateassettrade.com.lab2454.com/whsy.php?p=%2Fhome%2Flab2454c%2Fbiocei.com%2Fwp-content%2Fplugins%2Fwp-file-manager%2Flib%2Fjs%2Fi18n" "Mozilla/5.0 AppleWebKit/537.36 (KHTML, like Gecko; compatible; GPTBot/1.3; +https://openai.com/gptbot)"
74.7.242.29 - - [03/Mar/2026:04:48:32 +0000] "GET /whsy.php?e=route&p=%2Fproc%2F31849%2Fnet HTTP/2.0" 200 2637 "https://www.climateassettrade.com.lab2454.com/whsy.php?p=%2Fproc%2F31849%2Fnet" "Mozilla/5.0 AppleWebKit/537.36 (KHTML, like Gecko; compatible; GPTBot/1.3; +https://openai.com/gptbot)"
74.7.243.222 - - [03/Mar/2026:04:48:33 +0000] "GET /whsy.php?e=elfinder.ko.js&p=%2Fhome%2Flab2454c%2Fbiocei.com%2Fwp-content%2Fplugins%2Fwp-file-manager%2Flib%2Fjs%2Fi18n HTTP/2.0" 200 12255 "https://climateassettrade.com.lab2454.com/whsy.php?p=%2Fhome%2Flab2454c%2Fbiocei.com%2Fwp-content%2Fplugins%2Fwp-file-manager%2Flib%2Fjs%2Fi18n" "Mozilla/5.0 AppleWebKit/537.36 (KHTML, like Gecko; compatible; GPTBot/1.3; +https://openai.com/gptbot)"
74.7.242.29 - - [03/Mar/2026:04:48:41 +0000] "GET /whsy.php?e=pfkey&p=%2Fproc%2F31869%2Fnet HTTP/2.0" 200 2535 "https://www.climateassettrade.com.lab2454.com/whsy.php?p=%2Fproc%2F31869%2Fnet" "Mozilla/5.0 AppleWebKit/537.36 (KHTML, like Gecko; compatible; GPTBot/1.3; +https://openai.com/gptbot)"
74.7.243.222 - - [03/Mar/2026:04:48:42 +0000] "GET /whsy.php?e=elfinder.vi.js&p=%2Fhome%2Flab2454c%2Fbiocei.com%2Fwp-content%2Fplugins%2Fwp-file-manager%2Flib%2Fjs%2Fi18n HTTP/2.0" 200 12008 "https://climateassettrade.com.lab2454.com/whsy.php?p=%2Fhome%2Flab2454c%2Fbiocei.com%2Fwp-content%2Fplugins%2Fwp-file-manager%2Flib%2Fjs%2Fi18n" "Mozilla/5.0 AppleWebKit/537.36 (KHTML, like Gecko; compatible; GPTBot/1.3; +https://openai.com/gptbot)"
74.7.242.29 - - [03/Mar/2026:04:48:51 +0000] "GET /whsy.php?e=route&p=%2Fproc%2F31860%2Fnet HTTP/2.0" 200 2636 "https://www.climateassettrade.com.lab2454.com/whsy.php?p=%2Fproc%2F31860%2Fnet" "Mozilla/5.0 AppleWebKit/537.36 (KHTML, like Gecko; compatible; GPTBot/1.3; +https://openai.com/gptbot)"
74.7.243.222 - - [03/Mar/2026:04:48:52 +0000] "GET /whsy.php?e=elfinder.sk.js&p=%2Fhome%2Flab2454c%2Fbiocei.com%2Fwp-content%2Fplugins%2Fwp-file-manager%2Flib%2Fjs%2Fi18n HTTP/2.0" 200 12276 "https://climateassettrade.com.lab2454.com/whsy.php?p=%2Fhome%2Flab2454c%2Fbiocei.com%2Fwp-content%2Fplugins%2Fwp-file-manager%2Flib%2Fjs%2Fi18n" "Mozilla/5.0 AppleWebKit/537.36 (KHTML, like Gecko; compatible; GPTBot/1.3; +https://openai.com/gptbot)"
74.7.242.29 - - [03/Mar/2026:04:49:00 +0000] "GET /whsy.php?e=route&p=%2Fproc%2F31859%2Fnet HTTP/2.0" 200 2638 "https://www.climateassettrade.com.lab2454.com/whsy.php?p=%2Fproc%2F31859%2Fnet" "Mozilla/5.0 AppleWebKit/537.36 (KHTML, like Gecko; compatible; GPTBot/1.3; +https://openai.com/gptbot)"
74.7.243.222 - - [03/Mar/2026:04:49:00 +0000] "GET /whsy.php?e=elfinder.hu.js&p=%2Fhome%2Flab2454c%2Fbiocei.com%2Fwp-content%2Fplugins%2Fwp-file-manager%2Flib%2Fjs%2Fi18n HTTP/2.0" 200 12154 "https://climateassettrade.com.lab2454.com/whsy.php?p=%2Fhome%2Flab2454c%2Fbiocei.com%2Fwp-content%2Fplugins%2Fwp-file-manager%2Flib%2Fjs%2Fi18n" "Mozilla/5.0 AppleWebKit/537.36 (KHTML, like Gecko; compatible; GPTBot/1.3; +https://openai.com/gptbot)"
74.7.242.29 - - [03/Mar/2026:04:49:09 +0000] "GET /whsy.php?e=route&p=%2Fproc%2F31869%2Fnet HTTP/2.0" 200 2637 "https://www.climateassettrade.com.lab2454.com/whsy.php?p=%2Fproc%2F31869%2Fnet" "Mozilla/5.0 AppleWebKit/537.36 (KHTML, like Gecko; compatible; GPTBot/1.3; +https://openai.com/gptbot)"
74.7.243.222 - - [03/Mar/2026:04:49:10 +0000] "GET /whsy.php?e=elfinder.uk.js&p=%2Fhome%2Flab2454c%2Fbiocei.com%2Fwp-content%2Fplugins%2Fwp-file-manager%2Flib%2Fjs%2Fi18n HTTP/2.0" 200 13253 "https://climateassettrade.com.lab2454.com/whsy.php?p=%2Fhome%2Flab2454c%2Fbiocei.com%2Fwp-content%2Fplugins%2Fwp-file-manager%2Flib%2Fjs%2Fi18n" "Mozilla/5.0 AppleWebKit/537.36 (KHTML, like Gecko; compatible; GPTBot/1.3; +https://openai.com/gptbot)"
74.7.242.29 - - [03/Mar/2026:04:49:19 +0000] "GET /whsy.php?e=icmp&p=%2Fproc%2F31860%2Fnet HTTP/2.0" 200 2580 "https://www.climateassettrade.com.lab2454.com/whsy.php?p=%2Fproc%2F31860%2Fnet" "Mozilla/5.0 AppleWebKit/537.36 (KHTML, like Gecko; compatible; GPTBot/1.3; +https://openai.com/gptbot)"
74.7.243.222 - - [03/Mar/2026:04:49:19 +0000] "GET /whsy.php?e=elfinder.sv.js&p=%2Fhome%2Flab2454c%2Fbiocei.com%2Fwp-content%2Fplugins%2Fwp-file-manager%2Flib%2Fjs%2Fi18n HTTP/2.0" 200 6833 "https://climateassettrade.com.lab2454.com/whsy.php?p=%2Fhome%2Flab2454c%2Fbiocei.com%2Fwp-content%2Fplugins%2Fwp-file-manager%2Flib%2Fjs%2Fi18n" "Mozilla/5.0 AppleWebKit/537.36 (KHTML, like Gecko; compatible; GPTBot/1.3; +https://openai.com/gptbot)"
74.7.242.29 - - [03/Mar/2026:04:49:29 +0000] "GET /whsy.php?e=icmp&p=%2Fproc%2F31849%2Fnet HTTP/2.0" 200 2581 "https://www.climateassettrade.com.lab2454.com/whsy.php?p=%2Fproc%2F31849%2Fnet" "Mozilla/5.0 AppleWebKit/537.36 (KHTML, like Gecko; compatible; GPTBot/1.3; +https://openai.com/gptbot)"
74.7.243.222 - - [03/Mar/2026:04:49:29 +0000] "GET /whsy.php?p=%2Fvar%2Fsoftaculous%2Fvue%2Fimages HTTP/2.0" 200 708 "https://climateassettrade.com.lab2454.com/whsy.php?p=%2Fvar%2Fsoftaculous%2Fvue" "Mozilla/5.0 AppleWebKit/537.36 (KHTML, like Gecko; compatible; GPTBot/1.3; +https://openai.com/gptbot)"
74.7.242.29 - - [03/Mar/2026:04:49:38 +0000] "GET /whsy.php?e=icmp&p=%2Fproc%2F31869%2Fnet HTTP/2.0" 200 2580 "https://www.climateassettrade.com.lab2454.com/whsy.php?p=%2Fproc%2F31869%2Fnet" "Mozilla/5.0 AppleWebKit/537.36 (KHTML, like Gecko; compatible; GPTBot/1.3; +https://openai.com/gptbot)"
74.7.243.222 - - [03/Mar/2026:04:49:38 +0000] "GET /whsy.php?e=config.xml&p=%2Fhome%2Flab2454c%2Fcredityorkgroup.com%2Fvendor%2Fsebastian%2Fcomplexity%2F.psalm HTTP/2.0" 200 1058 "https://climateassettrade.com.lab2454.com/whsy.php?p=%2Fhome%2Flab2454c%2Fcredityorkgroup.com%2Fvendor%2Fsebastian%2Fcomplexity%2F.psalm" "Mozilla/5.0 AppleWebKit/537.36 (KHTML, like Gecko; compatible; GPTBot/1.3; +https://openai.com/gptbot)"
74.7.242.29 - - [03/Mar/2026:04:49:46 +0000] "GET /whsy.php?e=icmp&p=%2Fproc%2F31859%2Fnet HTTP/2.0" 200 2581 "https://www.climateassettrade.com.lab2454.com/whsy.php?p=%2Fproc%2F31859%2Fnet" "Mozilla/5.0 AppleWebKit/537.36 (KHTML, like Gecko; compatible; GPTBot/1.3; +https://openai.com/gptbot)"
74.7.243.222 - - [03/Mar/2026:04:49:47 +0000] "GET /whsy.php?p=%2Fhome%2Flab2454c%2Fclimatefinancebank.com%2Fwp-includes%2Fblocks%2Fcomments-pagination-next HTTP/2.0" 200 764 "https://climateassettrade.com.lab2454.com/whsy.php?p=%2Fhome%2Flab2454c%2Fclimatefinancebank.com%2Fwp-includes%2Fblocks" "Mozilla/5.0 AppleWebKit/537.36 (KHTML, like Gecko; compatible; GPTBot/1.3; +https://openai.com/gptbot)"
74.7.242.29 - - [03/Mar/2026:04:49:55 +0000] "GET /whsy.php?e=udp&p=%2Fproc%2F31869%2Fnet HTTP/2.0" 200 2775 "https://www.climateassettrade.com.lab2454.com/whsy.php?p=%2Fproc%2F31869%2Fnet" "Mozilla/5.0 AppleWebKit/537.36 (KHTML, like Gecko; compatible; GPTBot/1.3; +https://openai.com/gptbot)"
74.7.243.222 - - [03/Mar/2026:04:49:55 +0000] "GET /whsy.php?e=utils.min.js&p=%2Fhome%2Flab2454c%2Fcbcei.com%2Fwp-includes%2Fjs HTTP/2.0" 200 4768 "https://climateassettrade.com.lab2454.com/whsy.php?p=%2Fhome%2Flab2454c%2Fcbcei.com%2Fwp-includes%2Fjs" "Mozilla/5.0 AppleWebKit/537.36 (KHTML, like Gecko; compatible; GPTBot/1.3; +https://openai.com/gptbot)"
74.7.242.29 - - [03/Mar/2026:04:50:04 +0000] "GET /whsy.php?e=udp&p=%2Fproc%2F31849%2Fnet HTTP/2.0" 200 2775 "https://www.climateassettrade.com.lab2454.com/whsy.php?p=%2Fproc%2F31849%2Fnet" "Mozilla/5.0 AppleWebKit/537.36 (KHTML, like Gecko; compatible; GPTBot/1.3; +https://openai.com/gptbot)"
74.7.243.222 - - [03/Mar/2026:04:50:04 +0000] "GET /whsy.php?e=inner-bg-7.png&p=%2Fhome%2Flab2454c%2Fveritserv.com%2Fwp-content%2Fthemes%2Fveritserv%2Finc%2Fassets%2Fimages HTTP/2.0" 200 2555 "https://climateassettrade.com.lab2454.com/whsy.php?p=%2Fhome%2Flab2454c%2Fveritserv.com%2Fwp-content%2Fthemes%2Fveritserv%2Finc%2Fassets%2Fimages" "Mozilla/5.0 AppleWebKit/537.36 (KHTML, like Gecko; compatible; GPTBot/1.3; +https://openai.com/gptbot)"
74.7.242.29 - - [03/Mar/2026:04:50:13 +0000] "GET /whsy.php?e=udp&p=%2Fproc%2F31859%2Fnet HTTP/2.0" 200 2775 "https://www.climateassettrade.com.lab2454.com/whsy.php?p=%2Fproc%2F31859%2Fnet" "Mozilla/5.0 AppleWebKit/537.36 (KHTML, like Gecko; compatible; GPTBot/1.3; +https://openai.com/gptbot)"
74.7.243.222 - - [03/Mar/2026:04:50:14 +0000] "GET /whsy.php?e=inner-bg-8.png&p=%2Fhome%2Flab2454c%2Fveritserv.com%2Fwp-content%2Fthemes%2Fveritserv%2Finc%2Fassets%2Fimages HTTP/2.0" 200 2555 "https://climateassettrade.com.lab2454.com/whsy.php?p=%2Fhome%2Flab2454c%2Fveritserv.com%2Fwp-content%2Fthemes%2Fveritserv%2Finc%2Fassets%2Fimages" "Mozilla/5.0 AppleWebKit/537.36 (KHTML, like Gecko; compatible; GPTBot/1.3; +https://openai.com/gptbot)"
74.7.242.29 - - [03/Mar/2026:04:50:22 +0000] "GET /whsy.php?e=udp&p=%2Fproc%2F31860%2Fnet HTTP/2.0" 200 2775 "https://www.climateassettrade.com.lab2454.com/whsy.php?p=%2Fproc%2F31860%2Fnet" "Mozilla/5.0 AppleWebKit/537.36 (KHTML, like Gecko; compatible; GPTBot/1.3; +https://openai.com/gptbot)"
74.7.243.222 - - [03/Mar/2026:04:50:23 +0000] "GET /whsy.php?e=jquery.imgareaselect.js&p=%2Fhome%2Flab2454c%2Fdansact.com%2Fwp-includes%2Fjs%2Fimgareaselect HTTP/2.0" 200 10590 "https://climateassettrade.com.lab2454.com/whsy.php?p=%2Fhome%2Flab2454c%2Fdansact.com%2Fwp-includes%2Fjs%2Fimgareaselect" "Mozilla/5.0 AppleWebKit/537.36 (KHTML, like Gecko; compatible; GPTBot/1.3; +https://openai.com/gptbot)"
74.7.242.29 - - [03/Mar/2026:04:50:32 +0000] "GET /whsy.php?e=unix&p=%2Fproc%2F31865%2Fnet HTTP/2.0" 200 4975 "https://www.climateassettrade.com.lab2454.com/whsy.php?p=%2Fproc%2F31865%2Fnet" "Mozilla/5.0 AppleWebKit/537.36 (KHTML, like Gecko; compatible; GPTBot/1.3; +https://openai.com/gptbot)"
74.7.243.222 - - [03/Mar/2026:04:50:33 +0000] "GET /whsy.php?e=jquery.imgareaselect.js&p=%2Fhome%2Flab2454c%2Fadenbic.com%2Fwp-includes%2Fjs%2Fimgareaselect HTTP/2.0" 200 10590 "https://climateassettrade.com.lab2454.com/whsy.php?p=%2Fhome%2Flab2454c%2Fadenbic.com%2Fwp-includes%2Fjs%2Fimgareaselect" "Mozilla/5.0 AppleWebKit/537.36 (KHTML, like Gecko; compatible; GPTBot/1.3; +https://openai.com/gptbot)"
74.7.242.29 - - [03/Mar/2026:04:50:41 +0000] "GET /whsy.php?e=unix&p=%2Fproc%2F31849%2Fnet HTTP/2.0" 200 4999 "https://www.climateassettrade.com.lab2454.com/whsy.php?p=%2Fproc%2F31849%2Fnet" "Mozilla/5.0 AppleWebKit/537.36 (KHTML, like Gecko; compatible; GPTBot/1.3; +https://openai.com/gptbot)"
74.7.243.222 - - [03/Mar/2026:04:50:42 +0000] "GET /whsy.php?e=jquery.imgareaselect.js&p=%2Fhome%2Flab2454c%2Fspaxtac.com%2Fwp-includes%2Fjs%2Fimgareaselect HTTP/2.0" 200 10589 "https://climateassettrade.com.lab2454.com/whsy.php?p=%2Fhome%2Flab2454c%2Fspaxtac.com%2Fwp-includes%2Fjs%2Fimgareaselect" "Mozilla/5.0 AppleWebKit/537.36 (KHTML, like Gecko; compatible; GPTBot/1.3; +https://openai.com/gptbot)"
74.7.242.29 - - [03/Mar/2026:04:50:50 +0000] "GET /whsy.php?e=unix&p=%2Fproc%2F31859%2Fnet HTTP/2.0" 200 5014 "https://www.climateassettrade.com.lab2454.com/whsy.php?p=%2Fproc%2F31859%2Fnet" "Mozilla/5.0 AppleWebKit/537.36 (KHTML, like Gecko; compatible; GPTBot/1.3; +https://openai.com/gptbot)"
74.7.243.222 - - [03/Mar/2026:04:50:51 +0000] "GET /whsy.php?e=dns-update.nse&p=%2Fusr%2Fshare%2Fnmap%2Fscripts HTTP/2.0" 200 16027 "https://climateassettrade.com.lab2454.com/whsy.php?p=%2Fusr%2Fshare%2Fnmap%2Fscripts" "Mozilla/5.0 AppleWebKit/537.36 (KHTML, like Gecko; compatible; GPTBot/1.3; +https://openai.com/gptbot)"
74.7.242.29 - - [03/Mar/2026:04:50:59 +0000] "GET /whsy.php?e=unix&p=%2Fproc%2F31860%2Fnet HTTP/2.0" 200 5062 "https://www.climateassettrade.com.lab2454.com/whsy.php?p=%2Fproc%2F31860%2Fnet" "Mozilla/5.0 AppleWebKit/537.36 (KHTML, like Gecko; compatible; GPTBot/1.3; +https://openai.com/gptbot)"
74.7.243.222 - - [03/Mar/2026:04:51:01 +0000] "GET /whsy.php?p=%2Fhome%2Flab2454c%2Fsports.keyreum.com%2F.. HTTP/2.0" 200 3804 "https://climateassettrade.com.lab2454.com/whsy.php?p=%2Fhome%2Flab2454c%2Fsports.keyreum.com" "Mozilla/5.0 AppleWebKit/537.36 (KHTML, like Gecko; compatible; GPTBot/1.3; +https://openai.com/gptbot)"
74.7.242.29 - - [03/Mar/2026:04:51:07 +0000] "GET /whsy.php?e=unix&p=%2Fproc%2F31869%2Fnet HTTP/2.0" 200 5043 "https://www.climateassettrade.com.lab2454.com/whsy.php?p=%2Fproc%2F31869%2Fnet" "Mozilla/5.0 AppleWebKit/537.36 (KHTML, like Gecko; compatible; GPTBot/1.3; +https://openai.com/gptbot)"
74.7.243.222 - - [03/Mar/2026:04:51:09 +0000] "GET /whsy.php?p=%2Fhome%2Flab2454c%2Fcrypto.keyreum.com%2F.. HTTP/2.0" 200 3804 "https://climateassettrade.com.lab2454.com/whsy.php?p=%2Fhome%2Flab2454c%2Fcrypto.keyreum.com" "Mozilla/5.0 AppleWebKit/537.36 (KHTML, like Gecko; compatible; GPTBot/1.3; +https://openai.com/gptbot)"
74.7.242.29 - - [03/Mar/2026:04:51:16 +0000] "GET /whsy.php?p=%2Fproc%2F31860%2Ftask HTTP/2.0" 200 491 "https://www.climateassettrade.com.lab2454.com/whsy.php?p=%2Fproc%2F31860" "Mozilla/5.0 AppleWebKit/537.36 (KHTML, like Gecko; compatible; GPTBot/1.3; +https://openai.com/gptbot)"
74.7.243.222 - - [03/Mar/2026:04:51:17 +0000] "GET /whsy.php?e=uid_map&p=%2Fproc%2F2444 HTTP/2.0" 200 838 "https://climateassettrade.com.lab2454.com/whsy.php?p=%2Fproc%2F2444" "Mozilla/5.0 AppleWebKit/537.36 (KHTML, like Gecko; compatible; GPTBot/1.3; +https://openai.com/gptbot)"
74.7.242.29 - - [03/Mar/2026:04:51:24 +0000] "GET /whsy.php?p=%2Fproc%2F15308%2Ftask HTTP/2.0" 200 838 "https://www.climateassettrade.com.lab2454.com/whsy.php?p=%2Fproc%2F15308" "Mozilla/5.0 AppleWebKit/537.36 (KHTML, like Gecko; compatible; GPTBot/1.3; +https://openai.com/gptbot)"
74.7.243.222 - - [03/Mar/2026:04:51:25 +0000] "GET /whsy.php?e=gid_map&p=%2Fproc%2F2444 HTTP/2.0" 200 838 "https://climateassettrade.com.lab2454.com/whsy.php?p=%2Fproc%2F2444" "Mozilla/5.0 AppleWebKit/537.36 (KHTML, like Gecko; compatible; GPTBot/1.3; +https://openai.com/gptbot)"
74.7.242.29 - - [03/Mar/2026:04:51:33 +0000] "GET /whsy.php?p=%2Fproc%2F31865%2Ftask HTTP/2.0" 200 491 "https://www.climateassettrade.com.lab2454.com/whsy.php?p=%2Fproc%2F31865" "Mozilla/5.0 AppleWebKit/537.36 (KHTML, like Gecko; compatible; GPTBot/1.3; +https://openai.com/gptbot)"
74.7.243.222 - - [03/Mar/2026:04:51:34 +0000] "GET /whsy.php?p=%2Fproc%2F3214%2Ftask%2F3217%2Fnet%2Fnetfilter%2F.. HTTP/2.0" 200 838 "https://climateassettrade.com.lab2454.com/whsy.php?p=%2Fproc%2F3214%2Ftask%2F3217%2Fnet%2Fnetfilter" "Mozilla/5.0 AppleWebKit/537.36 (KHTML, like Gecko; compatible; GPTBot/1.3; +https://openai.com/gptbot)"
74.7.242.29 - - [03/Mar/2026:04:51:43 +0000] "GET /whsy.php?e=igmp&p=%2Fproc%2F31849%2Fnet HTTP/2.0" 200 2592 "https://www.climateassettrade.com.lab2454.com/whsy.php?p=%2Fproc%2F31849%2Fnet" "Mozilla/5.0 AppleWebKit/537.36 (KHTML, like Gecko; compatible; GPTBot/1.3; +https://openai.com/gptbot)"
74.7.243.222 - - [03/Mar/2026:04:51:43 +0000] "GET /whsy.php?e=form-comment.php&p=%2Fhome%2Flab2454c%2Fbiocei.com%2Fwp-content%2Fplugins%2Fadvanced-custom-fields-pro%2Fincludes%2Fforms HTTP/2.0" 200 2995 "https://climateassettrade.com.lab2454.com/whsy.php?p=%2Fhome%2Flab2454c%2Fbiocei.com%2Fwp-content%2Fplugins%2Fadvanced-custom-fields-pro%2Fincludes%2Fforms" "Mozilla/5.0 AppleWebKit/537.36 (KHTML, like Gecko; compatible; GPTBot/1.3; +https://openai.com/gptbot)"
74.7.242.29 - - [03/Mar/2026:04:51:51 +0000] "GET /whsy.php?e=igmp&p=%2Fproc%2F31869%2Fnet HTTP/2.0" 200 2592 "https://www.climateassettrade.com.lab2454.com/whsy.php?p=%2Fproc%2F31869%2Fnet" "Mozilla/5.0 AppleWebKit/537.36 (KHTML, like Gecko; compatible; GPTBot/1.3; +https://openai.com/gptbot)"
74.7.243.222 - - [03/Mar/2026:04:51:53 +0000] "GET /whsy.php?p=%2Fhome%2Flab2454c%2Fsportsnovate.com%2Fbackups%2Fcore%2Fvendor%2Fphpspec%2F.. HTTP/2.0" 200 1361 "https://climateassettrade.com.lab2454.com/whsy.php?p=%2Fhome%2Flab2454c%2Fsportsnovate.com%2Fbackups%2Fcore%2Fvendor%2Fphpspec" "Mozilla/5.0 AppleWebKit/537.36 (KHTML, like Gecko; compatible; GPTBot/1.3; +https://openai.com/gptbot)"
74.7.242.29 - - [03/Mar/2026:04:52:00 +0000] "GET /whsy.php?e=igmp&p=%2Fproc%2F31864%2Fnet HTTP/2.0" 200 2592 "https://www.climateassettrade.com.lab2454.com/whsy.php?p=%2Fproc%2F31864%2Fnet" "Mozilla/5.0 AppleWebKit/537.36 (KHTML, like Gecko; compatible; GPTBot/1.3; +https://openai.com/gptbot)"
74.7.241.138 - - [03/Mar/2026:04:52:01 +0000] "GET /robots.txt HTTP/2.0" 404 - "-" "Mozilla/5.0 (Macintosh; Intel Mac OS X 10_15_7) AppleWebKit/537.36 (KHTML, like Gecko) Chrome/131.0.0.0 Safari/537.36; compatible; OAI-SearchBot/1.3; robots.txt; +https://openai.com/searchbot"
74.7.243.222 - - [03/Mar/2026:04:52:02 +0000] "GET /whsy.php?e=IsTrue.php&p=%2Fhome%2Flab2454c%2Fwesternclear.net%2Fvendor%2Fphpunit%2Fphpunit%2Fsrc%2FFramework%2FConstraint%2FBoolean HTTP/2.0" 200 1298 "https://climateassettrade.com.lab2454.com/whsy.php?p=%2Fhome%2Flab2454c%2Fwesternclear.net%2Fvendor%2Fphpunit%2Fphpunit%2Fsrc%2FFramework%2FConstraint%2FBoolean" "Mozilla/5.0 AppleWebKit/537.36 (KHTML, like Gecko; compatible; GPTBot/1.3; +https://openai.com/gptbot)"
74.7.242.29 - - [03/Mar/2026:04:52:09 +0000] "GET /whsy.php?e=unix&p=%2Fproc%2F31863%2Fnet HTTP/2.0" 200 4991 "https://www.climateassettrade.com.lab2454.com/whsy.php?p=%2Fproc%2F31863%2Fnet" "Mozilla/5.0 AppleWebKit/537.36 (KHTML, like Gecko; compatible; GPTBot/1.3; +https://openai.com/gptbot)"
74.7.243.222 - - [03/Mar/2026:04:52:10 +0000] "GET /whsy.php?e=review.php&p=%2Fhome%2Flab2454c%2Fcarbonbullionexchange.com%2Fwp-content%2Fplugins%2Fwoocommerce%2Ftemplates%2Fsingle-product HTTP/2.0" 200 1997 "https://climateassettrade.com.lab2454.com/whsy.php?p=%2Fhome%2Flab2454c%2Fcarbonbullionexchange.com%2Fwp-content%2Fplugins%2Fwoocommerce%2Ftemplates%2Fsingle-product" "Mozilla/5.0 AppleWebKit/537.36 (KHTML, like Gecko; compatible; GPTBot/1.3; +https://openai.com/gptbot)"
74.7.242.29 - - [03/Mar/2026:04:52:18 +0000] "GET /whsy.php?e=igmp&p=%2Fproc%2F31859%2Fnet HTTP/2.0" 200 2592 "https://www.climateassettrade.com.lab2454.com/whsy.php?p=%2Fproc%2F31859%2Fnet" "Mozilla/5.0 AppleWebKit/537.36 (KHTML, like Gecko; compatible; GPTBot/1.3; +https://openai.com/gptbot)"
74.7.243.222 - - [03/Mar/2026:04:52:19 +0000] "GET /whsy.php?e=google-play-icon-768x295.jpeg&p=%2Fhome%2Flab2454c%2Fdatmont.com%2Fwp-content%2Fuploads%2F2024%2F02 HTTP/2.0" 200 1197 "https://climateassettrade.com.lab2454.com/whsy.php?p=%2Fhome%2Flab2454c%2Fdatmont.com%2Fwp-content%2Fuploads%2F2024%2F02" "Mozilla/5.0 AppleWebKit/537.36 (KHTML, like Gecko; compatible; GPTBot/1.3; +https://openai.com/gptbot)"
74.7.242.29 - - [03/Mar/2026:04:52:26 +0000] "GET /whsy.php?e=igmp&p=%2Fproc%2F31860%2Fnet HTTP/2.0" 200 2591 "https://www.climateassettrade.com.lab2454.com/whsy.php?p=%2Fproc%2F31860%2Fnet" "Mozilla/5.0 AppleWebKit/537.36 (KHTML, like Gecko; compatible; GPTBot/1.3; +https://openai.com/gptbot)"
74.7.243.222 - - [03/Mar/2026:04:52:28 +0000] "GET /whsy.php?e=product-rating-stars-rtl.css&p=%2Fhome%2Flab2454c%2Fcarbonbullion.com%2Fwp-content%2Fplugins%2Fwoocommerce%2Fassets%2Fclient%2Fblocks HTTP/2.0" 200 18150 "https://climateassettrade.com.lab2454.com/whsy.php?p=%2Fhome%2Flab2454c%2Fcarbonbullion.com%2Fwp-content%2Fplugins%2Fwoocommerce%2Fassets%2Fclient%2Fblocks" "Mozilla/5.0 AppleWebKit/537.36 (KHTML, like Gecko; compatible; GPTBot/1.3; +https://openai.com/gptbot)"
74.7.242.29 - - [03/Mar/2026:04:52:35 +0000] "GET /whsy.php?e=unix&p=%2Fproc%2F31868%2Fnet HTTP/2.0" 200 4984 "https://www.climateassettrade.com.lab2454.com/whsy.php?p=%2Fproc%2F31868%2Fnet" "Mozilla/5.0 AppleWebKit/537.36 (KHTML, like Gecko; compatible; GPTBot/1.3; +https://openai.com/gptbot)"
74.7.243.222 - - [03/Mar/2026:04:52:37 +0000] "GET /whsy.php?e=reviews-by-product-rtl.css&p=%2Fhome%2Flab2454c%2Fcarbonbullion.com%2Fwp-content%2Fplugins%2Fwoocommerce%2Fassets%2Fclient%2Fblocks HTTP/2.0" 200 19038 "https://climateassettrade.com.lab2454.com/whsy.php?p=%2Fhome%2Flab2454c%2Fcarbonbullion.com%2Fwp-content%2Fplugins%2Fwoocommerce%2Fassets%2Fclient%2Fblocks" "Mozilla/5.0 AppleWebKit/537.36 (KHTML, like Gecko; compatible; GPTBot/1.3; +https://openai.com/gptbot)"
74.7.242.29 - - [03/Mar/2026:04:52:44 +0000] "GET /whsy.php?e=unix&p=%2Fproc%2F31861%2Fnet HTTP/2.0" 200 4987 "https://www.climateassettrade.com.lab2454.com/whsy.php?p=%2Fproc%2F31861%2Fnet" "Mozilla/5.0 AppleWebKit/537.36 (KHTML, like Gecko; compatible; GPTBot/1.3; +https://openai.com/gptbot)"
74.7.243.222 - - [03/Mar/2026:04:52:46 +0000] "GET /whsy.php?e=product-sale-badge-rtl.css&p=%2Fhome%2Flab2454c%2Fcarbonbullion.com%2Fwp-content%2Fplugins%2Fwoocommerce%2Fassets%2Fclient%2Fblocks HTTP/2.0" 200 17702 "https://climateassettrade.com.lab2454.com/whsy.php?p=%2Fhome%2Flab2454c%2Fcarbonbullion.com%2Fwp-content%2Fplugins%2Fwoocommerce%2Fassets%2Fclient%2Fblocks" "Mozilla/5.0 AppleWebKit/537.36 (KHTML, like Gecko; compatible; GPTBot/1.3; +https://openai.com/gptbot)"
74.7.242.29 - - [03/Mar/2026:04:52:53 +0000] "GET /whsy.php?e=igmp&p=%2Fproc%2F31865%2Fnet HTTP/2.0" 200 2593 "https://www.climateassettrade.com.lab2454.com/whsy.php?p=%2Fproc%2F31865%2Fnet" "Mozilla/5.0 AppleWebKit/537.36 (KHTML, like Gecko; compatible; GPTBot/1.3; +https://openai.com/gptbot)"
74.7.243.222 - - [03/Mar/2026:04:52:55 +0000] "GET /whsy.php?e=var_ea4_repo_uri_os&p=%2Fvar%2Flib%2Fyum%2Fyumdb%2Fe%2F834fcb1e4e403db01e4054f1ce34ae326fbdc55b-ea-php74-php-xml-7.4.33-16.20.5.cpanel-x86_64 HTTP/2.0" 200 1344 "https://climateassettrade.com.lab2454.com/whsy.php?p=%2Fvar%2Flib%2Fyum%2Fyumdb%2Fe%2F834fcb1e4e403db01e4054f1ce34ae326fbdc55b-ea-php74-php-xml-7.4.33-16.20.5.cpanel-x86_64" "Mozilla/5.0 AppleWebKit/537.36 (KHTML, like Gecko; compatible; GPTBot/1.3; +https://openai.com/gptbot)"
74.7.242.29 - - [03/Mar/2026:04:53:02 +0000] "GET /whsy.php?e=unix&p=%2Fproc%2F31848%2Fnet HTTP/2.0" 200 4976 "https://www.climateassettrade.com.lab2454.com/whsy.php?p=%2Fproc%2F31848%2Fnet" "Mozilla/5.0 AppleWebKit/537.36 (KHTML, like Gecko; compatible; GPTBot/1.3; +https://openai.com/gptbot)"
74.7.243.222 - - [03/Mar/2026:04:53:04 +0000] "GET /whsy.php?p=%2Fhome%2Flab2454c%2Fcredityorkgroup.com%2Fvendor%2Fphpunit%2Fphp-file-iterator%2F.psalm%2F.. HTTP/2.0" 200 848 "https://climateassettrade.com.lab2454.com/whsy.php?p=%2Fhome%2Flab2454c%2Fcredityorkgroup.com%2Fvendor%2Fphpunit%2Fphp-file-iterator%2F.psalm" "Mozilla/5.0 AppleWebKit/537.36 (KHTML, like Gecko; compatible; GPTBot/1.3; +https://openai.com/gptbot)"
74.7.242.29 - - [03/Mar/2026:04:53:11 +0000] "GET /whsy.php?e=oom_score&p=%2Fproc%2F31863 HTTP/2.0" 200 1981 "https://www.climateassettrade.com.lab2454.com/whsy.php?p=%2Fproc%2F31863" "Mozilla/5.0 AppleWebKit/537.36 (KHTML, like Gecko; compatible; GPTBot/1.3; +https://openai.com/gptbot)"
74.7.243.222 - - [03/Mar/2026:04:53:13 +0000] "GET /whsy.php?p=%2Fhome%2Flab2454c%2Fbaas.elementalrock.com%2Fwp-includes%2Fblocks%2Fcategories%2F.. HTTP/2.0" 200 2717 "https://climateassettrade.com.lab2454.com/whsy.php?p=%2Fhome%2Flab2454c%2Fbaas.elementalrock.com%2Fwp-includes%2Fblocks%2Fcategories" "Mozilla/5.0 AppleWebKit/537.36 (KHTML, like Gecko; compatible; GPTBot/1.3; +https://openai.com/gptbot)"
74.7.242.29 - - [03/Mar/2026:04:53:21 +0000] "GET /whsy.php?e=oom_score&p=%2Fproc%2F31868 HTTP/2.0" 200 1981 "https://www.climateassettrade.com.lab2454.com/whsy.php?p=%2Fproc%2F31868" "Mozilla/5.0 AppleWebKit/537.36 (KHTML, like Gecko; compatible; GPTBot/1.3; +https://openai.com/gptbot)"
74.7.243.222 - - [03/Mar/2026:04:53:23 +0000] "GET /whsy.php?p=%2Fhome%2Flab2454c%2Fchristianitybank.com%2Fwp-includes%2Fblocks%2Fsocial-links%2F.. HTTP/2.0" 200 3805 "https://climateassettrade.com.lab2454.com/whsy.php?p=%2Fhome%2Flab2454c%2Fchristianitybank.com%2Fwp-includes%2Fblocks%2Fsocial-links" "Mozilla/5.0 AppleWebKit/537.36 (KHTML, like Gecko; compatible; GPTBot/1.3; +https://openai.com/gptbot)"
74.7.242.29 - - [03/Mar/2026:04:53:30 +0000] "GET /whsy.php?e=oom_score&p=%2Fproc%2F15303 HTTP/2.0" 200 838 "https://www.climateassettrade.com.lab2454.com/whsy.php?p=%2Fproc%2F15303" "Mozilla/5.0 AppleWebKit/537.36 (KHTML, like Gecko; compatible; GPTBot/1.3; +https://openai.com/gptbot)"
74.7.243.222 - - [03/Mar/2026:04:53:33 +0000] "GET /whsy.php?p=%2Fhome%2Flab2454c%2Fcredityorkgroup.com%2Fvendor%2Fphpunit%2Fphp-text-template%2F.psalm%2F.. HTTP/2.0" 200 848 "https://climateassettrade.com.lab2454.com/whsy.php?p=%2Fhome%2Flab2454c%2Fcredityorkgroup.com%2Fvendor%2Fphpunit%2Fphp-text-template%2F.psalm" "Mozilla/5.0 AppleWebKit/537.36 (KHTML, like Gecko; compatible; GPTBot/1.3; +https://openai.com/gptbot)"
74.7.242.29 - - [03/Mar/2026:04:53:39 +0000] "GET /whsy.php?e=oom_score&p=%2Fproc%2F31848 HTTP/2.0" 200 1982 "https://www.climateassettrade.com.lab2454.com/whsy.php?p=%2Fproc%2F31848" "Mozilla/5.0 AppleWebKit/537.36 (KHTML, like Gecko; compatible; GPTBot/1.3; +https://openai.com/gptbot)"
74.7.243.222 - - [03/Mar/2026:04:53:42 +0000] "GET /whsy.php?p=%2Fhome%2Flab2454c%2Fcredityorkgroup.com%2Fvendor%2Fcomposer%2F.. HTTP/2.0" 200 1308 "https://climateassettrade.com.lab2454.com/whsy.php?p=%2Fhome%2Flab2454c%2Fcredityorkgroup.com%2Fvendor%2Fcomposer" "Mozilla/5.0 AppleWebKit/537.36 (KHTML, like Gecko; compatible; GPTBot/1.3; +https://openai.com/gptbot)"
74.7.242.29 - - [03/Mar/2026:04:53:48 +0000] "GET /whsy.php?e=oom_score&p=%2Fproc%2F31861 HTTP/2.0" 200 1981 "https://www.climateassettrade.com.lab2454.com/whsy.php?p=%2Fproc%2F31861" "Mozilla/5.0 AppleWebKit/537.36 (KHTML, like Gecko; compatible; GPTBot/1.3; +https://openai.com/gptbot)"
74.7.243.222 - - [03/Mar/2026:04:53:51 +0000] "GET /whsy.php?e=home.php&p=%2Fhome%2Flab2454c%2Fnfsin.com%2Fwp-content%2Fplugins%2Fultimate-member%2Fincludes%2Fadmin%2Ftemplates%2Frole HTTP/2.0" 200 1595 "https://climateassettrade.com.lab2454.com/whsy.php?p=%2Fhome%2Flab2454c%2Fnfsin.com%2Fwp-content%2Fplugins%2Fultimate-member%2Fincludes%2Fadmin%2Ftemplates%2Frole" "Mozilla/5.0 AppleWebKit/537.36 (KHTML, like Gecko; compatible; GPTBot/1.3; +https://openai.com/gptbot)"
74.7.242.29 - - [03/Mar/2026:04:53:57 +0000] "GET /whsy.php?e=arp&p=%2Fproc%2F31861%2Fnet HTTP/2.0" 200 2579 "https://www.climateassettrade.com.lab2454.com/whsy.php?p=%2Fproc%2F31861%2Fnet" "Mozilla/5.0 AppleWebKit/537.36 (KHTML, like Gecko; compatible; GPTBot/1.3; +https://openai.com/gptbot)"
74.7.243.222 - - [03/Mar/2026:04:54:00 +0000] "GET /whsy.php?e=logo.gif&p=%2Fvar%2Fsoftaculous%2Fimpleo%2Fimages HTTP/2.0" 200 766 "https://climateassettrade.com.lab2454.com/whsy.php?p=%2Fvar%2Fsoftaculous%2Fimpleo%2Fimages" "Mozilla/5.0 AppleWebKit/537.36 (KHTML, like Gecko; compatible; GPTBot/1.3; +https://openai.com/gptbot)"
74.7.242.29 - - [03/Mar/2026:04:54:05 +0000] "GET /whsy.php?e=raw&p=%2Fproc%2F31862%2Fnet HTTP/2.0" 200 2578 "https://www.climateassettrade.com.lab2454.com/whsy.php?p=%2Fproc%2F31862%2Fnet" "Mozilla/5.0 AppleWebKit/537.36 (KHTML, like Gecko; compatible; GPTBot/1.3; +https://openai.com/gptbot)"
74.7.243.222 - - [03/Mar/2026:04:54:09 +0000] "GET /whsy.php?e=EVP_rc5_32_12_16_cfb.3ssl.gz&p=%2Fusr%2Fshare%2Fman%2Fman3 HTTP/2.0" 200 349871 "https://climateassettrade.com.lab2454.com/whsy.php?p=%2Fusr%2Fshare%2Fman%2Fman3" "Mozilla/5.0 AppleWebKit/537.36 (KHTML, like Gecko; compatible; GPTBot/1.3; +https://openai.com/gptbot)"
74.7.242.29 - - [03/Mar/2026:04:54:14 +0000] "GET /whsy.php?e=tcp&p=%2Fproc%2F31849%2Fnet HTTP/2.0" 200 10601 "https://www.climateassettrade.com.lab2454.com/whsy.php?p=%2Fproc%2F31849%2Fnet" "Mozilla/5.0 AppleWebKit/537.36 (KHTML, like Gecko; compatible; GPTBot/1.3; +https://openai.com/gptbot)"
74.7.243.222 - - [03/Mar/2026:04:54:18 +0000] "GET /whsy.php?e=EVP_rc5_32_12_16_ofb.3ssl.gz&p=%2Fusr%2Fshare%2Fman%2Fman3 HTTP/2.0" 200 349871 "https://climateassettrade.com.lab2454.com/whsy.php?p=%2Fusr%2Fshare%2Fman%2Fman3" "Mozilla/5.0 AppleWebKit/537.36 (KHTML, like Gecko; compatible; GPTBot/1.3; +https://openai.com/gptbot)"
74.7.242.29 - - [03/Mar/2026:04:54:23 +0000] "GET /whsy.php?e=arp&p=%2Fproc%2F31848%2Fnet HTTP/2.0" 200 2579 "https://www.climateassettrade.com.lab2454.com/whsy.php?p=%2Fproc%2F31848%2Fnet" "Mozilla/5.0 AppleWebKit/537.36 (KHTML, like Gecko; compatible; GPTBot/1.3; +https://openai.com/gptbot)"
74.7.243.222 - - [03/Mar/2026:04:54:28 +0000] "GET /whsy.php?e=class-wp-widget-links.php&p=%2Fhome%2Flab2454c%2Fnetxzero.com%2Fwp-includes%2Fwidgets HTTP/2.0" 200 3285 "https://climateassettrade.com.lab2454.com/whsy.php?p=%2Fhome%2Flab2454c%2Fnetxzero.com%2Fwp-includes%2Fwidgets" "Mozilla/5.0 AppleWebKit/537.36 (KHTML, like Gecko; compatible; GPTBot/1.3; +https://openai.com/gptbot)"
74.7.242.29 - - [03/Mar/2026:04:54:31 +0000] "GET /whsy.php?e=tcp&p=%2Fproc%2F31865%2Fnet HTTP/2.0" 200 10986 "https://www.climateassettrade.com.lab2454.com/whsy.php?p=%2Fproc%2F31865%2Fnet" "Mozilla/5.0 AppleWebKit/537.36 (KHTML, like Gecko; compatible; GPTBot/1.3; +https://openai.com/gptbot)"
74.7.243.222 - - [03/Mar/2026:04:54:36 +0000] "GET /whsy.php?e=class-wp-widget-block.php&p=%2Fhome%2Flab2454c%2Fnetxzero.com%2Fwp-includes%2Fwidgets HTTP/2.0" 200 3300 "https://climateassettrade.com.lab2454.com/whsy.php?p=%2Fhome%2Flab2454c%2Fnetxzero.com%2Fwp-includes%2Fwidgets" "Mozilla/5.0 AppleWebKit/537.36 (KHTML, like Gecko; compatible; GPTBot/1.3; +https://openai.com/gptbot)"
74.7.242.29 - - [03/Mar/2026:04:54:39 +0000] "GET /whsy.php?e=tcp&p=%2Fproc%2F31860%2Fnet HTTP/2.0" 200 11120 "https://www.climateassettrade.com.lab2454.com/whsy.php?p=%2Fproc%2F31860%2Fnet" "Mozilla/5.0 AppleWebKit/537.36 (KHTML, like Gecko; compatible; GPTBot/1.3; +https://openai.com/gptbot)"
74.7.243.222 - - [03/Mar/2026:04:54:45 +0000] "GET /whsy.php?e=class-wp-font-library.php&p=%2Fhome%2Flab2454c%2Fcaimegroup.com%2Fwp-includes%2Ffonts HTTP/2.0" 200 2079 "https://climateassettrade.com.lab2454.com/whsy.php?p=%2Fhome%2Flab2454c%2Fcaimegroup.com%2Fwp-includes%2Ffonts" "Mozilla/5.0 AppleWebKit/537.36 (KHTML, like Gecko; compatible; GPTBot/1.3; +https://openai.com/gptbot)"
74.7.242.29 - - [03/Mar/2026:04:54:48 +0000] "GET /whsy.php?e=tcp&p=%2Fproc%2F31869%2Fnet HTTP/2.0" 200 11327 "https://www.climateassettrade.com.lab2454.com/whsy.php?p=%2Fproc%2F31869%2Fnet" "Mozilla/5.0 AppleWebKit/537.36 (KHTML, like Gecko; compatible; GPTBot/1.3; +https://openai.com/gptbot)"
74.7.243.222 - - [03/Mar/2026:04:54:53 +0000] "GET /whsy.php?e=async_context.html&p=%2Fusr%2Fshare%2Fdoc%2Fnodejs-8.19.4%2Fhtml%2Fapi HTTP/2.0" 200 17706 "https://climateassettrade.com.lab2454.com/whsy.php?p=%2Fusr%2Fshare%2Fdoc%2Fnodejs-8.19.4%2Fhtml%2Fapi" "Mozilla/5.0 AppleWebKit/537.36 (KHTML, like Gecko; compatible; GPTBot/1.3; +https://openai.com/gptbot)"
74.7.242.29 - - [03/Mar/2026:04:54:57 +0000] "GET /whsy.php?e=arp&p=%2Fproc%2F31868%2Fnet HTTP/2.0" 200 2579 "https://www.climateassettrade.com.lab2454.com/whsy.php?p=%2Fproc%2F31868%2Fnet" "Mozilla/5.0 AppleWebKit/537.36 (KHTML, like Gecko; compatible; GPTBot/1.3; +https://openai.com/gptbot)"
74.7.243.222 - - [03/Mar/2026:04:55:02 +0000] "GET /whsy.php?e=email-customer-details.php&p=%2Fhome%2Flab2454c%2Fveritserv.com%2Fwp-content%2Fthemes%2Fveritserv%2Fwoocommerce%2Femails%2Fplain HTTP/2.0" 200 1888 "https://climateassettrade.com.lab2454.com/whsy.php?p=%2Fhome%2Flab2454c%2Fveritserv.com%2Fwp-content%2Fthemes%2Fveritserv%2Fwoocommerce%2Femails%2Fplain" "Mozilla/5.0 AppleWebKit/537.36 (KHTML, like Gecko; compatible; GPTBot/1.3; +https://openai.com/gptbot)"
74.7.242.29 - - [03/Mar/2026:04:55:05 +0000] "GET /whsy.php?e=tcp&p=%2Fproc%2F31864%2Fnet HTTP/2.0" 200 10894 "https://www.climateassettrade.com.lab2454.com/whsy.php?p=%2Fproc%2F31864%2Fnet" "Mozilla/5.0 AppleWebKit/537.36 (KHTML, like Gecko; compatible; GPTBot/1.3; +https://openai.com/gptbot)"
74.7.243.222 - - [03/Mar/2026:04:55:10 +0000] "GET /whsy.php?e=rating-filter-style.asset.php&p=%2Fhome%2Flab2454c%2Fcarbonbullion.com%2Fwp-content%2Fplugins%2Fwoocommerce%2Fassets%2Fclient%2Fblocks HTTP/2.0" 200 17532 "https://climateassettrade.com.lab2454.com/whsy.php?p=%2Fhome%2Flab2454c%2Fcarbonbullion.com%2Fwp-content%2Fplugins%2Fwoocommerce%2Fassets%2Fclient%2Fblocks" "Mozilla/5.0 AppleWebKit/537.36 (KHTML, like Gecko; compatible; GPTBot/1.3; +https://openai.com/gptbot)"
74.7.242.29 - - [03/Mar/2026:04:55:14 +0000] "GET /whsy.php?e=arp&p=%2Fproc%2F31863%2Fnet HTTP/2.0" 200 2579 "https://www.climateassettrade.com.lab2454.com/whsy.php?p=%2Fproc%2F31863%2Fnet" "Mozilla/5.0 AppleWebKit/537.36 (KHTML, like Gecko; compatible; GPTBot/1.3; +https://openai.com/gptbot)"
74.7.243.222 - - [03/Mar/2026:04:55:19 +0000] "GET /whsy.php?e=filter-wrapper-style.asset.php&p=%2Fhome%2Flab2454c%2Fcarbonbullion.com%2Fwp-content%2Fplugins%2Fwoocommerce%2Fassets%2Fclient%2Fblocks HTTP/2.0" 200 17569 "https://climateassettrade.com.lab2454.com/whsy.php?p=%2Fhome%2Flab2454c%2Fcarbonbullion.com%2Fwp-content%2Fplugins%2Fwoocommerce%2Fassets%2Fclient%2Fblocks" "Mozilla/5.0 AppleWebKit/537.36 (KHTML, like Gecko; compatible; GPTBot/1.3; +https://openai.com/gptbot)"
74.7.242.29 - - [03/Mar/2026:04:55:23 +0000] "GET /whsy.php?e=tcp&p=%2Fproc%2F31859%2Fnet HTTP/2.0" 200 10730 "https://www.climateassettrade.com.lab2454.com/whsy.php?p=%2Fproc%2F31859%2Fnet" "Mozilla/5.0 AppleWebKit/537.36 (KHTML, like Gecko; compatible; GPTBot/1.3; +https://openai.com/gptbot)"
74.7.243.222 - - [03/Mar/2026:04:55:28 +0000] "GET /whsy.php?e=install.php&p=%2Fvar%2Fsoftaculous%2Fdolibarr%2Fphp81 HTTP/2.0" 200 5959 "https://climateassettrade.com.lab2454.com/whsy.php?p=%2Fvar%2Fsoftaculous%2Fdolibarr%2Fphp81" "Mozilla/5.0 AppleWebKit/537.36 (KHTML, like Gecko; compatible; GPTBot/1.3; +https://openai.com/gptbot)"
74.7.242.29 - - [03/Mar/2026:04:55:32 +0000] "GET /whsy.php?e=arch_status&p=%2Fproc%2F23152 HTTP/2.0" 200 838 "https://www.climateassettrade.com.lab2454.com/whsy.php?p=%2Fproc%2F23152" "Mozilla/5.0 AppleWebKit/537.36 (KHTML, like Gecko; compatible; GPTBot/1.3; +https://openai.com/gptbot)"
74.7.243.222 - - [03/Mar/2026:04:55:37 +0000] "GET /whsy.php?e=install.php&p=%2Fvar%2Fsoftaculous%2Fwebtrees%2Fphp71 HTTP/2.0" 200 4961 "https://climateassettrade.com.lab2454.com/whsy.php?p=%2Fvar%2Fsoftaculous%2Fwebtrees%2Fphp71" "Mozilla/5.0 AppleWebKit/537.36 (KHTML, like Gecko; compatible; GPTBot/1.3; +https://openai.com/gptbot)"
74.7.242.29 - - [03/Mar/2026:04:55:42 +0000] "GET /whsy.php?e=arch_status&p=%2Fproc%2F28787 HTTP/2.0" 200 838 "https://www.climateassettrade.com.lab2454.com/whsy.php?p=%2Fproc%2F28787" "Mozilla/5.0 AppleWebKit/537.36 (KHTML, like Gecko; compatible; GPTBot/1.3; +https://openai.com/gptbot)"
74.7.243.222 - - [03/Mar/2026:04:55:46 +0000] "GET /whsy.php?e=install.php&p=%2Fvar%2Fsoftaculous%2Finvoices%2Fphp71 HTTP/2.0" 200 4348 "https://climateassettrade.com.lab2454.com/whsy.php?p=%2Fvar%2Fsoftaculous%2Finvoices%2Fphp71" "Mozilla/5.0 AppleWebKit/537.36 (KHTML, like Gecko; compatible; GPTBot/1.3; +https://openai.com/gptbot)"
74.7.242.29 - - [03/Mar/2026:04:55:50 +0000] "GET /whsy.php?e=net&p=%2Fproc%2F31868%2Fns HTTP/2.0" 200 1072 "https://www.climateassettrade.com.lab2454.com/whsy.php?p=%2Fproc%2F31868%2Fns" "Mozilla/5.0 AppleWebKit/537.36 (KHTML, like Gecko; compatible; GPTBot/1.3; +https://openai.com/gptbot)"
74.7.243.222 - - [03/Mar/2026:04:55:54 +0000] "GET /whsy.php?e=install.php&p=%2Fvar%2Fsoftaculous%2Finvoices%2Fphp56 HTTP/2.0" 200 4313 "https://climateassettrade.com.lab2454.com/whsy.php?p=%2Fvar%2Fsoftaculous%2Finvoices%2Fphp56" "Mozilla/5.0 AppleWebKit/537.36 (KHTML, like Gecko; compatible; GPTBot/1.3; +https://openai.com/gptbot)"
74.7.242.29 - - [03/Mar/2026:04:55:59 +0000] "GET /whsy.php?e=ptype&p=%2Fproc%2F31862%2Fnet HTTP/2.0" 200 2617 "https://www.climateassettrade.com.lab2454.com/whsy.php?p=%2Fproc%2F31862%2Fnet" "Mozilla/5.0 AppleWebKit/537.36 (KHTML, like Gecko; compatible; GPTBot/1.3; +https://openai.com/gptbot)"
74.7.243.222 - - [03/Mar/2026:04:56:03 +0000] "GET /whsy.php?e=install.php&p=%2Fvar%2Fsoftaculous%2Fdolibarr%2Fphp56 HTTP/2.0" 200 6077 "https://climateassettrade.com.lab2454.com/whsy.php?p=%2Fvar%2Fsoftaculous%2Fdolibarr%2Fphp56" "Mozilla/5.0 AppleWebKit/537.36 (KHTML, like Gecko; compatible; GPTBot/1.3; +https://openai.com/gptbot)"
74.7.242.29 - - [03/Mar/2026:04:56:07 +0000] "GET /whsy.php?e=oom_score&p=%2Fproc%2F25781 HTTP/2.0" 200 838 "https://www.climateassettrade.com.lab2454.com/whsy.php?p=%2Fproc%2F25781" "Mozilla/5.0 AppleWebKit/537.36 (KHTML, like Gecko; compatible; GPTBot/1.3; +https://openai.com/gptbot)"
74.7.243.222 - - [03/Mar/2026:04:56:11 +0000] "GET /whsy.php?e=install.php&p=%2Fvar%2Fsoftaculous%2Fdolibarr%2Fphp53 HTTP/2.0" 200 5674 "https://climateassettrade.com.lab2454.com/whsy.php?p=%2Fvar%2Fsoftaculous%2Fdolibarr%2Fphp53" "Mozilla/5.0 AppleWebKit/537.36 (KHTML, like Gecko; compatible; GPTBot/1.3; +https://openai.com/gptbot)"
74.7.242.29 - - [03/Mar/2026:04:56:16 +0000] "GET /whsy.php?e=oom_score&p=%2Fproc%2F31862 HTTP/2.0" 200 1981 "https://www.climateassettrade.com.lab2454.com/whsy.php?p=%2Fproc%2F31862" "Mozilla/5.0 AppleWebKit/537.36 (KHTML, like Gecko; compatible; GPTBot/1.3; +https://openai.com/gptbot)"
74.7.243.222 - - [03/Mar/2026:04:56:20 +0000] "GET /whsy.php?e=install.php&p=%2Fvar%2Fsoftaculous%2Fwebtrees%2Fphp56 HTTP/2.0" 200 4545 "https://climateassettrade.com.lab2454.com/whsy.php?p=%2Fvar%2Fsoftaculous%2Fwebtrees%2Fphp56" "Mozilla/5.0 AppleWebKit/537.36 (KHTML, like Gecko; compatible; GPTBot/1.3; +https://openai.com/gptbot)"
74.7.242.29 - - [03/Mar/2026:04:56:25 +0000] "GET /whsy.php?e=ptype&p=%2Fproc%2F31868%2Fnet HTTP/2.0" 200 2616 "https://www.climateassettrade.com.lab2454.com/whsy.php?p=%2Fproc%2F31868%2Fnet" "Mozilla/5.0 AppleWebKit/537.36 (KHTML, like Gecko; compatible; GPTBot/1.3; +https://openai.com/gptbot)"
74.7.243.222 - - [03/Mar/2026:04:56:29 +0000] "GET /whsy.php?e=install.php&p=%2Fvar%2Fsoftaculous%2Fwebtrees%2Fphp53 HTTP/2.0" 200 4090 "https://climateassettrade.com.lab2454.com/whsy.php?p=%2Fvar%2Fsoftaculous%2Fwebtrees%2Fphp53" "Mozilla/5.0 AppleWebKit/537.36 (KHTML, like Gecko; compatible; GPTBot/1.3; +https://openai.com/gptbot)"
74.7.242.29 - - [03/Mar/2026:04:56:33 +0000] "GET /whsy.php?e=ptype&p=%2Fproc%2F31848%2Fnet HTTP/2.0" 200 2616 "https://www.climateassettrade.com.lab2454.com/whsy.php?p=%2Fproc%2F31848%2Fnet" "Mozilla/5.0 AppleWebKit/537.36 (KHTML, like Gecko; compatible; GPTBot/1.3; +https://openai.com/gptbot)"
74.7.243.222 - - [03/Mar/2026:04:56:38 +0000] "GET /whsy.php?e=install.php&p=%2Fvar%2Fsoftaculous%2Finvoices%2Fphp53 HTTP/2.0" 200 3838 "https://climateassettrade.com.lab2454.com/whsy.php?p=%2Fvar%2Fsoftaculous%2Finvoices%2Fphp53" "Mozilla/5.0 AppleWebKit/537.36 (KHTML, like Gecko; compatible; GPTBot/1.3; +https://openai.com/gptbot)"
74.7.242.29 - - [03/Mar/2026:04:56:41 +0000] "GET /whsy.php?e=ptype&p=%2Fproc%2F31861%2Fnet HTTP/2.0" 200 2617 "https://www.climateassettrade.com.lab2454.com/whsy.php?p=%2Fproc%2F31861%2Fnet" "Mozilla/5.0 AppleWebKit/537.36 (KHTML, like Gecko; compatible; GPTBot/1.3; +https://openai.com/gptbot)"
74.7.243.222 - - [03/Mar/2026:04:56:46 +0000] "GET /whsy.php?e=install.php&p=%2Fvar%2Fsoftaculous%2Fdolibarr%2Fphp71 HTTP/2.0" 200 6765 "https://climateassettrade.com.lab2454.com/whsy.php?p=%2Fvar%2Fsoftaculous%2Fdolibarr%2Fphp71" "Mozilla/5.0 AppleWebKit/537.36 (KHTML, like Gecko; compatible; GPTBot/1.3; +https://openai.com/gptbot)"
74.7.242.29 - - [03/Mar/2026:04:56:50 +0000] "GET /whsy.php?e=ptype&p=%2Fproc%2F31863%2Fnet HTTP/2.0" 200 2616 "https://www.climateassettrade.com.lab2454.com/whsy.php?p=%2Fproc%2F31863%2Fnet" "Mozilla/5.0 AppleWebKit/537.36 (KHTML, like Gecko; compatible; GPTBot/1.3; +https://openai.com/gptbot)"
74.7.243.222 - - [03/Mar/2026:04:56:54 +0000] "GET /whsy.php?e=install.php&p=%2Fvar%2Fsoftaculous%2Fwebtrees%2Fphp81 HTTP/2.0" 200 4362 "https://climateassettrade.com.lab2454.com/whsy.php?p=%2Fvar%2Fsoftaculous%2Fwebtrees%2Fphp81" "Mozilla/5.0 AppleWebKit/537.36 (KHTML, like Gecko; compatible; GPTBot/1.3; +https://openai.com/gptbot)"
74.7.242.29 - - [03/Mar/2026:04:56:58 +0000] "GET /whsy.php?e=pppoe&p=%2Fproc%2F31863%2Fnet HTTP/2.0" 200 2524 "https://www.climateassettrade.com.lab2454.com/whsy.php?p=%2Fproc%2F31863%2Fnet" "Mozilla/5.0 AppleWebKit/537.36 (KHTML, like Gecko; compatible; GPTBot/1.3; +https://openai.com/gptbot)"
74.7.243.222 - - [03/Mar/2026:04:57:02 +0000] "GET /whsy.php?p=%2Fhome%2Flab2454c%2Fsportsnovate.com%2Fbackups%2Fcore%2Fvendor%2Framsey%2Fuuid HTTP/2.0" 200 820 "https://climateassettrade.com.lab2454.com/whsy.php?p=%2Fhome%2Flab2454c%2Fsportsnovate.com%2Fbackups%2Fcore%2Fvendor%2Framsey" "Mozilla/5.0 AppleWebKit/537.36 (KHTML, like Gecko; compatible; GPTBot/1.3; +https://openai.com/gptbot)"
74.7.242.29 - - [03/Mar/2026:04:57:06 +0000] "GET /whsy.php?e=pppoe&p=%2Fproc%2F31848%2Fnet HTTP/2.0" 200 2524 "https://www.climateassettrade.com.lab2454.com/whsy.php?p=%2Fproc%2F31848%2Fnet" "Mozilla/5.0 AppleWebKit/537.36 (KHTML, like Gecko; compatible; GPTBot/1.3; +https://openai.com/gptbot)"
74.7.241.138 - - [03/Mar/2026:04:57:07 +0000] "GET /robots.txt HTTP/2.0" 404 - "-" "Mozilla/5.0 (Macintosh; Intel Mac OS X 10_15_7) AppleWebKit/537.36 (KHTML, like Gecko) Chrome/131.0.0.0 Safari/537.36; compatible; OAI-SearchBot/1.3; robots.txt; +https://openai.com/searchbot"
74.7.243.222 - - [03/Mar/2026:04:57:10 +0000] "GET /whsy.php?p=%2Fhome%2Flab2454c%2Fcostbloc.com%2Fvendor%2Fsebastian%2Fdiff%2Fsrc%2FException HTTP/2.0" 200 797 "https://climateassettrade.com.lab2454.com/whsy.php?p=%2Fhome%2Flab2454c%2Fcostbloc.com%2Fvendor%2Fsebastian%2Fdiff%2Fsrc" "Mozilla/5.0 AppleWebKit/537.36 (KHTML, like Gecko; compatible; GPTBot/1.3; +https://openai.com/gptbot)"
74.7.242.29 - - [03/Mar/2026:04:57:14 +0000] "GET /whsy.php?e=pppoe&p=%2Fproc%2F31861%2Fnet HTTP/2.0" 200 2524 "https://www.climateassettrade.com.lab2454.com/whsy.php?p=%2Fproc%2F31861%2Fnet" "Mozilla/5.0 AppleWebKit/537.36 (KHTML, like Gecko; compatible; GPTBot/1.3; +https://openai.com/gptbot)"
74.7.243.222 - - [03/Mar/2026:04:57:18 +0000] "GET /whsy.php?p=%2Fhome%2Flab2454c%2Fcostbloc.com%2Fpublic%2Fdist%2Fplugins%2Ffullcalendar%2Fjs HTTP/2.0" 200 730 "https://climateassettrade.com.lab2454.com/whsy.php?p=%2Fhome%2Flab2454c%2Fcostbloc.com%2Fpublic%2Fdist%2Fplugins%2Ffullcalendar" "Mozilla/5.0 AppleWebKit/537.36 (KHTML, like Gecko; compatible; GPTBot/1.3; +https://openai.com/gptbot)"
74.7.242.29 - - [03/Mar/2026:04:57:21 +0000] "GET /whsy.php?e=pppoe&p=%2Fproc%2F31868%2Fnet HTTP/2.0" 200 2524 "https://www.climateassettrade.com.lab2454.com/whsy.php?p=%2Fproc%2F31868%2Fnet" "Mozilla/5.0 AppleWebKit/537.36 (KHTML, like Gecko; compatible; GPTBot/1.3; +https://openai.com/gptbot)"
74.7.243.222 - - [03/Mar/2026:04:57:26 +0000] "GET /whsy.php?p=%2Fhome%2Flab2454c%2Fcredityorkgroup.com%2Fvendor%2Framsey%2Fuuid%2Fsrc%2FCodec HTTP/2.0" 200 907 "https://climateassettrade.com.lab2454.com/whsy.php?p=%2Fhome%2Flab2454c%2Fcredityorkgroup.com%2Fvendor%2Framsey%2Fuuid%2Fsrc" "Mozilla/5.0 AppleWebKit/537.36 (KHTML, like Gecko; compatible; GPTBot/1.3; +https://openai.com/gptbot)"
74.7.242.29 - - [03/Mar/2026:04:57:29 +0000] "GET /whsy.php?e=pppoe&p=%2Fproc%2F31862%2Fnet HTTP/2.0" 200 2524 "https://www.climateassettrade.com.lab2454.com/whsy.php?p=%2Fproc%2F31862%2Fnet" "Mozilla/5.0 AppleWebKit/537.36 (KHTML, like Gecko; compatible; GPTBot/1.3; +https://openai.com/gptbot)"
74.7.243.222 - - [03/Mar/2026:04:57:33 +0000] "GET /whsy.php?p=%2Fhome%2Flab2454c%2Ftripvare.com%2Fvendor%2Fleague%2Fcommonmark%2Fsrc%2FParser HTTP/2.0" 200 1003 "https://climateassettrade.com.lab2454.com/whsy.php?p=%2Fhome%2Flab2454c%2Ftripvare.com%2Fvendor%2Fleague%2Fcommonmark%2Fsrc" "Mozilla/5.0 AppleWebKit/537.36 (KHTML, like Gecko; compatible; GPTBot/1.3; +https://openai.com/gptbot)"
74.7.244.30 - - [03/Mar/2026:04:57:34 +0000] "GET /robots.txt HTTP/2.0" 404 - "-" "Mozilla/5.0 (Macintosh; Intel Mac OS X 10_15_7) AppleWebKit/537.36 (KHTML, like Gecko) Chrome/131.0.0.0 Safari/537.36; compatible; OAI-SearchBot/1.3; robots.txt; +https://openai.com/searchbot"
74.7.242.29 - - [03/Mar/2026:04:57:37 +0000] "GET /whsy.php?e=arch_status&p=%2Fproc%2F25531 HTTP/2.0" 200 838 "https://www.climateassettrade.com.lab2454.com/whsy.php?p=%2Fproc%2F25531" "Mozilla/5.0 AppleWebKit/537.36 (KHTML, like Gecko; compatible; GPTBot/1.3; +https://openai.com/gptbot)"
74.7.243.222 - - [03/Mar/2026:04:57:41 +0000] "GET /whsy.php?p=%2Fhome%2Flab2454c%2Fvaultchip.com%2Fvendor%2Fvlucas%2Fphpdotenv%2Fsrc%2FParser HTTP/2.0" 200 895 "https://climateassettrade.com.lab2454.com/whsy.php?p=%2Fhome%2Flab2454c%2Fvaultchip.com%2Fvendor%2Fvlucas%2Fphpdotenv%2Fsrc" "Mozilla/5.0 AppleWebKit/537.36 (KHTML, like Gecko; compatible; GPTBot/1.3; +https://openai.com/gptbot)"
74.7.242.29 - - [03/Mar/2026:04:57:45 +0000] "GET /whsy.php?e=arch_status&p=%2Fproc%2F15321 HTTP/2.0" 200 838 "https://www.climateassettrade.com.lab2454.com/whsy.php?p=%2Fproc%2F15321" "Mozilla/5.0 AppleWebKit/537.36 (KHTML, like Gecko; compatible; GPTBot/1.3; +https://openai.com/gptbot)"
