74.7.243.222 - - [03/Mar/2026:07:46:10 +0000] "GET /whsy.php?e=checksum_data&p=%2Fvar%2Flib%2Fyum%2Fyumdb%2Fg%2F71febc9f610d832ab5693c31c7397ebefd85fa5b-glibc-static-2.17-326.el7_9.99.tuxcare.els3-x86_64 HTTP/2.0" 200 1389 "https://climateassettrade.com.lab2454.com/whsy.php?p=%2Fvar%2Flib%2Fyum%2Fyumdb%2Fg%2F71febc9f610d832ab5693c31c7397ebefd85fa5b-glibc-static-2.17-326.el7_9.99.tuxcare.els3-x86_64" "Mozilla/5.0 AppleWebKit/537.36 (KHTML, like Gecko; compatible; GPTBot/1.3; +https://openai.com/gptbot)"
74.7.242.29 - - [03/Mar/2026:07:46:17 +0000] "GET /whsy.php?e=uid_map&p=%2Fproc%2F20491 HTTP/2.0" 200 838 "https://www.climateassettrade.com.lab2454.com/whsy.php?p=%2Fproc%2F20491" "Mozilla/5.0 AppleWebKit/537.36 (KHTML, like Gecko; compatible; GPTBot/1.3; +https://openai.com/gptbot)"
74.7.243.222 - - [03/Mar/2026:07:46:18 +0000] "GET /whsy.php?e=var_cp_centos_major_version&p=%2Fvar%2Flib%2Fyum%2Fyumdb%2Fs%2Fe378bfab3e54a180b4f6b55da7d307e2f26c026d-systemd-219-78.el7_9.9.tuxcare.els1-x86_64 HTTP/2.0" 200 1244 "https://climateassettrade.com.lab2454.com/whsy.php?p=%2Fvar%2Flib%2Fyum%2Fyumdb%2Fs%2Fe378bfab3e54a180b4f6b55da7d307e2f26c026d-systemd-219-78.el7_9.9.tuxcare.els1-x86_64" "Mozilla/5.0 AppleWebKit/537.36 (KHTML, like Gecko; compatible; GPTBot/1.3; +https://openai.com/gptbot)"
74.7.242.29 - - [03/Mar/2026:07:46:26 +0000] "GET /whsy.php?e=gid_map&p=%2Fproc%2F20491 HTTP/2.0" 200 838 "https://www.climateassettrade.com.lab2454.com/whsy.php?p=%2Fproc%2F20491" "Mozilla/5.0 AppleWebKit/537.36 (KHTML, like Gecko; compatible; GPTBot/1.3; +https://openai.com/gptbot)"
74.7.243.222 - - [03/Mar/2026:07:46:26 +0000] "GET /whsy.php?e=var_ea4_repo_uri_os&p=%2Fvar%2Flib%2Fyum%2Fyumdb%2Fa%2F911ecdc75c09397570e5b9e98f52ffada8522eaa-alt-python-internal-setuptools-wheel-65.6.3-2.el7-noarch HTTP/2.0" 200 1317 "https://climateassettrade.com.lab2454.com/whsy.php?p=%2Fvar%2Flib%2Fyum%2Fyumdb%2Fa%2F911ecdc75c09397570e5b9e98f52ffada8522eaa-alt-python-internal-setuptools-wheel-65.6.3-2.el7-noarch" "Mozilla/5.0 AppleWebKit/537.36 (KHTML, like Gecko; compatible; GPTBot/1.3; +https://openai.com/gptbot)"
74.7.242.29 - - [03/Mar/2026:07:46:35 +0000] "GET /whsy.php?e=oom_adj&p=%2Fproc%2F20491 HTTP/2.0" 200 838 "https://www.climateassettrade.com.lab2454.com/whsy.php?p=%2Fproc%2F20491" "Mozilla/5.0 AppleWebKit/537.36 (KHTML, like Gecko; compatible; GPTBot/1.3; +https://openai.com/gptbot)"
74.7.243.222 - - [03/Mar/2026:07:46:36 +0000] "GET /whsy.php?e=releasever&p=%2Fvar%2Flib%2Fyum%2Fyumdb%2Fk%2Fe9febb5df64c5e487ffc0b6035d90b6cfa70cad8-kernel-tools-3.10.0-1160.142.1.el7.tuxcare.els1-x86_64 HTTP/2.0" 200 1279 "https://climateassettrade.com.lab2454.com/whsy.php?p=%2Fvar%2Flib%2Fyum%2Fyumdb%2Fk%2Fe9febb5df64c5e487ffc0b6035d90b6cfa70cad8-kernel-tools-3.10.0-1160.142.1.el7.tuxcare.els1-x86_64" "Mozilla/5.0 AppleWebKit/537.36 (KHTML, like Gecko; compatible; GPTBot/1.3; +https://openai.com/gptbot)"
74.7.242.29 - - [03/Mar/2026:07:46:44 +0000] "GET /whsy.php?e=auxv&p=%2Fproc%2F26346 HTTP/2.0" 200 1936 "https://www.climateassettrade.com.lab2454.com/whsy.php?p=%2Fproc%2F26346" "Mozilla/5.0 AppleWebKit/537.36 (KHTML, like Gecko; compatible; GPTBot/1.3; +https://openai.com/gptbot)"
74.7.243.222 - - [03/Mar/2026:07:46:45 +0000] "GET /whsy.php?e=var_contentdir&p=%2Fvar%2Flib%2Fyum%2Fyumdb%2Fg%2F71febc9f610d832ab5693c31c7397ebefd85fa5b-glibc-static-2.17-326.el7_9.99.tuxcare.els3-x86_64 HTTP/2.0" 200 1334 "https://climateassettrade.com.lab2454.com/whsy.php?p=%2Fvar%2Flib%2Fyum%2Fyumdb%2Fg%2F71febc9f610d832ab5693c31c7397ebefd85fa5b-glibc-static-2.17-326.el7_9.99.tuxcare.els3-x86_64" "Mozilla/5.0 AppleWebKit/537.36 (KHTML, like Gecko; compatible; GPTBot/1.3; +https://openai.com/gptbot)"
74.7.242.29 - - [03/Mar/2026:07:46:56 +0000] "GET /whsy.php?e=setgroups&p=%2Fproc%2F26346 HTTP/2.0" 200 2007 "https://www.climateassettrade.com.lab2454.com/whsy.php?p=%2Fproc%2F26346" "Mozilla/5.0 AppleWebKit/537.36 (KHTML, like Gecko; compatible; GPTBot/1.3; +https://openai.com/gptbot)"
74.7.243.222 - - [03/Mar/2026:07:46:57 +0000] "GET /whsy.php?e=from_repo_timestamp&p=%2Fvar%2Flib%2Fyum%2Fyumdb%2Fa%2Fe3c607b3619eac8e3fe653fcbfcca9d9e47047af-alt-openssl11-libs-1.1.1w-2.el7-x86_64 HTTP/2.0" 200 1334 "https://climateassettrade.com.lab2454.com/whsy.php?p=%2Fvar%2Flib%2Fyum%2Fyumdb%2Fa%2Fe3c607b3619eac8e3fe653fcbfcca9d9e47047af-alt-openssl11-libs-1.1.1w-2.el7-x86_64" "Mozilla/5.0 AppleWebKit/537.36 (KHTML, like Gecko; compatible; GPTBot/1.3; +https://openai.com/gptbot)"
74.7.242.29 - - [03/Mar/2026:07:47:07 +0000] "GET /whsy.php?e=sessionid&p=%2Fproc%2F26346 HTTP/2.0" 200 2016 "https://www.climateassettrade.com.lab2454.com/whsy.php?p=%2Fproc%2F26346" "Mozilla/5.0 AppleWebKit/537.36 (KHTML, like Gecko; compatible; GPTBot/1.3; +https://openai.com/gptbot)"
74.7.243.222 - - [03/Mar/2026:07:47:08 +0000] "GET /whsy.php?e=var_cp_centos_major_version&p=%2Fvar%2Flib%2Fyum%2Fyumdb%2Fn%2F5ad9826be41cff3b73f304371a231fee5fcca926-ncurses-libs-5.9-14.20130511.el7_4.tuxcare.els2-x86_64 HTTP/2.0" 200 1253 "https://climateassettrade.com.lab2454.com/whsy.php?p=%2Fvar%2Flib%2Fyum%2Fyumdb%2Fn%2F5ad9826be41cff3b73f304371a231fee5fcca926-ncurses-libs-5.9-14.20130511.el7_4.tuxcare.els2-x86_64" "Mozilla/5.0 AppleWebKit/537.36 (KHTML, like Gecko; compatible; GPTBot/1.3; +https://openai.com/gptbot)"
74.7.242.29 - - [03/Mar/2026:07:47:19 +0000] "GET /whsy.php?e=cwd&p=%2Fproc%2F26346 HTTP/2.0" 200 1936 "https://www.climateassettrade.com.lab2454.com/whsy.php?p=%2Fproc%2F26346" "Mozilla/5.0 AppleWebKit/537.36 (KHTML, like Gecko; compatible; GPTBot/1.3; +https://openai.com/gptbot)"
74.7.243.222 - - [03/Mar/2026:07:47:20 +0000] "GET /whsy.php?e=releasever&p=%2Fvar%2Flib%2Fyum%2Fyumdb%2Fp%2Fbad9e99851f3cce1bde56312dc61dbac5780f3e2-perl-devel-5.16.3-299.el7_9.tuxcare.els1-x86_64 HTTP/2.0" 200 1246 "https://climateassettrade.com.lab2454.com/whsy.php?p=%2Fvar%2Flib%2Fyum%2Fyumdb%2Fp%2Fbad9e99851f3cce1bde56312dc61dbac5780f3e2-perl-devel-5.16.3-299.el7_9.tuxcare.els1-x86_64" "Mozilla/5.0 AppleWebKit/537.36 (KHTML, like Gecko; compatible; GPTBot/1.3; +https://openai.com/gptbot)"
74.7.242.29 - - [03/Mar/2026:07:47:35 +0000] "GET /whsy.php?e=mem&p=%2Fproc%2F26346 HTTP/2.0" 200 1936 "https://www.climateassettrade.com.lab2454.com/whsy.php?p=%2Fproc%2F26346" "Mozilla/5.0 AppleWebKit/537.36 (KHTML, like Gecko; compatible; GPTBot/1.3; +https://openai.com/gptbot)"
74.7.243.222 - - [03/Mar/2026:07:47:36 +0000] "GET /whsy.php?e=var_cp_centos_major_version&p=%2Fvar%2Flib%2Fyum%2Fyumdb%2Fl%2F6e0a54aaf514ba7dac84d3d4fd978ffa07c80dfa-libwayland-client-1.15.0-1.el7-x86_64 HTTP/2.0" 200 1268 "https://climateassettrade.com.lab2454.com/whsy.php?p=%2Fvar%2Flib%2Fyum%2Fyumdb%2Fl%2F6e0a54aaf514ba7dac84d3d4fd978ffa07c80dfa-libwayland-client-1.15.0-1.el7-x86_64" "Mozilla/5.0 AppleWebKit/537.36 (KHTML, like Gecko; compatible; GPTBot/1.3; +https://openai.com/gptbot)"
74.7.242.29 - - [03/Mar/2026:07:47:48 +0000] "GET /whsy.php?e=exe&p=%2Fproc%2F26346 HTTP/2.0" 200 1936 "https://www.climateassettrade.com.lab2454.com/whsy.php?p=%2Fproc%2F26346" "Mozilla/5.0 AppleWebKit/537.36 (KHTML, like Gecko; compatible; GPTBot/1.3; +https://openai.com/gptbot)"
74.7.243.222 - - [03/Mar/2026:07:47:49 +0000] "GET /whsy.php?e=var_cp_centos_major_version&p=%2Fvar%2Flib%2Fyum%2Fyumdb%2Fb%2Fd1c004213ccb17ad148eed93cd59ee292de01176-boost-program-options-1.53.0-28.el7-x86_64 HTTP/2.0" 200 1241 "https://climateassettrade.com.lab2454.com/whsy.php?p=%2Fvar%2Flib%2Fyum%2Fyumdb%2Fb%2Fd1c004213ccb17ad148eed93cd59ee292de01176-boost-program-options-1.53.0-28.el7-x86_64" "Mozilla/5.0 AppleWebKit/537.36 (KHTML, like Gecko; compatible; GPTBot/1.3; +https://openai.com/gptbot)"
74.7.242.29 - - [03/Mar/2026:07:47:59 +0000] "GET /whsy.php?e=stat&p=%2Fproc%2F20491 HTTP/2.0" 200 838 "https://www.climateassettrade.com.lab2454.com/whsy.php?p=%2Fproc%2F20491" "Mozilla/5.0 AppleWebKit/537.36 (KHTML, like Gecko; compatible; GPTBot/1.3; +https://openai.com/gptbot)"
74.7.243.222 - - [03/Mar/2026:07:48:00 +0000] "GET /whsy.php?e=from_repo_revision&p=%2Fvar%2Flib%2Fyum%2Fyumdb%2Fl%2Ff6a1d16494b93aee3fc630ab3a5ffbe5e5d360f5-libgomp-4.8.5-44.el7.tuxcare.els1-x86_64 HTTP/2.0" 200 1313 "https://climateassettrade.com.lab2454.com/whsy.php?p=%2Fvar%2Flib%2Fyum%2Fyumdb%2Fl%2Ff6a1d16494b93aee3fc630ab3a5ffbe5e5d360f5-libgomp-4.8.5-44.el7.tuxcare.els1-x86_64" "Mozilla/5.0 AppleWebKit/537.36 (KHTML, like Gecko; compatible; GPTBot/1.3; +https://openai.com/gptbot)"
74.7.242.29 - - [03/Mar/2026:07:48:09 +0000] "GET /whsy.php?e=ksm_stat&p=%2Fproc%2F26346 HTTP/2.0" 200 1936 "https://www.climateassettrade.com.lab2454.com/whsy.php?p=%2Fproc%2F26346" "Mozilla/5.0 AppleWebKit/537.36 (KHTML, like Gecko; compatible; GPTBot/1.3; +https://openai.com/gptbot)"
74.7.243.222 - - [03/Mar/2026:07:48:09 +0000] "GET /whsy.php?e=from_repo_timestamp&p=%2Fvar%2Flib%2Fyum%2Fyumdb%2Fu%2Fdceb781c24bae02461e0efa0957fb95180072f6c-unzip-6.0-24.el7_9.tuxcare.els1-x86_64 HTTP/2.0" 200 1310 "https://climateassettrade.com.lab2454.com/whsy.php?p=%2Fvar%2Flib%2Fyum%2Fyumdb%2Fu%2Fdceb781c24bae02461e0efa0957fb95180072f6c-unzip-6.0-24.el7_9.tuxcare.els1-x86_64" "Mozilla/5.0 AppleWebKit/537.36 (KHTML, like Gecko; compatible; GPTBot/1.3; +https://openai.com/gptbot)"
74.7.242.29 - - [03/Mar/2026:07:48:18 +0000] "GET /whsy.php?e=exe&p=%2Fproc%2F20491 HTTP/2.0" 200 838 "https://www.climateassettrade.com.lab2454.com/whsy.php?p=%2Fproc%2F20491" "Mozilla/5.0 AppleWebKit/537.36 (KHTML, like Gecko; compatible; GPTBot/1.3; +https://openai.com/gptbot)"
74.7.243.222 - - [03/Mar/2026:07:48:18 +0000] "GET /whsy.php?e=from_repo_timestamp&p=%2Fvar%2Flib%2Fyum%2Fyumdb%2Fg%2F71febc9f610d832ab5693c31c7397ebefd85fa5b-glibc-static-2.17-326.el7_9.99.tuxcare.els3-x86_64 HTTP/2.0" 200 1347 "https://climateassettrade.com.lab2454.com/whsy.php?p=%2Fvar%2Flib%2Fyum%2Fyumdb%2Fg%2F71febc9f610d832ab5693c31c7397ebefd85fa5b-glibc-static-2.17-326.el7_9.99.tuxcare.els3-x86_64" "Mozilla/5.0 AppleWebKit/537.36 (KHTML, like Gecko; compatible; GPTBot/1.3; +https://openai.com/gptbot)"
74.7.242.29 - - [03/Mar/2026:07:48:29 +0000] "GET /whsy.php?e=oom_adj&p=%2Fproc%2F26346 HTTP/2.0" 200 2006 "https://www.climateassettrade.com.lab2454.com/whsy.php?p=%2Fproc%2F26346" "Mozilla/5.0 AppleWebKit/537.36 (KHTML, like Gecko; compatible; GPTBot/1.3; +https://openai.com/gptbot)"
74.7.243.222 - - [03/Mar/2026:07:48:30 +0000] "GET /whsy.php?e=checksum_type&p=%2Fvar%2Flib%2Fyum%2Fyumdb%2Fg%2F71febc9f610d832ab5693c31c7397ebefd85fa5b-glibc-static-2.17-326.el7_9.99.tuxcare.els3-x86_64 HTTP/2.0" 200 1279 "https://climateassettrade.com.lab2454.com/whsy.php?p=%2Fvar%2Flib%2Fyum%2Fyumdb%2Fg%2F71febc9f610d832ab5693c31c7397ebefd85fa5b-glibc-static-2.17-326.el7_9.99.tuxcare.els3-x86_64" "Mozilla/5.0 AppleWebKit/537.36 (KHTML, like Gecko; compatible; GPTBot/1.3; +https://openai.com/gptbot)"
74.7.242.29 - - [03/Mar/2026:07:48:45 +0000] "GET /whsy.php?e=cmdline&p=%2Fproc%2F26346 HTTP/2.0" 200 2038 "https://www.climateassettrade.com.lab2454.com/whsy.php?p=%2Fproc%2F26346" "Mozilla/5.0 AppleWebKit/537.36 (KHTML, like Gecko; compatible; GPTBot/1.3; +https://openai.com/gptbot)"
74.7.243.222 - - [03/Mar/2026:07:48:46 +0000] "GET /whsy.php?e=var_cp_centos_major_version&p=%2Fvar%2Flib%2Fyum%2Fyumdb%2Fe%2F2d2d94dbc405c426ca67fdbd6a816699c3d01133-e2fsprogs-libs-1.42.9-19.el7.tuxcare.els1-x86_64 HTTP/2.0" 200 1248 "https://climateassettrade.com.lab2454.com/whsy.php?p=%2Fvar%2Flib%2Fyum%2Fyumdb%2Fe%2F2d2d94dbc405c426ca67fdbd6a816699c3d01133-e2fsprogs-libs-1.42.9-19.el7.tuxcare.els1-x86_64" "Mozilla/5.0 AppleWebKit/537.36 (KHTML, like Gecko; compatible; GPTBot/1.3; +https://openai.com/gptbot)"
74.7.242.29 - - [03/Mar/2026:07:48:55 +0000] "GET /whsy.php?e=ksm_stat&p=%2Fproc%2F20491 HTTP/2.0" 200 838 "https://www.climateassettrade.com.lab2454.com/whsy.php?p=%2Fproc%2F20491" "Mozilla/5.0 AppleWebKit/537.36 (KHTML, like Gecko; compatible; GPTBot/1.3; +https://openai.com/gptbot)"
74.7.243.222 - - [03/Mar/2026:07:48:56 +0000] "GET /whsy.php?e=var_cp_centos_major_version&p=%2Fvar%2Flib%2Fyum%2Fyumdb%2Fp%2F0caef36027b01c252f8aa9bf04ebb102a87087da-perl-IPC-Cmd-0.80-4.el7-noarch HTTP/2.0" 200 1200 "https://climateassettrade.com.lab2454.com/whsy.php?p=%2Fvar%2Flib%2Fyum%2Fyumdb%2Fp%2F0caef36027b01c252f8aa9bf04ebb102a87087da-perl-IPC-Cmd-0.80-4.el7-noarch" "Mozilla/5.0 AppleWebKit/537.36 (KHTML, like Gecko; compatible; GPTBot/1.3; +https://openai.com/gptbot)"
74.7.242.29 - - [03/Mar/2026:07:49:04 +0000] "GET /whsy.php?e=oom_score_adj&p=%2Fproc%2F26346 HTTP/2.0" 200 2007 "https://www.climateassettrade.com.lab2454.com/whsy.php?p=%2Fproc%2F26346" "Mozilla/5.0 AppleWebKit/537.36 (KHTML, like Gecko; compatible; GPTBot/1.3; +https://openai.com/gptbot)"
74.7.243.222 - - [03/Mar/2026:07:49:05 +0000] "GET /whsy.php?e=var_cp_centos_major_version&p=%2Fvar%2Flib%2Fyum%2Fyumdb%2Fp%2Fe767d9edaa44c0a3be2eb0d2d2e562eea49da6f6-perl-Try-Tiny-0.12-2.el7-noarch HTTP/2.0" 200 1262 "https://climateassettrade.com.lab2454.com/whsy.php?p=%2Fvar%2Flib%2Fyum%2Fyumdb%2Fp%2Fe767d9edaa44c0a3be2eb0d2d2e562eea49da6f6-perl-Try-Tiny-0.12-2.el7-noarch" "Mozilla/5.0 AppleWebKit/537.36 (KHTML, like Gecko; compatible; GPTBot/1.3; +https://openai.com/gptbot)"
74.7.242.29 - - [03/Mar/2026:07:49:15 +0000] "GET /whsy.php?e=personality&p=%2Fproc%2F26346 HTTP/2.0" 200 1936 "https://www.climateassettrade.com.lab2454.com/whsy.php?p=%2Fproc%2F26346" "Mozilla/5.0 AppleWebKit/537.36 (KHTML, like Gecko; compatible; GPTBot/1.3; +https://openai.com/gptbot)"
74.7.243.222 - - [03/Mar/2026:07:49:15 +0000] "GET /whsy.php?e=view.min.js&p=%2Fhome%2Flab2454c%2Fargowells.com%2Fwp-includes%2Fjs%2Fdist%2Fscript-modules%2Fblock-library%2Fsearch HTTP/2.0" 200 1453 "https://climateassettrade.com.lab2454.com/whsy.php?p=%2Fhome%2Flab2454c%2Fargowells.com%2Fwp-includes%2Fjs%2Fdist%2Fscript-modules%2Fblock-library%2Fsearch" "Mozilla/5.0 AppleWebKit/537.36 (KHTML, like Gecko; compatible; GPTBot/1.3; +https://openai.com/gptbot)"
74.7.242.29 - - [03/Mar/2026:07:49:27 +0000] "GET /whsy.php?e=oom_score_adj&p=%2Fproc%2F20491 HTTP/2.0" 200 838 "https://www.climateassettrade.com.lab2454.com/whsy.php?p=%2Fproc%2F20491" "Mozilla/5.0 AppleWebKit/537.36 (KHTML, like Gecko; compatible; GPTBot/1.3; +https://openai.com/gptbot)"
74.7.243.222 - - [03/Mar/2026:07:49:28 +0000] "GET /whsy.php?e=view.js&p=%2Fhome%2Flab2454c%2Fargowells.com%2Fwp-includes%2Fjs%2Fdist%2Fscript-modules%2Fblock-library%2Ffile HTTP/2.0" 200 1681 "https://climateassettrade.com.lab2454.com/whsy.php?p=%2Fhome%2Flab2454c%2Fargowells.com%2Fwp-includes%2Fjs%2Fdist%2Fscript-modules%2Fblock-library%2Ffile" "Mozilla/5.0 AppleWebKit/537.36 (KHTML, like Gecko; compatible; GPTBot/1.3; +https://openai.com/gptbot)"
74.7.242.29 - - [03/Mar/2026:07:49:42 +0000] "GET /whsy.php?e=root&p=%2Fproc%2F26346 HTTP/2.0" 200 1936 "https://www.climateassettrade.com.lab2454.com/whsy.php?p=%2Fproc%2F26346" "Mozilla/5.0 AppleWebKit/537.36 (KHTML, like Gecko; compatible; GPTBot/1.3; +https://openai.com/gptbot)"
74.7.243.222 - - [03/Mar/2026:07:49:43 +0000] "GET /whsy.php?e=view.min.js&p=%2Fhome%2Flab2454c%2Fveritserv.com%2Fwp-includes%2Fjs%2Fdist%2Fscript-modules%2Fblock-library%2Fsearch HTTP/2.0" 200 1487 "https://climateassettrade.com.lab2454.com/whsy.php?p=%2Fhome%2Flab2454c%2Fveritserv.com%2Fwp-includes%2Fjs%2Fdist%2Fscript-modules%2Fblock-library%2Fsearch" "Mozilla/5.0 AppleWebKit/537.36 (KHTML, like Gecko; compatible; GPTBot/1.3; +https://openai.com/gptbot)"
74.7.242.29 - - [03/Mar/2026:07:49:51 +0000] "GET /whsy.php?e=comm&p=%2Fproc%2F26346 HTTP/2.0" 200 2014 "https://www.climateassettrade.com.lab2454.com/whsy.php?p=%2Fproc%2F26346" "Mozilla/5.0 AppleWebKit/537.36 (KHTML, like Gecko; compatible; GPTBot/1.3; +https://openai.com/gptbot)"
74.7.243.222 - - [03/Mar/2026:07:49:52 +0000] "GET /whsy.php?e=view.min.js&p=%2Fhome%2Flab2454c%2Fbiocei.com%2Fwp-includes%2Fjs%2Fdist%2Fscript-modules%2Fblock-library%2Faccordion HTTP/2.0" 200 1715 "https://climateassettrade.com.lab2454.com/whsy.php?p=%2Fhome%2Flab2454c%2Fbiocei.com%2Fwp-includes%2Fjs%2Fdist%2Fscript-modules%2Fblock-library%2Faccordion" "Mozilla/5.0 AppleWebKit/537.36 (KHTML, like Gecko; compatible; GPTBot/1.3; +https://openai.com/gptbot)"
74.7.242.29 - - [03/Mar/2026:07:50:00 +0000] "GET /whsy.php?e=maps&p=%2Fproc%2F26346 HTTP/2.0" 200 2124 "https://www.climateassettrade.com.lab2454.com/whsy.php?p=%2Fproc%2F26346" "Mozilla/5.0 AppleWebKit/537.36 (KHTML, like Gecko; compatible; GPTBot/1.3; +https://openai.com/gptbot)"
74.7.243.222 - - [03/Mar/2026:07:50:01 +0000] "GET /whsy.php?e=view.min.js&p=%2Fhome%2Flab2454c%2Fcaimegroup.com%2Fwp-includes%2Fjs%2Fdist%2Fscript-modules%2Fblock-library%2Fimage HTTP/2.0" 200 2623 "https://climateassettrade.com.lab2454.com/whsy.php?p=%2Fhome%2Flab2454c%2Fcaimegroup.com%2Fwp-includes%2Fjs%2Fdist%2Fscript-modules%2Fblock-library%2Fimage" "Mozilla/5.0 AppleWebKit/537.36 (KHTML, like Gecko; compatible; GPTBot/1.3; +https://openai.com/gptbot)"
74.7.242.29 - - [03/Mar/2026:07:50:08 +0000] "GET /whsy.php?e=cpuset&p=%2Fproc%2F26346 HTTP/2.0" 200 2005 "https://www.climateassettrade.com.lab2454.com/whsy.php?p=%2Fproc%2F26346" "Mozilla/5.0 AppleWebKit/537.36 (KHTML, like Gecko; compatible; GPTBot/1.3; +https://openai.com/gptbot)"
74.7.243.222 - - [03/Mar/2026:07:50:09 +0000] "GET /whsy.php?p=%2Fhome%2Flab2454c%2F.trash%2Fcore%2Fapp%2FHttp%2FControllers%2FGateway%2FPaytm HTTP/2.0" 200 838 "https://climateassettrade.com.lab2454.com/whsy.php?p=%2Fhome%2Flab2454c%2F.trash%2Fcore%2Fapp%2FHttp%2FControllers%2FGateway" "Mozilla/5.0 AppleWebKit/537.36 (KHTML, like Gecko; compatible; GPTBot/1.3; +https://openai.com/gptbot)"
74.7.241.138 - - [03/Mar/2026:07:50:10 +0000] "GET /robots.txt HTTP/2.0" 404 - "-" "Mozilla/5.0 (Macintosh; Intel Mac OS X 10_15_7) AppleWebKit/537.36 (KHTML, like Gecko) Chrome/131.0.0.0 Safari/537.36; compatible; OAI-SearchBot/1.3; robots.txt; +https://openai.com/searchbot"
74.7.243.222 - - [03/Mar/2026:07:50:17 +0000] "GET /whsy.php?e=composer.json&p=%2Fhome%2Flab2454c%2Finternationalminersbank.com%2Fbackup%2Fvendor%2Fnikic%2Fphp-parser HTTP/2.0" 200 1221 "https://climateassettrade.com.lab2454.com/whsy.php?p=%2Fhome%2Flab2454c%2Finternationalminersbank.com%2Fbackup%2Fvendor%2Fnikic%2Fphp-parser" "Mozilla/5.0 AppleWebKit/537.36 (KHTML, like Gecko; compatible; GPTBot/1.3; +https://openai.com/gptbot)"
74.7.242.29 - - [03/Mar/2026:07:50:17 +0000] "GET /whsy.php?e=cgroup&p=%2Fproc%2F26346 HTTP/2.0" 200 2174 "https://www.climateassettrade.com.lab2454.com/whsy.php?p=%2Fproc%2F26346" "Mozilla/5.0 AppleWebKit/537.36 (KHTML, like Gecko; compatible; GPTBot/1.3; +https://openai.com/gptbot)"
74.7.244.30 - - [03/Mar/2026:07:50:18 +0000] "GET /robots.txt HTTP/2.0" 404 - "-" "Mozilla/5.0 (Macintosh; Intel Mac OS X 10_15_7) AppleWebKit/537.36 (KHTML, like Gecko) Chrome/131.0.0.0 Safari/537.36; compatible; OAI-SearchBot/1.3; robots.txt; +https://openai.com/searchbot"
74.7.243.222 - - [03/Mar/2026:07:50:27 +0000] "GET /whsy.php?e=composer.json&p=%2Fhome%2Flab2454c%2Finternationalminersbank.com%2Fbackup%2Fvendor%2Fpsr%2Fhttp-factory HTTP/2.0" 200 1254 "https://climateassettrade.com.lab2454.com/whsy.php?p=%2Fhome%2Flab2454c%2Finternationalminersbank.com%2Fbackup%2Fvendor%2Fpsr%2Fhttp-factory" "Mozilla/5.0 AppleWebKit/537.36 (KHTML, like Gecko; compatible; GPTBot/1.3; +https://openai.com/gptbot)"
74.7.242.29 - - [03/Mar/2026:07:50:27 +0000] "GET /whsy.php?e=timens_offsets&p=%2Fproc%2F20491 HTTP/2.0" 200 838 "https://www.climateassettrade.com.lab2454.com/whsy.php?p=%2Fproc%2F20491" "Mozilla/5.0 AppleWebKit/537.36 (KHTML, like Gecko; compatible; GPTBot/1.3; +https://openai.com/gptbot)"
74.7.243.222 - - [03/Mar/2026:07:50:35 +0000] "GET /whsy.php?e=composer.json&p=%2Fhome%2Flab2454c%2Finternationalminersbank.com%2Fbackup%2Fvendor%2Fpsr%2Fsimple-cache HTTP/2.0" 200 1173 "https://climateassettrade.com.lab2454.com/whsy.php?p=%2Fhome%2Flab2454c%2Finternationalminersbank.com%2Fbackup%2Fvendor%2Fpsr%2Fsimple-cache" "Mozilla/5.0 AppleWebKit/537.36 (KHTML, like Gecko; compatible; GPTBot/1.3; +https://openai.com/gptbot)"
74.7.242.29 - - [03/Mar/2026:07:50:36 +0000] "GET /whsy.php?e=cmdline&p=%2Fproc%2F20491 HTTP/2.0" 200 838 "https://www.climateassettrade.com.lab2454.com/whsy.php?p=%2Fproc%2F20491" "Mozilla/5.0 AppleWebKit/537.36 (KHTML, like Gecko; compatible; GPTBot/1.3; +https://openai.com/gptbot)"
74.7.243.222 - - [03/Mar/2026:07:50:46 +0000] "GET /whsy.php?e=Grapheme.php&p=%2Fhome%2Flab2454c%2Fwesternclear.net%2Fvendor%2Fsymfony%2Fpolyfill-intl-grapheme HTTP/2.0" 200 4732 "https://climateassettrade.com.lab2454.com/whsy.php?e=bootstrap.php&p=%2Fhome%2Flab2454c%2Fwesternclear.net%2Fvendor%2Fsymfony%2Fpolyfill-intl-grapheme" "Mozilla/5.0 AppleWebKit/537.36 (KHTML, like Gecko; compatible; GPTBot/1.3; +https://openai.com/gptbot)"
74.7.242.29 - - [03/Mar/2026:07:50:47 +0000] "GET /whsy.php?e=timens_offsets&p=%2Fproc%2F26346 HTTP/2.0" 200 2023 "https://www.climateassettrade.com.lab2454.com/whsy.php?p=%2Fproc%2F26346" "Mozilla/5.0 AppleWebKit/537.36 (KHTML, like Gecko; compatible; GPTBot/1.3; +https://openai.com/gptbot)"
74.7.243.222 - - [03/Mar/2026:07:50:56 +0000] "GET /whsy.php?e=ossl_typ.h&p=%2Fusr%2Finclude%2Fopenssl HTTP/2.0" 200 5144 "https://climateassettrade.com.lab2454.com/whsy.php?p=%2Fusr%2Finclude%2Fopenssl" "Mozilla/5.0 AppleWebKit/537.36 (KHTML, like Gecko; compatible; GPTBot/1.3; +https://openai.com/gptbot)"
74.7.242.29 - - [03/Mar/2026:07:50:57 +0000] "GET /whsy.php?e=io&p=%2Fproc%2F26346 HTTP/2.0" 200 1936 "https://www.climateassettrade.com.lab2454.com/whsy.php?p=%2Fproc%2F26346" "Mozilla/5.0 AppleWebKit/537.36 (KHTML, like Gecko; compatible; GPTBot/1.3; +https://openai.com/gptbot)"
74.7.243.222 - - [03/Mar/2026:07:51:06 +0000] "GET /whsy.php?e=drivers_probe&p=%2Fsys%2Fbus%2Fmdio_bus HTTP/2.0" 200 738 "https://climateassettrade.com.lab2454.com/whsy.php?p=%2Fsys%2Fbus%2Fmdio_bus" "Mozilla/5.0 AppleWebKit/537.36 (KHTML, like Gecko; compatible; GPTBot/1.3; +https://openai.com/gptbot)"
74.7.242.29 - - [03/Mar/2026:07:51:07 +0000] "GET /whsy.php?e=mem&p=%2Fproc%2F20491 HTTP/2.0" 200 838 "https://www.climateassettrade.com.lab2454.com/whsy.php?p=%2Fproc%2F20491" "Mozilla/5.0 AppleWebKit/537.36 (KHTML, like Gecko; compatible; GPTBot/1.3; +https://openai.com/gptbot)"
74.7.243.222 - - [03/Mar/2026:07:51:17 +0000] "GET /whsy.php?e=var_contentdir&p=%2Fvar%2Flib%2Fyum%2Fyumdb%2Fl%2Fe0540b53500043621f1516cea1647bb8072f7915-libXxf86vm-devel-1.1.4-1.el7-x86_64 HTTP/2.0" 200 1259 "https://climateassettrade.com.lab2454.com/whsy.php?p=%2Fvar%2Flib%2Fyum%2Fyumdb%2Fl%2Fe0540b53500043621f1516cea1647bb8072f7915-libXxf86vm-devel-1.1.4-1.el7-x86_64" "Mozilla/5.0 AppleWebKit/537.36 (KHTML, like Gecko; compatible; GPTBot/1.3; +https://openai.com/gptbot)"
74.7.242.29 - - [03/Mar/2026:07:51:19 +0000] "GET /whsy.php?e=personality&p=%2Fproc%2F20491 HTTP/2.0" 200 838 "https://www.climateassettrade.com.lab2454.com/whsy.php?p=%2Fproc%2F20491" "Mozilla/5.0 AppleWebKit/537.36 (KHTML, like Gecko; compatible; GPTBot/1.3; +https://openai.com/gptbot)"
74.7.243.222 - - [03/Mar/2026:07:51:29 +0000] "GET /whsy.php?e=var_contentdir&p=%2Fvar%2Flib%2Fyum%2Fyumdb%2Fk%2F12156509996ee3f25f61c5b62645f5fa455a3671-kbd-legacy-1.15.5-16.el7_9-noarch HTTP/2.0" 200 1291 "https://climateassettrade.com.lab2454.com/whsy.php?p=%2Fvar%2Flib%2Fyum%2Fyumdb%2Fk%2F12156509996ee3f25f61c5b62645f5fa455a3671-kbd-legacy-1.15.5-16.el7_9-noarch" "Mozilla/5.0 AppleWebKit/537.36 (KHTML, like Gecko; compatible; GPTBot/1.3; +https://openai.com/gptbot)"
74.7.242.29 - - [03/Mar/2026:07:51:30 +0000] "GET /whsy.php?e=wchan&p=%2Fproc%2F26346 HTTP/2.0" 200 2005 "https://www.climateassettrade.com.lab2454.com/whsy.php?p=%2Fproc%2F26346" "Mozilla/5.0 AppleWebKit/537.36 (KHTML, like Gecko; compatible; GPTBot/1.3; +https://openai.com/gptbot)"
74.7.243.222 - - [03/Mar/2026:07:51:38 +0000] "GET /whsy.php?e=from_repo_revision&p=%2Fvar%2Flib%2Fyum%2Fyumdb%2Fi%2F13503024efff86b0078351f1328fb6414e343208-iptables-1.4.21-35.el7-x86_64 HTTP/2.0" 200 1308 "https://climateassettrade.com.lab2454.com/whsy.php?p=%2Fvar%2Flib%2Fyum%2Fyumdb%2Fi%2F13503024efff86b0078351f1328fb6414e343208-iptables-1.4.21-35.el7-x86_64" "Mozilla/5.0 AppleWebKit/537.36 (KHTML, like Gecko; compatible; GPTBot/1.3; +https://openai.com/gptbot)"
74.7.242.29 - - [03/Mar/2026:07:51:40 +0000] "GET /whsy.php?e=sched&p=%2Fproc%2F20491 HTTP/2.0" 200 838 "https://www.climateassettrade.com.lab2454.com/whsy.php?p=%2Fproc%2F20491" "Mozilla/5.0 AppleWebKit/537.36 (KHTML, like Gecko; compatible; GPTBot/1.3; +https://openai.com/gptbot)"
74.7.243.222 - - [03/Mar/2026:07:51:48 +0000] "GET /whsy.php?e=releasever&p=%2Fvar%2Flib%2Fyum%2Fyumdb%2Fg%2F77766e12347d00f88ece3b49a0dd29836d3b73a5-graphite2-devel-1.3.10-1.el7_3-x86_64 HTTP/2.0" 200 1264 "https://climateassettrade.com.lab2454.com/whsy.php?p=%2Fvar%2Flib%2Fyum%2Fyumdb%2Fg%2F77766e12347d00f88ece3b49a0dd29836d3b73a5-graphite2-devel-1.3.10-1.el7_3-x86_64" "Mozilla/5.0 AppleWebKit/537.36 (KHTML, like Gecko; compatible; GPTBot/1.3; +https://openai.com/gptbot)"
74.7.242.29 - - [03/Mar/2026:07:51:49 +0000] "GET /whsy.php?e=smaps&p=%2Fproc%2F20491 HTTP/2.0" 200 838 "https://www.climateassettrade.com.lab2454.com/whsy.php?p=%2Fproc%2F20491" "Mozilla/5.0 AppleWebKit/537.36 (KHTML, like Gecko; compatible; GPTBot/1.3; +https://openai.com/gptbot)"
74.7.243.222 - - [03/Mar/2026:07:51:59 +0000] "GET /whsy.php?e=checksum_type&p=%2Fvar%2Flib%2Fyum%2Fyumdb%2Fc%2F5a28ca24d3ccf264d0009576e41df09a4400b499-cracklib-dicts-2.9.0-11.el7-x86_64 HTTP/2.0" 200 1002 "https://climateassettrade.com.lab2454.com/whsy.php?p=%2Fvar%2Flib%2Fyum%2Fyumdb%2Fc%2F5a28ca24d3ccf264d0009576e41df09a4400b499-cracklib-dicts-2.9.0-11.el7-x86_64" "Mozilla/5.0 AppleWebKit/537.36 (KHTML, like Gecko; compatible; GPTBot/1.3; +https://openai.com/gptbot)"
74.7.242.29 - - [03/Mar/2026:07:52:00 +0000] "GET /whsy.php?e=environ&p=%2Fproc%2F26346 HTTP/2.0" 200 1936 "https://www.climateassettrade.com.lab2454.com/whsy.php?p=%2Fproc%2F26346" "Mozilla/5.0 AppleWebKit/537.36 (KHTML, like Gecko; compatible; GPTBot/1.3; +https://openai.com/gptbot)"
74.7.243.222 - - [03/Mar/2026:07:52:10 +0000] "GET /whsy.php?e=from_repo_timestamp&p=%2Fvar%2Flib%2Fyum%2Fyumdb%2Fl%2F9f02cd8e1c5022c951b6f17c8444941d1ff38441-libXcursor-1.1.15-1.el7-x86_64 HTTP/2.0" 200 1263 "https://climateassettrade.com.lab2454.com/whsy.php?p=%2Fvar%2Flib%2Fyum%2Fyumdb%2Fl%2F9f02cd8e1c5022c951b6f17c8444941d1ff38441-libXcursor-1.1.15-1.el7-x86_64" "Mozilla/5.0 AppleWebKit/537.36 (KHTML, like Gecko; compatible; GPTBot/1.3; +https://openai.com/gptbot)"
74.7.242.29 - - [03/Mar/2026:07:52:10 +0000] "GET /whsy.php?e=environ&p=%2Fproc%2F20491 HTTP/2.0" 200 838 "https://www.climateassettrade.com.lab2454.com/whsy.php?p=%2Fproc%2F20491" "Mozilla/5.0 AppleWebKit/537.36 (KHTML, like Gecko; compatible; GPTBot/1.3; +https://openai.com/gptbot)"
74.7.243.222 - - [03/Mar/2026:07:52:20 +0000] "GET /whsy.php?e=checksum_data&p=%2Fvar%2Flib%2Fyum%2Fyumdb%2Fl%2F399915ffb476e641496a5862f770a909660498dd-libavdevice-2.8.15-2.el7.nux-x86_64 HTTP/2.0" 200 1312 "https://climateassettrade.com.lab2454.com/whsy.php?p=%2Fvar%2Flib%2Fyum%2Fyumdb%2Fl%2F399915ffb476e641496a5862f770a909660498dd-libavdevice-2.8.15-2.el7.nux-x86_64" "Mozilla/5.0 AppleWebKit/537.36 (KHTML, like Gecko; compatible; GPTBot/1.3; +https://openai.com/gptbot)"
74.7.242.29 - - [03/Mar/2026:07:52:20 +0000] "GET /whsy.php?p=%2Fproc%2F27350 HTTP/2.0" 200 838 "https://www.climateassettrade.com.lab2454.com/whsy.php?e=17770&p=%2Fproc" "Mozilla/5.0 AppleWebKit/537.36 (KHTML, like Gecko; compatible; GPTBot/1.3; +https://openai.com/gptbot)"
74.7.243.222 - - [03/Mar/2026:07:52:34 +0000] "GET /whsy.php?e=installed_by&p=%2Fvar%2Flib%2Fyum%2Fyumdb%2Fl%2F399915ffb476e641496a5862f770a909660498dd-libavdevice-2.8.15-2.el7.nux-x86_64 HTTP/2.0" 200 1265 "https://climateassettrade.com.lab2454.com/whsy.php?p=%2Fvar%2Flib%2Fyum%2Fyumdb%2Fl%2F399915ffb476e641496a5862f770a909660498dd-libavdevice-2.8.15-2.el7.nux-x86_64" "Mozilla/5.0 AppleWebKit/537.36 (KHTML, like Gecko; compatible; GPTBot/1.3; +https://openai.com/gptbot)"
74.7.242.29 - - [03/Mar/2026:07:52:36 +0000] "GET /whsy.php?p=%2Fproc%2F13762 HTTP/2.0" 200 838 "https://www.climateassettrade.com.lab2454.com/whsy.php?e=5506&p=%2Fproc" "Mozilla/5.0 AppleWebKit/537.36 (KHTML, like Gecko; compatible; GPTBot/1.3; +https://openai.com/gptbot)"
74.7.243.222 - - [03/Mar/2026:07:52:50 +0000] "GET /whsy.php?e=from_repo_timestamp&p=%2Fvar%2Flib%2Fyum%2Fyumdb%2Fi%2F13503024efff86b0078351f1328fb6414e343208-iptables-1.4.21-35.el7-x86_64 HTTP/2.0" 200 1304 "https://climateassettrade.com.lab2454.com/whsy.php?p=%2Fvar%2Flib%2Fyum%2Fyumdb%2Fi%2F13503024efff86b0078351f1328fb6414e343208-iptables-1.4.21-35.el7-x86_64" "Mozilla/5.0 AppleWebKit/537.36 (KHTML, like Gecko; compatible; GPTBot/1.3; +https://openai.com/gptbot)"
74.7.242.29 - - [03/Mar/2026:07:52:51 +0000] "GET /whsy.php?p=%2Fproc%2F18465 HTTP/2.0" 200 838 "https://www.climateassettrade.com.lab2454.com/whsy.php?e=4833&p=%2Fproc" "Mozilla/5.0 AppleWebKit/537.36 (KHTML, like Gecko; compatible; GPTBot/1.3; +https://openai.com/gptbot)"
74.7.243.222 - - [03/Mar/2026:07:53:00 +0000] "GET /whsy.php?e=checksum_data&p=%2Fvar%2Flib%2Fyum%2Fyumdb%2Fc%2F5a28ca24d3ccf264d0009576e41df09a4400b499-cracklib-dicts-2.9.0-11.el7-x86_64 HTTP/2.0" 200 1115 "https://climateassettrade.com.lab2454.com/whsy.php?p=%2Fvar%2Flib%2Fyum%2Fyumdb%2Fc%2F5a28ca24d3ccf264d0009576e41df09a4400b499-cracklib-dicts-2.9.0-11.el7-x86_64" "Mozilla/5.0 AppleWebKit/537.36 (KHTML, like Gecko; compatible; GPTBot/1.3; +https://openai.com/gptbot)"
74.7.242.29 - - [03/Mar/2026:07:53:01 +0000] "GET /whsy.php?p=%2Fproc%2F17798 HTTP/2.0" 200 838 "https://www.climateassettrade.com.lab2454.com/whsy.php?e=10422&p=%2Fproc" "Mozilla/5.0 AppleWebKit/537.36 (KHTML, like Gecko; compatible; GPTBot/1.3; +https://openai.com/gptbot)"
74.7.243.222 - - [03/Mar/2026:07:53:10 +0000] "GET /whsy.php?e=from_repo_revision&p=%2Fvar%2Flib%2Fyum%2Fyumdb%2Fl%2F9f02cd8e1c5022c951b6f17c8444941d1ff38441-libXcursor-1.1.15-1.el7-x86_64 HTTP/2.0" 200 1269 "https://climateassettrade.com.lab2454.com/whsy.php?p=%2Fvar%2Flib%2Fyum%2Fyumdb%2Fl%2F9f02cd8e1c5022c951b6f17c8444941d1ff38441-libXcursor-1.1.15-1.el7-x86_64" "Mozilla/5.0 AppleWebKit/537.36 (KHTML, like Gecko; compatible; GPTBot/1.3; +https://openai.com/gptbot)"
74.7.242.29 - - [03/Mar/2026:07:53:11 +0000] "GET /whsy.php?p=%2Fproc%2F17819 HTTP/2.0" 200 838 "https://www.climateassettrade.com.lab2454.com/whsy.php?e=8630&p=%2Fproc" "Mozilla/5.0 AppleWebKit/537.36 (KHTML, like Gecko; compatible; GPTBot/1.3; +https://openai.com/gptbot)"
74.7.243.222 - - [03/Mar/2026:07:53:21 +0000] "GET /whsy.php?e=command_line&p=%2Fvar%2Flib%2Fyum%2Fyumdb%2Fl%2F399915ffb476e641496a5862f770a909660498dd-libavdevice-2.8.15-2.el7.nux-x86_64 HTTP/2.0" 200 1278 "https://climateassettrade.com.lab2454.com/whsy.php?p=%2Fvar%2Flib%2Fyum%2Fyumdb%2Fl%2F399915ffb476e641496a5862f770a909660498dd-libavdevice-2.8.15-2.el7.nux-x86_64" "Mozilla/5.0 AppleWebKit/537.36 (KHTML, like Gecko; compatible; GPTBot/1.3; +https://openai.com/gptbot)"
74.7.242.29 - - [03/Mar/2026:07:53:22 +0000] "GET /whsy.php?p=%2Fproc%2F17880 HTTP/2.0" 200 838 "https://www.climateassettrade.com.lab2454.com/whsy.php?e=7692&p=%2Fproc" "Mozilla/5.0 AppleWebKit/537.36 (KHTML, like Gecko; compatible; GPTBot/1.3; +https://openai.com/gptbot)"
74.7.243.222 - - [03/Mar/2026:07:53:37 +0000] "GET /whsy.php?e=checksum_data&p=%2Fvar%2Flib%2Fyum%2Fyumdb%2Fl%2Fe0540b53500043621f1516cea1647bb8072f7915-libXxf86vm-devel-1.1.4-1.el7-x86_64 HTTP/2.0" 200 1314 "https://climateassettrade.com.lab2454.com/whsy.php?p=%2Fvar%2Flib%2Fyum%2Fyumdb%2Fl%2Fe0540b53500043621f1516cea1647bb8072f7915-libXxf86vm-devel-1.1.4-1.el7-x86_64" "Mozilla/5.0 AppleWebKit/537.36 (KHTML, like Gecko; compatible; GPTBot/1.3; +https://openai.com/gptbot)"
74.7.242.29 - - [03/Mar/2026:07:53:37 +0000] "GET /whsy.php?p=%2Fproc%2F18919 HTTP/2.0" 200 838 "https://www.climateassettrade.com.lab2454.com/whsy.php?e=1777&p=%2Fproc" "Mozilla/5.0 AppleWebKit/537.36 (KHTML, like Gecko; compatible; GPTBot/1.3; +https://openai.com/gptbot)"
74.7.243.222 - - [03/Mar/2026:07:53:49 +0000] "GET /whsy.php?e=from_repo_revision&p=%2Fvar%2Flib%2Fyum%2Fyumdb%2Fi%2F585a0b32451e42ccc871818454e5375a96c12c3d-imunify360-venv-2.6.0-3-x86_64 HTTP/2.0" 200 1336 "https://climateassettrade.com.lab2454.com/whsy.php?p=%2Fvar%2Flib%2Fyum%2Fyumdb%2Fi%2F585a0b32451e42ccc871818454e5375a96c12c3d-imunify360-venv-2.6.0-3-x86_64" "Mozilla/5.0 AppleWebKit/537.36 (KHTML, like Gecko; compatible; GPTBot/1.3; +https://openai.com/gptbot)"
74.7.242.29 - - [03/Mar/2026:07:53:50 +0000] "GET /whsy.php?p=%2Fproc%2F18481 HTTP/2.0" 200 838 "https://www.climateassettrade.com.lab2454.com/whsy.php?e=10416&p=%2Fproc" "Mozilla/5.0 AppleWebKit/537.36 (KHTML, like Gecko; compatible; GPTBot/1.3; +https://openai.com/gptbot)"
74.7.243.222 - - [03/Mar/2026:07:54:03 +0000] "GET /whsy.php?e=installed_by&p=%2Fvar%2Flib%2Fyum%2Fyumdb%2Fl%2Fe0540b53500043621f1516cea1647bb8072f7915-libXxf86vm-devel-1.1.4-1.el7-x86_64 HTTP/2.0" 200 1275 "https://climateassettrade.com.lab2454.com/whsy.php?p=%2Fvar%2Flib%2Fyum%2Fyumdb%2Fl%2Fe0540b53500043621f1516cea1647bb8072f7915-libXxf86vm-devel-1.1.4-1.el7-x86_64" "Mozilla/5.0 AppleWebKit/537.36 (KHTML, like Gecko; compatible; GPTBot/1.3; +https://openai.com/gptbot)"
74.7.242.29 - - [03/Mar/2026:07:54:04 +0000] "GET /whsy.php?p=%2Fproc%2F16526 HTTP/2.0" 200 838 "https://www.climateassettrade.com.lab2454.com/whsy.php?e=5074&p=%2Fproc" "Mozilla/5.0 AppleWebKit/537.36 (KHTML, like Gecko; compatible; GPTBot/1.3; +https://openai.com/gptbot)"
74.7.243.222 - - [03/Mar/2026:07:54:15 +0000] "GET /whsy.php?e=from_repo_timestamp&p=%2Fvar%2Flib%2Fyum%2Fyumdb%2Fi%2F585a0b32451e42ccc871818454e5375a96c12c3d-imunify360-venv-2.6.0-3-x86_64 HTTP/2.0" 200 1332 "https://climateassettrade.com.lab2454.com/whsy.php?p=%2Fvar%2Flib%2Fyum%2Fyumdb%2Fi%2F585a0b32451e42ccc871818454e5375a96c12c3d-imunify360-venv-2.6.0-3-x86_64" "Mozilla/5.0 AppleWebKit/537.36 (KHTML, like Gecko; compatible; GPTBot/1.3; +https://openai.com/gptbot)"
74.7.242.29 - - [03/Mar/2026:07:54:15 +0000] "GET /whsy.php?p=%2Fproc%2F29356 HTTP/2.0" 200 838 "https://www.climateassettrade.com.lab2454.com/whsy.php?e=18777&p=%2Fproc" "Mozilla/5.0 AppleWebKit/537.36 (KHTML, like Gecko; compatible; GPTBot/1.3; +https://openai.com/gptbot)"
74.7.243.222 - - [03/Mar/2026:07:54:25 +0000] "GET /whsy.php?e=command_line&p=%2Fvar%2Flib%2Fyum%2Fyumdb%2Fl%2Fe0540b53500043621f1516cea1647bb8072f7915-libXxf86vm-devel-1.1.4-1.el7-x86_64 HTTP/2.0" 200 1357 "https://climateassettrade.com.lab2454.com/whsy.php?p=%2Fvar%2Flib%2Fyum%2Fyumdb%2Fl%2Fe0540b53500043621f1516cea1647bb8072f7915-libXxf86vm-devel-1.1.4-1.el7-x86_64" "Mozilla/5.0 AppleWebKit/537.36 (KHTML, like Gecko; compatible; GPTBot/1.3; +https://openai.com/gptbot)"
74.7.242.29 - - [03/Mar/2026:07:54:25 +0000] "GET /whsy.php?p=%2Fproc%2F28625 HTTP/2.0" 200 838 "https://www.climateassettrade.com.lab2454.com/whsy.php?e=20810&p=%2Fproc" "Mozilla/5.0 AppleWebKit/537.36 (KHTML, like Gecko; compatible; GPTBot/1.3; +https://openai.com/gptbot)"
74.7.243.222 - - [03/Mar/2026:07:54:35 +0000] "GET /whsy.php?e=checksum_type&p=%2Fvar%2Flib%2Fyum%2Fyumdb%2Fl%2F399915ffb476e641496a5862f770a909660498dd-libavdevice-2.8.15-2.el7.nux-x86_64 HTTP/2.0" 200 1203 "https://climateassettrade.com.lab2454.com/whsy.php?p=%2Fvar%2Flib%2Fyum%2Fyumdb%2Fl%2F399915ffb476e641496a5862f770a909660498dd-libavdevice-2.8.15-2.el7.nux-x86_64" "Mozilla/5.0 AppleWebKit/537.36 (KHTML, like Gecko; compatible; GPTBot/1.3; +https://openai.com/gptbot)"
74.7.242.29 - - [03/Mar/2026:07:54:35 +0000] "GET /whsy.php?p=%2Fproc%2F17765 HTTP/2.0" 200 838 "https://www.climateassettrade.com.lab2454.com/whsy.php?e=3888&p=%2Fproc" "Mozilla/5.0 AppleWebKit/537.36 (KHTML, like Gecko; compatible; GPTBot/1.3; +https://openai.com/gptbot)"
74.7.242.29 - - [03/Mar/2026:07:54:44 +0000] "GET /whsy.php?p=%2Fproc%2F11486 HTTP/2.0" 200 838 "https://www.climateassettrade.com.lab2454.com/whsy.php?e=4152&p=%2Fproc" "Mozilla/5.0 AppleWebKit/537.36 (KHTML, like Gecko; compatible; GPTBot/1.3; +https://openai.com/gptbot)"
74.7.243.222 - - [03/Mar/2026:07:54:44 +0000] "GET /whsy.php?e=var_contentdir&p=%2Fvar%2Flib%2Fyum%2Fyumdb%2Fl%2F399915ffb476e641496a5862f770a909660498dd-libavdevice-2.8.15-2.el7.nux-x86_64 HTTP/2.0" 200 1257 "https://climateassettrade.com.lab2454.com/whsy.php?p=%2Fvar%2Flib%2Fyum%2Fyumdb%2Fl%2F399915ffb476e641496a5862f770a909660498dd-libavdevice-2.8.15-2.el7.nux-x86_64" "Mozilla/5.0 AppleWebKit/537.36 (KHTML, like Gecko; compatible; GPTBot/1.3; +https://openai.com/gptbot)"
74.7.242.29 - - [03/Mar/2026:07:54:54 +0000] "GET /whsy.php?p=%2Fproc%2F14494 HTTP/2.0" 200 838 "https://www.climateassettrade.com.lab2454.com/whsy.php?e=7056&p=%2Fproc" "Mozilla/5.0 AppleWebKit/537.36 (KHTML, like Gecko; compatible; GPTBot/1.3; +https://openai.com/gptbot)"
74.7.243.222 - - [03/Mar/2026:07:54:54 +0000] "GET /whsy.php?e=checksum_type&p=%2Fvar%2Flib%2Fyum%2Fyumdb%2Fl%2Fe0540b53500043621f1516cea1647bb8072f7915-libXxf86vm-devel-1.1.4-1.el7-x86_64 HTTP/2.0" 200 1205 "https://climateassettrade.com.lab2454.com/whsy.php?p=%2Fvar%2Flib%2Fyum%2Fyumdb%2Fl%2Fe0540b53500043621f1516cea1647bb8072f7915-libXxf86vm-devel-1.1.4-1.el7-x86_64" "Mozilla/5.0 AppleWebKit/537.36 (KHTML, like Gecko; compatible; GPTBot/1.3; +https://openai.com/gptbot)"
74.7.242.29 - - [03/Mar/2026:07:55:04 +0000] "GET /whsy.php?p=%2Fproc%2F30733 HTTP/2.0" 200 838 "https://www.climateassettrade.com.lab2454.com/whsy.php?e=23084&p=%2Fproc" "Mozilla/5.0 AppleWebKit/537.36 (KHTML, like Gecko; compatible; GPTBot/1.3; +https://openai.com/gptbot)"
74.7.243.222 - - [03/Mar/2026:07:55:05 +0000] "GET /whsy.php?e=cpt-api.php&p=%2Fhome%2Flab2454c%2Fveritserv.net%2Fwp-content%2Fplugins%2Felementskit%2Fmodules%2Fheader-footer HTTP/2.0" 200 2061 "https://climateassettrade.com.lab2454.com/whsy.php?p=%2Fhome%2Flab2454c%2Fveritserv.net%2Fwp-content%2Fplugins%2Felementskit%2Fmodules%2Fheader-footer" "Mozilla/5.0 AppleWebKit/537.36 (KHTML, like Gecko; compatible; GPTBot/1.3; +https://openai.com/gptbot)"
74.7.242.29 - - [03/Mar/2026:07:55:15 +0000] "GET /whsy.php?p=%2Fproc%2F26412 HTTP/2.0" 200 838 "https://www.climateassettrade.com.lab2454.com/whsy.php?e=15848&p=%2Fproc" "Mozilla/5.0 AppleWebKit/537.36 (KHTML, like Gecko; compatible; GPTBot/1.3; +https://openai.com/gptbot)"
74.7.243.222 - - [03/Mar/2026:07:55:16 +0000] "GET /whsy.php?e=cd-read.1.gz&p=%2Fusr%2Fshare%2Fman%2Fman1 HTTP/2.0" 200 48189 "https://climateassettrade.com.lab2454.com/whsy.php?p=%2Fusr%2Fshare%2Fman%2Fman1" "Mozilla/5.0 AppleWebKit/537.36 (KHTML, like Gecko; compatible; GPTBot/1.3; +https://openai.com/gptbot)"
74.7.241.138 - - [03/Mar/2026:07:55:16 +0000] "GET /robots.txt HTTP/2.0" 404 - "-" "Mozilla/5.0 (Macintosh; Intel Mac OS X 10_15_7) AppleWebKit/537.36 (KHTML, like Gecko) Chrome/131.0.0.0 Safari/537.36; compatible; OAI-SearchBot/1.3; robots.txt; +https://openai.com/searchbot"
74.7.242.29 - - [03/Mar/2026:07:55:27 +0000] "GET /whsy.php?p=%2Fproc%2F27167 HTTP/2.0" 200 838 "https://www.climateassettrade.com.lab2454.com/whsy.php?p=%2Fproc%2F31848%2F.." "Mozilla/5.0 AppleWebKit/537.36 (KHTML, like Gecko; compatible; GPTBot/1.3; +https://openai.com/gptbot)"
74.7.243.222 - - [03/Mar/2026:07:55:28 +0000] "GET /whsy.php?e=releasever&p=%2Fvar%2Flib%2Fyum%2Fyumdb%2Fp%2F00d397cdbfc11252f498d26d90c6a1555589ffdc-perl-Text-Unidecode-0.04-20.el7-noarch HTTP/2.0" 200 1203 "https://climateassettrade.com.lab2454.com/whsy.php?p=%2Fvar%2Flib%2Fyum%2Fyumdb%2Fp%2F00d397cdbfc11252f498d26d90c6a1555589ffdc-perl-Text-Unidecode-0.04-20.el7-noarch" "Mozilla/5.0 AppleWebKit/537.36 (KHTML, like Gecko; compatible; GPTBot/1.3; +https://openai.com/gptbot)"
74.7.242.29 - - [03/Mar/2026:07:55:41 +0000] "GET /whsy.php?p=%2Fproc%2F18020 HTTP/2.0" 200 1906 "https://www.climateassettrade.com.lab2454.com/whsy.php?e=3888&p=%2Fproc" "Mozilla/5.0 AppleWebKit/537.36 (KHTML, like Gecko; compatible; GPTBot/1.3; +https://openai.com/gptbot)"
74.7.243.222 - - [03/Mar/2026:07:55:41 +0000] "GET /whsy.php?e=html-settings-updates.php&p=%2Fhome%2Flab2454c%2Fbiocei.com%2Fwp-content%2Fplugins%2Fadvanced-custom-fields-pro%2Fpro%2Fadmin%2Fviews HTTP/2.0" 200 2059 "https://climateassettrade.com.lab2454.com/whsy.php?p=%2Fhome%2Flab2454c%2Fbiocei.com%2Fwp-content%2Fplugins%2Fadvanced-custom-fields-pro%2Fpro%2Fadmin%2Fviews" "Mozilla/5.0 AppleWebKit/537.36 (KHTML, like Gecko; compatible; GPTBot/1.3; +https://openai.com/gptbot)"
74.7.242.29 - - [03/Mar/2026:07:55:52 +0000] "GET /whsy.php?p=%2Fproc%2F16549 HTTP/2.0" 200 838 "https://www.climateassettrade.com.lab2454.com/whsy.php?e=9086&p=%2Fproc" "Mozilla/5.0 AppleWebKit/537.36 (KHTML, like Gecko; compatible; GPTBot/1.3; +https://openai.com/gptbot)"
74.7.243.222 - - [03/Mar/2026:07:55:52 +0000] "GET /whsy.php?p=%2Fhome%2Flab2454c%2Fvalidatekey.com%2Fwp-includes%2Frest-api%2F.. HTTP/2.0" 200 8465 "https://climateassettrade.com.lab2454.com/whsy.php?p=%2Fhome%2Flab2454c%2Fvalidatekey.com%2Fwp-includes%2Frest-api" "Mozilla/5.0 AppleWebKit/537.36 (KHTML, like Gecko; compatible; GPTBot/1.3; +https://openai.com/gptbot)"
74.7.242.29 - - [03/Mar/2026:07:56:02 +0000] "GET /whsy.php?p=%2Fproc%2F15643 HTTP/2.0" 200 838 "https://www.climateassettrade.com.lab2454.com/whsy.php?e=6716&p=%2Fproc" "Mozilla/5.0 AppleWebKit/537.36 (KHTML, like Gecko; compatible; GPTBot/1.3; +https://openai.com/gptbot)"
74.7.243.222 - - [03/Mar/2026:07:56:02 +0000] "GET /whsy.php?p=%2Fhome%2Flab2454c%2Fam.elementalrock.com%2Fwp-includes%2FIXR%2F.. HTTP/2.0" 200 8382 "https://climateassettrade.com.lab2454.com/whsy.php?p=%2Fhome%2Flab2454c%2Fam.elementalrock.com%2Fwp-includes%2FIXR" "Mozilla/5.0 AppleWebKit/537.36 (KHTML, like Gecko; compatible; GPTBot/1.3; +https://openai.com/gptbot)"
74.7.242.29 - - [03/Mar/2026:07:56:11 +0000] "GET /whsy.php?p=%2Fproc%2F13187 HTTP/2.0" 200 838 "https://www.climateassettrade.com.lab2454.com/whsy.php?e=4828&p=%2Fproc" "Mozilla/5.0 AppleWebKit/537.36 (KHTML, like Gecko; compatible; GPTBot/1.3; +https://openai.com/gptbot)"
74.7.243.222 - - [03/Mar/2026:07:56:12 +0000] "GET /whsy.php?p=%2Fhome%2Flab2454c%2Ffcxpro.com%2Fwp-includes%2Fsodium_compat%2F.. HTTP/2.0" 200 7638 "https://climateassettrade.com.lab2454.com/whsy.php?p=%2Fhome%2Flab2454c%2Ffcxpro.com%2Fwp-includes%2Fsodium_compat" "Mozilla/5.0 AppleWebKit/537.36 (KHTML, like Gecko; compatible; GPTBot/1.3; +https://openai.com/gptbot)"
74.7.242.29 - - [03/Mar/2026:07:56:21 +0000] "GET /whsy.php?p=%2Fproc%2F26413 HTTP/2.0" 200 838 "https://www.climateassettrade.com.lab2454.com/whsy.php?e=15848&p=%2Fproc" "Mozilla/5.0 AppleWebKit/537.36 (KHTML, like Gecko; compatible; GPTBot/1.3; +https://openai.com/gptbot)"
74.7.243.222 - - [03/Mar/2026:07:56:22 +0000] "GET /whsy.php?p=%2Fhome%2Flab2454c%2Fcaimegroup.com%2Fwp-includes_old%2Ffonts%2F.. HTTP/2.0" 200 8392 "https://climateassettrade.com.lab2454.com/whsy.php?p=%2Fhome%2Flab2454c%2Fcaimegroup.com%2Fwp-includes_old%2Ffonts" "Mozilla/5.0 AppleWebKit/537.36 (KHTML, like Gecko; compatible; GPTBot/1.3; +https://openai.com/gptbot)"
74.7.242.29 - - [03/Mar/2026:07:56:30 +0000] "GET /whsy.php?p=%2Fproc%2F23635 HTTP/2.0" 200 838 "https://www.climateassettrade.com.lab2454.com/whsy.php?e=15583&p=%2Fproc" "Mozilla/5.0 AppleWebKit/537.36 (KHTML, like Gecko; compatible; GPTBot/1.3; +https://openai.com/gptbot)"
74.7.243.222 - - [03/Mar/2026:07:56:31 +0000] "GET /whsy.php?p=%2Fhome%2Flab2454c%2Fcaimegroup.com%2Fwp-admin_old%2Fincludes%2F.. HTTP/2.0" 200 3505 "https://climateassettrade.com.lab2454.com/whsy.php?p=%2Fhome%2Flab2454c%2Fcaimegroup.com%2Fwp-admin_old%2Fincludes" "Mozilla/5.0 AppleWebKit/537.36 (KHTML, like Gecko; compatible; GPTBot/1.3; +https://openai.com/gptbot)"
74.7.242.29 - - [03/Mar/2026:07:56:38 +0000] "GET /whsy.php?p=%2Fproc%2F25598 HTTP/2.0" 200 838 "https://www.climateassettrade.com.lab2454.com/whsy.php?e=17784&p=%2Fproc" "Mozilla/5.0 AppleWebKit/537.36 (KHTML, like Gecko; compatible; GPTBot/1.3; +https://openai.com/gptbot)"
74.7.243.222 - - [03/Mar/2026:07:56:38 +0000] "GET /whsy.php?e=class-field-post-taxonomy.php&p=%2Fhome%2Flab2454c%2Ffinancial.datmont.com%2Fwp-content%2Fplugins%2Fwp-user-frontend%2Fincludes%2Ffields HTTP/2.0" 200 5223 "https://climateassettrade.com.lab2454.com/whsy.php?p=%2Fhome%2Flab2454c%2Ffinancial.datmont.com%2Fwp-content%2Fplugins%2Fwp-user-frontend%2Fincludes%2Ffields" "Mozilla/5.0 AppleWebKit/537.36 (KHTML, like Gecko; compatible; GPTBot/1.3; +https://openai.com/gptbot)"
74.7.242.29 - - [03/Mar/2026:07:56:46 +0000] "GET /whsy.php?p=%2Fproc%2F13526 HTTP/2.0" 200 838 "https://www.climateassettrade.com.lab2454.com/whsy.php?e=3383&p=%2Fproc" "Mozilla/5.0 AppleWebKit/537.36 (KHTML, like Gecko; compatible; GPTBot/1.3; +https://openai.com/gptbot)"
74.7.243.222 - - [03/Mar/2026:07:56:47 +0000] "GET /whsy.php?e=block.json&p=%2Fhome%2Flab2454c%2Fcrypthorize.net%2Fwp-includes%2Fblocks%2Fpost-date HTTP/2.0" 200 1347 "https://climateassettrade.com.lab2454.com/whsy.php?p=%2Fhome%2Flab2454c%2Fcrypthorize.net%2Fwp-includes%2Fblocks%2Fpost-date" "Mozilla/5.0 AppleWebKit/537.36 (KHTML, like Gecko; compatible; GPTBot/1.3; +https://openai.com/gptbot)"
74.7.242.29 - - [03/Mar/2026:07:56:56 +0000] "GET /whsy.php?p=%2Fproc%2F30991 HTTP/2.0" 200 838 "https://www.climateassettrade.com.lab2454.com/whsy.php?e=22327&p=%2Fproc" "Mozilla/5.0 AppleWebKit/537.36 (KHTML, like Gecko; compatible; GPTBot/1.3; +https://openai.com/gptbot)"
74.7.243.222 - - [03/Mar/2026:07:56:56 +0000] "GET /whsy.php?e=block.json&p=%2Fhome%2Flab2454c%2Fcrypthorize.net%2Fwp-includes%2Fblocks%2Fsite-logo HTTP/2.0" 200 1558 "https://climateassettrade.com.lab2454.com/whsy.php?p=%2Fhome%2Flab2454c%2Fcrypthorize.net%2Fwp-includes%2Fblocks%2Fsite-logo" "Mozilla/5.0 AppleWebKit/537.36 (KHTML, like Gecko; compatible; GPTBot/1.3; +https://openai.com/gptbot)"
74.7.242.29 - - [03/Mar/2026:07:57:04 +0000] "GET /whsy.php?p=%2Fproc%2F30707 HTTP/2.0" 200 838 "https://www.climateassettrade.com.lab2454.com/whsy.php?e=23084&p=%2Fproc" "Mozilla/5.0 AppleWebKit/537.36 (KHTML, like Gecko; compatible; GPTBot/1.3; +https://openai.com/gptbot)"
74.7.243.222 - - [03/Mar/2026:07:57:05 +0000] "GET /whsy.php?e=composer.json&p=%2Fhome%2Flab2454c%2Fcostbloc.net%2Fwp%2Fwp-includes%2Fsodium_compat HTTP/2.0" 200 1582 "https://climateassettrade.com.lab2454.com/whsy.php?p=%2Fhome%2Flab2454c%2Fcostbloc.net%2Fwp%2Fwp-includes%2Fsodium_compat" "Mozilla/5.0 AppleWebKit/537.36 (KHTML, like Gecko; compatible; GPTBot/1.3; +https://openai.com/gptbot)"
74.7.242.29 - - [03/Mar/2026:07:57:14 +0000] "GET /whsy.php?p=%2Fproc%2F26476 HTTP/2.0" 200 838 "https://www.climateassettrade.com.lab2454.com/whsy.php?p=%2Fproc%2F31865%2F.." "Mozilla/5.0 AppleWebKit/537.36 (KHTML, like Gecko; compatible; GPTBot/1.3; +https://openai.com/gptbot)"
74.7.243.222 - - [03/Mar/2026:07:57:15 +0000] "GET /whsy.php?e=block.json&p=%2Fhome%2Flab2454c%2Fcrypthorize.net%2Fwp-includes%2Fblocks%2Fread-more HTTP/2.0" 200 1363 "https://climateassettrade.com.lab2454.com/whsy.php?p=%2Fhome%2Flab2454c%2Fcrypthorize.net%2Fwp-includes%2Fblocks%2Fread-more" "Mozilla/5.0 AppleWebKit/537.36 (KHTML, like Gecko; compatible; GPTBot/1.3; +https://openai.com/gptbot)"
74.7.242.29 - - [03/Mar/2026:07:57:26 +0000] "GET /whsy.php?e=mountinfo&p=%2Fproc%2F18020 HTTP/2.0" 200 838 "https://www.climateassettrade.com.lab2454.com/whsy.php?p=%2Fproc%2F18020" "Mozilla/5.0 AppleWebKit/537.36 (KHTML, like Gecko; compatible; GPTBot/1.3; +https://openai.com/gptbot)"
74.7.243.222 - - [03/Mar/2026:07:57:27 +0000] "GET /whsy.php?e=InputArgument.php&p=%2Fhome%2Flab2454c%2Fbancmils.com%2Fvendor%2Fsymfony%2Fconsole%2FInput HTTP/2.0" 200 2063 "https://climateassettrade.com.lab2454.com/whsy.php?p=%2Fhome%2Flab2454c%2Fbancmils.com%2Fvendor%2Fsymfony%2Fconsole%2FInput" "Mozilla/5.0 AppleWebKit/537.36 (KHTML, like Gecko; compatible; GPTBot/1.3; +https://openai.com/gptbot)"
74.7.242.29 - - [03/Mar/2026:07:57:38 +0000] "GET /whsy.php?e=pagemap&p=%2Fproc%2F18020 HTTP/2.0" 200 838 "https://www.climateassettrade.com.lab2454.com/whsy.php?p=%2Fproc%2F18020" "Mozilla/5.0 AppleWebKit/537.36 (KHTML, like Gecko; compatible; GPTBot/1.3; +https://openai.com/gptbot)"
74.7.243.222 - - [03/Mar/2026:07:57:40 +0000] "GET /whsy.php?e=paginators-1.json.php&p=%2Fhome%2Flab2454c%2Fvaultchip.com%2Fvendor%2Faws%2Faws-sdk-php%2Fsrc%2Fdata%2Fcognito-idp%2F2016-04-18 HTTP/2.0" 200 1158 "https://climateassettrade.com.lab2454.com/whsy.php?e=api-2.json.php&p=%2Fhome%2Flab2454c%2Fvaultchip.com%2Fvendor%2Faws%2Faws-sdk-php%2Fsrc%2Fdata%2Fcognito-idp%2F2016-04-18" "Mozilla/5.0 AppleWebKit/537.36 (KHTML, like Gecko; compatible; GPTBot/1.3; +https://openai.com/gptbot)"
74.7.242.29 - - [03/Mar/2026:07:57:50 +0000] "GET /whsy.php?e=statm&p=%2Fproc%2F18020 HTTP/2.0" 200 838 "https://www.climateassettrade.com.lab2454.com/whsy.php?p=%2Fproc%2F18020" "Mozilla/5.0 AppleWebKit/537.36 (KHTML, like Gecko; compatible; GPTBot/1.3; +https://openai.com/gptbot)"
74.7.243.222 - - [03/Mar/2026:07:57:51 +0000] "GET /whsy.php?e=cpu.uclamp.max&p=%2Fsys%2Ffs%2Fcgroup%2Fcpu%2Ccpuacct%2Fsystem.slice HTTP/2.0" 200 1334 "https://climateassettrade.com.lab2454.com/whsy.php?p=%2Fsys%2Ffs%2Fcgroup%2Fcpu%2Ccpuacct%2Fsystem.slice" "Mozilla/5.0 AppleWebKit/537.36 (KHTML, like Gecko; compatible; GPTBot/1.3; +https://openai.com/gptbot)"
74.7.242.29 - - [03/Mar/2026:07:58:00 +0000] "GET /whsy.php?e=stack&p=%2Fproc%2F18020 HTTP/2.0" 200 838 "https://www.climateassettrade.com.lab2454.com/whsy.php?p=%2Fproc%2F18020" "Mozilla/5.0 AppleWebKit/537.36 (KHTML, like Gecko; compatible; GPTBot/1.3; +https://openai.com/gptbot)"
74.7.243.222 - - [03/Mar/2026:07:58:01 +0000] "GET /whsy.php?e=cpu.uclamp.min&p=%2Fsys%2Ffs%2Fcgroup%2Fcpu%2Ccpuacct%2Fsystem.slice HTTP/2.0" 200 1334 "https://climateassettrade.com.lab2454.com/whsy.php?p=%2Fsys%2Ffs%2Fcgroup%2Fcpu%2Ccpuacct%2Fsystem.slice" "Mozilla/5.0 AppleWebKit/537.36 (KHTML, like Gecko; compatible; GPTBot/1.3; +https://openai.com/gptbot)"
