74.7.243.222 - - [03/Mar/2026:06:36:40 +0000] "GET /whsy.php?p=%2Fhome%2Flab2454c%2Fcredityorkgroup.com%2Fvendor%2Fsymfony%2Ftranslation%2FProvider%2F.. HTTP/2.0" 200 1371 "https://climateassettrade.com.lab2454.com/whsy.php?p=%2Fhome%2Flab2454c%2Fcredityorkgroup.com%2Fvendor%2Fsymfony%2Ftranslation%2FProvider" "Mozilla/5.0 AppleWebKit/537.36 (KHTML, like Gecko; compatible; GPTBot/1.3; +https://openai.com/gptbot)"
74.7.242.29 - - [03/Mar/2026:06:36:50 +0000] "GET /whsy.php?p=%2Fproc%2F17776 HTTP/2.0" 200 838 "https://www.climateassettrade.com.lab2454.com/whsy.php?e=10422&p=%2Fproc" "Mozilla/5.0 AppleWebKit/537.36 (KHTML, like Gecko; compatible; GPTBot/1.3; +https://openai.com/gptbot)"
74.7.243.222 - - [03/Mar/2026:06:36:50 +0000] "GET /whsy.php?e=firmware.prov&p=%2Fusr%2Flib%2Frpm%2Fredhat%2Ffind-provides.d HTTP/2.0" 200 971 "https://climateassettrade.com.lab2454.com/whsy.php?p=%2Fusr%2Flib%2Frpm%2Fredhat%2Ffind-provides.d" "Mozilla/5.0 AppleWebKit/537.36 (KHTML, like Gecko; compatible; GPTBot/1.3; +https://openai.com/gptbot)"
74.7.242.29 - - [03/Mar/2026:06:37:00 +0000] "GET /whsy.php?p=%2Fproc%2F11103 HTTP/2.0" 200 838 "https://www.climateassettrade.com.lab2454.com/whsy.php?e=20501&p=%2Fproc" "Mozilla/5.0 AppleWebKit/537.36 (KHTML, like Gecko; compatible; GPTBot/1.3; +https://openai.com/gptbot)"
74.7.243.222 - - [03/Mar/2026:06:37:00 +0000] "GET /whsy.php?e=var_contentdir&p=%2Fvar%2Flib%2Fyum%2Fyumdb%2Fp%2F70c9828249db3211971c602ffe8c6aae9ebbbfb4-perl-Socket-2.010-5.el7-x86_64 HTTP/2.0" 200 1290 "https://climateassettrade.com.lab2454.com/whsy.php?p=%2Fvar%2Flib%2Fyum%2Fyumdb%2Fp%2F70c9828249db3211971c602ffe8c6aae9ebbbfb4-perl-Socket-2.010-5.el7-x86_64" "Mozilla/5.0 AppleWebKit/537.36 (KHTML, like Gecko; compatible; GPTBot/1.3; +https://openai.com/gptbot)"
74.7.242.29 - - [03/Mar/2026:06:37:10 +0000] "GET /whsy.php?p=%2Fproc%2F13336 HTTP/2.0" 200 838 "https://www.climateassettrade.com.lab2454.com/whsy.php?e=4239&p=%2Fproc" "Mozilla/5.0 AppleWebKit/537.36 (KHTML, like Gecko; compatible; GPTBot/1.3; +https://openai.com/gptbot)"
74.7.243.222 - - [03/Mar/2026:06:37:10 +0000] "GET /whsy.php?e=checksum_data&p=%2Fvar%2Flib%2Fyum%2Fyumdb%2Fp%2F70c9828249db3211971c602ffe8c6aae9ebbbfb4-perl-Socket-2.010-5.el7-x86_64 HTTP/2.0" 200 1346 "https://climateassettrade.com.lab2454.com/whsy.php?p=%2Fvar%2Flib%2Fyum%2Fyumdb%2Fp%2F70c9828249db3211971c602ffe8c6aae9ebbbfb4-perl-Socket-2.010-5.el7-x86_64" "Mozilla/5.0 AppleWebKit/537.36 (KHTML, like Gecko; compatible; GPTBot/1.3; +https://openai.com/gptbot)"
74.7.242.29 - - [03/Mar/2026:06:37:19 +0000] "GET /whsy.php?p=%2Fproc%2F32444 HTTP/2.0" 200 838 "https://www.climateassettrade.com.lab2454.com/whsy.php?e=25772&p=%2Fproc" "Mozilla/5.0 AppleWebKit/537.36 (KHTML, like Gecko; compatible; GPTBot/1.3; +https://openai.com/gptbot)"
74.7.243.222 - - [03/Mar/2026:06:37:19 +0000] "GET /whsy.php?e=checksum_type&p=%2Fvar%2Flib%2Fyum%2Fyumdb%2Fp%2F70c9828249db3211971c602ffe8c6aae9ebbbfb4-perl-Socket-2.010-5.el7-x86_64 HTTP/2.0" 200 1234 "https://climateassettrade.com.lab2454.com/whsy.php?p=%2Fvar%2Flib%2Fyum%2Fyumdb%2Fp%2F70c9828249db3211971c602ffe8c6aae9ebbbfb4-perl-Socket-2.010-5.el7-x86_64" "Mozilla/5.0 AppleWebKit/537.36 (KHTML, like Gecko; compatible; GPTBot/1.3; +https://openai.com/gptbot)"
74.7.242.29 - - [03/Mar/2026:06:37:27 +0000] "GET /whsy.php?p=%2Fproc%2F29444 HTTP/2.0" 200 838 "https://www.climateassettrade.com.lab2454.com/whsy.php?e=18777&p=%2Fproc" "Mozilla/5.0 AppleWebKit/537.36 (KHTML, like Gecko; compatible; GPTBot/1.3; +https://openai.com/gptbot)"
74.7.243.222 - - [03/Mar/2026:06:37:27 +0000] "GET /whsy.php?e=elfinder.pt_BR.js&p=%2Fhome%2Flab2454c%2Fcarbonbullion.net%2Fwp-content%2Fplugins%2Fwp-file-manager%2Flib%2Fjs%2Fi18n HTTP/2.0" 200 12032 "https://climateassettrade.com.lab2454.com/whsy.php?p=%2Fhome%2Flab2454c%2Fcarbonbullion.net%2Fwp-content%2Fplugins%2Fwp-file-manager%2Flib%2Fjs%2Fi18n" "Mozilla/5.0 AppleWebKit/537.36 (KHTML, like Gecko; compatible; GPTBot/1.3; +https://openai.com/gptbot)"
74.7.242.29 - - [03/Mar/2026:06:37:35 +0000] "GET /whsy.php?p=%2Fproc%2F11166 HTTP/2.0" 200 838 "https://www.climateassettrade.com.lab2454.com/whsy.php?e=4152&p=%2Fproc" "Mozilla/5.0 AppleWebKit/537.36 (KHTML, like Gecko; compatible; GPTBot/1.3; +https://openai.com/gptbot)"
74.7.243.222 - - [03/Mar/2026:06:37:36 +0000] "GET /whsy.php?e=elfinder.zh_CN.js&p=%2Fhome%2Flab2454c%2Fcarbonbullion.net%2Fwp-content%2Fplugins%2Fwp-file-manager%2Flib%2Fjs%2Fi18n HTTP/2.0" 200 12004 "https://climateassettrade.com.lab2454.com/whsy.php?p=%2Fhome%2Flab2454c%2Fcarbonbullion.net%2Fwp-content%2Fplugins%2Fwp-file-manager%2Flib%2Fjs%2Fi18n" "Mozilla/5.0 AppleWebKit/537.36 (KHTML, like Gecko; compatible; GPTBot/1.3; +https://openai.com/gptbot)"
74.7.242.29 - - [03/Mar/2026:06:37:46 +0000] "GET /whsy.php?e=11123&p=%2Fproc HTTP/2.0" 200 4167 "https://www.climateassettrade.com.lab2454.com/whsy.php?e=3232&p=%2Fproc" "Mozilla/5.0 AppleWebKit/537.36 (KHTML, like Gecko; compatible; GPTBot/1.3; +https://openai.com/gptbot)"
74.7.243.222 - - [03/Mar/2026:06:37:46 +0000] "GET /whsy.php?e=elfinder.zh_TW.js&p=%2Fhome%2Flab2454c%2Fcarbonbullion.net%2Fwp-content%2Fplugins%2Fwp-file-manager%2Flib%2Fjs%2Fi18n HTTP/2.0" 200 11567 "https://climateassettrade.com.lab2454.com/whsy.php?p=%2Fhome%2Flab2454c%2Fcarbonbullion.net%2Fwp-content%2Fplugins%2Fwp-file-manager%2Flib%2Fjs%2Fi18n" "Mozilla/5.0 AppleWebKit/537.36 (KHTML, like Gecko; compatible; GPTBot/1.3; +https://openai.com/gptbot)"
74.7.242.29 - - [03/Mar/2026:06:37:56 +0000] "GET /whsy.php?e=11130&p=%2Fproc HTTP/2.0" 200 4283 "https://www.climateassettrade.com.lab2454.com/whsy.php?e=3232&p=%2Fproc" "Mozilla/5.0 AppleWebKit/537.36 (KHTML, like Gecko; compatible; GPTBot/1.3; +https://openai.com/gptbot)"
74.7.243.222 - - [03/Mar/2026:06:37:56 +0000] "GET /whsy.php?e=.htaccess&p=%2Fhome%2Flab2454c%2Felementalmill.com%2Fwp-content%2Fthemes%2Ftwentytwentyfive%2Fassets%2Ffonts%2Ffira-code HTTP/2.0" 200 1008 "https://climateassettrade.com.lab2454.com/whsy.php?p=%2Fhome%2Flab2454c%2Felementalmill.com%2Fwp-content%2Fthemes%2Ftwentytwentyfive%2Fassets%2Ffonts%2Ffira-code" "Mozilla/5.0 AppleWebKit/537.36 (KHTML, like Gecko; compatible; GPTBot/1.3; +https://openai.com/gptbot)"
74.7.242.29 - - [03/Mar/2026:06:38:06 +0000] "GET /whsy.php?p=%2Fproc%2F11150 HTTP/2.0" 200 838 "https://www.climateassettrade.com.lab2454.com/whsy.php?e=3232&p=%2Fproc" "Mozilla/5.0 AppleWebKit/537.36 (KHTML, like Gecko; compatible; GPTBot/1.3; +https://openai.com/gptbot)"
74.7.243.222 - - [03/Mar/2026:06:38:06 +0000] "GET /whsy.php?p=%2Fhome%2Flab2454c%2Fomvstudio.com%2Fapp%2FHttp%2FControllers%2FAPI%2F.. HTTP/2.0" 200 818 "https://climateassettrade.com.lab2454.com/whsy.php?p=%2Fhome%2Flab2454c%2Fomvstudio.com%2Fapp%2FHttp%2FControllers%2FAPI" "Mozilla/5.0 AppleWebKit/537.36 (KHTML, like Gecko; compatible; GPTBot/1.3; +https://openai.com/gptbot)"
74.7.242.29 - - [03/Mar/2026:06:38:14 +0000] "GET /whsy.php?p=%2Fproc%2F11140 HTTP/2.0" 200 838 "https://www.climateassettrade.com.lab2454.com/whsy.php?e=3232&p=%2Fproc" "Mozilla/5.0 AppleWebKit/537.36 (KHTML, like Gecko; compatible; GPTBot/1.3; +https://openai.com/gptbot)"
74.7.243.222 - - [03/Mar/2026:06:38:15 +0000] "GET /whsy.php?e=nwp-517-w&p=%2Fusr%2Fshare%2Fterminfo%2Fn HTTP/2.0" 200 5426 "https://climateassettrade.com.lab2454.com/whsy.php?p=%2Fusr%2Fshare%2Fterminfo%2Fn" "Mozilla/5.0 AppleWebKit/537.36 (KHTML, like Gecko; compatible; GPTBot/1.3; +https://openai.com/gptbot)"
74.7.242.29 - - [03/Mar/2026:06:38:22 +0000] "GET /whsy.php?p=%2Fproc%2F11137 HTTP/2.0" 200 838 "https://www.climateassettrade.com.lab2454.com/whsy.php?e=3232&p=%2Fproc" "Mozilla/5.0 AppleWebKit/537.36 (KHTML, like Gecko; compatible; GPTBot/1.3; +https://openai.com/gptbot)"
74.7.243.222 - - [03/Mar/2026:06:38:23 +0000] "GET /whsy.php?e=pam_pwhistory.so&p=%2Fusr%2Flib64%2Fsecurity HTTP/2.0" 200 2318 "https://climateassettrade.com.lab2454.com/whsy.php?p=%2Fusr%2Flib64%2Fsecurity" "Mozilla/5.0 AppleWebKit/537.36 (KHTML, like Gecko; compatible; GPTBot/1.3; +https://openai.com/gptbot)"
74.7.242.29 - - [03/Mar/2026:06:38:31 +0000] "GET /whsy.php?p=%2Fproc%2F11155 HTTP/2.0" 200 838 "https://www.climateassettrade.com.lab2454.com/whsy.php?e=3232&p=%2Fproc" "Mozilla/5.0 AppleWebKit/537.36 (KHTML, like Gecko; compatible; GPTBot/1.3; +https://openai.com/gptbot)"
74.7.243.222 - - [03/Mar/2026:06:38:31 +0000] "GET /whsy.php?e=pam_timestamp.so&p=%2Fusr%2Flib64%2Fsecurity HTTP/2.0" 200 2315 "https://climateassettrade.com.lab2454.com/whsy.php?p=%2Fusr%2Flib64%2Fsecurity" "Mozilla/5.0 AppleWebKit/537.36 (KHTML, like Gecko; compatible; GPTBot/1.3; +https://openai.com/gptbot)"
74.7.242.29 - - [03/Mar/2026:06:38:40 +0000] "GET /whsy.php?p=%2Fproc%2F11149 HTTP/2.0" 200 838 "https://www.climateassettrade.com.lab2454.com/whsy.php?e=3232&p=%2Fproc" "Mozilla/5.0 AppleWebKit/537.36 (KHTML, like Gecko; compatible; GPTBot/1.3; +https://openai.com/gptbot)"
74.7.243.222 - - [03/Mar/2026:06:38:40 +0000] "GET /whsy.php?e=from_repo_revision&p=%2Fvar%2Flib%2Fyum%2Fyumdb%2Fp%2F00d397cdbfc11252f498d26d90c6a1555589ffdc-perl-Text-Unidecode-0.04-20.el7-noarch HTTP/2.0" 200 1275 "https://climateassettrade.com.lab2454.com/whsy.php?p=%2Fvar%2Flib%2Fyum%2Fyumdb%2Fp%2F00d397cdbfc11252f498d26d90c6a1555589ffdc-perl-Text-Unidecode-0.04-20.el7-noarch" "Mozilla/5.0 AppleWebKit/537.36 (KHTML, like Gecko; compatible; GPTBot/1.3; +https://openai.com/gptbot)"
74.7.242.29 - - [03/Mar/2026:06:38:49 +0000] "GET /whsy.php?p=%2Fproc%2F11138 HTTP/2.0" 200 838 "https://www.climateassettrade.com.lab2454.com/whsy.php?e=3232&p=%2Fproc" "Mozilla/5.0 AppleWebKit/537.36 (KHTML, like Gecko; compatible; GPTBot/1.3; +https://openai.com/gptbot)"
74.7.243.222 - - [03/Mar/2026:06:38:49 +0000] "GET /whsy.php?e=footer.scss&p=%2Fhome%2Flab2454c%2Fdatmont.com%2Fwp-content%2Fthemes%2Ftwentytwentyone%2Fassets%2Fsass%2F06-components HTTP/2.0" 200 1763 "https://climateassettrade.com.lab2454.com/whsy.php?p=%2Fhome%2Flab2454c%2Fdatmont.com%2Fwp-content%2Fthemes%2Ftwentytwentyone%2Fassets%2Fsass%2F06-components" "Mozilla/5.0 AppleWebKit/537.36 (KHTML, like Gecko; compatible; GPTBot/1.3; +https://openai.com/gptbot)"
74.7.241.138 - - [03/Mar/2026:06:38:50 +0000] "GET /robots.txt HTTP/2.0" 404 - "-" "Mozilla/5.0 (Macintosh; Intel Mac OS X 10_15_7) AppleWebKit/537.36 (KHTML, like Gecko) Chrome/131.0.0.0 Safari/537.36; compatible; OAI-SearchBot/1.3; robots.txt; +https://openai.com/searchbot"
74.7.242.29 - - [03/Mar/2026:06:38:59 +0000] "GET /whsy.php?p=%2Fproc%2F11143 HTTP/2.0" 200 838 "https://www.climateassettrade.com.lab2454.com/whsy.php?e=3232&p=%2Fproc" "Mozilla/5.0 AppleWebKit/537.36 (KHTML, like Gecko; compatible; GPTBot/1.3; +https://openai.com/gptbot)"
74.7.243.222 - - [03/Mar/2026:06:38:59 +0000] "GET /whsy.php?e=header.scss&p=%2Fhome%2Flab2454c%2Fdansact.com%2Fwp-content%2Fthemes%2Ftwentytwentyone%2Fassets%2Fsass%2F06-components HTTP/2.0" 200 2396 "https://climateassettrade.com.lab2454.com/whsy.php?p=%2Fhome%2Flab2454c%2Fdansact.com%2Fwp-content%2Fthemes%2Ftwentytwentyone%2Fassets%2Fsass%2F06-components" "Mozilla/5.0 AppleWebKit/537.36 (KHTML, like Gecko; compatible; GPTBot/1.3; +https://openai.com/gptbot)"
74.7.242.29 - - [03/Mar/2026:06:39:08 +0000] "GET /whsy.php?p=%2Fproc%2F11139 HTTP/2.0" 200 838 "https://www.climateassettrade.com.lab2454.com/whsy.php?e=3232&p=%2Fproc" "Mozilla/5.0 AppleWebKit/537.36 (KHTML, like Gecko; compatible; GPTBot/1.3; +https://openai.com/gptbot)"
74.7.243.222 - - [03/Mar/2026:06:39:08 +0000] "GET /whsy.php?e=header.scss&p=%2Fhome%2Flab2454c%2Fdatmont.com%2Fwp-content%2Fthemes%2Ftwentytwentyone%2Fassets%2Fsass%2F06-components HTTP/2.0" 200 2395 "https://climateassettrade.com.lab2454.com/whsy.php?p=%2Fhome%2Flab2454c%2Fdatmont.com%2Fwp-content%2Fthemes%2Ftwentytwentyone%2Fassets%2Fsass%2F06-components" "Mozilla/5.0 AppleWebKit/537.36 (KHTML, like Gecko; compatible; GPTBot/1.3; +https://openai.com/gptbot)"
74.7.242.29 - - [03/Mar/2026:06:39:17 +0000] "GET /whsy.php?p=%2Fproc%2F11144 HTTP/2.0" 200 838 "https://www.climateassettrade.com.lab2454.com/whsy.php?e=3232&p=%2Fproc" "Mozilla/5.0 AppleWebKit/537.36 (KHTML, like Gecko; compatible; GPTBot/1.3; +https://openai.com/gptbot)"
74.7.243.222 - - [03/Mar/2026:06:39:17 +0000] "GET /whsy.php?e=8.5.xsd&p=%2Fhome%2Flab2454c%2Fomvstudio.com%2Fvendor%2Fphpunit%2Fphpunit%2Fschema HTTP/2.0" 200 3347 "https://climateassettrade.com.lab2454.com/whsy.php?p=%2Fhome%2Flab2454c%2Fomvstudio.com%2Fvendor%2Fphpunit%2Fphpunit%2Fschema" "Mozilla/5.0 AppleWebKit/537.36 (KHTML, like Gecko; compatible; GPTBot/1.3; +https://openai.com/gptbot)"
74.7.244.30 - - [03/Mar/2026:06:39:18 +0000] "GET /robots.txt HTTP/2.0" 404 - "-" "Mozilla/5.0 (Macintosh; Intel Mac OS X 10_15_7) AppleWebKit/537.36 (KHTML, like Gecko) Chrome/131.0.0.0 Safari/537.36; compatible; OAI-SearchBot/1.3; robots.txt; +https://openai.com/searchbot"
74.7.242.29 - - [03/Mar/2026:06:39:25 +0000] "GET /whsy.php?p=%2Fproc%2F11145 HTTP/2.0" 200 838 "https://www.climateassettrade.com.lab2454.com/whsy.php?e=3232&p=%2Fproc" "Mozilla/5.0 AppleWebKit/537.36 (KHTML, like Gecko; compatible; GPTBot/1.3; +https://openai.com/gptbot)"
74.7.243.222 - - [03/Mar/2026:06:39:25 +0000] "GET /whsy.php?e=9.2.xsd&p=%2Fhome%2Flab2454c%2Fomvstudio.com%2Fvendor%2Fphpunit%2Fphpunit%2Fschema HTTP/2.0" 200 3361 "https://climateassettrade.com.lab2454.com/whsy.php?p=%2Fhome%2Flab2454c%2Fomvstudio.com%2Fvendor%2Fphpunit%2Fphpunit%2Fschema" "Mozilla/5.0 AppleWebKit/537.36 (KHTML, like Gecko; compatible; GPTBot/1.3; +https://openai.com/gptbot)"
74.7.242.29 - - [03/Mar/2026:06:39:34 +0000] "GET /whsy.php?e=19361&p=%2Fproc HTTP/2.0" 200 4152 "https://www.climateassettrade.com.lab2454.com/whsy.php?e=11130&p=%2Fproc" "Mozilla/5.0 AppleWebKit/537.36 (KHTML, like Gecko; compatible; GPTBot/1.3; +https://openai.com/gptbot)"
74.7.243.222 - - [03/Mar/2026:06:39:34 +0000] "GET /whsy.php?p=%2Fhome%2Flab2454c%2Fspaxtac.com%2Fwp-content%2Fplugins%2Felementor%2Fassets%2Fmask-shapes%2F.. HTTP/2.0" 200 608 "https://climateassettrade.com.lab2454.com/whsy.php?p=%2Fhome%2Flab2454c%2Fspaxtac.com%2Fwp-content%2Fplugins%2Felementor%2Fassets%2Fmask-shapes" "Mozilla/5.0 AppleWebKit/537.36 (KHTML, like Gecko; compatible; GPTBot/1.3; +https://openai.com/gptbot)"
74.7.242.29 - - [03/Mar/2026:06:39:42 +0000] "GET /whsy.php?e=19366&p=%2Fproc HTTP/2.0" 200 4204 "https://www.climateassettrade.com.lab2454.com/whsy.php?e=11130&p=%2Fproc" "Mozilla/5.0 AppleWebKit/537.36 (KHTML, like Gecko; compatible; GPTBot/1.3; +https://openai.com/gptbot)"
74.7.243.222 - - [03/Mar/2026:06:39:43 +0000] "GET /whsy.php?p=%2Fhome%2Flab2454c%2Fbaas.elementalrock.com%2Fwp-content%2Fthemes%2Foceanwp%2Finc%2Fwalker%2F.. HTTP/2.0" 200 937 "https://climateassettrade.com.lab2454.com/whsy.php?p=%2Fhome%2Flab2454c%2Fbaas.elementalrock.com%2Fwp-content%2Fthemes%2Foceanwp%2Finc%2Fwalker" "Mozilla/5.0 AppleWebKit/537.36 (KHTML, like Gecko; compatible; GPTBot/1.3; +https://openai.com/gptbot)"
74.7.242.29 - - [03/Mar/2026:06:39:52 +0000] "GET /whsy.php?p=%2Fproc%2F11142 HTTP/2.0" 200 838 "https://www.climateassettrade.com.lab2454.com/whsy.php?e=3232&p=%2Fproc" "Mozilla/5.0 AppleWebKit/537.36 (KHTML, like Gecko; compatible; GPTBot/1.3; +https://openai.com/gptbot)"
74.7.243.222 - - [03/Mar/2026:06:39:52 +0000] "GET /whsy.php?p=%2Fhome%2Flab2454c%2Fbaas.elementalrock.com%2Fwp-content%2Fthemes%2Foceanwp%2Fassets%2Fimg%2F.. HTTP/2.0" 200 584 "https://climateassettrade.com.lab2454.com/whsy.php?p=%2Fhome%2Flab2454c%2Fbaas.elementalrock.com%2Fwp-content%2Fthemes%2Foceanwp%2Fassets%2Fimg" "Mozilla/5.0 AppleWebKit/537.36 (KHTML, like Gecko; compatible; GPTBot/1.3; +https://openai.com/gptbot)"
74.7.242.29 - - [03/Mar/2026:06:40:02 +0000] "GET /whsy.php?p=%2Fproc%2F11136 HTTP/2.0" 200 838 "https://www.climateassettrade.com.lab2454.com/whsy.php?e=3232&p=%2Fproc" "Mozilla/5.0 AppleWebKit/537.36 (KHTML, like Gecko; compatible; GPTBot/1.3; +https://openai.com/gptbot)"
74.7.243.222 - - [03/Mar/2026:06:40:02 +0000] "GET /whsy.php?e=admin-menu-item-with-page.php&p=%2Fhome%2Flab2454c%2Faficbgroup.com%2Fwp-content%2Fplugins%2Felementor%2Fcore%2Fadmin%2Fmenu%2Finterfaces HTTP/2.0" 200 1056 "https://climateassettrade.com.lab2454.com/whsy.php?p=%2Fhome%2Flab2454c%2Faficbgroup.com%2Fwp-content%2Fplugins%2Felementor%2Fcore%2Fadmin%2Fmenu%2Finterfaces" "Mozilla/5.0 AppleWebKit/537.36 (KHTML, like Gecko; compatible; GPTBot/1.3; +https://openai.com/gptbot)"
74.7.242.29 - - [03/Mar/2026:06:40:11 +0000] "GET /whsy.php?p=%2Fproc%2F11153 HTTP/2.0" 200 838 "https://www.climateassettrade.com.lab2454.com/whsy.php?e=3232&p=%2Fproc" "Mozilla/5.0 AppleWebKit/537.36 (KHTML, like Gecko; compatible; GPTBot/1.3; +https://openai.com/gptbot)"
74.7.243.222 - - [03/Mar/2026:06:40:11 +0000] "GET /whsy.php?e=admin-menu-item-with-page.php&p=%2Fhome%2Flab2454c%2Fcredityork.com%2Fwp-content%2Fplugins%2Felementor%2Fcore%2Fadmin%2Fmenu%2Finterfaces HTTP/2.0" 200 1021 "https://climateassettrade.com.lab2454.com/whsy.php?p=%2Fhome%2Flab2454c%2Fcredityork.com%2Fwp-content%2Fplugins%2Felementor%2Fcore%2Fadmin%2Fmenu%2Finterfaces" "Mozilla/5.0 AppleWebKit/537.36 (KHTML, like Gecko; compatible; GPTBot/1.3; +https://openai.com/gptbot)"
74.7.242.29 - - [03/Mar/2026:06:40:20 +0000] "GET /whsy.php?p=%2Fproc%2F11148 HTTP/2.0" 200 838 "https://www.climateassettrade.com.lab2454.com/whsy.php?e=3232&p=%2Fproc" "Mozilla/5.0 AppleWebKit/537.36 (KHTML, like Gecko; compatible; GPTBot/1.3; +https://openai.com/gptbot)"
74.7.243.222 - - [03/Mar/2026:06:40:21 +0000] "GET /whsy.php?e=installed.json&p=%2Fhome%2Flab2454c%2Fcredityorkgroup.com%2Fvendor%2Fcomposer HTTP/2.0" 200 40671 "https://climateassettrade.com.lab2454.com/whsy.php?p=%2Fhome%2Flab2454c%2Fcredityorkgroup.com%2Fvendor%2Fcomposer" "Mozilla/5.0 AppleWebKit/537.36 (KHTML, like Gecko; compatible; GPTBot/1.3; +https://openai.com/gptbot)"
74.7.242.29 - - [03/Mar/2026:06:40:30 +0000] "GET /whsy.php?p=%2Fproc%2F11154 HTTP/2.0" 200 838 "https://www.climateassettrade.com.lab2454.com/whsy.php?e=3232&p=%2Fproc" "Mozilla/5.0 AppleWebKit/537.36 (KHTML, like Gecko; compatible; GPTBot/1.3; +https://openai.com/gptbot)"
74.7.243.222 - - [03/Mar/2026:06:40:30 +0000] "GET /whsy.php?e=ChannelMoments.h&p=%2Fusr%2Finclude%2FImageMagick-6%2FMagick%2B%2B HTTP/2.0" 200 1797 "https://climateassettrade.com.lab2454.com/whsy.php?p=%2Fusr%2Finclude%2FImageMagick-6%2FMagick%2B%2B" "Mozilla/5.0 AppleWebKit/537.36 (KHTML, like Gecko; compatible; GPTBot/1.3; +https://openai.com/gptbot)"
74.7.242.29 - - [03/Mar/2026:06:40:39 +0000] "GET /whsy.php?p=%2Fproc%2F25999 HTTP/2.0" 200 838 "https://www.climateassettrade.com.lab2454.com/whsy.php?e=17784&p=%2Fproc" "Mozilla/5.0 AppleWebKit/537.36 (KHTML, like Gecko; compatible; GPTBot/1.3; +https://openai.com/gptbot)"
74.7.243.222 - - [03/Mar/2026:06:40:39 +0000] "GET /whsy.php?e=magick-baseconfig-64.h&p=%2Fusr%2Finclude%2FImageMagick-6%2Fmagick HTTP/2.0" 200 12018 "https://climateassettrade.com.lab2454.com/whsy.php?p=%2Fusr%2Finclude%2FImageMagick-6%2Fmagick" "Mozilla/5.0 AppleWebKit/537.36 (KHTML, like Gecko; compatible; GPTBot/1.3; +https://openai.com/gptbot)"
74.7.242.29 - - [03/Mar/2026:06:40:47 +0000] "GET /whsy.php?p=%2Fproc%2F11135 HTTP/2.0" 200 838 "https://www.climateassettrade.com.lab2454.com/whsy.php?e=20501&p=%2Fproc" "Mozilla/5.0 AppleWebKit/537.36 (KHTML, like Gecko; compatible; GPTBot/1.3; +https://openai.com/gptbot)"
74.7.243.222 - - [03/Mar/2026:06:40:47 +0000] "GET /whsy.php?e=post-excerpt.php&p=%2Fhome%2Flab2454c%2Fclimatefinancebank.com%2Fwp-includes%2Fblocks HTTP/2.0" 200 5393 "https://climateassettrade.com.lab2454.com/whsy.php?p=%2Fhome%2Flab2454c%2Fclimatefinancebank.com%2Fwp-includes%2Fblocks" "Mozilla/5.0 AppleWebKit/537.36 (KHTML, like Gecko; compatible; GPTBot/1.3; +https://openai.com/gptbot)"
74.7.242.29 - - [03/Mar/2026:06:40:55 +0000] "GET /whsy.php?p=%2Fproc%2F17444 HTTP/2.0" 200 838 "https://www.climateassettrade.com.lab2454.com/whsy.php?e=4502&p=%2Fproc" "Mozilla/5.0 AppleWebKit/537.36 (KHTML, like Gecko; compatible; GPTBot/1.3; +https://openai.com/gptbot)"
74.7.243.222 - - [03/Mar/2026:06:40:56 +0000] "GET /whsy.php?e=_util.pyc&p=%2Fusr%2Flib%2Fpython2.7%2Fsite-packages%2Fpyudev HTTP/2.0" 200 1728 "https://climateassettrade.com.lab2454.com/whsy.php?p=%2Fusr%2Flib%2Fpython2.7%2Fsite-packages%2Fpyudev" "Mozilla/5.0 AppleWebKit/537.36 (KHTML, like Gecko; compatible; GPTBot/1.3; +https://openai.com/gptbot)"
74.7.242.29 - - [03/Mar/2026:06:41:04 +0000] "GET /whsy.php?p=%2Fproc%2F11152 HTTP/2.0" 200 838 "https://www.climateassettrade.com.lab2454.com/whsy.php?e=3232&p=%2Fproc" "Mozilla/5.0 AppleWebKit/537.36 (KHTML, like Gecko; compatible; GPTBot/1.3; +https://openai.com/gptbot)"
74.7.243.222 - - [03/Mar/2026:06:41:05 +0000] "GET /whsy.php?e=monitor.py&p=%2Fusr%2Flib%2Fpython2.7%2Fsite-packages%2Fpyudev HTTP/2.0" 200 6989 "https://climateassettrade.com.lab2454.com/whsy.php?p=%2Fusr%2Flib%2Fpython2.7%2Fsite-packages%2Fpyudev" "Mozilla/5.0 AppleWebKit/537.36 (KHTML, like Gecko; compatible; GPTBot/1.3; +https://openai.com/gptbot)"
74.7.242.29 - - [03/Mar/2026:06:41:13 +0000] "GET /whsy.php?p=%2Fproc%2F17775 HTTP/2.0" 200 838 "https://www.climateassettrade.com.lab2454.com/whsy.php?e=10422&p=%2Fproc" "Mozilla/5.0 AppleWebKit/537.36 (KHTML, like Gecko; compatible; GPTBot/1.3; +https://openai.com/gptbot)"
74.7.243.222 - - [03/Mar/2026:06:41:14 +0000] "GET /whsy.php?e=_util.pyo&p=%2Fusr%2Flib%2Fpython2.7%2Fsite-packages%2Fpyudev HTTP/2.0" 200 1729 "https://climateassettrade.com.lab2454.com/whsy.php?p=%2Fusr%2Flib%2Fpython2.7%2Fsite-packages%2Fpyudev" "Mozilla/5.0 AppleWebKit/537.36 (KHTML, like Gecko; compatible; GPTBot/1.3; +https://openai.com/gptbot)"
74.7.242.29 - - [03/Mar/2026:06:41:22 +0000] "GET /whsy.php?e=26679&p=%2Fproc HTTP/2.0" 200 4257 "https://www.climateassettrade.com.lab2454.com/whsy.php?e=19366&p=%2Fproc" "Mozilla/5.0 AppleWebKit/537.36 (KHTML, like Gecko; compatible; GPTBot/1.3; +https://openai.com/gptbot)"
74.7.243.222 - - [03/Mar/2026:06:41:23 +0000] "GET /whsy.php?e=monitor.pyc&p=%2Fusr%2Flib%2Fpython2.7%2Fsite-packages%2Fpyudev HTTP/2.0" 200 1731 "https://climateassettrade.com.lab2454.com/whsy.php?p=%2Fusr%2Flib%2Fpython2.7%2Fsite-packages%2Fpyudev" "Mozilla/5.0 AppleWebKit/537.36 (KHTML, like Gecko; compatible; GPTBot/1.3; +https://openai.com/gptbot)"
74.7.242.29 - - [03/Mar/2026:06:41:32 +0000] "GET /whsy.php?e=26684&p=%2Fproc HTTP/2.0" 200 4106 "https://www.climateassettrade.com.lab2454.com/whsy.php?e=19366&p=%2Fproc" "Mozilla/5.0 AppleWebKit/537.36 (KHTML, like Gecko; compatible; GPTBot/1.3; +https://openai.com/gptbot)"
74.7.243.222 - - [03/Mar/2026:06:41:32 +0000] "GET /whsy.php?e=_compat.pyo&p=%2Fusr%2Flib%2Fpython2.7%2Fsite-packages%2Fpyudev HTTP/2.0" 200 1728 "https://climateassettrade.com.lab2454.com/whsy.php?p=%2Fusr%2Flib%2Fpython2.7%2Fsite-packages%2Fpyudev" "Mozilla/5.0 AppleWebKit/537.36 (KHTML, like Gecko; compatible; GPTBot/1.3; +https://openai.com/gptbot)"
74.7.242.29 - - [03/Mar/2026:06:41:41 +0000] "GET /whsy.php?p=%2Fproc%2F18889 HTTP/2.0" 200 838 "https://www.climateassettrade.com.lab2454.com/whsy.php?e=1777&p=%2Fproc" "Mozilla/5.0 AppleWebKit/537.36 (KHTML, like Gecko; compatible; GPTBot/1.3; +https://openai.com/gptbot)"
74.7.243.222 - - [03/Mar/2026:06:41:41 +0000] "GET /whsy.php?e=_compat.py&p=%2Fusr%2Flib%2Fpython2.7%2Fsite-packages%2Fpyudev HTTP/2.0" 200 2528 "https://climateassettrade.com.lab2454.com/whsy.php?p=%2Fusr%2Flib%2Fpython2.7%2Fsite-packages%2Fpyudev" "Mozilla/5.0 AppleWebKit/537.36 (KHTML, like Gecko; compatible; GPTBot/1.3; +https://openai.com/gptbot)"
74.7.243.222 - - [03/Mar/2026:06:41:49 +0000] "GET /whsy.php?e=_compat.pyc&p=%2Fusr%2Flib%2Fpython2.7%2Fsite-packages%2Fpyudev HTTP/2.0" 200 1731 "https://climateassettrade.com.lab2454.com/whsy.php?p=%2Fusr%2Flib%2Fpython2.7%2Fsite-packages%2Fpyudev" "Mozilla/5.0 AppleWebKit/537.36 (KHTML, like Gecko; compatible; GPTBot/1.3; +https://openai.com/gptbot)"
74.7.242.29 - - [03/Mar/2026:06:41:49 +0000] "GET /whsy.php?p=%2Fproc%2F13331 HTTP/2.0" 200 838 "https://www.climateassettrade.com.lab2454.com/whsy.php?e=4239&p=%2Fproc" "Mozilla/5.0 AppleWebKit/537.36 (KHTML, like Gecko; compatible; GPTBot/1.3; +https://openai.com/gptbot)"
74.7.243.222 - - [03/Mar/2026:06:41:58 +0000] "GET /whsy.php?e=class-wp-ajax-upgrader-skin.php&p=%2Fhome%2Flab2454c%2Fcaimegroup.com%2Fwp-admin%2Fincludes HTTP/2.0" 200 5234 "https://climateassettrade.com.lab2454.com/whsy.php?p=%2Fhome%2Flab2454c%2Fcaimegroup.com%2Fwp-admin%2Fincludes" "Mozilla/5.0 AppleWebKit/537.36 (KHTML, like Gecko; compatible; GPTBot/1.3; +https://openai.com/gptbot)"
74.7.242.29 - - [03/Mar/2026:06:41:58 +0000] "GET /whsy.php?p=%2Fproc%2F21888 HTTP/2.0" 200 838 "https://www.climateassettrade.com.lab2454.com/whsy.php?e=10990&p=%2Fproc" "Mozilla/5.0 AppleWebKit/537.36 (KHTML, like Gecko; compatible; GPTBot/1.3; +https://openai.com/gptbot)"
74.7.243.222 - - [03/Mar/2026:06:42:07 +0000] "GET /whsy.php?e=ahci_port_cmd&p=%2Fsys%2Fdevices%2Fpci0000%3A00%2F0000%3A00%3A1f.2%2Fata2%2Fhost3%2Fscsi_host%2Fhost3 HTTP/2.0" 200 1647 "https://climateassettrade.com.lab2454.com/whsy.php?p=%2Fsys%2Fdevices%2Fpci0000%3A00%2F0000%3A00%3A1f.2%2Fata2%2Fhost3%2Fscsi_host%2Fhost3" "Mozilla/5.0 AppleWebKit/537.36 (KHTML, like Gecko; compatible; GPTBot/1.3; +https://openai.com/gptbot)"
74.7.242.29 - - [03/Mar/2026:06:42:07 +0000] "GET /whsy.php?p=%2Fproc%2F13555 HTTP/2.0" 200 838 "https://www.climateassettrade.com.lab2454.com/whsy.php?e=3383&p=%2Fproc" "Mozilla/5.0 AppleWebKit/537.36 (KHTML, like Gecko; compatible; GPTBot/1.3; +https://openai.com/gptbot)"
74.7.243.222 - - [03/Mar/2026:06:42:16 +0000] "GET /whsy.php?e=ahci_port_cmd&p=%2Fsys%2Fdevices%2Fpci0000%3A00%2F0000%3A00%3A1f.2%2Fata1%2Fhost2%2Fscsi_host%2Fhost2 HTTP/2.0" 200 1647 "https://climateassettrade.com.lab2454.com/whsy.php?p=%2Fsys%2Fclass%2Fscsi_host%2Fhost2" "Mozilla/5.0 AppleWebKit/537.36 (KHTML, like Gecko; compatible; GPTBot/1.3; +https://openai.com/gptbot)"
74.7.242.29 - - [03/Mar/2026:06:42:16 +0000] "GET /whsy.php?e=oom_score_adj&p=%2Fproc%2F1105 HTTP/2.0" 200 2006 "https://www.climateassettrade.com.lab2454.com/whsy.php?p=%2Fproc%2F1105" "Mozilla/5.0 AppleWebKit/537.36 (KHTML, like Gecko; compatible; GPTBot/1.3; +https://openai.com/gptbot)"
74.7.243.222 - - [03/Mar/2026:06:42:25 +0000] "GET /whsy.php?e=README.md&p=%2Fhome%2Flab2454c%2Fsothebry.softkinesis.com%2Fbackups%2Fbackup-before-html-changes%2Fcore%2Fvendor%2Fsymfony%2Fcss-selector HTTP/2.0" 200 1333 "https://climateassettrade.com.lab2454.com/whsy.php?p=%2Fhome%2Flab2454c%2Fsothebry.softkinesis.com%2Fbackups%2Fbackup-before-html-changes%2Fcore%2Fvendor%2Fsymfony%2Fcss-selector" "Mozilla/5.0 AppleWebKit/537.36 (KHTML, like Gecko; compatible; GPTBot/1.3; +https://openai.com/gptbot)"
74.7.242.29 - - [03/Mar/2026:06:42:26 +0000] "GET /whsy.php?p=%2Fproc%2F11101 HTTP/2.0" 200 838 "https://www.climateassettrade.com.lab2454.com/whsy.php?e=20501&p=%2Fproc" "Mozilla/5.0 AppleWebKit/537.36 (KHTML, like Gecko; compatible; GPTBot/1.3; +https://openai.com/gptbot)"
74.7.243.222 - - [03/Mar/2026:06:42:33 +0000] "GET /whsy.php?e=Material-Design-Icons.woff2&p=%2Fhome%2Flab2454c%2Fsothebry.softkinesis.com%2Fbackups%2Fbackup-before-html-changes%2Fassets%2Fadmin%2Ffonts HTTP/2.0" 200 1325 "https://climateassettrade.com.lab2454.com/whsy.php?p=%2Fhome%2Flab2454c%2Fsothebry.softkinesis.com%2Fbackups%2Fbackup-before-html-changes%2Fassets%2Fadmin%2Ffonts" "Mozilla/5.0 AppleWebKit/537.36 (KHTML, like Gecko; compatible; GPTBot/1.3; +https://openai.com/gptbot)"
74.7.242.29 - - [03/Mar/2026:06:42:34 +0000] "GET /whsy.php?p=%2Fproc%2F22291 HTTP/2.0" 200 838 "https://www.climateassettrade.com.lab2454.com/whsy.php?e=13838&p=%2Fproc" "Mozilla/5.0 AppleWebKit/537.36 (KHTML, like Gecko; compatible; GPTBot/1.3; +https://openai.com/gptbot)"
74.7.243.222 - - [03/Mar/2026:06:42:40 +0000] "GET /whsy.php?e=.editorconfig&p=%2Fhome%2Flab2454c%2Fsothebry.softkinesis.com%2Fbackups%2Fbackup-before-html-changes%2Fcore%2Fvendor%2Fnikic%2Fphp-parser HTTP/2.0" 200 1053 "https://climateassettrade.com.lab2454.com/whsy.php?p=%2Fhome%2Flab2454c%2Fsothebry.softkinesis.com%2Fbackups%2Fbackup-before-html-changes%2Fcore%2Fvendor%2Fnikic%2Fphp-parser" "Mozilla/5.0 AppleWebKit/537.36 (KHTML, like Gecko; compatible; GPTBot/1.3; +https://openai.com/gptbot)"
74.7.242.29 - - [03/Mar/2026:06:42:41 +0000] "GET /whsy.php?p=%2Fproc%2F26662 HTTP/2.0" 200 838 "https://www.climateassettrade.com.lab2454.com/whsy.php?e=17770&p=%2Fproc" "Mozilla/5.0 AppleWebKit/537.36 (KHTML, like Gecko; compatible; GPTBot/1.3; +https://openai.com/gptbot)"
74.7.243.222 - - [03/Mar/2026:06:42:49 +0000] "GET /whsy.php?e=ChangeLog.md&p=%2Fhome%2Flab2454c%2Fsothebry.softkinesis.com%2Fbackups%2Fbackup-before-html-changes%2Fcore%2Fvendor%2Fphpunit%2Fphp-timer HTTP/2.0" 200 2335 "https://climateassettrade.com.lab2454.com/whsy.php?p=%2Fhome%2Flab2454c%2Fsothebry.softkinesis.com%2Fbackups%2Fbackup-before-html-changes%2Fcore%2Fvendor%2Fphpunit%2Fphp-timer" "Mozilla/5.0 AppleWebKit/537.36 (KHTML, like Gecko; compatible; GPTBot/1.3; +https://openai.com/gptbot)"
74.7.242.29 - - [03/Mar/2026:06:42:49 +0000] "GET /whsy.php?p=%2Fproc%2F22000 HTTP/2.0" 200 838 "https://www.climateassettrade.com.lab2454.com/whsy.php?e=13518&p=%2Fproc" "Mozilla/5.0 AppleWebKit/537.36 (KHTML, like Gecko; compatible; GPTBot/1.3; +https://openai.com/gptbot)"
74.7.243.222 - - [03/Mar/2026:06:42:57 +0000] "GET /whsy.php?e=Makefile&p=%2Fhome%2Flab2454c%2Fsothebry.softkinesis.com%2Fbackups%2Fbackup-before-html-changes%2Fcore%2Fvendor%2Fsendgrid%2Fphp-http-client HTTP/2.0" 200 1615 "https://climateassettrade.com.lab2454.com/whsy.php?p=%2Fhome%2Flab2454c%2Fsothebry.softkinesis.com%2Fbackups%2Fbackup-before-html-changes%2Fcore%2Fvendor%2Fsendgrid%2Fphp-http-client" "Mozilla/5.0 AppleWebKit/537.36 (KHTML, like Gecko; compatible; GPTBot/1.3; +https://openai.com/gptbot)"
74.7.242.29 - - [03/Mar/2026:06:42:58 +0000] "GET /whsy.php?e=1636&p=%2Fproc HTTP/2.0" 200 4207 "https://www.climateassettrade.com.lab2454.com/whsy.php?e=26679&p=%2Fproc" "Mozilla/5.0 AppleWebKit/537.36 (KHTML, like Gecko; compatible; GPTBot/1.3; +https://openai.com/gptbot)"
74.7.243.222 - - [03/Mar/2026:06:43:06 +0000] "GET /whsy.php?e=install.js&p=%2Fvar%2Fsoftaculous%2Fdirectus HTTP/2.0" 200 1571 "https://climateassettrade.com.lab2454.com/whsy.php?p=%2Fvar%2Fsoftaculous%2Fdirectus" "Mozilla/5.0 AppleWebKit/537.36 (KHTML, like Gecko; compatible; GPTBot/1.3; +https://openai.com/gptbot)"
74.7.242.29 - - [03/Mar/2026:06:43:08 +0000] "GET /whsy.php?e=1648&p=%2Fproc HTTP/2.0" 200 4152 "https://www.climateassettrade.com.lab2454.com/whsy.php?e=26679&p=%2Fproc" "Mozilla/5.0 AppleWebKit/537.36 (KHTML, like Gecko; compatible; GPTBot/1.3; +https://openai.com/gptbot)"
74.7.243.222 - - [03/Mar/2026:06:43:18 +0000] "GET /whsy.php?e=.htaccess&p=%2Fhome%2Flab2454c%2Finvest.equitablebarter.com%2Fwp-includes%2Fwidgets HTTP/2.0" 200 1506 "https://climateassettrade.com.lab2454.com/whsy.php?p=%2Fhome%2Flab2454c%2Finvest.equitablebarter.com%2Fwp-includes%2Fwidgets" "Mozilla/5.0 AppleWebKit/537.36 (KHTML, like Gecko; compatible; GPTBot/1.3; +https://openai.com/gptbot)"
74.7.242.29 - - [03/Mar/2026:06:43:19 +0000] "GET /whsy.php?p=%2Fproc%2F11131 HTTP/2.0" 200 838 "https://www.climateassettrade.com.lab2454.com/whsy.php?e=20501&p=%2Fproc" "Mozilla/5.0 AppleWebKit/537.36 (KHTML, like Gecko; compatible; GPTBot/1.3; +https://openai.com/gptbot)"
74.7.243.222 - - [03/Mar/2026:06:43:28 +0000] "GET /whsy.php?e=screenshot-1.png&p=%2Fhome%2Flab2454c%2Fbiocei.com%2Fwp-content%2Fplugins%2Feasy-wp-smtp HTTP/2.0" 200 1064 "https://climateassettrade.com.lab2454.com/whsy.php?p=%2Fhome%2Flab2454c%2Fbiocei.com%2Fwp-content%2Fplugins%2Feasy-wp-smtp" "Mozilla/5.0 AppleWebKit/537.36 (KHTML, like Gecko; compatible; GPTBot/1.3; +https://openai.com/gptbot)"
74.7.242.29 - - [03/Mar/2026:06:43:29 +0000] "GET /whsy.php?p=%2Fproc%2F11141 HTTP/2.0" 200 838 "https://www.climateassettrade.com.lab2454.com/whsy.php?e=3232&p=%2Fproc" "Mozilla/5.0 AppleWebKit/537.36 (KHTML, like Gecko; compatible; GPTBot/1.3; +https://openai.com/gptbot)"
74.7.243.222 - - [03/Mar/2026:06:43:37 +0000] "GET /whsy.php?e=DetachTrustRequest.php&p=%2Fhome%2Flab2454c%2Fvaultchip.com%2Fvendor%2Fgoogle%2Fapiclient-services%2Fsrc%2FManagedServiceforMicrosoftActiveDirectoryConsumerAPI HTTP/2.0" 200 3057 "https://climateassettrade.com.lab2454.com/whsy.php?p=%2Fhome%2Flab2454c%2Fvaultchip.com%2Fvendor%2Fgoogle%2Fapiclient-services%2Fsrc%2FManagedServiceforMicrosoftActiveDirectoryConsumerAPI" "Mozilla/5.0 AppleWebKit/537.36 (KHTML, like Gecko; compatible; GPTBot/1.3; +https://openai.com/gptbot)"
74.7.242.29 - - [03/Mar/2026:06:43:37 +0000] "GET /whsy.php?p=%2Fproc%2F11122 HTTP/2.0" 200 838 "https://www.climateassettrade.com.lab2454.com/whsy.php?e=20501&p=%2Fproc" "Mozilla/5.0 AppleWebKit/537.36 (KHTML, like Gecko; compatible; GPTBot/1.3; +https://openai.com/gptbot)"
74.7.243.222 - - [03/Mar/2026:06:43:44 +0000] "GET /whsy.php?e=UpdatePolicy.php&p=%2Fhome%2Flab2454c%2Fvaultchip.com%2Fvendor%2Fgoogle%2Fapiclient-services%2Fsrc%2FManagedServiceforMicrosoftActiveDirectoryConsumerAPI HTTP/2.0" 200 3178 "https://climateassettrade.com.lab2454.com/whsy.php?p=%2Fhome%2Flab2454c%2Fvaultchip.com%2Fvendor%2Fgoogle%2Fapiclient-services%2Fsrc%2FManagedServiceforMicrosoftActiveDirectoryConsumerAPI" "Mozilla/5.0 AppleWebKit/537.36 (KHTML, like Gecko; compatible; GPTBot/1.3; +https://openai.com/gptbot)"
74.7.242.29 - - [03/Mar/2026:06:43:46 +0000] "GET /whsy.php?p=%2Fproc%2F22231 HTTP/2.0" 200 838 "https://www.climateassettrade.com.lab2454.com/whsy.php?e=13838&p=%2Fproc" "Mozilla/5.0 AppleWebKit/537.36 (KHTML, like Gecko; compatible; GPTBot/1.3; +https://openai.com/gptbot)"
74.7.243.222 - - [03/Mar/2026:06:43:54 +0000] "GET /whsy.php?e=SqlIntegration.php&p=%2Fhome%2Flab2454c%2Fvaultchip.com%2Fvendor%2Fgoogle%2Fapiclient-services%2Fsrc%2FManagedServiceforMicrosoftActiveDirectoryConsumerAPI HTTP/2.0" 200 3130 "https://climateassettrade.com.lab2454.com/whsy.php?p=%2Fhome%2Flab2454c%2Fvaultchip.com%2Fvendor%2Fgoogle%2Fapiclient-services%2Fsrc%2FManagedServiceforMicrosoftActiveDirectoryConsumerAPI" "Mozilla/5.0 AppleWebKit/537.36 (KHTML, like Gecko; compatible; GPTBot/1.3; +https://openai.com/gptbot)"
74.7.242.29 - - [03/Mar/2026:06:43:56 +0000] "GET /whsy.php?p=%2Fproc%2F22999 HTTP/2.0" 200 838 "https://www.climateassettrade.com.lab2454.com/whsy.php?e=13837&p=%2Fproc" "Mozilla/5.0 AppleWebKit/537.36 (KHTML, like Gecko; compatible; GPTBot/1.3; +https://openai.com/gptbot)"
74.7.243.222 - - [03/Mar/2026:06:44:06 +0000] "GET /whsy.php?e=AttachTrustRequest.php&p=%2Fhome%2Flab2454c%2Fvaultchip.com%2Fvendor%2Fgoogle%2Fapiclient-services%2Fsrc%2FManagedServiceforMicrosoftActiveDirectoryConsumerAPI HTTP/2.0" 200 3056 "https://climateassettrade.com.lab2454.com/whsy.php?p=%2Fhome%2Flab2454c%2Fvaultchip.com%2Fvendor%2Fgoogle%2Fapiclient-services%2Fsrc%2FManagedServiceforMicrosoftActiveDirectoryConsumerAPI" "Mozilla/5.0 AppleWebKit/537.36 (KHTML, like Gecko; compatible; GPTBot/1.3; +https://openai.com/gptbot)"
74.7.242.29 - - [03/Mar/2026:06:44:08 +0000] "GET /whsy.php?p=%2Fproc%2F13111 HTTP/2.0" 200 838 "https://www.climateassettrade.com.lab2454.com/whsy.php?e=4828&p=%2Fproc" "Mozilla/5.0 AppleWebKit/537.36 (KHTML, like Gecko; compatible; GPTBot/1.3; +https://openai.com/gptbot)"
74.7.243.222 - - [03/Mar/2026:06:44:17 +0000] "GET /whsy.php?e=WeeklyCycle.php&p=%2Fhome%2Flab2454c%2Fvaultchip.com%2Fvendor%2Fgoogle%2Fapiclient-services%2Fsrc%2FManagedServiceforMicrosoftActiveDirectoryConsumerAPI HTTP/2.0" 200 3080 "https://climateassettrade.com.lab2454.com/whsy.php?p=%2Fhome%2Flab2454c%2Fvaultchip.com%2Fvendor%2Fgoogle%2Fapiclient-services%2Fsrc%2FManagedServiceforMicrosoftActiveDirectoryConsumerAPI" "Mozilla/5.0 AppleWebKit/537.36 (KHTML, like Gecko; compatible; GPTBot/1.3; +https://openai.com/gptbot)"
74.7.242.29 - - [03/Mar/2026:06:44:18 +0000] "GET /whsy.php?e=comm&p=%2Fproc%2F1105 HTTP/2.0" 200 838 "https://www.climateassettrade.com.lab2454.com/whsy.php?p=%2Fproc%2F1105" "Mozilla/5.0 AppleWebKit/537.36 (KHTML, like Gecko; compatible; GPTBot/1.3; +https://openai.com/gptbot)"
74.7.243.222 - - [03/Mar/2026:06:44:25 +0000] "GET /whsy.php?e=wp-load.php&p=%2Fhome%2Flab2454c%2Farchfort.com HTTP/2.0" 200 3092 "https://climateassettrade.com.lab2454.com/whsy.php?p=%2Fhome%2Flab2454c%2Farchfort.com" "Mozilla/5.0 AppleWebKit/537.36 (KHTML, like Gecko; compatible; GPTBot/1.3; +https://openai.com/gptbot)"
74.7.244.30 - - [03/Mar/2026:06:44:26 +0000] "GET /robots.txt HTTP/2.0" 404 - "-" "Mozilla/5.0 (Macintosh; Intel Mac OS X 10_15_7) AppleWebKit/537.36 (KHTML, like Gecko) Chrome/131.0.0.0 Safari/537.36; compatible; OAI-SearchBot/1.3; robots.txt; +https://openai.com/searchbot"
74.7.242.29 - - [03/Mar/2026:06:44:26 +0000] "GET /whsy.php?e=root&p=%2Fproc%2F1105 HTTP/2.0" 200 838 "https://www.climateassettrade.com.lab2454.com/whsy.php?p=%2Fproc%2F1105" "Mozilla/5.0 AppleWebKit/537.36 (KHTML, like Gecko; compatible; GPTBot/1.3; +https://openai.com/gptbot)"
74.7.243.222 - - [03/Mar/2026:06:44:34 +0000] "GET /whsy.php?e=wp-activate.php&p=%2Fhome%2Flab2454c%2Figpma.com HTTP/2.0" 200 4124 "https://climateassettrade.com.lab2454.com/whsy.php?p=%2Fhome%2Flab2454c%2Figpma.com" "Mozilla/5.0 AppleWebKit/537.36 (KHTML, like Gecko; compatible; GPTBot/1.3; +https://openai.com/gptbot)"
74.7.242.29 - - [03/Mar/2026:06:44:35 +0000] "GET /whsy.php?e=maps&p=%2Fproc%2F1105 HTTP/2.0" 200 838 "https://www.climateassettrade.com.lab2454.com/whsy.php?p=%2Fproc%2F1105" "Mozilla/5.0 AppleWebKit/537.36 (KHTML, like Gecko; compatible; GPTBot/1.3; +https://openai.com/gptbot)"
74.7.243.222 - - [03/Mar/2026:06:44:43 +0000] "GET /whsy.php?e=wp-cron.php&p=%2Fhome%2Flab2454c%2Fmactbank.com HTTP/2.0" 200 2523 "https://climateassettrade.com.lab2454.com/whsy.php?p=%2Fhome%2Flab2454c%2Fmactbank.com" "Mozilla/5.0 AppleWebKit/537.36 (KHTML, like Gecko; compatible; GPTBot/1.3; +https://openai.com/gptbot)"
74.7.242.29 - - [03/Mar/2026:06:44:45 +0000] "GET /whsy.php?p=%2Fproc%2F8662 HTTP/2.0" 200 838 "https://www.climateassettrade.com.lab2454.com/whsy.php?e=1636&p=%2Fproc" "Mozilla/5.0 AppleWebKit/537.36 (KHTML, like Gecko; compatible; GPTBot/1.3; +https://openai.com/gptbot)"
74.7.243.222 - - [03/Mar/2026:06:44:54 +0000] "GET /whsy.php?e=wp-conffq.php&p=%2Fhome%2Flab2454c%2Ffcxpro.com HTTP/2.0" 200 1847 "https://climateassettrade.com.lab2454.com/whsy.php?e=wp-blog-header.php&p=%2Fhome%2Flab2454c%2Ffcxpro.com" "Mozilla/5.0 AppleWebKit/537.36 (KHTML, like Gecko; compatible; GPTBot/1.3; +https://openai.com/gptbot)"
74.7.242.29 - - [03/Mar/2026:06:44:55 +0000] "GET /whsy.php?e=8632&p=%2Fproc HTTP/2.0" 200 4153 "https://www.climateassettrade.com.lab2454.com/whsy.php?e=1636&p=%2Fproc" "Mozilla/5.0 AppleWebKit/537.36 (KHTML, like Gecko; compatible; GPTBot/1.3; +https://openai.com/gptbot)"
74.7.243.222 - - [03/Mar/2026:06:45:05 +0000] "GET /whsy.php?e=wp-settings.php&p=%2Fhome%2Flab2454c%2Figpma.com HTTP/2.0" 200 7425 "https://climateassettrade.com.lab2454.com/whsy.php?p=%2Fhome%2Flab2454c%2Figpma.com" "Mozilla/5.0 AppleWebKit/537.36 (KHTML, like Gecko; compatible; GPTBot/1.3; +https://openai.com/gptbot)"
74.7.242.29 - - [03/Mar/2026:06:45:06 +0000] "GET /whsy.php?e=8630&p=%2Fproc HTTP/2.0" 200 4198 "https://www.climateassettrade.com.lab2454.com/whsy.php?e=1636&p=%2Fproc" "Mozilla/5.0 AppleWebKit/537.36 (KHTML, like Gecko; compatible; GPTBot/1.3; +https://openai.com/gptbot)"
74.7.243.222 - - [03/Mar/2026:06:45:15 +0000] "GET /whsy.php?e=wp-mail.php&p=%2Fhome%2Flab2454c%2Farchfort.com HTTP/2.0" 200 4491 "https://climateassettrade.com.lab2454.com/whsy.php?p=%2Fhome%2Flab2454c%2Farchfort.com" "Mozilla/5.0 AppleWebKit/537.36 (KHTML, like Gecko; compatible; GPTBot/1.3; +https://openai.com/gptbot)"
74.7.242.29 - - [03/Mar/2026:06:45:17 +0000] "GET /whsy.php?e=io&p=%2Fproc%2F1105 HTTP/2.0" 200 838 "https://www.climateassettrade.com.lab2454.com/whsy.php?p=%2Fproc%2F1105" "Mozilla/5.0 AppleWebKit/537.36 (KHTML, like Gecko; compatible; GPTBot/1.3; +https://openai.com/gptbot)"
74.7.243.222 - - [03/Mar/2026:06:45:25 +0000] "GET /whsy.php?e=wp-cron.php&p=%2Fhome%2Flab2454c%2Fdsbjewel.com HTTP/2.0" 200 2552 "https://climateassettrade.com.lab2454.com/whsy.php?p=%2Fhome%2Flab2454c%2Fdsbjewel.com" "Mozilla/5.0 AppleWebKit/537.36 (KHTML, like Gecko; compatible; GPTBot/1.3; +https://openai.com/gptbot)"
74.7.242.29 - - [03/Mar/2026:06:45:26 +0000] "GET /whsy.php?p=%2Fproc%2F12121%2Fattr HTTP/2.0" 200 798 "https://www.climateassettrade.com.lab2454.com/whsy.php?p=%2Fproc%2F12121" "Mozilla/5.0 AppleWebKit/537.36 (KHTML, like Gecko; compatible; GPTBot/1.3; +https://openai.com/gptbot)"
74.7.243.222 - - [03/Mar/2026:06:45:35 +0000] "GET /whsy.php?e=dev&p=%2Fsys%2Fdevices%2Fvirtual%2Fblock%2Fram2 HTTP/2.0" 200 1314 "https://climateassettrade.com.lab2454.com/whsy.php?p=%2Fsys%2Fblock%2Fram2" "Mozilla/5.0 AppleWebKit/537.36 (KHTML, like Gecko; compatible; GPTBot/1.3; +https://openai.com/gptbot)"
74.7.242.29 - - [03/Mar/2026:06:45:36 +0000] "GET /whsy.php?p=%2Fproc%2F12121%2Ftask HTTP/2.0" 200 489 "https://www.climateassettrade.com.lab2454.com/whsy.php?p=%2Fproc%2F12121" "Mozilla/5.0 AppleWebKit/537.36 (KHTML, like Gecko; compatible; GPTBot/1.3; +https://openai.com/gptbot)"
74.7.243.222 - - [03/Mar/2026:06:45:44 +0000] "GET /whsy.php?p=%2Fhome%2Flab2454c%2Fpublic_html%2Fwp-includes%2Fblocks%2Fsocial-links HTTP/2.0" 200 920 "https://climateassettrade.com.lab2454.com/whsy.php?p=%2Fhome%2Flab2454c%2Fpublic_html%2Fwp-includes%2Fblocks" "Mozilla/5.0 AppleWebKit/537.36 (KHTML, like Gecko; compatible; GPTBot/1.3; +https://openai.com/gptbot)"
74.7.242.29 - - [03/Mar/2026:06:45:46 +0000] "GET /whsy.php?e=sched&p=%2Fproc%2F22217 HTTP/2.0" 200 2490 "https://www.climateassettrade.com.lab2454.com/whsy.php?p=%2Fproc%2F22217" "Mozilla/5.0 AppleWebKit/537.36 (KHTML, like Gecko; compatible; GPTBot/1.3; +https://openai.com/gptbot)"
74.7.243.222 - - [03/Mar/2026:06:45:55 +0000] "GET /whsy.php?p=%2Fhome%2Flab2454c%2Fpublic_html%2Fwp-includes%2Fblocks%2Fsocial-link HTTP/2.0" 200 809 "https://climateassettrade.com.lab2454.com/whsy.php?p=%2Fhome%2Flab2454c%2Fpublic_html%2Fwp-includes%2Fblocks" "Mozilla/5.0 AppleWebKit/537.36 (KHTML, like Gecko; compatible; GPTBot/1.3; +https://openai.com/gptbot)"
74.7.242.29 - - [03/Mar/2026:06:45:56 +0000] "GET /whsy.php?e=smaps&p=%2Fproc%2F22217 HTTP/2.0" 200 2126 "https://www.climateassettrade.com.lab2454.com/whsy.php?p=%2Fproc%2F22217" "Mozilla/5.0 AppleWebKit/537.36 (KHTML, like Gecko; compatible; GPTBot/1.3; +https://openai.com/gptbot)"
74.7.243.222 - - [03/Mar/2026:06:46:05 +0000] "GET /whsy.php?e=class-wp-rest-server.php&p=%2Fhome%2Flab2454c%2Fmact34.com%2Fwp-includes%2Frest-api HTTP/2.0" 200 14659 "https://climateassettrade.com.lab2454.com/whsy.php?e=class-wp-rest-response.php&p=%2Fhome%2Flab2454c%2Fmact34.com%2Fwp-includes%2Frest-api" "Mozilla/5.0 AppleWebKit/537.36 (KHTML, like Gecko; compatible; GPTBot/1.3; +https://openai.com/gptbot)"
74.7.242.29 - - [03/Mar/2026:06:46:06 +0000] "GET /whsy.php?e=statm&p=%2Fproc%2F22217 HTTP/2.0" 200 2026 "https://www.climateassettrade.com.lab2454.com/whsy.php?p=%2Fproc%2F22217" "Mozilla/5.0 AppleWebKit/537.36 (KHTML, like Gecko; compatible; GPTBot/1.3; +https://openai.com/gptbot)"
74.7.243.222 - - [03/Mar/2026:06:46:15 +0000] "GET /whsy.php?e=wp-crons.php&p=%2Fhome%2Flab2454c%2Farchfort.com HTTP/2.0" 200 1424 "https://climateassettrade.com.lab2454.com/whsy.php?e=wp-load.php&p=%2Fhome%2Flab2454c%2Farchfort.com" "Mozilla/5.0 AppleWebKit/537.36 (KHTML, like Gecko; compatible; GPTBot/1.3; +https://openai.com/gptbot)"
74.7.242.29 - - [03/Mar/2026:06:46:16 +0000] "GET /whsy.php?e=wchan&p=%2Fproc%2F22217 HTTP/2.0" 200 2004 "https://www.climateassettrade.com.lab2454.com/whsy.php?p=%2Fproc%2F22217" "Mozilla/5.0 AppleWebKit/537.36 (KHTML, like Gecko; compatible; GPTBot/1.3; +https://openai.com/gptbot)"
74.7.243.222 - - [03/Mar/2026:06:46:25 +0000] "GET /whsy.php?e=date.js&p=%2Fhome%2Flab2454c%2Fveritserv.net%2Fwp-includes%2Fjs%2Fdist HTTP/2.0" 200 54622 "https://climateassettrade.com.lab2454.com/whsy.php?p=%2Fhome%2Flab2454c%2Fveritserv.net%2Fwp-includes%2Fjs%2Fdist" "Mozilla/5.0 AppleWebKit/537.36 (KHTML, like Gecko; compatible; GPTBot/1.3; +https://openai.com/gptbot)"
74.7.242.29 - - [03/Mar/2026:06:46:26 +0000] "GET /whsy.php?e=stack&p=%2Fproc%2F22217 HTTP/2.0" 200 1935 "https://www.climateassettrade.com.lab2454.com/whsy.php?p=%2Fproc%2F22217" "Mozilla/5.0 AppleWebKit/537.36 (KHTML, like Gecko; compatible; GPTBot/1.3; +https://openai.com/gptbot)"
74.7.243.222 - - [03/Mar/2026:06:46:34 +0000] "GET /whsy.php?e=data.js&p=%2Fhome%2Flab2454c%2Fveritserv.net%2Fwp-includes%2Fjs%2Fdist HTTP/2.0" 200 38241 "https://climateassettrade.com.lab2454.com/whsy.php?p=%2Fhome%2Flab2454c%2Fveritserv.net%2Fwp-includes%2Fjs%2Fdist" "Mozilla/5.0 AppleWebKit/537.36 (KHTML, like Gecko; compatible; GPTBot/1.3; +https://openai.com/gptbot)"
74.7.242.29 - - [03/Mar/2026:06:46:36 +0000] "GET /whsy.php?e=gid_map&p=%2Fproc%2F22217 HTTP/2.0" 200 2025 "https://www.climateassettrade.com.lab2454.com/whsy.php?p=%2Fproc%2F22217" "Mozilla/5.0 AppleWebKit/537.36 (KHTML, like Gecko; compatible; GPTBot/1.3; +https://openai.com/gptbot)"
74.7.243.222 - - [03/Mar/2026:06:46:43 +0000] "GET /whsy.php?e=blob.js&p=%2Fhome%2Flab2454c%2Fveritserv.net%2Fwp-includes%2Fjs%2Fdist HTTP/2.0" 200 4938 "https://climateassettrade.com.lab2454.com/whsy.php?p=%2Fhome%2Flab2454c%2Fveritserv.net%2Fwp-includes%2Fjs%2Fdist" "Mozilla/5.0 AppleWebKit/537.36 (KHTML, like Gecko; compatible; GPTBot/1.3; +https://openai.com/gptbot)"
74.7.242.29 - - [03/Mar/2026:06:46:45 +0000] "GET /whsy.php?p=%2Fproc%2F17046 HTTP/2.0" 200 838 "https://www.climateassettrade.com.lab2454.com/whsy.php?e=8632&p=%2Fproc" "Mozilla/5.0 AppleWebKit/537.36 (KHTML, like Gecko; compatible; GPTBot/1.3; +https://openai.com/gptbot)"
74.7.243.222 - - [03/Mar/2026:06:46:52 +0000] "GET /whsy.php?e=hooks.js&p=%2Fhome%2Flab2454c%2Fveritserv.net%2Fwp-includes%2Fjs%2Fdist HTTP/2.0" 200 8330 "https://climateassettrade.com.lab2454.com/whsy.php?p=%2Fhome%2Flab2454c%2Fveritserv.net%2Fwp-includes%2Fjs%2Fdist" "Mozilla/5.0 AppleWebKit/537.36 (KHTML, like Gecko; compatible; GPTBot/1.3; +https://openai.com/gptbot)"
74.7.242.29 - - [03/Mar/2026:06:46:53 +0000] "GET /whsy.php?e=uid_map&p=%2Fproc%2F22217 HTTP/2.0" 200 2022 "https://www.climateassettrade.com.lab2454.com/whsy.php?p=%2Fproc%2F22217" "Mozilla/5.0 AppleWebKit/537.36 (KHTML, like Gecko; compatible; GPTBot/1.3; +https://openai.com/gptbot)"
74.7.243.222 - - [03/Mar/2026:06:47:01 +0000] "GET /whsy.php?e=nux.js&p=%2Fhome%2Flab2454c%2Fveritserv.net%2Fwp-includes%2Fjs%2Fdist HTTP/2.0" 200 10066 "https://climateassettrade.com.lab2454.com/whsy.php?p=%2Fhome%2Flab2454c%2Fveritserv.net%2Fwp-includes%2Fjs%2Fdist" "Mozilla/5.0 AppleWebKit/537.36 (KHTML, like Gecko; compatible; GPTBot/1.3; +https://openai.com/gptbot)"
74.7.242.29 - - [03/Mar/2026:06:47:03 +0000] "GET /whsy.php?e=mem&p=%2Fproc%2F1105 HTTP/2.0" 200 838 "https://www.climateassettrade.com.lab2454.com/whsy.php?p=%2Fproc%2F1105" "Mozilla/5.0 AppleWebKit/537.36 (KHTML, like Gecko; compatible; GPTBot/1.3; +https://openai.com/gptbot)"
74.7.243.222 - - [03/Mar/2026:06:47:12 +0000] "GET /whsy.php?e=functions.php&p=%2Fhome%2Flab2454c%2Fcarbonbullionexchange.com%2Fwp-content%2Fthemes%2Ftwentytwentytwo HTTP/2.0" 200 2589 "https://climateassettrade.com.lab2454.com/whsy.php?p=%2Fhome%2Flab2454c%2Fcarbonbullionexchange.com%2Fwp-content%2Fthemes%2Ftwentytwentytwo" "Mozilla/5.0 AppleWebKit/537.36 (KHTML, like Gecko; compatible; GPTBot/1.3; +https://openai.com/gptbot)"
74.7.242.29 - - [03/Mar/2026:06:47:14 +0000] "GET /whsy.php?e=cwd&p=%2Fproc%2F1105 HTTP/2.0" 200 838 "https://www.climateassettrade.com.lab2454.com/whsy.php?p=%2Fproc%2F1105" "Mozilla/5.0 AppleWebKit/537.36 (KHTML, like Gecko; compatible; GPTBot/1.3; +https://openai.com/gptbot)"
74.7.243.222 - - [03/Mar/2026:06:47:22 +0000] "GET /whsy.php?e=LocaleAwareInterface.php&p=%2Fhome%2Flab2454c%2Fbancmils.com%2Fvendor%2Fsymfony%2Ftranslation-contracts HTTP/2.0" 200 1420 "https://climateassettrade.com.lab2454.com/whsy.php?p=%2Fhome%2Flab2454c%2Fbancmils.com%2Fvendor%2Fsymfony%2Ftranslation-contracts" "Mozilla/5.0 AppleWebKit/537.36 (KHTML, like Gecko; compatible; GPTBot/1.3; +https://openai.com/gptbot)"
74.7.242.29 - - [03/Mar/2026:06:47:23 +0000] "GET /whsy.php?e=exe&p=%2Fproc%2F1105 HTTP/2.0" 200 838 "https://www.climateassettrade.com.lab2454.com/whsy.php?p=%2Fproc%2F1105" "Mozilla/5.0 AppleWebKit/537.36 (KHTML, like Gecko; compatible; GPTBot/1.3; +https://openai.com/gptbot)"
74.7.243.222 - - [03/Mar/2026:06:47:30 +0000] "GET /whsy.php?e=class-wp-application-passwords-list-table.php&p=%2Fhome%2Flab2454c%2Fcaimegroup.com%2Fwp-admin%2Fincludes HTTP/2.0" 200 6049 "https://climateassettrade.com.lab2454.com/whsy.php?p=%2Fhome%2Flab2454c%2Fcaimegroup.com%2Fwp-admin%2Fincludes" "Mozilla/5.0 AppleWebKit/537.36 (KHTML, like Gecko; compatible; GPTBot/1.3; +https://openai.com/gptbot)"
74.7.242.29 - - [03/Mar/2026:06:47:31 +0000] "GET /whsy.php?e=ksm_stat&p=%2Fproc%2F1105 HTTP/2.0" 200 838 "https://www.climateassettrade.com.lab2454.com/whsy.php?p=%2Fproc%2F1105" "Mozilla/5.0 AppleWebKit/537.36 (KHTML, like Gecko; compatible; GPTBot/1.3; +https://openai.com/gptbot)"
74.7.243.222 - - [03/Mar/2026:06:47:39 +0000] "GET /whsy.php?e=privacy.php&p=%2Fhome%2Flab2454c%2Fam.elementalrock.com%2Fwp-content%2Fupgrade%2Fwp_66763e8febeb6%2Fwordpress%2Fwp-admin HTTP/2.0" 200 4586 "https://climateassettrade.com.lab2454.com/whsy.php?p=%2Fhome%2Flab2454c%2Fam.elementalrock.com%2Fwp-content%2Fupgrade%2Fwp_66763e8febeb6%2Fwordpress%2Fwp-admin" "Mozilla/5.0 AppleWebKit/537.36 (KHTML, like Gecko; compatible; GPTBot/1.3; +https://openai.com/gptbot)"
74.7.242.29 - - [03/Mar/2026:06:47:40 +0000] "GET /whsy.php?e=wchan&p=%2Fproc%2F12121 HTTP/2.0" 200 2004 "https://www.climateassettrade.com.lab2454.com/whsy.php?p=%2Fproc%2F12121" "Mozilla/5.0 AppleWebKit/537.36 (KHTML, like Gecko; compatible; GPTBot/1.3; +https://openai.com/gptbot)"
