74.7.243.222 - - [03/Mar/2026:06:26:13 +0000] "GET /whsy.php?e=from_repo_timestamp&p=%2Fvar%2Flib%2Fyum%2Fyumdb%2Fi%2Fa32faa84bb21eb1f76ecc7970c90f30ced451272-info-5.1-5.el7-x86_64 HTTP/2.0" 200 1061 "https://climateassettrade.com.lab2454.com/whsy.php?p=%2Fvar%2Flib%2Fyum%2Fyumdb%2Fi%2Fa32faa84bb21eb1f76ecc7970c90f30ced451272-info-5.1-5.el7-x86_64" "Mozilla/5.0 AppleWebKit/537.36 (KHTML, like Gecko; compatible; GPTBot/1.3; +https://openai.com/gptbot)"
74.7.242.29 - - [03/Mar/2026:06:26:20 +0000] "GET /whsy.php?e=21972&p=%2Fproc HTTP/2.0" 200 4179 "https://www.climateassettrade.com.lab2454.com/whsy.php?e=13518&p=%2Fproc" "Mozilla/5.0 AppleWebKit/537.36 (KHTML, like Gecko; compatible; GPTBot/1.3; +https://openai.com/gptbot)"
74.7.243.222 - - [03/Mar/2026:06:26:23 +0000] "GET /whsy.php?e=index.js&p=%2Fopt%2Fbitninja-dispatcher%2Fnode_modules%2Fstrip-bom HTTP/2.0" 200 1058 "https://climateassettrade.com.lab2454.com/whsy.php?p=%2Fopt%2Fbitninja-dispatcher%2Fnode_modules%2Fstrip-bom" "Mozilla/5.0 AppleWebKit/537.36 (KHTML, like Gecko; compatible; GPTBot/1.3; +https://openai.com/gptbot)"
74.7.242.29 - - [03/Mar/2026:06:26:30 +0000] "GET /whsy.php?e=21966&p=%2Fproc HTTP/2.0" 200 4146 "https://www.climateassettrade.com.lab2454.com/whsy.php?e=13518&p=%2Fproc" "Mozilla/5.0 AppleWebKit/537.36 (KHTML, like Gecko; compatible; GPTBot/1.3; +https://openai.com/gptbot)"
74.7.243.222 - - [03/Mar/2026:06:26:33 +0000] "GET /whsy.php?e=index.js&p=%2Fopt%2Fbitninja-dispatcher%2Fnode_modules%2Fget-stdin HTTP/2.0" 200 1095 "https://climateassettrade.com.lab2454.com/whsy.php?p=%2Fopt%2Fbitninja-dispatcher%2Fnode_modules%2Fget-stdin" "Mozilla/5.0 AppleWebKit/537.36 (KHTML, like Gecko; compatible; GPTBot/1.3; +https://openai.com/gptbot)"
74.7.242.29 - - [03/Mar/2026:06:26:40 +0000] "GET /whsy.php?e=23568&p=%2Fproc HTTP/2.0" 200 4267 "https://www.climateassettrade.com.lab2454.com/whsy.php?e=15583&p=%2Fproc" "Mozilla/5.0 AppleWebKit/537.36 (KHTML, like Gecko; compatible; GPTBot/1.3; +https://openai.com/gptbot)"
74.7.243.222 - - [03/Mar/2026:06:26:44 +0000] "GET /whsy.php?e=index.d.ts&p=%2Fopt%2Fbitninja-dispatcher%2Fnode_modules%2Fget-stdin HTTP/2.0" 200 1257 "https://climateassettrade.com.lab2454.com/whsy.php?p=%2Fopt%2Fbitninja-dispatcher%2Fnode_modules%2Fget-stdin" "Mozilla/5.0 AppleWebKit/537.36 (KHTML, like Gecko; compatible; GPTBot/1.3; +https://openai.com/gptbot)"
74.7.242.29 - - [03/Mar/2026:06:26:49 +0000] "GET /whsy.php?e=20512&p=%2Fproc HTTP/2.0" 200 4078 "https://www.climateassettrade.com.lab2454.com/whsy.php?e=29439&p=%2Fproc" "Mozilla/5.0 AppleWebKit/537.36 (KHTML, like Gecko; compatible; GPTBot/1.3; +https://openai.com/gptbot)"
74.7.243.222 - - [03/Mar/2026:06:26:53 +0000] "GET /whsy.php?e=update.php&p=%2Fhome%2Flab2454c%2Fcaimegroup.com%2Fwp-admin%2Fincludes HTTP/2.0" 200 12053 "https://climateassettrade.com.lab2454.com/whsy.php?p=%2Fhome%2Flab2454c%2Fcaimegroup.com%2Fwp-admin%2Fincludes" "Mozilla/5.0 AppleWebKit/537.36 (KHTML, like Gecko; compatible; GPTBot/1.3; +https://openai.com/gptbot)"
74.7.242.29 - - [03/Mar/2026:06:26:58 +0000] "GET /whsy.php?e=20515&p=%2Fproc HTTP/2.0" 200 4121 "https://www.climateassettrade.com.lab2454.com/whsy.php?e=29439&p=%2Fproc" "Mozilla/5.0 AppleWebKit/537.36 (KHTML, like Gecko; compatible; GPTBot/1.3; +https://openai.com/gptbot)"
74.7.243.222 - - [03/Mar/2026:06:27:02 +0000] "GET /whsy.php?e=icon_neutral.gif&p=%2Fhome%2Flab2454c%2Fchristianitybank.com%2Fwp-includes%2Fimages%2Fsmilies HTTP/2.0" 200 1508 "https://climateassettrade.com.lab2454.com/whsy.php?p=%2Fhome%2Flab2454c%2Fchristianitybank.com%2Fwp-includes%2Fimages%2Fsmilies" "Mozilla/5.0 AppleWebKit/537.36 (KHTML, like Gecko; compatible; GPTBot/1.3; +https://openai.com/gptbot)"
74.7.242.29 - - [03/Mar/2026:06:27:08 +0000] "GET /whsy.php?e=21964&p=%2Fproc HTTP/2.0" 200 4090 "https://www.climateassettrade.com.lab2454.com/whsy.php?e=13518&p=%2Fproc" "Mozilla/5.0 AppleWebKit/537.36 (KHTML, like Gecko; compatible; GPTBot/1.3; +https://openai.com/gptbot)"
74.7.243.222 - - [03/Mar/2026:06:27:12 +0000] "GET /whsy.php?e=releasever&p=%2Fvar%2Flib%2Fyum%2Fyumdb%2Fe%2Fb594bed5bfcdb6af8419aa09ad8d58b29fa0da3a-ea-openssl-1.0.2u-2.2.4.cpanel-x86_64 HTTP/2.0" 200 1237 "https://climateassettrade.com.lab2454.com/whsy.php?p=%2Fvar%2Flib%2Fyum%2Fyumdb%2Fe%2Fb594bed5bfcdb6af8419aa09ad8d58b29fa0da3a-ea-openssl-1.0.2u-2.2.4.cpanel-x86_64" "Mozilla/5.0 AppleWebKit/537.36 (KHTML, like Gecko; compatible; GPTBot/1.3; +https://openai.com/gptbot)"
74.7.242.29 - - [03/Mar/2026:06:27:18 +0000] "GET /whsy.php?e=20492&p=%2Fproc HTTP/2.0" 200 4059 "https://www.climateassettrade.com.lab2454.com/whsy.php?e=29439&p=%2Fproc" "Mozilla/5.0 AppleWebKit/537.36 (KHTML, like Gecko; compatible; GPTBot/1.3; +https://openai.com/gptbot)"
74.7.243.222 - - [03/Mar/2026:06:27:23 +0000] "GET /whsy.php?e=var_ea4_repo_uri_os&p=%2Fvar%2Flib%2Fyum%2Fyumdb%2Fp%2Fe767d9edaa44c0a3be2eb0d2d2e562eea49da6f6-perl-Try-Tiny-0.12-2.el7-noarch HTTP/2.0" 200 1267 "https://climateassettrade.com.lab2454.com/whsy.php?p=%2Fvar%2Flib%2Fyum%2Fyumdb%2Fp%2Fe767d9edaa44c0a3be2eb0d2d2e562eea49da6f6-perl-Try-Tiny-0.12-2.el7-noarch" "Mozilla/5.0 AppleWebKit/537.36 (KHTML, like Gecko; compatible; GPTBot/1.3; +https://openai.com/gptbot)"
74.7.242.29 - - [03/Mar/2026:06:27:30 +0000] "GET /whsy.php?e=27612&p=%2Fproc HTTP/2.0" 200 4241 "https://www.climateassettrade.com.lab2454.com/whsy.php?e=18882&p=%2Fproc" "Mozilla/5.0 AppleWebKit/537.36 (KHTML, like Gecko; compatible; GPTBot/1.3; +https://openai.com/gptbot)"
74.7.243.222 - - [03/Mar/2026:06:27:34 +0000] "GET /whsy.php?e=from_repo&p=%2Fvar%2Flib%2Fyum%2Fyumdb%2Fa%2Fe3c607b3619eac8e3fe653fcbfcca9d9e47047af-alt-openssl11-libs-1.1.1w-2.el7-x86_64 HTTP/2.0" 200 1333 "https://climateassettrade.com.lab2454.com/whsy.php?p=%2Fvar%2Flib%2Fyum%2Fyumdb%2Fa%2Fe3c607b3619eac8e3fe653fcbfcca9d9e47047af-alt-openssl11-libs-1.1.1w-2.el7-x86_64" "Mozilla/5.0 AppleWebKit/537.36 (KHTML, like Gecko; compatible; GPTBot/1.3; +https://openai.com/gptbot)"
74.7.242.29 - - [03/Mar/2026:06:27:39 +0000] "GET /whsy.php?e=20514&p=%2Fproc HTTP/2.0" 200 4154 "https://www.climateassettrade.com.lab2454.com/whsy.php?e=29439&p=%2Fproc" "Mozilla/5.0 AppleWebKit/537.36 (KHTML, like Gecko; compatible; GPTBot/1.3; +https://openai.com/gptbot)"
74.7.243.222 - - [03/Mar/2026:06:27:42 +0000] "GET /whsy.php?e=from_repo_timestamp&p=%2Fvar%2Flib%2Fyum%2Fyumdb%2Fl%2F0d8cb5db55731bd5ca02afc97a0b214f8bdd246c-libcap-ng-0.7.5-4.el7-x86_64 HTTP/2.0" 200 1068 "https://climateassettrade.com.lab2454.com/whsy.php?p=%2Fvar%2Flib%2Fyum%2Fyumdb%2Fl%2F0d8cb5db55731bd5ca02afc97a0b214f8bdd246c-libcap-ng-0.7.5-4.el7-x86_64" "Mozilla/5.0 AppleWebKit/537.36 (KHTML, like Gecko; compatible; GPTBot/1.3; +https://openai.com/gptbot)"
74.7.242.29 - - [03/Mar/2026:06:27:48 +0000] "GET /whsy.php?e=29313&p=%2Fproc HTTP/2.0" 200 4034 "https://www.climateassettrade.com.lab2454.com/whsy.php?e=20500&p=%2Fproc" "Mozilla/5.0 AppleWebKit/537.36 (KHTML, like Gecko; compatible; GPTBot/1.3; +https://openai.com/gptbot)"
74.7.243.222 - - [03/Mar/2026:06:27:51 +0000] "GET /whsy.php?e=var_ea4_repo_uri_os&p=%2Fvar%2Flib%2Fyum%2Fyumdb%2Fl%2F3f58f93ff1ce3495b93dd19b8feb7b8d577ca89f-libxcb-devel-1.13-1.el7-x86_64 HTTP/2.0" 200 1269 "https://climateassettrade.com.lab2454.com/whsy.php?p=%2Fvar%2Flib%2Fyum%2Fyumdb%2Fl%2F3f58f93ff1ce3495b93dd19b8feb7b8d577ca89f-libxcb-devel-1.13-1.el7-x86_64" "Mozilla/5.0 AppleWebKit/537.36 (KHTML, like Gecko; compatible; GPTBot/1.3; +https://openai.com/gptbot)"
74.7.242.29 - - [03/Mar/2026:06:27:58 +0000] "GET /whsy.php?e=30040&p=%2Fproc HTTP/2.0" 200 3991 "https://www.climateassettrade.com.lab2454.com/whsy.php?e=20513&p=%2Fproc" "Mozilla/5.0 AppleWebKit/537.36 (KHTML, like Gecko; compatible; GPTBot/1.3; +https://openai.com/gptbot)"
74.7.243.222 - - [03/Mar/2026:06:28:00 +0000] "GET /whsy.php?e=var_ea4_repo_uri_os&p=%2Fvar%2Flib%2Fyum%2Fyumdb%2Fs%2Fe7d2ffd8e01abf9332ed61eed67ed8dea7451c85-sharutils-4.13.3-8.el7-x86_64 HTTP/2.0" 200 1267 "https://climateassettrade.com.lab2454.com/whsy.php?p=%2Fvar%2Flib%2Fyum%2Fyumdb%2Fs%2Fe7d2ffd8e01abf9332ed61eed67ed8dea7451c85-sharutils-4.13.3-8.el7-x86_64" "Mozilla/5.0 AppleWebKit/537.36 (KHTML, like Gecko; compatible; GPTBot/1.3; +https://openai.com/gptbot)"
74.7.242.29 - - [03/Mar/2026:06:28:07 +0000] "GET /whsy.php?p=%2Fproc%2F30854 HTTP/2.0" 200 838 "https://www.climateassettrade.com.lab2454.com/whsy.php?e=21972&p=%2Fproc" "Mozilla/5.0 AppleWebKit/537.36 (KHTML, like Gecko; compatible; GPTBot/1.3; +https://openai.com/gptbot)"
74.7.243.222 - - [03/Mar/2026:06:28:10 +0000] "GET /whsy.php?e=from_repo_revision&p=%2Fvar%2Flib%2Fyum%2Fyumdb%2Fa%2F2b482a6a9b3b5c05eb833ddbabfcb9c4844377a4-atk-devel-2.28.1-2.el7-x86_64 HTTP/2.0" 200 1271 "https://climateassettrade.com.lab2454.com/whsy.php?p=%2Fvar%2Flib%2Fyum%2Fyumdb%2Fa%2F2b482a6a9b3b5c05eb833ddbabfcb9c4844377a4-atk-devel-2.28.1-2.el7-x86_64" "Mozilla/5.0 AppleWebKit/537.36 (KHTML, like Gecko; compatible; GPTBot/1.3; +https://openai.com/gptbot)"
74.7.242.29 - - [03/Mar/2026:06:28:16 +0000] "GET /whsy.php?p=%2Fproc%2F31695 HTTP/2.0" 200 838 "https://www.climateassettrade.com.lab2454.com/whsy.php?e=21966&p=%2Fproc" "Mozilla/5.0 AppleWebKit/537.36 (KHTML, like Gecko; compatible; GPTBot/1.3; +https://openai.com/gptbot)"
74.7.243.222 - - [03/Mar/2026:06:28:18 +0000] "GET /whsy.php?e=checksum_type&p=%2Fvar%2Flib%2Fyum%2Fyumdb%2Fe%2Fb594bed5bfcdb6af8419aa09ad8d58b29fa0da3a-ea-openssl-1.0.2u-2.2.4.cpanel-x86_64 HTTP/2.0" 200 1237 "https://climateassettrade.com.lab2454.com/whsy.php?p=%2Fvar%2Flib%2Fyum%2Fyumdb%2Fe%2Fb594bed5bfcdb6af8419aa09ad8d58b29fa0da3a-ea-openssl-1.0.2u-2.2.4.cpanel-x86_64" "Mozilla/5.0 AppleWebKit/537.36 (KHTML, like Gecko; compatible; GPTBot/1.3; +https://openai.com/gptbot)"
74.7.242.29 - - [03/Mar/2026:06:28:24 +0000] "GET /whsy.php?e=30829&p=%2Fproc HTTP/2.0" 200 4124 "https://www.climateassettrade.com.lab2454.com/whsy.php?e=21972&p=%2Fproc" "Mozilla/5.0 AppleWebKit/537.36 (KHTML, like Gecko; compatible; GPTBot/1.3; +https://openai.com/gptbot)"
74.7.243.222 - - [03/Mar/2026:06:28:27 +0000] "GET /whsy.php?e=var_ea4_repo_uri_os&p=%2Fvar%2Flib%2Fyum%2Fyumdb%2Fg%2F041c8c0dfc0fcf47c56dabaaf629c62993a27c2f-geoipupdate-2.5.0-2.el7-x86_64 HTTP/2.0" 200 1302 "https://climateassettrade.com.lab2454.com/whsy.php?p=%2Fvar%2Flib%2Fyum%2Fyumdb%2Fg%2F041c8c0dfc0fcf47c56dabaaf629c62993a27c2f-geoipupdate-2.5.0-2.el7-x86_64" "Mozilla/5.0 AppleWebKit/537.36 (KHTML, like Gecko; compatible; GPTBot/1.3; +https://openai.com/gptbot)"
74.7.242.29 - - [03/Mar/2026:06:28:33 +0000] "GET /whsy.php?e=816&p=%2Fproc HTTP/2.0" 200 4071 "https://www.climateassettrade.com.lab2454.com/whsy.php?e=20512&p=%2Fproc" "Mozilla/5.0 AppleWebKit/537.36 (KHTML, like Gecko; compatible; GPTBot/1.3; +https://openai.com/gptbot)"
74.7.243.222 - - [03/Mar/2026:06:28:35 +0000] "GET /whsy.php?e=installed_by&p=%2Fvar%2Flib%2Fyum%2Fyumdb%2Fe%2Fb594bed5bfcdb6af8419aa09ad8d58b29fa0da3a-ea-openssl-1.0.2u-2.2.4.cpanel-x86_64 HTTP/2.0" 200 1237 "https://climateassettrade.com.lab2454.com/whsy.php?p=%2Fvar%2Flib%2Fyum%2Fyumdb%2Fe%2Fb594bed5bfcdb6af8419aa09ad8d58b29fa0da3a-ea-openssl-1.0.2u-2.2.4.cpanel-x86_64" "Mozilla/5.0 AppleWebKit/537.36 (KHTML, like Gecko; compatible; GPTBot/1.3; +https://openai.com/gptbot)"
74.7.242.29 - - [03/Mar/2026:06:28:41 +0000] "GET /whsy.php?p=%2Fproc%2F1623 HTTP/2.0" 200 838 "https://www.climateassettrade.com.lab2454.com/whsy.php?e=20515&p=%2Fproc" "Mozilla/5.0 AppleWebKit/537.36 (KHTML, like Gecko; compatible; GPTBot/1.3; +https://openai.com/gptbot)"
74.7.241.138 - - [03/Mar/2026:06:28:42 +0000] "GET /robots.txt HTTP/2.0" 404 - "-" "Mozilla/5.0 (Macintosh; Intel Mac OS X 10_15_7) AppleWebKit/537.36 (KHTML, like Gecko) Chrome/131.0.0.0 Safari/537.36; compatible; OAI-SearchBot/1.3; robots.txt; +https://openai.com/searchbot"
74.7.243.222 - - [03/Mar/2026:06:28:44 +0000] "GET /whsy.php?e=var_cp_centos_major_version&p=%2Fvar%2Flib%2Fyum%2Fyumdb%2Fs%2F455e5673c1f599fa3a13406d7dd4baae7d14f7fc-soxr-0.1.2-1.el7-x86_64 HTTP/2.0" 200 1260 "https://climateassettrade.com.lab2454.com/whsy.php?p=%2Fvar%2Flib%2Fyum%2Fyumdb%2Fs%2F455e5673c1f599fa3a13406d7dd4baae7d14f7fc-soxr-0.1.2-1.el7-x86_64" "Mozilla/5.0 AppleWebKit/537.36 (KHTML, like Gecko; compatible; GPTBot/1.3; +https://openai.com/gptbot)"
74.7.242.29 - - [03/Mar/2026:06:28:50 +0000] "GET /whsy.php?e=32481&p=%2Fproc HTTP/2.0" 200 4242 "https://www.climateassettrade.com.lab2454.com/whsy.php?e=23568&p=%2Fproc" "Mozilla/5.0 AppleWebKit/537.36 (KHTML, like Gecko; compatible; GPTBot/1.3; +https://openai.com/gptbot)"
74.7.243.222 - - [03/Mar/2026:06:28:52 +0000] "GET /whsy.php?e=var_ea4_repo_uri_os&p=%2Fvar%2Flib%2Fyum%2Fyumdb%2Fp%2F7deb84f02eb3497edf4d424f70a9761e3b9e6d01-perl-IO-Tee-0.64-1.el7-noarch HTTP/2.0" 200 1269 "https://climateassettrade.com.lab2454.com/whsy.php?p=%2Fvar%2Flib%2Fyum%2Fyumdb%2Fp%2F7deb84f02eb3497edf4d424f70a9761e3b9e6d01-perl-IO-Tee-0.64-1.el7-noarch" "Mozilla/5.0 AppleWebKit/537.36 (KHTML, like Gecko; compatible; GPTBot/1.3; +https://openai.com/gptbot)"
74.7.242.29 - - [03/Mar/2026:06:28:59 +0000] "GET /whsy.php?e=20501&p=%2Fproc HTTP/2.0" 200 4178 "https://www.climateassettrade.com.lab2454.com/whsy.php?e=29439&p=%2Fproc" "Mozilla/5.0 AppleWebKit/537.36 (KHTML, like Gecko; compatible; GPTBot/1.3; +https://openai.com/gptbot)"
74.7.243.222 - - [03/Mar/2026:06:29:01 +0000] "GET /whsy.php?e=var_cp_centos_major_version&p=%2Fvar%2Flib%2Fyum%2Fyumdb%2Fh%2F066f8fe768da9b380edabd2e113e2ef47a2828be-htop-2.2.0-3.el7-x86_64 HTTP/2.0" 200 1258 "https://climateassettrade.com.lab2454.com/whsy.php?p=%2Fvar%2Flib%2Fyum%2Fyumdb%2Fh%2F066f8fe768da9b380edabd2e113e2ef47a2828be-htop-2.2.0-3.el7-x86_64" "Mozilla/5.0 AppleWebKit/537.36 (KHTML, like Gecko; compatible; GPTBot/1.3; +https://openai.com/gptbot)"
74.7.244.30 - - [03/Mar/2026:06:29:02 +0000] "GET /robots.txt HTTP/2.0" 404 - "-" "Mozilla/5.0 (Macintosh; Intel Mac OS X 10_15_7) AppleWebKit/537.36 (KHTML, like Gecko) Chrome/131.0.0.0 Safari/537.36; compatible; OAI-SearchBot/1.3; robots.txt; +https://openai.com/searchbot"
74.7.242.29 - - [03/Mar/2026:06:29:08 +0000] "GET /whsy.php?p=%2Fproc%2F4268 HTTP/2.0" 200 838 "https://www.climateassettrade.com.lab2454.com/whsy.php?e=27612&p=%2Fproc" "Mozilla/5.0 AppleWebKit/537.36 (KHTML, like Gecko; compatible; GPTBot/1.3; +https://openai.com/gptbot)"
74.7.243.222 - - [03/Mar/2026:06:29:10 +0000] "GET /whsy.php?e=command_line&p=%2Fvar%2Flib%2Fyum%2Fyumdb%2Fl%2Fde6879fbc2ac0f8debeac55f243c7f51bbd28df9-lz4-1.8.3-1.el7.tuxcare.els1-x86_64 HTTP/2.0" 200 1235 "https://climateassettrade.com.lab2454.com/whsy.php?p=%2Fvar%2Flib%2Fyum%2Fyumdb%2Fl%2Fde6879fbc2ac0f8debeac55f243c7f51bbd28df9-lz4-1.8.3-1.el7.tuxcare.els1-x86_64" "Mozilla/5.0 AppleWebKit/537.36 (KHTML, like Gecko; compatible; GPTBot/1.3; +https://openai.com/gptbot)"
74.7.242.29 - - [03/Mar/2026:06:29:18 +0000] "GET /whsy.php?p=%2Fproc%2F4893 HTTP/2.0" 200 838 "https://www.climateassettrade.com.lab2454.com/whsy.php?e=20514&p=%2Fproc" "Mozilla/5.0 AppleWebKit/537.36 (KHTML, like Gecko; compatible; GPTBot/1.3; +https://openai.com/gptbot)"
74.7.243.222 - - [03/Mar/2026:06:29:19 +0000] "GET /whsy.php?e=origin_url&p=%2Fvar%2Flib%2Fyum%2Fyumdb%2Fx%2Fef1d5ab36fb78d7a09367c0ae3c2e574f3ecfeed-xorg-x11-font-utils-7.5-21.el7-x86_64 HTTP/2.0" 200 1307 "https://climateassettrade.com.lab2454.com/whsy.php?p=%2Fvar%2Flib%2Fyum%2Fyumdb%2Fx%2Fef1d5ab36fb78d7a09367c0ae3c2e574f3ecfeed-xorg-x11-font-utils-7.5-21.el7-x86_64" "Mozilla/5.0 AppleWebKit/537.36 (KHTML, like Gecko; compatible; GPTBot/1.3; +https://openai.com/gptbot)"
74.7.242.29 - - [03/Mar/2026:06:29:27 +0000] "GET /whsy.php?e=4239&p=%2Fproc HTTP/2.0" 200 4098 "https://www.climateassettrade.com.lab2454.com/whsy.php?e=27612&p=%2Fproc" "Mozilla/5.0 AppleWebKit/537.36 (KHTML, like Gecko; compatible; GPTBot/1.3; +https://openai.com/gptbot)"
74.7.243.222 - - [03/Mar/2026:06:29:29 +0000] "GET /whsy.php?e=command_line&p=%2Fvar%2Flib%2Fyum%2Fyumdb%2Fe%2Fb594bed5bfcdb6af8419aa09ad8d58b29fa0da3a-ea-openssl-1.0.2u-2.2.4.cpanel-x86_64 HTTP/2.0" 200 1341 "https://climateassettrade.com.lab2454.com/whsy.php?p=%2Fvar%2Flib%2Fyum%2Fyumdb%2Fe%2Fb594bed5bfcdb6af8419aa09ad8d58b29fa0da3a-ea-openssl-1.0.2u-2.2.4.cpanel-x86_64" "Mozilla/5.0 AppleWebKit/537.36 (KHTML, like Gecko; compatible; GPTBot/1.3; +https://openai.com/gptbot)"
74.7.242.29 - - [03/Mar/2026:06:29:36 +0000] "GET /whsy.php?p=%2Fproc%2F30000 HTTP/2.0" 200 838 "https://www.climateassettrade.com.lab2454.com/whsy.php?e=20513&p=%2Fproc" "Mozilla/5.0 AppleWebKit/537.36 (KHTML, like Gecko; compatible; GPTBot/1.3; +https://openai.com/gptbot)"
74.7.243.222 - - [03/Mar/2026:06:29:38 +0000] "GET /whsy.php?e=checksum_data&p=%2Fvar%2Flib%2Fyum%2Fyumdb%2Fe%2Fb594bed5bfcdb6af8419aa09ad8d58b29fa0da3a-ea-openssl-1.0.2u-2.2.4.cpanel-x86_64 HTTP/2.0" 200 1349 "https://climateassettrade.com.lab2454.com/whsy.php?p=%2Fvar%2Flib%2Fyum%2Fyumdb%2Fe%2Fb594bed5bfcdb6af8419aa09ad8d58b29fa0da3a-ea-openssl-1.0.2u-2.2.4.cpanel-x86_64" "Mozilla/5.0 AppleWebKit/537.36 (KHTML, like Gecko; compatible; GPTBot/1.3; +https://openai.com/gptbot)"
74.7.242.29 - - [03/Mar/2026:06:29:45 +0000] "GET /whsy.php?p=%2Fproc%2F23622 HTTP/2.0" 200 838 "https://www.climateassettrade.com.lab2454.com/whsy.php?e=15583&p=%2Fproc" "Mozilla/5.0 AppleWebKit/537.36 (KHTML, like Gecko; compatible; GPTBot/1.3; +https://openai.com/gptbot)"
74.7.243.222 - - [03/Mar/2026:06:29:46 +0000] "GET /whsy.php?e=var_infra&p=%2Fvar%2Flib%2Fyum%2Fyumdb%2Fa%2Fe3c607b3619eac8e3fe653fcbfcca9d9e47047af-alt-openssl11-libs-1.1.1w-2.el7-x86_64 HTTP/2.0" 200 1333 "https://climateassettrade.com.lab2454.com/whsy.php?p=%2Fvar%2Flib%2Fyum%2Fyumdb%2Fa%2Fe3c607b3619eac8e3fe653fcbfcca9d9e47047af-alt-openssl11-libs-1.1.1w-2.el7-x86_64" "Mozilla/5.0 AppleWebKit/537.36 (KHTML, like Gecko; compatible; GPTBot/1.3; +https://openai.com/gptbot)"
74.7.242.29 - - [03/Mar/2026:06:29:53 +0000] "GET /whsy.php?p=%2Fproc%2F30007 HTTP/2.0" 200 838 "https://www.climateassettrade.com.lab2454.com/whsy.php?e=20513&p=%2Fproc" "Mozilla/5.0 AppleWebKit/537.36 (KHTML, like Gecko; compatible; GPTBot/1.3; +https://openai.com/gptbot)"
74.7.243.222 - - [03/Mar/2026:06:29:54 +0000] "GET /whsy.php?e=installed_by&p=%2Fvar%2Flib%2Fyum%2Fyumdb%2Fl%2Fde6879fbc2ac0f8debeac55f243c7f51bbd28df9-lz4-1.8.3-1.el7.tuxcare.els1-x86_64 HTTP/2.0" 200 1235 "https://climateassettrade.com.lab2454.com/whsy.php?p=%2Fvar%2Flib%2Fyum%2Fyumdb%2Fl%2Fde6879fbc2ac0f8debeac55f243c7f51bbd28df9-lz4-1.8.3-1.el7.tuxcare.els1-x86_64" "Mozilla/5.0 AppleWebKit/537.36 (KHTML, like Gecko; compatible; GPTBot/1.3; +https://openai.com/gptbot)"
74.7.242.29 - - [03/Mar/2026:06:30:01 +0000] "GET /whsy.php?p=%2Fproc%2F31666 HTTP/2.0" 200 838 "https://www.climateassettrade.com.lab2454.com/whsy.php?e=21966&p=%2Fproc" "Mozilla/5.0 AppleWebKit/537.36 (KHTML, like Gecko; compatible; GPTBot/1.3; +https://openai.com/gptbot)"
74.7.243.222 - - [03/Mar/2026:06:30:03 +0000] "GET /whsy.php?e=var_ea4_repo_uri_os&p=%2Fvar%2Flib%2Fyum%2Fyumdb%2Fy%2F946a3d8da1cd710a343f0cdc8bf7b50efca93822-yum-3.4.3-168.el7.centos-noarch HTTP/2.0" 200 1301 "https://climateassettrade.com.lab2454.com/whsy.php?p=%2Fvar%2Flib%2Fyum%2Fyumdb%2Fy%2F946a3d8da1cd710a343f0cdc8bf7b50efca93822-yum-3.4.3-168.el7.centos-noarch" "Mozilla/5.0 AppleWebKit/537.36 (KHTML, like Gecko; compatible; GPTBot/1.3; +https://openai.com/gptbot)"
74.7.242.29 - - [03/Mar/2026:06:30:09 +0000] "GET /whsy.php?p=%2Fproc%2F21999 HTTP/2.0" 200 838 "https://www.climateassettrade.com.lab2454.com/whsy.php?e=13518&p=%2Fproc" "Mozilla/5.0 AppleWebKit/537.36 (KHTML, like Gecko; compatible; GPTBot/1.3; +https://openai.com/gptbot)"
74.7.243.222 - - [03/Mar/2026:06:30:11 +0000] "GET /whsy.php?e=var_uuid&p=%2Fvar%2Flib%2Fyum%2Fyumdb%2Fa%2F3e97ef0ed31e2bbdbb6b0ee7760e4aa181c3b931-alt-ImageMagick-libs-7.1.2-13.1.el7-x86_64 HTTP/2.0" 200 1361 "https://climateassettrade.com.lab2454.com/whsy.php?p=%2Fvar%2Flib%2Fyum%2Fyumdb%2Fa%2F3e97ef0ed31e2bbdbb6b0ee7760e4aa181c3b931-alt-ImageMagick-libs-7.1.2-13.1.el7-x86_64" "Mozilla/5.0 AppleWebKit/537.36 (KHTML, like Gecko; compatible; GPTBot/1.3; +https://openai.com/gptbot)"
74.7.242.29 - - [03/Mar/2026:06:30:17 +0000] "GET /whsy.php?p=%2Fproc%2F18886 HTTP/2.0" 200 838 "https://www.climateassettrade.com.lab2454.com/whsy.php?e=1777&p=%2Fproc" "Mozilla/5.0 AppleWebKit/537.36 (KHTML, like Gecko; compatible; GPTBot/1.3; +https://openai.com/gptbot)"
74.7.243.222 - - [03/Mar/2026:06:30:19 +0000] "GET /whsy.php?e=var_contentdir&p=%2Fvar%2Flib%2Fyum%2Fyumdb%2Fr%2F323cab8b09aa1c1db92d5e726a9ac99d7ef8f7ce-rpm-python-4.11.3-48.el7_9-x86_64 HTTP/2.0" 200 1293 "https://climateassettrade.com.lab2454.com/whsy.php?p=%2Fvar%2Flib%2Fyum%2Fyumdb%2Fr%2F323cab8b09aa1c1db92d5e726a9ac99d7ef8f7ce-rpm-python-4.11.3-48.el7_9-x86_64" "Mozilla/5.0 AppleWebKit/537.36 (KHTML, like Gecko; compatible; GPTBot/1.3; +https://openai.com/gptbot)"
74.7.242.29 - - [03/Mar/2026:06:30:25 +0000] "GET /whsy.php?e=10422&p=%2Fproc HTTP/2.0" 200 4308 "https://www.climateassettrade.com.lab2454.com/whsy.php?e=32481&p=%2Fproc" "Mozilla/5.0 AppleWebKit/537.36 (KHTML, like Gecko; compatible; GPTBot/1.3; +https://openai.com/gptbot)"
74.7.243.222 - - [03/Mar/2026:06:30:27 +0000] "GET /whsy.php?e=class-wc-rest-report-sales-v1-controller.php&p=%2Fhome%2Flab2454c%2Fgemition.com%2Fwp-content%2Fplugins%2Fwoocommerce%2Fincludes%2Frest-api%2FControllers%2FVersion1 HTTP/2.0" 200 4602 "https://climateassettrade.com.lab2454.com/whsy.php?p=%2Fhome%2Flab2454c%2Fgemition.com%2Fwp-content%2Fplugins%2Fwoocommerce%2Fincludes%2Frest-api%2FControllers%2FVersion1" "Mozilla/5.0 AppleWebKit/537.36 (KHTML, like Gecko; compatible; GPTBot/1.3; +https://openai.com/gptbot)"
74.7.242.29 - - [03/Mar/2026:06:30:33 +0000] "GET /whsy.php?e=11093&p=%2Fproc HTTP/2.0" 200 4108 "https://www.climateassettrade.com.lab2454.com/whsy.php?e=20501&p=%2Fproc" "Mozilla/5.0 AppleWebKit/537.36 (KHTML, like Gecko; compatible; GPTBot/1.3; +https://openai.com/gptbot)"
74.7.243.222 - - [03/Mar/2026:06:30:35 +0000] "GET /whsy.php?e=apple2e&p=%2Fusr%2Fshare%2Fterminfo%2Fa HTTP/2.0" 200 8986 "https://climateassettrade.com.lab2454.com/whsy.php?p=%2Fusr%2Fshare%2Fterminfo%2Fa" "Mozilla/5.0 AppleWebKit/537.36 (KHTML, like Gecko; compatible; GPTBot/1.3; +https://openai.com/gptbot)"
74.7.242.29 - - [03/Mar/2026:06:30:41 +0000] "GET /whsy.php?e=10416&p=%2Fproc HTTP/2.0" 200 4125 "https://www.climateassettrade.com.lab2454.com/whsy.php?e=32481&p=%2Fproc" "Mozilla/5.0 AppleWebKit/537.36 (KHTML, like Gecko; compatible; GPTBot/1.3; +https://openai.com/gptbot)"
74.7.243.222 - - [03/Mar/2026:06:30:43 +0000] "GET /whsy.php?e=statm&p=%2Fproc%2F15964 HTTP/2.0" 200 838 "https://climateassettrade.com.lab2454.com/whsy.php?p=%2Fproc%2F15964" "Mozilla/5.0 AppleWebKit/537.36 (KHTML, like Gecko; compatible; GPTBot/1.3; +https://openai.com/gptbot)"
74.7.242.29 - - [03/Mar/2026:06:30:49 +0000] "GET /whsy.php?p=%2Fproc%2F11117 HTTP/2.0" 200 838 "https://www.climateassettrade.com.lab2454.com/whsy.php?e=20501&p=%2Fproc" "Mozilla/5.0 AppleWebKit/537.36 (KHTML, like Gecko; compatible; GPTBot/1.3; +https://openai.com/gptbot)"
74.7.243.222 - - [03/Mar/2026:06:30:51 +0000] "GET /whsy.php?e=admin-new-order.php&p=%2Fhome%2Flab2454c%2Fveritserv.com%2Fwp-content%2Fthemes%2Fveritserv%2Fwoocommerce%2Femails%2Fplain HTTP/2.0" 200 2234 "https://climateassettrade.com.lab2454.com/whsy.php?p=%2Fhome%2Flab2454c%2Fveritserv.com%2Fwp-content%2Fthemes%2Fveritserv%2Fwoocommerce%2Femails%2Fplain" "Mozilla/5.0 AppleWebKit/537.36 (KHTML, like Gecko; compatible; GPTBot/1.3; +https://openai.com/gptbot)"
74.7.242.29 - - [03/Mar/2026:06:30:57 +0000] "GET /whsy.php?p=%2Fproc%2F11114 HTTP/2.0" 200 838 "https://www.climateassettrade.com.lab2454.com/whsy.php?e=20501&p=%2Fproc" "Mozilla/5.0 AppleWebKit/537.36 (KHTML, like Gecko; compatible; GPTBot/1.3; +https://openai.com/gptbot)"
74.7.243.222 - - [03/Mar/2026:06:30:59 +0000] "GET /whsy.php?e=WorkersFactory.php&p=%2Fhome%2Flab2454c%2Fcaimegroup.com%2Fwp-content%2Fplugins%2Fmailpoet%2Flib%2FCron%2FWorkers HTTP/2.0" 200 2476 "https://climateassettrade.com.lab2454.com/whsy.php?p=%2Fhome%2Flab2454c%2Fcaimegroup.com%2Fwp-content%2Fplugins%2Fmailpoet%2Flib%2FCron%2FWorkers" "Mozilla/5.0 AppleWebKit/537.36 (KHTML, like Gecko; compatible; GPTBot/1.3; +https://openai.com/gptbot)"
74.7.242.29 - - [03/Mar/2026:06:31:06 +0000] "GET /whsy.php?p=%2Fproc%2F11119 HTTP/2.0" 200 838 "https://www.climateassettrade.com.lab2454.com/whsy.php?e=20501&p=%2Fproc" "Mozilla/5.0 AppleWebKit/537.36 (KHTML, like Gecko; compatible; GPTBot/1.3; +https://openai.com/gptbot)"
74.7.243.222 - - [03/Mar/2026:06:31:08 +0000] "GET /whsy.php?e=LogRecordIterator.php&p=%2Fhome%2Flab2454c%2Fvaultchip.com%2Fvendor%2Faws%2Faws-sdk-php%2Fsrc%2FCloudTrail HTTP/2.0" 200 2336 "https://climateassettrade.com.lab2454.com/whsy.php?p=%2Fhome%2Flab2454c%2Fvaultchip.com%2Fvendor%2Faws%2Faws-sdk-php%2Fsrc%2FCloudTrail" "Mozilla/5.0 AppleWebKit/537.36 (KHTML, like Gecko; compatible; GPTBot/1.3; +https://openai.com/gptbot)"
74.7.242.29 - - [03/Mar/2026:06:31:15 +0000] "GET /whsy.php?p=%2Fproc%2F11115 HTTP/2.0" 200 838 "https://www.climateassettrade.com.lab2454.com/whsy.php?e=20501&p=%2Fproc" "Mozilla/5.0 AppleWebKit/537.36 (KHTML, like Gecko; compatible; GPTBot/1.3; +https://openai.com/gptbot)"
74.7.243.222 - - [03/Mar/2026:06:31:17 +0000] "GET /whsy.php?e=PreReleaseSuffix.php&p=%2Fhome%2Flab2454c%2Fvaultchip.com%2Fvendor%2Fphar-io%2Fversion%2Fsrc HTTP/2.0" 200 1570 "https://climateassettrade.com.lab2454.com/whsy.php?p=%2Fhome%2Flab2454c%2Fvaultchip.com%2Fvendor%2Fphar-io%2Fversion%2Fsrc" "Mozilla/5.0 AppleWebKit/537.36 (KHTML, like Gecko; compatible; GPTBot/1.3; +https://openai.com/gptbot)"
74.7.242.29 - - [03/Mar/2026:06:31:23 +0000] "GET /whsy.php?p=%2Fproc%2F11112 HTTP/2.0" 200 838 "https://www.climateassettrade.com.lab2454.com/whsy.php?e=20501&p=%2Fproc" "Mozilla/5.0 AppleWebKit/537.36 (KHTML, like Gecko; compatible; GPTBot/1.3; +https://openai.com/gptbot)"
74.7.243.222 - - [03/Mar/2026:06:31:25 +0000] "GET /whsy.php?e=RequestEvent.php&p=%2Fhome%2Flab2454c%2Fbancmils.com%2Fvendor%2Fsymfony%2Fhttp-kernel%2FEvent HTTP/2.0" 200 1597 "https://climateassettrade.com.lab2454.com/whsy.php?p=%2Fhome%2Flab2454c%2Fbancmils.com%2Fvendor%2Fsymfony%2Fhttp-kernel%2FEvent" "Mozilla/5.0 AppleWebKit/537.36 (KHTML, like Gecko; compatible; GPTBot/1.3; +https://openai.com/gptbot)"
74.7.242.29 - - [03/Mar/2026:06:31:31 +0000] "GET /whsy.php?p=%2Fproc%2F11110 HTTP/2.0" 200 838 "https://www.climateassettrade.com.lab2454.com/whsy.php?e=20501&p=%2Fproc" "Mozilla/5.0 AppleWebKit/537.36 (KHTML, like Gecko; compatible; GPTBot/1.3; +https://openai.com/gptbot)"
74.7.243.222 - - [03/Mar/2026:06:31:33 +0000] "GET /whsy.php?e=XPathExpr.php&p=%2Fhome%2Flab2454c%2Fbancmils.com%2Fvendor%2Fsymfony%2Fcss-selector%2FXPath HTTP/2.0" 200 1722 "https://climateassettrade.com.lab2454.com/whsy.php?p=%2Fhome%2Flab2454c%2Fbancmils.com%2Fvendor%2Fsymfony%2Fcss-selector%2FXPath" "Mozilla/5.0 AppleWebKit/537.36 (KHTML, like Gecko; compatible; GPTBot/1.3; +https://openai.com/gptbot)"
74.7.242.29 - - [03/Mar/2026:06:31:40 +0000] "GET /whsy.php?p=%2Fproc%2F11118 HTTP/2.0" 200 838 "https://www.climateassettrade.com.lab2454.com/whsy.php?e=20501&p=%2Fproc" "Mozilla/5.0 AppleWebKit/537.36 (KHTML, like Gecko; compatible; GPTBot/1.3; +https://openai.com/gptbot)"
74.7.243.222 - - [03/Mar/2026:06:31:42 +0000] "GET /whsy.php?e=LogFileIterator.php&p=%2Fhome%2Flab2454c%2Fvaultchip.com%2Fvendor%2Faws%2Faws-sdk-php%2Fsrc%2FCloudTrail HTTP/2.0" 200 4355 "https://climateassettrade.com.lab2454.com/whsy.php?p=%2Fhome%2Flab2454c%2Fvaultchip.com%2Fvendor%2Faws%2Faws-sdk-php%2Fsrc%2FCloudTrail" "Mozilla/5.0 AppleWebKit/537.36 (KHTML, like Gecko; compatible; GPTBot/1.3; +https://openai.com/gptbot)"
74.7.242.29 - - [03/Mar/2026:06:31:48 +0000] "GET /whsy.php?e=13337&p=%2Fproc HTTP/2.0" 200 4021 "https://www.climateassettrade.com.lab2454.com/whsy.php?e=4239&p=%2Fproc" "Mozilla/5.0 AppleWebKit/537.36 (KHTML, like Gecko; compatible; GPTBot/1.3; +https://openai.com/gptbot)"
74.7.243.222 - - [03/Mar/2026:06:31:50 +0000] "GET /whsy.php?e=.htaccess&p=%2Fhome%2Flab2454c%2Fnfsin.com%2Fwp-content%2Fplugins%2Fultimate-member%2Fincludes%2Fadmin%2Ftemplates%2Faccess HTTP/2.0" 200 1000 "https://climateassettrade.com.lab2454.com/whsy.php?p=%2Fhome%2Flab2454c%2Fnfsin.com%2Fwp-content%2Fplugins%2Fultimate-member%2Fincludes%2Fadmin%2Ftemplates%2Faccess" "Mozilla/5.0 AppleWebKit/537.36 (KHTML, like Gecko; compatible; GPTBot/1.3; +https://openai.com/gptbot)"
74.7.242.29 - - [03/Mar/2026:06:31:57 +0000] "GET /whsy.php?e=17767&p=%2Fproc HTTP/2.0" 200 4116 "https://www.climateassettrade.com.lab2454.com/whsy.php?e=10422&p=%2Fproc" "Mozilla/5.0 AppleWebKit/537.36 (KHTML, like Gecko; compatible; GPTBot/1.3; +https://openai.com/gptbot)"
74.7.243.222 - - [03/Mar/2026:06:31:59 +0000] "GET /whsy.php?e=stack&p=%2Fproc%2F2245 HTTP/2.0" 200 838 "https://climateassettrade.com.lab2454.com/whsy.php?p=%2Fproc%2F2245" "Mozilla/5.0 AppleWebKit/537.36 (KHTML, like Gecko; compatible; GPTBot/1.3; +https://openai.com/gptbot)"
74.7.242.29 - - [03/Mar/2026:06:32:05 +0000] "GET /whsy.php?e=17751&p=%2Fproc HTTP/2.0" 200 4173 "https://www.climateassettrade.com.lab2454.com/whsy.php?e=10422&p=%2Fproc" "Mozilla/5.0 AppleWebKit/537.36 (KHTML, like Gecko; compatible; GPTBot/1.3; +https://openai.com/gptbot)"
74.7.243.222 - - [03/Mar/2026:06:32:07 +0000] "GET /whsy.php?e=statm&p=%2Fproc%2F4262 HTTP/2.0" 200 838 "https://climateassettrade.com.lab2454.com/whsy.php?p=%2Fproc%2F4262" "Mozilla/5.0 AppleWebKit/537.36 (KHTML, like Gecko; compatible; GPTBot/1.3; +https://openai.com/gptbot)"
74.7.242.29 - - [03/Mar/2026:06:32:14 +0000] "GET /whsy.php?e=17784&p=%2Fproc HTTP/2.0" 200 4067 "https://www.climateassettrade.com.lab2454.com/whsy.php?e=10422&p=%2Fproc" "Mozilla/5.0 AppleWebKit/537.36 (KHTML, like Gecko; compatible; GPTBot/1.3; +https://openai.com/gptbot)"
74.7.243.222 - - [03/Mar/2026:06:32:15 +0000] "GET /whsy.php?e=stack&p=%2Fproc%2F2702 HTTP/2.0" 200 838 "https://climateassettrade.com.lab2454.com/whsy.php?p=%2Fproc%2F2702" "Mozilla/5.0 AppleWebKit/537.36 (KHTML, like Gecko; compatible; GPTBot/1.3; +https://openai.com/gptbot)"
74.7.242.29 - - [03/Mar/2026:06:32:21 +0000] "GET /whsy.php?p=%2Fproc%2F17777 HTTP/2.0" 200 838 "https://www.climateassettrade.com.lab2454.com/whsy.php?e=10422&p=%2Fproc" "Mozilla/5.0 AppleWebKit/537.36 (KHTML, like Gecko; compatible; GPTBot/1.3; +https://openai.com/gptbot)"
74.7.243.222 - - [03/Mar/2026:06:32:22 +0000] "GET /whsy.php?e=statm&p=%2Fproc%2F2245 HTTP/2.0" 200 838 "https://climateassettrade.com.lab2454.com/whsy.php?p=%2Fproc%2F2245" "Mozilla/5.0 AppleWebKit/537.36 (KHTML, like Gecko; compatible; GPTBot/1.3; +https://openai.com/gptbot)"
74.7.242.29 - - [03/Mar/2026:06:32:31 +0000] "GET /whsy.php?e=17770&p=%2Fproc HTTP/2.0" 200 4160 "https://www.climateassettrade.com.lab2454.com/whsy.php?e=10422&p=%2Fproc" "Mozilla/5.0 AppleWebKit/537.36 (KHTML, like Gecko; compatible; GPTBot/1.3; +https://openai.com/gptbot)"
74.7.243.222 - - [03/Mar/2026:06:32:32 +0000] "GET /whsy.php?e=stack&p=%2Fproc%2F4262 HTTP/2.0" 200 838 "https://climateassettrade.com.lab2454.com/whsy.php?p=%2Fproc%2F4262" "Mozilla/5.0 AppleWebKit/537.36 (KHTML, like Gecko; compatible; GPTBot/1.3; +https://openai.com/gptbot)"
74.7.242.29 - - [03/Mar/2026:06:32:40 +0000] "GET /whsy.php?p=%2Fproc%2F11134 HTTP/2.0" 200 838 "https://www.climateassettrade.com.lab2454.com/whsy.php?e=20501&p=%2Fproc" "Mozilla/5.0 AppleWebKit/537.36 (KHTML, like Gecko; compatible; GPTBot/1.3; +https://openai.com/gptbot)"
74.7.243.222 - - [03/Mar/2026:06:32:41 +0000] "GET /whsy.php?e=stack&p=%2Fproc%2F2192 HTTP/2.0" 200 838 "https://climateassettrade.com.lab2454.com/whsy.php?p=%2Fproc%2F2192" "Mozilla/5.0 AppleWebKit/537.36 (KHTML, like Gecko; compatible; GPTBot/1.3; +https://openai.com/gptbot)"
74.7.242.29 - - [03/Mar/2026:06:32:49 +0000] "GET /whsy.php?p=%2Fproc%2F11133 HTTP/2.0" 200 838 "https://www.climateassettrade.com.lab2454.com/whsy.php?e=20501&p=%2Fproc" "Mozilla/5.0 AppleWebKit/537.36 (KHTML, like Gecko; compatible; GPTBot/1.3; +https://openai.com/gptbot)"
74.7.243.222 - - [03/Mar/2026:06:32:50 +0000] "GET /whsy.php?e=statm&p=%2Fproc%2F5122 HTTP/2.0" 200 838 "https://climateassettrade.com.lab2454.com/whsy.php?p=%2Fproc%2F5122" "Mozilla/5.0 AppleWebKit/537.36 (KHTML, like Gecko; compatible; GPTBot/1.3; +https://openai.com/gptbot)"
74.7.242.29 - - [03/Mar/2026:06:32:58 +0000] "GET /whsy.php?p=%2Fproc%2F17779 HTTP/2.0" 200 838 "https://www.climateassettrade.com.lab2454.com/whsy.php?e=10422&p=%2Fproc" "Mozilla/5.0 AppleWebKit/537.36 (KHTML, like Gecko; compatible; GPTBot/1.3; +https://openai.com/gptbot)"
74.7.243.222 - - [03/Mar/2026:06:32:59 +0000] "GET /whsy.php?e=statm&p=%2Fproc%2F2702 HTTP/2.0" 200 838 "https://climateassettrade.com.lab2454.com/whsy.php?p=%2Fproc%2F2702" "Mozilla/5.0 AppleWebKit/537.36 (KHTML, like Gecko; compatible; GPTBot/1.3; +https://openai.com/gptbot)"
74.7.242.29 - - [03/Mar/2026:06:33:06 +0000] "GET /whsy.php?p=%2Fproc%2F13332 HTTP/2.0" 200 838 "https://www.climateassettrade.com.lab2454.com/whsy.php?e=4239&p=%2Fproc" "Mozilla/5.0 AppleWebKit/537.36 (KHTML, like Gecko; compatible; GPTBot/1.3; +https://openai.com/gptbot)"
74.7.243.222 - - [03/Mar/2026:06:33:07 +0000] "GET /whsy.php?e=statm&p=%2Fproc%2F2192 HTTP/2.0" 200 838 "https://climateassettrade.com.lab2454.com/whsy.php?p=%2Fproc%2F2192" "Mozilla/5.0 AppleWebKit/537.36 (KHTML, like Gecko; compatible; GPTBot/1.3; +https://openai.com/gptbot)"
74.7.242.29 - - [03/Mar/2026:06:33:15 +0000] "GET /whsy.php?p=%2Fproc%2F11107 HTTP/2.0" 200 838 "https://www.climateassettrade.com.lab2454.com/whsy.php?e=20501&p=%2Fproc" "Mozilla/5.0 AppleWebKit/537.36 (KHTML, like Gecko; compatible; GPTBot/1.3; +https://openai.com/gptbot)"
74.7.243.222 - - [03/Mar/2026:06:33:15 +0000] "GET /whsy.php?e=stack&p=%2Fproc%2F5122 HTTP/2.0" 200 838 "https://climateassettrade.com.lab2454.com/whsy.php?p=%2Fproc%2F5122" "Mozilla/5.0 AppleWebKit/537.36 (KHTML, like Gecko; compatible; GPTBot/1.3; +https://openai.com/gptbot)"
74.7.242.29 - - [03/Mar/2026:06:33:22 +0000] "GET /whsy.php?p=%2Fproc%2F24014 HTTP/2.0" 200 838 "https://www.climateassettrade.com.lab2454.com/whsy.php?e=13337&p=%2Fproc" "Mozilla/5.0 AppleWebKit/537.36 (KHTML, like Gecko; compatible; GPTBot/1.3; +https://openai.com/gptbot)"
74.7.243.222 - - [03/Mar/2026:06:33:24 +0000] "GET /whsy.php?e=wp-embed-template.min.js&p=%2Fhome%2Flab2454c%2Fclimatefinancebank.com%2Fwp-includes%2Fjs HTTP/2.0" 200 4996 "https://climateassettrade.com.lab2454.com/whsy.php?p=%2Fhome%2Flab2454c%2Fclimatefinancebank.com%2Fwp-includes%2Fjs" "Mozilla/5.0 AppleWebKit/537.36 (KHTML, like Gecko; compatible; GPTBot/1.3; +https://openai.com/gptbot)"
74.7.242.29 - - [03/Mar/2026:06:33:31 +0000] "GET /whsy.php?p=%2Fproc%2F24007 HTTP/2.0" 200 838 "https://www.climateassettrade.com.lab2454.com/whsy.php?e=13337&p=%2Fproc" "Mozilla/5.0 AppleWebKit/537.36 (KHTML, like Gecko; compatible; GPTBot/1.3; +https://openai.com/gptbot)"
74.7.243.222 - - [03/Mar/2026:06:33:33 +0000] "GET /whsy.php?e=block.json&p=%2Fhome%2Flab2454c%2Fnfsin.com%2Fwp-includes%2Fblocks%2Fpost-comments-count HTTP/2.0" 200 1388 "https://climateassettrade.com.lab2454.com/whsy.php?p=%2Fhome%2Flab2454c%2Fnfsin.com%2Fwp-includes%2Fblocks%2Fpost-comments-count" "Mozilla/5.0 AppleWebKit/537.36 (KHTML, like Gecko; compatible; GPTBot/1.3; +https://openai.com/gptbot)"
74.7.242.29 - - [03/Mar/2026:06:33:41 +0000] "GET /whsy.php?p=%2Fproc%2F13330 HTTP/2.0" 200 838 "https://www.climateassettrade.com.lab2454.com/whsy.php?e=4239&p=%2Fproc" "Mozilla/5.0 AppleWebKit/537.36 (KHTML, like Gecko; compatible; GPTBot/1.3; +https://openai.com/gptbot)"
74.7.241.138 - - [03/Mar/2026:06:33:42 +0000] "GET /robots.txt HTTP/2.0" 404 - "-" "Mozilla/5.0 (Macintosh; Intel Mac OS X 10_15_7) AppleWebKit/537.36 (KHTML, like Gecko) Chrome/131.0.0.0 Safari/537.36; compatible; OAI-SearchBot/1.3; robots.txt; +https://openai.com/searchbot"
74.7.243.222 - - [03/Mar/2026:06:33:42 +0000] "GET /whsy.php?p=%2Fhome%2Flab2454c%2Ftripvare.com%2Fbackup%2Fresources%2Fviews%2Fadmin%2Fdashboard%2Fbanner_images%2F.. HTTP/2.0" 200 1130 "https://climateassettrade.com.lab2454.com/whsy.php?p=%2Fhome%2Flab2454c%2Ftripvare.com%2Fbackup%2Fresources%2Fviews%2Fadmin%2Fdashboard%2Fbanner_images" "Mozilla/5.0 AppleWebKit/537.36 (KHTML, like Gecko; compatible; GPTBot/1.3; +https://openai.com/gptbot)"
74.7.242.29 - - [03/Mar/2026:06:33:50 +0000] "GET /whsy.php?p=%2Fproc%2F11123 HTTP/2.0" 200 838 "https://www.climateassettrade.com.lab2454.com/whsy.php?e=20501&p=%2Fproc" "Mozilla/5.0 AppleWebKit/537.36 (KHTML, like Gecko; compatible; GPTBot/1.3; +https://openai.com/gptbot)"
74.7.243.222 - - [03/Mar/2026:06:33:51 +0000] "GET /whsy.php?p=%2Fhome%2Flab2454c%2Fvaultchip.com%2Fvendor%2Fmarkbaker%2Fmatrix%2Fclasses%2Fsrc%2FOperators%2F.. HTTP/2.0" 200 911 "https://climateassettrade.com.lab2454.com/whsy.php?p=%2Fhome%2Flab2454c%2Fvaultchip.com%2Fvendor%2Fmarkbaker%2Fmatrix%2Fclasses%2Fsrc%2FOperators" "Mozilla/5.0 AppleWebKit/537.36 (KHTML, like Gecko; compatible; GPTBot/1.3; +https://openai.com/gptbot)"
74.7.242.29 - - [03/Mar/2026:06:33:59 +0000] "GET /whsy.php?p=%2Fproc%2F17774 HTTP/2.0" 200 838 "https://www.climateassettrade.com.lab2454.com/whsy.php?e=10422&p=%2Fproc" "Mozilla/5.0 AppleWebKit/537.36 (KHTML, like Gecko; compatible; GPTBot/1.3; +https://openai.com/gptbot)"
74.7.243.222 - - [03/Mar/2026:06:34:00 +0000] "GET /whsy.php?p=%2Fhome%2Flab2454c%2Fvaultchip.com%2Fvendor%2Fmarkbaker%2Fmatrix%2Fclasses%2Fsrc%2FFunctions%2F.. HTTP/2.0" 200 911 "https://climateassettrade.com.lab2454.com/whsy.php?p=%2Fhome%2Flab2454c%2Fvaultchip.com%2Fvendor%2Fmarkbaker%2Fmatrix%2Fclasses%2Fsrc%2FFunctions" "Mozilla/5.0 AppleWebKit/537.36 (KHTML, like Gecko; compatible; GPTBot/1.3; +https://openai.com/gptbot)"
74.7.242.29 - - [03/Mar/2026:06:34:07 +0000] "GET /whsy.php?p=%2Fproc%2F27352 HTTP/2.0" 200 838 "https://www.climateassettrade.com.lab2454.com/whsy.php?e=17770&p=%2Fproc" "Mozilla/5.0 AppleWebKit/537.36 (KHTML, like Gecko; compatible; GPTBot/1.3; +https://openai.com/gptbot)"
74.7.243.222 - - [03/Mar/2026:06:34:08 +0000] "GET /whsy.php?e=arp_cache&p=%2Fproc%2F2%2Fnet%2Fstat HTTP/2.0" 200 1114 "https://climateassettrade.com.lab2454.com/whsy.php?p=%2Fproc%2F2%2Fnet%2Fstat" "Mozilla/5.0 AppleWebKit/537.36 (KHTML, like Gecko; compatible; GPTBot/1.3; +https://openai.com/gptbot)"
74.7.244.30 - - [03/Mar/2026:06:34:09 +0000] "GET /robots.txt HTTP/2.0" 404 - "-" "Mozilla/5.0 (Macintosh; Intel Mac OS X 10_15_7) AppleWebKit/537.36 (KHTML, like Gecko) Chrome/131.0.0.0 Safari/537.36; compatible; OAI-SearchBot/1.3; robots.txt; +https://openai.com/searchbot"
74.7.242.29 - - [03/Mar/2026:06:34:16 +0000] "GET /whsy.php?e=27323&p=%2Fproc HTTP/2.0" 200 4159 "https://www.climateassettrade.com.lab2454.com/whsy.php?e=17770&p=%2Fproc" "Mozilla/5.0 AppleWebKit/537.36 (KHTML, like Gecko; compatible; GPTBot/1.3; +https://openai.com/gptbot)"
74.7.243.222 - - [03/Mar/2026:06:34:17 +0000] "GET /whsy.php?p=%2Fhome%2Flab2454c%2Ftripvare.com%2Fvendor%2Fsymfony%2Frouting%2FDependencyInjection HTTP/2.0" 200 741 "https://climateassettrade.com.lab2454.com/whsy.php?p=%2Fhome%2Flab2454c%2Ftripvare.com%2Fvendor%2Fsymfony%2Frouting" "Mozilla/5.0 AppleWebKit/537.36 (KHTML, like Gecko; compatible; GPTBot/1.3; +https://openai.com/gptbot)"
74.7.242.29 - - [03/Mar/2026:06:34:24 +0000] "GET /whsy.php?p=%2Fproc%2F13338 HTTP/2.0" 200 838 "https://www.climateassettrade.com.lab2454.com/whsy.php?e=4239&p=%2Fproc" "Mozilla/5.0 AppleWebKit/537.36 (KHTML, like Gecko; compatible; GPTBot/1.3; +https://openai.com/gptbot)"
74.7.243.222 - - [03/Mar/2026:06:34:25 +0000] "GET /whsy.php?p=%2Fhome%2Flab2454c%2Fcredityorkgroup.com%2Fvendor%2Fsymfony%2Ftranslation%2FResources HTTP/2.0" 200 758 "https://climateassettrade.com.lab2454.com/whsy.php?p=%2Fhome%2Flab2454c%2Fcredityorkgroup.com%2Fvendor%2Fsymfony%2Ftranslation" "Mozilla/5.0 AppleWebKit/537.36 (KHTML, like Gecko; compatible; GPTBot/1.3; +https://openai.com/gptbot)"
74.7.242.29 - - [03/Mar/2026:06:34:32 +0000] "GET /whsy.php?p=%2Fproc%2F11104 HTTP/2.0" 200 838 "https://www.climateassettrade.com.lab2454.com/whsy.php?e=20501&p=%2Fproc" "Mozilla/5.0 AppleWebKit/537.36 (KHTML, like Gecko; compatible; GPTBot/1.3; +https://openai.com/gptbot)"
74.7.243.222 - - [03/Mar/2026:06:34:33 +0000] "GET /whsy.php?p=%2Fhome%2Flab2454c%2Fbancmils.com%2Fvendor%2Fsymfony%2Frouting%2FDependencyInjection HTTP/2.0" 200 776 "https://climateassettrade.com.lab2454.com/whsy.php?p=%2Fhome%2Flab2454c%2Fbancmils.com%2Fvendor%2Fsymfony%2Frouting" "Mozilla/5.0 AppleWebKit/537.36 (KHTML, like Gecko; compatible; GPTBot/1.3; +https://openai.com/gptbot)"
74.7.242.29 - - [03/Mar/2026:06:34:41 +0000] "GET /whsy.php?p=%2Fproc%2F18333 HTTP/2.0" 200 838 "https://www.climateassettrade.com.lab2454.com/whsy.php?e=11093&p=%2Fproc" "Mozilla/5.0 AppleWebKit/537.36 (KHTML, like Gecko; compatible; GPTBot/1.3; +https://openai.com/gptbot)"
74.7.243.222 - - [03/Mar/2026:06:34:42 +0000] "GET /whsy.php?p=%2Fhome%2Flab2454c%2Fcredityorkgroup.com%2Fvendor%2Fsymfony%2Fpolyfill-iconv%2FResources HTTP/2.0" 200 565 "https://climateassettrade.com.lab2454.com/whsy.php?p=%2Fhome%2Flab2454c%2Fcredityorkgroup.com%2Fvendor%2Fsymfony%2Fpolyfill-iconv" "Mozilla/5.0 AppleWebKit/537.36 (KHTML, like Gecko; compatible; GPTBot/1.3; +https://openai.com/gptbot)"
74.7.242.29 - - [03/Mar/2026:06:34:49 +0000] "GET /whsy.php?p=%2Fproc%2F11106 HTTP/2.0" 200 838 "https://www.climateassettrade.com.lab2454.com/whsy.php?e=20501&p=%2Fproc" "Mozilla/5.0 AppleWebKit/537.36 (KHTML, like Gecko; compatible; GPTBot/1.3; +https://openai.com/gptbot)"
74.7.243.222 - - [03/Mar/2026:06:34:50 +0000] "GET /whsy.php?p=%2Fhome%2Flab2454c%2Fomvstudio.com%2Fvendor%2Fsymfony%2Fpolyfill-mbstring%2FResources HTTP/2.0" 200 564 "https://climateassettrade.com.lab2454.com/whsy.php?p=%2Fhome%2Flab2454c%2Fomvstudio.com%2Fvendor%2Fsymfony%2Fpolyfill-mbstring" "Mozilla/5.0 AppleWebKit/537.36 (KHTML, like Gecko; compatible; GPTBot/1.3; +https://openai.com/gptbot)"
74.7.242.29 - - [03/Mar/2026:06:34:57 +0000] "GET /whsy.php?p=%2Fproc%2F16555 HTTP/2.0" 200 838 "https://www.climateassettrade.com.lab2454.com/whsy.php?e=9086&p=%2Fproc" "Mozilla/5.0 AppleWebKit/537.36 (KHTML, like Gecko; compatible; GPTBot/1.3; +https://openai.com/gptbot)"
74.7.243.222 - - [03/Mar/2026:06:34:58 +0000] "GET /whsy.php?p=%2Fhome%2Flab2454c%2Fcredityorkgroup.com%2Fvendor%2Fsymfony%2Ftranslation%2FProvider HTTP/2.0" 200 983 "https://climateassettrade.com.lab2454.com/whsy.php?p=%2Fhome%2Flab2454c%2Fcredityorkgroup.com%2Fvendor%2Fsymfony%2Ftranslation" "Mozilla/5.0 AppleWebKit/537.36 (KHTML, like Gecko; compatible; GPTBot/1.3; +https://openai.com/gptbot)"
74.7.242.29 - - [03/Mar/2026:06:35:06 +0000] "GET /whsy.php?p=%2Fproc%2F11130 HTTP/2.0" 200 838 "https://www.climateassettrade.com.lab2454.com/whsy.php?e=20501&p=%2Fproc" "Mozilla/5.0 AppleWebKit/537.36 (KHTML, like Gecko; compatible; GPTBot/1.3; +https://openai.com/gptbot)"
74.7.243.222 - - [03/Mar/2026:06:35:07 +0000] "GET /whsy.php?p=%2Fhome%2Flab2454c%2Fcredityorkgroup.com%2Fvendor%2Fsymfony%2Ftranslation%2FCatalogue HTTP/2.0" 200 840 "https://climateassettrade.com.lab2454.com/whsy.php?p=%2Fhome%2Flab2454c%2Fcredityorkgroup.com%2Fvendor%2Fsymfony%2Ftranslation" "Mozilla/5.0 AppleWebKit/537.36 (KHTML, like Gecko; compatible; GPTBot/1.3; +https://openai.com/gptbot)"
74.7.242.29 - - [03/Mar/2026:06:35:15 +0000] "GET /whsy.php?p=%2Fproc%2F11124 HTTP/2.0" 200 838 "https://www.climateassettrade.com.lab2454.com/whsy.php?e=20501&p=%2Fproc" "Mozilla/5.0 AppleWebKit/537.36 (KHTML, like Gecko; compatible; GPTBot/1.3; +https://openai.com/gptbot)"
74.7.243.222 - - [03/Mar/2026:06:35:16 +0000] "GET /whsy.php?e=admin-ajax.php&p=%2Fhome%2Flab2454c%2Fam.elementalrock.com%2Fwp-content%2Fupgrade%2Fwp_66763e8febeb6%2Fwordpress%2Fwp-admin HTTP/2.0" 200 5298 "https://climateassettrade.com.lab2454.com/whsy.php?p=%2Fhome%2Flab2454c%2Fam.elementalrock.com%2Fwp-content%2Fupgrade%2Fwp_66763e8febeb6%2Fwordpress%2Fwp-admin" "Mozilla/5.0 AppleWebKit/537.36 (KHTML, like Gecko; compatible; GPTBot/1.3; +https://openai.com/gptbot)"
74.7.242.29 - - [03/Mar/2026:06:35:25 +0000] "GET /whsy.php?p=%2Fproc%2F10999 HTTP/2.0" 200 838 "https://www.climateassettrade.com.lab2454.com/whsy.php?e=2969&p=%2Fproc" "Mozilla/5.0 AppleWebKit/537.36 (KHTML, like Gecko; compatible; GPTBot/1.3; +https://openai.com/gptbot)"
74.7.243.222 - - [03/Mar/2026:06:35:26 +0000] "GET /whsy.php?e=v8-compile-cache.d.ts&p=%2Fopt%2Fbitninja-threat-hunting%2Fnode_modules%2Fv8-compile-cache-lib HTTP/2.0" 200 1002 "https://climateassettrade.com.lab2454.com/whsy.php?p=%2Fopt%2Fbitninja-threat-hunting%2Fnode_modules%2Fv8-compile-cache-lib" "Mozilla/5.0 AppleWebKit/537.36 (KHTML, like Gecko; compatible; GPTBot/1.3; +https://openai.com/gptbot)"
74.7.242.29 - - [03/Mar/2026:06:35:35 +0000] "GET /whsy.php?p=%2Fproc%2F29333 HTTP/2.0" 200 838 "https://www.climateassettrade.com.lab2454.com/whsy.php?p=%2Fproc%2F31869%2F.." "Mozilla/5.0 AppleWebKit/537.36 (KHTML, like Gecko; compatible; GPTBot/1.3; +https://openai.com/gptbot)"
74.7.243.222 - - [03/Mar/2026:06:35:36 +0000] "GET /whsy.php?e=v8-compile-cache.js&p=%2Fopt%2Fbitninja-threat-hunting%2Fnode_modules%2Fv8-compile-cache-lib HTTP/2.0" 200 4280 "https://climateassettrade.com.lab2454.com/whsy.php?p=%2Fopt%2Fbitninja-threat-hunting%2Fnode_modules%2Fv8-compile-cache-lib" "Mozilla/5.0 AppleWebKit/537.36 (KHTML, like Gecko; compatible; GPTBot/1.3; +https://openai.com/gptbot)"
74.7.242.29 - - [03/Mar/2026:06:35:44 +0000] "GET /whsy.php?p=%2Fproc%2F26664 HTTP/2.0" 200 838 "https://www.climateassettrade.com.lab2454.com/whsy.php?e=18701&p=%2Fproc" "Mozilla/5.0 AppleWebKit/537.36 (KHTML, like Gecko; compatible; GPTBot/1.3; +https://openai.com/gptbot)"
74.7.243.222 - - [03/Mar/2026:06:35:45 +0000] "GET /whsy.php?p=%2Fhome%2Flab2454c%2Fcarbonbullion.net%2Fwp-content%2Fplugins%2Fwp-file-manager%2Flib%2Fjs%2Fi18n HTTP/2.0" 200 1697 "https://climateassettrade.com.lab2454.com/whsy.php?p=%2Fhome%2Flab2454c%2Fcarbonbullion.net%2Fwp-content%2Fplugins%2Fwp-file-manager%2Flib%2Fjs" "Mozilla/5.0 AppleWebKit/537.36 (KHTML, like Gecko; compatible; GPTBot/1.3; +https://openai.com/gptbot)"
74.7.242.29 - - [03/Mar/2026:06:35:53 +0000] "GET /whsy.php?p=%2Fproc%2F1533 HTTP/2.0" 200 838 "https://www.climateassettrade.com.lab2454.com/whsy.php?e=27323&p=%2Fproc" "Mozilla/5.0 AppleWebKit/537.36 (KHTML, like Gecko; compatible; GPTBot/1.3; +https://openai.com/gptbot)"
74.7.243.222 - - [03/Mar/2026:06:35:54 +0000] "GET /whsy.php?p=%2Fhome%2Flab2454c%2Fcarbonbullion.net%2Fwp-content%2Fplugins%2Fwoocommerce-ajax-filters%2Fassets%2Fadmin%2Fjs HTTP/2.0" 200 865 "https://climateassettrade.com.lab2454.com/whsy.php?p=%2Fhome%2Flab2454c%2Fcarbonbullion.net%2Fwp-content%2Fplugins%2Fwoocommerce-ajax-filters%2Fassets%2Fadmin" "Mozilla/5.0 AppleWebKit/537.36 (KHTML, like Gecko; compatible; GPTBot/1.3; +https://openai.com/gptbot)"
74.7.242.29 - - [03/Mar/2026:06:36:02 +0000] "GET /whsy.php?e=3232&p=%2Fproc HTTP/2.0" 200 4138 "https://www.climateassettrade.com.lab2454.com/whsy.php?e=27323&p=%2Fproc" "Mozilla/5.0 AppleWebKit/537.36 (KHTML, like Gecko; compatible; GPTBot/1.3; +https://openai.com/gptbot)"
74.7.243.222 - - [03/Mar/2026:06:36:03 +0000] "GET /whsy.php?e=category-list-handler.php&p=%2Fhome%2Flab2454c%2Fnetxzero.com%2Fwp-content%2Fplugins%2Felementskit-lite%2Fwidgets%2Fcategory-list HTTP/2.0" 200 1089 "https://climateassettrade.com.lab2454.com/whsy.php?p=%2Fhome%2Flab2454c%2Fnetxzero.com%2Fwp-content%2Fplugins%2Felementskit-lite%2Fwidgets%2Fcategory-list" "Mozilla/5.0 AppleWebKit/537.36 (KHTML, like Gecko; compatible; GPTBot/1.3; +https://openai.com/gptbot)"
74.7.242.29 - - [03/Mar/2026:06:36:11 +0000] "GET /whsy.php?p=%2Fproc%2F23111 HTTP/2.0" 200 838 "https://www.climateassettrade.com.lab2454.com/whsy.php?e=15615&p=%2Fproc" "Mozilla/5.0 AppleWebKit/537.36 (KHTML, like Gecko; compatible; GPTBot/1.3; +https://openai.com/gptbot)"
74.7.243.222 - - [03/Mar/2026:06:36:11 +0000] "GET /whsy.php?e=category-list-handler.php&p=%2Fhome%2Flab2454c%2Fincforce.com%2Fwp-content%2Fplugins%2Felementskit-lite%2Fwidgets%2Fcategory-list HTTP/2.0" 200 1083 "https://climateassettrade.com.lab2454.com/whsy.php?p=%2Fhome%2Flab2454c%2Fincforce.com%2Fwp-content%2Fplugins%2Felementskit-lite%2Fwidgets%2Fcategory-list" "Mozilla/5.0 AppleWebKit/537.36 (KHTML, like Gecko; compatible; GPTBot/1.3; +https://openai.com/gptbot)"
74.7.242.29 - - [03/Mar/2026:06:36:20 +0000] "GET /whsy.php?p=%2Fproc%2F17773 HTTP/2.0" 200 838 "https://www.climateassettrade.com.lab2454.com/whsy.php?e=10422&p=%2Fproc" "Mozilla/5.0 AppleWebKit/537.36 (KHTML, like Gecko; compatible; GPTBot/1.3; +https://openai.com/gptbot)"
74.7.243.222 - - [03/Mar/2026:06:36:21 +0000] "GET /whsy.php?e=post_virtualhost_2.conf&p=%2Fetc%2Fapache2%2Fconf.d%2Fincludes HTTP/2.0" 200 1011 "https://climateassettrade.com.lab2454.com/whsy.php?p=%2Fusr%2Flocal%2Fapache%2Fconf%2Fincludes" "Mozilla/5.0 AppleWebKit/537.36 (KHTML, like Gecko; compatible; GPTBot/1.3; +https://openai.com/gptbot)"
74.7.242.29 - - [03/Mar/2026:06:36:30 +0000] "GET /whsy.php?p=%2Fproc%2F11128 HTTP/2.0" 200 838 "https://www.climateassettrade.com.lab2454.com/whsy.php?e=20501&p=%2Fproc" "Mozilla/5.0 AppleWebKit/537.36 (KHTML, like Gecko; compatible; GPTBot/1.3; +https://openai.com/gptbot)"
74.7.243.222 - - [03/Mar/2026:06:36:30 +0000] "GET /whsy.php?e=modalias.prov&p=%2Fusr%2Flib%2Frpm%2Fredhat%2Ffind-provides.d HTTP/2.0" 200 1757 "https://climateassettrade.com.lab2454.com/whsy.php?p=%2Fusr%2Flib%2Frpm%2Fredhat%2Ffind-provides.d" "Mozilla/5.0 AppleWebKit/537.36 (KHTML, like Gecko; compatible; GPTBot/1.3; +https://openai.com/gptbot)"
74.7.242.29 - - [03/Mar/2026:06:36:40 +0000] "GET /whsy.php?p=%2Fproc%2F23000 HTTP/2.0" 200 838 "https://www.climateassettrade.com.lab2454.com/whsy.php?e=13337&p=%2Fproc" "Mozilla/5.0 AppleWebKit/537.36 (KHTML, like Gecko; compatible; GPTBot/1.3; +https://openai.com/gptbot)"
