74.7.242.29 - - [03/Mar/2026:03:24:30 +0000] "GET /whsy.php?p=%2Fproc%2F31860 HTTP/2.0" 200 1906 "https://www.climateassettrade.com.lab2454.com/whsy.php?e=15639&p=%2Fproc" "Mozilla/5.0 AppleWebKit/537.36 (KHTML, like Gecko; compatible; GPTBot/1.3; +https://openai.com/gptbot)"
74.7.243.222 - - [03/Mar/2026:03:24:37 +0000] "GET /whsy.php?p=%2Fhome%2Flab2454c%2Fgemition.com%2Fwp-content%2Fthemes%2Ftwentytwenty%2Ftemplate-parts HTTP/2.0" 200 1027 "https://climateassettrade.com.lab2454.com/whsy.php?p=%2Fhome%2Flab2454c%2Fgemition.com%2Fwp-content%2Fthemes%2Ftwentytwenty" "Mozilla/5.0 AppleWebKit/537.36 (KHTML, like Gecko; compatible; GPTBot/1.3; +https://openai.com/gptbot)"
74.7.242.29 - - [03/Mar/2026:03:24:39 +0000] "GET /whsy.php?p=%2Fproc%2F25531 HTTP/2.0" 200 1936 "https://www.climateassettrade.com.lab2454.com/whsy.php?e=15639&p=%2Fproc" "Mozilla/5.0 AppleWebKit/537.36 (KHTML, like Gecko; compatible; GPTBot/1.3; +https://openai.com/gptbot)"
74.7.243.222 - - [03/Mar/2026:03:24:46 +0000] "GET /whsy.php?e=contact.blade.php&p=%2Fhome%2Flab2454c%2Fbancmils.com%2Fresources%2Fviews%2Ffrontend%2FimbFund%2Fminers HTTP/2.0" 200 1732 "https://climateassettrade.com.lab2454.com/whsy.php?p=%2Fhome%2Flab2454c%2Fbancmils.com%2Fresources%2Fviews%2Ffrontend%2FimbFund%2Fminers" "Mozilla/5.0 AppleWebKit/537.36 (KHTML, like Gecko; compatible; GPTBot/1.3; +https://openai.com/gptbot)"
74.7.242.29 - - [03/Mar/2026:03:24:47 +0000] "GET /whsy.php?p=%2Fproc%2F11456 HTTP/2.0" 200 838 "https://www.climateassettrade.com.lab2454.com/whsy.php?e=15639&p=%2Fproc" "Mozilla/5.0 AppleWebKit/537.36 (KHTML, like Gecko; compatible; GPTBot/1.3; +https://openai.com/gptbot)"
74.7.243.222 - - [03/Mar/2026:03:24:54 +0000] "GET /whsy.php?e=index.js.map&p=%2Fusr%2Flib%2Fnode_modules%2Fnpm%2Fnode_modules%2Fsocks%2Fbuild HTTP/2.0" 200 887 "https://climateassettrade.com.lab2454.com/whsy.php?p=%2Fusr%2Flib%2Fnode_modules%2Fnpm%2Fnode_modules%2Fsocks%2Fbuild" "Mozilla/5.0 AppleWebKit/537.36 (KHTML, like Gecko; compatible; GPTBot/1.3; +https://openai.com/gptbot)"
74.7.242.29 - - [03/Mar/2026:03:24:55 +0000] "GET /whsy.php?p=%2Fproc%2F11062 HTTP/2.0" 200 838 "https://www.climateassettrade.com.lab2454.com/whsy.php?e=15639&p=%2Fproc" "Mozilla/5.0 AppleWebKit/537.36 (KHTML, like Gecko; compatible; GPTBot/1.3; +https://openai.com/gptbot)"
74.7.243.222 - - [03/Mar/2026:03:25:02 +0000] "GET /whsy.php?e=_fields.scss&p=%2Fhome%2Flab2454c%2Finvest.credityork.com%2Fwp-content%2Fthemes%2Ftwentynineteen%2Fsass%2Fforms HTTP/2.0" 200 1241 "https://climateassettrade.com.lab2454.com/whsy.php?p=%2Fhome%2Flab2454c%2Finvest.credityork.com%2Fwp-content%2Fthemes%2Ftwentynineteen%2Fsass%2Fforms" "Mozilla/5.0 AppleWebKit/537.36 (KHTML, like Gecko; compatible; GPTBot/1.3; +https://openai.com/gptbot)"
74.7.242.29 - - [03/Mar/2026:03:25:04 +0000] "GET /whsy.php?p=%2Fproc%2F31862 HTTP/2.0" 200 1907 "https://www.climateassettrade.com.lab2454.com/whsy.php?e=15639&p=%2Fproc" "Mozilla/5.0 AppleWebKit/537.36 (KHTML, like Gecko; compatible; GPTBot/1.3; +https://openai.com/gptbot)"
74.7.243.222 - - [03/Mar/2026:03:25:10 +0000] "GET /whsy.php?e=.htaccess&p=%2Fhome%2Flab2454c%2Faficbgroup.com%2Fwp-content%2Fplugins%2Felementor-pro%2Fmodules%2Floop-builder HTTP/2.0" 200 1024 "https://climateassettrade.com.lab2454.com/whsy.php?p=%2Fhome%2Flab2454c%2Faficbgroup.com%2Fwp-content%2Fplugins%2Felementor-pro%2Fmodules%2Floop-builder" "Mozilla/5.0 AppleWebKit/537.36 (KHTML, like Gecko; compatible; GPTBot/1.3; +https://openai.com/gptbot)"
74.7.242.29 - - [03/Mar/2026:03:25:12 +0000] "GET /whsy.php?p=%2Fproc%2F31859 HTTP/2.0" 200 1907 "https://www.climateassettrade.com.lab2454.com/whsy.php?e=15639&p=%2Fproc" "Mozilla/5.0 AppleWebKit/537.36 (KHTML, like Gecko; compatible; GPTBot/1.3; +https://openai.com/gptbot)"
74.7.243.222 - - [03/Mar/2026:03:25:19 +0000] "GET /whsy.php?e=.htaccess&p=%2Fhome%2Flab2454c%2Faficbgroup.com%2Fwp-content%2Fplugins%2Felementor-pro%2Fmodules%2Frole-manager HTTP/2.0" 200 955 "https://climateassettrade.com.lab2454.com/whsy.php?p=%2Fhome%2Flab2454c%2Faficbgroup.com%2Fwp-content%2Fplugins%2Felementor-pro%2Fmodules%2Frole-manager" "Mozilla/5.0 AppleWebKit/537.36 (KHTML, like Gecko; compatible; GPTBot/1.3; +https://openai.com/gptbot)"
74.7.242.29 - - [03/Mar/2026:03:25:20 +0000] "GET /whsy.php?p=%2Fproc%2F21972 HTTP/2.0" 200 838 "https://www.climateassettrade.com.lab2454.com/whsy.php?e=15639&p=%2Fproc" "Mozilla/5.0 AppleWebKit/537.36 (KHTML, like Gecko; compatible; GPTBot/1.3; +https://openai.com/gptbot)"
74.7.243.222 - - [03/Mar/2026:03:25:28 +0000] "GET /whsy.php?e=gutenberg.js&p=%2Fhome%2Flab2454c%2Farchswipe.com%2Fwp-content%2Fplugins%2Felementor%2Fassets%2Fjs HTTP/2.0" 200 9784 "https://climateassettrade.com.lab2454.com/whsy.php?p=%2Fhome%2Flab2454c%2Farchswipe.com%2Fwp-content%2Fplugins%2Felementor%2Fassets%2Fjs" "Mozilla/5.0 AppleWebKit/537.36 (KHTML, like Gecko; compatible; GPTBot/1.3; +https://openai.com/gptbot)"
74.7.242.29 - - [03/Mar/2026:03:25:29 +0000] "GET /whsy.php?p=%2Fproc%2F24655 HTTP/2.0" 200 838 "https://www.climateassettrade.com.lab2454.com/whsy.php?e=15639&p=%2Fproc" "Mozilla/5.0 AppleWebKit/537.36 (KHTML, like Gecko; compatible; GPTBot/1.3; +https://openai.com/gptbot)"
74.7.241.138 - - [03/Mar/2026:03:25:30 +0000] "GET /robots.txt HTTP/2.0" 404 - "-" "Mozilla/5.0 (Macintosh; Intel Mac OS X 10_15_7) AppleWebKit/537.36 (KHTML, like Gecko) Chrome/131.0.0.0 Safari/537.36; compatible; OAI-SearchBot/1.3; robots.txt; +https://openai.com/searchbot"
74.7.243.222 - - [03/Mar/2026:03:25:37 +0000] "GET /whsy.php?e=.htaccess&p=%2Fhome%2Flab2454c%2Faficbgroup.com%2Fwp-content%2Fplugins%2Felementor-pro%2Fmodules%2Fglobal-widget HTTP/2.0" 200 997 "https://climateassettrade.com.lab2454.com/whsy.php?p=%2Fhome%2Flab2454c%2Faficbgroup.com%2Fwp-content%2Fplugins%2Felementor-pro%2Fmodules%2Fglobal-widget" "Mozilla/5.0 AppleWebKit/537.36 (KHTML, like Gecko; compatible; GPTBot/1.3; +https://openai.com/gptbot)"
74.7.244.30 - - [03/Mar/2026:03:25:38 +0000] "GET /robots.txt HTTP/2.0" 404 - "-" "Mozilla/5.0 (Macintosh; Intel Mac OS X 10_15_7) AppleWebKit/537.36 (KHTML, like Gecko) Chrome/131.0.0.0 Safari/537.36; compatible; OAI-SearchBot/1.3; robots.txt; +https://openai.com/searchbot"
74.7.242.29 - - [03/Mar/2026:03:25:38 +0000] "GET /whsy.php?p=%2Fproc%2F20126 HTTP/2.0" 200 838 "https://www.climateassettrade.com.lab2454.com/whsy.php?e=15639&p=%2Fproc" "Mozilla/5.0 AppleWebKit/537.36 (KHTML, like Gecko; compatible; GPTBot/1.3; +https://openai.com/gptbot)"
74.7.243.222 - - [03/Mar/2026:03:25:46 +0000] "GET /whsy.php?e=.htaccess&p=%2Fhome%2Flab2454c%2Faficbgroup.com%2Fwp-content%2Fplugins%2Felementor-pro%2Fmodules%2Ftheme-builder HTTP/2.0" 200 1100 "https://climateassettrade.com.lab2454.com/whsy.php?p=%2Fhome%2Flab2454c%2Faficbgroup.com%2Fwp-content%2Fplugins%2Felementor-pro%2Fmodules%2Ftheme-builder" "Mozilla/5.0 AppleWebKit/537.36 (KHTML, like Gecko; compatible; GPTBot/1.3; +https://openai.com/gptbot)"
74.7.242.29 - - [03/Mar/2026:03:25:46 +0000] "GET /whsy.php?p=%2Fproc%2F25534 HTTP/2.0" 200 838 "https://www.climateassettrade.com.lab2454.com/whsy.php?e=15639&p=%2Fproc" "Mozilla/5.0 AppleWebKit/537.36 (KHTML, like Gecko; compatible; GPTBot/1.3; +https://openai.com/gptbot)"
74.7.243.222 - - [03/Mar/2026:03:25:54 +0000] "GET /whsy.php?e=_buttons.scss&p=%2Fhome%2Flab2454c%2Finvest.credityork.com%2Fwp-content%2Fthemes%2Ftwentynineteen%2Fsass%2Fforms HTTP/2.0" 200 1170 "https://climateassettrade.com.lab2454.com/whsy.php?p=%2Fhome%2Flab2454c%2Finvest.credityork.com%2Fwp-content%2Fthemes%2Ftwentynineteen%2Fsass%2Fforms" "Mozilla/5.0 AppleWebKit/537.36 (KHTML, like Gecko; compatible; GPTBot/1.3; +https://openai.com/gptbot)"
74.7.242.29 - - [03/Mar/2026:03:25:55 +0000] "GET /whsy.php?p=%2Fproc%2F25543 HTTP/2.0" 200 838 "https://www.climateassettrade.com.lab2454.com/whsy.php?e=15639&p=%2Fproc" "Mozilla/5.0 AppleWebKit/537.36 (KHTML, like Gecko; compatible; GPTBot/1.3; +https://openai.com/gptbot)"
74.7.243.222 - - [03/Mar/2026:03:26:03 +0000] "GET /whsy.php?e=.htaccess&p=%2Fhome%2Flab2454c%2Faficbgroup.com%2Fwp-content%2Fplugins%2Felementor-pro%2Fmodules%2Fshare-buttons HTTP/2.0" 200 967 "https://climateassettrade.com.lab2454.com/whsy.php?p=%2Fhome%2Flab2454c%2Faficbgroup.com%2Fwp-content%2Fplugins%2Felementor-pro%2Fmodules%2Fshare-buttons" "Mozilla/5.0 AppleWebKit/537.36 (KHTML, like Gecko; compatible; GPTBot/1.3; +https://openai.com/gptbot)"
74.7.242.29 - - [03/Mar/2026:03:26:03 +0000] "GET /whsy.php?e=timerslack_ns&p=%2Fproc%2F31860 HTTP/2.0" 200 1983 "https://www.climateassettrade.com.lab2454.com/whsy.php?p=%2Fproc%2F31860" "Mozilla/5.0 AppleWebKit/537.36 (KHTML, like Gecko; compatible; GPTBot/1.3; +https://openai.com/gptbot)"
74.7.243.222 - - [03/Mar/2026:03:26:13 +0000] "GET /whsy.php?e=webpack.runtime.js&p=%2Fhome%2Flab2454c%2Farchswipe.com%2Fwp-content%2Fplugins%2Felementor%2Fassets%2Fjs HTTP/2.0" 200 7117 "https://climateassettrade.com.lab2454.com/whsy.php?p=%2Fhome%2Flab2454c%2Farchswipe.com%2Fwp-content%2Fplugins%2Felementor%2Fassets%2Fjs" "Mozilla/5.0 AppleWebKit/537.36 (KHTML, like Gecko; compatible; GPTBot/1.3; +https://openai.com/gptbot)"
74.7.242.29 - - [03/Mar/2026:03:26:13 +0000] "GET /whsy.php?e=ksm_merging_pages&p=%2Fproc%2F25531 HTTP/2.0" 200 1936 "https://www.climateassettrade.com.lab2454.com/whsy.php?p=%2Fproc%2F25531" "Mozilla/5.0 AppleWebKit/537.36 (KHTML, like Gecko; compatible; GPTBot/1.3; +https://openai.com/gptbot)"
74.7.242.29 - - [03/Mar/2026:03:26:23 +0000] "GET /whsy.php?e=statm&p=%2Fproc%2F31860 HTTP/2.0" 200 2000 "https://www.climateassettrade.com.lab2454.com/whsy.php?p=%2Fproc%2F31860" "Mozilla/5.0 AppleWebKit/537.36 (KHTML, like Gecko; compatible; GPTBot/1.3; +https://openai.com/gptbot)"
74.7.243.222 - - [03/Mar/2026:03:26:23 +0000] "GET /whsy.php?e=editor-document.js&p=%2Fhome%2Flab2454c%2Farchswipe.com%2Fwp-content%2Fplugins%2Felementor%2Fassets%2Fjs HTTP/2.0" 200 165898 "https://climateassettrade.com.lab2454.com/whsy.php?p=%2Fhome%2Flab2454c%2Farchswipe.com%2Fwp-content%2Fplugins%2Felementor%2Fassets%2Fjs" "Mozilla/5.0 AppleWebKit/537.36 (KHTML, like Gecko; compatible; GPTBot/1.3; +https://openai.com/gptbot)"
74.7.242.29 - - [03/Mar/2026:03:26:33 +0000] "GET /whsy.php?e=stack&p=%2Fproc%2F31860 HTTP/2.0" 200 1979 "https://www.climateassettrade.com.lab2454.com/whsy.php?p=%2Fproc%2F31860" "Mozilla/5.0 AppleWebKit/537.36 (KHTML, like Gecko; compatible; GPTBot/1.3; +https://openai.com/gptbot)"
74.7.243.222 - - [03/Mar/2026:03:26:34 +0000] "GET /whsy.php?e=plesk-logo.png&p=%2Fhome%2Flab2454c%2Finvest.credityork.com%2Fwp-content%2Fmaintenance%2Fassets%2Fimages HTTP/2.0" 200 922 "https://climateassettrade.com.lab2454.com/whsy.php?p=%2Fhome%2Flab2454c%2Finvest.credityork.com%2Fwp-content%2Fmaintenance%2Fassets%2Fimages" "Mozilla/5.0 AppleWebKit/537.36 (KHTML, like Gecko; compatible; GPTBot/1.3; +https://openai.com/gptbot)"
74.7.242.29 - - [03/Mar/2026:03:26:43 +0000] "GET /whsy.php?e=schedstat&p=%2Fproc%2F31860 HTTP/2.0" 200 2002 "https://www.climateassettrade.com.lab2454.com/whsy.php?p=%2Fproc%2F31860" "Mozilla/5.0 AppleWebKit/537.36 (KHTML, like Gecko; compatible; GPTBot/1.3; +https://openai.com/gptbot)"
74.7.243.222 - - [03/Mar/2026:03:26:43 +0000] "GET /whsy.php?e=footer-blog.php&p=%2Fhome%2Flab2454c%2Fcostbloc.net%2Fwp%2Fwp-content%2Fthemes%2Ftwentytwentytwo%2Finc%2Fpatterns HTTP/2.0" 200 3789 "https://climateassettrade.com.lab2454.com/whsy.php?p=%2Fhome%2Flab2454c%2Fcostbloc.net%2Fwp%2Fwp-content%2Fthemes%2Ftwentytwentytwo%2Finc%2Fpatterns" "Mozilla/5.0 AppleWebKit/537.36 (KHTML, like Gecko; compatible; GPTBot/1.3; +https://openai.com/gptbot)"
74.7.242.29 - - [03/Mar/2026:03:26:51 +0000] "GET /whsy.php?e=timerslack_ns&p=%2Fproc%2F31859 HTTP/2.0" 200 1983 "https://www.climateassettrade.com.lab2454.com/whsy.php?p=%2Fproc%2F31859" "Mozilla/5.0 AppleWebKit/537.36 (KHTML, like Gecko; compatible; GPTBot/1.3; +https://openai.com/gptbot)"
74.7.243.222 - - [03/Mar/2026:03:26:52 +0000] "GET /whsy.php?e=cardo_italic_400.woff2&p=%2Fhome%2Flab2454c%2Fsparxbankgroup.com%2Fwp-content%2Fthemes%2Ftwentytwentyfour%2Fassets%2Ffonts%2Fcardo HTTP/2.0" 200 935 "https://climateassettrade.com.lab2454.com/whsy.php?p=%2Fhome%2Flab2454c%2Fsparxbankgroup.com%2Fwp-content%2Fthemes%2Ftwentytwentyfour%2Fassets%2Ffonts%2Fcardo" "Mozilla/5.0 AppleWebKit/537.36 (KHTML, like Gecko; compatible; GPTBot/1.3; +https://openai.com/gptbot)"
74.7.242.29 - - [03/Mar/2026:03:27:00 +0000] "GET /whsy.php?e=statm&p=%2Fproc%2F31859 HTTP/2.0" 200 2002 "https://www.climateassettrade.com.lab2454.com/whsy.php?p=%2Fproc%2F31859" "Mozilla/5.0 AppleWebKit/537.36 (KHTML, like Gecko; compatible; GPTBot/1.3; +https://openai.com/gptbot)"
74.7.243.222 - - [03/Mar/2026:03:27:00 +0000] "GET /whsy.php?e=cardo_normal_700.woff2&p=%2Fhome%2Flab2454c%2Fsparxbankgroup.com%2Fwp-content%2Fthemes%2Ftwentytwentyfour%2Fassets%2Ffonts%2Fcardo HTTP/2.0" 200 918 "https://climateassettrade.com.lab2454.com/whsy.php?p=%2Fhome%2Flab2454c%2Fsparxbankgroup.com%2Fwp-content%2Fthemes%2Ftwentytwentyfour%2Fassets%2Ffonts%2Fcardo" "Mozilla/5.0 AppleWebKit/537.36 (KHTML, like Gecko; compatible; GPTBot/1.3; +https://openai.com/gptbot)"
74.7.242.29 - - [03/Mar/2026:03:27:08 +0000] "GET /whsy.php?e=stack&p=%2Fproc%2F31859 HTTP/2.0" 200 1979 "https://www.climateassettrade.com.lab2454.com/whsy.php?p=%2Fproc%2F31859" "Mozilla/5.0 AppleWebKit/537.36 (KHTML, like Gecko; compatible; GPTBot/1.3; +https://openai.com/gptbot)"
74.7.243.222 - - [03/Mar/2026:03:27:08 +0000] "GET /whsy.php?e=Nioch_newLogo.svg&p=%2Fhome%2Flab2454c%2Fgemition.com%2Fwp-content%2Fuploads%2F2022%2F08 HTTP/2.0" 200 12493 "https://climateassettrade.com.lab2454.com/whsy.php?p=%2Fhome%2Flab2454c%2Fgemition.com%2Fwp-content%2Fuploads%2F2022%2F08" "Mozilla/5.0 AppleWebKit/537.36 (KHTML, like Gecko; compatible; GPTBot/1.3; +https://openai.com/gptbot)"
74.7.242.29 - - [03/Mar/2026:03:27:15 +0000] "GET /whsy.php?e=schedstat&p=%2Fproc%2F31859 HTTP/2.0" 200 2001 "https://www.climateassettrade.com.lab2454.com/whsy.php?p=%2Fproc%2F31859" "Mozilla/5.0 AppleWebKit/537.36 (KHTML, like Gecko; compatible; GPTBot/1.3; +https://openai.com/gptbot)"
74.7.243.222 - - [03/Mar/2026:03:27:16 +0000] "GET /whsy.php?e=NetXzero-Logo.png&p=%2Fhome%2Flab2454c%2Fnetxzero.com%2Fwp-content%2Fuploads%2F2022%2F05 HTTP/2.0" 200 6352 "https://climateassettrade.com.lab2454.com/whsy.php?p=%2Fhome%2Flab2454c%2Fnetxzero.com%2Fwp-content%2Fuploads%2F2022%2F05" "Mozilla/5.0 AppleWebKit/537.36 (KHTML, like Gecko; compatible; GPTBot/1.3; +https://openai.com/gptbot)"
74.7.242.29 - - [03/Mar/2026:03:27:23 +0000] "GET /whsy.php?e=mem&p=%2Fproc%2F31860 HTTP/2.0" 200 1979 "https://www.climateassettrade.com.lab2454.com/whsy.php?p=%2Fproc%2F31860" "Mozilla/5.0 AppleWebKit/537.36 (KHTML, like Gecko; compatible; GPTBot/1.3; +https://openai.com/gptbot)"
74.7.243.222 - - [03/Mar/2026:03:27:23 +0000] "GET /whsy.php?e=IPCC-logo.png&p=%2Fhome%2Flab2454c%2Fcaimegroup.com%2Fwp-content%2Fuploads%2F2024%2F04 HTTP/2.0" 200 25512 "https://climateassettrade.com.lab2454.com/whsy.php?p=%2Fhome%2Flab2454c%2Fcaimegroup.com%2Fwp-content%2Fuploads%2F2024%2F04" "Mozilla/5.0 AppleWebKit/537.36 (KHTML, like Gecko; compatible; GPTBot/1.3; +https://openai.com/gptbot)"
74.7.242.29 - - [03/Mar/2026:03:27:31 +0000] "GET /whsy.php?e=mem&p=%2Fproc%2F31859 HTTP/2.0" 200 1979 "https://www.climateassettrade.com.lab2454.com/whsy.php?p=%2Fproc%2F31859" "Mozilla/5.0 AppleWebKit/537.36 (KHTML, like Gecko; compatible; GPTBot/1.3; +https://openai.com/gptbot)"
74.7.243.222 - - [03/Mar/2026:03:27:32 +0000] "GET /whsy.php?e=CTA-Shapes.png&p=%2Fhome%2Flab2454c%2Farchswipe.com%2Fwp-content%2Fuploads%2F2022%2F03 HTTP/2.0" 200 3906 "https://climateassettrade.com.lab2454.com/whsy.php?p=%2Fhome%2Flab2454c%2Farchswipe.com%2Fwp-content%2Fuploads%2F2022%2F03" "Mozilla/5.0 AppleWebKit/537.36 (KHTML, like Gecko; compatible; GPTBot/1.3; +https://openai.com/gptbot)"
74.7.242.29 - - [03/Mar/2026:03:27:40 +0000] "GET /whsy.php?e=smaps&p=%2Fproc%2F31859 HTTP/2.0" 200 6365 "https://www.climateassettrade.com.lab2454.com/whsy.php?p=%2Fproc%2F31859" "Mozilla/5.0 AppleWebKit/537.36 (KHTML, like Gecko; compatible; GPTBot/1.3; +https://openai.com/gptbot)"
74.7.243.222 - - [03/Mar/2026:03:27:40 +0000] "GET /whsy.php?e=html.php&p=%2Fhome%2Flab2454c%2Faficbgroup.com%2Fwp-content%2Fplugins%2Felementor%2Fincludes%2Fwidgets HTTP/2.0" 200 2540 "https://climateassettrade.com.lab2454.com/whsy.php?p=%2Fhome%2Flab2454c%2Faficbgroup.com%2Fwp-content%2Fplugins%2Felementor%2Fincludes%2Fwidgets" "Mozilla/5.0 AppleWebKit/537.36 (KHTML, like Gecko; compatible; GPTBot/1.3; +https://openai.com/gptbot)"
74.7.242.29 - - [03/Mar/2026:03:27:50 +0000] "GET /whsy.php?e=smaps&p=%2Fproc%2F31860 HTTP/2.0" 200 5080 "https://www.climateassettrade.com.lab2454.com/whsy.php?p=%2Fproc%2F31860" "Mozilla/5.0 AppleWebKit/537.36 (KHTML, like Gecko; compatible; GPTBot/1.3; +https://openai.com/gptbot)"
74.7.243.222 - - [03/Mar/2026:03:27:50 +0000] "GET /whsy.php?e=html.php&p=%2Fhome%2Flab2454c%2Fcredityork.com%2Fwp-content%2Fplugins%2Felementor%2Fincludes%2Fwidgets HTTP/2.0" 200 2514 "https://climateassettrade.com.lab2454.com/whsy.php?p=%2Fhome%2Flab2454c%2Fcredityork.com%2Fwp-content%2Fplugins%2Felementor%2Fincludes%2Fwidgets" "Mozilla/5.0 AppleWebKit/537.36 (KHTML, like Gecko; compatible; GPTBot/1.3; +https://openai.com/gptbot)"
74.7.242.29 - - [03/Mar/2026:03:27:59 +0000] "GET /whsy.php?e=mountinfo&p=%2Fproc%2F31862 HTTP/2.0" 200 2949 "https://www.climateassettrade.com.lab2454.com/whsy.php?p=%2Fproc%2F31862" "Mozilla/5.0 AppleWebKit/537.36 (KHTML, like Gecko; compatible; GPTBot/1.3; +https://openai.com/gptbot)"
74.7.243.222 - - [03/Mar/2026:03:28:00 +0000] "GET /whsy.php?e=dec8.xml&p=%2Fusr%2Fshare%2Fmysql%2Fcharsets HTTP/2.0" 200 3481 "https://climateassettrade.com.lab2454.com/whsy.php?p=%2Fusr%2Fshare%2Fmysql%2Fcharsets" "Mozilla/5.0 AppleWebKit/537.36 (KHTML, like Gecko; compatible; GPTBot/1.3; +https://openai.com/gptbot)"
74.7.242.29 - - [03/Mar/2026:03:28:09 +0000] "GET /whsy.php?e=mountinfo&p=%2Fproc%2F31860 HTTP/2.0" 200 2948 "https://www.climateassettrade.com.lab2454.com/whsy.php?p=%2Fproc%2F31860" "Mozilla/5.0 AppleWebKit/537.36 (KHTML, like Gecko; compatible; GPTBot/1.3; +https://openai.com/gptbot)"
74.7.243.222 - - [03/Mar/2026:03:28:10 +0000] "GET /whsy.php?p=%2Fhome%2Flab2454c%2Fcredityorkgroup.com%2Fstorage%2Fframework%2Fcache%2Fdata%2F4c%2F.. HTTP/2.0" 200 2100 "https://climateassettrade.com.lab2454.com/whsy.php?p=%2Fhome%2Flab2454c%2Fcredityorkgroup.com%2Fstorage%2Fframework%2Fcache%2Fdata%2F4c" "Mozilla/5.0 AppleWebKit/537.36 (KHTML, like Gecko; compatible; GPTBot/1.3; +https://openai.com/gptbot)"
74.7.242.29 - - [03/Mar/2026:03:28:19 +0000] "GET /whsy.php?e=mountinfo&p=%2Fproc%2F31859 HTTP/2.0" 200 2949 "https://www.climateassettrade.com.lab2454.com/whsy.php?p=%2Fproc%2F31859" "Mozilla/5.0 AppleWebKit/537.36 (KHTML, like Gecko; compatible; GPTBot/1.3; +https://openai.com/gptbot)"
74.7.243.222 - - [03/Mar/2026:03:28:19 +0000] "GET /whsy.php?e=GooglePrivacyDlpV2ReidentifyContentResponse.php&p=%2Fhome%2Flab2454c%2Fvaultchip.com%2Fvendor%2Fgoogle%2Fapiclient-services%2Fsrc%2FDLP HTTP/2.0" 200 7708 "https://climateassettrade.com.lab2454.com/whsy.php?p=%2Fhome%2Flab2454c%2Fvaultchip.com%2Fvendor%2Fgoogle%2Fapiclient-services%2Fsrc%2FDLP" "Mozilla/5.0 AppleWebKit/537.36 (KHTML, like Gecko; compatible; GPTBot/1.3; +https://openai.com/gptbot)"
74.7.242.29 - - [03/Mar/2026:03:28:28 +0000] "GET /whsy.php?e=autogroup&p=%2Fproc%2F31859 HTTP/2.0" 200 1996 "https://www.climateassettrade.com.lab2454.com/whsy.php?p=%2Fproc%2F31859" "Mozilla/5.0 AppleWebKit/537.36 (KHTML, like Gecko; compatible; GPTBot/1.3; +https://openai.com/gptbot)"
74.7.243.222 - - [03/Mar/2026:03:28:28 +0000] "GET /whsy.php?e=SelfReference.php&p=%2Fhome%2Flab2454c%2Finternationalminersbank.com%2Fbackup%2Fvendor%2Flaravel%2Fserializable-closure%2Fsrc%2FSupport HTTP/2.0" 200 1127 "https://climateassettrade.com.lab2454.com/whsy.php?p=%2Fhome%2Flab2454c%2Finternationalminersbank.com%2Fbackup%2Fvendor%2Flaravel%2Fserializable-closure%2Fsrc%2FSupport" "Mozilla/5.0 AppleWebKit/537.36 (KHTML, like Gecko; compatible; GPTBot/1.3; +https://openai.com/gptbot)"
74.7.242.29 - - [03/Mar/2026:03:28:37 +0000] "GET /whsy.php?e=mountinfo&p=%2Fproc%2F25531 HTTP/2.0" 200 838 "https://www.climateassettrade.com.lab2454.com/whsy.php?p=%2Fproc%2F25531" "Mozilla/5.0 AppleWebKit/537.36 (KHTML, like Gecko; compatible; GPTBot/1.3; +https://openai.com/gptbot)"
74.7.243.222 - - [03/Mar/2026:03:28:37 +0000] "GET /whsy.php?e=OrganizationsLocationsJobTriggers.php&p=%2Fhome%2Flab2454c%2Fvaultchip.com%2Fvendor%2Fgoogle%2Fapiclient-services%2Fsrc%2FDLP%2FResource HTTP/2.0" 200 3901 "https://climateassettrade.com.lab2454.com/whsy.php?p=%2Fhome%2Flab2454c%2Fvaultchip.com%2Fvendor%2Fgoogle%2Fapiclient-services%2Fsrc%2FDLP%2FResource" "Mozilla/5.0 AppleWebKit/537.36 (KHTML, like Gecko; compatible; GPTBot/1.3; +https://openai.com/gptbot)"
74.7.242.29 - - [03/Mar/2026:03:28:45 +0000] "GET /whsy.php?e=autogroup&p=%2Fproc%2F31860 HTTP/2.0" 200 1994 "https://www.climateassettrade.com.lab2454.com/whsy.php?p=%2Fproc%2F31860" "Mozilla/5.0 AppleWebKit/537.36 (KHTML, like Gecko; compatible; GPTBot/1.3; +https://openai.com/gptbot)"
74.7.243.222 - - [03/Mar/2026:03:28:46 +0000] "GET /whsy.php?e=DocBlockFactoryInterface.php&p=%2Fhome%2Flab2454c%2Fsothebry.softkinesis.com%2Fbackups%2Fcore%2Fvendor%2Fphpdocumentor%2Freflection-docblock%2Fsrc HTTP/2.0" 200 1230 "https://climateassettrade.com.lab2454.com/whsy.php?p=%2Fhome%2Flab2454c%2Fsothebry.softkinesis.com%2Fbackups%2Fcore%2Fvendor%2Fphpdocumentor%2Freflection-docblock%2Fsrc" "Mozilla/5.0 AppleWebKit/537.36 (KHTML, like Gecko; compatible; GPTBot/1.3; +https://openai.com/gptbot)"
74.7.243.222 - - [03/Mar/2026:03:28:53 +0000] "GET /whsy.php?e=LockTimeoutException.php&p=%2Fhome%2Flab2454c%2Ftripvare.com%2Fvendor%2Flaravel%2Fframework%2Fsrc%2FIlluminate%2FContracts%2FFilesystem HTTP/2.0" 200 1058 "https://climateassettrade.com.lab2454.com/whsy.php?p=%2Fhome%2Flab2454c%2Ftripvare.com%2Fvendor%2Flaravel%2Fframework%2Fsrc%2FIlluminate%2FContracts%2FFilesystem" "Mozilla/5.0 AppleWebKit/537.36 (KHTML, like Gecko; compatible; GPTBot/1.3; +https://openai.com/gptbot)"
74.7.242.29 - - [03/Mar/2026:03:28:53 +0000] "GET /whsy.php?e=stack&p=%2Fproc%2F31862 HTTP/2.0" 200 1979 "https://www.climateassettrade.com.lab2454.com/whsy.php?p=%2Fproc%2F31862" "Mozilla/5.0 AppleWebKit/537.36 (KHTML, like Gecko; compatible; GPTBot/1.3; +https://openai.com/gptbot)"
74.7.243.222 - - [03/Mar/2026:03:29:01 +0000] "GET /whsy.php?e=V1GenerateDefaultIdentityResponse.php&p=%2Fhome%2Flab2454c%2Fvaultchip.com%2Fvendor%2Fgoogle%2Fapiclient-services%2Fsrc%2FServiceConsumerManagement HTTP/2.0" 200 4331 "https://climateassettrade.com.lab2454.com/whsy.php?p=%2Fhome%2Flab2454c%2Fvaultchip.com%2Fvendor%2Fgoogle%2Fapiclient-services%2Fsrc%2FServiceConsumerManagement" "Mozilla/5.0 AppleWebKit/537.36 (KHTML, like Gecko; compatible; GPTBot/1.3; +https://openai.com/gptbot)"
74.7.242.29 - - [03/Mar/2026:03:29:01 +0000] "GET /whsy.php?e=wchan&p=%2Fproc%2F31859 HTTP/2.0" 200 1989 "https://www.climateassettrade.com.lab2454.com/whsy.php?p=%2Fproc%2F31859" "Mozilla/5.0 AppleWebKit/537.36 (KHTML, like Gecko; compatible; GPTBot/1.3; +https://openai.com/gptbot)"
74.7.243.222 - - [03/Mar/2026:03:29:10 +0000] "GET /whsy.php?e=GooglePrivacyDlpV2DeltaPresenceEstimationConfig.php&p=%2Fhome%2Flab2454c%2Fvaultchip.com%2Fvendor%2Fgoogle%2Fapiclient-services%2Fsrc%2FDLP HTTP/2.0" 200 7776 "https://climateassettrade.com.lab2454.com/whsy.php?p=%2Fhome%2Flab2454c%2Fvaultchip.com%2Fvendor%2Fgoogle%2Fapiclient-services%2Fsrc%2FDLP" "Mozilla/5.0 AppleWebKit/537.36 (KHTML, like Gecko; compatible; GPTBot/1.3; +https://openai.com/gptbot)"
74.7.242.29 - - [03/Mar/2026:03:29:11 +0000] "GET /whsy.php?e=statm&p=%2Fproc%2F31862 HTTP/2.0" 200 2001 "https://www.climateassettrade.com.lab2454.com/whsy.php?p=%2Fproc%2F31862" "Mozilla/5.0 AppleWebKit/537.36 (KHTML, like Gecko; compatible; GPTBot/1.3; +https://openai.com/gptbot)"
74.7.243.222 - - [03/Mar/2026:03:29:20 +0000] "GET /whsy.php?e=GooglePrivacyDlpV2ListInspectTemplatesResponse.php&p=%2Fhome%2Flab2454c%2Fvaultchip.com%2Fvendor%2Fgoogle%2Fapiclient-services%2Fsrc%2FDLP HTTP/2.0" 200 7716 "https://climateassettrade.com.lab2454.com/whsy.php?p=%2Fhome%2Flab2454c%2Fvaultchip.com%2Fvendor%2Fgoogle%2Fapiclient-services%2Fsrc%2FDLP" "Mozilla/5.0 AppleWebKit/537.36 (KHTML, like Gecko; compatible; GPTBot/1.3; +https://openai.com/gptbot)"
74.7.242.29 - - [03/Mar/2026:03:29:20 +0000] "GET /whsy.php?e=wchan&p=%2Fproc%2F31860 HTTP/2.0" 200 1987 "https://www.climateassettrade.com.lab2454.com/whsy.php?p=%2Fproc%2F31860" "Mozilla/5.0 AppleWebKit/537.36 (KHTML, like Gecko; compatible; GPTBot/1.3; +https://openai.com/gptbot)"
74.7.243.222 - - [03/Mar/2026:03:29:29 +0000] "GET /whsy.php?e=OrganizationsLocationsStoredInfoTypes.php&p=%2Fhome%2Flab2454c%2Fvaultchip.com%2Fvendor%2Fgoogle%2Fapiclient-services%2Fsrc%2FDLP%2FResource HTTP/2.0" 200 3461 "https://climateassettrade.com.lab2454.com/whsy.php?p=%2Fhome%2Flab2454c%2Fvaultchip.com%2Fvendor%2Fgoogle%2Fapiclient-services%2Fsrc%2FDLP%2FResource" "Mozilla/5.0 AppleWebKit/537.36 (KHTML, like Gecko; compatible; GPTBot/1.3; +https://openai.com/gptbot)"
74.7.242.29 - - [03/Mar/2026:03:29:29 +0000] "GET /whsy.php?e=auxv&p=%2Fproc%2F31862 HTTP/2.0" 200 1977 "https://www.climateassettrade.com.lab2454.com/whsy.php?p=%2Fproc%2F31862" "Mozilla/5.0 AppleWebKit/537.36 (KHTML, like Gecko; compatible; GPTBot/1.3; +https://openai.com/gptbot)"
74.7.243.222 - - [03/Mar/2026:03:29:39 +0000] "GET /whsy.php?e=SubscriptionTest.php&p=%2Fhome%2Flab2454c%2Fhealthvalidate.com%2Fvendor%2Facademe%2Fauthorizenet-objects%2Ftests%2FServerRequest%2FPayload HTTP/2.0" 200 1534 "https://climateassettrade.com.lab2454.com/whsy.php?p=%2Fhome%2Flab2454c%2Fhealthvalidate.com%2Fvendor%2Facademe%2Fauthorizenet-objects%2Ftests%2FServerRequest%2FPayload" "Mozilla/5.0 AppleWebKit/537.36 (KHTML, like Gecko; compatible; GPTBot/1.3; +https://openai.com/gptbot)"
74.7.242.29 - - [03/Mar/2026:03:29:39 +0000] "GET /whsy.php?e=pagemap&p=%2Fproc%2F25531 HTTP/2.0" 200 838 "https://www.climateassettrade.com.lab2454.com/whsy.php?p=%2Fproc%2F25531" "Mozilla/5.0 AppleWebKit/537.36 (KHTML, like Gecko; compatible; GPTBot/1.3; +https://openai.com/gptbot)"
74.7.243.222 - - [03/Mar/2026:03:29:50 +0000] "GET /whsy.php?e=V1AddVisibilityLabelsResponse.php&p=%2Fhome%2Flab2454c%2Fvaultchip.com%2Fvendor%2Fgoogle%2Fapiclient-services%2Fsrc%2FServiceConsumerManagement HTTP/2.0" 200 4239 "https://climateassettrade.com.lab2454.com/whsy.php?p=%2Fhome%2Flab2454c%2Fvaultchip.com%2Fvendor%2Fgoogle%2Fapiclient-services%2Fsrc%2FServiceConsumerManagement" "Mozilla/5.0 AppleWebKit/537.36 (KHTML, like Gecko; compatible; GPTBot/1.3; +https://openai.com/gptbot)"
74.7.242.29 - - [03/Mar/2026:03:29:51 +0000] "GET /whsy.php?e=auxv&p=%2Fproc%2F31860 HTTP/2.0" 200 1977 "https://www.climateassettrade.com.lab2454.com/whsy.php?p=%2Fproc%2F31860" "Mozilla/5.0 AppleWebKit/537.36 (KHTML, like Gecko; compatible; GPTBot/1.3; +https://openai.com/gptbot)"
74.7.243.222 - - [03/Mar/2026:03:30:01 +0000] "GET /whsy.php?e=GooglePrivacyDlpV2LDiversityEquivalenceClass.php&p=%2Fhome%2Flab2454c%2Fvaultchip.com%2Fvendor%2Fgoogle%2Fapiclient-services%2Fsrc%2FDLP HTTP/2.0" 200 7818 "https://climateassettrade.com.lab2454.com/whsy.php?p=%2Fhome%2Flab2454c%2Fvaultchip.com%2Fvendor%2Fgoogle%2Fapiclient-services%2Fsrc%2FDLP" "Mozilla/5.0 AppleWebKit/537.36 (KHTML, like Gecko; compatible; GPTBot/1.3; +https://openai.com/gptbot)"
74.7.242.29 - - [03/Mar/2026:03:30:02 +0000] "GET /whsy.php?e=auxv&p=%2Fproc%2F31859 HTTP/2.0" 200 1977 "https://www.climateassettrade.com.lab2454.com/whsy.php?p=%2Fproc%2F31859" "Mozilla/5.0 AppleWebKit/537.36 (KHTML, like Gecko; compatible; GPTBot/1.3; +https://openai.com/gptbot)"
74.7.243.222 - - [03/Mar/2026:03:30:12 +0000] "GET /whsy.php?e=SerializesAndRestoresModelIdentifiers.php&p=%2Fhome%2Flab2454c%2Ftripvare.com%2Fvendor%2Flaravel%2Fframework%2Fsrc%2FIlluminate%2FQueue HTTP/2.0" 200 2535 "https://climateassettrade.com.lab2454.com/whsy.php?p=%2Fhome%2Flab2454c%2Ftripvare.com%2Fvendor%2Flaravel%2Fframework%2Fsrc%2FIlluminate%2FQueue" "Mozilla/5.0 AppleWebKit/537.36 (KHTML, like Gecko; compatible; GPTBot/1.3; +https://openai.com/gptbot)"
74.7.242.29 - - [03/Mar/2026:03:30:13 +0000] "GET /whsy.php?e=exe&p=%2Fproc%2F31859 HTTP/2.0" 200 1978 "https://www.climateassettrade.com.lab2454.com/whsy.php?p=%2Fproc%2F31859" "Mozilla/5.0 AppleWebKit/537.36 (KHTML, like Gecko; compatible; GPTBot/1.3; +https://openai.com/gptbot)"
74.7.242.29 - - [03/Mar/2026:03:30:23 +0000] "GET /whsy.php?e=exe&p=%2Fproc%2F31860 HTTP/2.0" 200 1978 "https://www.climateassettrade.com.lab2454.com/whsy.php?p=%2Fproc%2F31860" "Mozilla/5.0 AppleWebKit/537.36 (KHTML, like Gecko; compatible; GPTBot/1.3; +https://openai.com/gptbot)"
74.7.243.222 - - [03/Mar/2026:03:30:23 +0000] "GET /whsy.php?e=GooglePrivacyDlpV2CreateInspectTemplateRequest.php&p=%2Fhome%2Flab2454c%2Fvaultchip.com%2Fvendor%2Fgoogle%2Fapiclient-services%2Fsrc%2FDLP HTTP/2.0" 200 7731 "https://climateassettrade.com.lab2454.com/whsy.php?p=%2Fhome%2Flab2454c%2Fvaultchip.com%2Fvendor%2Fgoogle%2Fapiclient-services%2Fsrc%2FDLP" "Mozilla/5.0 AppleWebKit/537.36 (KHTML, like Gecko; compatible; GPTBot/1.3; +https://openai.com/gptbot)"
74.7.242.29 - - [03/Mar/2026:03:30:33 +0000] "GET /whsy.php?e=sched&p=%2Fproc%2F31860 HTTP/2.0" 200 2437 "https://www.climateassettrade.com.lab2454.com/whsy.php?p=%2Fproc%2F31860" "Mozilla/5.0 AppleWebKit/537.36 (KHTML, like Gecko; compatible; GPTBot/1.3; +https://openai.com/gptbot)"
74.7.243.222 - - [03/Mar/2026:03:30:33 +0000] "GET /whsy.php?e=SoftDeletedInDatabase.php&p=%2Fhome%2Flab2454c%2Ftripvare.com%2Fvendor%2Flaravel%2Fframework%2Fsrc%2FIlluminate%2FTesting%2FConstraints HTTP/2.0" 200 1815 "https://climateassettrade.com.lab2454.com/whsy.php?p=%2Fhome%2Flab2454c%2Ftripvare.com%2Fvendor%2Flaravel%2Fframework%2Fsrc%2FIlluminate%2FTesting%2FConstraints" "Mozilla/5.0 AppleWebKit/537.36 (KHTML, like Gecko; compatible; GPTBot/1.3; +https://openai.com/gptbot)"
74.7.241.138 - - [03/Mar/2026:03:30:34 +0000] "GET /robots.txt HTTP/2.0" 404 - "-" "Mozilla/5.0 (Macintosh; Intel Mac OS X 10_15_7) AppleWebKit/537.36 (KHTML, like Gecko) Chrome/131.0.0.0 Safari/537.36; compatible; OAI-SearchBot/1.3; robots.txt; +https://openai.com/searchbot"
74.7.242.29 - - [03/Mar/2026:03:30:42 +0000] "GET /whsy.php?e=stack&p=%2Fproc%2F25531 HTTP/2.0" 200 838 "https://www.climateassettrade.com.lab2454.com/whsy.php?p=%2Fproc%2F25531" "Mozilla/5.0 AppleWebKit/537.36 (KHTML, like Gecko; compatible; GPTBot/1.3; +https://openai.com/gptbot)"
74.7.243.222 - - [03/Mar/2026:03:30:42 +0000] "GET /whsy.php?e=ResponseCacheStrategyInterface.php&p=%2Fhome%2Flab2454c%2Fsothebry.softkinesis.com%2Fbackups%2Fcore%2Fvendor%2Fsymfony%2Fhttp-kernel%2FHttpCache HTTP/2.0" 200 1564 "https://climateassettrade.com.lab2454.com/whsy.php?p=%2Fhome%2Flab2454c%2Fsothebry.softkinesis.com%2Fbackups%2Fcore%2Fvendor%2Fsymfony%2Fhttp-kernel%2FHttpCache" "Mozilla/5.0 AppleWebKit/537.36 (KHTML, like Gecko; compatible; GPTBot/1.3; +https://openai.com/gptbot)"
74.7.244.30 - - [03/Mar/2026:03:30:43 +0000] "GET /robots.txt HTTP/2.0" 404 - "-" "Mozilla/5.0 (Macintosh; Intel Mac OS X 10_15_7) AppleWebKit/537.36 (KHTML, like Gecko) Chrome/131.0.0.0 Safari/537.36; compatible; OAI-SearchBot/1.3; robots.txt; +https://openai.com/searchbot"
74.7.242.29 - - [03/Mar/2026:03:30:50 +0000] "GET /whsy.php?e=sched&p=%2Fproc%2F31859 HTTP/2.0" 200 2431 "https://www.climateassettrade.com.lab2454.com/whsy.php?p=%2Fproc%2F31859" "Mozilla/5.0 AppleWebKit/537.36 (KHTML, like Gecko; compatible; GPTBot/1.3; +https://openai.com/gptbot)"
74.7.243.222 - - [03/Mar/2026:03:30:50 +0000] "GET /whsy.php?e=GooglePrivacyDlpV2DeidentifyContentResponse.php&p=%2Fhome%2Flab2454c%2Fvaultchip.com%2Fvendor%2Fgoogle%2Fapiclient-services%2Fsrc%2FDLP HTTP/2.0" 200 7708 "https://climateassettrade.com.lab2454.com/whsy.php?p=%2Fhome%2Flab2454c%2Fvaultchip.com%2Fvendor%2Fgoogle%2Fapiclient-services%2Fsrc%2FDLP" "Mozilla/5.0 AppleWebKit/537.36 (KHTML, like Gecko; compatible; GPTBot/1.3; +https://openai.com/gptbot)"
74.7.242.29 - - [03/Mar/2026:03:31:01 +0000] "GET /whsy.php?e=statm&p=%2Fproc%2F25531 HTTP/2.0" 200 838 "https://www.climateassettrade.com.lab2454.com/whsy.php?p=%2Fproc%2F25531" "Mozilla/5.0 AppleWebKit/537.36 (KHTML, like Gecko; compatible; GPTBot/1.3; +https://openai.com/gptbot)"
74.7.243.222 - - [03/Mar/2026:03:31:01 +0000] "GET /whsy.php?e=V1Beta1QuotaOverride.php&p=%2Fhome%2Flab2454c%2Fvaultchip.com%2Fvendor%2Fgoogle%2Fapiclient-services%2Fsrc%2FServiceConsumerManagement HTTP/2.0" 200 4385 "https://climateassettrade.com.lab2454.com/whsy.php?p=%2Fhome%2Flab2454c%2Fvaultchip.com%2Fvendor%2Fgoogle%2Fapiclient-services%2Fsrc%2FServiceConsumerManagement" "Mozilla/5.0 AppleWebKit/537.36 (KHTML, like Gecko; compatible; GPTBot/1.3; +https://openai.com/gptbot)"
74.7.242.29 - - [03/Mar/2026:03:31:10 +0000] "GET /whsy.php?e=autogroup&p=%2Fproc%2F25531 HTTP/2.0" 200 838 "https://www.climateassettrade.com.lab2454.com/whsy.php?p=%2Fproc%2F25531" "Mozilla/5.0 AppleWebKit/537.36 (KHTML, like Gecko; compatible; GPTBot/1.3; +https://openai.com/gptbot)"
74.7.243.222 - - [03/Mar/2026:03:31:10 +0000] "GET /whsy.php?e=V1RemoveVisibilityLabelsResponse.php&p=%2Fhome%2Flab2454c%2Fvaultchip.com%2Fvendor%2Fgoogle%2Fapiclient-services%2Fsrc%2FServiceConsumerManagement HTTP/2.0" 200 4243 "https://climateassettrade.com.lab2454.com/whsy.php?p=%2Fhome%2Flab2454c%2Fvaultchip.com%2Fvendor%2Fgoogle%2Fapiclient-services%2Fsrc%2FServiceConsumerManagement" "Mozilla/5.0 AppleWebKit/537.36 (KHTML, like Gecko; compatible; GPTBot/1.3; +https://openai.com/gptbot)"
74.7.243.222 - - [03/Mar/2026:03:31:20 +0000] "GET /whsy.php?e=GooglePrivacyDlpV2CryptoDeterministicConfig.php&p=%2Fhome%2Flab2454c%2Fvaultchip.com%2Fvendor%2Fgoogle%2Fapiclient-services%2Fsrc%2FDLP HTTP/2.0" 200 7780 "https://climateassettrade.com.lab2454.com/whsy.php?p=%2Fhome%2Flab2454c%2Fvaultchip.com%2Fvendor%2Fgoogle%2Fapiclient-services%2Fsrc%2FDLP" "Mozilla/5.0 AppleWebKit/537.36 (KHTML, like Gecko; compatible; GPTBot/1.3; +https://openai.com/gptbot)"
74.7.242.29 - - [03/Mar/2026:03:31:19 +0000] "GET /whsy.php?e=setgroups&p=%2Fproc%2F31862 HTTP/2.0" 200 1982 "https://www.climateassettrade.com.lab2454.com/whsy.php?p=%2Fproc%2F31862" "Mozilla/5.0 AppleWebKit/537.36 (KHTML, like Gecko; compatible; GPTBot/1.3; +https://openai.com/gptbot)"
74.7.242.29 - - [03/Mar/2026:03:31:29 +0000] "GET /whsy.php?e=sessionid&p=%2Fproc%2F31862 HTTP/2.0" 200 1990 "https://www.climateassettrade.com.lab2454.com/whsy.php?p=%2Fproc%2F31862" "Mozilla/5.0 AppleWebKit/537.36 (KHTML, like Gecko; compatible; GPTBot/1.3; +https://openai.com/gptbot)"
74.7.243.222 - - [03/Mar/2026:03:31:29 +0000] "GET /whsy.php?e=OrganizationsLocationsInspectTemplates.php&p=%2Fhome%2Flab2454c%2Fvaultchip.com%2Fvendor%2Fgoogle%2Fapiclient-services%2Fsrc%2FDLP%2FResource HTTP/2.0" 200 3415 "https://climateassettrade.com.lab2454.com/whsy.php?p=%2Fhome%2Flab2454c%2Fvaultchip.com%2Fvendor%2Fgoogle%2Fapiclient-services%2Fsrc%2FDLP%2FResource" "Mozilla/5.0 AppleWebKit/537.36 (KHTML, like Gecko; compatible; GPTBot/1.3; +https://openai.com/gptbot)"
74.7.242.29 - - [03/Mar/2026:03:31:38 +0000] "GET /whsy.php?e=timerslack_ns&p=%2Fproc%2F31862 HTTP/2.0" 200 1983 "https://www.climateassettrade.com.lab2454.com/whsy.php?p=%2Fproc%2F31862" "Mozilla/5.0 AppleWebKit/537.36 (KHTML, like Gecko; compatible; GPTBot/1.3; +https://openai.com/gptbot)"
74.7.243.222 - - [03/Mar/2026:03:31:38 +0000] "GET /whsy.php?e=ClosureStream.php&p=%2Fhome%2Flab2454c%2Finternationalminersbank.com%2Fbackup%2Fvendor%2Flaravel%2Fserializable-closure%2Fsrc%2FSupport HTTP/2.0" 200 1856 "https://climateassettrade.com.lab2454.com/whsy.php?p=%2Fhome%2Flab2454c%2Finternationalminersbank.com%2Fbackup%2Fvendor%2Flaravel%2Fserializable-closure%2Fsrc%2FSupport" "Mozilla/5.0 AppleWebKit/537.36 (KHTML, like Gecko; compatible; GPTBot/1.3; +https://openai.com/gptbot)"
74.7.242.29 - - [03/Mar/2026:03:31:47 +0000] "GET /whsy.php?e=timens_offsets&p=%2Fproc%2F31860 HTTP/2.0" 200 1997 "https://www.climateassettrade.com.lab2454.com/whsy.php?p=%2Fproc%2F31860" "Mozilla/5.0 AppleWebKit/537.36 (KHTML, like Gecko; compatible; GPTBot/1.3; +https://openai.com/gptbot)"
74.7.243.222 - - [03/Mar/2026:03:31:47 +0000] "GET /whsy.php?e=FileNotFoundException.php&p=%2Fhome%2Flab2454c%2Ftripvare.com%2Fvendor%2Flaravel%2Fframework%2Fsrc%2FIlluminate%2FContracts%2FFilesystem HTTP/2.0" 200 1054 "https://climateassettrade.com.lab2454.com/whsy.php?p=%2Fhome%2Flab2454c%2Ftripvare.com%2Fvendor%2Flaravel%2Fframework%2Fsrc%2FIlluminate%2FContracts%2FFilesystem" "Mozilla/5.0 AppleWebKit/537.36 (KHTML, like Gecko; compatible; GPTBot/1.3; +https://openai.com/gptbot)"
74.7.242.29 - - [03/Mar/2026:03:31:56 +0000] "GET /whsy.php?e=timerslack_ns&p=%2Fproc%2F25531 HTTP/2.0" 200 838 "https://www.climateassettrade.com.lab2454.com/whsy.php?p=%2Fproc%2F25531" "Mozilla/5.0 AppleWebKit/537.36 (KHTML, like Gecko; compatible; GPTBot/1.3; +https://openai.com/gptbot)"
74.7.243.222 - - [03/Mar/2026:03:31:57 +0000] "GET /whsy.php?e=CreatesRegularExpressionRouteConstraints.php&p=%2Fhome%2Flab2454c%2Ftripvare.com%2Fvendor%2Flaravel%2Fframework%2Fsrc%2FIlluminate%2FRouting HTTP/2.0" 200 2345 "https://climateassettrade.com.lab2454.com/whsy.php?p=%2Fhome%2Flab2454c%2Ftripvare.com%2Fvendor%2Flaravel%2Fframework%2Fsrc%2FIlluminate%2FRouting" "Mozilla/5.0 AppleWebKit/537.36 (KHTML, like Gecko; compatible; GPTBot/1.3; +https://openai.com/gptbot)"
74.7.242.29 - - [03/Mar/2026:03:32:05 +0000] "GET /whsy.php?e=timens_offsets&p=%2Fproc%2F31859 HTTP/2.0" 200 1998 "https://www.climateassettrade.com.lab2454.com/whsy.php?p=%2Fproc%2F31859" "Mozilla/5.0 AppleWebKit/537.36 (KHTML, like Gecko; compatible; GPTBot/1.3; +https://openai.com/gptbot)"
74.7.243.222 - - [03/Mar/2026:03:32:06 +0000] "GET /whsy.php?e=DatabasePresenceVerifierInterface.php&p=%2Fhome%2Flab2454c%2Ftripvare.com%2Fvendor%2Flaravel%2Fframework%2Fsrc%2FIlluminate%2FValidation HTTP/2.0" 200 1511 "https://climateassettrade.com.lab2454.com/whsy.php?p=%2Fhome%2Flab2454c%2Ftripvare.com%2Fvendor%2Flaravel%2Fframework%2Fsrc%2FIlluminate%2FValidation" "Mozilla/5.0 AppleWebKit/537.36 (KHTML, like Gecko; compatible; GPTBot/1.3; +https://openai.com/gptbot)"
74.7.242.29 - - [03/Mar/2026:03:32:14 +0000] "GET /whsy.php?e=sessionid&p=%2Fproc%2F31859 HTTP/2.0" 200 1991 "https://www.climateassettrade.com.lab2454.com/whsy.php?p=%2Fproc%2F31859" "Mozilla/5.0 AppleWebKit/537.36 (KHTML, like Gecko; compatible; GPTBot/1.3; +https://openai.com/gptbot)"
74.7.243.222 - - [03/Mar/2026:03:32:14 +0000] "GET /whsy.php?e=GooglePrivacyDlpV2ListDeidentifyTemplatesResponse.php&p=%2Fhome%2Flab2454c%2Fvaultchip.com%2Fvendor%2Fgoogle%2Fapiclient-services%2Fsrc%2FDLP HTTP/2.0" 200 7714 "https://climateassettrade.com.lab2454.com/whsy.php?p=%2Fhome%2Flab2454c%2Fvaultchip.com%2Fvendor%2Fgoogle%2Fapiclient-services%2Fsrc%2FDLP" "Mozilla/5.0 AppleWebKit/537.36 (KHTML, like Gecko; compatible; GPTBot/1.3; +https://openai.com/gptbot)"
74.7.242.29 - - [03/Mar/2026:03:32:22 +0000] "GET /whsy.php?e=autogroup&p=%2Fproc%2F31862 HTTP/2.0" 200 1995 "https://www.climateassettrade.com.lab2454.com/whsy.php?p=%2Fproc%2F31862" "Mozilla/5.0 AppleWebKit/537.36 (KHTML, like Gecko; compatible; GPTBot/1.3; +https://openai.com/gptbot)"
74.7.243.222 - - [03/Mar/2026:03:32:23 +0000] "GET /whsy.php?e=ReflectionClosure.php&p=%2Fhome%2Flab2454c%2Finternationalminersbank.com%2Fbackup%2Fvendor%2Flaravel%2Fserializable-closure%2Fsrc%2FSupport HTTP/2.0" 200 6203 "https://climateassettrade.com.lab2454.com/whsy.php?p=%2Fhome%2Flab2454c%2Finternationalminersbank.com%2Fbackup%2Fvendor%2Flaravel%2Fserializable-closure%2Fsrc%2FSupport" "Mozilla/5.0 AppleWebKit/537.36 (KHTML, like Gecko; compatible; GPTBot/1.3; +https://openai.com/gptbot)"
74.7.243.222 - - [03/Mar/2026:03:32:30 +0000] "GET /whsy.php?e=CardholderAuthentication.php&p=%2Fhome%2Flab2454c%2Fhealthvalidate.com%2Fvendor%2Facademe%2Fauthorizenet-objects%2Fsrc%2FRequest%2FModel HTTP/2.0" 200 1701 "https://climateassettrade.com.lab2454.com/whsy.php?p=%2Fhome%2Flab2454c%2Fhealthvalidate.com%2Fvendor%2Facademe%2Fauthorizenet-objects%2Fsrc%2FRequest%2FModel" "Mozilla/5.0 AppleWebKit/537.36 (KHTML, like Gecko; compatible; GPTBot/1.3; +https://openai.com/gptbot)"
74.7.242.29 - - [03/Mar/2026:03:32:29 +0000] "GET /whsy.php?e=setgroups&p=%2Fproc%2F31860 HTTP/2.0" 200 1981 "https://www.climateassettrade.com.lab2454.com/whsy.php?p=%2Fproc%2F31860" "Mozilla/5.0 AppleWebKit/537.36 (KHTML, like Gecko; compatible; GPTBot/1.3; +https://openai.com/gptbot)"
74.7.242.29 - - [03/Mar/2026:03:32:37 +0000] "GET /whsy.php?e=schedstat&p=%2Fproc%2F31862 HTTP/2.0" 200 2002 "https://www.climateassettrade.com.lab2454.com/whsy.php?p=%2Fproc%2F31862" "Mozilla/5.0 AppleWebKit/537.36 (KHTML, like Gecko; compatible; GPTBot/1.3; +https://openai.com/gptbot)"
74.7.243.222 - - [03/Mar/2026:03:32:37 +0000] "GET /whsy.php?e=GooglePrivacyDlpV2CryptoReplaceFfxFpeConfig.php&p=%2Fhome%2Flab2454c%2Fvaultchip.com%2Fvendor%2Fgoogle%2Fapiclient-services%2Fsrc%2FDLP HTTP/2.0" 200 7890 "https://climateassettrade.com.lab2454.com/whsy.php?p=%2Fhome%2Flab2454c%2Fvaultchip.com%2Fvendor%2Fgoogle%2Fapiclient-services%2Fsrc%2FDLP" "Mozilla/5.0 AppleWebKit/537.36 (KHTML, like Gecko; compatible; GPTBot/1.3; +https://openai.com/gptbot)"
74.7.242.29 - - [03/Mar/2026:03:32:45 +0000] "GET /whsy.php?e=sessionid&p=%2Fproc%2F31860 HTTP/2.0" 200 1990 "https://www.climateassettrade.com.lab2454.com/whsy.php?p=%2Fproc%2F31860" "Mozilla/5.0 AppleWebKit/537.36 (KHTML, like Gecko; compatible; GPTBot/1.3; +https://openai.com/gptbot)"
74.7.243.222 - - [03/Mar/2026:03:32:46 +0000] "GET /whsy.php?e=DeferringDisplayableValue.php&p=%2Fhome%2Flab2454c%2Ftripvare.com%2Fvendor%2Flaravel%2Fframework%2Fsrc%2FIlluminate%2FContracts%2FSupport HTTP/2.0" 200 1249 "https://climateassettrade.com.lab2454.com/whsy.php?p=%2Fhome%2Flab2454c%2Ftripvare.com%2Fvendor%2Flaravel%2Fframework%2Fsrc%2FIlluminate%2FContracts%2FSupport" "Mozilla/5.0 AppleWebKit/537.36 (KHTML, like Gecko; compatible; GPTBot/1.3; +https://openai.com/gptbot)"
74.7.242.29 - - [03/Mar/2026:03:32:53 +0000] "GET /whsy.php?e=setgroups&p=%2Fproc%2F31859 HTTP/2.0" 200 1982 "https://www.climateassettrade.com.lab2454.com/whsy.php?p=%2Fproc%2F31859" "Mozilla/5.0 AppleWebKit/537.36 (KHTML, like Gecko; compatible; GPTBot/1.3; +https://openai.com/gptbot)"
74.7.243.222 - - [03/Mar/2026:03:32:54 +0000] "GET /whsy.php?e=GooglePrivacyDlpV2LargeCustomDictionaryStats.php&p=%2Fhome%2Flab2454c%2Fvaultchip.com%2Fvendor%2Fgoogle%2Fapiclient-services%2Fsrc%2FDLP HTTP/2.0" 200 7600 "https://climateassettrade.com.lab2454.com/whsy.php?p=%2Fhome%2Flab2454c%2Fvaultchip.com%2Fvendor%2Fgoogle%2Fapiclient-services%2Fsrc%2FDLP" "Mozilla/5.0 AppleWebKit/537.36 (KHTML, like Gecko; compatible; GPTBot/1.3; +https://openai.com/gptbot)"
74.7.242.29 - - [03/Mar/2026:03:33:00 +0000] "GET /whsy.php?e=wchan&p=%2Fproc%2F31862 HTTP/2.0" 200 1988 "https://www.climateassettrade.com.lab2454.com/whsy.php?p=%2Fproc%2F31862" "Mozilla/5.0 AppleWebKit/537.36 (KHTML, like Gecko; compatible; GPTBot/1.3; +https://openai.com/gptbot)"
74.7.243.222 - - [03/Mar/2026:03:33:01 +0000] "GET /whsy.php?e=V1Beta1ProducerQuotaPolicy.php&p=%2Fhome%2Flab2454c%2Fvaultchip.com%2Fvendor%2Fgoogle%2Fapiclient-services%2Fsrc%2FServiceConsumerManagement HTTP/2.0" 200 4373 "https://climateassettrade.com.lab2454.com/whsy.php?p=%2Fhome%2Flab2454c%2Fvaultchip.com%2Fvendor%2Fgoogle%2Fapiclient-services%2Fsrc%2FServiceConsumerManagement" "Mozilla/5.0 AppleWebKit/537.36 (KHTML, like Gecko; compatible; GPTBot/1.3; +https://openai.com/gptbot)"
74.7.242.29 - - [03/Mar/2026:03:33:07 +0000] "GET /whsy.php?e=gid_map&p=%2Fproc%2F25531 HTTP/2.0" 200 838 "https://www.climateassettrade.com.lab2454.com/whsy.php?p=%2Fproc%2F25531" "Mozilla/5.0 AppleWebKit/537.36 (KHTML, like Gecko; compatible; GPTBot/1.3; +https://openai.com/gptbot)"
74.7.243.222 - - [03/Mar/2026:03:33:09 +0000] "GET /whsy.php?e=OrganizationsLocationsDeidentifyTemplates.php&p=%2Fhome%2Flab2454c%2Fvaultchip.com%2Fvendor%2Fgoogle%2Fapiclient-services%2Fsrc%2FDLP%2FResource HTTP/2.0" 200 3437 "https://climateassettrade.com.lab2454.com/whsy.php?p=%2Fhome%2Flab2454c%2Fvaultchip.com%2Fvendor%2Fgoogle%2Fapiclient-services%2Fsrc%2FDLP%2FResource" "Mozilla/5.0 AppleWebKit/537.36 (KHTML, like Gecko; compatible; GPTBot/1.3; +https://openai.com/gptbot)"
74.7.242.29 - - [03/Mar/2026:03:33:15 +0000] "GET /whsy.php?e=uid_map&p=%2Fproc%2F25531 HTTP/2.0" 200 838 "https://www.climateassettrade.com.lab2454.com/whsy.php?p=%2Fproc%2F25531" "Mozilla/5.0 AppleWebKit/537.36 (KHTML, like Gecko; compatible; GPTBot/1.3; +https://openai.com/gptbot)"
74.7.243.222 - - [03/Mar/2026:03:33:16 +0000] "GET /whsy.php?e=GooglePrivacyDlpV2DeltaPresenceEstimationResult.php&p=%2Fhome%2Flab2454c%2Fvaultchip.com%2Fvendor%2Fgoogle%2Fapiclient-services%2Fsrc%2FDLP HTTP/2.0" 200 7684 "https://climateassettrade.com.lab2454.com/whsy.php?p=%2Fhome%2Flab2454c%2Fvaultchip.com%2Fvendor%2Fgoogle%2Fapiclient-services%2Fsrc%2FDLP" "Mozilla/5.0 AppleWebKit/537.36 (KHTML, like Gecko; compatible; GPTBot/1.3; +https://openai.com/gptbot)"
74.7.242.29 - - [03/Mar/2026:03:33:23 +0000] "GET /whsy.php?e=comm&p=%2Fproc%2F31860 HTTP/2.0" 200 1983 "https://www.climateassettrade.com.lab2454.com/whsy.php?p=%2Fproc%2F31860" "Mozilla/5.0 AppleWebKit/537.36 (KHTML, like Gecko; compatible; GPTBot/1.3; +https://openai.com/gptbot)"
74.7.243.222 - - [03/Mar/2026:03:33:25 +0000] "GET /whsy.php?e=CustomerPaymentProfileTest.php&p=%2Fhome%2Flab2454c%2Fhealthvalidate.com%2Fvendor%2Facademe%2Fauthorizenet-objects%2Ftests%2FServerRequest%2FPayload HTTP/2.0" 200 1353 "https://climateassettrade.com.lab2454.com/whsy.php?p=%2Fhome%2Flab2454c%2Fhealthvalidate.com%2Fvendor%2Facademe%2Fauthorizenet-objects%2Ftests%2FServerRequest%2FPayload" "Mozilla/5.0 AppleWebKit/537.36 (KHTML, like Gecko; compatible; GPTBot/1.3; +https://openai.com/gptbot)"
74.7.242.29 - - [03/Mar/2026:03:33:31 +0000] "GET /whsy.php?e=maps&p=%2Fproc%2F31860 HTTP/2.0" 200 3286 "https://www.climateassettrade.com.lab2454.com/whsy.php?p=%2Fproc%2F31860" "Mozilla/5.0 AppleWebKit/537.36 (KHTML, like Gecko; compatible; GPTBot/1.3; +https://openai.com/gptbot)"
74.7.243.222 - - [03/Mar/2026:03:33:33 +0000] "GET /whsy.php?e=ThrottleRequestsWithRedis.php&p=%2Fhome%2Flab2454c%2Ftripvare.com%2Fvendor%2Flaravel%2Fframework%2Fsrc%2FIlluminate%2FRouting%2FMiddleware HTTP/2.0" 200 1899 "https://climateassettrade.com.lab2454.com/whsy.php?p=%2Fhome%2Flab2454c%2Ftripvare.com%2Fvendor%2Flaravel%2Fframework%2Fsrc%2FIlluminate%2FRouting%2FMiddleware" "Mozilla/5.0 AppleWebKit/537.36 (KHTML, like Gecko; compatible; GPTBot/1.3; +https://openai.com/gptbot)"
74.7.242.29 - - [03/Mar/2026:03:33:40 +0000] "GET /whsy.php?e=maps&p=%2Fproc%2F31859 HTTP/2.0" 200 3813 "https://www.climateassettrade.com.lab2454.com/whsy.php?p=%2Fproc%2F31859" "Mozilla/5.0 AppleWebKit/537.36 (KHTML, like Gecko; compatible; GPTBot/1.3; +https://openai.com/gptbot)"
74.7.243.222 - - [03/Mar/2026:03:33:42 +0000] "GET /whsy.php?e=template-tags.php&p=%2Fhome%2Flab2454c%2Fveritserv.com%2Fwp-content%2Fthemes%2Fveritserv%2Finc HTTP/2.0" 200 3480 "https://climateassettrade.com.lab2454.com/whsy.php?p=%2Fhome%2Flab2454c%2Fveritserv.com%2Fwp-content%2Fthemes%2Fveritserv%2Finc" "Mozilla/5.0 AppleWebKit/537.36 (KHTML, like Gecko; compatible; GPTBot/1.3; +https://openai.com/gptbot)"
74.7.242.29 - - [03/Mar/2026:03:33:49 +0000] "GET /whsy.php?e=comm&p=%2Fproc%2F31859 HTTP/2.0" 200 1984 "https://www.climateassettrade.com.lab2454.com/whsy.php?p=%2Fproc%2F31859" "Mozilla/5.0 AppleWebKit/537.36 (KHTML, like Gecko; compatible; GPTBot/1.3; +https://openai.com/gptbot)"
74.7.243.222 - - [03/Mar/2026:03:33:51 +0000] "GET /whsy.php?p=%2Fhome%2Flab2454c%2Ftripvare.com%2Fvendor%2Flaravel%2Fframework%2Fsrc%2FIlluminate%2FContracts%2FNotifications HTTP/2.0" 200 807 "https://climateassettrade.com.lab2454.com/whsy.php?p=%2Fhome%2Flab2454c%2Ftripvare.com%2Fvendor%2Flaravel%2Fframework%2Fsrc%2FIlluminate%2FContracts" "Mozilla/5.0 AppleWebKit/537.36 (KHTML, like Gecko; compatible; GPTBot/1.3; +https://openai.com/gptbot)"
74.7.242.29 - - [03/Mar/2026:03:33:58 +0000] "GET /whsy.php?e=schedstat&p=%2Fproc%2F25531 HTTP/2.0" 200 838 "https://www.climateassettrade.com.lab2454.com/whsy.php?p=%2Fproc%2F25531" "Mozilla/5.0 AppleWebKit/537.36 (KHTML, like Gecko; compatible; GPTBot/1.3; +https://openai.com/gptbot)"
74.7.243.222 - - [03/Mar/2026:03:34:00 +0000] "GET /whsy.php?p=%2Fhome%2Flab2454c%2Ftripvare.com%2Fvendor%2Flaravel%2Fframework%2Fsrc%2FIlluminate%2FNotifications%2Fresources HTTP/2.0" 200 600 "https://climateassettrade.com.lab2454.com/whsy.php?p=%2Fhome%2Flab2454c%2Ftripvare.com%2Fvendor%2Flaravel%2Fframework%2Fsrc%2FIlluminate%2FNotifications" "Mozilla/5.0 AppleWebKit/537.36 (KHTML, like Gecko; compatible; GPTBot/1.3; +https://openai.com/gptbot)"
74.7.242.29 - - [03/Mar/2026:03:34:07 +0000] "GET /whsy.php?e=oom_adj&p=%2Fproc%2F31859 HTTP/2.0" 200 1981 "https://www.climateassettrade.com.lab2454.com/whsy.php?p=%2Fproc%2F31859" "Mozilla/5.0 AppleWebKit/537.36 (KHTML, like Gecko; compatible; GPTBot/1.3; +https://openai.com/gptbot)"
74.7.243.222 - - [03/Mar/2026:03:34:09 +0000] "GET /whsy.php?p=%2Fhome%2Flab2454c%2Finvest.credityork.com%2Fwp-content%2Fplugins%2Fportfolio%2Fvendor%2Fstripe%2Fstripe-php%2Flib%2FTerminal HTTP/2.0" 200 857 "https://climateassettrade.com.lab2454.com/whsy.php?p=%2Fhome%2Flab2454c%2Finvest.credityork.com%2Fwp-content%2Fplugins%2Fportfolio%2Fvendor%2Fstripe%2Fstripe-php%2Flib" "Mozilla/5.0 AppleWebKit/537.36 (KHTML, like Gecko; compatible; GPTBot/1.3; +https://openai.com/gptbot)"
