74.7.242.54 - - [03/Mar/2026:03:57:45 +0000] "GET /shop/pg/161828044 HTTP/1.1" 200 24639 "http://elementalmill.com/shop/pg/24184" "Mozilla/5.0 AppleWebKit/537.36 (KHTML, like Gecko; compatible; GPTBot/1.3; +https://openai.com/gptbot)"
185.191.171.4 - - [03/Mar/2026:03:57:46 +0000] "GET /shop/pg/1059127 HTTP/1.1" 200 25663 "-" "Mozilla/5.0 (compatible; SemrushBot/7~bl; +http://www.semrush.com/bot.html)"
57.141.20.16 - - [03/Mar/2026:03:57:46 +0000] "GET /shopping/products/16201340804 HTTP/1.1" 500 2431 "-" "meta-externalagent/1.1 (+https://developers.facebook.com/docs/sharing/webmasters/crawler)"
185.191.171.18 - - [03/Mar/2026:03:57:55 +0000] "GET /shop/pg/1619905701 HTTP/1.1" 200 25175 "-" "Mozilla/5.0 (compatible; SemrushBot/7~bl; +http://www.semrush.com/bot.html)"
74.7.242.54 - - [03/Mar/2026:03:58:06 +0000] "GET /shop/pg/161834871 HTTP/1.1" 200 24527 "http://elementalmill.com/shop/customer/bookmark.php?shopping/products/161828053" "Mozilla/5.0 AppleWebKit/537.36 (KHTML, like Gecko; compatible; GPTBot/1.3; +https://openai.com/gptbot)"
185.191.171.13 - - [03/Mar/2026:03:58:10 +0000] "GET /shop/pg/602560 HTTP/1.1" 200 24760 "-" "Mozilla/5.0 (compatible; SemrushBot/7~bl; +http://www.semrush.com/bot.html)"
74.7.242.54 - - [03/Mar/2026:03:58:17 +0000] "GET /shop/pg/161840797 HTTP/1.1" 200 24481 "http://elementalmill.com/shop/pg/36919" "Mozilla/5.0 AppleWebKit/537.36 (KHTML, like Gecko; compatible; GPTBot/1.3; +https://openai.com/gptbot)"
74.7.242.54 - - [03/Mar/2026:03:58:26 +0000] "GET /shop/pg/161838367 HTTP/1.1" 200 24496 "http://elementalmill.com/shop/pg/34495" "Mozilla/5.0 AppleWebKit/537.36 (KHTML, like Gecko; compatible; GPTBot/1.3; +https://openai.com/gptbot)"
85.208.96.200 - - [03/Mar/2026:03:58:35 +0000] "GET /shop/pg/913657 HTTP/1.1" 200 24579 "-" "Mozilla/5.0 (compatible; SemrushBot/7~bl; +http://www.semrush.com/bot.html)"
85.208.96.194 - - [03/Mar/2026:03:58:43 +0000] "GET /shop/pg/1907786 HTTP/1.1" 200 25021 "-" "Mozilla/5.0 (compatible; SemrushBot/7~bl; +http://www.semrush.com/bot.html)"
185.191.171.8 - - [03/Mar/2026:03:58:46 +0000] "GET /shop/pg/912328 HTTP/1.1" 200 24285 "-" "Mozilla/5.0 (compatible; SemrushBot/7~bl; +http://www.semrush.com/bot.html)"
85.208.96.211 - - [03/Mar/2026:03:58:50 +0000] "GET /shop/pg/896421 HTTP/1.1" 200 24608 "-" "Mozilla/5.0 (compatible; SemrushBot/7~bl; +http://www.semrush.com/bot.html)"
57.141.20.43 - - [03/Mar/2026:03:58:53 +0000] "GET /shopping/products/162046417286 HTTP/1.1" 500 2431 "-" "meta-externalagent/1.1 (+https://developers.facebook.com/docs/sharing/webmasters/crawler)"
74.7.242.54 - - [03/Mar/2026:03:58:59 +0000] "GET /shop/pg/161899270 HTTP/1.1" 200 24947 "http://elementalmill.com/shop/pg/95392" "Mozilla/5.0 AppleWebKit/537.36 (KHTML, like Gecko; compatible; GPTBot/1.3; +https://openai.com/gptbot)"
185.191.171.6 - - [03/Mar/2026:03:59:07 +0000] "GET /shop/pg/1618341637 HTTP/1.1" 200 24893 "-" "Mozilla/5.0 (compatible; SemrushBot/7~bl; +http://www.semrush.com/bot.html)"
74.7.242.54 - - [03/Mar/2026:03:59:09 +0000] "GET /shop/pg/161848727 HTTP/1.1" 200 24309 "http://elementalmill.com/shop/customer/bookmark.php?shopping/products/161841911" "Mozilla/5.0 AppleWebKit/537.36 (KHTML, like Gecko; compatible; GPTBot/1.3; +https://openai.com/gptbot)"
185.191.171.10 - - [03/Mar/2026:03:59:14 +0000] "GET /shop/pg/1456242 HTTP/1.1" 200 24563 "-" "Mozilla/5.0 (compatible; SemrushBot/7~bl; +http://www.semrush.com/bot.html)"
85.208.96.202 - - [03/Mar/2026:03:59:17 +0000] "GET /shop/pg/16201040685 HTTP/1.1" 200 25111 "-" "Mozilla/5.0 (compatible; SemrushBot/7~bl; +http://www.semrush.com/bot.html)"
74.7.242.54 - - [03/Mar/2026:03:59:19 +0000] "GET /shop/pg/161835580 HTTP/1.1" 200 24409 "http://elementalmill.com/shop/pg/31718" "Mozilla/5.0 AppleWebKit/537.36 (KHTML, like Gecko; compatible; GPTBot/1.3; +https://openai.com/gptbot)"
185.191.171.12 - - [03/Mar/2026:03:59:20 +0000] "GET /shop/pg/943648 HTTP/1.1" 200 24496 "-" "Mozilla/5.0 (compatible; SemrushBot/7~bl; +http://www.semrush.com/bot.html)"
74.7.242.54 - - [03/Mar/2026:03:59:30 +0000] "GET /shop/pg/161853252 HTTP/1.1" 200 24722 "http://elementalmill.com/shop/customer/bookmark.php?shopping/products/161846428" "Mozilla/5.0 AppleWebKit/537.36 (KHTML, like Gecko; compatible; GPTBot/1.3; +https://openai.com/gptbot)"
185.191.171.15 - - [03/Mar/2026:03:59:52 +0000] "GET /shop/pg/16211831689 HTTP/1.1" 200 25225 "-" "Mozilla/5.0 (compatible; SemrushBot/7~bl; +http://www.semrush.com/bot.html)"
185.191.171.13 - - [03/Mar/2026:03:59:56 +0000] "GET /shop/pg/13726 HTTP/1.1" 200 24278 "-" "Mozilla/5.0 (compatible; SemrushBot/7~bl; +http://www.semrush.com/bot.html)"
185.191.171.8 - - [03/Mar/2026:04:00:00 +0000] "GET /shop/pg/16211516953 HTTP/1.1" 200 25665 "-" "Mozilla/5.0 (compatible; SemrushBot/7~bl; +http://www.semrush.com/bot.html)"
57.141.20.3 - - [03/Mar/2026:04:00:00 +0000] "GET /shopping/products/162093696725 HTTP/1.1" 500 2431 "-" "meta-externalagent/1.1 (+https://developers.facebook.com/docs/sharing/webmasters/crawler)"
74.7.242.54 - - [03/Mar/2026:04:00:01 +0000] "GET /shop/pg/161833072 HTTP/1.1" 200 24475 "http://elementalmill.com/shop/pg/29208" "Mozilla/5.0 AppleWebKit/537.36 (KHTML, like Gecko; compatible; GPTBot/1.3; +https://openai.com/gptbot)"
85.208.96.200 - - [03/Mar/2026:04:00:23 +0000] "GET /shop/pg/298833 HTTP/1.1" 200 24299 "-" "Mozilla/5.0 (compatible; SemrushBot/7~bl; +http://www.semrush.com/bot.html)"
185.191.171.18 - - [03/Mar/2026:04:00:36 +0000] "GET /shop/pg/1619941057 HTTP/1.1" 200 26112 "-" "Mozilla/5.0 (compatible; SemrushBot/7~bl; +http://www.semrush.com/bot.html)"
185.191.171.11 - - [03/Mar/2026:04:00:54 +0000] "GET /shop/pg/1618196666 HTTP/1.1" 200 24968 "-" "Mozilla/5.0 (compatible; SemrushBot/7~bl; +http://www.semrush.com/bot.html)"
185.191.171.16 - - [03/Mar/2026:04:00:57 +0000] "GET /shop/pg/1618202621 HTTP/1.1" 200 24620 "-" "Mozilla/5.0 (compatible; SemrushBot/7~bl; +http://www.semrush.com/bot.html)"
57.141.20.58 - - [03/Mar/2026:04:01:06 +0000] "GET /shopping/products/16232556437 HTTP/1.1" 500 2431 "-" "meta-externalagent/1.1 (+https://developers.facebook.com/docs/sharing/webmasters/crawler)"
185.191.171.2 - - [03/Mar/2026:04:01:08 +0000] "GET /shop/pg/2083772 HTTP/1.1" 200 24478 "-" "Mozilla/5.0 (compatible; SemrushBot/7~bl; +http://www.semrush.com/bot.html)"
74.7.242.54 - - [03/Mar/2026:04:01:17 +0000] "GET /shop/pg/1618336295 HTTP/1.1" 200 24196 "http://elementalmill.com/shop/pg/161853252" "Mozilla/5.0 AppleWebKit/537.36 (KHTML, like Gecko; compatible; GPTBot/1.3; +https://openai.com/gptbot)"
185.191.171.9 - - [03/Mar/2026:04:01:33 +0000] "GET /shop/pg/1619900173 HTTP/1.1" 200 25548 "-" "Mozilla/5.0 (compatible; SemrushBot/7~bl; +http://www.semrush.com/bot.html)"
74.7.242.54 - - [03/Mar/2026:04:01:41 +0000] "GET /shop/pg/161845594 HTTP/1.1" 200 24358 "http://elementalmill.com/shop/pg/41740" "Mozilla/5.0 AppleWebKit/537.36 (KHTML, like Gecko; compatible; GPTBot/1.3; +https://openai.com/gptbot)"
85.208.96.208 - - [03/Mar/2026:04:01:55 +0000] "GET /shop/pg/901055 HTTP/1.1" 200 24689 "-" "Mozilla/5.0 (compatible; SemrushBot/7~bl; +http://www.semrush.com/bot.html)"
74.7.242.54 - - [03/Mar/2026:04:02:03 +0000] "GET /shop/pg/161881384 HTTP/1.1" 200 24329 "http://elementalmill.com/shop/pg/77514" "Mozilla/5.0 AppleWebKit/537.36 (KHTML, like Gecko; compatible; GPTBot/1.3; +https://openai.com/gptbot)"
85.208.96.208 - - [03/Mar/2026:04:02:03 +0000] "GET /shop/pg/16211670807 HTTP/1.1" 200 25511 "-" "Mozilla/5.0 (compatible; SemrushBot/7~bl; +http://www.semrush.com/bot.html)"
185.191.171.7 - - [03/Mar/2026:04:02:11 +0000] "GET /shop/pg/2057475 HTTP/1.1" 200 25533 "-" "Mozilla/5.0 (compatible; SemrushBot/7~bl; +http://www.semrush.com/bot.html)"
20.203.176.192 - - [03/Mar/2026:04:02:12 +0000] "GET /wp-content/plugins/hellopress/wp_filemanager.php HTTP/1.1" 500 2431 "-" "-"
74.7.242.54 - - [03/Mar/2026:04:02:13 +0000] "GET /shop/pg/161864872 HTTP/1.1" 200 25354 "http://elementalmill.com/shop/pg/61024" "Mozilla/5.0 AppleWebKit/537.36 (KHTML, like Gecko; compatible; GPTBot/1.3; +https://openai.com/gptbot)"
57.141.20.9 - - [03/Mar/2026:04:02:13 +0000] "GET /shopping/products/162262909573 HTTP/1.1" 500 2431 "-" "meta-externalagent/1.1 (+https://developers.facebook.com/docs/sharing/webmasters/crawler)"
20.203.176.192 - - [03/Mar/2026:04:02:14 +0000] "GET /gfile.php HTTP/1.1" 500 2431 "-" "-"
20.203.176.192 - - [03/Mar/2026:04:02:16 +0000] "GET /file61.php HTTP/1.1" 500 2431 "-" "-"
20.203.176.192 - - [03/Mar/2026:04:02:18 +0000] "GET /eee.php HTTP/1.1" 500 2431 "-" "-"
20.203.176.192 - - [03/Mar/2026:04:02:20 +0000] "GET /swallowable.php HTTP/1.1" 500 2431 "-" "-"
20.203.176.192 - - [03/Mar/2026:04:02:22 +0000] "GET //dox.php HTTP/1.1" 500 2431 "-" "-"
74.7.242.54 - - [03/Mar/2026:04:02:24 +0000] "GET /shop/pg/161885491 HTTP/1.1" 200 24499 "http://elementalmill.com/shop/pg/81625" "Mozilla/5.0 AppleWebKit/537.36 (KHTML, like Gecko; compatible; GPTBot/1.3; +https://openai.com/gptbot)"
20.203.176.192 - - [03/Mar/2026:04:02:24 +0000] "GET //qwas.php HTTP/1.1" 500 2431 "-" "-"
20.203.176.192 - - [03/Mar/2026:04:02:26 +0000] "GET /claw.php HTTP/1.1" 500 2431 "-" "-"
20.203.176.192 - - [03/Mar/2026:04:02:28 +0000] "GET /cfgy.php HTTP/1.1" 500 2431 "-" "-"
20.203.176.192 - - [03/Mar/2026:04:02:30 +0000] "GET /jbuft.php HTTP/1.1" 500 2431 "-" "-"
20.203.176.192 - - [03/Mar/2026:04:02:32 +0000] "GET /fvvff.php HTTP/1.1" 500 2431 "-" "-"
20.203.176.192 - - [03/Mar/2026:04:02:34 +0000] "GET /vaza.php HTTP/1.1" 500 2431 "-" "-"
20.203.176.192 - - [03/Mar/2026:04:02:35 +0000] "GET /a2.php HTTP/1.1" 500 2431 "-" "-"
185.191.171.3 - - [03/Mar/2026:04:02:37 +0000] "GET /shop/pg/891141 HTTP/1.1" 200 24524 "-" "Mozilla/5.0 (compatible; SemrushBot/7~bl; +http://www.semrush.com/bot.html)"
20.203.176.192 - - [03/Mar/2026:04:02:37 +0000] "GET /sty.php HTTP/1.1" 500 2431 "-" "-"
20.203.176.192 - - [03/Mar/2026:04:02:39 +0000] "GET /xxxx.php HTTP/1.1" 500 2431 "-" "-"
20.203.176.192 - - [03/Mar/2026:04:02:41 +0000] "GET //h.php HTTP/1.1" 500 2431 "-" "-"
20.203.176.192 - - [03/Mar/2026:04:02:43 +0000] "GET /g.php HTTP/1.1" 500 2431 "-" "-"
85.208.96.206 - - [03/Mar/2026:04:02:45 +0000] "GET /shop/pg/1975592 HTTP/1.1" 200 24814 "-" "Mozilla/5.0 (compatible; SemrushBot/7~bl; +http://www.semrush.com/bot.html)"
20.203.176.192 - - [03/Mar/2026:04:02:45 +0000] "GET /pp.php HTTP/1.1" 500 2431 "-" "-"
20.203.176.192 - - [03/Mar/2026:04:02:47 +0000] "GET //sys.php HTTP/1.1" 500 2431 "-" "-"
20.203.176.192 - - [03/Mar/2026:04:02:49 +0000] "GET /txets.php HTTP/1.1" 500 2431 "-" "-"
20.203.176.192 - - [03/Mar/2026:04:02:51 +0000] "GET /tt.php HTTP/1.1" 500 2431 "-" "-"
20.203.176.192 - - [03/Mar/2026:04:02:53 +0000] "GET /wp9.php HTTP/1.1" 500 2431 "-" "-"
20.203.176.192 - - [03/Mar/2026:04:02:55 +0000] "GET /path.php HTTP/1.1" 500 2431 "-" "-"
74.7.242.54 - - [03/Mar/2026:04:02:56 +0000] "GET /shop/pg/161879665 HTTP/1.1" 200 24722 "http://elementalmill.com/shop/pg/75777" "Mozilla/5.0 AppleWebKit/537.36 (KHTML, like Gecko; compatible; GPTBot/1.3; +https://openai.com/gptbot)"
20.203.176.192 - - [03/Mar/2026:04:02:56 +0000] "GET /wdf.php HTTP/1.1" 500 2431 "-" "-"
20.203.176.192 - - [03/Mar/2026:04:02:58 +0000] "GET //2.php HTTP/1.1" 500 2431 "-" "-"
20.203.176.192 - - [03/Mar/2026:04:02:59 +0000] "GET /wp-tem.php HTTP/1.1" 500 2431 "-" "-"
185.191.171.17 - - [03/Mar/2026:04:03:01 +0000] "GET /shop/pg/1619898211 HTTP/1.1" 200 25882 "-" "Mozilla/5.0 (compatible; SemrushBot/7~bl; +http://www.semrush.com/bot.html)"
20.203.176.192 - - [03/Mar/2026:04:03:02 +0000] "GET /av6m.php HTTP/1.1" 500 2431 "-" "-"
20.203.176.192 - - [03/Mar/2026:04:03:04 +0000] "GET /autogooey.php HTTP/1.1" 500 2431 "-" "-"
20.203.176.192 - - [03/Mar/2026:04:03:06 +0000] "GET /btx25.php HTTP/1.1" 500 2431 "-" "-"
85.208.96.195 - - [03/Mar/2026:04:03:06 +0000] "GET /shop/pg/16201279759 HTTP/1.1" 200 25539 "-" "Mozilla/5.0 (compatible; SemrushBot/7~bl; +http://www.semrush.com/bot.html)"
20.203.176.192 - - [03/Mar/2026:04:03:07 +0000] "GET /mga.php HTTP/1.1" 500 2431 "-" "-"
20.203.176.192 - - [03/Mar/2026:04:03:09 +0000] "GET /maxro.php HTTP/1.1" 500 2431 "-" "-"
20.203.176.192 - - [03/Mar/2026:04:03:12 +0000] "GET /agg.php HTTP/1.1" 500 2431 "-" "-"
20.203.176.192 - - [03/Mar/2026:04:03:14 +0000] "GET /pass4.php HTTP/1.1" 500 2431 "-" "-"
20.203.176.192 - - [03/Mar/2026:04:03:16 +0000] "GET /wsvvs.php HTTP/1.1" 500 2431 "-" "-"
74.7.242.54 - - [03/Mar/2026:04:03:16 +0000] "GET /shop/pg/161863030 HTTP/1.1" 200 24167 "http://elementalmill.com/shop/pg/59156" "Mozilla/5.0 AppleWebKit/537.36 (KHTML, like Gecko; compatible; GPTBot/1.3; +https://openai.com/gptbot)"
20.203.176.192 - - [03/Mar/2026:04:03:18 +0000] "GET /G-In.php HTTP/1.1" 500 2431 "-" "-"
20.203.176.192 - - [03/Mar/2026:04:03:20 +0000] "GET //edit.php HTTP/1.1" 500 2431 "-" "-"
57.141.20.43 - - [03/Mar/2026:04:03:20 +0000] "GET /shopping/products/162197127570 HTTP/1.1" 500 2431 "-" "meta-externalagent/1.1 (+https://developers.facebook.com/docs/sharing/webmasters/crawler)"
85.208.96.196 - - [03/Mar/2026:04:03:20 +0000] "GET /shop/pg/16201057773 HTTP/1.1" 200 24721 "-" "Mozilla/5.0 (compatible; SemrushBot/7~bl; +http://www.semrush.com/bot.html)"
20.203.176.192 - - [03/Mar/2026:04:03:21 +0000] "GET /ioxi-o.php HTTP/1.1" 500 2431 "-" "-"
20.203.176.192 - - [03/Mar/2026:04:03:23 +0000] "GET /wp-content/admin.php HTTP/1.1" 500 2431 "-" "-"
185.191.171.16 - - [03/Mar/2026:04:03:24 +0000] "GET /shop/pg/16222055116 HTTP/1.1" 200 24731 "-" "Mozilla/5.0 (compatible; SemrushBot/7~bl; +http://www.semrush.com/bot.html)"
20.203.176.192 - - [03/Mar/2026:04:03:25 +0000] "GET /66.php HTTP/1.1" 500 2431 "-" "-"
20.203.176.192 - - [03/Mar/2026:04:03:27 +0000] "GET //wp-includes/js/tinymce/themes/inlite/ HTTP/1.1" 500 2431 "-" "-"
20.203.176.192 - - [03/Mar/2026:04:03:29 +0000] "GET /gifclass.php HTTP/1.1" 500 2431 "-" "-"
20.203.176.192 - - [03/Mar/2026:04:03:30 +0000] "GET /wp-includes/assets/index.php HTTP/1.1" 500 2431 "-" "-"
85.208.96.208 - - [03/Mar/2026:04:03:30 +0000] "GET /shop/pg/2045142 HTTP/1.1" 200 26044 "-" "Mozilla/5.0 (compatible; SemrushBot/7~bl; +http://www.semrush.com/bot.html)"
20.203.176.192 - - [03/Mar/2026:04:03:32 +0000] "GET //wp-admin/images/wp-conflg.php?p= HTTP/1.1" 500 2431 "-" "-"
20.203.176.192 - - [03/Mar/2026:04:03:34 +0000] "GET /wp-content/plugins/index.php?p= HTTP/1.1" 500 2431 "-" "-"
185.191.171.8 - - [03/Mar/2026:04:03:35 +0000] "GET /shop/pg/1618117282 HTTP/1.1" 200 24469 "-" "Mozilla/5.0 (compatible; SemrushBot/7~bl; +http://www.semrush.com/bot.html)"
20.203.176.192 - - [03/Mar/2026:04:03:36 +0000] "GET //assets/css/index.php HTTP/1.1" 500 2431 "-" "-"
20.203.176.192 - - [03/Mar/2026:04:03:38 +0000] "GET /sc.php HTTP/1.1" 500 2431 "-" "-"
74.7.242.54 - - [03/Mar/2026:04:03:38 +0000] "GET /shop/pg/1618328657 HTTP/1.1" 200 24373 "http://elementalmill.com/shop/pg/161845594" "Mozilla/5.0 AppleWebKit/537.36 (KHTML, like Gecko; compatible; GPTBot/1.3; +https://openai.com/gptbot)"
20.203.176.192 - - [03/Mar/2026:04:03:40 +0000] "GET /xmlrpc.php HTTP/1.1" 500 2431 "-" "-"
20.203.176.192 - - [03/Mar/2026:04:03:41 +0000] "GET /ol.php HTTP/1.1" 500 2431 "-" "-"
20.203.176.192 - - [03/Mar/2026:04:03:43 +0000] "GET //f6.php HTTP/1.1" 500 2431 "-" "-"
20.203.176.192 - - [03/Mar/2026:04:03:45 +0000] "GET //inputs.php HTTP/1.1" 500 2431 "-" "-"
20.203.176.192 - - [03/Mar/2026:04:03:47 +0000] "GET /style.php HTTP/1.1" 500 2431 "-" "-"
20.203.176.192 - - [03/Mar/2026:04:03:49 +0000] "GET /bgymj.php HTTP/1.1" 500 2431 "-" "-"
20.203.176.192 - - [03/Mar/2026:04:03:51 +0000] "GET //aa.php HTTP/1.1" 500 2431 "-" "-"
20.203.176.192 - - [03/Mar/2026:04:03:53 +0000] "GET //1.php HTTP/1.1" 500 2431 "-" "-"
20.203.176.192 - - [03/Mar/2026:04:03:55 +0000] "GET //sc.php HTTP/1.1" 500 2431 "-" "-"
20.203.176.192 - - [03/Mar/2026:04:03:57 +0000] "GET //av.php HTTP/1.1" 500 2431 "-" "-"
20.203.176.192 - - [03/Mar/2026:04:03:59 +0000] "GET /file.php? HTTP/1.1" 500 2431 "-" "-"
20.203.176.192 - - [03/Mar/2026:04:04:00 +0000] "GET /666.php HTTP/1.1" 500 2431 "-" "-"
20.203.176.192 - - [03/Mar/2026:04:04:02 +0000] "GET /file59.php HTTP/1.1" 500 2431 "-" "-"
185.191.171.3 - - [03/Mar/2026:04:04:04 +0000] "GET /shop/pg/1619926975 HTTP/1.1" 200 25182 "-" "Mozilla/5.0 (compatible; SemrushBot/7~bl; +http://www.semrush.com/bot.html)"
20.203.176.192 - - [03/Mar/2026:04:04:04 +0000] "GET /bless.php HTTP/1.1" 500 2431 "-" "-"
20.203.176.192 - - [03/Mar/2026:04:04:06 +0000] "GET /wp9.php HTTP/1.1" 500 2431 "-" "-"
74.7.242.54 - - [03/Mar/2026:04:04:08 +0000] "GET /shop/pg/1618347935 HTTP/1.1" 200 24413 "http://elementalmill.com/shop/pg/161864872" "Mozilla/5.0 AppleWebKit/537.36 (KHTML, like Gecko; compatible; GPTBot/1.3; +https://openai.com/gptbot)"
85.208.96.194 - - [03/Mar/2026:04:04:08 +0000] "GET /shop/pg/1619979496 HTTP/1.1" 200 25199 "-" "Mozilla/5.0 (compatible; SemrushBot/7~bl; +http://www.semrush.com/bot.html)"
20.203.176.192 - - [03/Mar/2026:04:04:08 +0000] "GET /wp-act.php HTTP/1.1" 500 2431 "-" "-"
20.203.176.192 - - [03/Mar/2026:04:04:10 +0000] "GET /class-t.api.php HTTP/1.1" 500 2431 "-" "-"
20.203.176.192 - - [03/Mar/2026:04:04:12 +0000] "GET /xqq.php HTTP/1.1" 500 2431 "-" "-"
20.203.176.192 - - [03/Mar/2026:04:04:14 +0000] "GET /wp-admin/css/bolt.php HTTP/1.1" 500 2431 "-" "-"
85.208.96.197 - - [03/Mar/2026:04:04:15 +0000] "GET /shop/pg/1712436 HTTP/1.1" 200 24951 "-" "Mozilla/5.0 (compatible; SemrushBot/7~bl; +http://www.semrush.com/bot.html)"
20.203.176.192 - - [03/Mar/2026:04:04:16 +0000] "GET /a.php?p= HTTP/1.1" 500 2431 "-" "-"
74.7.242.54 - - [03/Mar/2026:04:04:17 +0000] "GET /shop/pg/161865877 HTTP/1.1" 200 24249 "http://elementalmill.com/shop/pg/62031" "Mozilla/5.0 AppleWebKit/537.36 (KHTML, like Gecko; compatible; GPTBot/1.3; +https://openai.com/gptbot)"
20.203.176.192 - - [03/Mar/2026:04:04:18 +0000] "GET /06.php HTTP/1.1" 500 2431 "-" "-"
20.203.176.192 - - [03/Mar/2026:04:04:19 +0000] "GET /plss3.php HTTP/1.1" 500 2431 "-" "-"
20.203.176.192 - - [03/Mar/2026:04:04:21 +0000] "GET /aaa.php?p= HTTP/1.1" 500 2431 "-" "-"
20.203.176.192 - - [03/Mar/2026:04:04:23 +0000] "GET /classwithtostring.php?p= HTTP/1.1" 500 2431 "-" "-"
20.203.176.192 - - [03/Mar/2026:04:04:25 +0000] "GET /wp-content/themes/index.php HTTP/1.1" 500 2431 "-" "-"
57.141.20.0 - - [03/Mar/2026:04:04:27 +0000] "GET /shopping/products/16182868199 HTTP/1.1" 500 2431 "-" "meta-externalagent/1.1 (+https://developers.facebook.com/docs/sharing/webmasters/crawler)"
20.203.176.192 - - [03/Mar/2026:04:04:27 +0000] "GET /tinyfilemanager.php?p= HTTP/1.1" 500 2431 "-" "-"
20.203.176.192 - - [03/Mar/2026:04:04:29 +0000] "GET //x.php HTTP/1.1" 500 2431 "-" "-"
20.203.176.192 - - [03/Mar/2026:04:04:32 +0000] "GET /ms.php HTTP/1.1" 500 2431 "-" "-"
20.203.176.192 - - [03/Mar/2026:04:04:34 +0000] "GET //wp-content/plugins/erinyani/ HTTP/1.1" 500 2431 "-" "-"
85.208.96.204 - - [03/Mar/2026:04:04:35 +0000] "GET /shop/pg/913403 HTTP/1.1" 200 24456 "-" "Mozilla/5.0 (compatible; SemrushBot/7~bl; +http://www.semrush.com/bot.html)"
20.203.176.192 - - [03/Mar/2026:04:04:36 +0000] "GET /wdf.php HTTP/1.1" 500 2431 "-" "-"
20.203.176.192 - - [03/Mar/2026:04:04:37 +0000] "GET /wp-update.php HTTP/1.1" 500 2431 "-" "-"
20.203.176.192 - - [03/Mar/2026:04:04:39 +0000] "GET /sbhu.php HTTP/1.1" 500 2431 "-" "-"
20.203.176.192 - - [03/Mar/2026:04:04:41 +0000] "GET /x/ HTTP/1.1" 500 2431 "-" "-"
20.203.176.192 - - [03/Mar/2026:04:04:43 +0000] "GET /wp-blog.php HTTP/1.1" 500 2431 "-" "-"
185.191.171.2 - - [03/Mar/2026:04:04:44 +0000] "GET /shop/pg/1618122250 HTTP/1.1" 200 24421 "-" "Mozilla/5.0 (compatible; SemrushBot/7~bl; +http://www.semrush.com/bot.html)"
20.203.176.192 - - [03/Mar/2026:04:04:45 +0000] "GET /test1.php HTTP/1.1" 500 2431 "-" "-"
20.203.176.192 - - [03/Mar/2026:04:04:47 +0000] "GET //wp-includes/js/jquery/ HTTP/1.1" 500 2431 "-" "-"
74.7.242.54 - - [03/Mar/2026:04:04:48 +0000] "GET /shop/pg/1618362740 HTTP/1.1" 200 24313 "http://elementalmill.com/shop/pg/161879665" "Mozilla/5.0 AppleWebKit/537.36 (KHTML, like Gecko; compatible; GPTBot/1.3; +https://openai.com/gptbot)"
20.203.176.192 - - [03/Mar/2026:04:04:49 +0000] "GET /166.php HTTP/1.1" 500 2431 "-" "-"
20.203.176.192 - - [03/Mar/2026:04:04:51 +0000] "GET /fleen.php?p= HTTP/1.1" 500 2431 "-" "-"
20.203.176.192 - - [03/Mar/2026:04:04:53 +0000] "GET //wp-content/admin.php HTTP/1.1" 500 2431 "-" "-"
20.203.176.192 - - [03/Mar/2026:04:04:55 +0000] "GET /ms-edit.php HTTP/1.1" 500 2431 "-" "-"
20.203.176.192 - - [03/Mar/2026:04:04:57 +0000] "GET //adminfuns.php HTTP/1.1" 500 2431 "-" "-"
74.7.242.54 - - [03/Mar/2026:04:04:57 +0000] "GET /shop/pg/161821534 HTTP/1.1" 200 24414 "http://elementalmill.com/shop/pg/17664" "Mozilla/5.0 AppleWebKit/537.36 (KHTML, like Gecko; compatible; GPTBot/1.3; +https://openai.com/gptbot)"
20.203.176.192 - - [03/Mar/2026:04:04:59 +0000] "GET /goods.php HTTP/1.1" 500 2431 "-" "-"
20.203.176.192 - - [03/Mar/2026:04:05:01 +0000] "GET /ms-edit.php HTTP/1.1" 500 2431 "-" "-"
185.191.171.17 - - [03/Mar/2026:04:05:01 +0000] "GET /shop/pg/1618110163 HTTP/1.1" 200 24601 "-" "Mozilla/5.0 (compatible; SemrushBot/7~bl; +http://www.semrush.com/bot.html)"
20.203.176.192 - - [03/Mar/2026:04:05:03 +0000] "GET /222.php HTTP/1.1" 500 2431 "-" "-"
20.203.176.192 - - [03/Mar/2026:04:05:05 +0000] "GET /plugins.php?p= HTTP/1.1" 500 2431 "-" "-"
20.203.176.192 - - [03/Mar/2026:04:05:07 +0000] "GET //cgi-bin/index.php HTTP/1.1" 500 2431 "-" "-"
20.203.176.192 - - [03/Mar/2026:04:05:09 +0000] "GET //wp-includes/js/dist/ HTTP/1.1" 500 2431 "-" "-"
20.203.176.192 - - [03/Mar/2026:04:05:11 +0000] "GET /ff1.php HTTP/1.1" 500 2431 "-" "-"
185.191.171.12 - - [03/Mar/2026:04:05:11 +0000] "GET /shop/pg/16201399914 HTTP/1.1" 200 24744 "-" "Mozilla/5.0 (compatible; SemrushBot/7~bl; +http://www.semrush.com/bot.html)"
20.203.176.192 - - [03/Mar/2026:04:05:13 +0000] "GET /fff.php HTTP/1.1" 500 2431 "-" "-"
20.203.176.192 - - [03/Mar/2026:04:05:15 +0000] "GET /wp-content/ HTTP/1.1" 500 2431 "-" "-"
185.191.171.16 - - [03/Mar/2026:04:05:16 +0000] "GET /shop/pg/1619892987 HTTP/1.1" 200 25308 "-" "Mozilla/5.0 (compatible; SemrushBot/7~bl; +http://www.semrush.com/bot.html)"
20.203.176.192 - - [03/Mar/2026:04:05:17 +0000] "GET /goat.php HTTP/1.1" 500 2431 "-" "-"
20.203.176.192 - - [03/Mar/2026:04:05:18 +0000] "GET /155.php HTTP/1.1" 500 2431 "-" "-"
20.203.176.192 - - [03/Mar/2026:04:05:20 +0000] "GET /we.php HTTP/1.1" 500 2431 "-" "-"
20.203.176.192 - - [03/Mar/2026:04:05:22 +0000] "GET /alpha.php HTTP/1.1" 500 2431 "-" "-"
20.203.176.192 - - [03/Mar/2026:04:05:24 +0000] "GET /makeasmtp.php?p= HTTP/1.1" 500 2431 "-" "-"
20.203.176.192 - - [03/Mar/2026:04:05:26 +0000] "GET /wp-michan.php HTTP/1.1" 500 2431 "-" "-"
20.203.176.192 - - [03/Mar/2026:04:05:28 +0000] "GET //wp-content/cong.php HTTP/1.1" 500 2431 "-" "-"
20.203.176.192 - - [03/Mar/2026:04:05:29 +0000] "GET /wp-the.php HTTP/1.1" 500 2431 "-" "-"
20.203.176.192 - - [03/Mar/2026:04:05:31 +0000] "GET //wp-includes/css/dist/ HTTP/1.1" 500 2431 "-" "-"
57.141.20.14 - - [03/Mar/2026:04:05:33 +0000] "GET /shopping/products/162199478441 HTTP/1.1" 500 2431 "-" "meta-externalagent/1.1 (+https://developers.facebook.com/docs/sharing/webmasters/crawler)"
20.203.176.192 - - [03/Mar/2026:04:05:33 +0000] "GET /BDKR28WP.php HTTP/1.1" 500 2431 "-" "-"
20.203.176.192 - - [03/Mar/2026:04:05:35 +0000] "GET //wp-includes/l10n/ HTTP/1.1" 500 2431 "-" "-"
74.7.242.54 - - [03/Mar/2026:04:05:36 +0000] "GET /shop/pg/161860981 HTTP/1.1" 200 24579 "http://elementalmill.com/shop/pg/57117" "Mozilla/5.0 AppleWebKit/537.36 (KHTML, like Gecko; compatible; GPTBot/1.3; +https://openai.com/gptbot)"
20.203.176.192 - - [03/Mar/2026:04:05:37 +0000] "GET /wp.php HTTP/1.1" 500 2431 "-" "-"
20.203.176.192 - - [03/Mar/2026:04:05:39 +0000] "GET //assets/css/index.php?p= HTTP/1.1" 500 2431 "-" "-"
20.203.176.192 - - [03/Mar/2026:04:05:41 +0000] "GET /w4.php HTTP/1.1" 500 2431 "-" "-"
185.191.171.7 - - [03/Mar/2026:04:05:43 +0000] "GET /shop/pg/1619939880 HTTP/1.1" 200 25743 "-" "Mozilla/5.0 (compatible; SemrushBot/7~bl; +http://www.semrush.com/bot.html)"
20.203.176.192 - - [03/Mar/2026:04:05:43 +0000] "GET //wp-admin/js/widgets/index.php HTTP/1.1" 500 2431 "-" "-"
20.203.176.192 - - [03/Mar/2026:04:05:45 +0000] "GET /ok.php HTTP/1.1" 500 2431 "-" "-"
20.203.176.192 - - [03/Mar/2026:04:05:47 +0000] "GET //about.php HTTP/1.1" 200 349 "-" "-"
20.203.176.192 - - [03/Mar/2026:04:05:48 +0000] "GET /tymn.php?p= HTTP/1.1" 500 2431 "-" "-"
20.203.176.192 - - [03/Mar/2026:04:05:50 +0000] "GET //bak.php HTTP/1.1" 500 2431 "-" "-"
20.203.176.192 - - [03/Mar/2026:04:05:52 +0000] "GET /wp-admin/js/fi.php HTTP/1.1" 500 2431 "-" "-"
20.203.176.192 - - [03/Mar/2026:04:05:54 +0000] "GET /fe5.php HTTP/1.1" 500 2431 "-" "-"
74.7.242.54 - - [03/Mar/2026:04:05:54 +0000] "GET /shop/pg/161861956 HTTP/1.1" 200 25177 "http://elementalmill.com/shop/pg/58078" "Mozilla/5.0 AppleWebKit/537.36 (KHTML, like Gecko; compatible; GPTBot/1.3; +https://openai.com/gptbot)"
20.203.176.192 - - [03/Mar/2026:04:05:56 +0000] "GET /kj.php HTTP/1.1" 500 2431 "-" "-"
20.203.176.192 - - [03/Mar/2026:04:05:58 +0000] "GET //wp-content/uploads/2021/02/index.php HTTP/1.1" 500 2431 "-" "-"
20.203.176.192 - - [03/Mar/2026:04:06:00 +0000] "GET /av.php HTTP/1.1" 500 2431 "-" "-"
20.203.176.192 - - [03/Mar/2026:04:06:02 +0000] "GET /abcd.php HTTP/1.1" 500 2431 "-" "-"
85.208.96.194 - - [03/Mar/2026:04:06:03 +0000] "GET /robots.txt HTTP/1.1" 200 153 "-" "Mozilla/5.0 (compatible; SemrushBot/7~bl; +http://www.semrush.com/bot.html)"
20.203.176.192 - - [03/Mar/2026:04:06:04 +0000] "GET /init.php HTTP/1.1" 500 2431 "-" "-"
185.191.171.8 - - [03/Mar/2026:04:06:05 +0000] "GET /shop/pg/173670 HTTP/1.1" 200 24546 "-" "Mozilla/5.0 (compatible; SemrushBot/7~bl; +http://www.semrush.com/bot.html)"
20.203.176.192 - - [03/Mar/2026:04:06:06 +0000] "GET /fi.php HTTP/1.1" 500 2431 "-" "-"
20.203.176.192 - - [03/Mar/2026:04:06:08 +0000] "GET //a1.php HTTP/1.1" 500 2431 "-" "-"
20.203.176.192 - - [03/Mar/2026:04:06:10 +0000] "GET /update/f35.php HTTP/1.1" 500 2431 "-" "-"
85.208.96.204 - - [03/Mar/2026:04:06:11 +0000] "GET /shop/pg/1618193645 HTTP/1.1" 200 24365 "-" "Mozilla/5.0 (compatible; SemrushBot/7~bl; +http://www.semrush.com/bot.html)"
20.203.176.192 - - [03/Mar/2026:04:06:12 +0000] "GET /wp-includes/Text/Diff/Engine/about.php HTTP/1.1" 500 2431 "-" "-"
20.203.176.192 - - [03/Mar/2026:04:06:14 +0000] "GET /f35.php HTTP/1.1" 500 2431 "-" "-"
20.203.176.192 - - [03/Mar/2026:04:06:16 +0000] "GET /hi.php HTTP/1.1" 500 2431 "-" "-"
20.203.176.192 - - [03/Mar/2026:04:06:18 +0000] "GET //lala.php HTTP/1.1" 500 2431 "-" "-"
20.203.176.192 - - [03/Mar/2026:04:06:19 +0000] "GET /lb.php HTTP/1.1" 500 2431 "-" "-"
20.203.176.192 - - [03/Mar/2026:04:06:21 +0000] "GET //wp-includes/css/index.php?p= HTTP/1.1" 500 2431 "-" "-"
20.203.176.192 - - [03/Mar/2026:04:06:23 +0000] "GET /0.php HTTP/1.1" 500 2431 "-" "-"
185.191.171.16 - - [03/Mar/2026:04:06:23 +0000] "GET /shop/pg/944490 HTTP/1.1" 200 24225 "-" "Mozilla/5.0 (compatible; SemrushBot/7~bl; +http://www.semrush.com/bot.html)"
20.203.176.192 - - [03/Mar/2026:04:06:25 +0000] "GET /core.php HTTP/1.1" 500 2431 "-" "-"
20.203.176.192 - - [03/Mar/2026:04:06:27 +0000] "GET /autogooey.php HTTP/1.1" 500 2431 "-" "-"
20.203.176.192 - - [03/Mar/2026:04:06:29 +0000] "GET /wp-includes/SimplePie/ HTTP/1.1" 500 2431 "-" "-"
20.203.176.192 - - [03/Mar/2026:04:06:31 +0000] "GET /prv8.php HTTP/1.1" 500 2431 "-" "-"
20.203.176.192 - - [03/Mar/2026:04:06:33 +0000] "GET /k.php HTTP/1.1" 500 2431 "-" "-"
20.203.176.192 - - [03/Mar/2026:04:06:36 +0000] "GET /dev.php HTTP/1.1" 500 2431 "-" "-"
85.208.96.209 - - [03/Mar/2026:04:06:37 +0000] "GET /shop/pg/902171 HTTP/1.1" 200 24913 "-" "Mozilla/5.0 (compatible; SemrushBot/7~bl; +http://www.semrush.com/bot.html)"
20.203.176.192 - - [03/Mar/2026:04:06:38 +0000] "GET /x123x.php HTTP/1.1" 500 2431 "-" "-"
57.141.20.30 - - [03/Mar/2026:04:06:40 +0000] "GET /shopping/products/161879632832 HTTP/1.1" 500 2431 "-" "meta-externalagent/1.1 (+https://developers.facebook.com/docs/sharing/webmasters/crawler)"
20.203.176.192 - - [03/Mar/2026:04:06:40 +0000] "GET /bal.php HTTP/1.1" 500 2431 "-" "-"
20.203.176.192 - - [03/Mar/2026:04:06:42 +0000] "GET /in.php HTTP/1.1" 500 2431 "-" "-"
20.203.176.192 - - [03/Mar/2026:04:06:44 +0000] "GET /gssdd.php HTTP/1.1" 500 2431 "-" "-"
20.203.176.192 - - [03/Mar/2026:04:06:46 +0000] "GET /motu.php HTTP/1.1" 500 2431 "-" "-"
20.203.176.192 - - [03/Mar/2026:04:06:48 +0000] "GET /bs1.php HTTP/1.1" 500 2431 "-" "-"
20.203.176.192 - - [03/Mar/2026:04:06:50 +0000] "GET /bengi.php HTTP/1.1" 500 2431 "-" "-"
85.208.96.193 - - [03/Mar/2026:04:06:52 +0000] "GET /shop/pg/1210026 HTTP/1.1" 200 24217 "-" "Mozilla/5.0 (compatible; SemrushBot/7~bl; +http://www.semrush.com/bot.html)"
20.203.176.192 - - [03/Mar/2026:04:06:52 +0000] "GET //log.php HTTP/1.1" 500 2431 "-" "-"
74.7.242.54 - - [03/Mar/2026:04:06:53 +0000] "GET /shop/pg/1618304573 HTTP/1.1" 200 24560 "http://elementalmill.com/shop/pg/161821534" "Mozilla/5.0 AppleWebKit/537.36 (KHTML, like Gecko; compatible; GPTBot/1.3; +https://openai.com/gptbot)"
20.203.176.192 - - [03/Mar/2026:04:06:55 +0000] "GET /miansha.php HTTP/1.1" 500 2431 "-" "-"
20.203.176.192 - - [03/Mar/2026:04:06:57 +0000] "GET //erty.php HTTP/1.1" 500 2431 "-" "-"
20.203.176.192 - - [03/Mar/2026:04:06:59 +0000] "GET /wp-content/plugins/pwnd/as.php HTTP/1.1" 500 2431 "-" "-"
20.203.176.192 - - [03/Mar/2026:04:07:01 +0000] "GET /X57.php HTTP/1.1" 500 2431 "-" "-"
74.7.242.54 - - [03/Mar/2026:04:07:03 +0000] "GET /shop/pg/161826736 HTTP/1.1" 200 24635 "http://elementalmill.com/shop/pg/22872" "Mozilla/5.0 AppleWebKit/537.36 (KHTML, like Gecko; compatible; GPTBot/1.3; +https://openai.com/gptbot)"
20.203.176.192 - - [03/Mar/2026:04:07:03 +0000] "GET /axx.php HTTP/1.1" 500 2431 "-" "-"
185.191.171.17 - - [03/Mar/2026:04:07:03 +0000] "GET /shop/pg/1619909604 HTTP/1.1" 200 25411 "-" "Mozilla/5.0 (compatible; SemrushBot/7~bl; +http://www.semrush.com/bot.html)"
20.203.176.192 - - [03/Mar/2026:04:07:05 +0000] "GET /alfashell.php HTTP/1.1" 500 2431 "-" "-"
20.203.176.192 - - [03/Mar/2026:04:07:07 +0000] "GET /myfile.php HTTP/1.1" 500 2431 "-" "-"
20.203.176.192 - - [03/Mar/2026:04:07:09 +0000] "GET /re.php HTTP/1.1" 500 2431 "-" "-"
20.203.176.192 - - [03/Mar/2026:04:07:11 +0000] "GET /styll.php HTTP/1.1" 500 2431 "-" "-"
20.203.176.192 - - [03/Mar/2026:04:07:13 +0000] "GET /flower.php HTTP/1.1" 500 2431 "-" "-"
74.7.242.54 - - [03/Mar/2026:04:07:13 +0000] "GET /shop/pg/161844067 HTTP/1.1" 200 25125 "http://elementalmill.com/shop/pg/40199" "Mozilla/5.0 AppleWebKit/537.36 (KHTML, like Gecko; compatible; GPTBot/1.3; +https://openai.com/gptbot)"
20.203.176.192 - - [03/Mar/2026:04:07:15 +0000] "GET /flower2.php HTTP/1.1" 500 2431 "-" "-"
20.203.176.192 - - [03/Mar/2026:04:07:17 +0000] "GET /4h.php HTTP/1.1" 500 2431 "-" "-"
20.203.176.192 - - [03/Mar/2026:04:07:19 +0000] "GET /gettest.php HTTP/1.1" 500 2431 "-" "-"
20.203.176.192 - - [03/Mar/2026:04:07:21 +0000] "GET /acp.php HTTP/1.1" 500 2431 "-" "-"
185.191.171.18 - - [03/Mar/2026:04:07:21 +0000] "GET /shop/pg/885494 HTTP/1.1" 200 24310 "-" "Mozilla/5.0 (compatible; SemrushBot/7~bl; +http://www.semrush.com/bot.html)"
20.203.176.192 - - [03/Mar/2026:04:07:23 +0000] "GET /database.php HTTP/1.1" 500 2431 "-" "-"
185.191.171.6 - - [03/Mar/2026:04:07:37 +0000] "GET /shop/pg/894232 HTTP/1.1" 200 24908 "-" "Mozilla/5.0 (compatible; SemrushBot/7~bl; +http://www.semrush.com/bot.html)"
74.7.242.54 - - [03/Mar/2026:04:07:43 +0000] "GET /shop/pg/161823880 HTTP/1.1" 200 24330 "http://elementalmill.com/shop/pg/20036" "Mozilla/5.0 AppleWebKit/537.36 (KHTML, like Gecko; compatible; GPTBot/1.3; +https://openai.com/gptbot)"
85.208.96.208 - - [03/Mar/2026:04:07:44 +0000] "GET /shop/pg/16201348371 HTTP/1.1" 200 25348 "-" "Mozilla/5.0 (compatible; SemrushBot/7~bl; +http://www.semrush.com/bot.html)"
57.141.20.22 - - [03/Mar/2026:04:07:47 +0000] "GET /shopping/products/16195928590 HTTP/1.1" 500 2431 "-" "meta-externalagent/1.1 (+https://developers.facebook.com/docs/sharing/webmasters/crawler)"
85.208.96.210 - - [03/Mar/2026:04:07:52 +0000] "GET /shop/pg/16674 HTTP/1.1" 200 24625 "-" "Mozilla/5.0 (compatible; SemrushBot/7~bl; +http://www.semrush.com/bot.html)"
74.7.242.54 - - [03/Mar/2026:04:07:53 +0000] "GET /shop/pg/161850034 HTTP/1.1" 200 24596 "http://elementalmill.com/shop/pg/46166" "Mozilla/5.0 AppleWebKit/537.36 (KHTML, like Gecko; compatible; GPTBot/1.3; +https://openai.com/gptbot)"
185.191.171.13 - - [03/Mar/2026:04:07:56 +0000] "GET /shop/pg/16211534720 HTTP/1.1" 200 24671 "-" "Mozilla/5.0 (compatible; SemrushBot/7~bl; +http://www.semrush.com/bot.html)"
74.7.242.54 - - [03/Mar/2026:04:08:03 +0000] "GET /shop/pg/161879584 HTTP/1.1" 200 24496 "http://elementalmill.com/shop/pg/75714" "Mozilla/5.0 AppleWebKit/537.36 (KHTML, like Gecko; compatible; GPTBot/1.3; +https://openai.com/gptbot)"
185.191.171.12 - - [03/Mar/2026:04:08:06 +0000] "GET /shop/pg/1619928093 HTTP/1.1" 200 24447 "-" "Mozilla/5.0 (compatible; SemrushBot/7~bl; +http://www.semrush.com/bot.html)"
85.208.96.205 - - [03/Mar/2026:04:08:13 +0000] "GET /shop/pg/318235 HTTP/1.1" 200 24451 "-" "Mozilla/5.0 (compatible; SemrushBot/7~bl; +http://www.semrush.com/bot.html)"
74.7.242.54 - - [03/Mar/2026:04:08:22 +0000] "GET /shop/pg/161894697 HTTP/1.1" 200 25061 "http://elementalmill.com/shopping/products/161890582" "Mozilla/5.0 AppleWebKit/537.36 (KHTML, like Gecko; compatible; GPTBot/1.3; +https://openai.com/gptbot)"
85.208.96.199 - - [03/Mar/2026:04:08:28 +0000] "GET /shop/pg/1341273 HTTP/1.1" 200 25135 "-" "Mozilla/5.0 (compatible; SemrushBot/7~bl; +http://www.semrush.com/bot.html)"
85.208.96.210 - - [03/Mar/2026:04:08:37 +0000] "GET /shop/pg/1618265094 HTTP/1.1" 200 24311 "-" "Mozilla/5.0 (compatible; SemrushBot/7~bl; +http://www.semrush.com/bot.html)"
85.208.96.211 - - [03/Mar/2026:04:08:41 +0000] "GET /shop/pg/1619916026 HTTP/1.1" 200 24438 "-" "Mozilla/5.0 (compatible; SemrushBot/7~bl; +http://www.semrush.com/bot.html)"
74.7.242.54 - - [03/Mar/2026:04:08:43 +0000] "GET /shop/pg/161860243 HTTP/1.1" 200 24168 "http://elementalmill.com/shop/pg/56373" "Mozilla/5.0 AppleWebKit/537.36 (KHTML, like Gecko; compatible; GPTBot/1.3; +https://openai.com/gptbot)"
57.141.20.43 - - [03/Mar/2026:04:08:53 +0000] "GET /shopping/products/162144017058 HTTP/1.1" 500 2431 "-" "meta-externalagent/1.1 (+https://developers.facebook.com/docs/sharing/webmasters/crawler)"
74.7.242.54 - - [03/Mar/2026:04:08:53 +0000] "GET /shop/pg/1618309793 HTTP/1.1" 200 24647 "http://elementalmill.com/shop/pg/161826736" "Mozilla/5.0 AppleWebKit/537.36 (KHTML, like Gecko; compatible; GPTBot/1.3; +https://openai.com/gptbot)"
85.208.96.198 - - [03/Mar/2026:04:09:12 +0000] "GET /shop/pg/1424707 HTTP/1.1" 200 25020 "-" "Mozilla/5.0 (compatible; SemrushBot/7~bl; +http://www.semrush.com/bot.html)"
185.191.171.11 - - [03/Mar/2026:04:09:16 +0000] "GET /shop/pg/1618255041 HTTP/1.1" 200 24887 "-" "Mozilla/5.0 (compatible; SemrushBot/7~bl; +http://www.semrush.com/bot.html)"
85.208.96.194 - - [03/Mar/2026:04:09:40 +0000] "GET /shop/pg/273191 HTTP/1.1" 200 24969 "-" "Mozilla/5.0 (compatible; SemrushBot/7~bl; +http://www.semrush.com/bot.html)"
185.191.171.4 - - [03/Mar/2026:04:09:50 +0000] "GET /shop/pg/287386 HTTP/1.1" 200 25135 "-" "Mozilla/5.0 (compatible; SemrushBot/7~bl; +http://www.semrush.com/bot.html)"
85.208.96.203 - - [03/Mar/2026:04:09:58 +0000] "GET /shop/pg/1619656964 HTTP/1.1" 200 25626 "-" "Mozilla/5.0 (compatible; SemrushBot/7~bl; +http://www.semrush.com/bot.html)"
57.141.20.36 - - [03/Mar/2026:04:10:00 +0000] "GET /shopping/products/162199743986 HTTP/1.1" 500 2431 "-" "meta-externalagent/1.1 (+https://developers.facebook.com/docs/sharing/webmasters/crawler)"
74.7.242.54 - - [03/Mar/2026:04:10:12 +0000] "GET /shop/pg/161891980 HTTP/1.1" 200 24264 "http://elementalmill.com/shop/pg/88120" "Mozilla/5.0 AppleWebKit/537.36 (KHTML, like Gecko; compatible; GPTBot/1.3; +https://openai.com/gptbot)"
185.191.171.19 - - [03/Mar/2026:04:10:13 +0000] "GET /shop/pg/1618492857 HTTP/1.1" 200 24181 "-" "Mozilla/5.0 (compatible; SemrushBot/7~bl; +http://www.semrush.com/bot.html)"
74.7.242.54 - - [03/Mar/2026:04:10:21 +0000] "GET /shop/pg/161856961 HTTP/1.1" 200 24503 "http://elementalmill.com/shop/pg/53095" "Mozilla/5.0 AppleWebKit/537.36 (KHTML, like Gecko; compatible; GPTBot/1.3; +https://openai.com/gptbot)"
74.7.242.54 - - [03/Mar/2026:04:10:30 +0000] "GET /shop/pg/161867110 HTTP/1.1" 200 24326 "http://elementalmill.com/shop/pg/63252" "Mozilla/5.0 AppleWebKit/537.36 (KHTML, like Gecko; compatible; GPTBot/1.3; +https://openai.com/gptbot)"
85.208.96.210 - - [03/Mar/2026:04:10:42 +0000] "GET /shop/pg/1619901386 HTTP/1.1" 200 24295 "-" "Mozilla/5.0 (compatible; SemrushBot/7~bl; +http://www.semrush.com/bot.html)"
185.191.171.10 - - [03/Mar/2026:04:10:47 +0000] "GET /shop/pg/178011 HTTP/1.1" 200 24263 "-" "Mozilla/5.0 (compatible; SemrushBot/7~bl; +http://www.semrush.com/bot.html)"
185.191.171.11 - - [03/Mar/2026:04:10:54 +0000] "GET /shop/pg/1333545 HTTP/1.1" 200 25967 "-" "Mozilla/5.0 (compatible; SemrushBot/7~bl; +http://www.semrush.com/bot.html)"
74.7.242.54 - - [03/Mar/2026:04:11:00 +0000] "GET /shop/pg/161896282 HTTP/1.1" 200 25295 "http://elementalmill.com/shop/pg/92416" "Mozilla/5.0 AppleWebKit/537.36 (KHTML, like Gecko; compatible; GPTBot/1.3; +https://openai.com/gptbot)"
185.191.171.1 - - [03/Mar/2026:04:11:03 +0000] "GET /shop/pg/905735 HTTP/1.1" 200 24259 "-" "Mozilla/5.0 (compatible; SemrushBot/7~bl; +http://www.semrush.com/bot.html)"
57.141.20.33 - - [03/Mar/2026:04:11:07 +0000] "GET /shopping/products/16206321222 HTTP/1.1" 500 2431 "-" "meta-externalagent/1.1 (+https://developers.facebook.com/docs/sharing/webmasters/crawler)"
74.7.242.54 - - [03/Mar/2026:04:11:22 +0000] "GET /shop/pg/161881588 HTTP/1.1" 200 24995 "http://elementalmill.com/shop/pg/77696" "Mozilla/5.0 AppleWebKit/537.36 (KHTML, like Gecko; compatible; GPTBot/1.3; +https://openai.com/gptbot)"
85.208.96.201 - - [03/Mar/2026:04:11:22 +0000] "GET /shop/pg/1618268076 HTTP/1.1" 200 25094 "-" "Mozilla/5.0 (compatible; SemrushBot/7~bl; +http://www.semrush.com/bot.html)"
74.7.242.54 - - [03/Mar/2026:04:11:33 +0000] "GET /shop/pg/161855738 HTTP/1.1" 200 24591 "http://elementalmill.com/shop/customer/bookmark.php?shopping/products/161848913" "Mozilla/5.0 AppleWebKit/537.36 (KHTML, like Gecko; compatible; GPTBot/1.3; +https://openai.com/gptbot)"
74.7.242.54 - - [03/Mar/2026:04:11:44 +0000] "GET /shop/pg/161851144 HTTP/1.1" 200 24749 "http://elementalmill.com/shop/pg/47274" "Mozilla/5.0 AppleWebKit/537.36 (KHTML, like Gecko; compatible; GPTBot/1.3; +https://openai.com/gptbot)"
74.7.242.54 - - [03/Mar/2026:04:11:54 +0000] "GET /shop/pg/161847178 HTTP/1.1" 200 24745 "http://elementalmill.com/shop/pg/43330" "Mozilla/5.0 AppleWebKit/537.36 (KHTML, like Gecko; compatible; GPTBot/1.3; +https://openai.com/gptbot)"
185.191.171.4 - - [03/Mar/2026:04:11:54 +0000] "GET /shop/pg/429995 HTTP/1.1" 200 24662 "-" "Mozilla/5.0 (compatible; SemrushBot/7~bl; +http://www.semrush.com/bot.html)"
185.191.171.13 - - [03/Mar/2026:04:11:59 +0000] "GET /shop/pg/2084430 HTTP/1.1" 200 24647 "-" "Mozilla/5.0 (compatible; SemrushBot/7~bl; +http://www.semrush.com/bot.html)"
74.7.242.54 - - [03/Mar/2026:04:12:04 +0000] "GET /shop/pg/161843596 HTTP/1.1" 200 24484 "http://elementalmill.com/shop/pg/39718" "Mozilla/5.0 AppleWebKit/537.36 (KHTML, like Gecko; compatible; GPTBot/1.3; +https://openai.com/gptbot)"
85.208.96.198 - - [03/Mar/2026:04:12:05 +0000] "GET /shop/pg/1619886708 HTTP/1.1" 200 24611 "-" "Mozilla/5.0 (compatible; SemrushBot/7~bl; +http://www.semrush.com/bot.html)"
85.208.96.198 - - [03/Mar/2026:04:12:08 +0000] "GET /shop/pg/1618132658 HTTP/1.1" 200 24214 "-" "Mozilla/5.0 (compatible; SemrushBot/7~bl; +http://www.semrush.com/bot.html)"
57.141.20.35 - - [03/Mar/2026:04:12:13 +0000] "GET /shopping/products/162062171636 HTTP/1.1" 500 2431 "-" "meta-externalagent/1.1 (+https://developers.facebook.com/docs/sharing/webmasters/crawler)"
74.7.242.54 - - [03/Mar/2026:04:12:13 +0000] "GET /shop/pg/161848696 HTTP/1.1" 200 24533 "http://elementalmill.com/shop/pg/44826" "Mozilla/5.0 AppleWebKit/537.36 (KHTML, like Gecko; compatible; GPTBot/1.3; +https://openai.com/gptbot)"
85.208.96.198 - - [03/Mar/2026:04:12:13 +0000] "GET /shop/pg/1618138581 HTTP/1.1" 200 24437 "-" "Mozilla/5.0 (compatible; SemrushBot/7~bl; +http://www.semrush.com/bot.html)"
85.208.96.210 - - [03/Mar/2026:04:12:23 +0000] "GET /shop/pg/478437 HTTP/1.1" 200 24394 "-" "Mozilla/5.0 (compatible; SemrushBot/7~bl; +http://www.semrush.com/bot.html)"
74.7.242.54 - - [03/Mar/2026:04:12:33 +0000] "GET /shop/pg/161816761 HTTP/1.1" 200 25305 "http://elementalmill.com/shop/pg/12905" "Mozilla/5.0 AppleWebKit/537.36 (KHTML, like Gecko; compatible; GPTBot/1.3; +https://openai.com/gptbot)"
85.208.96.197 - - [03/Mar/2026:04:12:35 +0000] "GET /shop/pg/1618277430 HTTP/1.1" 200 24498 "-" "Mozilla/5.0 (compatible; SemrushBot/7~bl; +http://www.semrush.com/bot.html)"
185.191.171.19 - - [03/Mar/2026:04:12:38 +0000] "GET /shop/pg/888196 HTTP/1.1" 200 24443 "-" "Mozilla/5.0 (compatible; SemrushBot/7~bl; +http://www.semrush.com/bot.html)"
74.7.242.54 - - [03/Mar/2026:04:12:43 +0000] "GET /shop/pg/161872288 HTTP/1.1" 200 24412 "http://elementalmill.com/shop/pg/68398" "Mozilla/5.0 AppleWebKit/537.36 (KHTML, like Gecko; compatible; GPTBot/1.3; +https://openai.com/gptbot)"
74.7.242.54 - - [03/Mar/2026:04:12:52 +0000] "GET /shop/pg/1618379345 HTTP/1.1" 200 24125 "http://elementalmill.com/shop/pg/161896282" "Mozilla/5.0 AppleWebKit/537.36 (KHTML, like Gecko; compatible; GPTBot/1.3; +https://openai.com/gptbot)"
185.191.171.17 - - [03/Mar/2026:04:12:54 +0000] "GET /shop/pg/1619924973 HTTP/1.1" 200 25396 "-" "Mozilla/5.0 (compatible; SemrushBot/7~bl; +http://www.semrush.com/bot.html)"
85.208.96.204 - - [03/Mar/2026:04:13:17 +0000] "GET /shop/pg/912123 HTTP/1.1" 200 24222 "-" "Mozilla/5.0 (compatible; SemrushBot/7~bl; +http://www.semrush.com/bot.html)"
57.141.20.38 - - [03/Mar/2026:04:13:20 +0000] "GET /shopping/products/161895752755 HTTP/1.1" 500 2431 "-" "meta-externalagent/1.1 (+https://developers.facebook.com/docs/sharing/webmasters/crawler)"
74.7.242.54 - - [03/Mar/2026:04:13:30 +0000] "GET /shop/pg/161833993 HTTP/1.1" 200 24645 "http://elementalmill.com/shop/pg/30151" "Mozilla/5.0 AppleWebKit/537.36 (KHTML, like Gecko; compatible; GPTBot/1.3; +https://openai.com/gptbot)"
85.208.96.210 - - [03/Mar/2026:04:13:31 +0000] "GET /shop/pg/16222041304 HTTP/1.1" 200 25088 "-" "Mozilla/5.0 (compatible; SemrushBot/7~bl; +http://www.semrush.com/bot.html)"
74.7.242.54 - - [03/Mar/2026:04:13:40 +0000] "GET /shop/pg/161856829 HTTP/1.1" 200 24945 "http://elementalmill.com/shop/pg/52961" "Mozilla/5.0 AppleWebKit/537.36 (KHTML, like Gecko; compatible; GPTBot/1.3; +https://openai.com/gptbot)"
74.7.242.54 - - [03/Mar/2026:04:13:48 +0000] "GET /shop/pg/161886673 HTTP/1.1" 200 24314 "http://elementalmill.com/shop/pg/82805" "Mozilla/5.0 AppleWebKit/537.36 (KHTML, like Gecko; compatible; GPTBot/1.3; +https://openai.com/gptbot)"
85.208.96.210 - - [03/Mar/2026:04:13:50 +0000] "GET /shop/pg/16201385065 HTTP/1.1" 200 25289 "-" "Mozilla/5.0 (compatible; SemrushBot/7~bl; +http://www.semrush.com/bot.html)"
85.208.96.201 - - [03/Mar/2026:04:13:53 +0000] "GET /shop/pg/1618165888 HTTP/1.1" 200 24344 "-" "Mozilla/5.0 (compatible; SemrushBot/7~bl; +http://www.semrush.com/bot.html)"
185.191.171.14 - - [03/Mar/2026:04:14:11 +0000] "GET /shop/pg/1619589433 HTTP/1.1" 200 24849 "-" "Mozilla/5.0 (compatible; SemrushBot/7~bl; +http://www.semrush.com/bot.html)"
57.141.20.45 - - [03/Mar/2026:04:14:26 +0000] "GET /shopping/products/162017216279 HTTP/1.1" 500 2431 "-" "meta-externalagent/1.1 (+https://developers.facebook.com/docs/sharing/webmasters/crawler)"
185.191.171.19 - - [03/Mar/2026:04:14:38 +0000] "GET /shop/pg/1619931164 HTTP/1.1" 200 24948 "-" "Mozilla/5.0 (compatible; SemrushBot/7~bl; +http://www.semrush.com/bot.html)"
85.208.96.202 - - [03/Mar/2026:04:14:47 +0000] "GET /shop/pg/16222068581 HTTP/1.1" 200 24567 "-" "Mozilla/5.0 (compatible; SemrushBot/7~bl; +http://www.semrush.com/bot.html)"
74.7.242.54 - - [03/Mar/2026:04:14:49 +0000] "GET /shop/pg/161872867 HTTP/1.1" 200 24863 "http://elementalmill.com/shop/pg/69011" "Mozilla/5.0 AppleWebKit/537.36 (KHTML, like Gecko; compatible; GPTBot/1.3; +https://openai.com/gptbot)"
85.208.96.212 - - [03/Mar/2026:04:14:54 +0000] "GET /shop/pg/901613 HTTP/1.1" 200 24388 "-" "Mozilla/5.0 (compatible; SemrushBot/7~bl; +http://www.semrush.com/bot.html)"
85.208.96.211 - - [03/Mar/2026:04:15:05 +0000] "GET /shop/pg/16211694529 HTTP/1.1" 200 24393 "-" "Mozilla/5.0 (compatible; SemrushBot/7~bl; +http://www.semrush.com/bot.html)"
74.7.242.54 - - [03/Mar/2026:04:15:08 +0000] "GET /shop/pg/161867524 HTTP/1.1" 200 24740 "http://elementalmill.com/shop/pg/63660" "Mozilla/5.0 AppleWebKit/537.36 (KHTML, like Gecko; compatible; GPTBot/1.3; +https://openai.com/gptbot)"
85.208.96.212 - - [03/Mar/2026:04:15:08 +0000] "GET /shop/pg/924407 HTTP/1.1" 200 24083 "-" "Mozilla/5.0 (compatible; SemrushBot/7~bl; +http://www.semrush.com/bot.html)"
74.7.242.54 - - [03/Mar/2026:04:15:17 +0000] "GET /shop/pg/161828662 HTTP/1.1" 200 24498 "http://elementalmill.com/shop/pg/24810" "Mozilla/5.0 AppleWebKit/537.36 (KHTML, like Gecko; compatible; GPTBot/1.3; +https://openai.com/gptbot)"
185.191.171.13 - - [03/Mar/2026:04:15:24 +0000] "GET /shop/pg/13462 HTTP/1.1" 200 24283 "-" "Mozilla/5.0 (compatible; SemrushBot/7~bl; +http://www.semrush.com/bot.html)"
57.141.20.4 - - [03/Mar/2026:04:15:33 +0000] "GET /shopping/products/162167777268 HTTP/1.1" 500 2431 "-" "meta-externalagent/1.1 (+https://developers.facebook.com/docs/sharing/webmasters/crawler)"
74.7.242.54 - - [03/Mar/2026:04:15:35 +0000] "GET /shop/pg/1618369742 HTTP/1.1" 200 24641 "http://elementalmill.com/shop/pg/161886673" "Mozilla/5.0 AppleWebKit/537.36 (KHTML, like Gecko; compatible; GPTBot/1.3; +https://openai.com/gptbot)"
74.7.242.54 - - [03/Mar/2026:04:15:45 +0000] "GET /shop/pg/161848975 HTTP/1.1" 200 24907 "http://elementalmill.com/shop/pg/45123" "Mozilla/5.0 AppleWebKit/537.36 (KHTML, like Gecko; compatible; GPTBot/1.3; +https://openai.com/gptbot)"
185.191.171.1 - - [03/Mar/2026:04:15:55 +0000] "GET /shop/pg/1410616 HTTP/1.1" 200 25293 "-" "Mozilla/5.0 (compatible; SemrushBot/7~bl; +http://www.semrush.com/bot.html)"
74.7.242.54 - - [03/Mar/2026:04:15:55 +0000] "GET /shop/pg/161871139 HTTP/1.1" 200 25265 "http://elementalmill.com/shop/pg/67265" "Mozilla/5.0 AppleWebKit/537.36 (KHTML, like Gecko; compatible; GPTBot/1.3; +https://openai.com/gptbot)"
185.191.171.14 - - [03/Mar/2026:04:16:05 +0000] "GET /shop/pg/1618416528 HTTP/1.1" 200 24758 "-" "Mozilla/5.0 (compatible; SemrushBot/7~bl; +http://www.semrush.com/bot.html)"
74.7.242.54 - - [03/Mar/2026:04:16:05 +0000] "GET /shop/pg/161816371 HTTP/1.1" 200 24561 "http://elementalmill.com/shop/pg/12499" "Mozilla/5.0 AppleWebKit/537.36 (KHTML, like Gecko; compatible; GPTBot/1.3; +https://openai.com/gptbot)"
185.191.171.13 - - [03/Mar/2026:04:16:09 +0000] "GET /shop/pg/908750 HTTP/1.1" 200 24317 "-" "Mozilla/5.0 (compatible; SemrushBot/7~bl; +http://www.semrush.com/bot.html)"
85.208.96.194 - - [03/Mar/2026:04:16:15 +0000] "GET /shop/pg/1619932185 HTTP/1.1" 200 25043 "-" "Mozilla/5.0 (compatible; SemrushBot/7~bl; +http://www.semrush.com/bot.html)"
74.7.242.54 - - [03/Mar/2026:04:16:16 +0000] "GET /shop/pg/161875579 HTTP/1.1" 200 24250 "http://elementalmill.com/shop/pg/71697" "Mozilla/5.0 AppleWebKit/537.36 (KHTML, like Gecko; compatible; GPTBot/1.3; +https://openai.com/gptbot)"
85.208.96.194 - - [03/Mar/2026:04:16:21 +0000] "GET /shop/pg/358713 HTTP/1.1" 200 25113 "-" "Mozilla/5.0 (compatible; SemrushBot/7~bl; +http://www.semrush.com/bot.html)"
85.208.96.200 - - [03/Mar/2026:04:16:30 +0000] "GET /shop/pg/16222058965 HTTP/1.1" 200 25300 "-" "Mozilla/5.0 (compatible; SemrushBot/7~bl; +http://www.semrush.com/bot.html)"
74.7.242.54 - - [03/Mar/2026:04:16:35 +0000] "GET /shop/pg/161882506 HTTP/1.1" 200 24430 "http://elementalmill.com/shop/pg/78626" "Mozilla/5.0 AppleWebKit/537.36 (KHTML, like Gecko; compatible; GPTBot/1.3; +https://openai.com/gptbot)"
185.191.171.13 - - [03/Mar/2026:04:16:35 +0000] "GET /shop/pg/168406 HTTP/1.1" 200 24283 "-" "Mozilla/5.0 (compatible; SemrushBot/7~bl; +http://www.semrush.com/bot.html)"
185.191.171.3 - - [03/Mar/2026:04:16:38 +0000] "GET /shop/pg/1619896817 HTTP/1.1" 200 25331 "-" "Mozilla/5.0 (compatible; SemrushBot/7~bl; +http://www.semrush.com/bot.html)"
57.141.20.5 - - [03/Mar/2026:04:16:40 +0000] "GET /shopping/products/16222303654 HTTP/1.1" 500 2431 "-" "meta-externalagent/1.1 (+https://developers.facebook.com/docs/sharing/webmasters/crawler)"
85.208.96.210 - - [03/Mar/2026:04:17:10 +0000] "GET /shop/pg/2127043 HTTP/1.1" 200 24745 "-" "Mozilla/5.0 (compatible; SemrushBot/7~bl; +http://www.semrush.com/bot.html)"
74.7.242.54 - - [03/Mar/2026:04:17:15 +0000] "GET /shop/pg/161874895 HTTP/1.1" 200 24353 "http://elementalmill.com/shop/pg/71043" "Mozilla/5.0 AppleWebKit/537.36 (KHTML, like Gecko; compatible; GPTBot/1.3; +https://openai.com/gptbot)"
185.191.171.17 - - [03/Mar/2026:04:17:19 +0000] "GET /shop/pg/16222089922 HTTP/1.1" 200 25231 "-" "Mozilla/5.0 (compatible; SemrushBot/7~bl; +http://www.semrush.com/bot.html)"
185.191.171.6 - - [03/Mar/2026:04:17:32 +0000] "GET /shop/pg/905230 HTTP/1.1" 200 24630 "-" "Mozilla/5.0 (compatible; SemrushBot/7~bl; +http://www.semrush.com/bot.html)"
57.141.20.44 - - [03/Mar/2026:04:17:47 +0000] "GET /shopping/products/16214364924 HTTP/1.1" 500 2431 "-" "meta-externalagent/1.1 (+https://developers.facebook.com/docs/sharing/webmasters/crawler)"
74.7.242.54 - - [03/Mar/2026:04:17:48 +0000] "GET /shop/pg/1618354190 HTTP/1.1" 200 25055 "http://elementalmill.com/shop/pg/161871139" "Mozilla/5.0 AppleWebKit/537.36 (KHTML, like Gecko; compatible; GPTBot/1.3; +https://openai.com/gptbot)"
