85.208.96.195 - - [02/Mar/2026:14:18:58 +0000] "GET /shop/pg/16222403504 HTTP/1.1" 200 25019 "-" "Mozilla/5.0 (compatible; SemrushBot/7~bl; +http://www.semrush.com/bot.html)"
85.208.96.211 - - [02/Mar/2026:14:19:03 +0000] "GET /shop/pg/202318 HTTP/1.1" 200 24574 "-" "Mozilla/5.0 (compatible; SemrushBot/7~bl; +http://www.semrush.com/bot.html)"
185.191.171.19 - - [02/Mar/2026:14:19:06 +0000] "GET /shop/pg/1619925076 HTTP/1.1" 200 24981 "-" "Mozilla/5.0 (compatible; SemrushBot/7~bl; +http://www.semrush.com/bot.html)"
57.141.20.30 - - [02/Mar/2026:14:19:08 +0000] "GET /shopping/products/16185484065 HTTP/1.1" 500 2431 "-" "meta-externalagent/1.1 (+https://developers.facebook.com/docs/sharing/webmasters/crawler)"
185.191.171.15 - - [02/Mar/2026:14:19:23 +0000] "GET /shop/pg/1163398 HTTP/1.1" 200 25485 "-" "Mozilla/5.0 (compatible; SemrushBot/7~bl; +http://www.semrush.com/bot.html)"
85.208.96.196 - - [02/Mar/2026:14:19:31 +0000] "GET /shop/pg/302185 HTTP/1.1" 200 24794 "-" "Mozilla/5.0 (compatible; SemrushBot/7~bl; +http://www.semrush.com/bot.html)"
85.208.96.200 - - [02/Mar/2026:14:19:38 +0000] "GET /shop/pg/1618271161 HTTP/1.1" 200 24406 "-" "Mozilla/5.0 (compatible; SemrushBot/7~bl; +http://www.semrush.com/bot.html)"
74.7.242.31 - - [02/Mar/2026:14:19:42 +0000] "GET /shop/pg/161854891 HTTP/1.1" 200 25006 "http://elementalmill.com/shop/pg/51043" "Mozilla/5.0 AppleWebKit/537.36 (KHTML, like Gecko; compatible; GPTBot/1.3; +https://openai.com/gptbot)"
85.208.96.200 - - [02/Mar/2026:14:19:44 +0000] "GET /shop/pg/1042347 HTTP/1.1" 200 25096 "-" "Mozilla/5.0 (compatible; SemrushBot/7~bl; +http://www.semrush.com/bot.html)"
85.208.96.200 - - [02/Mar/2026:14:19:56 +0000] "GET /shop/pg/16201090910 HTTP/1.1" 200 25673 "-" "Mozilla/5.0 (compatible; SemrushBot/7~bl; +http://www.semrush.com/bot.html)"
74.7.242.31 - - [02/Mar/2026:14:20:13 +0000] "GET /shop/pg/161846320 HTTP/1.1" 200 25274 "http://elementalmill.com/shop/pg/42462" "Mozilla/5.0 AppleWebKit/537.36 (KHTML, like Gecko; compatible; GPTBot/1.3; +https://openai.com/gptbot)"
57.141.20.53 - - [02/Mar/2026:14:20:14 +0000] "GET /shopping/products/16217234286 HTTP/1.1" 500 2431 "-" "meta-externalagent/1.1 (+https://developers.facebook.com/docs/sharing/webmasters/crawler)"
185.191.171.2 - - [02/Mar/2026:14:20:31 +0000] "GET /shop/pg/906804 HTTP/1.1" 200 24280 "-" "Mozilla/5.0 (compatible; SemrushBot/7~bl; +http://www.semrush.com/bot.html)"
85.208.96.207 - - [02/Mar/2026:14:20:50 +0000] "GET /shop/pg/1618125874 HTTP/1.1" 200 24517 "-" "Mozilla/5.0 (compatible; SemrushBot/7~bl; +http://www.semrush.com/bot.html)"
74.7.242.31 - - [02/Mar/2026:14:20:58 +0000] "GET /shop/pg/161898019 HTTP/1.1" 200 24349 "http://elementalmill.com/shop/pg/94153" "Mozilla/5.0 AppleWebKit/537.36 (KHTML, like Gecko; compatible; GPTBot/1.3; +https://openai.com/gptbot)"
185.191.171.3 - - [02/Mar/2026:14:21:04 +0000] "GET /shop/pg/16222050111 HTTP/1.1" 200 24923 "-" "Mozilla/5.0 (compatible; SemrushBot/7~bl; +http://www.semrush.com/bot.html)"
85.208.96.210 - - [02/Mar/2026:14:21:22 +0000] "GET /shop/pg/920122 HTTP/1.1" 200 24472 "-" "Mozilla/5.0 (compatible; SemrushBot/7~bl; +http://www.semrush.com/bot.html)"
185.191.171.15 - - [02/Mar/2026:14:21:29 +0000] "GET /shop/pg/908672 HTTP/1.1" 200 24399 "-" "Mozilla/5.0 (compatible; SemrushBot/7~bl; +http://www.semrush.com/bot.html)"
85.208.96.208 - - [02/Mar/2026:14:22:01 +0000] "GET /shop/pg/16222359537 HTTP/1.1" 200 24664 "-" "Mozilla/5.0 (compatible; SemrushBot/7~bl; +http://www.semrush.com/bot.html)"
85.208.96.203 - - [02/Mar/2026:14:22:18 +0000] "GET /shop/pg/1720246 HTTP/1.1" 200 24395 "-" "Mozilla/5.0 (compatible; SemrushBot/7~bl; +http://www.semrush.com/bot.html)"
185.191.171.15 - - [02/Mar/2026:14:22:33 +0000] "GET /shop/pg/1619904441 HTTP/1.1" 200 25268 "-" "Mozilla/5.0 (compatible; SemrushBot/7~bl; +http://www.semrush.com/bot.html)"
185.191.171.16 - - [02/Mar/2026:14:22:39 +0000] "GET /shop/pg/1618265388 HTTP/1.1" 200 24551 "-" "Mozilla/5.0 (compatible; SemrushBot/7~bl; +http://www.semrush.com/bot.html)"
85.208.96.204 - - [02/Mar/2026:14:22:44 +0000] "GET /shop/pg/1618106384 HTTP/1.1" 200 25664 "-" "Mozilla/5.0 (compatible; SemrushBot/7~bl; +http://www.semrush.com/bot.html)"
185.191.171.15 - - [02/Mar/2026:14:22:56 +0000] "GET /shop/pg/1618161673 HTTP/1.1" 200 24457 "-" "Mozilla/5.0 (compatible; SemrushBot/7~bl; +http://www.semrush.com/bot.html)"
74.7.242.31 - - [02/Mar/2026:14:22:59 +0000] "GET /shop/pg/161841937 HTTP/1.1" 200 25027 "http://elementalmill.com/shop/pg/38067" "Mozilla/5.0 AppleWebKit/537.36 (KHTML, like Gecko; compatible; GPTBot/1.3; +https://openai.com/gptbot)"
185.191.171.7 - - [02/Mar/2026:14:23:00 +0000] "GET /shop/pg/279384 HTTP/1.1" 200 25048 "-" "Mozilla/5.0 (compatible; SemrushBot/7~bl; +http://www.semrush.com/bot.html)"
85.208.96.203 - - [02/Mar/2026:14:23:03 +0000] "GET /shop/pg/1518804 HTTP/1.1" 200 24754 "-" "Mozilla/5.0 (compatible; SemrushBot/7~bl; +http://www.semrush.com/bot.html)"
185.191.171.3 - - [02/Mar/2026:14:23:13 +0000] "GET /shop/pg/133010 HTTP/1.1" 200 24256 "-" "Mozilla/5.0 (compatible; SemrushBot/7~bl; +http://www.semrush.com/bot.html)"
85.208.96.204 - - [02/Mar/2026:14:23:28 +0000] "GET /shop/pg/1619895732 HTTP/1.1" 200 24450 "-" "Mozilla/5.0 (compatible; SemrushBot/7~bl; +http://www.semrush.com/bot.html)"
185.191.171.12 - - [02/Mar/2026:14:23:31 +0000] "GET /shop/pg/1757488 HTTP/1.1" 200 24369 "-" "Mozilla/5.0 (compatible; SemrushBot/7~bl; +http://www.semrush.com/bot.html)"
74.7.242.31 - - [02/Mar/2026:14:23:36 +0000] "GET /shop/pg/161890843 HTTP/1.1" 200 24454 "http://elementalmill.com/shop/pg/86955" "Mozilla/5.0 AppleWebKit/537.36 (KHTML, like Gecko; compatible; GPTBot/1.3; +https://openai.com/gptbot)"
85.208.96.212 - - [02/Mar/2026:14:23:39 +0000] "GET /shop/pg/161870791 HTTP/1.1" 200 24765 "-" "Mozilla/5.0 (compatible; SemrushBot/7~bl; +http://www.semrush.com/bot.html)"
85.208.96.202 - - [02/Mar/2026:14:23:44 +0000] "GET /shopping/products/1619888078 HTTP/1.1" 200 24989 "-" "Mozilla/5.0 (compatible; SemrushBot/7~bl; +http://www.semrush.com/bot.html)"
85.208.96.203 - - [02/Mar/2026:14:23:53 +0000] "GET /shop/pg/16201433420 HTTP/1.1" 200 24446 "-" "Mozilla/5.0 (compatible; SemrushBot/7~bl; +http://www.semrush.com/bot.html)"
185.191.171.15 - - [02/Mar/2026:14:23:56 +0000] "GET /shop/pg/945162 HTTP/1.1" 200 25007 "-" "Mozilla/5.0 (compatible; SemrushBot/7~bl; +http://www.semrush.com/bot.html)"
74.7.242.31 - - [02/Mar/2026:14:24:14 +0000] "GET /shop/pg/161887105 HTTP/1.1" 200 24338 "http://elementalmill.com/shop/pg/83243" "Mozilla/5.0 AppleWebKit/537.36 (KHTML, like Gecko; compatible; GPTBot/1.3; +https://openai.com/gptbot)"
185.191.171.7 - - [02/Mar/2026:14:24:41 +0000] "GET /robots.txt HTTP/1.1" 200 154 "-" "Mozilla/5.0 (compatible; SemrushBot/7~bl; +http://www.semrush.com/bot.html)"
85.208.96.196 - - [02/Mar/2026:14:24:42 +0000] "GET /shop/pg/16201247314 HTTP/1.1" 200 24611 "-" "Mozilla/5.0 (compatible; SemrushBot/7~bl; +http://www.semrush.com/bot.html)"
85.208.96.205 - - [02/Mar/2026:14:25:09 +0000] "GET /shop/pg/1422305 HTTP/1.1" 200 24937 "-" "Mozilla/5.0 (compatible; SemrushBot/7~bl; +http://www.semrush.com/bot.html)"
185.191.171.7 - - [02/Mar/2026:14:25:11 +0000] "GET /shop/pg/11925 HTTP/1.1" 200 24337 "-" "Mozilla/5.0 (compatible; SemrushBot/7~bl; +http://www.semrush.com/bot.html)"
185.191.171.13 - - [02/Mar/2026:14:25:22 +0000] "GET /shop/pg/16211689741 HTTP/1.1" 200 25301 "-" "Mozilla/5.0 (compatible; SemrushBot/7~bl; +http://www.semrush.com/bot.html)"
85.208.96.193 - - [02/Mar/2026:14:25:29 +0000] "GET /shop/pg/902611 HTTP/1.1" 200 25030 "-" "Mozilla/5.0 (compatible; SemrushBot/7~bl; +http://www.semrush.com/bot.html)"
185.191.171.5 - - [02/Mar/2026:14:26:13 +0000] "GET /shop/pg/1619898254 HTTP/1.1" 200 26292 "-" "Mozilla/5.0 (compatible; SemrushBot/7~bl; +http://www.semrush.com/bot.html)"
85.208.96.212 - - [02/Mar/2026:14:26:19 +0000] "GET /shop/pg/1619932856 HTTP/1.1" 200 26013 "-" "Mozilla/5.0 (compatible; SemrushBot/7~bl; +http://www.semrush.com/bot.html)"
74.7.242.31 - - [02/Mar/2026:14:26:21 +0000] "GET /shop/pg/161871532 HTTP/1.1" 200 25032 "http://elementalmill.com/shop/pg/67654" "Mozilla/5.0 AppleWebKit/537.36 (KHTML, like Gecko; compatible; GPTBot/1.3; +https://openai.com/gptbot)"
85.208.96.193 - - [02/Mar/2026:14:26:52 +0000] "GET /shop/pg/389107 HTTP/1.1" 200 24369 "-" "Mozilla/5.0 (compatible; SemrushBot/7~bl; +http://www.semrush.com/bot.html)"
85.208.96.209 - - [02/Mar/2026:14:26:55 +0000] "GET /shop/pg/1619930174 HTTP/1.1" 200 25418 "-" "Mozilla/5.0 (compatible; SemrushBot/7~bl; +http://www.semrush.com/bot.html)"
185.191.171.19 - - [02/Mar/2026:14:26:58 +0000] "GET /shop/pg/1618342361 HTTP/1.1" 200 24579 "-" "Mozilla/5.0 (compatible; SemrushBot/7~bl; +http://www.semrush.com/bot.html)"
185.191.171.15 - - [02/Mar/2026:14:27:01 +0000] "GET /shop/pg/16201369597 HTTP/1.1" 200 24984 "-" "Mozilla/5.0 (compatible; SemrushBot/7~bl; +http://www.semrush.com/bot.html)"
74.7.242.31 - - [02/Mar/2026:14:27:04 +0000] "GET /shop/pg/161837404 HTTP/1.1" 200 24418 "http://elementalmill.com/shop/pg/33550" "Mozilla/5.0 AppleWebKit/537.36 (KHTML, like Gecko; compatible; GPTBot/1.3; +https://openai.com/gptbot)"
185.191.171.15 - - [02/Mar/2026:14:27:05 +0000] "GET /shop/pg/19481 HTTP/1.1" 200 25592 "-" "Mozilla/5.0 (compatible; SemrushBot/7~bl; +http://www.semrush.com/bot.html)"
185.191.171.6 - - [02/Mar/2026:14:27:08 +0000] "GET /shop/pg/1618286322 HTTP/1.1" 200 24381 "-" "Mozilla/5.0 (compatible; SemrushBot/7~bl; +http://www.semrush.com/bot.html)"
85.208.96.212 - - [02/Mar/2026:14:27:16 +0000] "GET /shop/pg/2061528 HTTP/1.1" 200 25460 "-" "Mozilla/5.0 (compatible; SemrushBot/7~bl; +http://www.semrush.com/bot.html)"
85.208.96.205 - - [02/Mar/2026:14:27:33 +0000] "GET /shopping/products/1619884045 HTTP/1.1" 200 24738 "-" "Mozilla/5.0 (compatible; SemrushBot/7~bl; +http://www.semrush.com/bot.html)"
185.191.171.3 - - [02/Mar/2026:14:27:41 +0000] "GET /shop/pg/16201179191 HTTP/1.1" 200 25528 "-" "Mozilla/5.0 (compatible; SemrushBot/7~bl; +http://www.semrush.com/bot.html)"
185.191.171.11 - - [02/Mar/2026:14:27:44 +0000] "GET /shop/pg/945388 HTTP/1.1" 200 24636 "-" "Mozilla/5.0 (compatible; SemrushBot/7~bl; +http://www.semrush.com/bot.html)"
185.191.171.19 - - [02/Mar/2026:14:27:57 +0000] "GET /shop/pg/918066 HTTP/1.1" 200 24453 "-" "Mozilla/5.0 (compatible; SemrushBot/7~bl; +http://www.semrush.com/bot.html)"
85.208.96.205 - - [02/Mar/2026:14:27:59 +0000] "GET /shop/pg/16211596152 HTTP/1.1" 200 25262 "-" "Mozilla/5.0 (compatible; SemrushBot/7~bl; +http://www.semrush.com/bot.html)"
185.191.171.15 - - [02/Mar/2026:14:28:12 +0000] "GET /shop/pg/929195 HTTP/1.1" 200 24570 "-" "Mozilla/5.0 (compatible; SemrushBot/7~bl; +http://www.semrush.com/bot.html)"
185.191.171.12 - - [02/Mar/2026:14:28:55 +0000] "GET /shop/pg/1618107847 HTTP/1.1" 200 24595 "-" "Mozilla/5.0 (compatible; SemrushBot/7~bl; +http://www.semrush.com/bot.html)"
85.208.96.205 - - [02/Mar/2026:14:29:17 +0000] "GET /shop/pg/1619905209 HTTP/1.1" 200 24944 "-" "Mozilla/5.0 (compatible; SemrushBot/7~bl; +http://www.semrush.com/bot.html)"
185.191.171.15 - - [02/Mar/2026:14:29:29 +0000] "GET /shop/pg/2038124 HTTP/1.1" 200 25430 "-" "Mozilla/5.0 (compatible; SemrushBot/7~bl; +http://www.semrush.com/bot.html)"
85.208.96.210 - - [02/Mar/2026:14:29:33 +0000] "GET /shop/pg/1619911173 HTTP/1.1" 200 25239 "-" "Mozilla/5.0 (compatible; SemrushBot/7~bl; +http://www.semrush.com/bot.html)"
85.208.96.196 - - [02/Mar/2026:14:29:36 +0000] "GET /shop/pg/1619946133 HTTP/1.1" 200 24250 "-" "Mozilla/5.0 (compatible; SemrushBot/7~bl; +http://www.semrush.com/bot.html)"
85.208.96.197 - - [02/Mar/2026:14:30:15 +0000] "GET /shop/pg/103614 HTTP/1.1" 200 24491 "-" "Mozilla/5.0 (compatible; SemrushBot/7~bl; +http://www.semrush.com/bot.html)"
85.208.96.212 - - [02/Mar/2026:14:30:19 +0000] "GET /shop/pg/294221 HTTP/1.1" 200 24440 "-" "Mozilla/5.0 (compatible; SemrushBot/7~bl; +http://www.semrush.com/bot.html)"
85.208.96.210 - - [02/Mar/2026:14:30:56 +0000] "GET /shop/pg/1619920035 HTTP/1.1" 200 25399 "-" "Mozilla/5.0 (compatible; SemrushBot/7~bl; +http://www.semrush.com/bot.html)"
85.208.96.212 - - [02/Mar/2026:14:30:59 +0000] "GET /shop/pg/1618190470 HTTP/1.1" 200 25252 "-" "Mozilla/5.0 (compatible; SemrushBot/7~bl; +http://www.semrush.com/bot.html)"
185.191.171.3 - - [02/Mar/2026:14:31:01 +0000] "GET /shopping/products/1619881313 HTTP/1.1" 200 24314 "-" "Mozilla/5.0 (compatible; SemrushBot/7~bl; +http://www.semrush.com/bot.html)"
185.191.171.11 - - [02/Mar/2026:14:31:06 +0000] "GET /shop/pg/884578 HTTP/1.1" 200 24371 "-" "Mozilla/5.0 (compatible; SemrushBot/7~bl; +http://www.semrush.com/bot.html)"
185.191.171.4 - - [02/Mar/2026:14:31:09 +0000] "GET /shop/pg/16201061433 HTTP/1.1" 200 24623 "-" "Mozilla/5.0 (compatible; SemrushBot/7~bl; +http://www.semrush.com/bot.html)"
185.191.171.18 - - [02/Mar/2026:14:31:15 +0000] "GET /shop/pg/1618192813 HTTP/1.1" 200 24229 "-" "Mozilla/5.0 (compatible; SemrushBot/7~bl; +http://www.semrush.com/bot.html)"
85.208.96.212 - - [02/Mar/2026:14:31:22 +0000] "GET /shop/pg/1479753 HTTP/1.1" 200 25816 "-" "Mozilla/5.0 (compatible; SemrushBot/7~bl; +http://www.semrush.com/bot.html)"
74.7.242.31 - - [02/Mar/2026:14:31:30 +0000] "GET /shop/pg/161859064 HTTP/1.1" 200 24099 "http://elementalmill.com/shop/pg/55206" "Mozilla/5.0 AppleWebKit/537.36 (KHTML, like Gecko; compatible; GPTBot/1.3; +https://openai.com/gptbot)"
185.191.171.4 - - [02/Mar/2026:14:31:41 +0000] "GET /shop/pg/16211923648 HTTP/1.1" 200 25223 "-" "Mozilla/5.0 (compatible; SemrushBot/7~bl; +http://www.semrush.com/bot.html)"
185.191.171.5 - - [02/Mar/2026:14:31:43 +0000] "GET /shop/pg/1596391 HTTP/1.1" 200 24533 "-" "Mozilla/5.0 (compatible; SemrushBot/7~bl; +http://www.semrush.com/bot.html)"
185.191.171.16 - - [02/Mar/2026:14:31:48 +0000] "GET /shop/pg/1618337286 HTTP/1.1" 200 24898 "-" "Mozilla/5.0 (compatible; SemrushBot/7~bl; +http://www.semrush.com/bot.html)"
185.191.171.15 - - [02/Mar/2026:14:31:56 +0000] "GET /shop/pg/890860 HTTP/1.1" 200 24579 "-" "Mozilla/5.0 (compatible; SemrushBot/7~bl; +http://www.semrush.com/bot.html)"
185.191.171.10 - - [02/Mar/2026:14:32:05 +0000] "GET /shop/pg/1619927195 HTTP/1.1" 200 24821 "-" "Mozilla/5.0 (compatible; SemrushBot/7~bl; +http://www.semrush.com/bot.html)"
74.7.242.31 - - [02/Mar/2026:14:32:21 +0000] "GET /shop/pg/1618373900 HTTP/1.1" 200 25705 "http://elementalmill.com/shop/pg/161890843" "Mozilla/5.0 AppleWebKit/537.36 (KHTML, like Gecko; compatible; GPTBot/1.3; +https://openai.com/gptbot)"
185.191.171.14 - - [02/Mar/2026:14:32:25 +0000] "GET /shop/pg/80846 HTTP/1.1" 200 24251 "-" "Mozilla/5.0 (compatible; SemrushBot/7~bl; +http://www.semrush.com/bot.html)"
85.208.96.212 - - [02/Mar/2026:14:33:04 +0000] "GET /shop/pg/931524 HTTP/1.1" 200 24595 "-" "Mozilla/5.0 (compatible; SemrushBot/7~bl; +http://www.semrush.com/bot.html)"
185.191.171.11 - - [02/Mar/2026:14:33:18 +0000] "GET /shop/pg/290705 HTTP/1.1" 200 25083 "-" "Mozilla/5.0 (compatible; SemrushBot/7~bl; +http://www.semrush.com/bot.html)"
185.191.171.6 - - [02/Mar/2026:14:33:43 +0000] "GET /shopping/products/1619888531 HTTP/1.1" 200 24989 "-" "Mozilla/5.0 (compatible; SemrushBot/7~bl; +http://www.semrush.com/bot.html)"
85.208.96.209 - - [02/Mar/2026:14:33:48 +0000] "GET /shop/pg/2143099 HTTP/1.1" 200 26265 "-" "Mozilla/5.0 (compatible; SemrushBot/7~bl; +http://www.semrush.com/bot.html)"
85.208.96.209 - - [02/Mar/2026:14:33:51 +0000] "GET /shop/pg/161814116 HTTP/1.1" 200 24342 "-" "Mozilla/5.0 (compatible; SemrushBot/7~bl; +http://www.semrush.com/bot.html)"
185.191.171.19 - - [02/Mar/2026:14:34:15 +0000] "GET /shop/pg/136082 HTTP/1.1" 200 24531 "-" "Mozilla/5.0 (compatible; SemrushBot/7~bl; +http://www.semrush.com/bot.html)"
85.208.96.212 - - [02/Mar/2026:14:34:23 +0000] "GET /shop/pg/16201249933 HTTP/1.1" 200 24505 "-" "Mozilla/5.0 (compatible; SemrushBot/7~bl; +http://www.semrush.com/bot.html)"
74.7.242.31 - - [02/Mar/2026:14:34:44 +0000] "GET /shop/pg/161842516 HTTP/1.1" 200 24758 "http://elementalmill.com/shop/pg/38644" "Mozilla/5.0 AppleWebKit/537.36 (KHTML, like Gecko; compatible; GPTBot/1.3; +https://openai.com/gptbot)"
185.191.171.12 - - [02/Mar/2026:14:34:58 +0000] "GET /shop/pg/293201 HTTP/1.1" 200 24566 "-" "Mozilla/5.0 (compatible; SemrushBot/7~bl; +http://www.semrush.com/bot.html)"
85.208.96.210 - - [02/Mar/2026:14:35:03 +0000] "GET /shop/pg/1618330652 HTTP/1.1" 200 25097 "-" "Mozilla/5.0 (compatible; SemrushBot/7~bl; +http://www.semrush.com/bot.html)"
185.191.171.6 - - [02/Mar/2026:14:35:06 +0000] "GET /shop/pg/1400974 HTTP/1.1" 200 24700 "-" "Mozilla/5.0 (compatible; SemrushBot/7~bl; +http://www.semrush.com/bot.html)"
85.208.96.208 - - [02/Mar/2026:14:35:09 +0000] "GET /shop/pg/934842 HTTP/1.1" 200 24534 "-" "Mozilla/5.0 (compatible; SemrushBot/7~bl; +http://www.semrush.com/bot.html)"
85.208.96.194 - - [02/Mar/2026:14:35:22 +0000] "GET /shop/pg/1588339 HTTP/1.1" 200 24744 "-" "Mozilla/5.0 (compatible; SemrushBot/7~bl; +http://www.semrush.com/bot.html)"
85.208.96.198 - - [02/Mar/2026:14:35:33 +0000] "GET /shop/pg/2090083 HTTP/1.1" 200 24872 "-" "Mozilla/5.0 (compatible; SemrushBot/7~bl; +http://www.semrush.com/bot.html)"
185.191.171.9 - - [02/Mar/2026:14:35:35 +0000] "GET /shop/pg/16222229249 HTTP/1.1" 200 26076 "-" "Mozilla/5.0 (compatible; SemrushBot/7~bl; +http://www.semrush.com/bot.html)"
74.7.242.31 - - [02/Mar/2026:14:35:39 +0000] "GET /shop/pg/1618354577 HTTP/1.1" 200 24656 "http://elementalmill.com/shop/pg/161871532" "Mozilla/5.0 AppleWebKit/537.36 (KHTML, like Gecko; compatible; GPTBot/1.3; +https://openai.com/gptbot)"
85.208.96.207 - - [02/Mar/2026:14:35:42 +0000] "GET /shop/pg/864412 HTTP/1.1" 200 24862 "-" "Mozilla/5.0 (compatible; SemrushBot/7~bl; +http://www.semrush.com/bot.html)"
85.208.96.210 - - [02/Mar/2026:14:35:52 +0000] "GET /shopping/products/1619887861 HTTP/1.1" 200 24635 "-" "Mozilla/5.0 (compatible; SemrushBot/7~bl; +http://www.semrush.com/bot.html)"
85.208.96.202 - - [02/Mar/2026:14:35:56 +0000] "GET /shop/pg/16185970 HTTP/1.1" 200 24486 "-" "Mozilla/5.0 (compatible; SemrushBot/7~bl; +http://www.semrush.com/bot.html)"
185.191.171.16 - - [02/Mar/2026:14:35:59 +0000] "GET /shop/pg/410750 HTTP/1.1" 200 24294 "-" "Mozilla/5.0 (compatible; SemrushBot/7~bl; +http://www.semrush.com/bot.html)"
85.208.96.208 - - [02/Mar/2026:14:36:24 +0000] "GET /shop/pg/763134 HTTP/1.1" 200 24483 "-" "Mozilla/5.0 (compatible; SemrushBot/7~bl; +http://www.semrush.com/bot.html)"
85.208.96.208 - - [02/Mar/2026:14:36:27 +0000] "GET /shop/pg/16222155586 HTTP/1.1" 200 24543 "-" "Mozilla/5.0 (compatible; SemrushBot/7~bl; +http://www.semrush.com/bot.html)"
85.208.96.200 - - [02/Mar/2026:14:37:10 +0000] "GET /shop/pg/1618117678 HTTP/1.1" 200 24999 "-" "Mozilla/5.0 (compatible; SemrushBot/7~bl; +http://www.semrush.com/bot.html)"
74.7.242.31 - - [02/Mar/2026:14:37:13 +0000] "GET /shop/pg/161823575 HTTP/1.1" 200 24302 "http://elementalmill.com/shop/customer/bookmark.php?shopping/products/161816753" "Mozilla/5.0 AppleWebKit/537.36 (KHTML, like Gecko; compatible; GPTBot/1.3; +https://openai.com/gptbot)"
85.208.96.202 - - [02/Mar/2026:14:37:28 +0000] "GET /shop/pg/1619929601 HTTP/1.1" 200 26310 "-" "Mozilla/5.0 (compatible; SemrushBot/7~bl; +http://www.semrush.com/bot.html)"
85.208.96.208 - - [02/Mar/2026:14:37:43 +0000] "GET /shop/pg/928219 HTTP/1.1" 200 24472 "-" "Mozilla/5.0 (compatible; SemrushBot/7~bl; +http://www.semrush.com/bot.html)"
185.191.171.2 - - [02/Mar/2026:14:37:48 +0000] "GET /shop/pg/284974 HTTP/1.1" 200 24948 "-" "Mozilla/5.0 (compatible; SemrushBot/7~bl; +http://www.semrush.com/bot.html)"
85.208.96.202 - - [02/Mar/2026:14:38:07 +0000] "GET /shop/pg/343914 HTTP/1.1" 200 24734 "-" "Mozilla/5.0 (compatible; SemrushBot/7~bl; +http://www.semrush.com/bot.html)"
185.191.171.13 - - [02/Mar/2026:14:38:19 +0000] "GET /shop/pg/1619908685 HTTP/1.1" 200 24942 "-" "Mozilla/5.0 (compatible; SemrushBot/7~bl; +http://www.semrush.com/bot.html)"
185.191.171.8 - - [02/Mar/2026:14:38:25 +0000] "GET /shopping/products/1619882254 HTTP/1.1" 200 24357 "-" "Mozilla/5.0 (compatible; SemrushBot/7~bl; +http://www.semrush.com/bot.html)"
185.191.171.12 - - [02/Mar/2026:14:39:01 +0000] "GET /shop/pg/896676 HTTP/1.1" 200 24994 "-" "Mozilla/5.0 (compatible; SemrushBot/7~bl; +http://www.semrush.com/bot.html)"
185.191.171.4 - - [02/Mar/2026:14:39:09 +0000] "GET /shop/pg/115636 HTTP/1.1" 200 25119 "-" "Mozilla/5.0 (compatible; SemrushBot/7~bl; +http://www.semrush.com/bot.html)"
185.191.171.15 - - [02/Mar/2026:14:39:12 +0000] "GET /shop/pg/16222073335 HTTP/1.1" 200 25622 "-" "Mozilla/5.0 (compatible; SemrushBot/7~bl; +http://www.semrush.com/bot.html)"
85.208.96.211 - - [02/Mar/2026:14:39:15 +0000] "GET /shop/pg/183598 HTTP/1.1" 200 24683 "-" "Mozilla/5.0 (compatible; SemrushBot/7~bl; +http://www.semrush.com/bot.html)"
185.191.171.8 - - [02/Mar/2026:14:39:26 +0000] "GET /shop/pg/16201081153 HTTP/1.1" 200 24180 "-" "Mozilla/5.0 (compatible; SemrushBot/7~bl; +http://www.semrush.com/bot.html)"
85.208.96.200 - - [02/Mar/2026:14:39:35 +0000] "GET /shop/pg/16222473638 HTTP/1.1" 200 24729 "-" "Mozilla/5.0 (compatible; SemrushBot/7~bl; +http://www.semrush.com/bot.html)"
185.191.171.1 - - [02/Mar/2026:14:39:42 +0000] "GET /shop/pg/1618411560 HTTP/1.1" 200 24495 "-" "Mozilla/5.0 (compatible; SemrushBot/7~bl; +http://www.semrush.com/bot.html)"
185.191.171.13 - - [02/Mar/2026:14:39:49 +0000] "GET /shop/pg/16201210088 HTTP/1.1" 200 25609 "-" "Mozilla/5.0 (compatible; SemrushBot/7~bl; +http://www.semrush.com/bot.html)"
185.191.171.11 - - [02/Mar/2026:14:39:52 +0000] "GET /shop/pg/16201436940 HTTP/1.1" 200 24526 "-" "Mozilla/5.0 (compatible; SemrushBot/7~bl; +http://www.semrush.com/bot.html)"
40.77.167.143 - - [02/Mar/2026:14:39:50 +0000] "GET /sitemap828.xml HTTP/1.1" 200 5596 "-" "Mozilla/5.0 AppleWebKit/537.36 (KHTML, like Gecko; compatible; bingbot/2.0; +http://www.bing.com/bingbot.htm) Chrome/116.0.1938.76 Safari/537.36"
185.191.171.1 - - [02/Mar/2026:14:39:55 +0000] "GET /shop/pg/1618270986 HTTP/1.1" 200 24405 "-" "Mozilla/5.0 (compatible; SemrushBot/7~bl; +http://www.semrush.com/bot.html)"
74.7.242.31 - - [02/Mar/2026:14:40:00 +0000] "GET /shop/pg/161863624 HTTP/1.1" 200 24673 "http://elementalmill.com/shop/pg/59738" "Mozilla/5.0 AppleWebKit/537.36 (KHTML, like Gecko; compatible; GPTBot/1.3; +https://openai.com/gptbot)"
185.191.171.10 - - [02/Mar/2026:14:40:01 +0000] "GET /shop/pg/1618337656 HTTP/1.1" 200 25311 "-" "Mozilla/5.0 (compatible; SemrushBot/7~bl; +http://www.semrush.com/bot.html)"
85.208.96.198 - - [02/Mar/2026:14:40:32 +0000] "GET /shop/pg/18592 HTTP/1.1" 200 24866 "-" "Mozilla/5.0 (compatible; SemrushBot/7~bl; +http://www.semrush.com/bot.html)"
85.208.96.208 - - [02/Mar/2026:14:40:37 +0000] "GET /shop/pg/16222036735 HTTP/1.1" 200 25144 "-" "Mozilla/5.0 (compatible; SemrushBot/7~bl; +http://www.semrush.com/bot.html)"
74.7.242.31 - - [02/Mar/2026:14:40:45 +0000] "GET /shop/pg/161824228 HTTP/1.1" 200 24672 "http://elementalmill.com/shop/pg/20374" "Mozilla/5.0 AppleWebKit/537.36 (KHTML, like Gecko; compatible; GPTBot/1.3; +https://openai.com/gptbot)"
40.77.167.143 - - [02/Mar/2026:14:41:15 +0000] "GET /sitemap396.xml HTTP/1.1" 200 5609 "-" "Mozilla/5.0 AppleWebKit/537.36 (KHTML, like Gecko; compatible; bingbot/2.0; +http://www.bing.com/bingbot.htm) Chrome/116.0.1938.76 Safari/537.36"
185.191.171.18 - - [02/Mar/2026:14:41:28 +0000] "GET /shop/pg/2065227 HTTP/1.1" 200 25139 "-" "Mozilla/5.0 (compatible; SemrushBot/7~bl; +http://www.semrush.com/bot.html)"
85.208.96.211 - - [02/Mar/2026:14:41:37 +0000] "GET /shop/pg/918627 HTTP/1.1" 200 24295 "-" "Mozilla/5.0 (compatible; SemrushBot/7~bl; +http://www.semrush.com/bot.html)"
74.7.242.31 - - [02/Mar/2026:14:41:42 +0000] "GET /shop/pg/161859151 HTTP/1.1" 200 24071 "http://elementalmill.com/shop/pg/55277" "Mozilla/5.0 AppleWebKit/537.36 (KHTML, like Gecko; compatible; GPTBot/1.3; +https://openai.com/gptbot)"
185.191.171.15 - - [02/Mar/2026:14:41:45 +0000] "GET /shop/pg/16211756365 HTTP/1.1" 200 24507 "-" "Mozilla/5.0 (compatible; SemrushBot/7~bl; +http://www.semrush.com/bot.html)"
85.208.96.204 - - [02/Mar/2026:14:41:49 +0000] "GET /shop/pg/1527855 HTTP/1.1" 200 24613 "-" "Mozilla/5.0 (compatible; SemrushBot/7~bl; +http://www.semrush.com/bot.html)"
185.191.171.6 - - [02/Mar/2026:14:42:25 +0000] "GET /shop/pg/895125 HTTP/1.1" 200 24483 "-" "Mozilla/5.0 (compatible; SemrushBot/7~bl; +http://www.semrush.com/bot.html)"
85.208.96.196 - - [02/Mar/2026:14:42:29 +0000] "GET /shop/pg/911139 HTTP/1.1" 200 24815 "-" "Mozilla/5.0 (compatible; SemrushBot/7~bl; +http://www.semrush.com/bot.html)"
85.208.96.205 - - [02/Mar/2026:14:42:33 +0000] "GET /shop/pg/16211533909 HTTP/1.1" 200 25560 "-" "Mozilla/5.0 (compatible; SemrushBot/7~bl; +http://www.semrush.com/bot.html)"
85.208.96.196 - - [02/Mar/2026:14:43:07 +0000] "GET /shop/pg/1618329171 HTTP/1.1" 200 25199 "-" "Mozilla/5.0 (compatible; SemrushBot/7~bl; +http://www.semrush.com/bot.html)"
85.208.96.195 - - [02/Mar/2026:14:43:11 +0000] "GET /shop/pg/1618292299 HTTP/1.1" 200 24978 "-" "Mozilla/5.0 (compatible; SemrushBot/7~bl; +http://www.semrush.com/bot.html)"
85.208.96.196 - - [02/Mar/2026:14:43:14 +0000] "GET /shop/pg/171188 HTTP/1.1" 200 24788 "-" "Mozilla/5.0 (compatible; SemrushBot/7~bl; +http://www.semrush.com/bot.html)"
185.191.171.18 - - [02/Mar/2026:14:43:17 +0000] "GET /shop/pg/14275 HTTP/1.1" 200 25829 "-" "Mozilla/5.0 (compatible; SemrushBot/7~bl; +http://www.semrush.com/bot.html)"
185.191.171.7 - - [02/Mar/2026:14:43:35 +0000] "GET /shop/pg/926209 HTTP/1.1" 200 24219 "-" "Mozilla/5.0 (compatible; SemrushBot/7~bl; +http://www.semrush.com/bot.html)"
185.191.171.19 - - [02/Mar/2026:14:43:42 +0000] "GET /shop/pg/904875 HTTP/1.1" 200 24841 "-" "Mozilla/5.0 (compatible; SemrushBot/7~bl; +http://www.semrush.com/bot.html)"
85.208.96.198 - - [02/Mar/2026:14:43:46 +0000] "GET /shop/pg/182384 HTTP/1.1" 200 24331 "-" "Mozilla/5.0 (compatible; SemrushBot/7~bl; +http://www.semrush.com/bot.html)"
85.208.96.206 - - [02/Mar/2026:14:43:54 +0000] "GET /shop/pg/937066 HTTP/1.1" 200 24881 "-" "Mozilla/5.0 (compatible; SemrushBot/7~bl; +http://www.semrush.com/bot.html)"
185.191.171.14 - - [02/Mar/2026:14:43:57 +0000] "GET /shop/pg/16211837453 HTTP/1.1" 200 24716 "-" "Mozilla/5.0 (compatible; SemrushBot/7~bl; +http://www.semrush.com/bot.html)"
85.208.96.198 - - [02/Mar/2026:14:44:00 +0000] "GET /shopping/products/1619890786 HTTP/1.1" 200 24168 "-" "Mozilla/5.0 (compatible; SemrushBot/7~bl; +http://www.semrush.com/bot.html)"
85.208.96.208 - - [02/Mar/2026:14:44:06 +0000] "GET /shop/pg/1618143877 HTTP/1.1" 200 24517 "-" "Mozilla/5.0 (compatible; SemrushBot/7~bl; +http://www.semrush.com/bot.html)"
74.7.242.31 - - [02/Mar/2026:14:44:31 +0000] "GET /shop/pg/161869210 HTTP/1.1" 200 24531 "http://elementalmill.com/shop/pg/65338" "Mozilla/5.0 AppleWebKit/537.36 (KHTML, like Gecko; compatible; GPTBot/1.3; +https://openai.com/gptbot)"
85.208.96.204 - - [02/Mar/2026:14:44:47 +0000] "GET /shop/pg/161868856 HTTP/1.1" 200 24101 "-" "Mozilla/5.0 (compatible; SemrushBot/7~bl; +http://www.semrush.com/bot.html)"
85.208.96.205 - - [02/Mar/2026:14:44:59 +0000] "GET /shop/pg/380989 HTTP/1.1" 200 24312 "-" "Mozilla/5.0 (compatible; SemrushBot/7~bl; +http://www.semrush.com/bot.html)"
85.208.96.197 - - [02/Mar/2026:14:45:36 +0000] "GET /shop/pg/1619945075 HTTP/1.1" 200 25065 "-" "Mozilla/5.0 (compatible; SemrushBot/7~bl; +http://www.semrush.com/bot.html)"
185.191.171.2 - - [02/Mar/2026:14:45:49 +0000] "GET /shop/pg/173506 HTTP/1.1" 200 24453 "-" "Mozilla/5.0 (compatible; SemrushBot/7~bl; +http://www.semrush.com/bot.html)"
185.191.171.13 - - [02/Mar/2026:14:46:02 +0000] "GET /robots.txt HTTP/1.1" 200 154 "-" "Mozilla/5.0 (compatible; SemrushBot/7~bl; +http://www.semrush.com/bot.html)"
85.208.96.204 - - [02/Mar/2026:14:46:03 +0000] "GET /shop/pg/1619900966 HTTP/1.1" 200 25638 "-" "Mozilla/5.0 (compatible; SemrushBot/7~bl; +http://www.semrush.com/bot.html)"
185.191.171.10 - - [02/Mar/2026:14:46:08 +0000] "GET /shopping/products/1619886286 HTTP/1.1" 200 24325 "-" "Mozilla/5.0 (compatible; SemrushBot/7~bl; +http://www.semrush.com/bot.html)"
85.208.96.205 - - [02/Mar/2026:14:46:44 +0000] "GET /shop/pg/1142527 HTTP/1.1" 200 24984 "-" "Mozilla/5.0 (compatible; SemrushBot/7~bl; +http://www.semrush.com/bot.html)"
185.191.171.15 - - [02/Mar/2026:14:46:47 +0000] "GET /shop/pg/931865 HTTP/1.1" 200 24686 "-" "Mozilla/5.0 (compatible; SemrushBot/7~bl; +http://www.semrush.com/bot.html)"
185.191.171.16 - - [02/Mar/2026:14:46:52 +0000] "GET /shopping/products/1619888912 HTTP/1.1" 200 24673 "-" "Mozilla/5.0 (compatible; SemrushBot/7~bl; +http://www.semrush.com/bot.html)"
20.240.42.45 - - [02/Mar/2026:14:47:09 +0000] "GET /wp-content/plugins/hellopress/wp_filemanager.php HTTP/1.1" 500 2431 "-" "-"
20.240.42.45 - - [02/Mar/2026:14:47:11 +0000] "GET /gfile.php HTTP/1.1" 500 2431 "-" "-"
185.191.171.2 - - [02/Mar/2026:14:47:11 +0000] "GET /shop/pg/1623014 HTTP/1.1" 200 24937 "-" "Mozilla/5.0 (compatible; SemrushBot/7~bl; +http://www.semrush.com/bot.html)"
20.240.42.45 - - [02/Mar/2026:14:47:12 +0000] "GET /a2.php HTTP/1.1" 500 2431 "-" "-"
20.240.42.45 - - [02/Mar/2026:14:47:14 +0000] "GET /sty.php HTTP/1.1" 500 2431 "-" "-"
20.240.42.45 - - [02/Mar/2026:14:47:15 +0000] "GET /xxx.php HTTP/1.1" 500 2431 "-" "-"
85.208.96.204 - - [02/Mar/2026:14:47:15 +0000] "GET /shop/pg/269161 HTTP/1.1" 200 24324 "-" "Mozilla/5.0 (compatible; SemrushBot/7~bl; +http://www.semrush.com/bot.html)"
20.240.42.45 - - [02/Mar/2026:14:47:17 +0000] "GET //h.php HTTP/1.1" 500 2431 "-" "-"
85.208.96.205 - - [02/Mar/2026:14:47:18 +0000] "GET /shop/pg/1619948504 HTTP/1.1" 200 25524 "-" "Mozilla/5.0 (compatible; SemrushBot/7~bl; +http://www.semrush.com/bot.html)"
20.240.42.45 - - [02/Mar/2026:14:47:19 +0000] "GET /g.php HTTP/1.1" 500 2431 "-" "-"
20.240.42.45 - - [02/Mar/2026:14:47:20 +0000] "GET /pp.php HTTP/1.1" 500 2431 "-" "-"
185.191.171.2 - - [02/Mar/2026:14:47:21 +0000] "GET /shop/pg/472121 HTTP/1.1" 200 24330 "-" "Mozilla/5.0 (compatible; SemrushBot/7~bl; +http://www.semrush.com/bot.html)"
20.240.42.45 - - [02/Mar/2026:14:47:22 +0000] "GET //sys.php HTTP/1.1" 500 2431 "-" "-"
20.240.42.45 - - [02/Mar/2026:14:47:24 +0000] "GET /txets.php HTTP/1.1" 500 2431 "-" "-"
20.240.42.45 - - [02/Mar/2026:14:47:25 +0000] "GET /tt.php HTTP/1.1" 500 2431 "-" "-"
20.240.42.45 - - [02/Mar/2026:14:47:27 +0000] "GET /wp9.php HTTP/1.1" 500 2431 "-" "-"
20.240.42.45 - - [02/Mar/2026:14:47:28 +0000] "GET /path.php HTTP/1.1" 500 2431 "-" "-"
20.240.42.45 - - [02/Mar/2026:14:47:30 +0000] "GET /wdf.php HTTP/1.1" 500 2431 "-" "-"
20.240.42.45 - - [02/Mar/2026:14:47:31 +0000] "GET /fleen.php HTTP/1.1" 500 2431 "-" "-"
20.240.42.45 - - [02/Mar/2026:14:47:33 +0000] "GET /wp-tem.php HTTP/1.1" 500 2431 "-" "-"
20.240.42.45 - - [02/Mar/2026:14:47:34 +0000] "GET /avim.php HTTP/1.1" 500 2431 "-" "-"
20.240.42.45 - - [02/Mar/2026:14:47:36 +0000] "GET /autogooey.php HTTP/1.1" 500 2431 "-" "-"
20.240.42.45 - - [02/Mar/2026:14:47:38 +0000] "GET /btx25.php HTTP/1.1" 500 2431 "-" "-"
85.208.96.212 - - [02/Mar/2026:14:47:40 +0000] "GET /shop/pg/2077181 HTTP/1.1" 200 24718 "-" "Mozilla/5.0 (compatible; SemrushBot/7~bl; +http://www.semrush.com/bot.html)"
20.240.42.45 - - [02/Mar/2026:14:47:40 +0000] "GET /mga.php HTTP/1.1" 500 2431 "-" "-"
20.240.42.45 - - [02/Mar/2026:14:47:41 +0000] "GET /maxro.php HTTP/1.1" 500 2431 "-" "-"
20.240.42.45 - - [02/Mar/2026:14:47:43 +0000] "GET /agg.php HTTP/1.1" 500 2431 "-" "-"
85.208.96.195 - - [02/Mar/2026:14:47:43 +0000] "GET /shop/pg/1619909956 HTTP/1.1" 200 25465 "-" "Mozilla/5.0 (compatible; SemrushBot/7~bl; +http://www.semrush.com/bot.html)"
20.240.42.45 - - [02/Mar/2026:14:47:45 +0000] "GET /pass4.php HTTP/1.1" 500 2431 "-" "-"
20.240.42.45 - - [02/Mar/2026:14:47:47 +0000] "GET /wsws.php HTTP/1.1" 500 2431 "-" "-"
20.240.42.45 - - [02/Mar/2026:14:47:48 +0000] "GET /G-in.php HTTP/1.1" 500 2431 "-" "-"
20.240.42.45 - - [02/Mar/2026:14:47:50 +0000] "GET //edit.php HTTP/1.1" 500 2431 "-" "-"
185.191.171.10 - - [02/Mar/2026:14:47:52 +0000] "GET /shop/pg/1618174351 HTTP/1.1" 200 24526 "-" "Mozilla/5.0 (compatible; SemrushBot/7~bl; +http://www.semrush.com/bot.html)"
20.240.42.45 - - [02/Mar/2026:14:47:52 +0000] "GET /loxi-o.php HTTP/1.1" 500 2431 "-" "-"
20.240.42.45 - - [02/Mar/2026:14:47:54 +0000] "GET /wp-content/admin.php HTTP/1.1" 500 2431 "-" "-"
20.240.42.45 - - [02/Mar/2026:14:47:55 +0000] "GET /66.php HTTP/1.1" 500 2431 "-" "-"
20.240.42.45 - - [02/Mar/2026:14:47:57 +0000] "GET //wp-includes/js/tinymce/themes/inlite HTTP/1.1" 301 310 "-" "-"
185.191.171.3 - - [02/Mar/2026:14:47:56 +0000] "GET /shop/pg/2082164 HTTP/1.1" 200 25333 "-" "Mozilla/5.0 (compatible; SemrushBot/7~bl; +http://www.semrush.com/bot.html)"
20.240.42.45 - - [02/Mar/2026:14:47:57 +0000] "GET /wp-includes/js/tinymce/themes/inlite/ HTTP/1.1" 500 2431 "-" "-"
20.240.42.45 - - [02/Mar/2026:14:47:59 +0000] "GET /olfclass.php HTTP/1.1" 500 2431 "-" "-"
185.191.171.4 - - [02/Mar/2026:14:47:59 +0000] "GET /shop/pg/935558 HTTP/1.1" 200 24314 "-" "Mozilla/5.0 (compatible; SemrushBot/7~bl; +http://www.semrush.com/bot.html)"
20.240.42.45 - - [02/Mar/2026:14:48:01 +0000] "GET /file59.php HTTP/1.1" 500 2431 "-" "-"
20.240.42.45 - - [02/Mar/2026:14:48:02 +0000] "GET /fff.php HTTP/1.1" 500 2431 "-" "-"
20.240.42.45 - - [02/Mar/2026:14:48:04 +0000] "GET /nw.php HTTP/1.1" 500 2431 "-" "-"
20.240.42.45 - - [02/Mar/2026:14:48:06 +0000] "GET /X57.php HTTP/1.1" 500 2431 "-" "-"
20.240.42.45 - - [02/Mar/2026:14:48:07 +0000] "GET /wpver.php HTTP/1.1" 500 2431 "-" "-"
20.240.42.45 - - [02/Mar/2026:14:48:09 +0000] "GET /public/hi.php HTTP/1.1" 500 2431 "-" "-"
20.240.42.45 - - [02/Mar/2026:14:48:10 +0000] "GET /z.php HTTP/1.1" 500 2431 "-" "-"
20.240.42.45 - - [02/Mar/2026:14:48:11 +0000] "GET /vx.php HTTP/1.1" 500 2431 "-" "-"
20.240.42.45 - - [02/Mar/2026:14:48:12 +0000] "GET /wqqs.php HTTP/1.1" 500 2431 "-" "-"
20.240.42.45 - - [02/Mar/2026:14:48:13 +0000] "GET /zc-318.php HTTP/1.1" 500 2431 "-" "-"
20.240.42.45 - - [02/Mar/2026:14:48:14 +0000] "GET /dom.php HTTP/1.1" 500 2431 "-" "-"
20.240.42.45 - - [02/Mar/2026:14:48:16 +0000] "GET /Okxob.php HTTP/1.1" 500 2431 "-" "-"
20.240.42.45 - - [02/Mar/2026:14:48:16 +0000] "GET /moon3.php HTTP/1.1" 500 2431 "-" "-"
20.240.42.45 - - [02/Mar/2026:14:48:17 +0000] "GET //thui.php HTTP/1.1" 500 2431 "-" "-"
20.240.42.45 - - [02/Mar/2026:14:48:18 +0000] "GET /ebahvhhh.php HTTP/1.1" 500 2431 "-" "-"
20.240.42.45 - - [02/Mar/2026:14:48:19 +0000] "GET /snq.php HTTP/1.1" 500 2431 "-" "-"
85.208.96.197 - - [02/Mar/2026:14:48:18 +0000] "GET /shop/pg/1619590687 HTTP/1.1" 200 24874 "-" "Mozilla/5.0 (compatible; SemrushBot/7~bl; +http://www.semrush.com/bot.html)"
20.240.42.45 - - [02/Mar/2026:14:48:20 +0000] "GET /mcs.php HTTP/1.1" 500 2431 "-" "-"
20.240.42.45 - - [02/Mar/2026:14:48:20 +0000] "GET /ok.php HTTP/1.1" 500 2431 "-" "-"
20.240.42.45 - - [02/Mar/2026:14:48:21 +0000] "GET /xleet.php HTTP/1.1" 500 2431 "-" "-"
20.240.42.45 - - [02/Mar/2026:14:48:22 +0000] "GET /public/wp-blog.php HTTP/1.1" 500 2431 "-" "-"
20.240.42.45 - - [02/Mar/2026:14:48:23 +0000] "GET /xa.php HTTP/1.1" 500 2431 "-" "-"
20.240.42.45 - - [02/Mar/2026:14:48:23 +0000] "GET /motu.php HTTP/1.1" 500 2431 "-" "-"
85.208.96.212 - - [02/Mar/2026:14:48:24 +0000] "GET /shop/pg/907099 HTTP/1.1" 200 24742 "-" "Mozilla/5.0 (compatible; SemrushBot/7~bl; +http://www.semrush.com/bot.html)"
20.240.42.45 - - [02/Mar/2026:14:48:25 +0000] "GET /tmpls.php HTTP/1.1" 500 2431 "-" "-"
20.240.42.45 - - [02/Mar/2026:14:48:26 +0000] "GET /bsg-management/php.php HTTP/1.1" 500 2431 "-" "-"
20.240.42.45 - - [02/Mar/2026:14:48:27 +0000] "GET /pouhg.php HTTP/1.1" 500 2431 "-" "-"
20.240.42.45 - - [02/Mar/2026:14:48:29 +0000] "GET /ws61.php HTTP/1.1" 500 2431 "-" "-"
20.240.42.45 - - [02/Mar/2026:14:48:30 +0000] "GET /wp-admin/css/bolt.php HTTP/1.1" 500 2431 "-" "-"
20.240.42.45 - - [02/Mar/2026:14:48:31 +0000] "GET /app.php HTTP/1.1" 500 2431 "-" "-"
20.240.42.45 - - [02/Mar/2026:14:48:33 +0000] "GET /ws59.php HTTP/1.1" 500 2431 "-" "-"
20.240.42.45 - - [02/Mar/2026:14:48:34 +0000] "GET /wp-blog.php HTTP/1.1" 500 2431 "-" "-"
20.240.42.45 - - [02/Mar/2026:14:48:35 +0000] "GET /mamzi.php HTTP/1.1" 500 2431 "-" "-"
20.240.42.45 - - [02/Mar/2026:14:48:37 +0000] "GET /222.php HTTP/1.1" 500 2431 "-" "-"
20.240.42.45 - - [02/Mar/2026:14:48:38 +0000] "GET /ae.php HTTP/1.1" 500 2431 "-" "-"
20.240.42.45 - - [02/Mar/2026:14:48:39 +0000] "GET /06.php HTTP/1.1" 500 2431 "-" "-"
20.240.42.45 - - [02/Mar/2026:14:48:40 +0000] "GET /ws60.php HTTP/1.1" 500 2431 "-" "-"
20.240.42.45 - - [02/Mar/2026:14:48:42 +0000] "GET /wp-freya.php HTTP/1.1" 500 2431 "-" "-"
20.240.42.45 - - [02/Mar/2026:14:48:43 +0000] "GET /bb.php HTTP/1.1" 500 2431 "-" "-"
20.240.42.45 - - [02/Mar/2026:14:48:45 +0000] "GET /dsd.php HTTP/1.1" 500 2431 "-" "-"
74.7.242.31 - - [02/Mar/2026:14:48:46 +0000] "GET /shop/pg/161837242 HTTP/1.1" 200 24162 "http://elementalmill.com/shop/pg/33400" "Mozilla/5.0 AppleWebKit/537.36 (KHTML, like Gecko; compatible; GPTBot/1.3; +https://openai.com/gptbot)"
20.240.42.45 - - [02/Mar/2026:14:48:46 +0000] "GET /guk.php HTTP/1.1" 500 2431 "-" "-"
20.240.42.45 - - [02/Mar/2026:14:48:48 +0000] "GET /public/vx.php HTTP/1.1" 500 2431 "-" "-"
20.240.42.45 - - [02/Mar/2026:14:48:50 +0000] "GET /ze.php HTTP/1.1" 500 2431 "-" "-"
20.240.42.45 - - [02/Mar/2026:14:48:51 +0000] "GET /file52.php HTTP/1.1" 500 2431 "-" "-"
20.240.42.45 - - [02/Mar/2026:14:48:53 +0000] "GET /tax.php HTTP/1.1" 500 2431 "-" "-"
20.240.42.45 - - [02/Mar/2026:14:48:55 +0000] "GET /an7.php HTTP/1.1" 500 2431 "-" "-"
20.240.42.45 - - [02/Mar/2026:14:48:57 +0000] "GET /ty.php HTTP/1.1" 500 2431 "-" "-"
20.240.42.45 - - [02/Mar/2026:14:48:58 +0000] "GET /brc.php HTTP/1.1" 500 2431 "-" "-"
20.240.42.45 - - [02/Mar/2026:14:49:00 +0000] "GET //koiy.php HTTP/1.1" 500 2431 "-" "-"
20.240.42.45 - - [02/Mar/2026:14:49:02 +0000] "GET /myfile.php HTTP/1.1" 500 2431 "-" "-"
20.240.42.45 - - [02/Mar/2026:14:49:03 +0000] "GET /fr/ms.php HTTP/1.1" 500 2431 "-" "-"
20.240.42.45 - - [02/Mar/2026:14:49:05 +0000] "GET /Ov-Simple1.php HTTP/1.1" 500 2431 "-" "-"
20.240.42.45 - - [02/Mar/2026:14:49:07 +0000] "GET /gool.php HTTP/1.1" 500 2431 "-" "-"
20.240.42.45 - - [02/Mar/2026:14:49:08 +0000] "GET /a1vx.php HTTP/1.1" 500 2431 "-" "-"
20.240.42.45 - - [02/Mar/2026:14:49:10 +0000] "GET /mans.php HTTP/1.1" 500 2431 "-" "-"
20.240.42.45 - - [02/Mar/2026:14:49:11 +0000] "GET /rum.php HTTP/1.1" 500 2431 "-" "-"
85.208.96.193 - - [02/Mar/2026:14:49:12 +0000] "GET /shop/pg/1088452 HTTP/1.1" 200 24321 "-" "Mozilla/5.0 (compatible; SemrushBot/7~bl; +http://www.semrush.com/bot.html)"
20.240.42.45 - - [02/Mar/2026:14:49:12 +0000] "GET /sbhu.php HTTP/1.1" 500 2431 "-" "-"
20.240.42.45 - - [02/Mar/2026:14:49:14 +0000] "GET /wio.php HTTP/1.1" 500 2431 "-" "-"
20.240.42.45 - - [02/Mar/2026:14:49:16 +0000] "GET /clasa99.php HTTP/1.1" 500 2431 "-" "-"
20.240.42.45 - - [02/Mar/2026:14:49:17 +0000] "GET /alfa-rex.php7 HTTP/1.1" 500 2431 "-" "-"
20.240.42.45 - - [02/Mar/2026:14:49:18 +0000] "GET /ws62.php HTTP/1.1" 500 2431 "-" "-"
20.240.42.45 - - [02/Mar/2026:14:49:19 +0000] "GET /new4.php HTTP/1.1" 500 2431 "-" "-"
20.240.42.45 - - [02/Mar/2026:14:49:20 +0000] "GET /666.php HTTP/1.1" 500 2431 "-" "-"
185.191.171.15 - - [02/Mar/2026:14:49:20 +0000] "GET /shop/pg/1619730900 HTTP/1.1" 200 25012 "-" "Mozilla/5.0 (compatible; SemrushBot/7~bl; +http://www.semrush.com/bot.html)"
20.240.42.45 - - [02/Mar/2026:14:49:21 +0000] "GET /co.php HTTP/1.1" 500 2431 "-" "-"
20.240.42.45 - - [02/Mar/2026:14:49:22 +0000] "GET /cxc.php HTTP/1.1" 500 2431 "-" "-"
20.240.42.45 - - [02/Mar/2026:14:49:23 +0000] "GET /gjm.php HTTP/1.1" 500 2431 "-" "-"
20.240.42.45 - - [02/Mar/2026:14:49:24 +0000] "GET /ex.php HTTP/1.1" 500 2431 "-" "-"
20.240.42.45 - - [02/Mar/2026:14:49:25 +0000] "GET /post.php HTTP/1.1" 500 2431 "-" "-"
20.240.42.45 - - [02/Mar/2026:14:49:26 +0000] "GET /wpo.php HTTP/1.1" 500 2431 "-" "-"
74.7.242.31 - - [02/Mar/2026:14:49:27 +0000] "GET /shop/pg/1618307273 HTTP/1.1" 200 23987 "http://elementalmill.com/shop/pg/161824228" "Mozilla/5.0 AppleWebKit/537.36 (KHTML, like Gecko; compatible; GPTBot/1.3; +https://openai.com/gptbot)"
20.240.42.45 - - [02/Mar/2026:14:49:28 +0000] "GET /jq.php HTTP/1.1" 500 2431 "-" "-"
20.240.42.45 - - [02/Mar/2026:14:49:30 +0000] "GET /x7.php HTTP/1.1" 500 2431 "-" "-"
20.240.42.45 - - [02/Mar/2026:14:49:31 +0000] "GET /bes.php HTTP/1.1" 500 2431 "-" "-"
20.240.42.45 - - [02/Mar/2026:14:49:33 +0000] "GET /sadd.php HTTP/1.1" 500 2431 "-" "-"
20.240.42.45 - - [02/Mar/2026:14:49:35 +0000] "GET /vgtyu.php HTTP/1.1" 500 2431 "-" "-"
85.208.96.208 - - [02/Mar/2026:14:49:36 +0000] "GET /shop/pg/896965 HTTP/1.1" 200 24062 "-" "Mozilla/5.0 (compatible; SemrushBot/7~bl; +http://www.semrush.com/bot.html)"
20.240.42.45 - - [02/Mar/2026:14:49:36 +0000] "GET /166.php HTTP/1.1" 500 2431 "-" "-"
20.240.42.45 - - [02/Mar/2026:14:49:38 +0000] "GET /fs.php HTTP/1.1" 500 2431 "-" "-"
20.240.42.45 - - [02/Mar/2026:14:49:40 +0000] "GET /c4.php HTTP/1.1" 500 2431 "-" "-"
20.240.42.45 - - [02/Mar/2026:14:49:41 +0000] "GET /eauu.php HTTP/1.1" 500 2431 "-" "-"
20.240.42.45 - - [02/Mar/2026:14:49:43 +0000] "GET /fasx.php HTTP/1.1" 500 2431 "-" "-"
20.240.42.45 - - [02/Mar/2026:14:49:44 +0000] "GET /opts.php HTTP/1.1" 500 2431 "-" "-"
20.240.42.45 - - [02/Mar/2026:14:49:45 +0000] "GET /nzv.php HTTP/1.1" 500 2431 "-" "-"
20.240.42.45 - - [02/Mar/2026:14:49:47 +0000] "GET /grsiuk.php HTTP/1.1" 500 2431 "-" "-"
20.240.42.45 - - [02/Mar/2026:14:49:49 +0000] "GET /byp8.php HTTP/1.1" 500 2431 "-" "-"
20.240.42.45 - - [02/Mar/2026:14:49:50 +0000] "GET /nhr.php HTTP/1.1" 500 2431 "-" "-"
20.240.42.45 - - [02/Mar/2026:14:49:52 +0000] "GET /wp-access.php HTTP/1.1" 500 2431 "-" "-"
85.208.96.198 - - [02/Mar/2026:14:49:53 +0000] "GET /shop/pg/895927 HTTP/1.1" 200 24574 "-" "Mozilla/5.0 (compatible; SemrushBot/7~bl; +http://www.semrush.com/bot.html)"
20.240.42.45 - - [02/Mar/2026:14:49:53 +0000] "GET /ws79.php HTTP/1.1" 500 2431 "-" "-"
20.240.42.45 - - [02/Mar/2026:14:49:55 +0000] "GET /1061.php HTTP/1.1" 500 2431 "-" "-"
20.240.42.45 - - [02/Mar/2026:14:49:56 +0000] "GET /zwq13.php HTTP/1.1" 500 2431 "-" "-"
20.240.42.45 - - [02/Mar/2026:14:49:57 +0000] "GET /hello.php HTTP/1.1" 500 2431 "-" "-"
20.240.42.45 - - [02/Mar/2026:14:49:58 +0000] "GET /05.php HTTP/1.1" 500 2431 "-" "-"
20.240.42.45 - - [02/Mar/2026:14:50:00 +0000] "GET /zxin.php HTTP/1.1" 500 2431 "-" "-"
20.240.42.45 - - [02/Mar/2026:14:50:01 +0000] "GET /fff.php HTTP/1.1" 500 2431 "-" "-"
85.208.96.199 - - [02/Mar/2026:14:50:02 +0000] "GET /shop/pg/1618349896 HTTP/1.1" 200 24623 "-" "Mozilla/5.0 (compatible; SemrushBot/7~bl; +http://www.semrush.com/bot.html)"
20.240.42.45 - - [02/Mar/2026:14:50:03 +0000] "GET /wp5.php HTTP/1.1" 500 2431 "-" "-"
20.240.42.45 - - [02/Mar/2026:14:50:05 +0000] "GET /wp-good.php HTTP/1.1" 500 2431 "-" "-"
20.240.42.45 - - [02/Mar/2026:14:50:07 +0000] "GET /iko.php HTTP/1.1" 500 2431 "-" "-"
20.240.42.45 - - [02/Mar/2026:14:50:08 +0000] "GET /xmy.php HTTP/1.1" 500 2431 "-" "-"
85.208.96.203 - - [02/Mar/2026:14:50:09 +0000] "GET /shop/pg/930511 HTTP/1.1" 200 24548 "-" "Mozilla/5.0 (compatible; SemrushBot/7~bl; +http://www.semrush.com/bot.html)"
20.240.42.45 - - [02/Mar/2026:14:50:10 +0000] "GET /fun.php HTTP/1.1" 500 2431 "-" "-"
20.240.42.45 - - [02/Mar/2026:14:50:12 +0000] "GET /end.php HTTP/1.1" 500 2431 "-" "-"
20.240.42.45 - - [02/Mar/2026:14:50:13 +0000] "GET /ah25.php HTTP/1.1" 500 2431 "-" "-"
20.240.42.45 - - [02/Mar/2026:14:50:14 +0000] "GET /scx.php7 HTTP/1.1" 500 2431 "-" "-"
74.7.242.31 - - [02/Mar/2026:14:50:16 +0000] "GET /shop/pg/161822352 HTTP/1.1" 200 24665 "http://elementalmill.com/shopping/products/161818243" "Mozilla/5.0 AppleWebKit/537.36 (KHTML, like Gecko; compatible; GPTBot/1.3; +https://openai.com/gptbot)"
20.240.42.45 - - [02/Mar/2026:14:50:16 +0000] "GET /error1.php HTTP/1.1" 500 2431 "-" "-"
20.240.42.45 - - [02/Mar/2026:14:50:18 +0000] "GET /thui.php HTTP/1.1" 500 2431 "-" "-"
20.240.42.45 - - [02/Mar/2026:14:50:20 +0000] "GET /ff1.php HTTP/1.1" 500 2431 "-" "-"
20.240.42.45 - - [02/Mar/2026:14:50:21 +0000] "GET /wp-admin/sc.php HTTP/1.1" 500 2431 "-" "-"
20.240.42.45 - - [02/Mar/2026:14:50:23 +0000] "GET /wp-act.php HTTP/1.1" 500 2431 "-" "-"
20.240.42.45 - - [02/Mar/2026:14:50:24 +0000] "GET /wp-the.php HTTP/1.1" 500 2431 "-" "-"
20.240.42.45 - - [02/Mar/2026:14:50:25 +0000] "GET /rpk.php HTTP/1.1" 500 2431 "-" "-"
20.240.42.45 - - [02/Mar/2026:14:50:26 +0000] "GET /ms.php HTTP/1.1" 500 2431 "-" "-"
20.240.42.45 - - [02/Mar/2026:14:50:27 +0000] "GET /155.php HTTP/1.1" 500 2431 "-" "-"
20.240.42.45 - - [02/Mar/2026:14:50:27 +0000] "GET /e.php HTTP/1.1" 500 2431 "-" "-"
20.240.42.45 - - [02/Mar/2026:14:50:28 +0000] "GET /forbidals.php HTTP/1.1" 500 2431 "-" "-"
20.240.42.45 - - [02/Mar/2026:14:50:29 +0000] "GET /X7x.php HTTP/1.1" 500 2431 "-" "-"
20.240.42.45 - - [02/Mar/2026:14:50:30 +0000] "GET /ccou.php HTTP/1.1" 500 2431 "-" "-"
20.240.42.45 - - [02/Mar/2026:14:50:31 +0000] "GET /get.php HTTP/1.1" 500 2431 "-" "-"
20.240.42.45 - - [02/Mar/2026:14:50:32 +0000] "GET /koiy.php HTTP/1.1" 500 2431 "-" "-"
20.240.42.45 - - [02/Mar/2026:14:50:33 +0000] "GET //ms.php HTTP/1.1" 500 2431 "-" "-"
20.240.42.45 - - [02/Mar/2026:14:50:34 +0000] "GET /plugins.php HTTP/1.1" 500 2431 "-" "-"
20.240.42.45 - - [02/Mar/2026:14:50:35 +0000] "GET /raw.php HTTP/1.1" 500 2431 "-" "-"
20.240.42.45 - - [02/Mar/2026:14:50:35 +0000] "GET /mini.php HTTP/1.1" 500 2431 "-" "-"
20.240.42.45 - - [02/Mar/2026:14:50:36 +0000] "GET /rtx.php HTTP/1.1" 500 2431 "-" "-"
20.240.42.45 - - [02/Mar/2026:14:50:37 +0000] "GET /xda.php HTTP/1.1" 500 2431 "-" "-"
20.240.42.45 - - [02/Mar/2026:14:50:39 +0000] "GET /erty.php HTTP/1.1" 500 2431 "-" "-"
20.240.42.45 - - [02/Mar/2026:14:50:40 +0000] "GET /0.php HTTP/1.1" 500 2431 "-" "-"
20.240.42.45 - - [02/Mar/2026:14:50:41 +0000] "GET /moon.php HTTP/1.1" 500 2431 "-" "-"
20.240.42.45 - - [02/Mar/2026:14:50:43 +0000] "GET /8.php HTTP/1.1" 500 2431 "-" "-"
20.240.42.45 - - [02/Mar/2026:14:50:45 +0000] "GET /gec.php HTTP/1.1" 500 2431 "-" "-"
85.208.96.203 - - [02/Mar/2026:14:50:46 +0000] "GET /shop/pg/1232771 HTTP/1.1" 200 25436 "-" "Mozilla/5.0 (compatible; SemrushBot/7~bl; +http://www.semrush.com/bot.html)"
20.240.42.45 - - [02/Mar/2026:14:50:46 +0000] "GET /sxdfrt.php HTTP/1.1" 500 2431 "-" "-"
52.167.144.192 - - [02/Mar/2026:14:50:43 +0000] "GET /sitemap446.xml HTTP/1.1" 200 5605 "-" "Mozilla/5.0 AppleWebKit/537.36 (KHTML, like Gecko; compatible; bingbot/2.0; +http://www.bing.com/bingbot.htm) Chrome/116.0.1938.76 Safari/537.36"
20.240.42.45 - - [02/Mar/2026:14:50:48 +0000] "GET /kj.php HTTP/1.1" 500 2431 "-" "-"
185.191.171.9 - - [02/Mar/2026:14:50:49 +0000] "GET /shop/pg/161816425 HTTP/1.1" 200 24345 "-" "Mozilla/5.0 (compatible; SemrushBot/7~bl; +http://www.semrush.com/bot.html)"
20.240.42.45 - - [02/Mar/2026:14:50:50 +0000] "GET /f6.php HTTP/1.1" 500 2431 "-" "-"
20.240.42.45 - - [02/Mar/2026:14:50:51 +0000] "GET /ocxla.php HTTP/1.1" 500 2431 "-" "-"
85.208.96.203 - - [02/Mar/2026:14:50:53 +0000] "GET /shop/pg/1881668 HTTP/1.1" 200 25138 "-" "Mozilla/5.0 (compatible; SemrushBot/7~bl; +http://www.semrush.com/bot.html)"
20.240.42.45 - - [02/Mar/2026:14:50:53 +0000] "GET /god.php HTTP/1.1" 500 2431 "-" "-"
20.240.42.45 - - [02/Mar/2026:14:50:55 +0000] "GET /cu.php HTTP/1.1" 500 2431 "-" "-"
20.240.42.45 - - [02/Mar/2026:14:50:56 +0000] "GET /zz.php HTTP/1.1" 500 2431 "-" "-"
20.240.42.45 - - [02/Mar/2026:14:50:58 +0000] "GET /xqq.php HTTP/1.1" 500 2431 "-" "-"
20.240.42.45 - - [02/Mar/2026:14:51:00 +0000] "GET /sdsa.php HTTP/1.1" 500 2431 "-" "-"
20.240.42.45 - - [02/Mar/2026:14:51:02 +0000] "GET /ms-edit.php HTTP/1.1" 500 2431 "-" "-"
20.240.42.45 - - [02/Mar/2026:14:51:03 +0000] "GET /wp-conflg.php HTTP/1.1" 500 2431 "-" "-"
20.240.42.45 - - [02/Mar/2026:14:51:04 +0000] "GET /un.php HTTP/1.1" 500 2431 "-" "-"
20.240.42.45 - - [02/Mar/2026:14:51:06 +0000] "GET /100.kb.php HTTP/1.1" 500 2431 "-" "-"
20.240.42.45 - - [02/Mar/2026:14:51:07 +0000] "GET /sid3.php HTTP/1.1" 500 2431 "-" "-"
85.208.96.199 - - [02/Mar/2026:14:51:13 +0000] "GET /shop/pg/1619913006 HTTP/1.1" 200 25002 "-" "Mozilla/5.0 (compatible; SemrushBot/7~bl; +http://www.semrush.com/bot.html)"
74.7.242.31 - - [02/Mar/2026:14:51:16 +0000] "GET /shop/pg/161853265 HTTP/1.1" 200 25448 "http://elementalmill.com/shop/pg/49379" "Mozilla/5.0 AppleWebKit/537.36 (KHTML, like Gecko; compatible; GPTBot/1.3; +https://openai.com/gptbot)"
185.191.171.15 - - [02/Mar/2026:14:51:17 +0000] "GET /shop/pg/1618194979 HTTP/1.1" 200 24398 "-" "Mozilla/5.0 (compatible; SemrushBot/7~bl; +http://www.semrush.com/bot.html)"
185.191.171.14 - - [02/Mar/2026:14:51:22 +0000] "GET /shop/pg/2292806 HTTP/1.1" 200 25280 "-" "Mozilla/5.0 (compatible; SemrushBot/7~bl; +http://www.semrush.com/bot.html)"
85.208.96.198 - - [02/Mar/2026:14:51:25 +0000] "GET /shop/pg/1619896319 HTTP/1.1" 200 24767 "-" "Mozilla/5.0 (compatible; SemrushBot/7~bl; +http://www.semrush.com/bot.html)"
85.208.96.194 - - [02/Mar/2026:14:51:43 +0000] "GET /shop/pg/107643 HTTP/1.1" 200 24366 "-" "Mozilla/5.0 (compatible; SemrushBot/7~bl; +http://www.semrush.com/bot.html)"
85.208.96.197 - - [02/Mar/2026:14:51:47 +0000] "GET /shop/pg/2478271 HTTP/1.1" 200 25323 "-" "Mozilla/5.0 (compatible; SemrushBot/7~bl; +http://www.semrush.com/bot.html)"
85.208.96.196 - - [02/Mar/2026:14:51:54 +0000] "GET /shop/pg/1137432 HTTP/1.1" 200 24641 "-" "Mozilla/5.0 (compatible; SemrushBot/7~bl; +http://www.semrush.com/bot.html)"
85.208.96.209 - - [02/Mar/2026:14:51:56 +0000] "GET /shop/pg/1618423764 HTTP/1.1" 200 24310 "-" "Mozilla/5.0 (compatible; SemrushBot/7~bl; +http://www.semrush.com/bot.html)"
185.191.171.5 - - [02/Mar/2026:14:51:59 +0000] "GET /shop/pg/1618341001 HTTP/1.1" 200 25484 "-" "Mozilla/5.0 (compatible; SemrushBot/7~bl; +http://www.semrush.com/bot.html)"
